!C99Shell v. 1.0 pre-release build #13!

Software: Apache. PHP/5.5.15 

uname -a: Windows NT SVR-DMZ 6.1 build 7600 (Windows Server 2008 R2 Enterprise Edition) i586 

SYSTEM 

Safe-mode: OFF (not secure)

E:\nuevo\apache\logs\   drwxrwxrwx
Free 5.02 GB of 239.26 GB (2.1%)
Detected drives: [ a ] [ c ] [ d ] [ e ] [ f ]
Home    Back    Forward    UPDIR    Refresh    Search    Buffer    Encoder    Tools    Proc.    FTP brute    Sec.    SQL    PHP-code    Update    Feedback    Self remove    Logout    


Viewing file:     access.2021.01.06.log (4.33 MB)      -rw-rw-rw-
Select action/file-type:
(+) | (+) | (+) | Code (+) | Session (+) | (+) | SDB (+) | (+) | (+) | (+) | (+) | (+) |
192.168.175.225 - - [06/Jan/2021:00:00:31 -0500] "GET / HTTP/1.1" 200 9990
190.87.160.61 - - [06/Jan/2021:00:00:49 -0500] "GET /galeria/galeria/jquery.fancybox.css?v=2.1.5 HTTP/1.1" 200 4895
190.87.160.61 - - [06/Jan/2021:00:00:49 -0500] "GET /BLA/boletinlegal/js/jquery.scrollShow.js HTTP/1.1" 200 4586
190.87.160.61 - - [06/Jan/2021:00:00:49 -0500] "GET /galeria/galeria/jquery.fancybox.js?v=2.1.5 HTTP/1.1" 200 48706
66.249.66.151 - - [06/Jan/2021:00:02:42 -0500] "-" 408 -
66.249.66.159 - - [06/Jan/2021:00:03:15 -0500] "-" 408 -
69.162.124.227 - - [06/Jan/2021:00:03:34 -0500] "HEAD / HTTP/1.1" 200 -
186.80.64.92 - - [06/Jan/2021:00:03:48 -0500] "GET /galeria/galeria/jquery.fancybox.css?v=2.1.5 HTTP/1.1" 200 4895
186.80.64.92 - - [06/Jan/2021:00:03:48 -0500] "GET /galeria/galeria/jquery.fancybox.js?v=2.1.5 HTTP/1.1" 200 48706
186.80.64.92 - - [06/Jan/2021:00:03:48 -0500] "GET /BLA/boletinlegal/js/jquery.scrollShow.js HTTP/1.1" 200 4586
186.84.90.155 - - [06/Jan/2021:00:04:22 -0500] "POST /BLA/boletinlegal/admin/actos/ingresar.php HTTP/1.1" 200 7116
192.168.175.225 - - [06/Jan/2021:00:05:31 -0500] "GET / HTTP/1.1" 200 9990
186.84.90.155 - - [06/Jan/2021:00:06:09 -0500] "POST /BLA/boletinlegal/admin/actos/ingresar.php HTTP/1.1" 200 7116
13.66.139.33 - - [06/Jan/2021:00:06:54 -0500] "GET /galeria/galeria/fotos/2humedal-Burro2G.jpg HTTP/1.1" 200 140889
186.28.46.0 - - [06/Jan/2021:00:07:35 -0500] "GET /galeria/carrusel/Carrusel/jquery-ui-1.8.13.custom.min.js HTTP/1.1" 200 10800
186.28.46.0 - - [06/Jan/2021:00:07:35 -0500] "GET /galeria/nivo-slider/demo/inicio80.html HTTP/1.1" 200 4616
186.28.46.0 - - [06/Jan/2021:00:07:35 -0500] "GET /galeria/nivo-slider/demo/images/bannerincendiosforestales.jpg HTTP/1.1" 304 -
186.28.46.0 - - [06/Jan/2021:00:07:35 -0500] "GET /galeria/nivo-slider/demo/images/bannerexpansionsemillas.jpg HTTP/1.1" 304 -
186.28.46.0 - - [06/Jan/2021:00:07:35 -0500] "GET /galeria/nivo-slider/demo/images/bannercaminatasenero2021.jpg HTTP/1.1" 304 -
186.28.46.0 - - [06/Jan/2021:00:07:35 -0500] "GET /galeria/nivo-slider/demo/images/baneranimalessilvestres.jpg HTTP/1.1" 304 -
186.28.46.0 - - [06/Jan/2021:00:07:36 -0500] "GET /galeria/nivo-slider/themes/orman/orman.css HTTP/1.1" 200 2152
186.28.46.0 - - [06/Jan/2021:00:07:36 -0500] "GET /galeria/nivo-slider/demo/scripts/jquery-1.7.1.min.js HTTP/1.1" 200 93868
186.28.46.0 - - [06/Jan/2021:00:07:36 -0500] "GET /galeria/nivo-slider/jquery.nivo.slider.pack.js HTTP/1.1" 200 11561
186.28.46.0 - - [06/Jan/2021:00:07:36 -0500] "GET /galeria/nivo-slider/demo/images/bannerbolsas.jpg HTTP/1.1" 200 283727
186.28.46.0 - - [06/Jan/2021:00:07:37 -0500] "GET /galeria/nivo-slider/themes/default/arrows.png HTTP/1.1" 200 824
186.84.90.234 - - [06/Jan/2021:00:07:44 -0500] "GET /galeria/galeria/jquery.fancybox.js?v=2.1.5 HTTP/1.1" 200 48706
186.84.90.234 - - [06/Jan/2021:00:07:44 -0500] "GET /BLA/boletinlegal/js/jquery.scrollShow.js HTTP/1.1" 200 4586
186.84.90.234 - - [06/Jan/2021:00:07:44 -0500] "GET /galeria/galeria/jquery.fancybox.css?v=2.1.5 HTTP/1.1" 200 4895
186.84.90.234 - - [06/Jan/2021:00:07:44 -0500] "GET /galeria/carrusel/Carrusel/jquery.thumbnailScroller.css HTTP/1.1" 200 2066
186.84.90.234 - - [06/Jan/2021:00:07:44 -0500] "GET /galeria/carrusel/Carrusel/jquery-ui-1.8.13.custom.min.js HTTP/1.1" 200 10800
186.84.90.234 - - [06/Jan/2021:00:07:44 -0500] "GET /galeria/carrusel/Carrusel/jquery.thumbnailScroller.js HTTP/1.1" 200 8157
186.84.90.234 - - [06/Jan/2021:00:07:46 -0500] "GET /galeria/nivo-slider/demo/inicio80.html HTTP/1.1" 200 4616
186.84.90.234 - - [06/Jan/2021:00:07:46 -0500] "GET /galeria/nivo-slider/themes/default/default.css HTTP/1.1" 200 1569
186.84.90.234 - - [06/Jan/2021:00:07:46 -0500] "GET /galeria/nivo-slider/themes/orman/orman.css HTTP/1.1" 200 2152
186.84.90.234 - - [06/Jan/2021:00:07:46 -0500] "GET /galeria/nivo-slider/nivo-slider.css HTTP/1.1" 200 1507
186.84.90.234 - - [06/Jan/2021:00:07:46 -0500] "GET /galeria/nivo-slider/themes/pascal/pascal.css HTTP/1.1" 200 2258
186.84.90.234 - - [06/Jan/2021:00:07:46 -0500] "GET /galeria/nivo-slider/demo/style.css HTTP/1.1" 200 2222
186.84.90.234 - - [06/Jan/2021:00:07:46 -0500] "GET /galeria/nivo-slider/demo/images/bannerexpansionsemillas.jpg HTTP/1.1" 200 188155
186.84.90.234 - - [06/Jan/2021:00:07:46 -0500] "GET /galeria/nivo-slider/demo/images/bannerresiduos.jpg HTTP/1.1" 200 155409
186.84.90.234 - - [06/Jan/2021:00:07:46 -0500] "GET /galeria/nivo-slider/demo/images/banneraperturahumedales.jpg HTTP/1.1" 200 91161
186.84.90.234 - - [06/Jan/2021:00:07:46 -0500] "GET /galeria/nivo-slider/demo/images/baneranimalessilvestres.jpg HTTP/1.1" 200 309808
186.84.90.234 - - [06/Jan/2021:00:07:46 -0500] "GET /galeria/nivo-slider/demo/images/Bannercuidate.jpg HTTP/1.1" 200 75508
186.84.90.234 - - [06/Jan/2021:00:07:46 -0500] "GET /galeria/nivo-slider/demo/images/bannerclasesweb.jpg HTTP/1.1" 200 180765
201.108.36.196 - - [06/Jan/2021:00:07:46 -0500] "GET /galeria/galeria/jquery.fancybox.css?v=2.1.5 HTTP/1.1" 200 4895
201.108.36.196 - - [06/Jan/2021:00:07:46 -0500] "GET /galeria/galeria/jquery.fancybox.js?v=2.1.5 HTTP/1.1" 200 48706
201.108.36.196 - - [06/Jan/2021:00:07:46 -0500] "GET /BLA/boletinlegal/js/jquery.scrollShow.js HTTP/1.1" 200 4586
186.84.90.234 - - [06/Jan/2021:00:07:46 -0500] "GET /galeria/nivo-slider/demo/images/bannercaminatasenero2021.jpg HTTP/1.1" 200 120145
186.84.90.234 - - [06/Jan/2021:00:07:47 -0500] "GET /galeria/nivo-slider/demo/images/bannerincendiosforestales.jpg HTTP/1.1" 200 237511
186.84.90.234 - - [06/Jan/2021:00:07:47 -0500] "GET /galeria/nivo-slider/demo/images/bannerbolsas.jpg HTTP/1.1" 200 283727
186.84.90.234 - - [06/Jan/2021:00:07:47 -0500] "GET /galeria/nivo-slider/demo/images/bannerbioseguridad.jpg HTTP/1.1" 200 228661
186.84.90.234 - - [06/Jan/2021:00:07:47 -0500] "GET /galeria/nivo-slider/demo/images/banner2020acercar.jpg HTTP/1.1" 200 180505
186.84.90.234 - - [06/Jan/2021:00:07:48 -0500] "GET /galeria/nivo-slider/demo/images/Banner%20canales%20virtuales.jpg HTTP/1.1" 200 209438
186.84.90.234 - - [06/Jan/2021:00:07:48 -0500] "GET /galeria/nivo-slider/demo/images/bannertingua2020.png HTTP/1.1" 200 105392
186.84.90.234 - - [06/Jan/2021:00:07:48 -0500] "GET /galeria/nivo-slider/demo/images/4Simple_Slider.png HTTP/1.1" 200 11722
186.84.90.234 - - [06/Jan/2021:00:07:48 -0500] "GET /galeria/nivo-slider/themes/default/loading.gif HTTP/1.1" 200 1737
186.84.90.234 - - [06/Jan/2021:00:07:48 -0500] "GET /galeria/nivo-slider/demo/scripts/jquery-1.7.1.min.js HTTP/1.1" 200 93868
186.84.90.234 - - [06/Jan/2021:00:07:48 -0500] "GET /galeria/nivo-slider/jquery.nivo.slider.pack.js HTTP/1.1" 200 11561
186.84.90.234 - - [06/Jan/2021:00:07:49 -0500] "GET /galeria/nivo-slider/themes/default/arrows.png HTTP/1.1" 200 824
186.84.90.234 - - [06/Jan/2021:00:07:49 -0500] "GET /galeria/nivo-slider/themes/default/bullets.png HTTP/1.1" 200 1281
186.86.32.49 - - [06/Jan/2021:00:07:51 -0500] "GET /galeria/galeria/jquery.fancybox.css?v=2.1.5 HTTP/1.1" 200 4895
186.86.32.49 - - [06/Jan/2021:00:07:51 -0500] "GET /BLA/boletinlegal/js/jquery.scrollShow.js HTTP/1.1" 200 4586
186.86.32.49 - - [06/Jan/2021:00:07:51 -0500] "GET /galeria/galeria/jquery.fancybox.js?v=2.1.5 HTTP/1.1" 200 48706
190.26.229.84 - - [06/Jan/2021:00:08:25 -0500] "GET /BLA/boletinlegal/js/jquery.scrollShow.js HTTP/1.1" 200 4586
190.26.229.84 - - [06/Jan/2021:00:08:25 -0500] "GET /galeria/galeria/jquery.fancybox.js?v=2.1.5 HTTP/1.1" 200 48706
190.26.229.84 - - [06/Jan/2021:00:08:25 -0500] "GET /galeria/galeria/jquery.fancybox.css?v=2.1.5 HTTP/1.1" 200 4895
190.26.229.84 - - [06/Jan/2021:00:08:28 -0500] "GET /BLA/boletinlegal/js/jquery.scrollShow.js HTTP/1.1" 304 -
190.26.229.84 - - [06/Jan/2021:00:08:28 -0500] "GET /galeria/galeria/jquery.fancybox.js?v=2.1.5 HTTP/1.1" 304 -
190.26.229.84 - - [06/Jan/2021:00:08:28 -0500] "GET /galeria/galeria/jquery.fancybox.css?v=2.1.5 HTTP/1.1" 304 -
195.154.172.143 - - [06/Jan/2021:00:08:30 -0500] "GET /galeria/galeria/jquery.fancybox.css?v=2.1.5 HTTP/1.1" 200 4895
69.162.124.227 - - [06/Jan/2021:00:08:34 -0500] "HEAD / HTTP/1.1" 200 -
195.154.172.59 - - [06/Jan/2021:00:08:36 -0500] "GET /galeria/galeria/jquery.fancybox.css?v=2.1.5 HTTP/1.1" 200 4895
186.102.20.216 - - [06/Jan/2021:00:08:45 -0500] "GET /galeria/galeria/jquery.fancybox.js?v=2.1.5 HTTP/1.1" 200 48706
186.102.20.216 - - [06/Jan/2021:00:08:45 -0500] "GET /galeria/galeria/jquery.fancybox.css?v=2.1.5 HTTP/1.1" 200 4895
186.102.20.216 - - [06/Jan/2021:00:08:45 -0500] "GET /BLA/boletinlegal/js/jquery.scrollShow.js HTTP/1.1" 200 4586
186.84.90.60 - - [06/Jan/2021:00:08:46 -0500] "-" 408 -
186.102.20.216 - - [06/Jan/2021:00:08:47 -0500] "GET /galeria/galeria/jquery.fancybox.js?v=2.1.5 HTTP/1.1" 304 -
186.102.20.216 - - [06/Jan/2021:00:08:47 -0500] "GET /galeria/galeria/jquery.fancybox.css?v=2.1.5 HTTP/1.1" 304 -
186.102.20.216 - - [06/Jan/2021:00:08:47 -0500] "GET /BLA/boletinlegal/js/jquery.scrollShow.js HTTP/1.1" 304 -
212.129.57.169 - - [06/Jan/2021:00:09:04 -0500] "GET /galeria/galeria/jquery.fancybox.css?v=2.1.5 HTTP/1.1" 200 4895
186.84.90.155 - - [06/Jan/2021:00:09:08 -0500] "POST /BLA/boletinlegal/admin/actos/ingresar.php HTTP/1.1" 200 7116
66.249.66.159 - - [06/Jan/2021:00:09:19 -0500] "-" 408 -
195.154.209.237 - - [06/Jan/2021:00:09:23 -0500] "GET /galeria/galeria/jquery.fancybox.css?v=2.1.5 HTTP/1.1" 200 4895
66.249.66.149 - - [06/Jan/2021:00:09:40 -0500] "-" 408 -
195.154.172.143 - - [06/Jan/2021:00:10:10 -0500] "GET /galeria/galeria/jquery.fancybox.css?v=2.1.5 HTTP/1.1" 200 4895
192.168.175.225 - - [06/Jan/2021:00:10:31 -0500] "GET / HTTP/1.1" 200 9990
195.154.172.59 - - [06/Jan/2021:00:10:38 -0500] "GET /galeria/galeria/jquery.fancybox.css?v=2.1.5 HTTP/1.1" 200 4895
191.98.70.219 - - [06/Jan/2021:00:10:48 -0500] "GET /galeria/galeria/jquery.fancybox.js?v=2.1.5 HTTP/1.1" 200 48706
191.98.70.219 - - [06/Jan/2021:00:10:48 -0500] "GET /BLA/boletinlegal/js/jquery.scrollShow.js HTTP/1.1" 200 4586
191.98.70.219 - - [06/Jan/2021:00:10:48 -0500] "GET /galeria/galeria/jquery.fancybox.css?v=2.1.5 HTTP/1.1" 200 4895
191.98.70.219 - - [06/Jan/2021:00:10:50 -0500] "GET /galeria/galeria/jquery.fancybox.js?v=2.1.5 HTTP/1.1" 304 -
191.98.70.219 - - [06/Jan/2021:00:10:50 -0500] "GET /BLA/boletinlegal/js/jquery.scrollShow.js HTTP/1.1" 304 -
191.98.70.219 - - [06/Jan/2021:00:10:50 -0500] "GET /galeria/galeria/jquery.fancybox.css?v=2.1.5 HTTP/1.1" 304 -
201.245.192.253 - - [06/Jan/2021:00:10:13 -0500] "POST /kwsrmcab/Wsrmcab HTTP/1.1" 200 47165
201.245.192.253 - - [06/Jan/2021:00:10:14 -0500] "POST /kwsrmcab/Wsrmcab HTTP/1.1" 200 45656
181.53.13.88 - - [06/Jan/2021:00:10:59 -0500] "GET /galeria/galeria/jquery.fancybox.css?v=2.1.5 HTTP/1.1" 200 4895
181.53.13.88 - - [06/Jan/2021:00:10:59 -0500] "GET /BLA/boletinlegal/js/jquery.scrollShow.js HTTP/1.1" 200 4586
181.53.13.88 - - [06/Jan/2021:00:10:59 -0500] "GET /galeria/galeria/jquery.fancybox.js?v=2.1.5 HTTP/1.1" 200 48706
195.154.172.143 - - [06/Jan/2021:00:11:28 -0500] "GET /galeria/galeria/jquery.fancybox.css?v=2.1.5 HTTP/1.1" 200 4895
201.245.192.253 - - [06/Jan/2021:00:10:58 -0500] "POST /kwsrmcab/Wsrmcab HTTP/1.1" 200 47165
66.249.66.137 - - [06/Jan/2021:00:12:04 -0500] "-" 408 -
212.129.57.169 - - [06/Jan/2021:00:12:19 -0500] "GET /galeria/galeria/jquery.fancybox.css?v=2.1.5 HTTP/1.1" 200 4895
181.225.98.132 - - [06/Jan/2021:00:12:20 -0500] "GET /galeria/galeria/jquery.fancybox.css?v=2.1.5 HTTP/1.1" 200 4895
181.225.98.132 - - [06/Jan/2021:00:12:20 -0500] "GET /BLA/boletinlegal/js/jquery.scrollShow.js HTTP/1.1" 200 4586
181.225.98.132 - - [06/Jan/2021:00:12:20 -0500] "GET /galeria/galeria/jquery.fancybox.js?v=2.1.5 HTTP/1.1" 200 48706
181.60.232.12 - - [06/Jan/2021:00:12:25 -0500] "GET /galeria/galeria/jquery.fancybox.css?v=2.1.5 HTTP/1.1" 200 4895
181.60.232.12 - - [06/Jan/2021:00:12:25 -0500] "GET /BLA/boletinlegal/js/jquery.scrollShow.js HTTP/1.1" 200 4586
181.60.232.12 - - [06/Jan/2021:00:12:25 -0500] "GET /galeria/galeria/jquery.fancybox.js?v=2.1.5 HTTP/1.1" 200 48706
212.129.57.169 - - [06/Jan/2021:00:12:38 -0500] "GET /galeria/galeria/jquery.fancybox.css?v=2.1.5 HTTP/1.1" 200 4895
186.84.90.155 - - [06/Jan/2021:00:12:42 -0500] "POST /BLA/boletinlegal/admin/actos/ingresar.php HTTP/1.1" 200 7116
186.81.166.6 - - [06/Jan/2021:00:12:46 -0500] "GET /galeria/galeria/jquery.fancybox.css?v=2.1.5 HTTP/1.1" 200 4895
186.81.166.6 - - [06/Jan/2021:00:12:46 -0500] "GET /BLA/boletinlegal/js/jquery.scrollShow.js HTTP/1.1" 200 4586
186.81.166.6 - - [06/Jan/2021:00:12:46 -0500] "GET /galeria/galeria/jquery.fancybox.js?v=2.1.5 HTTP/1.1" 200 48706
212.129.62.32 - - [06/Jan/2021:00:12:52 -0500] "GET /galeria/galeria/jquery.fancybox.css?v=2.1.5 HTTP/1.1" 200 4895
195.154.172.137 - - [06/Jan/2021:00:13:17 -0500] "GET /galeria/galeria/jquery.fancybox.css?v=2.1.5 HTTP/1.1" 200 4895
195.154.209.237 - - [06/Jan/2021:00:13:24 -0500] "GET /galeria/galeria/jquery.fancybox.css?v=2.1.5 HTTP/1.1" 200 4895
195.154.172.137 - - [06/Jan/2021:00:13:34 -0500] "GET /galeria/galeria/jquery.fancybox.css?v=2.1.5 HTTP/1.1" 200 4895
69.162.124.227 - - [06/Jan/2021:00:13:34 -0500] "HEAD / HTTP/1.1" 200 -
195.154.172.53 - - [06/Jan/2021:00:14:23 -0500] "GET /galeria/galeria/jquery.fancybox.css?v=2.1.5 HTTP/1.1" 200 4895
181.62.52.95 - - [06/Jan/2021:00:14:50 -0500] "GET /BLA/resoluciones/RESOLUCIONES%202009/4086.pdf HTTP/1.1" 200 895524
181.62.52.95 - - [06/Jan/2021:00:14:50 -0500] "GET /favicon.ico HTTP/1.1" 200 7782
66.249.66.159 - - [06/Jan/2021:00:14:57 -0500] "-" 408 -
201.137.50.207 - - [06/Jan/2021:00:15:17 -0500] "GET /galeria/galeria/jquery.fancybox.css?v=2.1.5 HTTP/1.1" 200 4895
201.137.50.207 - - [06/Jan/2021:00:15:17 -0500] "GET /BLA/boletinlegal/js/jquery.scrollShow.js HTTP/1.1" 200 4586
201.137.50.207 - - [06/Jan/2021:00:15:17 -0500] "GET /galeria/galeria/jquery.fancybox.js?v=2.1.5 HTTP/1.1" 200 48706
192.168.175.225 - - [06/Jan/2021:00:15:31 -0500] "GET / HTTP/1.1" 200 9990
186.84.90.155 - - [06/Jan/2021:00:15:36 -0500] "POST /BLA/boletinlegal/admin/actos/ingresar.php HTTP/1.1" 200 7116
186.30.76.99 - - [06/Jan/2021:00:16:13 -0500] "GET /galeria/galeria/jquery.fancybox.css?v=2.1.5 HTTP/1.1" 200 4895
186.30.76.99 - - [06/Jan/2021:00:16:13 -0500] "GET /BLA/boletinlegal/js/jquery.scrollShow.js HTTP/1.1" 200 4586
186.30.76.99 - - [06/Jan/2021:00:16:13 -0500] "GET /galeria/galeria/jquery.fancybox.js?v=2.1.5 HTTP/1.1" 200 48706
200.118.62.112 - - [06/Jan/2021:00:16:17 -0500] "GET /galeria/galeria/jquery.fancybox.css?v=2.1.5 HTTP/1.1" 200 4895
200.118.62.112 - - [06/Jan/2021:00:16:17 -0500] "GET /BLA/boletinlegal/js/jquery.scrollShow.js HTTP/1.1" 200 4586
200.118.62.112 - - [06/Jan/2021:00:16:17 -0500] "GET /galeria/galeria/jquery.fancybox.js?v=2.1.5 HTTP/1.1" 200 48706
80.82.65.80 - - [06/Jan/2021:00:16:28 -0500] "HEAD / HTTP/1.0" 200 -
186.85.12.12 - - [06/Jan/2021:00:16:58 -0500] "GET /galeria/galeria/jquery.fancybox.css?v=2.1.5 HTTP/1.1" 200 4895
186.85.12.12 - - [06/Jan/2021:00:16:58 -0500] "GET /BLA/boletinlegal/js/jquery.scrollShow.js HTTP/1.1" 200 4586
186.85.12.12 - - [06/Jan/2021:00:16:58 -0500] "GET /galeria/galeria/jquery.fancybox.js?v=2.1.5 HTTP/1.1" 200 48706
66.249.66.149 - - [06/Jan/2021:00:18:04 -0500] "-" 408 -
186.84.90.155 - - [06/Jan/2021:00:18:13 -0500] "POST /BLA/boletinlegal/admin/actos/ingresar.php HTTP/1.1" 200 7116
69.162.124.227 - - [06/Jan/2021:00:18:34 -0500] "HEAD / HTTP/1.1" 200 -
186.84.90.155 - - [06/Jan/2021:00:19:27 -0500] "POST /BLA/boletinlegal/admin/actos/ingresar.php HTTP/1.1" 200 7116
13.66.139.154 - - [06/Jan/2021:00:19:57 -0500] "GET /images/SDA.jpg HTTP/1.1" 200 48976
192.168.175.225 - - [06/Jan/2021:00:20:30 -0500] "GET / HTTP/1.1" 200 9990
201.244.41.56 - - [06/Jan/2021:00:20:36 -0500] "GET /BLA/boletinlegal/js/jquery.scrollShow.js HTTP/1.1" 200 4586
201.244.41.56 - - [06/Jan/2021:00:20:36 -0500] "GET /galeria/galeria/jquery.fancybox.css?v=2.1.5 HTTP/1.1" 200 4895
201.244.41.56 - - [06/Jan/2021:00:20:36 -0500] "GET /galeria/galeria/jquery.fancybox.js?v=2.1.5 HTTP/1.1" 200 48706
201.245.192.253 - - [06/Jan/2021:00:20:14 -0500] "POST /kwsrmcab/Wsrmcab HTTP/1.1" 200 45656
66.249.66.159 - - [06/Jan/2021:00:21:03 -0500] "-" 408 -
186.84.90.155 - - [06/Jan/2021:00:21:07 -0500] "POST /BLA/boletinlegal/admin/actos/ingresar.php HTTP/1.1" 200 7116
173.252.127.17 - - [06/Jan/2021:00:21:11 -0500] "GET /galeria/galeria/jquery.fancybox.css?v=2.1.5 HTTP/1.1" 200 4895
173.252.127.28 - - [06/Jan/2021:00:21:11 -0500] "GET /BLA/boletinlegal/js/jquery.scrollShow.js HTTP/1.1" 200 4586
173.252.127.118 - - [06/Jan/2021:00:21:11 -0500] "GET /galeria/galeria/jquery.fancybox.js?v=2.1.5 HTTP/1.1" 200 48706
201.245.192.253 - - [06/Jan/2021:00:21:02 -0500] "POST /kwsrmcab/Wsrmcab HTTP/1.1" 200 47165
186.84.90.155 - - [06/Jan/2021:00:22:21 -0500] "POST /BLA/boletinlegal/admin/actos/ingresar.php HTTP/1.1" 200 7116
190.237.18.176 - - [06/Jan/2021:00:22:22 -0500] "GET /galeria/galeria/jquery.fancybox.css?v=2.1.5 HTTP/1.1" 200 4895
190.237.18.176 - - [06/Jan/2021:00:22:22 -0500] "GET /BLA/boletinlegal/js/jquery.scrollShow.js HTTP/1.1" 200 4586
190.237.18.176 - - [06/Jan/2021:00:22:22 -0500] "GET /galeria/galeria/jquery.fancybox.js?v=2.1.5 HTTP/1.1" 200 48706
181.54.238.95 - - [06/Jan/2021:00:22:35 -0500] "GET /BLA/boletinlegal/js/jquery.scrollShow.js HTTP/1.1" 200 4586
181.54.238.95 - - [06/Jan/2021:00:22:35 -0500] "GET /galeria/galeria/jquery.fancybox.css?v=2.1.5 HTTP/1.1" 200 4895
181.54.238.95 - - [06/Jan/2021:00:22:35 -0500] "GET /galeria/galeria/jquery.fancybox.js?v=2.1.5 HTTP/1.1" 200 48706
181.55.47.237 - - [06/Jan/2021:00:23:23 -0500] "GET /BLA/boletinlegal/js/jquery.scrollShow.js HTTP/1.1" 200 4586
181.55.47.237 - - [06/Jan/2021:00:23:23 -0500] "GET /galeria/galeria/jquery.fancybox.js?v=2.1.5 HTTP/1.1" 200 48706
186.84.90.155 - - [06/Jan/2021:00:23:33 -0500] "POST /BLA/boletinlegal/admin/actos/ingresar.php HTTP/1.1" 200 7116
69.162.124.227 - - [06/Jan/2021:00:23:34 -0500] "HEAD / HTTP/1.1" 200 -
186.155.92.62 - - [06/Jan/2021:00:24:24 -0500] "GET /galeria/galeria/jquery.fancybox.css?v=2.1.5 HTTP/1.1" 200 4895
186.155.92.62 - - [06/Jan/2021:00:24:24 -0500] "GET /BLA/boletinlegal/js/jquery.scrollShow.js HTTP/1.1" 200 4586
186.155.92.62 - - [06/Jan/2021:00:24:24 -0500] "GET /galeria/galeria/jquery.fancybox.js?v=2.1.5 HTTP/1.1" 200 48706
186.84.90.155 - - [06/Jan/2021:00:24:36 -0500] "POST /BLA/boletinlegal/admin/actos/ingresar.php HTTP/1.1" 200 7116
190.130.77.7 - - [06/Jan/2021:00:25:19 -0500] "-" 408 -
192.168.175.225 - - [06/Jan/2021:00:25:30 -0500] "GET / HTTP/1.1" 200 9990
66.249.66.159 - - [06/Jan/2021:00:26:39 -0500] "-" 408 -
69.162.124.227 - - [06/Jan/2021:00:28:34 -0500] "HEAD / HTTP/1.1" 200 -
191.95.58.245 - - [06/Jan/2021:00:28:48 -0500] "GET /galeria/galeria/jquery.fancybox.js?v=2.1.5 HTTP/1.1" 200 48706
191.95.58.245 - - [06/Jan/2021:00:28:48 -0500] "GET /galeria/galeria/jquery.fancybox.css?v=2.1.5 HTTP/1.1" 200 4895
191.95.58.245 - - [06/Jan/2021:00:28:48 -0500] "GET /BLA/boletinlegal/js/jquery.scrollShow.js HTTP/1.1" 200 4586
13.66.139.152 - - [06/Jan/2021:00:28:51 -0500] "GET /BLA/boletinlegal/documentos-importantes.php HTTP/1.1" 200 4822
186.84.90.155 - - [06/Jan/2021:00:28:56 -0500] "GET /BLA/resoluciones/index.php?dir=RESOLUCIONES+2002%2F HTTP/1.1" 200 23879
186.84.90.155 - - [06/Jan/2021:00:28:59 -0500] "GET /BLA/resoluciones/index.php?dir= HTTP/1.1" 200 12275
186.84.90.155 - - [06/Jan/2021:00:29:01 -0500] "GET /BLA/resoluciones/index.php?dir=RESOLUCIONES+2001%2F HTTP/1.1" 200 18200
192.168.175.225 - - [06/Jan/2021:00:30:30 -0500] "GET / HTTP/1.1" 200 9990
201.245.192.253 - - [06/Jan/2021:00:30:15 -0500] "POST /kwsrmcab/Wsrmcab HTTP/1.1" 200 45656
66.249.66.149 - - [06/Jan/2021:00:31:09 -0500] "-" 408 -
186.84.90.155 - - [06/Jan/2021:00:31:09 -0500] "GET /BLA/resoluciones/RESOLUCIONES%202001/RESOLUCION%20311%20DE%202001.pdf HTTP/1.1" 200 398777
186.84.90.155 - - [06/Jan/2021:00:31:11 -0500] "GET /BLA/resoluciones/RESOLUCIONES%202001/RESOLUCION%20314%20DE%202001.pdf HTTP/1.1" 200 58550
186.84.90.155 - - [06/Jan/2021:00:31:14 -0500] "GET /BLA/resoluciones/RESOLUCIONES%202001/RESOLUCION%20350%20DE%202001.pdf HTTP/1.1" 200 89024
186.84.90.155 - - [06/Jan/2021:00:31:16 -0500] "GET /BLA/resoluciones/RESOLUCIONES%202001/RESOLUCION%20351%20DE%202001.pdf HTTP/1.1" 200 16532
186.84.90.155 - - [06/Jan/2021:00:31:18 -0500] "GET /BLA/resoluciones/RESOLUCIONES%202001/RESOLUCION%20391%20DE%202001.pdf HTTP/1.1" 200 2588162
186.84.90.155 - - [06/Jan/2021:00:31:23 -0500] "GET /BLA/resoluciones/RESOLUCIONES%202001/RESOLUCION%20408%20DE%202001.pdf HTTP/1.1" 200 76854
186.84.90.155 - - [06/Jan/2021:00:31:25 -0500] "GET /BLA/resoluciones/RESOLUCIONES%202001/RESOLUCION%20411%20DE%202001.pdf HTTP/1.1" 200 71238
186.84.90.155 - - [06/Jan/2021:00:31:29 -0500] "GET /BLA/resoluciones/RESOLUCIONES%202001/RESOLUCION%20482%20DE%202001.pdf HTTP/1.1" 200 36681
186.84.90.155 - - [06/Jan/2021:00:31:33 -0500] "GET /BLA/resoluciones/RESOLUCIONES%202001/RESOLUCION%20499%20DE%202001.pdf HTTP/1.1" 200 98240
186.84.90.155 - - [06/Jan/2021:00:31:36 -0500] "GET /BLA/resoluciones/RESOLUCIONES%202001/RESOLUCION%20501%20DE%202001.pdf HTTP/1.1" 200 475011
186.84.90.155 - - [06/Jan/2021:00:31:40 -0500] "GET /BLA/resoluciones/RESOLUCIONES%202001/RESOLUCION%20509%20DE%202001.pdf HTTP/1.1" 200 35557
186.84.90.155 - - [06/Jan/2021:00:31:43 -0500] "GET /BLA/resoluciones/RESOLUCIONES%202001/RESOLUCION%20510%20DE%202001.pdf HTTP/1.1" 200 75656
186.84.90.155 - - [06/Jan/2021:00:31:47 -0500] "GET /BLA/resoluciones/RESOLUCIONES%202001/RESOLUCION%20521%20DE%202001.pdf HTTP/1.1" 200 41639
186.84.90.155 - - [06/Jan/2021:00:31:51 -0500] "GET /BLA/resoluciones/RESOLUCIONES%202001/RESOLUCION%20539%20DE%202001.pdf HTTP/1.1" 200 487765
186.84.90.155 - - [06/Jan/2021:00:31:53 -0500] "GET /BLA/resoluciones/RESOLUCIONES%202001/RESOLUCION%20628%20DE%202001.pdf HTTP/1.1" 200 150924
201.245.192.253 - - [06/Jan/2021:00:31:05 -0500] "POST /kwsrmcab/Wsrmcab HTTP/1.1" 200 47165
186.84.90.155 - - [06/Jan/2021:00:31:56 -0500] "GET /BLA/resoluciones/RESOLUCIONES%202001/RESOLUCION%20642%20DE%202001.pdf HTTP/1.1" 200 90038
186.84.90.155 - - [06/Jan/2021:00:31:58 -0500] "GET /BLA/resoluciones/RESOLUCIONES%202001/RESOLUCION%20877%20DE%202001.pdf HTTP/1.1" 200 110651
186.84.90.155 - - [06/Jan/2021:00:32:01 -0500] "GET /BLA/resoluciones/RESOLUCIONES%202001/RESOLUCION%20878%20DE%202001.pdf HTTP/1.1" 200 125355
186.84.90.155 - - [06/Jan/2021:00:32:03 -0500] "GET /BLA/resoluciones/RESOLUCIONES%202001/RESOLUCION%20939%20DE%202001.pdf HTTP/1.1" 200 48369
186.84.90.155 - - [06/Jan/2021:00:32:05 -0500] "GET /BLA/resoluciones/RESOLUCIONES%202001/RESOLUCION%20940%20DE%202001.pdf HTTP/1.1" 200 79907
186.84.90.155 - - [06/Jan/2021:00:32:09 -0500] "GET /BLA/resoluciones/RESOLUCIONES%202001/RESOLUCION%201062%20DE%202001.pdf HTTP/1.1" 200 5951155
186.84.90.155 - - [06/Jan/2021:00:32:13 -0500] "GET /BLA/resoluciones/RESOLUCIONES%202001/RESOLUCION%201087%20DE%202001.pdf HTTP/1.1" 200 82691
186.84.90.155 - - [06/Jan/2021:00:32:16 -0500] "GET /BLA/resoluciones/RESOLUCIONES%202001/RESOLUCION%201115%20DE%202001.pdf HTTP/1.1" 200 104281
186.84.90.155 - - [06/Jan/2021:00:32:19 -0500] "GET /BLA/resoluciones/RESOLUCIONES%202001/RESOLUCION%201119%20DE%202001.pdf HTTP/1.1" 200 134983
13.66.139.152 - - [06/Jan/2021:00:32:21 -0500] "GET /videos/?C=D;O=A HTTP/1.1" 200 493
186.84.90.155 - - [06/Jan/2021:00:32:23 -0500] "GET /BLA/resoluciones/RESOLUCIONES%202001/RESOLUCION%201224%20DE%202001.pdf HTTP/1.1" 200 203254
186.84.90.155 - - [06/Jan/2021:00:32:27 -0500] "GET /BLA/resoluciones/RESOLUCIONES%202001/RESOLUCION%201226%20DE%202001.pdf HTTP/1.1" 200 108376
186.84.90.155 - - [06/Jan/2021:00:32:31 -0500] "GET /BLA/resoluciones/RESOLUCIONES%202001/RESOLUCION%201337%20DE%202001.pdf HTTP/1.1" 200 274019
186.84.90.155 - - [06/Jan/2021:00:32:33 -0500] "GET /BLA/resoluciones/RESOLUCIONES%202001/RESOLUCION%201338%20DE%202001.pdf HTTP/1.1" 200 115436
186.84.90.155 - - [06/Jan/2021:00:32:36 -0500] "GET /BLA/resoluciones/RESOLUCIONES%202001/RESOLUCION%201349%20DE%202001.pdf HTTP/1.1" 200 112811
190.25.118.91 - - [06/Jan/2021:00:32:37 -0500] "GET /galeria/galeria/jquery.fancybox.css?v=2.1.5 HTTP/1.1" 200 4895
190.25.118.91 - - [06/Jan/2021:00:32:37 -0500] "GET /BLA/boletinlegal/js/jquery.scrollShow.js HTTP/1.1" 200 4586
190.25.118.91 - - [06/Jan/2021:00:32:37 -0500] "GET /galeria/galeria/jquery.fancybox.js?v=2.1.5 HTTP/1.1" 200 48706
186.84.90.155 - - [06/Jan/2021:00:32:39 -0500] "GET /BLA/resoluciones/RESOLUCIONES%202001/RESOLUCION%201373%20DE%202001.pdf HTTP/1.1" 200 253619
186.84.90.155 - - [06/Jan/2021:00:32:57 -0500] "GET /BLA/resoluciones/RESOLUCIONES%202001/RESOLUCION%201403%20DE%202001.pdf HTTP/1.1" 200 6360611
186.84.90.155 - - [06/Jan/2021:00:33:01 -0500] "GET /BLA/resoluciones/RESOLUCIONES%202001/RESOLUCION%201480%20DE%202001.pdf HTTP/1.1" 200 88801
66.249.66.159 - - [06/Jan/2021:00:33:03 -0500] "-" 408 -
186.84.90.155 - - [06/Jan/2021:00:33:05 -0500] "GET /BLA/resoluciones/RESOLUCIONES%202001/RESOLUCION%201501%20DE%202001.pdf HTTP/1.1" 200 48472
186.84.90.155 - - [06/Jan/2021:00:33:10 -0500] "GET /BLA/resoluciones/RESOLUCIONES%202001/RESOLUCION%201502%20DE%202001.pdf HTTP/1.1" 200 72573
186.84.90.155 - - [06/Jan/2021:00:33:13 -0500] "GET /BLA/resoluciones/RESOLUCIONES%202001/RESOLUCION%201532%20DE%202001.pdf HTTP/1.1" 200 151024
186.84.90.155 - - [06/Jan/2021:00:33:17 -0500] "GET /BLA/resoluciones/RESOLUCIONES%202001/RESOLUCION%201549%20DE%202001.pdf HTTP/1.1" 200 52136
186.84.90.155 - - [06/Jan/2021:00:33:20 -0500] "GET /BLA/resoluciones/RESOLUCIONES%202001/RESOLUCION%201594%20DE%202001.pdf HTTP/1.1" 200 195278
186.84.90.155 - - [06/Jan/2021:00:33:23 -0500] "GET /BLA/resoluciones/RESOLUCIONES%202001/RESOLUCION%201596%20DE%202001.pdf HTTP/1.1" 200 56441
69.162.124.227 - - [06/Jan/2021:00:33:34 -0500] "HEAD / HTTP/1.1" 200 -
186.169.195.237 - - [06/Jan/2021:00:34:44 -0500] "GET /BLA/boletinlegal/js/jquery.scrollShow.js HTTP/1.1" 200 4586
186.169.195.237 - - [06/Jan/2021:00:34:44 -0500] "GET /galeria/galeria/jquery.fancybox.js?v=2.1.5 HTTP/1.1" 200 48706
186.169.195.237 - - [06/Jan/2021:00:34:44 -0500] "GET /galeria/galeria/jquery.fancybox.css?v=2.1.5 HTTP/1.1" 200 4895
186.169.195.237 - - [06/Jan/2021:00:34:47 -0500] "GET /galeria/galeria/jquery.fancybox.css?v=2.1.5 HTTP/1.1" 304 -
186.169.195.237 - - [06/Jan/2021:00:34:47 -0500] "GET /BLA/boletinlegal/js/jquery.scrollShow.js HTTP/1.1" 304 -
186.169.195.237 - - [06/Jan/2021:00:34:47 -0500] "GET /galeria/galeria/jquery.fancybox.js?v=2.1.5 HTTP/1.1" 304 -
190.128.71.180 - - [06/Jan/2021:00:35:10 -0500] "GET /BLA/boletinlegal/js/jquery.scrollShow.js HTTP/1.1" 200 4586
190.128.71.180 - - [06/Jan/2021:00:35:10 -0500] "GET /galeria/galeria/jquery.fancybox.js?v=2.1.5 HTTP/1.1" 200 48706
190.128.71.180 - - [06/Jan/2021:00:35:10 -0500] "GET /galeria/galeria/jquery.fancybox.css?v=2.1.5 HTTP/1.1" 200 4895
190.128.71.180 - - [06/Jan/2021:00:35:13 -0500] "GET /galeria/galeria/jquery.fancybox.js?v=2.1.5 HTTP/1.1" 304 -
190.128.71.180 - - [06/Jan/2021:00:35:13 -0500] "GET /galeria/galeria/jquery.fancybox.css?v=2.1.5 HTTP/1.1" 304 -
190.128.71.180 - - [06/Jan/2021:00:35:13 -0500] "GET /BLA/boletinlegal/js/jquery.scrollShow.js HTTP/1.1" 304 -
192.168.175.225 - - [06/Jan/2021:00:35:30 -0500] "GET / HTTP/1.1" 200 9990
190.102.124.35 - - [06/Jan/2021:00:36:20 -0500] "GET /galeria/galeria/jquery.fancybox.js?v=2.1.5 HTTP/1.1" 200 48706
190.102.124.35 - - [06/Jan/2021:00:36:20 -0500] "GET /BLA/boletinlegal/js/jquery.scrollShow.js HTTP/1.1" 200 4586
190.102.124.35 - - [06/Jan/2021:00:36:20 -0500] "GET /galeria/galeria/jquery.fancybox.css?v=2.1.5 HTTP/1.1" 200 4895
191.156.136.174 - - [06/Jan/2021:00:37:12 -0500] "-" 408 -
18.217.83.201 - - [06/Jan/2021:00:37:57 -0500] "POST /webdav/x32.php HTTP/1.1" 404 1018
201.190.120.64 - - [06/Jan/2021:00:38:04 -0500] "GET /galeria/galeria/jquery.fancybox.css?v=2.1.5 HTTP/1.1" 200 4895
201.190.120.64 - - [06/Jan/2021:00:38:04 -0500] "GET /BLA/boletinlegal/js/jquery.scrollShow.js HTTP/1.1" 200 4586
201.190.120.64 - - [06/Jan/2021:00:38:04 -0500] "GET /galeria/galeria/jquery.fancybox.js?v=2.1.5 HTTP/1.1" 200 48706
177.240.190.21 - - [06/Jan/2021:00:38:29 -0500] "GET /galeria/galeria/jquery.fancybox.css?v=2.1.5 HTTP/1.1" 200 4895
177.240.190.21 - - [06/Jan/2021:00:38:29 -0500] "GET /BLA/boletinlegal/js/jquery.scrollShow.js HTTP/1.1" 200 4586
177.240.190.21 - - [06/Jan/2021:00:38:29 -0500] "GET /galeria/galeria/jquery.fancybox.js?v=2.1.5 HTTP/1.1" 200 48706
69.162.124.227 - - [06/Jan/2021:00:38:34 -0500] "HEAD / HTTP/1.1" 200 -
186.84.90.155 - - [06/Jan/2021:00:38:41 -0500] "GET /BLA/resoluciones/RESOLUCIONES%202001/RESOLUCION%201338%20DE%202001.pdf HTTP/1.1" 304 -
186.84.90.155 - - [06/Jan/2021:00:38:41 -0500] "GET /favicon.ico HTTP/1.1" 200 7782
186.84.90.155 - - [06/Jan/2021:00:38:43 -0500] "GET /BLA/resoluciones/RESOLUCIONES%202001/RESOLUCION%201338%20DE%202001.pdf HTTP/1.1" 304 -
186.84.90.155 - - [06/Jan/2021:00:38:43 -0500] "GET /favicon.ico HTTP/1.1" 200 7782
66.249.66.159 - - [06/Jan/2021:00:38:48 -0500] "-" 408 -
114.119.138.28 - - [06/Jan/2021:00:39:01 -0500] "-" 408 -
191.92.165.192 - - [06/Jan/2021:00:40:23 -0500] "GET /galeria/galeria/jquery.fancybox.css?v=2.1.5 HTTP/1.1" 200 4895
191.92.165.192 - - [06/Jan/2021:00:40:23 -0500] "GET /BLA/boletinlegal/js/jquery.scrollShow.js HTTP/1.1" 200 4586
191.92.165.192 - - [06/Jan/2021:00:40:23 -0500] "GET /galeria/galeria/jquery.fancybox.js?v=2.1.5 HTTP/1.1" 200 48706
192.168.175.225 - - [06/Jan/2021:00:40:30 -0500] "GET / HTTP/1.1" 200 9990
186.84.88.114 - - [06/Jan/2021:00:40:50 -0500] "-" 408 -
18.217.83.201 - - [06/Jan/2021:00:40:56 -0500] "POST /webdav/x32.php HTTP/1.1" 404 1018
18.217.83.201 - - [06/Jan/2021:00:41:00 -0500] "POST /webdav/x32.php HTTP/1.1" 404 1018
157.55.39.3 - - [06/Jan/2021:00:41:24 -0500] "GET /transparencia/directorioservidores/agosto2015.xlsx HTTP/1.1" 304 -
186.87.228.131 - - [06/Jan/2021:00:41:54 -0500] "GET /BLA/boletinlegal/js/jquery.scrollShow.js HTTP/1.1" 200 4586
186.87.228.131 - - [06/Jan/2021:00:41:54 -0500] "GET /galeria/galeria/jquery.fancybox.css?v=2.1.5 HTTP/1.1" 200 4895
186.87.228.131 - - [06/Jan/2021:00:41:54 -0500] "GET /galeria/galeria/jquery.fancybox.js?v=2.1.5 HTTP/1.1" 200 48706
200.122.226.42 - - [06/Jan/2021:00:42:14 -0500] "GET /galeria/galeria/jquery.fancybox.css?v=2.1.5 HTTP/1.1" 200 4895
200.122.226.42 - - [06/Jan/2021:00:42:14 -0500] "GET /BLA/boletinlegal/js/jquery.scrollShow.js HTTP/1.1" 200 4586
200.122.226.42 - - [06/Jan/2021:00:42:14 -0500] "GET /galeria/galeria/jquery.fancybox.js?v=2.1.5 HTTP/1.1" 200 48706
186.84.90.155 - - [06/Jan/2021:00:42:20 -0500] "POST /BLA/boletinlegal/admin/actos/ingresar.php HTTP/1.1" 200 7116
186.84.91.64 - - [06/Jan/2021:00:42:26 -0500] "GET /galeria/galeria/jquery.fancybox.css?v=2.1.5 HTTP/1.1" 200 4895
186.84.91.64 - - [06/Jan/2021:00:42:26 -0500] "GET /BLA/boletinlegal/js/jquery.scrollShow.js HTTP/1.1" 200 4586
186.84.91.64 - - [06/Jan/2021:00:42:26 -0500] "GET /galeria/galeria/jquery.fancybox.js?v=2.1.5 HTTP/1.1" 200 48706
186.84.90.155 - - [06/Jan/2021:00:43:30 -0500] "POST /BLA/boletinlegal/admin/actos/ingresar.php HTTP/1.1" 200 7116
69.162.124.227 - - [06/Jan/2021:00:43:35 -0500] "HEAD / HTTP/1.1" 200 -
190.84.176.62 - - [06/Jan/2021:00:43:36 -0500] "GET /galeria/galeria/jquery.fancybox.css?v=2.1.5 HTTP/1.1" 200 4895
190.84.176.62 - - [06/Jan/2021:00:43:36 -0500] "GET /BLA/boletinlegal/js/jquery.scrollShow.js HTTP/1.1" 200 4586
186.84.90.155 - - [06/Jan/2021:00:43:36 -0500] "GET /BLA/boletinlegal/tabla_files/orangebrownie.css HTTP/1.1" 404 1326
186.84.90.155 - - [06/Jan/2021:00:43:36 -0500] "GET /css/global/buttons.css HTTP/1.1" 404 1324
190.84.176.62 - - [06/Jan/2021:00:43:36 -0500] "GET /galeria/galeria/jquery.fancybox.js?v=2.1.5 HTTP/1.1" 200 48706
186.84.90.155 - - [06/Jan/2021:00:43:35 -0500] "GET /BLA/boletinlegal/admin/actos/mostrar.php HTTP/1.1" 200 345449
186.84.90.155 - - [06/Jan/2021:00:43:39 -0500] "POST /BLA/boletinlegal/admin/actos/mostrar.php HTTP/1.1" 200 45010
186.84.90.155 - - [06/Jan/2021:00:43:40 -0500] "GET /BLA/boletinlegal/tabla_files/orangebrownie.css HTTP/1.1" 404 1326
186.84.90.155 - - [06/Jan/2021:00:43:40 -0500] "GET /css/global/buttons.css HTTP/1.1" 404 1324
186.84.90.155 - - [06/Jan/2021:00:43:46 -0500] "POST /BLA/boletinlegal/admin/actos/modificar.php HTTP/1.1" 200 6037
191.156.181.243 - - [06/Jan/2021:00:43:49 -0500] "GET /galeria/galeria/jquery.fancybox.css?v=2.1.5 HTTP/1.1" 200 4895
191.156.176.215 - - [06/Jan/2021:00:43:49 -0500] "GET /BLA/boletinlegal/js/jquery.scrollShow.js HTTP/1.1" 200 4586
191.156.190.45 - - [06/Jan/2021:00:43:49 -0500] "GET /galeria/galeria/jquery.fancybox.js?v=2.1.5 HTTP/1.1" 200 48706
186.84.90.155 - - [06/Jan/2021:00:43:51 -0500] "POST /BLA/boletinlegal/admin/actos/modificar.php HTTP/1.1" 200 5848
18.217.83.201 - - [06/Jan/2021:00:43:56 -0500] "POST /webdav/x32.php HTTP/1.1" 404 1018
186.113.10.19 - - [06/Jan/2021:00:44:18 -0500] "GET /galeria/nivo-slider/demo/images/bannerdesarrollo2020.jpg HTTP/1.1" 304 -
186.84.88.222 - - [06/Jan/2021:00:44:25 -0500] "-" 408 -
66.249.66.159 - - [06/Jan/2021:00:44:30 -0500] "-" 408 -
186.84.90.155 - - [06/Jan/2021:00:45:02 -0500] "POST /BLA/boletinlegal/admin/actos/ingresar.php HTTP/1.1" 200 7116
192.168.175.225 - - [06/Jan/2021:00:45:30 -0500] "GET / HTTP/1.1" 200 9990
18.217.83.201 - - [06/Jan/2021:00:46:57 -0500] "POST /webdav/x32.php HTTP/1.1" 404 1018
18.217.83.201 - - [06/Jan/2021:00:46:58 -0500] "POST /webdav/x32.php HTTP/1.1" 404 1018
186.29.111.245 - - [06/Jan/2021:00:46:59 -0500] "GET /galeria/galeria/jquery.fancybox.css?v=2.1.5 HTTP/1.1" 200 4895
186.29.111.245 - - [06/Jan/2021:00:46:59 -0500] "GET /BLA/boletinlegal/js/jquery.scrollShow.js HTTP/1.1" 200 4586
186.29.111.245 - - [06/Jan/2021:00:46:59 -0500] "GET /galeria/galeria/jquery.fancybox.js?v=2.1.5 HTTP/1.1" 200 48706
18.217.83.201 - - [06/Jan/2021:00:46:59 -0500] "POST /webdav/x32.php HTTP/1.1" 404 1018
186.113.10.143 - - [06/Jan/2021:00:47:23 -0500] "GET /galeria/nivo-slider/demo/images/bannersolidariacasa.jpg HTTP/1.1" 304 -
186.84.90.155 - - [06/Jan/2021:00:47:53 -0500] "POST /BLA/boletinlegal/admin/actos/ingresar.php HTTP/1.1" 200 7116
186.185.91.198 - - [06/Jan/2021:00:48:08 -0500] "GET /galeria/galeria/jquery.fancybox.css?v=2.1.5 HTTP/1.1" 200 4895
186.185.91.198 - - [06/Jan/2021:00:48:08 -0500] "GET /BLA/boletinlegal/js/jquery.scrollShow.js HTTP/1.1" 200 4586
186.185.91.198 - - [06/Jan/2021:00:48:08 -0500] "GET /galeria/galeria/jquery.fancybox.js?v=2.1.5 HTTP/1.1" 200 48706
187.146.156.101 - - [06/Jan/2021:00:48:11 -0500] "GET /galeria/nivo-slider/demo/2demo.html? HTTP/1.1" 404 1164
186.84.232.35 - - [06/Jan/2021:00:48:12 -0500] "-" 408 -
69.162.124.227 - - [06/Jan/2021:00:48:34 -0500] "HEAD / HTTP/1.1" 200 -
186.84.90.155 - - [06/Jan/2021:00:49:22 -0500] "POST /BLA/boletinlegal/admin/actos/ingresar.php HTTP/1.1" 200 7116
66.249.66.159 - - [06/Jan/2021:00:50:14 -0500] "-" 408 -
192.168.175.225 - - [06/Jan/2021:00:50:30 -0500] "GET / HTTP/1.1" 200 9990
186.84.90.155 - - [06/Jan/2021:00:51:42 -0500] "POST /BLA/boletinlegal/admin/actos/ingresar.php HTTP/1.1" 200 7116
186.155.17.165 - - [06/Jan/2021:00:52:18 -0500] "GET /galeria/galeria/jquery.fancybox.css?v=2.1.5 HTTP/1.1" 200 4895
186.155.17.165 - - [06/Jan/2021:00:52:18 -0500] "GET /BLA/boletinlegal/js/jquery.scrollShow.js HTTP/1.1" 200 4586
186.155.17.165 - - [06/Jan/2021:00:52:18 -0500] "GET /galeria/galeria/jquery.fancybox.js?v=2.1.5 HTTP/1.1" 200 48706
216.244.66.197 - - [06/Jan/2021:00:52:34 -0500] "-" 408 -
177.254.92.46 - - [06/Jan/2021:00:53:02 -0500] "GET /galeria/galeria/jquery.fancybox.css?v=2.1.5 HTTP/1.1" 200 4895
177.254.92.46 - - [06/Jan/2021:00:53:02 -0500] "GET /galeria/galeria/jquery.fancybox.js?v=2.1.5 HTTP/1.1" 200 48706
177.254.92.46 - - [06/Jan/2021:00:53:02 -0500] "GET /BLA/boletinlegal/js/jquery.scrollShow.js HTTP/1.1" 200 4586
186.84.90.155 - - [06/Jan/2021:00:53:09 -0500] "POST /BLA/boletinlegal/admin/actos/ingresar.php HTTP/1.1" 200 7116
69.162.124.227 - - [06/Jan/2021:00:53:34 -0500] "HEAD / HTTP/1.1" 200 -
190.217.113.42 - - [06/Jan/2021:00:55:03 -0500] "-" 408 -
186.84.90.25 - - [06/Jan/2021:00:55:12 -0500] "GET /BLA/boletinlegal/js/jquery.scrollShow.js HTTP/1.1" 200 4586
186.84.90.25 - - [06/Jan/2021:00:55:12 -0500] "GET /galeria/galeria/jquery.fancybox.css?v=2.1.5 HTTP/1.1" 200 4895
186.84.90.25 - - [06/Jan/2021:00:55:12 -0500] "GET /galeria/galeria/jquery.fancybox.js?v=2.1.5 HTTP/1.1" 200 48706
186.84.90.155 - - [06/Jan/2021:00:55:17 -0500] "POST /BLA/boletinlegal/admin/actos/ingresar.php HTTP/1.1" 200 7116
192.168.175.225 - - [06/Jan/2021:00:55:29 -0500] "GET / HTTP/1.1" 200 9990
190.69.55.203 - - [06/Jan/2021:00:55:35 -0500] "GET /galeria/galeria/jquery.fancybox.css?v=2.1.5 HTTP/1.1" 200 4895
190.69.55.203 - - [06/Jan/2021:00:55:35 -0500] "GET /galeria/galeria/jquery.fancybox.js?v=2.1.5 HTTP/1.1" 200 48706
190.69.55.203 - - [06/Jan/2021:00:55:35 -0500] "GET /BLA/boletinlegal/js/jquery.scrollShow.js HTTP/1.1" 200 4586
66.249.66.159 - - [06/Jan/2021:00:56:54 -0500] "-" 408 -
186.84.90.155 - - [06/Jan/2021:00:57:16 -0500] "POST /BLA/boletinlegal/admin/actos/ingresar.php HTTP/1.1" 200 7116
186.84.90.155 - - [06/Jan/2021:00:58:18 -0500] "POST /BLA/boletinlegal/admin/actos/ingresar.php HTTP/1.1" 200 7116
54.37.67.60 - - [06/Jan/2021:00:58:28 -0500] "HEAD /BLA/resoluciones/AUTOS%202014/5848.pdf HTTP/1.1" 200 -
69.162.124.227 - - [06/Jan/2021:00:58:34 -0500] "HEAD / HTTP/1.1" 200 -
181.134.4.58 - - [06/Jan/2021:00:58:36 -0500] "GET /BLA/boletinlegal/js/jquery.scrollShow.js HTTP/1.1" 200 4586
181.134.4.58 - - [06/Jan/2021:00:58:36 -0500] "GET /galeria/galeria/jquery.fancybox.js?v=2.1.5 HTTP/1.1" 200 48706
181.134.4.58 - - [06/Jan/2021:00:58:36 -0500] "GET /galeria/galeria/jquery.fancybox.css?v=2.1.5 HTTP/1.1" 200 4895
186.144.78.118 - - [06/Jan/2021:00:59:23 -0500] "GET /galeria/galeria/jquery.fancybox.css?v=2.1.5 HTTP/1.1" 200 4895
186.144.78.118 - - [06/Jan/2021:00:59:23 -0500] "GET /galeria/galeria/jquery.fancybox.js?v=2.1.5 HTTP/1.1" 200 48706
186.144.78.118 - - [06/Jan/2021:00:59:23 -0500] "GET /BLA/boletinlegal/js/jquery.scrollShow.js HTTP/1.1" 200 4586
66.249.66.151 - - [06/Jan/2021:00:59:30 -0500] "-" 408 -
192.168.175.225 - - [06/Jan/2021:01:00:29 -0500] "GET / HTTP/1.1" 200 9990
186.84.90.155 - - [06/Jan/2021:01:00:32 -0500] "POST /BLA/boletinlegal/admin/actos/ingresar.php HTTP/1.1" 200 7116
66.249.66.201 - - [06/Jan/2021:01:01:19 -0500] "-" 408 -
186.29.183.231 - - [06/Jan/2021:01:01:27 -0500] "GET /galeria/galeria/jquery.fancybox.css?v=2.1.5 HTTP/1.1" 200 4895
186.29.183.231 - - [06/Jan/2021:01:01:27 -0500] "GET /BLA/boletinlegal/js/jquery.scrollShow.js HTTP/1.1" 200 4586
186.29.183.231 - - [06/Jan/2021:01:01:27 -0500] "GET /galeria/galeria/jquery.fancybox.js?v=2.1.5 HTTP/1.1" 200 48706
186.84.90.155 - - [06/Jan/2021:01:02:55 -0500] "POST /BLA/boletinlegal/admin/actos/ingresar.php HTTP/1.1" 200 7116
66.249.66.159 - - [06/Jan/2021:01:03:06 -0500] "-" 408 -
69.162.124.227 - - [06/Jan/2021:01:03:34 -0500] "HEAD / HTTP/1.1" 200 -
190.157.32.22 - - [06/Jan/2021:01:03:38 -0500] "GET /galeria/galeria/jquery.fancybox.js?v=2.1.5 HTTP/1.1" 200 48706
190.157.32.22 - - [06/Jan/2021:01:03:38 -0500] "GET /galeria/galeria/jquery.fancybox.css?v=2.1.5 HTTP/1.1" 200 4895
190.157.32.22 - - [06/Jan/2021:01:03:38 -0500] "GET /BLA/boletinlegal/js/jquery.scrollShow.js HTTP/1.1" 200 4586
216.244.66.195 - - [06/Jan/2021:01:04:16 -0500] "-" 408 -
192.168.175.225 - - [06/Jan/2021:01:05:29 -0500] "GET / HTTP/1.1" 200 9990
45.155.126.222 - - [06/Jan/2021:01:06:39 -0500] "GET / HTTP/1.1" 200 9990
186.84.90.155 - - [06/Jan/2021:01:07:03 -0500] "POST /BLA/boletinlegal/admin/actos/ingresar.php HTTP/1.1" 200 7116
181.53.13.195 - - [06/Jan/2021:01:07:47 -0500] "-" 408 -
190.24.57.210 - - [06/Jan/2021:01:08:14 -0500] "GET /galeria/galeria/jquery.fancybox.css?v=2.1.5 HTTP/1.1" 200 4895
190.24.57.210 - - [06/Jan/2021:01:08:14 -0500] "GET /BLA/boletinlegal/js/jquery.scrollShow.js HTTP/1.1" 200 4586
190.24.57.210 - - [06/Jan/2021:01:08:14 -0500] "GET /galeria/galeria/jquery.fancybox.js?v=2.1.5 HTTP/1.1" 200 48706
69.162.124.227 - - [06/Jan/2021:01:08:34 -0500] "HEAD / HTTP/1.1" 200 -
191.102.197.187 - - [06/Jan/2021:01:08:40 -0500] "GET /galeria/galeria/jquery.fancybox.css?v=2.1.5 HTTP/1.1" 200 4895
191.102.197.187 - - [06/Jan/2021:01:08:40 -0500] "GET /BLA/boletinlegal/js/jquery.scrollShow.js HTTP/1.1" 200 4586
191.102.197.187 - - [06/Jan/2021:01:08:40 -0500] "GET /galeria/galeria/jquery.fancybox.js?v=2.1.5 HTTP/1.1" 200 48706
181.54.34.13 - - [06/Jan/2021:01:08:43 -0500] "GET /galeria/galeria/jquery.fancybox.css?v=2.1.5 HTTP/1.1" 200 4895
181.54.34.13 - - [06/Jan/2021:01:08:43 -0500] "GET /galeria/galeria/jquery.fancybox.js?v=2.1.5 HTTP/1.1" 200 48706
181.54.34.13 - - [06/Jan/2021:01:08:43 -0500] "GET /BLA/boletinlegal/js/jquery.scrollShow.js HTTP/1.1" 200 4586
66.249.66.159 - - [06/Jan/2021:01:09:02 -0500] "-" 408 -
190.242.25.173 - - [06/Jan/2021:01:09:28 -0500] "GET /galeria/galeria/jquery.fancybox.css?v=2.1.5 HTTP/1.1" 200 4895
190.242.25.173 - - [06/Jan/2021:01:09:28 -0500] "GET /BLA/boletinlegal/js/jquery.scrollShow.js HTTP/1.1" 200 4586
190.242.25.173 - - [06/Jan/2021:01:09:28 -0500] "GET /galeria/galeria/jquery.fancybox.js?v=2.1.5 HTTP/1.1" 200 48706
186.84.131.37 - - [06/Jan/2021:01:09:29 -0500] "GET /galeria/galeria/jquery.fancybox.css?v=2.1.5 HTTP/1.1" 200 4895
186.84.131.37 - - [06/Jan/2021:01:09:29 -0500] "GET /BLA/boletinlegal/js/jquery.scrollShow.js HTTP/1.1" 200 4586
186.84.131.37 - - [06/Jan/2021:01:09:29 -0500] "GET /galeria/galeria/jquery.fancybox.js?v=2.1.5 HTTP/1.1" 200 48706
186.84.90.60 - - [06/Jan/2021:01:09:32 -0500] "-" 408 -
186.84.131.37 - - [06/Jan/2021:01:09:35 -0500] "GET /BLA/boletinlegal/js/jquery.scrollShow.js HTTP/1.1" 304 -
186.84.131.37 - - [06/Jan/2021:01:09:35 -0500] "GET /galeria/galeria/jquery.fancybox.js?v=2.1.5 HTTP/1.1" 304 -
186.84.131.37 - - [06/Jan/2021:01:09:35 -0500] "GET /galeria/galeria/jquery.fancybox.css?v=2.1.5 HTTP/1.1" 304 -
186.84.90.60 - - [06/Jan/2021:01:09:43 -0500] "-" 408 -
186.84.90.60 - - [06/Jan/2021:01:09:53 -0500] "-" 408 -
186.84.90.60 - - [06/Jan/2021:01:09:53 -0500] "-" 408 -
186.84.90.60 - - [06/Jan/2021:01:10:03 -0500] "-" 408 -
186.84.90.60 - - [06/Jan/2021:01:10:23 -0500] "-" 408 -
186.84.90.60 - - [06/Jan/2021:01:10:23 -0500] "-" 408 -
192.168.175.225 - - [06/Jan/2021:01:10:29 -0500] "GET / HTTP/1.1" 200 9990
186.84.90.155 - - [06/Jan/2021:01:10:46 -0500] "POST /BLA/boletinlegal/admin/actos/ingresar.php HTTP/1.1" 200 2102
186.84.90.155 - - [06/Jan/2021:01:10:48 -0500] "GET /BLA/boletinlegal/admin/actos/ingresar.php HTTP/1.1" 200 7023
186.84.90.155 - - [06/Jan/2021:01:10:51 -0500] "GET /BLA/boletinlegal/tabla_files/orangebrownie.css HTTP/1.1" 404 1326
186.84.90.155 - - [06/Jan/2021:01:10:51 -0500] "GET /css/global/buttons.css HTTP/1.1" 404 1324
186.84.90.155 - - [06/Jan/2021:01:10:51 -0500] "GET /BLA/boletinlegal/admin/actos/mostrar.php HTTP/1.1" 200 345449
186.84.90.155 - - [06/Jan/2021:01:10:55 -0500] "POST /BLA/boletinlegal/admin/actos/mostrar.php HTTP/1.1" 200 22882
186.84.90.155 - - [06/Jan/2021:01:10:55 -0500] "GET /BLA/boletinlegal/tabla_files/orangebrownie.css HTTP/1.1" 404 1326
186.84.90.155 - - [06/Jan/2021:01:10:55 -0500] "GET /css/global/buttons.css HTTP/1.1" 404 1324
201.245.192.253 - - [06/Jan/2021:01:10:14 -0500] "POST /kwsrmcab/Wsrmcab HTTP/1.1" 200 45675
201.245.192.253 - - [06/Jan/2021:01:10:13 -0500] "POST /kwsrmcab/Wsrmcab HTTP/1.1" 200 46991
186.84.89.158 - - [06/Jan/2021:01:11:10 -0500] "GET /galeria/galeria/jquery.fancybox.css?v=2.1.5 HTTP/1.1" 200 4895
186.84.89.158 - - [06/Jan/2021:01:11:10 -0500] "GET /BLA/boletinlegal/js/jquery.scrollShow.js HTTP/1.1" 200 4586
186.84.89.158 - - [06/Jan/2021:01:11:10 -0500] "GET /galeria/galeria/jquery.fancybox.js?v=2.1.5 HTTP/1.1" 200 48706
201.245.192.253 - - [06/Jan/2021:01:10:58 -0500] "POST /kwsrmcab/Wsrmcab HTTP/1.1" 200 46991
114.119.136.224 - - [06/Jan/2021:01:11:45 -0500] "-" 408 -
157.55.39.3 - - [06/Jan/2021:01:12:38 -0500] "GET /galeria/mapa/humedal2017.jpg HTTP/1.1" 200 644667
69.162.124.227 - - [06/Jan/2021:01:13:34 -0500] "HEAD / HTTP/1.1" 200 -
186.84.90.155 - - [06/Jan/2021:01:14:15 -0500] "POST /BLA/boletinlegal/admin/actos/ingresar.php HTTP/1.1" 200 7116
66.249.66.131 - - [06/Jan/2021:01:14:49 -0500] "-" 408 -
201.245.192.253 - - [06/Jan/2021:01:15:09 -0500] "GET /galeria/nivo-slider/demo/inicio80.html HTTP/1.1" 200 4616
201.245.192.253 - - [06/Jan/2021:01:15:09 -0500] "GET /galeria/nivo-slider/themes/default/default.css HTTP/1.1" 200 1569
201.245.192.253 - - [06/Jan/2021:01:15:09 -0500] "GET /galeria/nivo-slider/themes/pascal/pascal.css HTTP/1.1" 200 2258
201.245.192.253 - - [06/Jan/2021:01:15:09 -0500] "GET /galeria/nivo-slider/themes/orman/orman.css HTTP/1.1" 200 2152
201.245.192.253 - - [06/Jan/2021:01:15:09 -0500] "GET /galeria/nivo-slider/demo/style.css HTTP/1.1" 200 2222
201.245.192.253 - - [06/Jan/2021:01:15:09 -0500] "GET /galeria/nivo-slider/demo/scripts/jquery-1.7.1.min.js HTTP/1.1" 200 93868
201.245.192.253 - - [06/Jan/2021:01:15:09 -0500] "GET /galeria/nivo-slider/nivo-slider.css HTTP/1.1" 200 1507
201.245.192.253 - - [06/Jan/2021:01:15:09 -0500] "GET /galeria/nivo-slider/jquery.nivo.slider.pack.js HTTP/1.1" 200 11561
201.245.192.253 - - [06/Jan/2021:01:15:09 -0500] "GET /galeria/nivo-slider/demo/images/bannerexpansionsemillas.jpg HTTP/1.1" 200 188155
201.245.192.253 - - [06/Jan/2021:01:15:09 -0500] "GET /galeria/nivo-slider/demo/images/bannercaminatasenero2021.jpg HTTP/1.1" 200 120145
201.245.192.253 - - [06/Jan/2021:01:15:09 -0500] "GET /galeria/nivo-slider/demo/images/baneranimalessilvestres.jpg HTTP/1.1" 200 309808
201.245.192.253 - - [06/Jan/2021:01:15:09 -0500] "GET /galeria/nivo-slider/demo/images/bannerclasesweb.jpg HTTP/1.1" 200 180765
201.245.192.253 - - [06/Jan/2021:01:15:09 -0500] "GET /galeria/nivo-slider/demo/images/banner2020acercar.jpg HTTP/1.1" 200 180505
201.245.192.253 - - [06/Jan/2021:01:15:09 -0500] "GET /galeria/nivo-slider/demo/images/bannerincendiosforestales.jpg HTTP/1.1" 200 237511
201.245.192.253 - - [06/Jan/2021:01:15:09 -0500] "GET /galeria/nivo-slider/themes/default/loading.gif HTTP/1.1" 200 1737
201.245.192.253 - - [06/Jan/2021:01:15:09 -0500] "GET /galeria/nivo-slider/demo/images/4Simple_Slider.png HTTP/1.1" 200 11722
201.245.192.253 - - [06/Jan/2021:01:15:09 -0500] "GET /galeria/nivo-slider/demo/images/banneraperturahumedales.jpg HTTP/1.1" 200 91161
201.245.192.253 - - [06/Jan/2021:01:15:09 -0500] "GET /galeria/nivo-slider/demo/images/bannertingua2020.png HTTP/1.1" 200 105392
201.245.192.253 - - [06/Jan/2021:01:15:09 -0500] "GET /galeria/nivo-slider/demo/images/Bannercuidate.jpg HTTP/1.1" 200 75508
201.245.192.253 - - [06/Jan/2021:01:15:09 -0500] "GET /galeria/nivo-slider/demo/images/bannerresiduos.jpg HTTP/1.1" 200 155409
201.245.192.253 - - [06/Jan/2021:01:15:09 -0500] "GET /galeria/nivo-slider/demo/images/bannerbioseguridad.jpg HTTP/1.1" 200 228661
201.245.192.253 - - [06/Jan/2021:01:15:09 -0500] "GET /galeria/nivo-slider/demo/images/Banner%20canales%20virtuales.jpg HTTP/1.1" 200 209438
201.245.192.253 - - [06/Jan/2021:01:15:09 -0500] "GET /galeria/nivo-slider/demo/images/bannerbolsas.jpg HTTP/1.1" 200 283727
201.245.192.253 - - [06/Jan/2021:01:15:09 -0500] "GET /galeria/nivo-slider/themes/default/arrows.png HTTP/1.1" 200 824
201.245.192.253 - - [06/Jan/2021:01:15:09 -0500] "GET /galeria/nivo-slider/themes/default/bullets.png HTTP/1.1" 200 1281
192.168.175.225 - - [06/Jan/2021:01:15:29 -0500] "GET / HTTP/1.1" 200 9990
208.80.194.31 - - [06/Jan/2021:01:15:38 -0500] "GET /galeria/nivo-slider/demo/inicio80.html HTTP/1.0" 200 4616
186.84.90.155 - - [06/Jan/2021:01:16:16 -0500] "POST /BLA/boletinlegal/admin/actos/ingresar.php HTTP/1.1" 200 7116
181.249.174.99 - - [06/Jan/2021:01:18:01 -0500] "-" 408 -
69.162.124.227 - - [06/Jan/2021:01:18:34 -0500] "HEAD / HTTP/1.1" 200 -
186.155.15.81 - - [06/Jan/2021:01:19:22 -0500] "GET /galeria/galeria/jquery.fancybox.css?v=2.1.5 HTTP/1.1" 200 4895
186.155.15.81 - - [06/Jan/2021:01:19:22 -0500] "GET /BLA/boletinlegal/js/jquery.scrollShow.js HTTP/1.1" 200 4586
186.155.15.81 - - [06/Jan/2021:01:19:22 -0500] "GET /galeria/galeria/jquery.fancybox.js?v=2.1.5 HTTP/1.1" 200 48706
186.84.90.155 - - [06/Jan/2021:01:19:31 -0500] "POST /BLA/boletinlegal/admin/actos/ingresar.php HTTP/1.1" 200 7116
190.130.91.5 - - [06/Jan/2021:01:20:02 -0500] "-" 408 -
192.168.175.225 - - [06/Jan/2021:01:20:28 -0500] "GET / HTTP/1.1" 200 9990
66.249.66.159 - - [06/Jan/2021:01:20:47 -0500] "-" 408 -
201.245.192.253 - - [06/Jan/2021:01:20:14 -0500] "POST /kwsrmcab/Wsrmcab HTTP/1.1" 200 45675
186.84.90.155 - - [06/Jan/2021:01:20:57 -0500] "POST /BLA/boletinlegal/admin/actos/ingresar.php HTTP/1.1" 200 7116
201.245.192.253 - - [06/Jan/2021:01:20:56 -0500] "POST /kwsrmcab/Wsrmcab HTTP/1.1" 200 46991
66.249.66.151 - - [06/Jan/2021:01:22:26 -0500] "-" 408 -
186.84.90.155 - - [06/Jan/2021:01:22:37 -0500] "POST /BLA/boletinlegal/admin/actos/ingresar.php HTTP/1.1" 200 7116
69.162.124.227 - - [06/Jan/2021:01:23:34 -0500] "HEAD / HTTP/1.1" 200 -
186.84.90.155 - - [06/Jan/2021:01:23:49 -0500] "POST /BLA/boletinlegal/admin/actos/ingresar.php HTTP/1.1" 200 7116
