!C99Shell v. 1.0 pre-release build #13!

Software: Apache. PHP/5.5.15 

uname -a: Windows NT SVR-DMZ 6.1 build 7600 (Windows Server 2008 R2 Enterprise Edition) i586 

SYSTEM 

Safe-mode: OFF (not secure)

E:\nuevo\apache\logs\   drwxrwxrwx
Free 9.41 GB of 239.26 GB (3.93%)
Detected drives: [ a ] [ c ] [ d ] [ e ] [ f ]
Home    Back    Forward    UPDIR    Refresh    Search    Buffer    Encoder    Tools    Proc.    FTP brute    Sec.    SQL    PHP-code    Update    Feedback    Self remove    Logout    


Viewing file:     access.2021.01.07.log (4.15 MB)      -rw-rw-rw-
Select action/file-type:
(+) | (+) | (+) | Code (+) | Session (+) | (+) | SDB (+) | (+) | (+) | (+) | (+) | (+) |
192.168.175.225 - - [07/Jan/2021:00:00:08 -0500] "GET / HTTP/1.1" 200 9990
186.84.90.155 - - [07/Jan/2021:00:00:19 -0500] "GET /BLA/boletinlegal/tabla_files/orangebrownie.css HTTP/1.1" 404 1326
186.84.90.155 - - [07/Jan/2021:00:00:19 -0500] "GET /css/global/buttons.css HTTP/1.1" 404 1324
186.84.90.155 - - [07/Jan/2021:00:00:19 -0500] "GET /BLA/boletinlegal/admin/actos/mostrar.php HTTP/1.1" 200 345619
186.84.90.155 - - [07/Jan/2021:00:00:23 -0500] "POST /BLA/boletinlegal/admin/actos/mostrar.php HTTP/1.1" 200 10405
186.84.90.155 - - [07/Jan/2021:00:00:23 -0500] "GET /BLA/boletinlegal/tabla_files/orangebrownie.css HTTP/1.1" 404 1326
186.84.90.155 - - [07/Jan/2021:00:00:23 -0500] "GET /css/global/buttons.css HTTP/1.1" 404 1324
186.82.8.139 - - [07/Jan/2021:00:00:24 -0500] "GET /galeria/galeria/jquery.fancybox.css?v=2.1.5 HTTP/1.1" 200 4895
186.82.8.139 - - [07/Jan/2021:00:00:24 -0500] "GET /BLA/boletinlegal/js/jquery.scrollShow.js HTTP/1.1" 200 4586
186.82.8.139 - - [07/Jan/2021:00:00:25 -0500] "GET /galeria/galeria/jquery.fancybox.js?v=2.1.5 HTTP/1.1" 200 48706
201.141.55.29 - - [07/Jan/2021:00:00:46 -0500] "GET /galeria/galeria/jquery.fancybox.css?v=2.1.5 HTTP/1.1" 200 4895
201.141.55.29 - - [07/Jan/2021:00:00:47 -0500] "GET /BLA/boletinlegal/js/jquery.scrollShow.js HTTP/1.1" 200 4586
201.141.55.29 - - [07/Jan/2021:00:00:47 -0500] "GET /galeria/galeria/jquery.fancybox.js?v=2.1.5 HTTP/1.1" 200 48706
189.241.84.8 - - [07/Jan/2021:00:01:06 -0500] "GET /galeria/galeria/jquery.fancybox.js?v=2.1.5 HTTP/1.1" 200 48706
189.241.84.8 - - [07/Jan/2021:00:01:06 -0500] "GET /BLA/boletinlegal/js/jquery.scrollShow.js HTTP/1.1" 200 4586
189.241.84.8 - - [07/Jan/2021:00:01:06 -0500] "GET /galeria/galeria/jquery.fancybox.css?v=2.1.5 HTTP/1.1" 200 4895
189.241.84.8 - - [07/Jan/2021:00:01:16 -0500] "GET /BLA/boletinlegal/js/jquery.scrollShow.js HTTP/1.1" 304 -
189.241.84.8 - - [07/Jan/2021:00:01:16 -0500] "GET /galeria/galeria/jquery.fancybox.css?v=2.1.5 HTTP/1.1" 304 -
189.241.84.8 - - [07/Jan/2021:00:01:16 -0500] "GET /galeria/galeria/jquery.fancybox.js?v=2.1.5 HTTP/1.1" 304 -
186.84.90.155 - - [07/Jan/2021:00:01:48 -0500] "POST /BLA/boletinlegal/admin/actos/ingresar.php HTTP/1.1" 200 7116
69.162.124.227 - - [07/Jan/2021:00:02:53 -0500] "HEAD / HTTP/1.1" 200 -
186.84.90.155 - - [07/Jan/2021:00:02:56 -0500] "POST /BLA/boletinlegal/admin/actos/ingresar.php HTTP/1.1" 200 7116
186.84.90.155 - - [07/Jan/2021:00:03:56 -0500] "POST /BLA/boletinlegal/admin/actos/ingresar.php HTTP/1.1" 200 7116
186.84.90.32 - - [07/Jan/2021:00:04:19 -0500] "GET /galeria/galeria/jquery.fancybox.css?v=2.1.5 HTTP/1.1" 200 4895
186.84.90.32 - - [07/Jan/2021:00:04:19 -0500] "GET /BLA/boletinlegal/js/jquery.scrollShow.js HTTP/1.1" 200 4586
186.84.90.32 - - [07/Jan/2021:00:04:19 -0500] "GET /galeria/galeria/jquery.fancybox.js?v=2.1.5 HTTP/1.1" 200 48706
192.168.175.225 - - [07/Jan/2021:00:05:08 -0500] "GET / HTTP/1.1" 200 9990
66.249.75.12 - - [07/Jan/2021:00:05:09 -0500] "-" 408 -
66.249.72.209 - - [07/Jan/2021:00:05:17 -0500] "-" 408 -
66.249.69.107 - - [07/Jan/2021:00:05:17 -0500] "-" 408 -
186.28.183.43 - - [07/Jan/2021:00:07:12 -0500] "GET /galeria/galeria/jquery.fancybox.css?v=2.1.5 HTTP/1.1" 200 4895
186.28.183.43 - - [07/Jan/2021:00:07:12 -0500] "GET /galeria/galeria/jquery.fancybox.js?v=2.1.5 HTTP/1.1" 200 48706
186.28.183.43 - - [07/Jan/2021:00:07:12 -0500] "GET /BLA/boletinlegal/js/jquery.scrollShow.js HTTP/1.1" 200 4586
186.84.90.155 - - [07/Jan/2021:00:07:23 -0500] "POST /BLA/boletinlegal/admin/actos/ingresar.php HTTP/1.1" 200 7116
186.28.183.43 - - [07/Jan/2021:00:07:32 -0500] "GET /galeria/galeria/jquery.fancybox.js?v=2.1.5 HTTP/1.1" 304 -
186.28.183.43 - - [07/Jan/2021:00:07:32 -0500] "GET /galeria/galeria/jquery.fancybox.css?v=2.1.5 HTTP/1.1" 304 -
186.28.183.43 - - [07/Jan/2021:00:07:32 -0500] "GET /BLA/boletinlegal/js/jquery.scrollShow.js HTTP/1.1" 304 -
69.162.124.227 - - [07/Jan/2021:00:07:53 -0500] "HEAD / HTTP/1.1" 200 -
186.84.90.155 - - [07/Jan/2021:00:09:51 -0500] "GET /BLA/boletinlegal/tabla_files/orangebrownie.css HTTP/1.1" 404 1326
186.84.90.155 - - [07/Jan/2021:00:09:52 -0500] "GET /css/global/buttons.css HTTP/1.1" 404 1324
186.84.90.155 - - [07/Jan/2021:00:09:51 -0500] "GET /BLA/boletinlegal/admin/actos/mostrar.php HTTP/1.1" 200 345619
186.84.90.155 - - [07/Jan/2021:00:09:56 -0500] "POST /BLA/boletinlegal/admin/actos/mostrar.php HTTP/1.1" 200 16253
186.84.90.155 - - [07/Jan/2021:00:09:56 -0500] "GET /BLA/boletinlegal/tabla_files/orangebrownie.css HTTP/1.1" 404 1326
186.84.90.155 - - [07/Jan/2021:00:09:57 -0500] "GET /css/global/buttons.css HTTP/1.1" 404 1324
192.168.175.225 - - [07/Jan/2021:00:10:08 -0500] "GET / HTTP/1.1" 200 9990
186.84.90.155 - - [07/Jan/2021:00:10:49 -0500] "POST /BLA/boletinlegal/admin/actos/ingresar.php HTTP/1.1" 200 7116
201.245.192.253 - - [07/Jan/2021:00:10:09 -0500] "POST /kwsrmcab/Wsrmcab HTTP/1.1" 200 47165
201.245.192.253 - - [07/Jan/2021:00:10:10 -0500] "POST /kwsrmcab/Wsrmcab HTTP/1.1" 200 46157
66.249.75.12 - - [07/Jan/2021:00:11:26 -0500] "-" 408 -
201.245.192.253 - - [07/Jan/2021:00:11:02 -0500] "POST /kwsrmcab/Wsrmcab HTTP/1.1" 200 47165
186.84.90.155 - - [07/Jan/2021:00:12:19 -0500] "POST /BLA/boletinlegal/admin/actos/ingresar.php HTTP/1.1" 200 7116
69.162.124.227 - - [07/Jan/2021:00:12:53 -0500] "HEAD / HTTP/1.1" 200 -
186.84.90.155 - - [07/Jan/2021:00:13:23 -0500] "POST /BLA/boletinlegal/admin/actos/ingresar.php HTTP/1.1" 200 7116
192.168.175.225 - - [07/Jan/2021:00:15:08 -0500] "GET / HTTP/1.1" 200 9990
181.55.205.129 - - [07/Jan/2021:00:15:18 -0500] "GET /favicon.ico HTTP/1.1" 200 7782
186.84.90.155 - - [07/Jan/2021:00:15:20 -0500] "POST /BLA/boletinlegal/admin/actos/ingresar.php HTTP/1.1" 200 7116
157.55.39.225 - - [07/Jan/2021:00:15:55 -0500] "GET /galeria/galeria/fotos/MeandrodelSay4G.jpg HTTP/1.1" 200 371052
120.55.163.90 - - [07/Jan/2021:00:16:10 -0500] "GET /manager/html/ HTTP/1.0" 404 1019
186.84.90.155 - - [07/Jan/2021:00:16:32 -0500] "POST /BLA/boletinlegal/admin/actos/ingresar.php HTTP/1.1" 200 7116
66.249.75.12 - - [07/Jan/2021:00:17:33 -0500] "-" 408 -
69.162.124.227 - - [07/Jan/2021:00:17:53 -0500] "HEAD / HTTP/1.1" 200 -
45.238.182.215 - - [07/Jan/2021:00:17:59 -0500] "GET /galeria/galeria/jquery.fancybox.js?v=2.1.5 HTTP/1.1" 200 48706
45.238.182.215 - - [07/Jan/2021:00:17:59 -0500] "GET /galeria/galeria/jquery.fancybox.css?v=2.1.5 HTTP/1.1" 200 4895
186.84.90.155 - - [07/Jan/2021:00:18:18 -0500] "POST /BLA/boletinlegal/admin/actos/ingresar.php HTTP/1.1" 200 7116
186.84.90.155 - - [07/Jan/2021:00:19:19 -0500] "POST /BLA/boletinlegal/admin/actos/ingresar.php HTTP/1.1" 200 7116
157.55.39.225 - - [07/Jan/2021:00:19:26 -0500] "-" 408 -
192.168.175.225 - - [07/Jan/2021:00:20:08 -0500] "GET / HTTP/1.1" 200 9990
201.245.192.253 - - [07/Jan/2021:00:20:10 -0500] "POST /kwsrmcab/Wsrmcab HTTP/1.1" 200 46157
186.84.90.155 - - [07/Jan/2021:00:21:14 -0500] "POST /BLA/boletinlegal/admin/actos/ingresar.php HTTP/1.1" 200 7116
201.245.192.253 - - [07/Jan/2021:00:20:59 -0500] "POST /kwsrmcab/Wsrmcab HTTP/1.1" 200 47165
69.162.124.227 - - [07/Jan/2021:00:22:53 -0500] "HEAD / HTTP/1.1" 200 -
186.84.90.155 - - [07/Jan/2021:00:22:55 -0500] "POST /BLA/boletinlegal/admin/actos/ingresar.php HTTP/1.1" 200 7116
191.75.235.252 - - [07/Jan/2021:00:23:35 -0500] "GET /galeria/galeria/jquery.fancybox.js?v=2.1.5 HTTP/1.1" 200 48706
191.75.235.252 - - [07/Jan/2021:00:23:36 -0500] "GET /galeria/galeria/jquery.fancybox.css?v=2.1.5 HTTP/1.1" 200 4895
191.75.235.252 - - [07/Jan/2021:00:23:36 -0500] "GET /BLA/boletinlegal/js/jquery.scrollShow.js HTTP/1.1" 200 4586
191.75.235.252 - - [07/Jan/2021:00:23:39 -0500] "GET /BLA/boletinlegal/js/jquery.scrollShow.js HTTP/1.1" 304 -
191.75.235.252 - - [07/Jan/2021:00:23:39 -0500] "GET /galeria/galeria/jquery.fancybox.css?v=2.1.5 HTTP/1.1" 304 -
191.75.235.252 - - [07/Jan/2021:00:23:39 -0500] "GET /galeria/galeria/jquery.fancybox.js?v=2.1.5 HTTP/1.1" 304 -
186.84.90.155 - - [07/Jan/2021:00:23:45 -0500] "POST /BLA/boletinlegal/admin/actos/ingresar.php HTTP/1.1" 200 7116
186.155.204.46 - - [07/Jan/2021:00:23:48 -0500] "GET /BLA/boletinlegal/js/jquery.scrollShow.js HTTP/1.1" 200 4586
186.155.204.46 - - [07/Jan/2021:00:23:48 -0500] "GET /galeria/galeria/jquery.fancybox.js?v=2.1.5 HTTP/1.1" 200 48706
186.155.204.46 - - [07/Jan/2021:00:23:48 -0500] "GET /galeria/galeria/jquery.fancybox.css?v=2.1.5 HTTP/1.1" 200 4895
186.155.204.46 - - [07/Jan/2021:00:23:48 -0500] "GET /galeria/carrusel/Carrusel/jquery.thumbnailScroller.css HTTP/1.1" 200 2066
186.155.204.46 - - [07/Jan/2021:00:23:48 -0500] "GET /galeria/carrusel/Carrusel/jquery-ui-1.8.13.custom.min.js HTTP/1.1" 200 10800
186.155.204.46 - - [07/Jan/2021:00:23:48 -0500] "GET /galeria/carrusel/Carrusel/jquery.thumbnailScroller.js HTTP/1.1" 200 8157
128.14.134.134 - - [07/Jan/2021:00:23:49 -0500] "GET / HTTP/1.1" 200 9990
3.236.105.24 - - [07/Jan/2021:00:23:50 -0500] "GET /.env HTTP/1.1" 404 1018
3.236.105.24 - - [07/Jan/2021:00:23:51 -0500] "POST / HTTP/1.1" 200 9990
186.155.204.46 - - [07/Jan/2021:00:23:51 -0500] "GET /galeria/nivo-slider/demo/inicio80.html HTTP/1.1" 200 4616
186.155.204.46 - - [07/Jan/2021:00:23:51 -0500] "GET /galeria/nivo-slider/themes/default/default.css HTTP/1.1" 200 1569
186.155.204.46 - - [07/Jan/2021:00:23:51 -0500] "GET /galeria/nivo-slider/themes/pascal/pascal.css HTTP/1.1" 200 2258
186.155.204.46 - - [07/Jan/2021:00:23:51 -0500] "GET /galeria/nivo-slider/themes/orman/orman.css HTTP/1.1" 200 2152
186.155.204.46 - - [07/Jan/2021:00:23:51 -0500] "GET /galeria/nivo-slider/nivo-slider.css HTTP/1.1" 200 1507
186.155.204.46 - - [07/Jan/2021:00:23:51 -0500] "GET /galeria/nivo-slider/demo/style.css HTTP/1.1" 200 2222
186.155.204.46 - - [07/Jan/2021:00:23:51 -0500] "GET /galeria/nivo-slider/demo/scripts/jquery-1.7.1.min.js HTTP/1.1" 200 93868
186.155.204.46 - - [07/Jan/2021:00:23:51 -0500] "GET /galeria/nivo-slider/jquery.nivo.slider.pack.js HTTP/1.1" 200 11561
186.155.204.46 - - [07/Jan/2021:00:23:51 -0500] "GET /galeria/nivo-slider/demo/images/bannerexpansionsemillas.jpg HTTP/1.1" 200 188155
186.155.204.46 - - [07/Jan/2021:00:23:51 -0500] "GET /galeria/nivo-slider/demo/images/baneranimalessilvestres.jpg HTTP/1.1" 200 309808
186.155.204.46 - - [07/Jan/2021:00:23:51 -0500] "GET /galeria/nivo-slider/demo/images/bannercaminatasenero2021.jpg HTTP/1.1" 200 120145
186.155.204.46 - - [07/Jan/2021:00:23:51 -0500] "GET /galeria/nivo-slider/demo/images/bannerclasesweb.jpg HTTP/1.1" 200 180765
186.155.204.46 - - [07/Jan/2021:00:23:51 -0500] "GET /galeria/nivo-slider/demo/images/banneraperturahumedales.jpg HTTP/1.1" 200 91161
186.155.204.46 - - [07/Jan/2021:00:23:51 -0500] "GET /galeria/nivo-slider/demo/images/banner2020acercar.jpg HTTP/1.1" 200 180505
186.155.204.46 - - [07/Jan/2021:00:23:51 -0500] "GET /galeria/nivo-slider/demo/images/bannerincendiosforestales.jpg HTTP/1.1" 200 237511
186.155.204.46 - - [07/Jan/2021:00:23:51 -0500] "GET /galeria/nivo-slider/demo/images/bannertingua2020.png HTTP/1.1" 200 105392
186.155.204.46 - - [07/Jan/2021:00:23:51 -0500] "GET /galeria/nivo-slider/demo/images/Bannercuidate.jpg HTTP/1.1" 200 75508
186.155.204.46 - - [07/Jan/2021:00:23:51 -0500] "GET /galeria/nivo-slider/demo/images/bannerresiduos.jpg HTTP/1.1" 200 155409
186.155.204.46 - - [07/Jan/2021:00:23:51 -0500] "GET /galeria/nivo-slider/demo/images/bannerbioseguridad.jpg HTTP/1.1" 200 228661
186.155.204.46 - - [07/Jan/2021:00:23:51 -0500] "GET /galeria/nivo-slider/demo/images/bannerbolsas.jpg HTTP/1.1" 200 283727
186.155.204.46 - - [07/Jan/2021:00:23:51 -0500] "GET /galeria/nivo-slider/demo/images/Banner%20canales%20virtuales.jpg HTTP/1.1" 200 209438
186.155.204.46 - - [07/Jan/2021:00:23:51 -0500] "GET /galeria/nivo-slider/demo/images/4Simple_Slider.png HTTP/1.1" 200 11722
186.155.204.46 - - [07/Jan/2021:00:23:51 -0500] "GET /galeria/nivo-slider/themes/default/loading.gif HTTP/1.1" 200 1737
186.155.204.46 - - [07/Jan/2021:00:23:52 -0500] "GET /galeria/nivo-slider/themes/default/arrows.png HTTP/1.1" 200 824
186.155.204.46 - - [07/Jan/2021:00:23:52 -0500] "GET /galeria/nivo-slider/themes/default/bullets.png HTTP/1.1" 200 1281
45.188.166.238 - - [07/Jan/2021:00:25:05 -0500] "GET /Residuos/textiles/files/guia_textiles.pdf HTTP/1.1" 200 12356716
45.188.166.238 - - [07/Jan/2021:00:25:08 -0500] "GET /favicon.ico HTTP/1.1" 200 7782
192.168.175.225 - - [07/Jan/2021:00:25:08 -0500] "GET / HTTP/1.1" 200 9990
66.249.75.12 - - [07/Jan/2021:00:25:20 -0500] "-" 408 -
186.84.90.155 - - [07/Jan/2021:00:26:07 -0500] "POST /BLA/boletinlegal/admin/actos/ingresar.php HTTP/1.1" 200 7116
186.84.90.155 - - [07/Jan/2021:00:26:56 -0500] "POST /BLA/boletinlegal/admin/actos/ingresar.php HTTP/1.1" 200 7116
181.61.208.148 - - [07/Jan/2021:00:27:51 -0500] "GET /galeria/galeria/jquery.fancybox.js?v=2.1.5 HTTP/1.1" 200 48706
181.61.208.148 - - [07/Jan/2021:00:27:51 -0500] "GET /galeria/galeria/jquery.fancybox.css?v=2.1.5 HTTP/1.1" 200 4895
181.61.208.148 - - [07/Jan/2021:00:27:51 -0500] "GET /BLA/boletinlegal/js/jquery.scrollShow.js HTTP/1.1" 200 4586
69.162.124.227 - - [07/Jan/2021:00:27:53 -0500] "HEAD / HTTP/1.1" 200 -
157.55.39.113 - - [07/Jan/2021:00:27:55 -0500] "GET /Anexos%20estudio%20Organizacional%20SDA/ANEXO%20No.%201-%20NORMAS%20LEGALES%20DE%20ESTRUCTURA%20Y%20PLANTA/Decreto%20175%20de%202009_files/arrowl.png HTTP/1.1" 200 423
181.61.208.148 - - [07/Jan/2021:00:27:56 -0500] "GET /BLA/boletinlegal/js/jquery.scrollShow.js HTTP/1.1" 304 -
181.61.208.148 - - [07/Jan/2021:00:27:56 -0500] "GET /galeria/galeria/jquery.fancybox.js?v=2.1.5 HTTP/1.1" 304 -
181.61.208.148 - - [07/Jan/2021:00:27:56 -0500] "GET /galeria/galeria/jquery.fancybox.css?v=2.1.5 HTTP/1.1" 304 -
181.61.208.148 - - [07/Jan/2021:00:27:59 -0500] "GET /BLA/boletinlegal/js/jquery.scrollShow.js HTTP/1.1" 304 -
181.61.208.148 - - [07/Jan/2021:00:27:59 -0500] "GET /galeria/galeria/jquery.fancybox.js?v=2.1.5 HTTP/1.1" 304 -
181.61.208.148 - - [07/Jan/2021:00:27:59 -0500] "GET /galeria/galeria/jquery.fancybox.css?v=2.1.5 HTTP/1.1" 304 -
35.202.2.1 - - [07/Jan/2021:00:28:22 -0500] "-" 408 -
186.84.90.155 - - [07/Jan/2021:00:28:29 -0500] "POST /BLA/boletinlegal/admin/actos/ingresar.php HTTP/1.1" 200 7116
80.82.65.80 - - [07/Jan/2021:00:29:02 -0500] "HEAD / HTTP/1.0" 200 -
186.84.90.155 - - [07/Jan/2021:00:29:41 -0500] "POST /BLA/boletinlegal/admin/actos/ingresar.php HTTP/1.1" 200 7116
192.168.175.225 - - [07/Jan/2021:00:30:08 -0500] "GET / HTTP/1.1" 200 9990
114.119.131.254 - - [07/Jan/2021:00:30:10 -0500] "-" 408 -
13.66.139.144 - - [07/Jan/2021:00:30:45 -0500] "GET /galeria/galeria/fotos/Jaboque4G.jpg HTTP/1.1" 200 295106
186.84.90.155 - - [07/Jan/2021:00:30:54 -0500] "POST /BLA/boletinlegal/admin/actos/ingresar.php HTTP/1.1" 200 7116
201.245.192.253 - - [07/Jan/2021:00:30:10 -0500] "POST /kwsrmcab/Wsrmcab HTTP/1.1" 200 46157
201.245.192.253 - - [07/Jan/2021:00:31:01 -0500] "POST /kwsrmcab/Wsrmcab HTTP/1.1" 200 47165
66.249.75.12 - - [07/Jan/2021:00:32:19 -0500] "-" 408 -
186.84.90.155 - - [07/Jan/2021:00:32:24 -0500] "POST /BLA/boletinlegal/admin/actos/ingresar.php HTTP/1.1" 200 7116
18.217.83.201 - - [07/Jan/2021:00:32:51 -0500] "POST /webdav/x32.php HTTP/1.1" 404 1018
69.162.124.227 - - [07/Jan/2021:00:32:53 -0500] "HEAD / HTTP/1.1" 200 -
216.244.66.197 - - [07/Jan/2021:00:34:23 -0500] "-" 408 -
192.168.175.225 - - [07/Jan/2021:00:35:07 -0500] "GET / HTTP/1.1" 200 9990
186.113.126.129 - - [07/Jan/2021:00:35:07 -0500] "GET /galeria/galeria/jquery.fancybox.css?v=2.1.5 HTTP/1.1" 200 4895
186.113.126.129 - - [07/Jan/2021:00:35:07 -0500] "GET /BLA/boletinlegal/js/jquery.scrollShow.js HTTP/1.1" 200 4586
186.113.126.129 - - [07/Jan/2021:00:35:07 -0500] "GET /galeria/galeria/jquery.fancybox.js?v=2.1.5 HTTP/1.1" 200 48706
186.113.10.143 - - [07/Jan/2021:00:37:05 -0500] "GET /galeria/nivo-slider/demo/images/Banner%20canales%20virtuales.jpg HTTP/1.1" 304 -
69.162.124.227 - - [07/Jan/2021:00:37:53 -0500] "HEAD / HTTP/1.1" 200 -
40.77.167.45 - - [07/Jan/2021:00:37:57 -0500] "GET /BLA/resoluciones/RESOLUCIONES%202011/6971.pdf HTTP/1.1" 304 -
186.84.90.155 - - [07/Jan/2021:00:38:10 -0500] "GET /BLA/resoluciones/index.php?dir= HTTP/1.1" 200 12275
66.249.75.12 - - [07/Jan/2021:00:38:40 -0500] "-" 408 -
18.217.83.201 - - [07/Jan/2021:00:38:51 -0500] "POST /webdav/x32.php HTTP/1.1" 404 1018
157.55.39.225 - - [07/Jan/2021:00:39:48 -0500] "-" 408 -
192.168.175.225 - - [07/Jan/2021:00:40:07 -0500] "GET / HTTP/1.1" 200 9990
66.249.72.49 - - [07/Jan/2021:00:40:53 -0500] "-" 408 -
186.84.90.155 - - [07/Jan/2021:00:41:04 -0500] "GET /BLA/resoluciones/index.php?dir=RESOLUCIONES+1996%2F HTTP/1.1" 200 5916
187.252.203.40 - - [07/Jan/2021:00:41:07 -0500] "GET /BLA/boletinlegal/js/jquery.scrollShow.js HTTP/1.1" 200 4586
187.252.203.40 - - [07/Jan/2021:00:41:07 -0500] "GET /galeria/galeria/jquery.fancybox.css?v=2.1.5 HTTP/1.1" 200 4895
187.252.203.40 - - [07/Jan/2021:00:41:07 -0500] "GET /galeria/galeria/jquery.fancybox.js?v=2.1.5 HTTP/1.1" 200 48706
186.84.90.155 - - [07/Jan/2021:00:41:16 -0500] "GET /BLA/resoluciones/RESOLUCIONES%201996/RESOLUCION%2038%20DE%201996.pdf HTTP/1.1" 200 137162
186.84.90.155 - - [07/Jan/2021:00:41:18 -0500] "GET /BLA/resoluciones/RESOLUCIONES%201996/RESOLUCION%2039%20DE%201996.pdf HTTP/1.1" 200 131787
187.252.203.40 - - [07/Jan/2021:00:41:19 -0500] "GET /BLA/boletinlegal/js/jquery.scrollShow.js HTTP/1.1" 304 -
187.252.203.40 - - [07/Jan/2021:00:41:19 -0500] "GET /galeria/galeria/jquery.fancybox.css?v=2.1.5 HTTP/1.1" 304 -
187.252.203.40 - - [07/Jan/2021:00:41:19 -0500] "GET /galeria/galeria/jquery.fancybox.js?v=2.1.5 HTTP/1.1" 304 -
186.84.90.155 - - [07/Jan/2021:00:41:20 -0500] "GET /BLA/resoluciones/RESOLUCIONES%201996/RESOLUCION%2040%20DE%201996.pdf HTTP/1.1" 200 131823
186.84.90.155 - - [07/Jan/2021:00:41:22 -0500] "GET /BLA/resoluciones/RESOLUCIONES%201996/RESOLUCION%2052%20DE%201996.pdf HTTP/1.1" 200 67958
186.84.90.155 - - [07/Jan/2021:00:41:24 -0500] "GET /BLA/resoluciones/RESOLUCIONES%201996/RESOLUCION%2081%20DE%201996.pdf HTTP/1.1" 200 247205
186.84.90.155 - - [07/Jan/2021:00:41:25 -0500] "GET /BLA/resoluciones/RESOLUCIONES%201996/RESOLUCION%2086%20DE%201996.pdf HTTP/1.1" 200 77889
186.84.90.155 - - [07/Jan/2021:00:41:28 -0500] "GET /BLA/resoluciones/RESOLUCIONES%201996/RESOLUCION%2087%20DE%201996.pdf HTTP/1.1" 200 32533
186.84.90.155 - - [07/Jan/2021:00:41:29 -0500] "GET /BLA/resoluciones/RESOLUCIONES%201996/RESOLUCION%2090%20DE%201996.pdf HTTP/1.1" 200 62058
186.84.90.155 - - [07/Jan/2021:00:41:31 -0500] "GET /BLA/resoluciones/RESOLUCIONES%201996/RESOLUCION%2091%20DE%201996.pdf HTTP/1.1" 200 58249
186.84.90.155 - - [07/Jan/2021:00:41:32 -0500] "GET /BLA/resoluciones/RESOLUCIONES%201996/RESOLUCION%2094%20DE%201996.pdf HTTP/1.1" 200 142519
186.84.90.155 - - [07/Jan/2021:00:41:34 -0500] "GET /BLA/resoluciones/RESOLUCIONES%201996/RESOLUCION%20160%20DE%201996.pdf HTTP/1.1" 200 246548
186.84.90.155 - - [07/Jan/2021:00:41:37 -0500] "GET /BLA/resoluciones/RESOLUCIONES%201996/RESOLUCION%20313%20DE%201996.pdf HTTP/1.1" 200 207199
186.84.90.155 - - [07/Jan/2021:00:41:38 -0500] "GET /BLA/resoluciones/RESOLUCIONES%201996/RESOLUCION%20345%20DE%201996.pdf HTTP/1.1" 200 38476
186.84.90.155 - - [07/Jan/2021:00:41:43 -0500] "GET /BLA/resoluciones/RESOLUCIONES%201996/RESOLUCION%20441%20DE%201996.pdf HTTP/1.1" 200 57375
186.84.90.155 - - [07/Jan/2021:00:41:47 -0500] "GET /BLA/resoluciones/RESOLUCIONES%201996/RESOLUCION%20443%20DE%201996.pdf HTTP/1.1" 200 82007
186.84.90.155 - - [07/Jan/2021:00:41:47 -0500] "GET /BLA/resoluciones/RESOLUCIONES%201996/RESOLUCION%20444%20DE%201996.pdf HTTP/1.1" 200 280567
18.217.83.201 - - [07/Jan/2021:00:41:51 -0500] "POST /webdav/x32.php HTTP/1.1" 404 1018
186.84.90.155 - - [07/Jan/2021:00:41:52 -0500] "GET /BLA/resoluciones/RESOLUCIONES%201996/RESOLUCION%20491%20DE%201996.pdf HTTP/1.1" 200 206196
186.84.90.155 - - [07/Jan/2021:00:41:55 -0500] "GET /BLA/resoluciones/RESOLUCIONES%201996/RESOLUCION%20527%20DE%201996.pdf HTTP/1.1" 200 83727
69.162.124.227 - - [07/Jan/2021:00:42:53 -0500] "HEAD / HTTP/1.1" 200 -
181.132.37.71 - - [07/Jan/2021:00:44:15 -0500] "GET /galeria/galeria/jquery.fancybox.css?v=2.1.5 HTTP/1.1" 200 4895
181.132.37.71 - - [07/Jan/2021:00:44:15 -0500] "GET /BLA/boletinlegal/js/jquery.scrollShow.js HTTP/1.1" 200 4586
181.132.37.71 - - [07/Jan/2021:00:44:15 -0500] "GET /galeria/galeria/jquery.fancybox.js?v=2.1.5 HTTP/1.1" 200 48706
40.94.27.42 - - [07/Jan/2021:00:44:21 -0500] "GET /galeria/galeria/jquery.fancybox.css?v=2.1.5 HTTP/1.1" 200 4895
40.94.27.52 - - [07/Jan/2021:00:44:21 -0500] "GET /BLA/boletinlegal/js/jquery.scrollShow.js HTTP/1.1" 200 4586
40.94.27.100 - - [07/Jan/2021:00:44:21 -0500] "GET /galeria/galeria/jquery.fancybox.js?v=2.1.5 HTTP/1.1" 200 48706
40.94.27.100 - - [07/Jan/2021:00:44:22 -0500] "GET /galeria/carrusel/Carrusel/jquery.thumbnailScroller.css HTTP/1.1" 200 2066
40.94.27.100 - - [07/Jan/2021:00:44:22 -0500] "GET /galeria/carrusel/Carrusel/jquery-ui-1.8.13.custom.min.js HTTP/1.1" 200 10800
40.94.27.52 - - [07/Jan/2021:00:44:22 -0500] "GET /galeria/carrusel/Carrusel/jquery.thumbnailScroller.js HTTP/1.1" 200 8157
40.94.27.52 - - [07/Jan/2021:00:44:23 -0500] "GET /galeria/nivo-slider/demo/inicio80.html HTTP/1.1" 200 4616
40.94.27.100 - - [07/Jan/2021:00:44:25 -0500] "GET /galeria/nivo-slider/themes/pascal/pascal.css HTTP/1.1" 200 2258
40.94.27.52 - - [07/Jan/2021:00:44:25 -0500] "GET /galeria/nivo-slider/themes/default/default.css HTTP/1.1" 200 1569
40.94.27.42 - - [07/Jan/2021:00:44:25 -0500] "GET /galeria/nivo-slider/themes/orman/orman.css HTTP/1.1" 200 2152
40.94.27.98 - - [07/Jan/2021:00:44:25 -0500] "GET /galeria/nivo-slider/nivo-slider.css HTTP/1.1" 200 1507
40.94.27.66 - - [07/Jan/2021:00:44:25 -0500] "GET /galeria/nivo-slider/demo/style.css HTTP/1.1" 200 2222
40.94.27.83 - - [07/Jan/2021:00:44:25 -0500] "GET /galeria/nivo-slider/demo/scripts/jquery-1.7.1.min.js HTTP/1.1" 200 93868
40.94.27.100 - - [07/Jan/2021:00:44:25 -0500] "GET /galeria/nivo-slider/jquery.nivo.slider.pack.js HTTP/1.1" 200 11561
40.94.27.52 - - [07/Jan/2021:00:44:25 -0500] "GET /galeria/nivo-slider/demo/images/bannerexpansionsemillas.jpg HTTP/1.1" 200 188155
40.94.27.42 - - [07/Jan/2021:00:44:25 -0500] "GET /galeria/nivo-slider/demo/images/bannercaminatasenero2021.jpg HTTP/1.1" 200 120145
40.94.27.42 - - [07/Jan/2021:00:44:25 -0500] "GET /galeria/nivo-slider/demo/images/baneranimalessilvestres.jpg HTTP/1.1" 200 309808
40.94.27.52 - - [07/Jan/2021:00:44:25 -0500] "GET /galeria/nivo-slider/demo/images/bannerclasesweb.jpg HTTP/1.1" 200 180765
40.94.27.83 - - [07/Jan/2021:00:44:25 -0500] "GET /galeria/nivo-slider/demo/images/banner2020acercar.jpg HTTP/1.1" 200 180505
40.94.27.100 - - [07/Jan/2021:00:44:26 -0500] "GET /galeria/nivo-slider/demo/images/bannerincendiosforestales.jpg HTTP/1.1" 200 237511
40.94.27.98 - - [07/Jan/2021:00:44:26 -0500] "GET /galeria/nivo-slider/demo/images/banneraperturahumedales.jpg HTTP/1.1" 200 91161
40.94.27.66 - - [07/Jan/2021:00:44:26 -0500] "GET /galeria/nivo-slider/demo/images/bannertingua2020.png HTTP/1.1" 200 105392
40.94.27.83 - - [07/Jan/2021:00:44:26 -0500] "GET /galeria/nivo-slider/demo/images/Bannercuidate.jpg HTTP/1.1" 200 75508
40.94.27.52 - - [07/Jan/2021:00:44:26 -0500] "GET /galeria/nivo-slider/demo/images/bannerresiduos.jpg HTTP/1.1" 200 155409
40.94.27.42 - - [07/Jan/2021:00:44:26 -0500] "GET /galeria/nivo-slider/demo/images/bannerbioseguridad.jpg HTTP/1.1" 200 228661
40.94.27.3 - - [07/Jan/2021:00:44:27 -0500] "GET /galeria/nivo-slider/demo/images/4Simple_Slider.png HTTP/1.1" 200 11722
40.94.27.95 - - [07/Jan/2021:00:44:27 -0500] "GET /galeria/nivo-slider/demo/images/Banner%20canales%20virtuales.jpg HTTP/1.1" 200 209438
40.94.27.100 - - [07/Jan/2021:00:44:27 -0500] "GET /galeria/nivo-slider/demo/images/bannerbolsas.jpg HTTP/1.1" 200 283727
40.94.27.3 - - [07/Jan/2021:00:44:27 -0500] "GET /galeria/nivo-slider/themes/default/loading.gif HTTP/1.1" 200 1737
66.249.75.12 - - [07/Jan/2021:00:44:51 -0500] "-" 408 -
186.113.10.143 - - [07/Jan/2021:00:44:52 -0500] "GET /galeria/nivo-slider/demo/images/bannercovid.jpg HTTP/1.1" 304 -
18.217.83.201 - - [07/Jan/2021:00:44:51 -0500] "POST /webdav/x32.php HTTP/1.1" 404 1018
192.168.175.225 - - [07/Jan/2021:00:45:07 -0500] "GET / HTTP/1.1" 200 9990
186.84.90.155 - - [07/Jan/2021:00:45:28 -0500] "POST /BLA/boletinlegal/admin/actos/ingresar.php HTTP/1.1" 200 7116
66.249.72.209 - - [07/Jan/2021:00:45:32 -0500] "-" 408 -
40.77.167.45 - - [07/Jan/2021:00:45:59 -0500] "GET /galeria/galeria/fotos/Jaboque2G.jpg HTTP/1.1" 200 322400
186.84.90.155 - - [07/Jan/2021:00:46:42 -0500] "POST /BLA/boletinlegal/admin/actos/ingresar.php HTTP/1.1" 200 7116
190.27.165.5 - - [07/Jan/2021:00:46:55 -0500] "GET /BLA/boletinlegal/js/jquery.scrollShow.js HTTP/1.1" 200 4586
190.27.165.5 - - [07/Jan/2021:00:46:55 -0500] "GET /galeria/galeria/jquery.fancybox.js?v=2.1.5 HTTP/1.1" 200 48706
190.27.165.5 - - [07/Jan/2021:00:46:55 -0500] "GET /galeria/galeria/jquery.fancybox.css?v=2.1.5 HTTP/1.1" 200 4895
186.84.90.155 - - [07/Jan/2021:00:47:36 -0500] "POST /BLA/boletinlegal/admin/actos/ingresar.php HTTP/1.1" 200 7116
69.162.124.227 - - [07/Jan/2021:00:47:53 -0500] "HEAD / HTTP/1.1" 200 -
186.84.21.10 - - [07/Jan/2021:00:48:30 -0500] "GET /sipse/faces/faces/index.xhtml HTTP/1.1" 200 677
186.84.21.10 - - [07/Jan/2021:00:48:32 -0500] "GET /sipse/faces/javax.faces.resource/theme.css?ln=primefaces-sipse HTTP/1.1" 304 -
186.84.21.10 - - [07/Jan/2021:00:48:32 -0500] "GET /sipse/faces/faces/faces/autenticacion.xhtml HTTP/1.1" 200 12177
186.84.21.10 - - [07/Jan/2021:00:48:33 -0500] "GET /sipse/js/disable_browser_buttons.js HTTP/1.1" 200 3230
186.84.21.10 - - [07/Jan/2021:00:48:33 -0500] "GET /sipse/js/funciones.js HTTP/1.1" 200 12592
186.84.21.10 - - [07/Jan/2021:00:48:33 -0500] "GET /sipse/css/custom_css_sg.css HTTP/1.1" 200 9694
186.84.21.10 - - [07/Jan/2021:00:48:33 -0500] "GET /sipse/css/custom_css_sg_prime_login.css HTTP/1.1" 200 443
186.84.21.10 - - [07/Jan/2021:00:48:33 -0500] "GET /sipse/faces/javax.faces.resource/primefaces.css?ln=primefaces&v=4.0 HTTP/1.1" 304 -
186.84.21.10 - - [07/Jan/2021:00:48:33 -0500] "GET /sipse/faces/javax.faces.resource/theme.css?ln=primefaces-sipse HTTP/1.1" 304 -
186.84.21.10 - - [07/Jan/2021:00:48:33 -0500] "GET /sipse/faces/javax.faces.resource/layout/layout.css?ln=primefaces&v=4.0 HTTP/1.1" 304 -
186.84.21.10 - - [07/Jan/2021:00:48:33 -0500] "GET /sipse/faces/javax.faces.resource/jquery/jquery.js?ln=primefaces&v=4.0 HTTP/1.1" 304 -
186.84.21.10 - - [07/Jan/2021:00:48:33 -0500] "GET /sipse/faces/javax.faces.resource/primefaces.js?ln=primefaces&v=4.0 HTTP/1.1" 304 -
186.84.21.10 - - [07/Jan/2021:00:48:33 -0500] "GET /sipse/faces/javax.faces.resource/jquery/jquery-plugins.js?ln=primefaces&v=4.0 HTTP/1.1" 304 -
186.84.21.10 - - [07/Jan/2021:00:48:33 -0500] "GET /sipse/faces/javax.faces.resource/layout/layout.js?ln=primefaces&v=4.0 HTTP/1.1" 304 -
186.84.21.10 - - [07/Jan/2021:00:48:33 -0500] "GET /sipse/faces/javax.faces.resource/images/ui-icons_898989_256x240.png?ln=primefaces-aristo HTTP/1.1" 304 -
186.84.21.10 - - [07/Jan/2021:00:48:33 -0500] "GET /sipse/css/imagen/logoSDG.png HTTP/1.1" 200 53064
186.84.21.10 - - [07/Jan/2021:00:48:33 -0500] "GET /sipse/css/imagen/loginimg.png HTTP/1.1" 200 71635
186.84.90.155 - - [07/Jan/2021:00:49:12 -0500] "POST /BLA/boletinlegal/admin/actos/ingresar.php HTTP/1.1" 200 7116
114.119.148.47 - - [07/Jan/2021:00:49:43 -0500] "GET /BLA/resoluciones/RESOLUCIONES%202007/RES%202007%203201%20AL%203300/RESOLUCION%203240%20DE%202007.pdf HTTP/1.1" 200 462623
192.168.175.225 - - [07/Jan/2021:00:50:07 -0500] "GET / HTTP/1.1" 200 9990
186.31.215.255 - - [07/Jan/2021:00:50:51 -0500] "GET /galeria/galeria/jquery.fancybox.css?v=2.1.5 HTTP/1.1" 200 4895
186.31.215.255 - - [07/Jan/2021:00:50:51 -0500] "GET /BLA/boletinlegal/js/jquery.scrollShow.js HTTP/1.1" 200 4586
186.31.215.255 - - [07/Jan/2021:00:50:51 -0500] "GET /galeria/galeria/jquery.fancybox.js?v=2.1.5 HTTP/1.1" 200 48706
186.84.90.155 - - [07/Jan/2021:00:51:02 -0500] "POST /BLA/boletinlegal/admin/actos/ingresar.php HTTP/1.1" 200 7116
66.249.72.209 - - [07/Jan/2021:00:51:35 -0500] "-" 408 -
66.249.75.12 - - [07/Jan/2021:00:51:43 -0500] "-" 408 -
186.84.90.155 - - [07/Jan/2021:00:51:51 -0500] "POST /BLA/boletinlegal/admin/actos/ingresar.php HTTP/1.1" 200 7116
186.84.90.155 - - [07/Jan/2021:00:52:49 -0500] "POST /BLA/boletinlegal/admin/actos/ingresar.php HTTP/1.1" 200 7116
69.162.124.227 - - [07/Jan/2021:00:52:53 -0500] "HEAD / HTTP/1.1" 200 -
157.55.39.32 - - [07/Jan/2021:00:53:01 -0500] "-" 408 -
186.84.90.155 - - [07/Jan/2021:00:53:40 -0500] "POST /BLA/boletinlegal/admin/actos/ingresar.php HTTP/1.1" 200 7116
207.46.13.115 - - [07/Jan/2021:00:54:54 -0500] "GET /BLA/boletinlegal/Circulares/2012/Circular%20No.%208%20del%2021%20de%20Agosto%20de%202012.pdf HTTP/1.1" 304 -
186.84.90.155 - - [07/Jan/2021:00:55:05 -0500] "POST /BLA/boletinlegal/admin/actos/ingresar.php HTTP/1.1" 200 7116
192.168.175.225 - - [07/Jan/2021:00:55:07 -0500] "GET / HTTP/1.1" 200 9990
186.114.249.227 - - [07/Jan/2021:00:55:19 -0500] "GET /BLA/boletinlegal/js/jquery.scrollShow.js HTTP/1.1" 200 4586
186.114.249.227 - - [07/Jan/2021:00:55:19 -0500] "GET /galeria/galeria/jquery.fancybox.js?v=2.1.5 HTTP/1.1" 200 48706
186.114.249.227 - - [07/Jan/2021:00:55:19 -0500] "GET /galeria/galeria/jquery.fancybox.css?v=2.1.5 HTTP/1.1" 200 4895
186.114.249.227 - - [07/Jan/2021:00:55:19 -0500] "GET /galeria/carrusel/Carrusel/jquery.thumbnailScroller.css HTTP/1.1" 200 2066
186.114.249.227 - - [07/Jan/2021:00:55:20 -0500] "GET /galeria/carrusel/Carrusel/jquery-ui-1.8.13.custom.min.js HTTP/1.1" 200 10800
186.114.249.227 - - [07/Jan/2021:00:55:20 -0500] "GET /galeria/carrusel/Carrusel/jquery.thumbnailScroller.js HTTP/1.1" 200 8157
186.114.249.227 - - [07/Jan/2021:00:55:20 -0500] "GET /galeria/nivo-slider/demo/inicio80.html HTTP/1.1" 200 4616
186.114.249.227 - - [07/Jan/2021:00:55:20 -0500] "GET /galeria/nivo-slider/themes/default/default.css HTTP/1.1" 200 1569
186.114.249.227 - - [07/Jan/2021:00:55:20 -0500] "GET /galeria/nivo-slider/themes/pascal/pascal.css HTTP/1.1" 200 2258
186.114.249.227 - - [07/Jan/2021:00:55:20 -0500] "GET /galeria/nivo-slider/themes/orman/orman.css HTTP/1.1" 200 2152
186.114.249.227 - - [07/Jan/2021:00:55:21 -0500] "GET /galeria/nivo-slider/nivo-slider.css HTTP/1.1" 200 1507
186.114.249.227 - - [07/Jan/2021:00:55:21 -0500] "GET /galeria/nivo-slider/demo/style.css HTTP/1.1" 200 2222
186.114.249.227 - - [07/Jan/2021:00:55:21 -0500] "GET /galeria/nivo-slider/demo/scripts/jquery-1.7.1.min.js HTTP/1.1" 200 93868
186.114.249.227 - - [07/Jan/2021:00:55:21 -0500] "GET /galeria/nivo-slider/jquery.nivo.slider.pack.js HTTP/1.1" 200 11561
186.114.249.227 - - [07/Jan/2021:00:55:21 -0500] "GET /galeria/nivo-slider/demo/images/bannerexpansionsemillas.jpg HTTP/1.1" 200 188155
186.114.249.227 - - [07/Jan/2021:00:55:21 -0500] "GET /galeria/nivo-slider/demo/images/bannercaminatasenero2021.jpg HTTP/1.1" 200 120145
186.114.249.227 - - [07/Jan/2021:00:55:21 -0500] "GET /galeria/nivo-slider/demo/images/banner2020acercar.jpg HTTP/1.1" 200 180505
186.114.249.227 - - [07/Jan/2021:00:55:21 -0500] "GET /galeria/nivo-slider/demo/images/bannerbolsas.jpg HTTP/1.1" 200 283727
186.114.249.227 - - [07/Jan/2021:00:55:21 -0500] "GET /galeria/nivo-slider/demo/images/bannerincendiosforestales.jpg HTTP/1.1" 200 237511
186.114.249.227 - - [07/Jan/2021:00:55:23 -0500] "GET /galeria/nivo-slider/demo/images/bannerbioseguridad.jpg HTTP/1.1" 200 228661
186.114.249.227 - - [07/Jan/2021:00:55:24 -0500] "GET /galeria/nivo-slider/demo/images/banneraperturahumedales.jpg HTTP/1.1" 200 91161
186.114.249.227 - - [07/Jan/2021:00:55:24 -0500] "GET /galeria/nivo-slider/demo/images/baneranimalessilvestres.jpg HTTP/1.1" 200 309808
186.114.249.227 - - [07/Jan/2021:00:55:24 -0500] "GET /galeria/nivo-slider/demo/images/Banner%20canales%20virtuales.jpg HTTP/1.1" 200 209438
186.114.249.227 - - [07/Jan/2021:00:55:24 -0500] "GET /galeria/nivo-slider/demo/images/bannerclasesweb.jpg HTTP/1.1" 200 180765
186.114.249.227 - - [07/Jan/2021:00:55:24 -0500] "GET /galeria/nivo-slider/demo/images/bannertingua2020.png HTTP/1.1" 200 105392
186.114.249.227 - - [07/Jan/2021:00:55:25 -0500] "GET /galeria/nivo-slider/demo/images/bannerresiduos.jpg HTTP/1.1" 200 155409
186.114.249.227 - - [07/Jan/2021:00:55:26 -0500] "GET /galeria/nivo-slider/demo/images/Bannercuidate.jpg HTTP/1.1" 200 75508
186.114.249.227 - - [07/Jan/2021:00:55:26 -0500] "GET /galeria/nivo-slider/themes/default/loading.gif HTTP/1.1" 200 1737
186.114.249.227 - - [07/Jan/2021:00:55:26 -0500] "GET /galeria/nivo-slider/demo/images/4Simple_Slider.png HTTP/1.1" 200 11722
186.113.10.143 - - [07/Jan/2021:00:55:27 -0500] "GET /siipev/Diseno%20de%20Elementos%20de%20Mobiliario%20Urbano/Otros%20Elementos/Infografia/Parte2/M-61.png HTTP/1.1" 304 -
186.84.90.155 - - [07/Jan/2021:00:56:02 -0500] "POST /BLA/boletinlegal/admin/actos/ingresar.php HTTP/1.1" 200 7116
18.217.83.201 - - [07/Jan/2021:00:56:51 -0500] "POST /webdav/x32.php HTTP/1.1" 404 1018
186.84.90.155 - - [07/Jan/2021:00:57:25 -0500] "POST /BLA/boletinlegal/admin/actos/ingresar.php HTTP/1.1" 200 7116
69.162.124.227 - - [07/Jan/2021:00:57:53 -0500] "HEAD / HTTP/1.1" 200 -
66.249.75.12 - - [07/Jan/2021:00:57:54 -0500] "-" 408 -
186.155.157.95 - - [07/Jan/2021:00:58:17 -0500] "GET /galeria/galeria/jquery.fancybox.css?v=2.1.5 HTTP/1.1" 200 4895
186.155.157.95 - - [07/Jan/2021:00:58:17 -0500] "GET /BLA/boletinlegal/js/jquery.scrollShow.js HTTP/1.1" 200 4586
186.155.157.95 - - [07/Jan/2021:00:58:17 -0500] "GET /galeria/galeria/jquery.fancybox.js?v=2.1.5 HTTP/1.1" 200 48706
186.84.90.155 - - [07/Jan/2021:00:59:33 -0500] "POST /BLA/boletinlegal/admin/actos/ingresar.php HTTP/1.1" 200 7116
192.168.175.225 - - [07/Jan/2021:01:00:07 -0500] "GET / HTTP/1.1" 200 9990
66.249.72.209 - - [07/Jan/2021:01:00:19 -0500] "-" 408 -
186.84.90.155 - - [07/Jan/2021:01:01:19 -0500] "POST /BLA/boletinlegal/admin/actos/ingresar.php HTTP/1.1" 200 7116
77.88.5.167 - - [07/Jan/2021:01:02:02 -0500] "-" 408 -
186.84.90.155 - - [07/Jan/2021:01:02:10 -0500] "POST /BLA/boletinlegal/admin/actos/ingresar.php HTTP/1.1" 200 7116
18.217.83.201 - - [07/Jan/2021:01:02:51 -0500] "POST /webdav/x32.php HTTP/1.1" 404 1018
69.162.124.227 - - [07/Jan/2021:01:02:53 -0500] "HEAD / HTTP/1.1" 200 -
186.84.90.155 - - [07/Jan/2021:01:03:22 -0500] "POST /BLA/boletinlegal/admin/actos/ingresar.php HTTP/1.1" 200 7116
66.249.75.12 - - [07/Jan/2021:01:03:47 -0500] "-" 408 -
118.169.137.98 - - [07/Jan/2021:01:04:04 -0500] "GET /BLA/boletinlegal/js/jquery.scrollShow.js HTTP/1.1" 200 4586
118.169.137.98 - - [07/Jan/2021:01:04:04 -0500] "GET /galeria/galeria/jquery.fancybox.js?v=2.1.5 HTTP/1.1" 200 48706
118.169.137.98 - - [07/Jan/2021:01:04:04 -0500] "GET /galeria/galeria/jquery.fancybox.css?v=2.1.5 HTTP/1.1" 200 4895
118.169.137.98 - - [07/Jan/2021:01:04:04 -0500] "GET /galeria/carrusel/Carrusel/jquery.thumbnailScroller.css HTTP/1.1" 200 2066
118.169.137.98 - - [07/Jan/2021:01:04:04 -0500] "GET /galeria/carrusel/Carrusel/jquery-ui-1.8.13.custom.min.js HTTP/1.1" 200 10800
118.169.137.98 - - [07/Jan/2021:01:04:04 -0500] "GET /galeria/carrusel/Carrusel/jquery.thumbnailScroller.js HTTP/1.1" 200 8157
118.169.137.98 - - [07/Jan/2021:01:04:07 -0500] "GET /galeria/nivo-slider/demo/inicio80.html HTTP/1.1" 200 4616
118.169.137.98 - - [07/Jan/2021:01:04:07 -0500] "GET /galeria/nivo-slider/themes/default/default.css HTTP/1.1" 200 1569
118.169.137.98 - - [07/Jan/2021:01:04:07 -0500] "GET /galeria/nivo-slider/nivo-slider.css HTTP/1.1" 200 1507
118.169.137.98 - - [07/Jan/2021:01:04:07 -0500] "GET /galeria/nivo-slider/themes/pascal/pascal.css HTTP/1.1" 200 2258
118.169.137.98 - - [07/Jan/2021:01:04:07 -0500] "GET /galeria/nivo-slider/demo/scripts/jquery-1.7.1.min.js HTTP/1.1" 200 93868
118.169.137.98 - - [07/Jan/2021:01:04:07 -0500] "GET /galeria/nivo-slider/themes/orman/orman.css HTTP/1.1" 200 2152
118.169.137.98 - - [07/Jan/2021:01:04:07 -0500] "GET /galeria/nivo-slider/demo/style.css HTTP/1.1" 200 2222
118.169.137.98 - - [07/Jan/2021:01:04:07 -0500] "GET /galeria/nivo-slider/jquery.nivo.slider.pack.js HTTP/1.1" 200 11561
118.169.137.98 - - [07/Jan/2021:01:04:07 -0500] "GET /galeria/nivo-slider/demo/images/bannerexpansionsemillas.jpg HTTP/1.1" 200 188155
118.169.137.98 - - [07/Jan/2021:01:04:07 -0500] "GET /galeria/nivo-slider/demo/images/bannercaminatasenero2021.jpg HTTP/1.1" 200 120145
118.169.137.98 - - [07/Jan/2021:01:04:07 -0500] "GET /galeria/nivo-slider/demo/images/baneranimalessilvestres.jpg HTTP/1.1" 200 309808
118.169.137.98 - - [07/Jan/2021:01:04:07 -0500] "GET /galeria/nivo-slider/demo/images/bannerclasesweb.jpg HTTP/1.1" 200 180765
118.169.137.98 - - [07/Jan/2021:01:04:07 -0500] "GET /galeria/nivo-slider/demo/images/banner2020acercar.jpg HTTP/1.1" 200 180505
118.169.137.98 - - [07/Jan/2021:01:04:08 -0500] "GET /galeria/nivo-slider/demo/images/bannerincendiosforestales.jpg HTTP/1.1" 200 237511
118.169.137.98 - - [07/Jan/2021:01:04:08 -0500] "GET /galeria/nivo-slider/demo/images/banneraperturahumedales.jpg HTTP/1.1" 200 91161
118.169.137.98 - - [07/Jan/2021:01:04:08 -0500] "GET /galeria/nivo-slider/demo/images/bannertingua2020.png HTTP/1.1" 200 105392
118.169.137.98 - - [07/Jan/2021:01:04:08 -0500] "GET /galeria/nivo-slider/demo/images/Bannercuidate.jpg HTTP/1.1" 200 75508
118.169.137.98 - - [07/Jan/2021:01:04:08 -0500] "GET /galeria/nivo-slider/demo/images/bannerresiduos.jpg HTTP/1.1" 200 155409
118.169.137.98 - - [07/Jan/2021:01:04:08 -0500] "GET /galeria/nivo-slider/demo/images/bannerbioseguridad.jpg HTTP/1.1" 200 228661
118.169.137.98 - - [07/Jan/2021:01:04:08 -0500] "GET /galeria/nivo-slider/demo/images/Banner%20canales%20virtuales.jpg HTTP/1.1" 200 209438
118.169.137.98 - - [07/Jan/2021:01:04:08 -0500] "GET /galeria/nivo-slider/demo/images/bannerbolsas.jpg HTTP/1.1" 200 283727
118.169.137.98 - - [07/Jan/2021:01:04:08 -0500] "GET /galeria/nivo-slider/demo/images/4Simple_Slider.png HTTP/1.1" 200 11722
118.169.137.98 - - [07/Jan/2021:01:04:08 -0500] "GET /galeria/nivo-slider/themes/default/loading.gif HTTP/1.1" 200 1737
118.169.137.98 - - [07/Jan/2021:01:04:09 -0500] "GET /galeria/nivo-slider/themes/default/arrows.png HTTP/1.1" 200 824
118.169.137.98 - - [07/Jan/2021:01:04:09 -0500] "GET /galeria/nivo-slider/themes/default/bullets.png HTTP/1.1" 200 1281
114.119.157.189 - - [07/Jan/2021:01:04:17 -0500] "-" 408 -
186.84.90.155 - - [07/Jan/2021:01:04:40 -0500] "POST /BLA/boletinlegal/admin/actos/ingresar.php HTTP/1.1" 200 7116
192.168.175.225 - - [07/Jan/2021:01:05:07 -0500] "GET / HTTP/1.1" 200 9990
157.55.39.225 - - [07/Jan/2021:01:05:09 -0500] "-" 408 -
157.55.39.225 - - [07/Jan/2021:01:05:40 -0500] "-" 408 -
186.84.90.155 - - [07/Jan/2021:01:05:42 -0500] "POST /BLA/boletinlegal/admin/actos/ingresar.php HTTP/1.1" 200 7116
40.77.167.44 - - [07/Jan/2021:01:05:44 -0500] "GET /BLA/boletinlegal/Circulares/2013/Circular%20No.%204%20del%2005%20de%20junio%20de%202013.pdf HTTP/1.1" 304 -
190.61.63.139 - - [07/Jan/2021:01:06:16 -0500] "-" 408 -
191.156.69.122 - - [07/Jan/2021:01:06:39 -0500] "GET /galeria/galeria/jquery.fancybox.css?v=2.1.5 HTTP/1.1" 200 4895
191.156.69.122 - - [07/Jan/2021:01:06:39 -0500] "GET /BLA/boletinlegal/js/jquery.scrollShow.js HTTP/1.1" 200 4586
191.156.69.122 - - [07/Jan/2021:01:06:39 -0500] "GET /galeria/galeria/jquery.fancybox.js?v=2.1.5 HTTP/1.1" 200 48706
2.205.220.13 - - [07/Jan/2021:01:06:48 -0500] "GET / HTTP/1.1" 200 9990
186.84.90.155 - - [07/Jan/2021:01:06:57 -0500] "POST /BLA/boletinlegal/admin/actos/ingresar.php HTTP/1.1" 200 7116
216.244.66.195 - - [07/Jan/2021:01:07:30 -0500] "-" 408 -
69.162.124.227 - - [07/Jan/2021:01:07:53 -0500] "HEAD / HTTP/1.1" 200 -
186.84.90.155 - - [07/Jan/2021:01:07:55 -0500] "GET /BLA/resoluciones/index.php?dir= HTTP/1.1" 200 12275
186.84.90.155 - - [07/Jan/2021:01:07:59 -0500] "GET /BLA/resoluciones/index.php?dir=RESOLUCIONES+1997%2F HTTP/1.1" 200 10887
192.168.175.225 - - [07/Jan/2021:01:10:07 -0500] "GET / HTTP/1.1" 200 9990
186.84.90.155 - - [07/Jan/2021:01:10:20 -0500] "GET /BLA/resoluciones/RESOLUCIONES%201997/RESOLUCION%20117%20DE%201997.pdf HTTP/1.1" 200 146307
186.84.90.155 - - [07/Jan/2021:01:10:21 -0500] "GET /BLA/resoluciones/RESOLUCIONES%201997/RESOLUCION%20170%20DE%201997.pdf HTTP/1.1" 200 167809
186.84.90.155 - - [07/Jan/2021:01:10:22 -0500] "GET /BLA/resoluciones/RESOLUCIONES%201997/RESOLUCION%20189%20DE%201997.pdf HTTP/1.1" 200 41988
186.84.90.155 - - [07/Jan/2021:01:10:23 -0500] "GET /BLA/resoluciones/RESOLUCIONES%201997/RESOLUCION%20190%20DE%201997.pdf HTTP/1.1" 200 40430
186.84.90.155 - - [07/Jan/2021:01:10:24 -0500] "GET /BLA/resoluciones/RESOLUCIONES%201997/RESOLUCION%20191%20DE%201997.pdf HTTP/1.1" 200 45028
66.249.75.12 - - [07/Jan/2021:01:10:46 -0500] "-" 408 -
201.245.192.253 - - [07/Jan/2021:01:10:09 -0500] "POST /kwsrmcab/Wsrmcab HTTP/1.1" 200 45970
201.245.192.253 - - [07/Jan/2021:01:10:08 -0500] "POST /kwsrmcab/Wsrmcab HTTP/1.1" 200 46880
196.15.23.14 - - [07/Jan/2021:01:10:54 -0500] "GET /BLA/boletinlegal/js/jquery.scrollShow.js HTTP/1.1" 200 4586
196.15.23.14 - - [07/Jan/2021:01:10:54 -0500] "GET /galeria/galeria/jquery.fancybox.js?v=2.1.5 HTTP/1.1" 200 48706
196.15.23.14 - - [07/Jan/2021:01:10:55 -0500] "GET /galeria/galeria/jquery.fancybox.css?v=2.1.5 HTTP/1.1" 200 4895
196.15.23.14 - - [07/Jan/2021:01:10:55 -0500] "GET /galeria/carrusel/Carrusel/jquery.thumbnailScroller.css HTTP/1.1" 200 2066
196.15.23.14 - - [07/Jan/2021:01:10:56 -0500] "GET /galeria/carrusel/Carrusel/jquery.thumbnailScroller.js HTTP/1.1" 200 8157
196.15.23.14 - - [07/Jan/2021:01:10:56 -0500] "GET /galeria/carrusel/Carrusel/jquery-ui-1.8.13.custom.min.js HTTP/1.1" 200 10800
54.86.252.56 - - [07/Jan/2021:01:11:08 -0500] "GET / HTTP/1.1" 200 9990
201.245.192.253 - - [07/Jan/2021:01:10:52 -0500] "POST /kwsrmcab/Wsrmcab HTTP/1.1" 200 46880
66.249.72.209 - - [07/Jan/2021:01:12:21 -0500] "-" 408 -
69.162.124.227 - - [07/Jan/2021:01:12:53 -0500] "HEAD / HTTP/1.1" 200 -
186.84.90.155 - - [07/Jan/2021:01:13:00 -0500] "GET /BLA/resoluciones/RESOLUCIONES%201997/RESOLUCION%20245%20DE%201997.pdf HTTP/1.1" 200 702161
186.84.90.155 - - [07/Jan/2021:01:13:05 -0500] "GET /BLA/resoluciones/RESOLUCIONES%201997/RESOLUCION%20260%20DE%201997.pdf HTTP/1.1" 200 37469
186.84.90.155 - - [07/Jan/2021:01:13:08 -0500] "GET /BLA/resoluciones/RESOLUCIONES%201997/RESOLUCION%20299%20DE%201997.pdf HTTP/1.1" 200 33851
186.84.90.155 - - [07/Jan/2021:01:13:10 -0500] "GET /BLA/resoluciones/RESOLUCIONES%201997/RESOLUCION%20302%20DE%201997.pdf HTTP/1.1" 200 65824
186.84.90.155 - - [07/Jan/2021:01:13:12 -0500] "GET /BLA/resoluciones/RESOLUCIONES%201997/RESOLUCION%20329%20DE%201997.pdf HTTP/1.1" 200 532098
186.84.90.155 - - [07/Jan/2021:01:13:15 -0500] "GET /BLA/resoluciones/RESOLUCIONES%201997/RESOLUCION%20398%20DE%201997.pdf HTTP/1.1" 200 160220
186.84.90.155 - - [07/Jan/2021:01:13:15 -0500] "GET /BLA/resoluciones/RESOLUCIONES%201997/RESOLUCION%20399%20DE%201997.pdf HTTP/1.1" 200 42897
186.84.90.155 - - [07/Jan/2021:01:13:18 -0500] "GET /BLA/resoluciones/RESOLUCIONES%201997/RESOLUCION%20411%20DE%201997.pdf HTTP/1.1" 200 33348
18.206.71.85 - - [07/Jan/2021:01:14:59 -0500] "GET /galeria/galeria/jquery.fancybox.js?v=2.1.5 HTTP/1.1" 200 48706
18.206.71.85 - - [07/Jan/2021:01:14:59 -0500] "GET /galeria/nivo-slider/demo/inicio80.html HTTP/1.1" 200 4616
18.206.71.85 - - [07/Jan/2021:01:14:59 -0500] "GET /galeria/carrusel/Carrusel/jquery.thumbnailScroller.js HTTP/1.1" 200 8157
18.206.71.85 - - [07/Jan/2021:01:14:59 -0500] "GET /galeria/carrusel/Carrusel/jquery-ui-1.8.13.custom.min.js HTTP/1.1" 200 10800
18.206.71.85 - - [07/Jan/2021:01:14:59 -0500] "GET /BLA/boletinlegal/js/jquery.scrollShow.js HTTP/1.1" 200 4586
192.168.175.225 - - [07/Jan/2021:01:15:07 -0500] "GET / HTTP/1.1" 200 9990
66.249.69.103 - - [07/Jan/2021:01:15:30 -0500] "-" 408 -
186.29.130.211 - - [07/Jan/2021:01:15:35 -0500] "GET /galeria/galeria/jquery.fancybox.css?v=2.1.5 HTTP/1.1" 200 4895
186.29.130.211 - - [07/Jan/2021:01:15:35 -0500] "GET /galeria/galeria/jquery.fancybox.js?v=2.1.5 HTTP/1.1" 200 48706
186.29.130.211 - - [07/Jan/2021:01:15:36 -0500] "GET /galeria/galeria/fotos/Soratama1P.jpg HTTP/1.1" 200 9622
186.29.130.211 - - [07/Jan/2021:01:15:36 -0500] "GET /galeria/galeria/fotos/Soratama2P.jpg HTTP/1.1" 200 10548
186.29.130.211 - - [07/Jan/2021:01:15:36 -0500] "GET /galeria/galeria/fotos/Soratama3P.jpg HTTP/1.1" 200 11298
186.29.130.211 - - [07/Jan/2021:01:15:36 -0500] "GET /galeria/galeria/fotos/Soratama4P.jpg HTTP/1.1" 200 10482
66.249.75.12 - - [07/Jan/2021:01:16:44 -0500] "-" 408 -
186.84.90.155 - - [07/Jan/2021:01:16:53 -0500] "POST /BLA/boletinlegal/admin/actos/ingresar.php HTTP/1.1" 200 7116
186.29.130.211 - - [07/Jan/2021:01:17:05 -0500] "GET /galeria/galeria/fotos/Soratama4G.jpg HTTP/1.1" 200 167128
186.29.130.211 - - [07/Jan/2021:01:17:05 -0500] "GET /galeria/galeria/fancybox_sprite@2x.png HTTP/1.1" 200 6553
186.29.130.211 - - [07/Jan/2021:01:17:05 -0500] "GET /galeria/galeria/fancybox_overlay.png HTTP/1.1" 200 1003
186.29.130.211 - - [07/Jan/2021:01:17:05 -0500] "GET /galeria/galeria/fancybox_loading@2x.gif HTTP/1.1" 200 13984
186.29.130.211 - - [07/Jan/2021:01:17:05 -0500] "GET /galeria/galeria/fotos/Soratama1G.jpg HTTP/1.1" 200 127762
186.29.130.211 - - [07/Jan/2021:01:17:05 -0500] "GET /galeria/galeria/fotos/Soratama2G.jpg HTTP/1.1" 200 167638
186.29.130.211 - - [07/Jan/2021:01:17:05 -0500] "GET /galeria/galeria/fotos/Soratama3G.jpg HTTP/1.1" 200 159434
186.29.130.211 - - [07/Jan/2021:01:17:05 -0500] "GET /galeria/galeria/blank.gif HTTP/1.1" 200 43
186.84.90.155 - - [07/Jan/2021:01:17:45 -0500] "POST /BLA/boletinlegal/admin/actos/ingresar.php HTTP/1.1" 200 7116
18.217.83.201 - - [07/Jan/2021:01:17:50 -0500] "POST /webdav/x32.php HTTP/1.1" 404 1018
69.162.124.227 - - [07/Jan/2021:01:17:53 -0500] "HEAD / HTTP/1.1" 200 -
189.216.51.178 - - [07/Jan/2021:01:18:13 -0500] "GET /galeria/galeria/jquery.fancybox.css?v=2.1.5 HTTP/1.1" 200 4895
189.216.51.178 - - [07/Jan/2021:01:18:13 -0500] "GET /BLA/boletinlegal/js/jquery.scrollShow.js HTTP/1.1" 200 4586
189.216.51.178 - - [07/Jan/2021:01:18:13 -0500] "GET /galeria/galeria/jquery.fancybox.js?v=2.1.5 HTTP/1.1" 200 48706
186.84.90.155 - - [07/Jan/2021:01:18:34 -0500] "POST /BLA/boletinlegal/admin/actos/ingresar.php HTTP/1.1" 200 7116
186.84.90.155 - - [07/Jan/2021:01:19:28 -0500] "POST /BLA/boletinlegal/admin/actos/ingresar.php HTTP/1.1" 200 7116
66.249.72.209 - - [07/Jan/2021:01:19:47 -0500] "-" 408 -
192.168.175.225 - - [07/Jan/2021:01:20:07 -0500] "GET / HTTP/1.1" 200 9990
186.84.90.155 - - [07/Jan/2021:01:20:08 -0500] "POST /BLA/boletinlegal/admin/actos/ingresar.php HTTP/1.1" 200 7116
201.245.192.253 - - [07/Jan/2021:01:20:10 -0500] "POST /kwsrmcab/Wsrmcab HTTP/1.1" 200 14506
190.67.217.109 - - [07/Jan/2021:01:21:27 -0500] "GET /galeria/galeria/jquery.fancybox.css?v=2.1.5 HTTP/1.1" 200 4895
190.67.217.109 - - [07/Jan/2021:01:21:27 -0500] "GET /galeria/galeria/jquery.fancybox.js?v=2.1.5 HTTP/1.1" 200 48706
190.67.217.109 - - [07/Jan/2021:01:21:27 -0500] "GET /BLA/boletinlegal/js/jquery.scrollShow.js HTTP/1.1" 200 4586
186.84.90.155 - - [07/Jan/2021:01:21:43 -0500] "POST /BLA/boletinlegal/admin/actos/ingresar.php HTTP/1.1" 200 7116
201.245.192.253 - - [07/Jan/2021:01:21:10 -0500] "POST /kwsrmcab/Wsrmcab HTTP/1.1" 200 46880
66.249.75.12 - - [07/Jan/2021:01:22:35 -0500] "-" 408 -
186.84.90.155 - - [07/Jan/2021:01:22:36 -0500] "POST /BLA/boletinlegal/admin/actos/ingresar.php HTTP/1.1" 200 7116
69.162.124.227 - - [07/Jan/2021:01:22:53 -0500] "HEAD / HTTP/1.1" 200 -
186.84.90.155 - - [07/Jan/2021:01:23:40 -0500] "POST /BLA/boletinlegal/admin/actos/ingresar.php HTTP/1.1" 200 7116
186.84.90.155 - - [07/Jan/2021:01:24:52 -0500] "POST /BLA/boletinlegal/admin/actos/ingresar.php HTTP/1.1" 200 7116
192.168.175.225 - - [07/Jan/2021:01:25:07 -0500] "GET / HTTP/1.1" 200 9990
186.84.90.155 - - [07/Jan/2021:01:25:51 -0500] "POST /BLA/boletinlegal/admin/actos/ingresar.php HTTP/1.1" 200 7116
186.84.89.233 - - [07/Jan/2021:01:25:58 -0500] "GET /galeria/galeria/jquery.fancybox.css?v=2.1.5 HTTP/1.1" 200 4895
186.84.89.233 - - [07/Jan/2021:01:25:58 -0500] "GET /BLA/boletinlegal/js/jquery.scrollShow.js HTTP/1.1" 200 4586
186.84.89.233 - - [07/Jan/2021:01:25:58 -0500] "GET /galeria/galeria/jquery.fancybox.js?v=2.1.5 HTTP/1.1" 200 48706
186.28.15.188 - - [07/Jan/2021:01:26:25 -0500] "GET /BLA/resoluciones/RESOLUCIONES%202019/3351.pdf HTTP/1.1" 200 296792
186.28.15.188 - - [07/Jan/2021:01:26:25 -0500] "GET /favicon.ico HTTP/1.1" 200 7782
66.249.72.209 - - [07/Jan/2021:01:26:35 -0500] "-" 408 -
186.84.90.155 - - [07/Jan/2021:01:26:37 -0500] "POST /BLA/boletinlegal/admin/actos/ingresar.php HTTP/1.1" 200 7116
186.84.90.155 - - [07/Jan/2021:01:27:39 -0500] "POST /BLA/boletinlegal/admin/actos/ingresar.php HTTP/1.1" 200 7116
69.162.124.227 - - [07/Jan/2021:01:27:53 -0500] "HEAD / HTTP/1.1" 200 -
3.92.161.230 - - [07/Jan/2021:01:28:09 -0500] "-" 408 -
190.69.235.130 - - [07/Jan/2021:01:28:18 -0500] "GET /galeria/galeria/jquery.fancybox.js?v=2.1.5 HTTP/1.1" 200 48706
190.69.235.130 - - [07/Jan/2021:01:28:18 -0500] "GET /BLA/boletinlegal/js/jquery.scrollShow.js HTTP/1.1" 200 4586
190.69.235.130 - - [07/Jan/2021:01:28:18 -0500] "GET /galeria/galeria/jquery.fancybox.css?v=2.1.5 HTTP/1.1" 200 4895
