186.86.32.115 - - [09/Feb/2021:01:21:52 -0500] "GET /galeria/galeria/jquery.fancybox.js?v=2.1.5 HTTP/1.1" 304 -
186.86.32.115 - - [09/Feb/2021:01:21:52 -0500] "GET /galeria/galeria/jquery.fancybox.css?v=2.1.5 HTTP/1.1" 304 -
186.84.111.123 - - [09/Feb/2021:01:21:55 -0500] "-" 408 -
66.249.79.107 - - [09/Feb/2021:01:22:43 -0500] "GET /BLA/resoluciones/RESOLUCIONES%202010/5185.pdf HTTP/1.1" 200 849599
66.249.79.107 - - [09/Feb/2021:01:23:08 -0500] "GET /BLA/resoluciones/RESOLUCIONES%202009/8352.pdf HTTP/1.1" 200 481263
66.249.68.43 - - [09/Feb/2021:01:23:26 -0500] "GET /Anexos%20estudio%20Organizacional%20SDA/ANEXO%20No.%204%20-%20ENCUESTA%20DE%20AN%C3%81LISIS%20ORGANIZACIONAL/ENCUESTA%20SUBIDRECCI%C3%93N%20DE%20ECOURBANISMO%20Y%20GESTION%20AMBIENTAL%20EMPRESARIAL.DOC HTTP/1.1" 200 350208
201.245.192.253 - - [09/Feb/2021:01:23:03 -0500] "POST /kwsrmcab/Wsrmcab HTTP/1.1" 200 119983
66.249.79.107 - - [09/Feb/2021:01:25:23 -0500] "GET /BLA/resoluciones/RESOLUCIONES%202009/5546.pdf HTTP/1.1" 200 497869
69.162.124.227 - - [09/Feb/2021:01:25:40 -0500] "HEAD / HTTP/1.1" 200 -
192.241.150.125 - - [09/Feb/2021:01:25:40 -0500] "POST /boaform/admin/formLogin HTTP/1.1" 404 1186
191.156.189.60 - - [09/Feb/2021:01:26:00 -0500] "GET /galeria/galeria/jquery.fancybox.css?v=2.1.5 HTTP/1.1" 200 4895
191.156.177.80 - - [09/Feb/2021:01:26:00 -0500] "GET /BLA/boletinlegal/js/jquery.scrollShow.js HTTP/1.1" 200 4586
191.156.189.195 - - [09/Feb/2021:01:26:00 -0500] "GET /galeria/galeria/jquery.fancybox.js?v=2.1.5 HTTP/1.1" 200 48706
114.119.159.6 - - [09/Feb/2021:01:26:31 -0500] "GET /BLA/resoluciones/AUTOS%202013/3736.pdf HTTP/1.1" 200 704343
66.249.79.109 - - [09/Feb/2021:01:27:16 -0500] "GET /BLA/resoluciones/RESOLUCIONES%202013/2091.pdf HTTP/1.1" 200 529441
66.249.79.107 - - [09/Feb/2021:01:27:20 -0500] "GET /BLA/resoluciones/RESOLUCIONES%202007/RES%202007%202401%20AL%202500/RESOLUCION%202461%20DE%202007.pdf HTTP/1.1" 200 1139373
192.241.150.125 - - [09/Feb/2021:01:30:05 -0500] "POST /boaform/admin/formLogin HTTP/1.1" 404 1186
201.245.192.253 - - [09/Feb/2021:01:29:38 -0500] "POST /kwsrmcab/Wsrmcab HTTP/1.1" 200 46908
189.217.58.86 - - [09/Feb/2021:01:30:35 -0500] "GET /BLA/boletinlegal/js/jquery.scrollShow.js HTTP/1.1" 200 4586
189.217.58.86 - - [09/Feb/2021:01:30:35 -0500] "GET /galeria/galeria/jquery.fancybox.js?v=2.1.5 HTTP/1.1" 200 48706
189.217.58.86 - - [09/Feb/2021:01:30:35 -0500] "GET /galeria/galeria/jquery.fancybox.css?v=2.1.5 HTTP/1.1" 200 4895
69.162.124.227 - - [09/Feb/2021:01:30:40 -0500] "HEAD / HTTP/1.1" 200 -
201.245.192.253 - - [09/Feb/2021:01:30:24 -0500] "POST /kwsrmcab/Wsrmcab HTTP/1.1" 200 46596
66.249.68.47 - - [09/Feb/2021:01:31:15 -0500] "GET /Anexos%20estudio%20Organizacional%20SDA/index.php?dir=ANEXO%20No.12-PROYECTO%20ACTUALIZACION%20MANUAL%20DE%20FUNCIONES%20SDA/&sort=size&order=asc HTTP/1.1" 200 2515
114.119.142.12 - - [09/Feb/2021:01:31:47 -0500] "GET /BLA/resoluciones/AUTOS%202017/2195.pdf HTTP/1.1" 200 2512540
66.249.79.109 - - [09/Feb/2021:01:32:27 -0500] "GET /BLA/resoluciones/RESOLUCIONES%202011/3981.pdf HTTP/1.1" 200 786694
66.249.79.109 - - [09/Feb/2021:01:33:03 -0500] "GET /BLA/resoluciones/RESOLUCIONES%202010/5866.pdf HTTP/1.1" 200 136348
179.15.172.249 - - [09/Feb/2021:01:33:08 -0500] "GET /galeria/galeria/jquery.fancybox.css?v=2.1.5 HTTP/1.1" 200 4895
179.15.172.249 - - [09/Feb/2021:01:33:08 -0500] "GET /BLA/boletinlegal/js/jquery.scrollShow.js HTTP/1.1" 200 4586
179.15.172.249 - - [09/Feb/2021:01:33:08 -0500] "GET /galeria/galeria/jquery.fancybox.js?v=2.1.5 HTTP/1.1" 200 48706
66.249.79.109 - - [09/Feb/2021:01:33:12 -0500] "GET /BLA/resoluciones/AUTOS%202011/4930.pdf HTTP/1.1" 200 202658
186.28.41.112 - - [09/Feb/2021:01:33:13 -0500] "GET /galeria/galeria/jquery.fancybox.css?v=2.1.5 HTTP/1.1" 200 4895
186.28.41.112 - - [09/Feb/2021:01:33:13 -0500] "GET /BLA/boletinlegal/js/jquery.scrollShow.js HTTP/1.1" 200 4586
186.28.41.112 - - [09/Feb/2021:01:33:13 -0500] "GET /galeria/galeria/jquery.fancybox.js?v=2.1.5 HTTP/1.1" 200 48706
187.169.210.10 - - [09/Feb/2021:01:34:07 -0500] "GET /galeria/galeria/jquery.fancybox.css?v=2.1.5 HTTP/1.1" 200 4895
187.169.210.10 - - [09/Feb/2021:01:34:07 -0500] "GET /BLA/boletinlegal/js/jquery.scrollShow.js HTTP/1.1" 200 4586
187.169.210.10 - - [09/Feb/2021:01:34:07 -0500] "GET /galeria/galeria/jquery.fancybox.js?v=2.1.5 HTTP/1.1" 200 48706
66.249.79.109 - - [09/Feb/2021:01:35:10 -0500] "GET /BLA/resoluciones/RESOLUCIONES%202009/3621.pdf HTTP/1.1" 200 305628
114.119.140.102 - - [09/Feb/2021:01:35:16 -0500] "GET /Autoliquidacion/index.php?dir=Permiso%2Bde%2Bocupaci%C3%83%C2%83%C3%82%C2%AF%C3%83%C2%82%C3%82%C2%BF%C3%83%C2%82%C3%82%C2%BDn%2Bde%2Bcauce%2F&sort=size&order=desc HTTP/1.1" 200 6939
66.249.79.107 - - [09/Feb/2021:01:35:40 -0500] "GET /Anexos%20estudio%20Organizacional%20SDA/ANEXO%20No.%201-%20NORMAS%20LEGALES%20DE%20ESTRUCTURA%20Y%20PLANTA/RESE%C3%91A%20HIST%C3%93RICA%20SDA-NORMAS/Decreto%20308%20de%202001%20-%20Modifica%20estructura%20del%20DAMA.jsp_files/compedit.jpg HTTP/1.1" 200 6688
69.162.124.227 - - [09/Feb/2021:01:35:40 -0500] "HEAD / HTTP/1.1" 200 -
192.241.150.125 - - [09/Feb/2021:01:35:39 -0500] "POST /boaform/admin/formLogin HTTP/1.1" 404 1186
52.30.16.188 - - [09/Feb/2021:01:36:04 -0500] "GET /wp-login.php HTTP/1.1" 404 1015
52.30.16.188 - - [09/Feb/2021:01:36:09 -0500] "GET /wordpress/wp-login.php HTTP/1.1" 404 1015
52.30.16.188 - - [09/Feb/2021:01:36:11 -0500] "GET /blog/wp-login.php HTTP/1.1" 404 1015
52.30.16.188 - - [09/Feb/2021:01:36:12 -0500] "GET /wp/wp-login.php HTTP/1.1" 404 1015
66.249.79.111 - - [09/Feb/2021:01:36:40 -0500] "GET /BLA/resoluciones/RESOLUCIONES%202008/0029.pdf HTTP/1.1" 200 243605
114.119.142.12 - - [09/Feb/2021:01:37:02 -0500] "GET /BLA/resoluciones/RESOLUCIONES%202011/6308.pdf HTTP/1.1" 200 1204432
66.249.79.111 - - [09/Feb/2021:01:37:07 -0500] "GET /BLA/resoluciones/RESOLUCIONES%202007/RES%202007%202401%20AL%202500/RESOLUCION%202403%20DE%202007.pdf HTTP/1.1" 200 1767227
66.249.79.107 - - [09/Feb/2021:01:38:06 -0500] "GET /BLA/resoluciones/RESOLUCIONES%202008/5717.pdf HTTP/1.1" 200 250039
66.249.79.111 - - [09/Feb/2021:01:39:05 -0500] "GET /BLA/resoluciones/RESOLUCIONES%202010/2070.pdf HTTP/1.1" 200 197411
181.243.79.134 - - [09/Feb/2021:01:39:45 -0500] "GET /galeria/galeria/jquery.fancybox.css?v=2.1.5 HTTP/1.1" 200 4895
181.243.79.134 - - [09/Feb/2021:01:39:45 -0500] "GET /BLA/boletinlegal/js/jquery.scrollShow.js HTTP/1.1" 200 4586
181.243.79.134 - - [09/Feb/2021:01:39:45 -0500] "GET /galeria/galeria/jquery.fancybox.js?v=2.1.5 HTTP/1.1" 200 48706
192.241.150.125 - - [09/Feb/2021:01:39:57 -0500] "POST /boaform/admin/formLogin HTTP/1.1" 404 1186
69.162.124.227 - - [09/Feb/2021:01:40:40 -0500] "HEAD / HTTP/1.1" 200 -
66.249.79.107 - - [09/Feb/2021:01:40:40 -0500] "GET /resoluciones/RESOLUCIONES%202008/1521.pdf HTTP/1.1" 404 1018
189.183.182.37 - - [09/Feb/2021:01:40:42 -0500] "GET /BLA/boletinlegal/js/jquery.scrollShow.js HTTP/1.1" 200 4586
189.183.182.37 - - [09/Feb/2021:01:40:42 -0500] "GET /galeria/galeria/jquery.fancybox.js?v=2.1.5 HTTP/1.1" 200 48706
189.183.182.37 - - [09/Feb/2021:01:40:42 -0500] "GET /galeria/carrusel/Carrusel/jquery.thumbnailScroller.css HTTP/1.1" 200 2066
189.183.182.37 - - [09/Feb/2021:01:40:42 -0500] "GET /galeria/carrusel/Carrusel/jquery-ui-1.8.13.custom.min.js HTTP/1.1" 200 10800
189.183.182.37 - - [09/Feb/2021:01:40:42 -0500] "GET /galeria/carrusel/Carrusel/jquery.thumbnailScroller.js HTTP/1.1" 200 8157
66.249.79.111 - - [09/Feb/2021:01:40:55 -0500] "GET /BLA/resoluciones/AUTOS%202017/4934.pdf HTTP/1.1" 200 544046
66.249.79.109 - - [09/Feb/2021:01:41:02 -0500] "GET /BLA/resoluciones/RESOLUCIONES%202013/0074%20.pdf HTTP/1.1" 200 2679924
114.119.135.169 - - [09/Feb/2021:01:42:17 -0500] "GET /BLA/resoluciones/RESOLUCIONES%202018/1655.pdf HTTP/1.1" 200 419616
66.102.8.181 - - [09/Feb/2021:01:43:09 -0500] "GET /galeria/galeria/fotos/Jaboque2G.jpg HTTP/1.1" 200 322400
66.249.79.107 - - [09/Feb/2021:01:43:28 -0500] "GET /pdc/? HTTP/1.1" 200 85562
66.249.79.107 - - [09/Feb/2021:01:43:29 -0500] "GET /pdc/css/dataTables.bootstrap.css HTTP/1.1" 200 7678
66.249.79.107 - - [09/Feb/2021:01:43:30 -0500] "GET /pdc/css/bootstrap.min.css HTTP/1.1" 200 113498
66.249.79.107 - - [09/Feb/2021:01:43:31 -0500] "GET /pdc/js/jquery.min.js HTTP/1.1" 200 95786
66.249.79.107 - - [09/Feb/2021:01:43:32 -0500] "GET /pdc/js/bootstrap.min.js HTTP/1.1" 200 35601
66.249.79.107 - - [09/Feb/2021:01:43:33 -0500] "GET /pdc/js/jquery.dataTables.min.js HTTP/1.1" 200 153451
66.249.79.107 - - [09/Feb/2021:01:43:35 -0500] "GET /pdc/js/dataTables.bootstrap.js HTTP/1.1" 200 4287
201.245.192.253 - - [09/Feb/2021:01:43:03 -0500] "POST /kwsrmcab/Wsrmcab HTTP/1.1" 200 119983
114.119.133.30 - - [09/Feb/2021:01:44:27 -0500] "GET /Autoliquidacion/index.php?dir=Solicitud%2Bde%2BClasificaci%C3%83%C2%83%C3%82%C2%83%C3%83%C2%82%C3%82%C2%AF%C3%83%C2%83%C3%82%C2%82%C3%83%C2%82%C3%82%C2%BF%C3%83%C2%83%C3%82%C2%82%C3%83%C2%82%C3%82%C2%BDn%2Bde%2BImpacto%2BAmbiental%2F&sort=date&order=desc HTTP/1.1" 200 7065
66.249.79.107 - - [09/Feb/2021:01:44:57 -0500] "GET /BLA/resoluciones/RESOLUCIONES%202019/1509.pdf HTTP/1.1" 200 336148
66.249.79.107 - - [09/Feb/2021:01:45:02 -0500] "GET /pdc/? HTTP/1.1" 200 85562
66.249.79.109 - - [09/Feb/2021:01:45:03 -0500] "GET /pdc/js/bootstrap.min.js HTTP/1.1" 200 35601
66.249.79.109 - - [09/Feb/2021:01:45:04 -0500] "GET /pdc/css/bootstrap.min.css HTTP/1.1" 200 113498
66.249.79.109 - - [09/Feb/2021:01:45:05 -0500] "GET /pdc/css/dataTables.bootstrap.css HTTP/1.1" 200 7678
66.249.79.107 - - [09/Feb/2021:01:45:06 -0500] "GET /pdc/js/jquery.dataTables.min.js HTTP/1.1" 200 153451
66.249.79.107 - - [09/Feb/2021:01:45:08 -0500] "GET /pdc/js/dataTables.bootstrap.js HTTP/1.1" 200 4287
66.249.79.107 - - [09/Feb/2021:01:45:09 -0500] "GET /pdc/js/jquery.min.js HTTP/1.1" 200 95786
186.84.89.203 - - [09/Feb/2021:01:45:14 -0500] "GET /galeria/galeria/jquery.fancybox.css?v=2.1.5 HTTP/1.1" 200 4895
186.84.89.203 - - [09/Feb/2021:01:45:14 -0500] "GET /galeria/galeria/jquery.fancybox.js?v=2.1.5 HTTP/1.1" 200 48706
186.84.89.203 - - [09/Feb/2021:01:45:14 -0500] "GET /BLA/boletinlegal/js/jquery.scrollShow.js HTTP/1.1" 200 4586
69.162.124.227 - - [09/Feb/2021:01:45:40 -0500] "HEAD / HTTP/1.1" 200 -
192.241.150.125 - - [09/Feb/2021:01:46:14 -0500] "POST /boaform/admin/formLogin HTTP/1.1" 404 1186
13.93.162.89 - - [09/Feb/2021:01:46:31 -0500] "GET /BLA/resoluciones/RESOLUCIONES%202009/4361.pdf HTTP/1.1" 200 1117641
66.249.79.107 - - [09/Feb/2021:01:47:11 -0500] "GET /BLA/boletinlegal/notificaciones.php HTTP/1.1" 200 19158
66.249.79.107 - - [09/Feb/2021:01:47:12 -0500] "GET /BLA/boletinlegal/styles2.css HTTP/1.1" 200 1838
66.249.79.107 - - [09/Feb/2021:01:47:12 -0500] "GET /BLA/boletinlegal/js/jquery.js HTTP/1.1" 200 57254
66.249.79.107 - - [09/Feb/2021:01:47:13 -0500] "GET /BLA/boletinlegal/js/jquery.scrollTo-min.js HTTP/1.1" 200 1150
13.66.139.32 - - [09/Feb/2021:01:47:26 -0500] "GET /galeria/mapa/humedal.html? HTTP/1.1" 200 13190
114.119.159.6 - - [09/Feb/2021:01:47:35 -0500] "GET /BLA/resoluciones/AUTOS%202018/3606.pdf HTTP/1.1" 200 322671
190.131.192.209 - - [09/Feb/2021:01:47:42 -0500] "GET /galeria/nivo-slider/demo/images/banner%20proredes.jpg HTTP/1.1" 304 -
66.249.79.109 - - [09/Feb/2021:01:48:35 -0500] "GET /BLA/resoluciones/RESOLUCIONES%202008/2712.pdf HTTP/1.1" 200 334664
114.119.141.135 - - [09/Feb/2021:01:49:43 -0500] "GET /Anexos%20estudio%20Organizacional%20SDA/index.php?dir=ANEXO%2BNo.%2B1-%2BNORMAS%2BLEGALES%2BDE%2BESTRUCTURA%2BY%2BPLANTA%2FDecreto%2B109%2Bde%2B2009%2B-%2BModifica%2Bla%2Bestructura%2Bde%2Bla%2BSDA.jsp_files%2F&sort=name&order=desc HTTP/1.1" 200 6426
66.249.79.109 - - [09/Feb/2021:01:50:08 -0500] "GET /BLA/resoluciones/RESOLUCIONES%202009/9001.pdf HTTP/1.1" 200 728472
66.249.79.109 - - [09/Feb/2021:01:50:13 -0500] "GET /BLA/resoluciones/AUTOS%202012/3002.pdf HTTP/1.1" 200 2442265
69.162.124.227 - - [09/Feb/2021:01:50:40 -0500] "HEAD / HTTP/1.1" 200 -
66.249.79.111 - - [09/Feb/2021:01:50:49 -0500] "GET /BLA/resoluciones/AUTOS%202015/4710.pdf HTTP/1.1" 200 585986
192.241.150.125 - - [09/Feb/2021:01:50:51 -0500] "POST /boaform/admin/formLogin HTTP/1.1" 404 1186
66.249.79.107 - - [09/Feb/2021:01:51:01 -0500] "GET /BLA/resoluciones/RESOLUCIONES%202010/3576.pdf HTTP/1.1" 200 552929
181.142.222.222 - - [09/Feb/2021:01:51:28 -0500] "GET /galeria/galeria/jquery.fancybox.css?v=2.1.5 HTTP/1.1" 200 4895
181.142.222.222 - - [09/Feb/2021:01:51:28 -0500] "GET /BLA/boletinlegal/js/jquery.scrollShow.js HTTP/1.1" 200 4586
181.142.222.222 - - [09/Feb/2021:01:51:28 -0500] "GET /galeria/galeria/jquery.fancybox.js?v=2.1.5 HTTP/1.1" 200 48706
186.28.66.85 - - [09/Feb/2021:01:52:19 -0500] "GET /sipse/faces/index.xhtml HTTP/1.1" 200 677
186.28.66.85 - - [09/Feb/2021:01:52:20 -0500] "GET /sipse/faces/javax.faces.resource/theme.css?ln=primefaces-sipse HTTP/1.1" 304 -
186.28.66.85 - - [09/Feb/2021:01:52:20 -0500] "GET /sipse/faces/faces/autenticacion.xhtml HTTP/1.1" 200 12171
186.28.66.85 - - [09/Feb/2021:01:52:20 -0500] "GET /sipse/js/disable_browser_buttons.js HTTP/1.1" 200 3230
186.28.66.85 - - [09/Feb/2021:01:52:20 -0500] "GET /sipse/css/custom_css_sg.css HTTP/1.1" 200 9694
186.28.66.85 - - [09/Feb/2021:01:52:20 -0500] "GET /sipse/css/custom_css_sg_prime_login.css HTTP/1.1" 200 443
186.28.66.85 - - [09/Feb/2021:01:52:20 -0500] "GET /sipse/faces/javax.faces.resource/theme.css?ln=primefaces-sipse HTTP/1.1" 304 -
186.28.66.85 - - [09/Feb/2021:01:52:20 -0500] "GET /sipse/faces/javax.faces.resource/layout/layout.css?ln=primefaces&v=4.0 HTTP/1.1" 304 -
186.28.66.85 - - [09/Feb/2021:01:52:20 -0500] "GET /sipse/js/funciones.js HTTP/1.1" 200 12592
186.28.66.85 - - [09/Feb/2021:01:52:20 -0500] "GET /sipse/faces/javax.faces.resource/primefaces.css?ln=primefaces&v=4.0 HTTP/1.1" 304 -
186.28.66.85 - - [09/Feb/2021:01:52:20 -0500] "GET /sipse/faces/javax.faces.resource/jquery/jquery.js?ln=primefaces&v=4.0 HTTP/1.1" 304 -
186.28.66.85 - - [09/Feb/2021:01:52:20 -0500] "GET /sipse/faces/javax.faces.resource/jquery/jquery-plugins.js?ln=primefaces&v=4.0 HTTP/1.1" 304 -
186.28.66.85 - - [09/Feb/2021:01:52:20 -0500] "GET /sipse/faces/javax.faces.resource/primefaces.js?ln=primefaces&v=4.0 HTTP/1.1" 304 -
186.28.66.85 - - [09/Feb/2021:01:52:20 -0500] "GET /sipse/faces/javax.faces.resource/layout/layout.js?ln=primefaces&v=4.0 HTTP/1.1" 304 -
186.28.66.85 - - [09/Feb/2021:01:52:21 -0500] "GET /sipse/css/imagen/loginimg.png HTTP/1.1" 200 71635
186.28.66.85 - - [09/Feb/2021:01:52:21 -0500] "GET /sipse/faces/javax.faces.resource/images/ui-icons_898989_256x240.png?ln=primefaces-aristo HTTP/1.1" 304 -
186.28.66.85 - - [09/Feb/2021:01:52:21 -0500] "GET /sipse/css/imagen/logoSDG.png HTTP/1.1" 200 53064
186.28.66.85 - - [09/Feb/2021:01:52:28 -0500] "POST /sipse/faces/autenticacion.xhtml HTTP/1.1" 200 2217
186.28.66.85 - - [09/Feb/2021:01:52:29 -0500] "GET /sipse/faces/javax.faces.resource/messages/messages.png?ln=primefaces&v=4.0 HTTP/1.1" 304 -
186.28.66.85 - - [09/Feb/2021:01:52:29 -0500] "POST /sipse/faces/autenticacion.xhtml HTTP/1.1" 200 2221
186.28.66.85 - - [09/Feb/2021:01:52:31 -0500] "POST /sipse/faces/autenticacion.xhtml HTTP/1.1" 200 16047
186.28.66.85 - - [09/Feb/2021:01:52:32 -0500] "GET /sipse/js/jquery.min.js HTTP/1.1" 200 85582
186.28.66.85 - - [09/Feb/2021:01:52:32 -0500] "GET /sipse/faces/javax.faces.resource/jquery/jquery.js?ln=primefaces&v=4.0 HTTP/1.1" 304 -
186.28.66.85 - - [09/Feb/2021:01:52:32 -0500] "GET /sipse/faces/javax.faces.resource/jquery/jquery-plugins.js?ln=primefaces&v=4.0 HTTP/1.1" 304 -
186.28.66.85 - - [09/Feb/2021:01:52:32 -0500] "GET /sipse/faces/javax.faces.resource/primefaces.js?ln=primefaces&v=4.0 HTTP/1.1" 304 -
186.28.66.85 - - [09/Feb/2021:01:52:32 -0500] "GET /sipse/faces/javax.faces.resource/layout/layout.js?ln=primefaces&v=4.0 HTTP/1.1" 304 -
186.28.66.85 - - [09/Feb/2021:01:52:33 -0500] "GET /sipse/css/custom_css_sg_prime.css HTTP/1.1" 200 5201
186.28.66.85 - - [09/Feb/2021:01:52:33 -0500] "GET /sipse/faces/javax.faces.resource/theme.css?ln=primefaces-sipse HTTP/1.1" 304 -
186.28.66.85 - - [09/Feb/2021:01:52:33 -0500] "GET /sipse/faces/javax.faces.resource/layout/layout.css?ln=primefaces&v=4.0 HTTP/1.1" 304 -
186.28.66.85 - - [09/Feb/2021:01:52:33 -0500] "GET /sipse/faces/javax.faces.resource/primefaces.css?ln=primefaces&v=4.0 HTTP/1.1" 304 -
186.28.66.85 - - [09/Feb/2021:01:52:33 -0500] "GET /sipse/imagenes/cargando.gif HTTP/1.1" 200 36959
186.28.66.85 - - [09/Feb/2021:01:52:33 -0500] "GET /sipse/imagenes/logoAplicacion.jpg HTTP/1.1" 200 155084
186.28.66.85 - - [09/Feb/2021:01:52:33 -0500] "GET /sipse/css/imagen/contrasena.png HTTP/1.1" 404 383
114.119.137.98 - - [09/Feb/2021:01:52:37 -0500] "GET /robots.txt HTTP/1.1" 404 1018
186.28.66.85 - - [09/Feb/2021:01:52:38 -0500] "GET /sipse/faces/javax.faces.resource/images/ui-bg_flat_0_2d5972_40x100.png?ln=primefaces-aristo HTTP/1.1" 304 -
186.28.66.85 - - [09/Feb/2021:01:52:38 -0500] "POST /sipse/faces/bienvenido.xhtml HTTP/1.1" 200 2658
186.28.66.85 - - [09/Feb/2021:01:52:39 -0500] "POST /sipse/faces/bienvenido.xhtml HTTP/1.1" 200 61041
186.28.66.85 - - [09/Feb/2021:01:52:40 -0500] "GET /sipse/faces/javax.faces.resource/jquery/jquery.js?ln=primefaces&v=4.0 HTTP/1.1" 304 -
186.28.66.85 - - [09/Feb/2021:01:52:40 -0500] "GET /sipse/faces/javax.faces.resource/jquery/jquery-plugins.js?ln=primefaces&v=4.0 HTTP/1.1" 304 -
186.28.66.85 - - [09/Feb/2021:01:52:40 -0500] "GET /sipse/faces/javax.faces.resource/primefaces.js?ln=primefaces&v=4.0 HTTP/1.1" 304 -
186.28.66.85 - - [09/Feb/2021:01:52:40 -0500] "GET /sipse/faces/javax.faces.resource/layout/layout.js?ln=primefaces&v=4.0 HTTP/1.1" 304 -
186.28.66.85 - - [09/Feb/2021:01:52:40 -0500] "GET /sipse/faces/javax.faces.resource/theme.css?ln=primefaces-sipse HTTP/1.1" 304 -
186.28.66.85 - - [09/Feb/2021:01:52:41 -0500] "GET /sipse/faces/javax.faces.resource/layout/layout.css?ln=primefaces&v=4.0 HTTP/1.1" 304 -
186.28.66.85 - - [09/Feb/2021:01:52:41 -0500] "GET /sipse/faces/javax.faces.resource/primefaces.css?ln=primefaces&v=4.0 HTTP/1.1" 304 -
186.28.66.85 - - [09/Feb/2021:01:52:41 -0500] "POST /sipse/faces/presentacion/financiero/solicitudProceso/listarSolicitudProceso.xhtml HTTP/1.1" 200 1456
66.249.79.109 - - [09/Feb/2021:01:52:46 -0500] "GET /BLA/resoluciones/RESOLUCIONES%202009/6119.pdf HTTP/1.1" 200 316720
45.181.190.10 - - [09/Feb/2021:01:53:09 -0500] "GET /galeria/galeria/jquery.fancybox.css?v=2.1.5 HTTP/1.1" 200 4895
45.181.190.10 - - [09/Feb/2021:01:53:09 -0500] "GET /galeria/galeria/jquery.fancybox.js?v=2.1.5 HTTP/1.1" 200 48706
45.181.190.10 - - [09/Feb/2021:01:53:09 -0500] "GET /BLA/boletinlegal/js/jquery.scrollShow.js HTTP/1.1" 200 4586
66.249.79.109 - - [09/Feb/2021:01:54:09 -0500] "GET /BLA/resoluciones/RESOLUCIONES%202018/2566.pdf HTTP/1.1" 200 291217
208.80.194.29 - - [09/Feb/2021:01:54:33 -0500] "GET /galeria/nivo-slider/demo/inicio80.html HTTP/1.0" 200 4203
66.249.79.107 - - [09/Feb/2021:01:54:44 -0500] "GET /BLA/resoluciones/RESOLUCIONES%202009/3872.pdf HTTP/1.1" 200 523657
207.46.13.18 - - [09/Feb/2021:01:55:02 -0500] "GET /Anexos%20estudio%20Organizacional%20SDA/index.php?dir=ANEXO+No.+1-+NORMAS+LEGALES+DE+ESTRUCTURA+Y+PLANTA%2FAcuerdo+9+de+1990+Concejo+de+Bogot%E1._files%2F HTTP/1.1" 200 10511
192.241.150.125 - - [09/Feb/2021:01:55:17 -0500] "POST /boaform/admin/formLogin HTTP/1.1" 404 1186
69.162.124.227 - - [09/Feb/2021:01:55:40 -0500] "HEAD / HTTP/1.1" 200 -
66.249.79.109 - - [09/Feb/2021:01:56:41 -0500] "GET /BLA/resoluciones/RESOLUCIONES%202009/0392.pdf HTTP/1.1" 200 248598
66.249.79.109 - - [09/Feb/2021:01:57:14 -0500] "GET /BLA/resoluciones/RESOLUCIONES%202013/1626.pdf HTTP/1.1" 200 595328
186.84.22.223 - - [09/Feb/2021:01:57:41 -0500] "GET /galeria/galeria/jquery.fancybox.css?v=2.1.5 HTTP/1.1" 200 4895
186.84.22.223 - - [09/Feb/2021:01:57:41 -0500] "GET /galeria/galeria/jquery.fancybox.js?v=2.1.5 HTTP/1.1" 200 48706
186.84.22.223 - - [09/Feb/2021:01:57:41 -0500] "GET /BLA/boletinlegal/js/jquery.scrollShow.js HTTP/1.1" 200 4586
114.119.153.118 - - [09/Feb/2021:01:57:54 -0500] "GET /BLA/resoluciones/AUTOS%202013/2300.pdf HTTP/1.1" 200 753229
66.249.79.107 - - [09/Feb/2021:01:58:30 -0500] "GET /BLA/resoluciones/RESOLUCIONES%202009/8035.pdf HTTP/1.1" 200 419672
66.249.79.109 - - [09/Feb/2021:01:58:39 -0500] "GET /BLA/resoluciones/index.php?dir=RESOLUCIONES%202007/RES%202007%202401%20AL%202500/&sort=date&order=asc HTTP/1.1" 200 26869
89.248.168.108 - - [09/Feb/2021:01:59:25 -0500] "POST /boaform/admin/formLogin HTTP/1.1" 404 1186
114.119.157.103 - - [09/Feb/2021:01:59:49 -0500] "GET /Anexos%20estudio%20Organizacional%20SDA/index.php?dir=ANEXO%20No.%204%20-%20ENCUESTA%20DE%20AN%C3%83%C2%AF%C3%82%C2%BF%C3%82%C2%BDLISIS%20ORGANIZACIONAL%2F&sort=date&order=desc HTTP/1.1" 200 6192
66.249.79.109 - - [09/Feb/2021:01:59:57 -0500] "GET /BLA/resoluciones/RESOLUCIONES%202008/3098.pdf HTTP/1.1" 200 469849
66.249.79.107 - - [09/Feb/2021:02:00:17 -0500] "GET /resoluciones/RESOLUCIONES%202009/7800.pdf HTTP/1.1" 404 1018
66.249.68.45 - - [09/Feb/2021:02:00:36 -0500] "GET /Anexos%20estudio%20Organizacional%20SDA/index.php?dir=ANEXO%20No.%203-%20CONTRATACI%D3N%20%20OPS%B4s%202008-2012/&sort=date&order=asc HTTP/1.1" 200 3477
69.162.124.227 - - [09/Feb/2021:02:00:40 -0500] "HEAD / HTTP/1.1" 200 -
192.241.150.125 - - [09/Feb/2021:02:01:14 -0500] "POST /boaform/admin/formLogin HTTP/1.1" 404 1186
66.249.79.111 - - [09/Feb/2021:02:02:33 -0500] "GET /BLA/resoluciones/RESOLUCIONES%202009/1348.pdf HTTP/1.1" 200 535813
157.55.39.152 - - [09/Feb/2021:02:02:44 -0500] "GET /BLA/resoluciones/RESOLUCIONES%202000/2000%202400-2449.tif HTTP/1.1" 200 4536154
66.249.79.107 - - [09/Feb/2021:02:02:59 -0500] "GET /BLA/resoluciones/RESOLUCIONES%202012/0721.pdf HTTP/1.1" 200 371031
114.119.156.120 - - [09/Feb/2021:02:03:10 -0500] "GET /silvicultura/2.pdf HTTP/1.1" 200 176603
161.18.137.222 - - [09/Feb/2021:02:03:31 -0500] "GET /reportes_sipse/sdg/ServletReporte?reporte=experienia_idoneidad&solicitud=12730&pfdrid_c=false HTTP/1.1" 200 130829
201.245.192.253 - - [09/Feb/2021:02:03:03 -0500] "POST /kwsrmcab/Wsrmcab HTTP/1.1" 200 213
161.18.137.222 - - [09/Feb/2021:02:04:01 -0500] "GET /reportes_sipse/sdg/ServletReporte?reporte=experienia_idoneidad&solicitud=12510&pfdrid_c=false HTTP/1.1" 200 103568
89.248.168.108 - - [09/Feb/2021:02:04:17 -0500] "POST /boaform/admin/formLogin HTTP/1.1" 404 1186
66.249.68.43 - - [09/Feb/2021:02:04:31 -0500] "GET /Residuos/ HTTP/1.1" 200 4955
186.31.3.169 - - [09/Feb/2021:02:04:48 -0500] "GET /BLA/boletinlegal/js/jquery.scrollShow.js HTTP/1.1" 200 4586
186.31.3.169 - - [09/Feb/2021:02:04:48 -0500] "GET /galeria/galeria/jquery.fancybox.css?v=2.1.5 HTTP/1.1" 200 4895
186.31.3.169 - - [09/Feb/2021:02:04:48 -0500] "GET /galeria/galeria/jquery.fancybox.js?v=2.1.5 HTTP/1.1" 200 48706
69.162.124.227 - - [09/Feb/2021:02:05:40 -0500] "HEAD / HTTP/1.1" 200 -
192.241.150.125 - - [09/Feb/2021:02:05:46 -0500] "POST /boaform/admin/formLogin HTTP/1.1" 404 1186
66.249.79.107 - - [09/Feb/2021:02:06:12 -0500] "GET /BLA/resoluciones/Autos%202008/0536.pdf HTTP/1.1" 200 173328
161.18.137.222 - - [09/Feb/2021:02:06:25 -0500] "GET /reportes_sipse/sdg/ServletReporte?reporte=experienia_idoneidad&solicitud=12510&pfdrid_c=false HTTP/1.1" 200 103568
66.249.79.109 - - [09/Feb/2021:02:06:28 -0500] "GET /BLA/resoluciones/RESOLUCIONES%202017/3428.pdf HTTP/1.1" 200 503603
161.18.137.222 - - [09/Feb/2021:02:07:39 -0500] "GET /reportes_sipse/sdg/ServletReporte?reporte=experienia_idoneidad&solicitud=12510&pfdrid_c=false HTTP/1.1" 200 103568
161.18.137.222 - - [09/Feb/2021:02:07:52 -0500] "GET /reportes_sipse/sdg/ServletReporte?reporte=no_hay&solicitud=12510&pfdrid_c=false HTTP/1.1" 200 129567
114.119.153.118 - - [09/Feb/2021:02:08:26 -0500] "GET /BLA/resoluciones/Notificaciones/AUTOS%202014/5561.doc HTTP/1.1" 200 164864
161.18.137.222 - - [09/Feb/2021:02:08:49 -0500] "GET /reportes_sipse/sdg/ServletReporte?reporte=no_hay&solicitud=12510&pfdrid_c=false HTTP/1.1" 200 129567
66.249.79.111 - - [09/Feb/2021:02:09:03 -0500] "GET /BLA/resoluciones/AUTOS%202013/2701.pdf HTTP/1.1" 200 394736
190.158.4.249 - - [09/Feb/2021:02:09:10 -0500] "GET /galeria/galeria/jquery.fancybox.css?v=2.1.5 HTTP/1.1" 200 4895
190.158.4.249 - - [09/Feb/2021:02:09:10 -0500] "GET /galeria/galeria/jquery.fancybox.js?v=2.1.5 HTTP/1.1" 200 48706
190.158.4.249 - - [09/Feb/2021:02:09:10 -0500] "GET /BLA/boletinlegal/js/jquery.scrollShow.js HTTP/1.1" 200 4586
161.18.137.222 - - [09/Feb/2021:02:10:15 -0500] "GET /reportes_sipse/sdg/ServletReporte?reporte=no_hay&solicitud=12510&pfdrid_c=false HTTP/1.1" 200 129567
201.245.192.253 - - [09/Feb/2021:02:09:37 -0500] "POST /kwsrmcab/Wsrmcab HTTP/1.1" 200 46768
192.241.150.125 - - [09/Feb/2021:02:10:10 -0500] "POST /boaform/admin/formLogin HTTP/1.1" 404 1186
201.245.192.253 - - [09/Feb/2021:02:09:38 -0500] "POST /kwsrmcab/Wsrmcab HTTP/1.1" 200 47053
69.162.124.227 - - [09/Feb/2021:02:10:40 -0500] "HEAD / HTTP/1.1" 200 -
40.77.167.5 - - [09/Feb/2021:02:11:03 -0500] "GET /BLA/resoluciones/RESOLUCIONES%202000/2000%202050-2099.tif HTTP/1.1" 200 4179547
201.245.192.253 - - [09/Feb/2021:02:10:22 -0500] "POST /kwsrmcab/Wsrmcab HTTP/1.1" 200 46768
72.14.199.16 - - [09/Feb/2021:02:11:47 -0500] "GET /galeria/galeria/jquery.fancybox.js?v=2.1.5 HTTP/1.1" 200 48706
72.14.199.12 - - [09/Feb/2021:02:11:49 -0500] "GET /BLA/boletinlegal/js/jquery.scrollShow.js HTTP/1.1" 200 4586
66.249.79.75 - - [09/Feb/2021:02:12:20 -0500] "GET /Autoliquidacion/index.php?dir=RECEPCI%D3N%20DE%20PETICIONES%20PQRSF/&sort=name&order=asc HTTP/1.1" 200 2059
72.14.199.12 - - [09/Feb/2021:02:12:34 -0500] "GET /galeria/galeria/jquery.fancybox.css?v=2.1.5 HTTP/1.1" 200 4895
114.119.130.154 - - [09/Feb/2021:02:12:42 -0500] "GET /Autoliquidacion/index.php?dir=Cobro%2BClasificacion%2BUso%2BDe%2BVivenda%2BEn%2BSuelo%2BRestringido%2F&sort=date&order=desc HTTP/1.1" 200 6948
114.119.156.120 - - [09/Feb/2021:02:13:42 -0500] "GET /BLA/resoluciones/RESOLUCIONES%202012/1168.pdf HTTP/1.1" 200 1795780
201.245.192.253 - - [09/Feb/2021:02:13:03 -0500] "POST /kwsrmcab/Wsrmcab HTTP/1.1" 200 120398
66.249.79.187 - - [09/Feb/2021:02:14:18 -0500] "GET /BLA/boletinlegal/Directivas/2017/Directiva%20No.%2001%20del%2027%20de%20Junio%20de%202018.pdf HTTP/1.1" 200 217496
177.249.162.69 - - [09/Feb/2021:02:14:23 -0500] "GET /galeria/galeria/jquery.fancybox.css?v=2.1.5 HTTP/1.1" 200 4895
177.249.162.69 - - [09/Feb/2021:02:14:23 -0500] "GET /BLA/boletinlegal/js/jquery.scrollShow.js HTTP/1.1" 200 4586
177.249.162.69 - - [09/Feb/2021:02:14:23 -0500] "GET /galeria/galeria/jquery.fancybox.js?v=2.1.5 HTTP/1.1" 200 48706
181.61.205.189 - - [09/Feb/2021:02:14:31 -0500] "GET /BLA/boletinlegal/js/jquery.scrollShow.js HTTP/1.1" 200 4586
181.61.205.189 - - [09/Feb/2021:02:14:31 -0500] "GET /galeria/galeria/jquery.fancybox.js?v=2.1.5 HTTP/1.1" 200 48706
181.61.205.189 - - [09/Feb/2021:02:14:31 -0500] "GET /galeria/galeria/jquery.fancybox.css?v=2.1.5 HTTP/1.1" 200 4895
192.241.150.125 - - [09/Feb/2021:02:15:10 -0500] "POST /boaform/admin/formLogin HTTP/1.1" 404 1186
52.162.211.179 - - [09/Feb/2021:02:15:32 -0500] "GET /BLA/boletinlegal/js/jquery.scrollShow.js HTTP/1.1" 200 4586
52.162.211.179 - - [09/Feb/2021:02:15:32 -0500] "GET /galeria/galeria/jquery.fancybox.js?v=2.1.5 HTTP/1.1" 200 48706
52.162.211.179 - - [09/Feb/2021:02:15:33 -0500] "GET /galeria/galeria/jquery.fancybox.css?v=2.1.5 HTTP/1.1" 200 4895
69.162.124.227 - - [09/Feb/2021:02:15:40 -0500] "HEAD / HTTP/1.1" 200 -
52.162.211.179 - - [09/Feb/2021:02:15:51 -0500] "GET /BLA/boletinlegal/js/jquery.scrollShow.js HTTP/1.1" 200 4586
52.162.211.179 - - [09/Feb/2021:02:15:51 -0500] "GET /galeria/galeria/jquery.fancybox.js?v=2.1.5 HTTP/1.1" 200 48706
52.162.211.179 - - [09/Feb/2021:02:15:51 -0500] "GET /galeria/galeria/jquery.fancybox.css?v=2.1.5 HTTP/1.1" 200 4895
66.249.79.109 - - [09/Feb/2021:02:16:15 -0500] "GET /BLA/boletinlegal/jurisprudencia/analisis/AnalisisT-146-16.docx HTTP/1.1" 200 23021
66.249.79.111 - - [09/Feb/2021:02:18:12 -0500] "GET /BLA/resoluciones/RESOLUCIONES%202019/2151.pdf HTTP/1.1" 200 322701
89.248.168.108 - - [09/Feb/2021:02:18:37 -0500] "POST /boaform/admin/formLogin HTTP/1.1" 404 1186
114.119.146.206 - - [09/Feb/2021:02:18:58 -0500] "GET /BLA/resoluciones/AUTOS%202007/3763.pdf HTTP/1.1" 200 203030
66.249.79.109 - - [09/Feb/2021:02:19:56 -0500] "GET /galeria/nivo-slider/demo/images/bannerincendiosforestales.jpg HTTP/1.1" 304 -
181.61.34.141 - - [09/Feb/2021:02:19:56 -0500] "GET /galeria/galeria/jquery.fancybox.css?v=2.1.5 HTTP/1.1" 200 4895
181.61.34.141 - - [09/Feb/2021:02:19:56 -0500] "GET /BLA/boletinlegal/js/jquery.scrollShow.js HTTP/1.1" 200 4586
181.61.34.141 - - [09/Feb/2021:02:19:56 -0500] "GET /galeria/galeria/jquery.fancybox.js?v=2.1.5 HTTP/1.1" 200 48706
66.249.79.109 - - [09/Feb/2021:02:20:10 -0500] "GET /BLA/resoluciones/RESOLUCIONES%202011/6032.pdf HTTP/1.1" 200 761709
201.245.192.253 - - [09/Feb/2021:02:19:38 -0500] "POST /kwsrmcab/Wsrmcab HTTP/1.1" 200 47053
69.162.124.227 - - [09/Feb/2021:02:20:40 -0500] "HEAD / HTTP/1.1" 200 -
201.245.192.253 - - [09/Feb/2021:02:20:22 -0500] "POST /kwsrmcab/Wsrmcab HTTP/1.1" 200 46768
192.241.150.125 - - [09/Feb/2021:02:21:05 -0500] "POST /boaform/admin/formLogin HTTP/1.1" 404 1186
89.248.168.108 - - [09/Feb/2021:02:21:54 -0500] "HEAD / HTTP/1.0" 200 -
66.249.79.109 - - [09/Feb/2021:02:22:07 -0500] "GET /Publicaciones/2020EE237378.pdf HTTP/1.1" 404 228
161.18.137.222 - - [09/Feb/2021:02:22:39 -0500] "GET /reportes_sipse/sdg/ServletReporte?reporte=no_hay&solicitud=12510&pfdrid_c=false HTTP/1.1" 200 129567
159.89.33.109 - - [09/Feb/2021:02:22:43 -0500] "HEAD / HTTP/1.1" 200 -
66.249.79.111 - - [09/Feb/2021:02:23:36 -0500] "GET /BLA/resoluciones/RESOLUCIONES%202007/RES%202007%204001%20AL%204100/RESOLUCION%204042%20DE%202007.pdf HTTP/1.1" 200 218714
66.249.79.109 - - [09/Feb/2021:02:23:51 -0500] "GET /BLA/resoluciones/AUTOS%202008/1972.pdf HTTP/1.1" 200 90468
66.249.79.107 - - [09/Feb/2021:02:24:05 -0500] "GET /BLA/resoluciones/RESOLUCIONES%202009/0892.pdf HTTP/1.1" 200 435976
114.119.135.169 - - [09/Feb/2021:02:24:14 -0500] "GET /BLA/resoluciones/RESOLUCIONES%202014/2412.pdf HTTP/1.1" 200 273134
157.55.39.201 - - [09/Feb/2021:02:24:57 -0500] "GET /images/RMCAB.jpg HTTP/1.1" 200 49926
66.249.68.47 - - [09/Feb/2021:02:25:24 -0500] "GET /dama/libreria/pdf/pdf_entrenubes/a3.pdf HTTP/1.1" 404 1019
69.162.124.227 - - [09/Feb/2021:02:25:40 -0500] "HEAD / HTTP/1.1" 200 -
66.249.79.107 - - [09/Feb/2021:02:26:02 -0500] "GET /BLA/resoluciones/RESOLUCIONES%202009/2068.pdf HTTP/1.1" 200 452817
161.18.137.222 - - [09/Feb/2021:02:26:05 -0500] "GET /reportes_sipse/sdg/ServletReporte?reporte=no_hay&solicitud=12510&pfdrid_c=false HTTP/1.1" 200 129567
192.241.150.125 - - [09/Feb/2021:02:26:02 -0500] "POST /boaform/admin/formLogin HTTP/1.1" 404 1186
66.249.88.45 - - [09/Feb/2021:02:27:05 -0500] "GET /galeria/galeria/jquery.fancybox.css?v=2.1.5 HTTP/1.1" 200 4895
66.249.88.47 - - [09/Feb/2021:02:27:05 -0500] "GET /BLA/boletinlegal/js/jquery.scrollShow.js HTTP/1.1" 200 4586
66.249.88.45 - - [09/Feb/2021:02:27:06 -0500] "GET /galeria/galeria/jquery.fancybox.js?v=2.1.5 HTTP/1.1" 200 48706
161.18.137.222 - - [09/Feb/2021:02:27:21 -0500] "GET /reportes_sipse/sdg/ServletReporte?reporte=no_hay&solicitud=12510&pfdrid_c=false HTTP/1.1" 200 129567
66.249.79.109 - - [09/Feb/2021:02:27:59 -0500] "GET /Publicaciones/2020EE207605.pdf HTTP/1.1" 404 228
66.249.79.107 - - [09/Feb/2021:02:28:08 -0500] "GET /BLA/resoluciones/AUTOS%202009/2587.pdf HTTP/1.1" 200 86907
45.236.168.6 - - [09/Feb/2021:02:29:39 -0500] "GET /galeria/galeria/jquery.fancybox.css?v=2.1.5 HTTP/1.1" 200 4895
45.236.168.6 - - [09/Feb/2021:02:29:39 -0500] "GET /BLA/boletinlegal/js/jquery.scrollShow.js HTTP/1.1" 200 4586
45.236.168.6 - - [09/Feb/2021:02:29:39 -0500] "GET /galeria/galeria/jquery.fancybox.js?v=2.1.5 HTTP/1.1" 200 48706
66.249.79.107 - - [09/Feb/2021:02:29:57 -0500] "GET /BLA/resoluciones/AUTOS%202012/0120.pdf HTTP/1.1" 200 708475
114.119.159.6 - - [09/Feb/2021:02:29:59 -0500] "GET /BLA/resoluciones/RESOLUCIONES%202018/2799.pdf HTTP/1.1" 200 280787
190.9.203.216 - - [09/Feb/2021:02:30:17 -0500] "GET /BLA/boletinlegal/js/jquery.scrollShow.js HTTP/1.1" 200 4586
190.9.203.216 - - [09/Feb/2021:02:30:17 -0500] "GET /galeria/galeria/jquery.fancybox.js?v=2.1.5 HTTP/1.1" 200 48706
190.9.203.216 - - [09/Feb/2021:02:30:17 -0500] "GET /galeria/galeria/jquery.fancybox.css?v=2.1.5 HTTP/1.1" 200 4895
190.9.203.216 - - [09/Feb/2021:02:30:18 -0500] "GET /galeria/carrusel/Carrusel/jquery.thumbnailScroller.css HTTP/1.1" 200 2066
190.9.203.216 - - [09/Feb/2021:02:30:18 -0500] "GET /galeria/carrusel/Carrusel/jquery-ui-1.8.13.custom.min.js HTTP/1.1" 200 10800
190.9.203.216 - - [09/Feb/2021:02:30:18 -0500] "GET /galeria/carrusel/Carrusel/jquery.thumbnailScroller.js HTTP/1.1" 200 8157
201.245.192.253 - - [09/Feb/2021:02:29:37 -0500] "POST /kwsrmcab/Wsrmcab HTTP/1.1" 200 47053
192.241.150.125 - - [09/Feb/2021:02:30:24 -0500] "POST /boaform/admin/formLogin HTTP/1.1" 404 1186
69.162.124.227 - - [09/Feb/2021:02:30:40 -0500] "HEAD / HTTP/1.1" 200 -
201.245.192.253 - - [09/Feb/2021:02:30:22 -0500] "POST /kwsrmcab/Wsrmcab HTTP/1.1" 200 46768
66.249.79.109 - - [09/Feb/2021:02:31:29 -0500] "GET /BLA/resoluciones/RESOLUCIONES%202010/3894.pdf HTTP/1.1" 200 700616
66.249.79.107 - - [09/Feb/2021:02:31:54 -0500] "GET /BLA/resoluciones/RESOLUCIONES%202011/2668.pdf HTTP/1.1" 200 780562
20.36.244.102 - - [09/Feb/2021:02:31:52 -0500] "GET /noticias/rssambiente.php HTTP/1.1" 200 10776
66.249.79.109 - - [09/Feb/2021:02:32:43 -0500] "GET /BLA/resoluciones/RESOLUCIONES%202009/9560.pdf HTTP/1.1" 200 501405
66.249.68.47 - - [09/Feb/2021:02:33:02 -0500] "GET /Residuos/quimicos/quimicos.html HTTP/1.1" 200 1959
66.249.68.43 - - [09/Feb/2021:02:33:37 -0500] "GET /Residuos/impresion/impresion.html HTTP/1.1" 200 1961
201.245.192.253 - - [09/Feb/2021:02:33:03 -0500] "POST /kwsrmcab/Wsrmcab HTTP/1.1" 200 120398
66.249.79.111 - - [09/Feb/2021:02:33:51 -0500] "GET /sia/principalAutenticado.jspx HTTP/1.1" 200 2520
66.249.79.111 - - [09/Feb/2021:02:33:55 -0500] "GET /sia/css/inicioStyle.css HTTP/1.1" 200 1544
66.249.79.107 - - [09/Feb/2021:02:33:55 -0500] "GET /sia/css/sia.css HTTP/1.1" 200 66468
66.249.79.109 - - [09/Feb/2021:02:34:17 -0500] "GET /BLA/resoluciones/RESOLUCIONES%202007/RES%202007%204001%20AL%204100/RESOLUCION%204072%20DE%202007.pdf HTTP/1.1" 200 467300
66.249.68.47 - - [09/Feb/2021:02:34:20 -0500] "GET /Residuos/vehiculos/vehiculos.html HTTP/1.1" 200 1961
114.119.142.12 - - [09/Feb/2021:02:34:45 -0500] "GET /BLA/resoluciones/RESOLUCIONES%202007/RES%202007%202001%20AL%202100/RESOLUCION%202008%20DE%202007.pdf HTTP/1.1" 200 804473
66.249.68.45 - - [09/Feb/2021:02:35:12 -0500] "GET /Residuos/cosmeticos/cosmeticos.html HTTP/1.1" 200 1963
69.162.124.227 - - [09/Feb/2021:02:35:40 -0500] "HEAD / HTTP/1.1" 200 -
66.249.79.107 - - [09/Feb/2021:02:35:49 -0500] "GET /BLA/resoluciones/RESOLUCIONES%202013/2700.pdf HTTP/1.1" 200 1222261
66.249.79.109 - - [09/Feb/2021:02:35:56 -0500] "GET /galeria/nivo-slider/demo/demo.html HTTP/1.1" 404 2116
66.249.79.109 - - [09/Feb/2021:02:35:56 -0500] "GET /resoluciones/RESOLUCIONES%202007/RES%202007%20701%20AL%20800/RESOLUCION%200717%20DE%202007.pdf HTTP/1.1" 404 1018
192.241.150.125 - - [09/Feb/2021:02:35:58 -0500] "POST /boaform/admin/formLogin HTTP/1.1" 404 1186
192.99.160.200 - - [09/Feb/2021:02:36:37 -0500] "GET /robots.txt HTTP/1.1" 404 1015
66.249.68.45 - - [09/Feb/2021:02:37:08 -0500] "GET /Residuos/metalmecanica/metalmecanica.html HTTP/1.1" 200 1969
212.129.57.169 - - [09/Feb/2021:02:37:13 -0500] "GET /galeria/galeria/jquery.fancybox.css?v=2.1.5 HTTP/1.1" 200 4895
192.99.160.200 - - [09/Feb/2021:02:37:27 -0500] "GET /Autoliquidacion/Grupo%20Forestal%20-%20Silvicultura/Ficha%20t%C3%A9cnica%20de%20registro%20de%20poda.xlsm/ HTTP/1.1" 404 1015
66.249.79.107 - - [09/Feb/2021:02:37:46 -0500] "GET /BLA/resoluciones/Notificaciones/AUTOS%202017/3735.pdf HTTP/1.1" 200 302103
66.249.79.107 - - [09/Feb/2021:02:38:13 -0500] "GET /BLA/resoluciones/AUTOS%202012/1619.pdf HTTP/1.1" 200 392969
66.249.79.109 - - [09/Feb/2021:02:38:19 -0500] "GET /BLA/resoluciones/RESOLUCIONES%202019/3918.pdf HTTP/1.1" 200 258617
66.249.79.109 - - [09/Feb/2021:02:39:25 -0500] "GET /BLA/resoluciones/RESOLUCIONES%202007/RES%202007%203501%20AL%203600/RESOLUCION%203547%20DE%202007.pdf HTTP/1.1" 200 766604
66.249.79.109 - - [09/Feb/2021:02:39:44 -0500] "GET /BLA/resoluciones/AUTOS%202014/1390.pdf HTTP/1.1" 200 466928
192.241.150.125 - - [09/Feb/2021:02:39:47 -0500] "POST /boaform/admin/formLogin HTTP/1.1" 404 1186
114.119.153.118 - - [09/Feb/2021:02:40:01 -0500] "GET /BLA/resoluciones/AUTOS%202013/0819.pdf HTTP/1.1" 200 433410
69.162.124.227 - - [09/Feb/2021:02:40:40 -0500] "HEAD / HTTP/1.1" 200 -
192.35.168.64 - - [09/Feb/2021:02:40:44 -0500] "GET / HTTP/1.1" 200 9990
66.249.79.109 - - [09/Feb/2021:02:41:21 -0500] "GET /BLA/resoluciones/RESOLUCIONES%202013/1619.pdf HTTP/1.1" 200 643986
66.249.79.109 - - [09/Feb/2021:02:41:41 -0500] "GET /BLA/resoluciones/RESOLUCIONES%202009/5811.pdf HTTP/1.1" 200 94211
66.249.79.109 - - [09/Feb/2021:02:43:38 -0500] "GET /BLA/resoluciones/RESOLUCIONES%202009/5617.pdf HTTP/1.1" 200 64334
201.245.192.253 - - [09/Feb/2021:02:43:02 -0500] "POST /kwsrmcab/Wsrmcab HTTP/1.1" 200 120398
152.61.192.232 - - [09/Feb/2021:02:44:21 -0500] "GET / HTTP/1.1" 200 9990
152.61.192.232 - - [09/Feb/2021:02:44:21 -0500] "GET /arcgis/services/Calidad_del_Agua_WQI/MapServer/WMSServer?request=GetCapabilities&service=WMS HTTP/1.1" 503 1020
152.61.192.232 - - [09/Feb/2021:02:44:42 -0500] "GET /arcgis/services/Calidad_del_Agua_WQI/MapServer/WMSServer?SERVICE=WMS&REQUEST=GetCapabilities HTTP/1.1" 503 1020
152.61.192.232 - - [09/Feb/2021:02:44:42 -0500] "GET /arcgis/services/Calidad_del_Agua_WQI/MapServer/WMSServer?WMTVER=1.0.0&REQUEST=capabilities HTTP/1.1" 503 1020
192.241.150.125 - - [09/Feb/2021:02:44:52 -0500] "POST /boaform/admin/formLogin HTTP/1.1" 404 1186
114.119.130.12 - - [09/Feb/2021:02:45:17 -0500] "GET /BLA/resoluciones/AUTOS%202015/1430.pdf HTTP/1.1" 200 549164
66.249.79.107 - - [09/Feb/2021:02:45:36 -0500] "GET /BLA/resoluciones/RESOLUCIONES%202008/1670.pdf HTTP/1.1" 200 67962
69.162.124.227 - - [09/Feb/2021:02:45:40 -0500] "HEAD / HTTP/1.1" 200 -
66.249.79.107 - - [09/Feb/2021:02:46:10 -0500] "GET /BLA/resoluciones/RESOLUCIONES%202009/8666.pdf HTTP/1.1" 200 582726
66.249.79.109 - - [09/Feb/2021:02:47:33 -0500] "GET /BLA/resoluciones/RESOLUCIONES%202009/3353.pdf HTTP/1.1" 304 -
123.183.224.166 - - [09/Feb/2021:02:47:42 -0500] "GET / HTTP/1.1" 200 9990
106.38.241.66 - - [09/Feb/2021:02:48:01 -0500] "GET / HTTP/1.1" 200 9990
181.58.174.6 - - [09/Feb/2021:02:49:18 -0500] "GET /BLA/boletinlegal/js/jquery.scrollShow.js HTTP/1.1" 200 4586
181.58.174.6 - - [09/Feb/2021:02:49:18 -0500] "GET /galeria/galeria/jquery.fancybox.css?v=2.1.5 HTTP/1.1" 200 4895
181.58.174.6 - - [09/Feb/2021:02:49:18 -0500] "GET /galeria/galeria/jquery.fancybox.js?v=2.1.5 HTTP/1.1" 200 48706
181.58.174.6 - - [09/Feb/2021:02:49:18 -0500] "GET /galeria/carrusel/Carrusel/jquery.thumbnailScroller.css HTTP/1.1" 200 2066
181.58.174.6 - - [09/Feb/2021:02:49:18 -0500] "GET /galeria/carrusel/Carrusel/jquery-ui-1.8.13.custom.min.js HTTP/1.1" 200 10800
181.58.174.6 - - [09/Feb/2021:02:49:18 -0500] "GET /galeria/carrusel/Carrusel/jquery.thumbnailScroller.js HTTP/1.1" 200 8157
181.58.174.6 - - [09/Feb/2021:02:49:18 -0500] "GET /galeria/nivo-slider/demo/inicio80.html HTTP/1.1" 200 4203
181.58.174.6 - - [09/Feb/2021:02:49:18 -0500] "GET /galeria/nivo-slider/themes/default/default.css HTTP/1.1" 200 1569
181.58.174.6 - - [09/Feb/2021:02:49:18 -0500] "GET /galeria/nivo-slider/themes/orman/orman.css HTTP/1.1" 200 2152
181.58.174.6 - - [09/Feb/2021:02:49:18 -0500] "GET /galeria/nivo-slider/themes/pascal/pascal.css HTTP/1.1" 200 2258
181.58.174.6 - - [09/Feb/2021:02:49:18 -0500] "GET /galeria/nivo-slider/nivo-slider.css HTTP/1.1" 200 1507
181.58.174.6 - - [09/Feb/2021:02:49:18 -0500] "GET /galeria/nivo-slider/demo/style.css HTTP/1.1" 200 2222
181.58.174.6 - - [09/Feb/2021:02:49:18 -0500] "GET /galeria/nivo-slider/demo/scripts/jquery-1.7.1.min.js HTTP/1.1" 200 93868
181.58.174.6 - - [09/Feb/2021:02:49:18 -0500] "GET /galeria/nivo-slider/themes/default/loading.gif HTTP/1.1" 200 1737
181.58.174.6 - - [09/Feb/2021:02:49:18 -0500] "GET /galeria/nivo-slider/demo/images/Bannervirtualescanales.jpg HTTP/1.1" 200 174544
181.58.174.6 - - [09/Feb/2021:02:49:18 -0500] "GET /galeria/nivo-slider/jquery.nivo.slider.pack.js HTTP/1.1" 200 11561
181.58.174.6 - - [09/Feb/2021:02:49:18 -0500] "GET /galeria/nivo-slider/demo/images/bannerbasuras.jpg HTTP/1.1" 200 274160
181.58.174.6 - - [09/Feb/2021:02:49:18 -0500] "GET /galeria/nivo-slider/demo/images/banneribocaenero.jpg HTTP/1.1" 200 238117
181.58.174.6 - - [09/Feb/2021:02:49:18 -0500] "GET /galeria/nivo-slider/demo/images/4Simple_Slider.png HTTP/1.1" 200 11722
181.58.174.6 - - [09/Feb/2021:02:49:18 -0500] "GET /galeria/nivo-slider/demo/images/bannertingua2021.jpg HTTP/1.1" 200 187605
181.58.174.6 - - [09/Feb/2021:02:49:18 -0500] "GET /galeria/nivo-slider/demo/images/bannerclases2021.jpg HTTP/1.1" 200 68230
181.58.174.6 - - [09/Feb/2021:02:49:18 -0500] "GET /galeria/nivo-slider/demo/images/banner2020acercar.jpg HTTP/1.1" 200 180505
181.58.174.6 - - [09/Feb/2021:02:49:18 -0500] "GET /galeria/nivo-slider/demo/images/bannerincendiosforestales.jpg HTTP/1.1" 200 237511
181.58.174.6 - - [09/Feb/2021:02:49:18 -0500] "GET /galeria/nivo-slider/demo/images/Bannercuidate.jpg HTTP/1.1" 200 75508
181.58.174.6 - - [09/Feb/2021:02:49:18 -0500] "GET /galeria/nivo-slider/demo/images/bannerresiduos.jpg HTTP/1.1" 200 155409
181.58.174.6 - - [09/Feb/2021:02:49:18 -0500] "GET /galeria/nivo-slider/demo/images/bannerbioseguridad.jpg HTTP/1.1" 200 228661
181.58.174.6 - - [09/Feb/2021:02:49:18 -0500] "GET /galeria/nivo-slider/demo/images/bannerbolsas.jpg HTTP/1.1" 200 283727
181.58.174.6 - - [09/Feb/2021:02:49:21 -0500] "GET /galeria/nivo-slider/themes/default/bullets.png HTTP/1.1" 200 1281
181.58.174.6 - - [09/Feb/2021:02:49:21 -0500] "GET /galeria/nivo-slider/themes/default/arrows.png HTTP/1.1" 200 824
66.249.79.111 - - [09/Feb/2021:02:49:31 -0500] "GET /BLA/resoluciones/RESOLUCIONES%202009/1414.pdf HTTP/1.1" 200 448937
192.241.150.125 - - [09/Feb/2021:02:50:22 -0500] "POST /boaform/admin/formLogin HTTP/1.1" 404 1186
114.119.135.169 - - [09/Feb/2021:02:50:34 -0500] "GET /BLA/resoluciones/AUTOS%202015/3301.pdf HTTP/1.1" 200 542734
69.162.124.227 - - [09/Feb/2021:02:50:40 -0500] "HEAD / HTTP/1.1" 200 -
66.249.79.107 - - [09/Feb/2021:02:51:28 -0500] "GET /Publicaciones/2020EE213880.pdf HTTP/1.1" 404 228
40.77.167.5 - - [09/Feb/2021:02:53:02 -0500] "GET /BLA/resoluciones/RESOLUCIONES%202000/2000%20250-299.tif HTTP/1.1" 200 2321812
66.249.79.73 - - [09/Feb/2021:02:53:25 -0500] "GET /Autoliquidacion/index.php?dir=TR%C1MITES%20MINER%CDA/&sort=date&order=desc HTTP/1.1" 200 3241
200.63.107.91 - - [09/Feb/2021:02:53:26 -0500] "GET /galeria/galeria/jquery.fancybox.css?v=2.1.5 HTTP/1.1" 200 4895
200.63.107.91 - - [09/Feb/2021:02:53:26 -0500] "GET /BLA/boletinlegal/js/jquery.scrollShow.js HTTP/1.1" 200 4586
200.63.107.91 - - [09/Feb/2021:02:53:26 -0500] "GET /galeria/galeria/jquery.fancybox.js?v=2.1.5 HTTP/1.1" 200 48706
66.249.79.107 - - [09/Feb/2021:02:53:31 -0500] "GET /BLA/resoluciones/RESOLUCIONES%202012/0416.pdf HTTP/1.1" 200 412829
201.245.192.253 - - [09/Feb/2021:02:53:03 -0500] "POST /kwsrmcab/Wsrmcab HTTP/1.1" 200 120398
66.249.79.107 - - [09/Feb/2021:02:53:57 -0500] "GET /BLA/resoluciones/RESOLUCIONES%202009/5142.pdf HTTP/1.1" 200 769579
66.249.79.111 - - [09/Feb/2021:02:53:59 -0500] "GET /BLA/resoluciones/RESOLUCIONES%202012/0537.pdf HTTP/1.1" 200 399476
34.83.170.101 - - [09/Feb/2021:02:54:01 -0500] "GET / HTTP/1.1" 200 9990
66.249.79.109 - - [09/Feb/2021:02:54:57 -0500] "GET /BLA/resoluciones/RESOLUCIONES%202011/5977.pdf HTTP/1.1" 200 289299
186.113.10.19 - - [09/Feb/2021:02:54:58 -0500] "GET /galeria/nivo-slider/demo/images/bannerservicios.jpg HTTP/1.1" 304 -
66.249.79.109 - - [09/Feb/2021:02:55:23 -0500] "GET /BLA/resoluciones/RESOLUCIONES%202009/1408.pdf HTTP/1.1" 200 436845
192.241.150.125 - - [09/Feb/2021:02:55:29 -0500] "POST /boaform/admin/formLogin HTTP/1.1" 404 1186
69.162.124.227 - - [09/Feb/2021:02:55:40 -0500] "HEAD / HTTP/1.1" 200 -
209.17.96.10 - - [09/Feb/2021:02:55:40 -0500] "GET / HTTP/1.1" 200 9990
152.61.128.50 - - [09/Feb/2021:02:55:47 -0500] "GET / HTTP/1.1" 200 9990
114.119.142.12 - - [09/Feb/2021:02:55:50 -0500] "GET /BLA/resoluciones/RESOLUCIONES%202019/0427.pdf HTTP/1.1" 200 265237
123.183.224.166 - - [09/Feb/2021:02:56:05 -0500] "GET / HTTP/1.1" 200 9990
152.61.128.50 - - [09/Feb/2021:02:55:47 -0500] "GET /arcgis/services/Calidad_del_Agua_WQI/MapServer/WMSServer?request=GetCapabilities&service=WMS HTTP/1.1" 503 1020
152.61.128.50 - - [09/Feb/2021:02:56:09 -0500] "GET /arcgis/services/Calidad_del_Agua_WQI/MapServer/WMSServer?SERVICE=WMS&REQUEST=GetCapabilities HTTP/1.1" 503 1020
152.61.128.50 - - [09/Feb/2021:02:56:09 -0500] "GET /arcgis/services/Calidad_del_Agua_WQI/MapServer/WMSServer?WMTVER=1.0.0&REQUEST=capabilities HTTP/1.1" 503 1020
66.249.79.109 - - [09/Feb/2021:02:56:41 -0500] "GET /BLA/resoluciones/AUTOS%202017/1444.pdf HTTP/1.1" 200 343929
66.249.79.111 - - [09/Feb/2021:02:57:20 -0500] "GET /BLA/resoluciones/index.php?dir=Decretos/&sort=size&order=asc HTTP/1.1" 200 6804
66.249.79.109 - - [09/Feb/2021:02:57:31 -0500] "GET /BLA/resoluciones/dlf/styles.css HTTP/1.1" 200 3049
66.249.79.111 - - [09/Feb/2021:02:59:17 -0500] "GET /BLA/resoluciones/RESOLUCIONES%202009/0185.pdf HTTP/1.1" 200 263153
66.249.79.111 - - [09/Feb/2021:03:00:17 -0500] "GET /BLA/resoluciones/RESOLUCIONES%202009/2113.pdf HTTP/1.1" 200 307297
66.249.79.107 - - [09/Feb/2021:03:00:33 -0500] "GET /BLA/resoluciones/AUTOS%202014/5792.pdf HTTP/1.1" 200 199883
69.162.124.227 - - [09/Feb/2021:03:00:40 -0500] "HEAD / HTTP/1.1" 200 -
114.119.156.120 - - [09/Feb/2021:03:01:06 -0500] "GET /BLA/resoluciones/AUTOS%202010/5398.pdf HTTP/1.1" 200 1756137
192.241.150.125 - - [09/Feb/2021:03:01:00 -0500] "POST /boaform/admin/formLogin HTTP/1.1" 404 1186
66.249.79.111 - - [09/Feb/2021:03:01:15 -0500] "GET /BLA/resoluciones/RESOLUCIONES%202009/0305.pdf HTTP/1.1" 200 409419
89.248.168.108 - - [09/Feb/2021:03:01:07 -0500] "POST /boaform/admin/formLogin HTTP/1.1" 404 1186
186.113.10.19 - - [09/Feb/2021:03:01:29 -0500] "GET /galeria/nivo-slider/demo/images/bannervisorweb.jpg HTTP/1.1" 304 -
66.249.79.111 - - [09/Feb/2021:03:03:12 -0500] "GET / HTTP/1.1" 200 9990
66.249.79.109 - - [09/Feb/2021:03:03:20 -0500] "GET /css/style.css HTTP/1.1" 200 3610
66.249.79.109 - - [09/Feb/2021:03:03:20 -0500] "GET /css/bootstrap.min.css HTTP/1.1" 200 105939
66.249.79.107 - - [09/Feb/2021:03:03:21 -0500] "GET /js/jquery.js HTTP/1.1" 200 97120
66.249.79.109 - - [09/Feb/2021:03:03:21 -0500] "GET /js/bootstrap.min.js HTTP/1.1" 200 28538
114.119.151.133 - - [09/Feb/2021:03:03:26 -0500] "GET /Anexos%20estudio%20Organizacional%20SDA/index.php?dir=ANEXO%20No.%208%20-%20MATRICES%20DE%20REGISTRO%20Y%20DE%20SALIDA%20MEDICI%C3%83%C2%83%C3%82%C2%AF%C3%83%C2%82%C3%82%C2%BF%C3%83%C2%82%C3%82%C2%BDN%20CARGAS%20LABORALES%20SDA%2F1.2%20OPEL%2F&sort=size&order=asc HTTP/1.1" 200 6487
66.249.79.109 - - [09/Feb/2021:03:04:13 -0500] "GET /Anexos%20estudio%20Organizacional%20SDA/ANEXO%20No.%201-%20NORMAS%20LEGALES%20DE%20ESTRUCTURA%20Y%20PLANTA/Acuerdo%209%20de%201990%20Concejo%20de%20Bogot%C3%A1._files/play.png HTTP/1.1" 200 1218
186.155.111.144 - - [09/Feb/2021:03:04:22 -0500] "GET /BLA/boletinlegal/js/jquery.scrollShow.js HTTP/1.1" 200 4586
186.155.111.144 - - [09/Feb/2021:03:04:22 -0500] "GET /galeria/galeria/jquery.fancybox.css?v=2.1.5 HTTP/1.1" 200 4895
186.155.111.144 - - [09/Feb/2021:03:04:22 -0500] "GET /galeria/galeria/jquery.fancybox.js?v=2.1.5 HTTP/1.1" 200 48706
66.249.79.107 - - [09/Feb/2021:03:05:10 -0500] "GET /BLA/resoluciones/RESOLUCIONES%202016/2074.pdf HTTP/1.1" 200 306608
67.224.128.120 - - [09/Feb/2021:03:05:15 -0500] "GET /BLA/boletinlegal/js/jquery.scrollShow.js HTTP/1.1" 200 4586
67.224.128.120 - - [09/Feb/2021:03:05:15 -0500] "GET /galeria/galeria/jquery.fancybox.js?v=2.1.5 HTTP/1.1" 200 48706
67.224.128.120 - - [09/Feb/2021:03:05:15 -0500] "GET /galeria/galeria/jquery.fancybox.css?v=2.1.5 HTTP/1.1" 200 4895
69.162.124.227 - - [09/Feb/2021:03:05:40 -0500] "HEAD / HTTP/1.1" 200 -
192.241.150.125 - - [09/Feb/2021:03:05:35 -0500] "POST /boaform/admin/formLogin HTTP/1.1" 404 1186
114.119.159.6 - - [09/Feb/2021:03:06:22 -0500] "GET /BLA/resoluciones/AUTOS%202014/5224.pdf HTTP/1.1" 200 563839
66.249.79.111 - - [09/Feb/2021:03:06:53 -0500] "GET /resoluciones/RESOLUCIONES%202009/0582.pdf HTTP/1.1" 404 1018
66.249.79.109 - - [09/Feb/2021:03:07:07 -0500] "GET /BLA/resoluciones/Notificaciones/RESOLUCIONES%202020/1705.pdf HTTP/1.1" 304 -
186.86.33.144 - - [09/Feb/2021:03:07:53 -0500] "GET /galeria/galeria/jquery.fancybox.js?v=2.1.5 HTTP/1.1" 200 48706
186.86.33.144 - - [09/Feb/2021:03:07:53 -0500] "GET /BLA/boletinlegal/js/jquery.scrollShow.js HTTP/1.1" 200 4586
186.86.33.144 - - [09/Feb/2021:03:07:53 -0500] "GET /galeria/galeria/jquery.fancybox.css?v=2.1.5 HTTP/1.1" 200 4895
186.86.33.144 - - [09/Feb/2021:03:07:53 -0500] "GET /galeria/carrusel/Carrusel/jquery-ui-1.8.13.custom.min.js HTTP/1.1" 200 10800
186.86.33.144 - - [09/Feb/2021:03:07:53 -0500] "GET /galeria/carrusel/Carrusel/jquery.thumbnailScroller.css HTTP/1.1" 200 2066
186.86.33.144 - - [09/Feb/2021:03:07:53 -0500] "GET /galeria/carrusel/Carrusel/jquery.thumbnailScroller.js HTTP/1.1" 200 8157
192.99.8.130 - - [09/Feb/2021:03:08:43 -0500] "GET /dama/libreria/php/decide.php?patron=03.1305020113&numm=15 HTTP/1.1" 404 1019
192.99.8.130 - - [09/Feb/2021:03:08:43 -0500] "GET /dama/libreria/php/decide.php?patron=03.1305020113&numm=36 HTTP/1.1" 404 1019
