186.28.66.85 - - [11/Feb/2021:03:39:37 -0500] "GET /sipse/faces/javax.faces.resource/primefaces.js?ln=primefaces&v=4.0 HTTP/1.1" 304 -
186.28.66.85 - - [11/Feb/2021:03:39:37 -0500] "GET /sipse/faces/javax.faces.resource/layout/layout.js?ln=primefaces&v=4.0 HTTP/1.1" 304 -
186.28.66.85 - - [11/Feb/2021:03:39:37 -0500] "GET /sipse/css/imagen/logoSDG.png HTTP/1.1" 200 53064
186.28.66.85 - - [11/Feb/2021:03:39:38 -0500] "GET /sipse/faces/javax.faces.resource/images/ui-icons_898989_256x240.png?ln=primefaces-aristo HTTP/1.1" 304 -
186.28.66.85 - - [11/Feb/2021:03:39:38 -0500] "GET /sipse/css/imagen/loginimg.png HTTP/1.1" 200 71635
186.28.66.85 - - [11/Feb/2021:03:39:57 -0500] "POST /sipse/faces/autenticacion.xhtml HTTP/1.1" 200 2217
186.28.66.85 - - [11/Feb/2021:03:39:57 -0500] "GET /sipse/faces/javax.faces.resource/messages/messages.png?ln=primefaces&v=4.0 HTTP/1.1" 304 -
186.28.66.85 - - [11/Feb/2021:03:39:57 -0500] "POST /sipse/faces/autenticacion.xhtml HTTP/1.1" 200 2221
192.241.132.40 - - [11/Feb/2021:03:39:48 -0500] "POST /boaform/admin/formLogin HTTP/1.1" 404 1186
186.28.66.85 - - [11/Feb/2021:03:40:00 -0500] "POST /sipse/faces/autenticacion.xhtml HTTP/1.1" 200 16048
186.28.66.85 - - [11/Feb/2021:03:40:00 -0500] "GET /sipse/js/jquery.min.js HTTP/1.1" 200 85582
186.28.66.85 - - [11/Feb/2021:03:40:00 -0500] "GET /sipse/faces/javax.faces.resource/jquery/jquery.js?ln=primefaces&v=4.0 HTTP/1.1" 304 -
186.28.66.85 - - [11/Feb/2021:03:40:00 -0500] "GET /sipse/faces/javax.faces.resource/jquery/jquery-plugins.js?ln=primefaces&v=4.0 HTTP/1.1" 304 -
186.28.66.85 - - [11/Feb/2021:03:40:00 -0500] "GET /sipse/faces/javax.faces.resource/primefaces.js?ln=primefaces&v=4.0 HTTP/1.1" 304 -
186.28.66.85 - - [11/Feb/2021:03:40:00 -0500] "GET /sipse/faces/javax.faces.resource/layout/layout.js?ln=primefaces&v=4.0 HTTP/1.1" 304 -
186.28.66.85 - - [11/Feb/2021:03:40:00 -0500] "GET /sipse/css/custom_css_sg_prime.css HTTP/1.1" 200 5201
186.28.66.85 - - [11/Feb/2021:03:40:00 -0500] "GET /sipse/faces/javax.faces.resource/theme.css?ln=primefaces-sipse HTTP/1.1" 304 -
186.28.66.85 - - [11/Feb/2021:03:40:00 -0500] "GET /sipse/faces/javax.faces.resource/layout/layout.css?ln=primefaces&v=4.0 HTTP/1.1" 304 -
186.28.66.85 - - [11/Feb/2021:03:40:00 -0500] "GET /sipse/faces/javax.faces.resource/primefaces.css?ln=primefaces&v=4.0 HTTP/1.1" 304 -
186.28.66.85 - - [11/Feb/2021:03:40:00 -0500] "GET /sipse/imagenes/cargando.gif HTTP/1.1" 200 36959
186.28.66.85 - - [11/Feb/2021:03:40:00 -0500] "GET /sipse/css/imagen/contrasena.png HTTP/1.1" 404 383
186.28.66.85 - - [11/Feb/2021:03:40:00 -0500] "GET /sipse/imagenes/logoAplicacion.jpg HTTP/1.1" 200 155084
186.28.66.85 - - [11/Feb/2021:03:40:04 -0500] "GET /sipse/faces/javax.faces.resource/images/ui-bg_flat_0_2d5972_40x100.png?ln=primefaces-aristo HTTP/1.1" 304 -
186.28.66.85 - - [11/Feb/2021:03:40:04 -0500] "POST /sipse/faces/bienvenido.xhtml HTTP/1.1" 200 2658
186.28.66.85 - - [11/Feb/2021:03:40:07 -0500] "POST /sipse/faces/bienvenido.xhtml HTTP/1.1" 200 61276
186.28.66.85 - - [11/Feb/2021:03:40:08 -0500] "GET /sipse/faces/javax.faces.resource/jquery/jquery.js?ln=primefaces&v=4.0 HTTP/1.1" 304 -
186.28.66.85 - - [11/Feb/2021:03:40:08 -0500] "GET /sipse/faces/javax.faces.resource/jquery/jquery-plugins.js?ln=primefaces&v=4.0 HTTP/1.1" 304 -
186.28.66.85 - - [11/Feb/2021:03:40:08 -0500] "GET /sipse/faces/javax.faces.resource/primefaces.js?ln=primefaces&v=4.0 HTTP/1.1" 304 -
186.28.66.85 - - [11/Feb/2021:03:40:09 -0500] "GET /sipse/faces/javax.faces.resource/layout/layout.js?ln=primefaces&v=4.0 HTTP/1.1" 304 -
186.28.66.85 - - [11/Feb/2021:03:40:09 -0500] "GET /sipse/faces/javax.faces.resource/theme.css?ln=primefaces-sipse HTTP/1.1" 304 -
186.28.66.85 - - [11/Feb/2021:03:40:09 -0500] "GET /sipse/faces/javax.faces.resource/primefaces.css?ln=primefaces&v=4.0 HTTP/1.1" 304 -
186.28.66.85 - - [11/Feb/2021:03:40:09 -0500] "GET /sipse/faces/javax.faces.resource/layout/layout.css?ln=primefaces&v=4.0 HTTP/1.1" 304 -
186.28.66.85 - - [11/Feb/2021:03:40:09 -0500] "POST /sipse/faces/presentacion/financiero/solicitudProceso/listarSolicitudProceso.xhtml HTTP/1.1" 200 1448
186.28.66.85 - - [11/Feb/2021:03:40:28 -0500] "POST /sipse/faces/presentacion/financiero/solicitudProceso/listarSolicitudProceso.xhtml HTTP/1.1" 200 135763
186.28.66.85 - - [11/Feb/2021:03:40:29 -0500] "GET /sipse/faces/javax.faces.resource/jquery/jquery.js?ln=primefaces&v=4.0 HTTP/1.1" 304 -
186.28.66.85 - - [11/Feb/2021:03:40:29 -0500] "GET /sipse/faces/javax.faces.resource/jquery/jquery-plugins.js?ln=primefaces&v=4.0 HTTP/1.1" 304 -
186.28.66.85 - - [11/Feb/2021:03:40:29 -0500] "GET /sipse/faces/javax.faces.resource/primefaces.js?ln=primefaces&v=4.0 HTTP/1.1" 304 -
186.28.66.85 - - [11/Feb/2021:03:40:29 -0500] "GET /sipse/faces/javax.faces.resource/layout/layout.js?ln=primefaces&v=4.0 HTTP/1.1" 304 -
114.119.148.47 - - [11/Feb/2021:03:40:29 -0500] "GET /BLA/resoluciones/RESOLUCIONES%202008/3529.pdf HTTP/1.1" 200 307637
186.28.66.85 - - [11/Feb/2021:03:40:29 -0500] "GET /sipse/faces/javax.faces.resource/theme.css?ln=primefaces-sipse HTTP/1.1" 304 -
186.28.66.85 - - [11/Feb/2021:03:40:29 -0500] "GET /sipse/faces/javax.faces.resource/primefaces.css?ln=primefaces&v=4.0 HTTP/1.1" 304 -
186.28.66.85 - - [11/Feb/2021:03:40:29 -0500] "GET /sipse/faces/javax.faces.resource/layout/layout.css?ln=primefaces&v=4.0 HTTP/1.1" 304 -
186.28.66.85 - - [11/Feb/2021:03:40:38 -0500] "POST /sipse/faces/presentacion/financiero/solicitudProceso/consultarSolicitudProceso.xhtml HTTP/1.1" 200 36502
186.28.66.85 - - [11/Feb/2021:03:40:39 -0500] "GET /sipse/faces/javax.faces.resource/primefaces.css?ln=primefaces&v=4.0 HTTP/1.1" 304 -
186.28.66.85 - - [11/Feb/2021:03:40:39 -0500] "GET /sipse/faces/javax.faces.resource/theme.css?ln=primefaces-sipse HTTP/1.1" 304 -
186.28.66.85 - - [11/Feb/2021:03:40:39 -0500] "GET /sipse/faces/javax.faces.resource/jquery/jquery.js?ln=primefaces&v=4.0 HTTP/1.1" 304 -
186.28.66.85 - - [11/Feb/2021:03:40:39 -0500] "GET /sipse/faces/javax.faces.resource/layout/layout.css?ln=primefaces&v=4.0 HTTP/1.1" 304 -
186.28.66.85 - - [11/Feb/2021:03:40:39 -0500] "GET /sipse/faces/javax.faces.resource/primefaces.js?ln=primefaces&v=4.0 HTTP/1.1" 304 -
186.28.66.85 - - [11/Feb/2021:03:40:39 -0500] "GET /sipse/faces/javax.faces.resource/layout/layout.js?ln=primefaces&v=4.0 HTTP/1.1" 304 -
186.28.66.85 - - [11/Feb/2021:03:40:39 -0500] "GET /sipse/faces/javax.faces.resource/jquery/jquery-plugins.js?ln=primefaces&v=4.0 HTTP/1.1" 304 -
186.28.66.85 - - [11/Feb/2021:03:40:45 -0500] "POST /sipse/faces/presentacion/financiero/solicitudProceso/consultarHistorialSolProceso.xhtml HTTP/1.1" 200 183198
186.28.66.85 - - [11/Feb/2021:03:40:45 -0500] "GET /sipse/faces/javax.faces.resource/theme.css?ln=primefaces-sipse HTTP/1.1" 304 -
186.28.66.85 - - [11/Feb/2021:03:40:45 -0500] "GET /sipse/faces/javax.faces.resource/primefaces.css?ln=primefaces&v=4.0 HTTP/1.1" 304 -
186.28.66.85 - - [11/Feb/2021:03:40:45 -0500] "GET /sipse/faces/javax.faces.resource/layout/layout.css?ln=primefaces&v=4.0 HTTP/1.1" 304 -
186.28.66.85 - - [11/Feb/2021:03:40:45 -0500] "GET /sipse/faces/javax.faces.resource/jquery/jquery.js?ln=primefaces&v=4.0 HTTP/1.1" 304 -
186.28.66.85 - - [11/Feb/2021:03:40:45 -0500] "GET /sipse/faces/javax.faces.resource/jquery/jquery-plugins.js?ln=primefaces&v=4.0 HTTP/1.1" 304 -
186.28.66.85 - - [11/Feb/2021:03:40:45 -0500] "GET /sipse/faces/javax.faces.resource/layout/layout.js?ln=primefaces&v=4.0 HTTP/1.1" 304 -
186.28.66.85 - - [11/Feb/2021:03:40:45 -0500] "GET /sipse/faces/javax.faces.resource/primefaces.js?ln=primefaces&v=4.0 HTTP/1.1" 304 -
186.28.66.85 - - [11/Feb/2021:03:40:52 -0500] "POST /sipse/faces/presentacion/financiero/solicitudProceso/consultarSolicitudProceso.xhtml HTTP/1.1" 200 36502
186.28.66.85 - - [11/Feb/2021:03:40:52 -0500] "GET /sipse/faces/javax.faces.resource/primefaces.css?ln=primefaces&v=4.0 HTTP/1.1" 304 -
186.28.66.85 - - [11/Feb/2021:03:40:52 -0500] "GET /sipse/faces/javax.faces.resource/theme.css?ln=primefaces-sipse HTTP/1.1" 304 -
186.28.66.85 - - [11/Feb/2021:03:40:52 -0500] "GET /sipse/faces/javax.faces.resource/jquery/jquery.js?ln=primefaces&v=4.0 HTTP/1.1" 304 -
186.28.66.85 - - [11/Feb/2021:03:40:52 -0500] "GET /sipse/faces/javax.faces.resource/layout/layout.css?ln=primefaces&v=4.0 HTTP/1.1" 304 -
186.28.66.85 - - [11/Feb/2021:03:40:52 -0500] "GET /sipse/faces/javax.faces.resource/jquery/jquery-plugins.js?ln=primefaces&v=4.0 HTTP/1.1" 304 -
186.28.66.85 - - [11/Feb/2021:03:40:52 -0500] "GET /sipse/faces/javax.faces.resource/primefaces.js?ln=primefaces&v=4.0 HTTP/1.1" 304 -
186.28.66.85 - - [11/Feb/2021:03:40:52 -0500] "GET /sipse/faces/javax.faces.resource/layout/layout.js?ln=primefaces&v=4.0 HTTP/1.1" 304 -
186.28.66.85 - - [11/Feb/2021:03:40:56 -0500] "POST /sipse/faces/presentacion/financiero/solicitudProceso/consultarHistorialSolProceso.xhtml HTTP/1.1" 200 183198
186.28.66.85 - - [11/Feb/2021:03:40:56 -0500] "GET /sipse/faces/javax.faces.resource/theme.css?ln=primefaces-sipse HTTP/1.1" 304 -
186.28.66.85 - - [11/Feb/2021:03:40:56 -0500] "GET /sipse/faces/javax.faces.resource/primefaces.css?ln=primefaces&v=4.0 HTTP/1.1" 304 -
186.28.66.85 - - [11/Feb/2021:03:40:56 -0500] "GET /sipse/faces/javax.faces.resource/layout/layout.css?ln=primefaces&v=4.0 HTTP/1.1" 304 -
186.28.66.85 - - [11/Feb/2021:03:40:56 -0500] "GET /sipse/faces/javax.faces.resource/jquery/jquery.js?ln=primefaces&v=4.0 HTTP/1.1" 304 -
186.28.66.85 - - [11/Feb/2021:03:40:56 -0500] "GET /sipse/faces/javax.faces.resource/jquery/jquery-plugins.js?ln=primefaces&v=4.0 HTTP/1.1" 304 -
186.28.66.85 - - [11/Feb/2021:03:40:56 -0500] "GET /sipse/faces/javax.faces.resource/primefaces.js?ln=primefaces&v=4.0 HTTP/1.1" 304 -
186.28.66.85 - - [11/Feb/2021:03:40:56 -0500] "GET /sipse/faces/javax.faces.resource/layout/layout.js?ln=primefaces&v=4.0 HTTP/1.1" 304 -
89.248.168.108 - - [11/Feb/2021:03:41:40 -0500] "POST /boaform/admin/formLogin HTTP/1.1" 404 1186
13.66.139.79 - - [11/Feb/2021:03:42:11 -0500] "GET / HTTP/1.1" 200 9990
186.84.89.158 - - [11/Feb/2021:03:42:23 -0500] "GET /galeria/galeria/jquery.fancybox.css?v=2.1.5 HTTP/1.1" 200 4895
186.84.89.158 - - [11/Feb/2021:03:42:23 -0500] "GET /BLA/boletinlegal/js/jquery.scrollShow.js HTTP/1.1" 200 4586
186.84.89.158 - - [11/Feb/2021:03:42:23 -0500] "GET /galeria/galeria/jquery.fancybox.js?v=2.1.5 HTTP/1.1" 200 48706
69.162.124.227 - - [11/Feb/2021:03:42:46 -0500] "HEAD / HTTP/1.1" 200 -
14.198.50.147 - - [11/Feb/2021:03:42:47 -0500] "GET /BLA/boletinlegal/js/jquery.scrollShow.js HTTP/1.1" 200 4586
14.198.50.147 - - [11/Feb/2021:03:42:47 -0500] "GET /galeria/galeria/jquery.fancybox.js?v=2.1.5 HTTP/1.1" 200 48706
14.198.50.147 - - [11/Feb/2021:03:42:47 -0500] "GET /galeria/galeria/jquery.fancybox.css?v=2.1.5 HTTP/1.1" 200 4895
14.198.50.147 - - [11/Feb/2021:03:42:47 -0500] "GET /galeria/carrusel/Carrusel/jquery.thumbnailScroller.css HTTP/1.1" 200 2066
14.198.50.147 - - [11/Feb/2021:03:42:47 -0500] "GET /galeria/carrusel/Carrusel/jquery-ui-1.8.13.custom.min.js HTTP/1.1" 200 10800
14.198.50.147 - - [11/Feb/2021:03:42:47 -0500] "GET /galeria/carrusel/Carrusel/jquery.thumbnailScroller.js HTTP/1.1" 200 8157
14.198.50.147 - - [11/Feb/2021:03:42:50 -0500] "GET /galeria/nivo-slider/demo/inicio80.html HTTP/1.1" 200 4408
14.198.50.147 - - [11/Feb/2021:03:42:50 -0500] "GET /galeria/nivo-slider/themes/default/default.css HTTP/1.1" 200 1569
14.198.50.147 - - [11/Feb/2021:03:42:50 -0500] "GET /galeria/nivo-slider/nivo-slider.css HTTP/1.1" 200 1507
14.198.50.147 - - [11/Feb/2021:03:42:50 -0500] "GET /galeria/nivo-slider/demo/style.css HTTP/1.1" 200 2222
14.198.50.147 - - [11/Feb/2021:03:42:50 -0500] "GET /galeria/nivo-slider/themes/pascal/pascal.css HTTP/1.1" 200 2258
14.198.50.147 - - [11/Feb/2021:03:42:50 -0500] "GET /galeria/nivo-slider/themes/orman/orman.css HTTP/1.1" 200 2152
14.198.50.147 - - [11/Feb/2021:03:42:50 -0500] "GET /galeria/nivo-slider/demo/scripts/jquery-1.7.1.min.js HTTP/1.1" 200 93868
14.198.50.147 - - [11/Feb/2021:03:42:51 -0500] "GET /galeria/nivo-slider/jquery.nivo.slider.pack.js HTTP/1.1" 200 11561
14.198.50.147 - - [11/Feb/2021:03:42:51 -0500] "GET /galeria/nivo-slider/demo/images/Bannervirtualescanales.jpg HTTP/1.1" 200 174544
14.198.50.147 - - [11/Feb/2021:03:42:51 -0500] "GET /galeria/nivo-slider/demo/images/bannercaminatas2021feb.jpg HTTP/1.1" 200 110700
14.198.50.147 - - [11/Feb/2021:03:42:51 -0500] "GET /galeria/nivo-slider/demo/images/banneribocaenero.jpg HTTP/1.1" 200 238117
14.198.50.147 - - [11/Feb/2021:03:42:51 -0500] "GET /galeria/nivo-slider/demo/images/bannerbasuras.jpg HTTP/1.1" 200 274160
14.198.50.147 - - [11/Feb/2021:03:42:51 -0500] "GET /galeria/nivo-slider/demo/images/bannertingua2021.jpg HTTP/1.1" 200 187605
14.198.50.147 - - [11/Feb/2021:03:42:52 -0500] "GET /galeria/nivo-slider/demo/images/bannerclases2021.jpg HTTP/1.1" 200 68230
14.198.50.147 - - [11/Feb/2021:03:42:52 -0500] "GET /galeria/nivo-slider/demo/images/banner2020acercar.jpg HTTP/1.1" 200 180505
14.198.50.147 - - [11/Feb/2021:03:42:52 -0500] "GET /galeria/nivo-slider/demo/images/bannerincendiosforestales.jpg HTTP/1.1" 200 237511
14.198.50.147 - - [11/Feb/2021:03:42:52 -0500] "GET /galeria/nivo-slider/demo/images/Bannercuidate.jpg HTTP/1.1" 200 75508
14.198.50.147 - - [11/Feb/2021:03:42:53 -0500] "GET /galeria/nivo-slider/demo/images/bannerresiduos.jpg HTTP/1.1" 200 155409
14.198.50.147 - - [11/Feb/2021:03:42:53 -0500] "GET /galeria/nivo-slider/demo/images/bannerbioseguridad.jpg HTTP/1.1" 200 228661
14.198.50.147 - - [11/Feb/2021:03:42:53 -0500] "GET /galeria/nivo-slider/demo/images/bannerbolsas.jpg HTTP/1.1" 200 283727
14.198.50.147 - - [11/Feb/2021:03:42:53 -0500] "GET /galeria/nivo-slider/demo/images/4Simple_Slider.png HTTP/1.1" 200 11722
14.198.50.147 - - [11/Feb/2021:03:42:53 -0500] "GET /galeria/nivo-slider/themes/default/loading.gif HTTP/1.1" 200 1737
14.198.50.147 - - [11/Feb/2021:03:42:54 -0500] "GET /galeria/nivo-slider/themes/default/arrows.png HTTP/1.1" 200 824
14.198.50.147 - - [11/Feb/2021:03:42:54 -0500] "GET /galeria/nivo-slider/demo/images/banneribocaenero.jpg HTTP/1.1" 200 238117
14.198.50.147 - - [11/Feb/2021:03:42:54 -0500] "GET /galeria/nivo-slider/themes/default/bullets.png HTTP/1.1" 200 1281
181.62.61.27 - - [11/Feb/2021:03:43:15 -0500] "GET /galeria/galeria/jquery.fancybox.css?v=2.1.5 HTTP/1.1" 200 4895
181.62.61.27 - - [11/Feb/2021:03:43:15 -0500] "GET /BLA/boletinlegal/js/jquery.scrollShow.js HTTP/1.1" 200 4586
181.62.61.27 - - [11/Feb/2021:03:43:15 -0500] "GET /galeria/galeria/jquery.fancybox.js?v=2.1.5 HTTP/1.1" 200 48706
201.245.192.253 - - [11/Feb/2021:03:42:55 -0500] "POST /kwsrmcab/Wsrmcab HTTP/1.1" 200 120398
66.249.79.109 - - [11/Feb/2021:03:44:03 -0500] "GET /BLA/resoluciones/AUTOS%202017/2921.pdf HTTP/1.1" 200 286413
192.241.132.40 - - [11/Feb/2021:03:44:26 -0500] "POST /boaform/admin/formLogin HTTP/1.1" 404 1186
39.107.180.224 - - [11/Feb/2021:03:45:33 -0500] "GET / HTTP/1.1" 200 9990
114.119.142.12 - - [11/Feb/2021:03:45:44 -0500] "GET /BLA/resoluciones/AUTOS%202008/1415.pdf HTTP/1.1" 200 109718
69.162.124.227 - - [11/Feb/2021:03:47:46 -0500] "HEAD / HTTP/1.1" 200 -
13.66.139.27 - - [11/Feb/2021:03:50:10 -0500] "GET /BLA/resoluciones/index.php?dir=RESOLUCIONES+2020%2F HTTP/1.1" 200 81959
114.119.142.12 - - [11/Feb/2021:03:51:00 -0500] "GET /BLA/resoluciones/AUTOS%202017/2805.pdf HTTP/1.1" 200 316388
192.241.132.40 - - [11/Feb/2021:03:51:09 -0500] "POST /boaform/admin/formLogin HTTP/1.1" 404 1186
69.162.124.227 - - [11/Feb/2021:03:52:46 -0500] "HEAD / HTTP/1.1" 200 -
186.84.20.80 - - [11/Feb/2021:03:53:33 -0500] "GET /BLA/boletinlegal/js/jquery.scrollShow.js HTTP/1.1" 200 4586
186.84.20.80 - - [11/Feb/2021:03:53:33 -0500] "GET /galeria/galeria/jquery.fancybox.css?v=2.1.5 HTTP/1.1" 200 4895
186.84.20.80 - - [11/Feb/2021:03:53:33 -0500] "GET /galeria/galeria/jquery.fancybox.js?v=2.1.5 HTTP/1.1" 200 48706
201.245.192.253 - - [11/Feb/2021:03:52:55 -0500] "POST /kwsrmcab/Wsrmcab HTTP/1.1" 200 120398
195.154.172.59 - - [11/Feb/2021:03:53:39 -0500] "GET /galeria/galeria/jquery.fancybox.css?v=2.1.5 HTTP/1.1" 200 4895
195.154.172.59 - - [11/Feb/2021:03:54:09 -0500] "GET /galeria/galeria/jquery.fancybox.css?v=2.1.5 HTTP/1.1" 200 4895
192.241.132.40 - - [11/Feb/2021:03:54:03 -0500] "POST /boaform/admin/formLogin HTTP/1.1" 404 1186
114.119.130.12 - - [11/Feb/2021:03:56:15 -0500] "GET /BLA/resoluciones/RESOLUCIONES%202011/5766.pdf HTTP/1.1" 200 1762993
66.220.149.29 - - [11/Feb/2021:03:57:25 -0500] "GET /galeria/galeria/jquery.fancybox.css?v=2.1.5 HTTP/1.1" 200 4895
66.220.149.43 - - [11/Feb/2021:03:57:25 -0500] "GET /BLA/boletinlegal/js/jquery.scrollShow.js HTTP/1.1" 200 4586
66.220.149.26 - - [11/Feb/2021:03:57:28 -0500] "GET /galeria/galeria/jquery.fancybox.js?v=2.1.5 HTTP/1.1" 200 48706
69.162.124.227 - - [11/Feb/2021:03:57:46 -0500] "HEAD / HTTP/1.1" 200 -
170.81.91.186 - - [11/Feb/2021:03:58:59 -0500] "GET /galeria/galeria/jquery.fancybox.js?v=2.1.5 HTTP/1.1" 200 48706
170.81.91.186 - - [11/Feb/2021:03:58:59 -0500] "GET /BLA/boletinlegal/js/jquery.scrollShow.js HTTP/1.1" 200 4586
170.81.91.186 - - [11/Feb/2021:03:58:59 -0500] "GET /galeria/galeria/jquery.fancybox.css?v=2.1.5 HTTP/1.1" 200 4895
170.81.91.186 - - [11/Feb/2021:03:58:59 -0500] "GET /galeria/carrusel/Carrusel/jquery.thumbnailScroller.js HTTP/1.1" 200 8157
170.81.91.186 - - [11/Feb/2021:03:58:59 -0500] "GET /galeria/carrusel/Carrusel/jquery.thumbnailScroller.css HTTP/1.1" 200 2066
170.81.91.186 - - [11/Feb/2021:03:58:59 -0500] "GET /galeria/carrusel/Carrusel/jquery-ui-1.8.13.custom.min.js HTTP/1.1" 200 10800
170.81.91.186 - - [11/Feb/2021:03:59:01 -0500] "GET /galeria/nivo-slider/demo/inicio80.html HTTP/1.1" 200 4408
170.81.91.186 - - [11/Feb/2021:03:59:01 -0500] "GET /galeria/nivo-slider/themes/default/default.css HTTP/1.1" 200 1569
170.81.91.186 - - [11/Feb/2021:03:59:01 -0500] "GET /galeria/nivo-slider/themes/pascal/pascal.css HTTP/1.1" 200 2258
170.81.91.186 - - [11/Feb/2021:03:59:01 -0500] "GET /galeria/nivo-slider/themes/orman/orman.css HTTP/1.1" 200 2152
170.81.91.186 - - [11/Feb/2021:03:59:01 -0500] "GET /galeria/nivo-slider/demo/style.css HTTP/1.1" 200 2222
170.81.91.186 - - [11/Feb/2021:03:59:01 -0500] "GET /galeria/nivo-slider/nivo-slider.css HTTP/1.1" 200 1507
170.81.91.186 - - [11/Feb/2021:03:59:01 -0500] "GET /galeria/nivo-slider/demo/scripts/jquery-1.7.1.min.js HTTP/1.1" 200 93868
170.81.91.186 - - [11/Feb/2021:03:59:01 -0500] "GET /galeria/nivo-slider/jquery.nivo.slider.pack.js HTTP/1.1" 200 11561
170.81.91.186 - - [11/Feb/2021:03:59:01 -0500] "GET /galeria/nivo-slider/demo/images/banneribocaenero.jpg HTTP/1.1" 200 238117
170.81.91.186 - - [11/Feb/2021:03:59:01 -0500] "GET /galeria/nivo-slider/demo/images/bannerbasuras.jpg HTTP/1.1" 200 274160
170.81.91.186 - - [11/Feb/2021:03:59:01 -0500] "GET /galeria/nivo-slider/demo/images/Bannervirtualescanales.jpg HTTP/1.1" 200 174544
170.81.91.186 - - [11/Feb/2021:03:59:01 -0500] "GET /galeria/nivo-slider/demo/images/bannercaminatas2021feb.jpg HTTP/1.1" 200 110700
170.81.91.186 - - [11/Feb/2021:03:59:01 -0500] "GET /galeria/nivo-slider/demo/images/bannertingua2021.jpg HTTP/1.1" 200 187605
170.81.91.186 - - [11/Feb/2021:03:59:03 -0500] "GET /galeria/nivo-slider/demo/images/bannerclases2021.jpg HTTP/1.1" 200 68230
170.81.91.186 - - [11/Feb/2021:03:59:04 -0500] "GET /galeria/nivo-slider/demo/images/banner2020acercar.jpg HTTP/1.1" 200 180505
170.81.91.186 - - [11/Feb/2021:03:59:04 -0500] "GET /galeria/nivo-slider/demo/images/bannerincendiosforestales.jpg HTTP/1.1" 200 237511
170.81.91.186 - - [11/Feb/2021:03:59:04 -0500] "GET /galeria/nivo-slider/demo/images/Bannercuidate.jpg HTTP/1.1" 200 75508
170.81.91.186 - - [11/Feb/2021:03:59:04 -0500] "GET /galeria/nivo-slider/demo/images/bannerresiduos.jpg HTTP/1.1" 200 155409
170.81.91.186 - - [11/Feb/2021:03:59:05 -0500] "GET /galeria/nivo-slider/demo/images/bannerbioseguridad.jpg HTTP/1.1" 200 228661
170.81.91.186 - - [11/Feb/2021:03:59:05 -0500] "GET /galeria/nivo-slider/demo/images/bannerbolsas.jpg HTTP/1.1" 200 283727
170.81.91.186 - - [11/Feb/2021:03:59:06 -0500] "GET /galeria/nivo-slider/demo/images/4Simple_Slider.png HTTP/1.1" 200 11722
170.81.91.186 - - [11/Feb/2021:03:59:06 -0500] "GET /galeria/nivo-slider/themes/default/loading.gif HTTP/1.1" 200 1737
170.81.91.186 - - [11/Feb/2021:03:59:08 -0500] "GET /galeria/nivo-slider/themes/default/arrows.png HTTP/1.1" 200 824
170.81.91.186 - - [11/Feb/2021:03:59:08 -0500] "GET /galeria/nivo-slider/demo/images/banneribocaenero.jpg HTTP/1.1" 200 238117
170.81.91.186 - - [11/Feb/2021:03:59:08 -0500] "GET /galeria/nivo-slider/themes/default/bullets.png HTTP/1.1" 200 1281
192.241.132.40 - - [11/Feb/2021:03:59:52 -0500] "POST /boaform/admin/formLogin HTTP/1.1" 404 1186
114.119.136.138 - - [11/Feb/2021:04:01:32 -0500] "GET /BLA/resoluciones/AUTOS%202009/0536.pdf HTTP/1.1" 200 202030
66.249.79.111 - - [11/Feb/2021:04:01:34 -0500] "GET /BLA/resoluciones/AUTOS%202014/0276.pdf HTTP/1.1" 304 -
181.55.254.140 - - [11/Feb/2021:04:02:06 -0500] "GET /galeria/galeria/jquery.fancybox.js?v=2.1.5 HTTP/1.1" 200 48706
181.55.254.140 - - [11/Feb/2021:04:02:06 -0500] "GET /galeria/galeria/jquery.fancybox.css?v=2.1.5 HTTP/1.1" 200 4895
181.55.254.140 - - [11/Feb/2021:04:02:06 -0500] "GET /BLA/boletinlegal/js/jquery.scrollShow.js HTTP/1.1" 200 4586
207.46.13.31 - - [11/Feb/2021:04:02:08 -0500] "-" 408 -
181.55.254.140 - - [11/Feb/2021:04:02:08 -0500] "GET /BLA/boletinlegal/js/jquery.scrollShow.js HTTP/1.1" 304 -
181.55.254.140 - - [11/Feb/2021:04:02:08 -0500] "GET /galeria/galeria/jquery.fancybox.css?v=2.1.5 HTTP/1.1" 304 -
181.55.254.140 - - [11/Feb/2021:04:02:08 -0500] "GET /galeria/galeria/jquery.fancybox.js?v=2.1.5 HTTP/1.1" 304 -
69.162.124.227 - - [11/Feb/2021:04:02:46 -0500] "HEAD / HTTP/1.1" 200 -
114.119.141.135 - - [11/Feb/2021:04:03:06 -0500] "GET /POT-2013/Cartografia/35_cat_suelo_rural.pdf HTTP/1.1" 200 2648865
201.245.192.253 - - [11/Feb/2021:04:02:55 -0500] "POST /kwsrmcab/Wsrmcab HTTP/1.1" 200 213
157.55.39.18 - - [11/Feb/2021:04:04:10 -0500] "-" 408 -
34.229.33.209 - - [11/Feb/2021:04:04:45 -0500] "HEAD /newsecs/pie.doc HTTP/1.1" 404 -
192.241.132.40 - - [11/Feb/2021:04:04:47 -0500] "POST /boaform/admin/formLogin HTTP/1.1" 404 1186
186.86.33.48 - - [11/Feb/2021:04:05:25 -0500] "GET /galeria/galeria/jquery.fancybox.css?v=2.1.5 HTTP/1.1" 200 4895
186.86.33.48 - - [11/Feb/2021:04:05:26 -0500] "GET /BLA/boletinlegal/js/jquery.scrollShow.js HTTP/1.1" 200 4586
186.86.33.48 - - [11/Feb/2021:04:05:26 -0500] "GET /galeria/galeria/jquery.fancybox.js?v=2.1.5 HTTP/1.1" 200 48706
114.119.142.12 - - [11/Feb/2021:04:07:35 -0500] "GET /BLA/resoluciones/RESOLUCIONES%202011/6198.pdf HTTP/1.1" 200 469641
69.162.124.227 - - [11/Feb/2021:04:07:46 -0500] "HEAD / HTTP/1.1" 200 -
186.113.10.19 - - [11/Feb/2021:04:08:10 -0500] "GET /galeria/nivo-slider/demo/images/bannertinguaweb.jpg HTTP/1.1" 304 -
191.149.148.209 - - [11/Feb/2021:04:08:57 -0500] "-" 408 -
181.236.214.122 - - [11/Feb/2021:04:09:13 -0500] "GET /galeria/galeria/jquery.fancybox.css?v=2.1.5 HTTP/1.1" 200 4895
181.236.214.122 - - [11/Feb/2021:04:09:13 -0500] "GET /BLA/boletinlegal/js/jquery.scrollShow.js HTTP/1.1" 200 4586
181.236.214.122 - - [11/Feb/2021:04:09:13 -0500] "GET /galeria/galeria/jquery.fancybox.js?v=2.1.5 HTTP/1.1" 200 48706
201.245.192.253 - - [11/Feb/2021:04:09:27 -0500] "POST /kwsrmcab/Wsrmcab HTTP/1.1" 200 46742
201.245.192.253 - - [11/Feb/2021:04:09:28 -0500] "POST /kwsrmcab/Wsrmcab HTTP/1.1" 200 46634
192.241.132.40 - - [11/Feb/2021:04:10:37 -0500] "POST /boaform/admin/formLogin HTTP/1.1" 404 1186
201.245.192.253 - - [11/Feb/2021:04:10:13 -0500] "POST /kwsrmcab/Wsrmcab HTTP/1.1" 200 46742
114.119.153.118 - - [11/Feb/2021:04:12:36 -0500] "GET /BLA/resoluciones/AUTOS%202015/0307.pdf HTTP/1.1" 200 567145
69.162.124.227 - - [11/Feb/2021:04:12:46 -0500] "HEAD / HTTP/1.1" 200 -
13.66.139.27 - - [11/Feb/2021:04:13:14 -0500] "GET /BLA/resoluciones/index.php?dir=RESOLUCIONES+2008%2F HTTP/1.1" 200 622539
192.241.132.40 - - [11/Feb/2021:04:14:14 -0500] "POST /boaform/admin/formLogin HTTP/1.1" 404 1186
190.24.182.5 - - [11/Feb/2021:04:15:26 -0500] "GET /galeria/galeria/jquery.fancybox.css?v=2.1.5 HTTP/1.1" 200 4895
190.24.182.5 - - [11/Feb/2021:04:15:26 -0500] "GET /BLA/boletinlegal/js/jquery.scrollShow.js HTTP/1.1" 200 4586
190.24.182.5 - - [11/Feb/2021:04:15:26 -0500] "GET /galeria/galeria/jquery.fancybox.js?v=2.1.5 HTTP/1.1" 200 48706
189.203.84.194 - - [11/Feb/2021:04:16:25 -0500] "-" 408 -
114.119.145.140 - - [11/Feb/2021:04:16:54 -0500] "GET /Autoliquidacion/Solicitudes%20relacionadas%20con%20calidad%20del%20aire%20auditiva%20y%20visual/Acompa%C3%B1amiento%20para%20muestreo%20isocin%C3%A9tico%20y%20o%20determinaciones%20de%20emisiones%20a%20fuentes%20fijas/Protocolo%20para%20Monitoreo%20Emisiones%20Atmosfericas.pdf HTTP/1.1" 200 414759
180.163.220.46 - - [11/Feb/2021:04:17:13 -0500] "GET /BLA/boletinlegal/js/jquery.scrollShow.js HTTP/1.1" 200 4586
180.163.220.100 - - [11/Feb/2021:04:17:13 -0500] "GET /galeria/galeria/jquery.fancybox.js?v=2.1.5 HTTP/1.1" 200 48706
180.163.220.101 - - [11/Feb/2021:04:17:13 -0500] "GET /galeria/galeria/jquery.fancybox.css?v=2.1.5 HTTP/1.1" 200 4895
114.119.157.166 - - [11/Feb/2021:04:17:21 -0500] "GET /BLA/resoluciones/RESOLUCIONES%202018/0970.pdf HTTP/1.1" 200 6731126
69.162.124.227 - - [11/Feb/2021:04:17:46 -0500] "HEAD / HTTP/1.1" 200 -
181.54.145.194 - - [11/Feb/2021:04:18:01 -0500] "-" 408 -
192.241.132.40 - - [11/Feb/2021:04:19:33 -0500] "POST /boaform/admin/formLogin HTTP/1.1" 404 1186
66.249.79.107 - - [11/Feb/2021:04:19:50 -0500] "GET /BLA/resoluciones/RESOLUCIONES%202013/1705.pdf HTTP/1.1" 200 4738970
201.245.192.253 - - [11/Feb/2021:04:19:28 -0500] "POST /kwsrmcab/Wsrmcab HTTP/1.1" 200 46634
201.245.192.253 - - [11/Feb/2021:04:20:15 -0500] "POST /kwsrmcab/Wsrmcab HTTP/1.1" 200 46742
114.119.135.205 - - [11/Feb/2021:04:21:55 -0500] "GET /Autoliquidacion/index.php?dir=TR%C3%83%C2%83%C3%82%C2%AF%C3%83%C2%82%C3%82%C2%BF%C3%83%C2%82%C3%82%C2%BDMITES%2BAGUAS%2BSUPERFICIALES%2F&sort=name&order=desc HTTP/1.1" 200 6936
40.77.167.5 - - [11/Feb/2021:04:22:08 -0500] "GET /galeria/galeria/fotos/10.jpg HTTP/1.1" 200 301298
114.119.146.206 - - [11/Feb/2021:04:22:37 -0500] "GET /BLA/resoluciones/AUTOS%202012/0413.pdf HTTP/1.1" 200 182958
69.162.124.227 - - [11/Feb/2021:04:22:46 -0500] "HEAD / HTTP/1.1" 200 -
201.245.192.253 - - [11/Feb/2021:04:22:54 -0500] "POST /kwsrmcab/Wsrmcab HTTP/1.1" 200 120372
192.241.132.40 - - [11/Feb/2021:04:24:09 -0500] "POST /boaform/admin/formLogin HTTP/1.1" 404 1186
2.106.26.173 - - [11/Feb/2021:04:24:24 -0500] "GET /BLA/boletinlegal/js/jquery.scrollShow.js HTTP/1.1" 200 4586
2.106.26.173 - - [11/Feb/2021:04:24:24 -0500] "GET /galeria/galeria/jquery.fancybox.js?v=2.1.5 HTTP/1.1" 200 48706
2.106.26.173 - - [11/Feb/2021:04:24:24 -0500] "GET /galeria/galeria/jquery.fancybox.css?v=2.1.5 HTTP/1.1" 200 4895
173.231.59.202 - - [11/Feb/2021:04:24:26 -0500] "GET /BLA/resoluciones/index.php?dir=RESOLUCIONES%202003%2F&sort=size&order=desc HTTP/1.1" 200 30702
2.106.26.173 - - [11/Feb/2021:04:24:29 -0500] "GET /galeria/galeria/jquery.fancybox.js?v=2.1.5 HTTP/1.1" 304 -
2.106.26.173 - - [11/Feb/2021:04:24:29 -0500] "GET /BLA/boletinlegal/js/jquery.scrollShow.js HTTP/1.1" 304 -
2.106.26.173 - - [11/Feb/2021:04:24:29 -0500] "GET /galeria/galeria/jquery.fancybox.css?v=2.1.5 HTTP/1.1" 304 -
173.231.59.202 - - [11/Feb/2021:04:24:43 -0500] "GET /BLA/resoluciones/index.php?dir=RESOLUCIONES%202004%2F&sort=date&order=desc HTTP/1.1" 200 31644
173.231.59.202 - - [11/Feb/2021:04:25:01 -0500] "GET /BLA/resoluciones/index.php?dir=RESOLUCIONES%202004%2F&sort=size&order=desc HTTP/1.1" 200 31644
173.231.59.202 - - [11/Feb/2021:04:25:24 -0500] "GET /BLA/resoluciones/index.php?dir=RESOLUCIONES%202005%2F&sort=date&order=desc HTTP/1.1" 200 41372
173.231.59.202 - - [11/Feb/2021:04:25:51 -0500] "GET /BLA/resoluciones/index.php?dir=RESOLUCIONES%202005%2F&sort=size&order=desc HTTP/1.1" 200 41372
173.231.59.202 - - [11/Feb/2021:04:26:19 -0500] "GET /BLA/resoluciones/index.php?dir=RESOLUCIONES%202006%2F&sort=date&order=desc HTTP/1.1" 200 33994
173.231.59.202 - - [11/Feb/2021:04:26:38 -0500] "GET /BLA/resoluciones/index.php?dir=RESOLUCIONES%202006%2F&sort=size&order=desc HTTP/1.1" 200 33994
173.231.59.202 - - [11/Feb/2021:04:27:00 -0500] "GET /BLA/resoluciones/index.php?dir=RESOLUCIONES%202007%2F&sort=date&order=desc HTTP/1.1" 200 33919
173.231.59.202 - - [11/Feb/2021:04:27:24 -0500] "GET /BLA/resoluciones/index.php?dir=RESOLUCIONES%202007%2F&sort=size&order=desc HTTP/1.1" 200 33919
69.162.124.227 - - [11/Feb/2021:04:27:46 -0500] "HEAD / HTTP/1.1" 200 -
173.231.59.202 - - [11/Feb/2021:04:27:43 -0500] "GET /BLA/resoluciones/index.php?dir=RESOLUCIONES%202008%2F&sort=date&order=desc HTTP/1.1" 200 976271
114.119.159.6 - - [11/Feb/2021:04:27:54 -0500] "GET /BLA/resoluciones/AUTOS%202013/2289.pdf HTTP/1.1" 200 461718
173.231.59.202 - - [11/Feb/2021:04:28:12 -0500] "GET /BLA/resoluciones/index.php?dir=RESOLUCIONES%202008%2F&sort=size&order=desc HTTP/1.1" 200 976271
173.231.59.202 - - [11/Feb/2021:04:28:31 -0500] "GET /BLA/resoluciones/index.php?dir=RESOLUCIONES%202009%2F&sort=date&order=desc HTTP/1.1" 200 1694100
173.231.59.202 - - [11/Feb/2021:04:28:56 -0500] "GET /BLA/resoluciones/index.php?dir=RESOLUCIONES%202009%2F&sort=size&order=desc HTTP/1.1" 200 1694100
31.214.138.187 - - [11/Feb/2021:04:29:26 -0500] "GET /galeria/galeria/jquery.fancybox.css?v=2.1.5 HTTP/1.1" 200 4895
31.214.138.187 - - [11/Feb/2021:04:29:27 -0500] "GET /galeria/galeria/jquery.fancybox.js?v=2.1.5 HTTP/1.1" 200 48706
31.214.138.187 - - [11/Feb/2021:04:29:27 -0500] "GET /BLA/boletinlegal/js/jquery.scrollShow.js HTTP/1.1" 200 4586
173.231.59.202 - - [11/Feb/2021:04:29:20 -0500] "GET /BLA/resoluciones/index.php?dir=RESOLUCIONES%202010%2F&sort=date&order=desc HTTP/1.1" 200 12235
201.245.192.253 - - [11/Feb/2021:04:29:28 -0500] "POST /kwsrmcab/Wsrmcab HTTP/1.1" 200 46634
192.241.132.40 - - [11/Feb/2021:04:30:15 -0500] "POST /boaform/admin/formLogin HTTP/1.1" 404 1186
201.245.192.253 - - [11/Feb/2021:04:30:14 -0500] "POST /kwsrmcab/Wsrmcab HTTP/1.1" 200 46742
66.249.79.111 - - [11/Feb/2021:04:31:22 -0500] "GET /Anexos%20estudio%20Organizacional%20SDA/ANEXO%20No.%201-%20NORMAS%20LEGALES%20DE%20ESTRUCTURA%20Y%20PLANTA/Acuerdo%20257%20de%202006%20-%20Estructura%20organizaci%C3%B3n%20y%20funcionamiento%20de%20la%20Adm.%20Distrital.jsp_files/play.png HTTP/1.1" 200 1218
173.231.59.202 - - [11/Feb/2021:04:32:21 -0500] "GET /BLA/resoluciones/index.php?dir=RESOLUCIONES%202010%2F&sort=date&order=desc HTTP/1.1" 200 1307628
173.231.59.202 - - [11/Feb/2021:04:32:33 -0500] "GET /BLA/resoluciones/index.php?dir=RESOLUCIONES%202010%2F&sort=size&order=desc HTTP/1.1" 200 1307628
69.162.124.227 - - [11/Feb/2021:04:32:46 -0500] "HEAD / HTTP/1.1" 200 -
13.66.139.27 - - [11/Feb/2021:04:32:56 -0500] "GET /BLA/resoluciones/index.php?dir=AUTOS+2020%2F HTTP/1.1" 200 171408
186.84.89.11 - - [11/Feb/2021:04:33:04 -0500] "GET /galeria/galeria/jquery.fancybox.css?v=2.1.5 HTTP/1.1" 200 4895
186.84.89.11 - - [11/Feb/2021:04:33:04 -0500] "GET /BLA/boletinlegal/js/jquery.scrollShow.js HTTP/1.1" 200 4586
186.84.89.11 - - [11/Feb/2021:04:33:04 -0500] "GET /galeria/galeria/jquery.fancybox.js?v=2.1.5 HTTP/1.1" 200 48706
173.231.59.202 - - [11/Feb/2021:04:33:04 -0500] "GET /BLA/resoluciones/index.php?dir=RESOLUCIONES%202011%2F&sort=date&order=desc HTTP/1.1" 200 744437
114.119.146.206 - - [11/Feb/2021:04:33:08 -0500] "GET /BLA/resoluciones/RESOLUCIONES%202013/0752.pdf HTTP/1.1" 200 1558947
186.84.20.224 - - [11/Feb/2021:04:33:49 -0500] "GET /BLA/boletinlegal/js/jquery.scrollShow.js HTTP/1.1" 200 4586
186.84.20.224 - - [11/Feb/2021:04:33:49 -0500] "GET /galeria/galeria/jquery.fancybox.js?v=2.1.5 HTTP/1.1" 200 48706
186.84.20.224 - - [11/Feb/2021:04:33:49 -0500] "GET /galeria/galeria/jquery.fancybox.css?v=2.1.5 HTTP/1.1" 200 4895
186.84.20.224 - - [11/Feb/2021:04:34:03 -0500] "GET /galeria/galeria/jquery.fancybox.css?v=2.1.5 HTTP/1.1" 304 -
186.84.20.224 - - [11/Feb/2021:04:34:03 -0500] "GET /galeria/galeria/jquery.fancybox.js?v=2.1.5 HTTP/1.1" 304 -
186.84.20.224 - - [11/Feb/2021:04:34:03 -0500] "GET /BLA/boletinlegal/js/jquery.scrollShow.js HTTP/1.1" 304 -
92.191.64.233 - - [11/Feb/2021:04:34:07 -0500] "GET /BLA/boletinlegal/js/jquery.scrollShow.js HTTP/1.1" 200 4586
92.191.64.233 - - [11/Feb/2021:04:34:07 -0500] "GET /galeria/galeria/jquery.fancybox.js?v=2.1.5 HTTP/1.1" 200 48706
92.191.64.233 - - [11/Feb/2021:04:34:07 -0500] "GET /galeria/carrusel/Carrusel/jquery.thumbnailScroller.css HTTP/1.1" 200 2066
92.191.64.233 - - [11/Feb/2021:04:34:07 -0500] "GET /galeria/galeria/jquery.fancybox.css?v=2.1.5 HTTP/1.1" 200 4895
191.156.27.224 - - [11/Feb/2021:04:34:22 -0500] "GET /galeria/galeria/jquery.fancybox.css?v=2.1.5 HTTP/1.1" 200 4895
191.156.27.224 - - [11/Feb/2021:04:34:22 -0500] "GET /BLA/boletinlegal/js/jquery.scrollShow.js HTTP/1.1" 200 4586
191.156.27.224 - - [11/Feb/2021:04:34:22 -0500] "GET /galeria/galeria/jquery.fancybox.js?v=2.1.5 HTTP/1.1" 200 48706
186.28.41.255 - - [11/Feb/2021:04:34:35 -0500] "GET /BLA/boletinlegal/js/jquery.scrollShow.js HTTP/1.1" 200 4586
186.28.41.255 - - [11/Feb/2021:04:34:35 -0500] "GET /galeria/galeria/jquery.fancybox.css?v=2.1.5 HTTP/1.1" 200 4895
186.28.41.255 - - [11/Feb/2021:04:34:35 -0500] "GET /galeria/galeria/jquery.fancybox.js?v=2.1.5 HTTP/1.1" 200 48706
192.241.132.40 - - [11/Feb/2021:04:34:31 -0500] "POST /boaform/admin/formLogin HTTP/1.1" 404 1186
31.4.224.157 - - [11/Feb/2021:04:37:03 -0500] "GET /galeria/galeria/jquery.fancybox.css?v=2.1.5 HTTP/1.1" 200 4895
31.4.224.157 - - [11/Feb/2021:04:37:03 -0500] "GET /BLA/boletinlegal/js/jquery.scrollShow.js HTTP/1.1" 200 4586
31.4.224.157 - - [11/Feb/2021:04:37:03 -0500] "GET /galeria/galeria/jquery.fancybox.js?v=2.1.5 HTTP/1.1" 200 48706
186.113.10.19 - - [11/Feb/2021:04:37:08 -0500] "GET /galeria/nivo-slider/demo/images/bannerpuntosweb.jpg HTTP/1.1" 304 -
69.162.124.227 - - [11/Feb/2021:04:37:46 -0500] "HEAD / HTTP/1.1" 200 -
114.119.142.12 - - [11/Feb/2021:04:38:26 -0500] "GET /BLA/resoluciones/AUTOS%202015/6884.pdf HTTP/1.1" 200 437357
191.95.51.115 - - [11/Feb/2021:04:38:52 -0500] "GET /galeria/galeria/jquery.fancybox.css?v=2.1.5 HTTP/1.1" 200 4895
191.95.51.115 - - [11/Feb/2021:04:38:52 -0500] "GET /galeria/galeria/jquery.fancybox.js?v=2.1.5 HTTP/1.1" 200 48706
191.95.51.115 - - [11/Feb/2021:04:38:52 -0500] "GET /BLA/boletinlegal/js/jquery.scrollShow.js HTTP/1.1" 200 4586
13.66.139.27 - - [11/Feb/2021:04:39:27 -0500] "GET /BLA/resoluciones/index.php?dir=RESOLUCIONES+2009%2F HTTP/1.1" 200 655307
191.95.51.115 - - [11/Feb/2021:04:39:30 -0500] "GET /galeria/galeria/jquery.fancybox.css?v=2.1.5 HTTP/1.1" 200 4895
191.95.51.115 - - [11/Feb/2021:04:39:30 -0500] "GET /BLA/boletinlegal/js/jquery.scrollShow.js HTTP/1.1" 200 4586
191.95.51.115 - - [11/Feb/2021:04:39:30 -0500] "GET /galeria/galeria/jquery.fancybox.js?v=2.1.5 HTTP/1.1" 200 48706
192.241.132.40 - - [11/Feb/2021:04:39:39 -0500] "POST /boaform/admin/formLogin HTTP/1.1" 404 1186
66.249.79.107 - - [11/Feb/2021:04:39:57 -0500] "GET /BLA/resoluciones/RESOLUCIONES%202013/1705.pdf HTTP/1.1" 200 4738970
173.231.59.202 - - [11/Feb/2021:04:41:11 -0500] "GET /BLA/resoluciones/index.php?dir=RESOLUCIONES%202012%2F&sort=date&order=desc HTTP/1.1" 200 139725
173.231.59.202 - - [11/Feb/2021:04:41:28 -0500] "GET /BLA/resoluciones/index.php?dir=RESOLUCIONES%202012%2F&sort=size&order=desc HTTP/1.1" 200 139725
173.231.59.202 - - [11/Feb/2021:04:41:48 -0500] "GET /BLA/resoluciones/index.php?dir=RESOLUCIONES%202013%2F&sort=date&order=desc HTTP/1.1" 200 236747
66.249.79.111 - - [11/Feb/2021:04:42:16 -0500] "GET /BLA/resoluciones/RESOLUCIONES%202004/RES%202004%201451-1500/00001490.tif HTTP/1.1" 200 87900
173.231.59.202 - - [11/Feb/2021:04:42:18 -0500] "GET /BLA/resoluciones/index.php?dir=RESOLUCIONES%202013%2F&sort=size&order=desc HTTP/1.1" 200 236747
173.231.59.202 - - [11/Feb/2021:04:42:39 -0500] "GET /BLA/resoluciones/index.php?dir=RESOLUCIONES%202014%2F&sort=date&order=desc HTTP/1.1" 200 329250
173.231.59.202 - - [11/Feb/2021:04:43:07 -0500] "GET /BLA/resoluciones/index.php?dir=RESOLUCIONES%202014%2F&sort=size&order=desc HTTP/1.1" 200 329250
173.231.59.202 - - [11/Feb/2021:04:43:23 -0500] "GET /BLA/resoluciones/index.php?dir=RESOLUCIONES%202015%2F&sort=date&order=desc HTTP/1.1" 200 128499
66.249.79.107 - - [11/Feb/2021:04:43:31 -0500] "GET /BLA/resoluciones/Notificaciones/AUTOS%202018/5018.pdf HTTP/1.1" 200 255927
190.156.137.6 - - [11/Feb/2021:04:43:32 -0500] "GET /galeria/galeria/jquery.fancybox.css?v=2.1.5 HTTP/1.1" 200 4895
190.156.137.6 - - [11/Feb/2021:04:43:32 -0500] "GET /BLA/boletinlegal/js/jquery.scrollShow.js HTTP/1.1" 200 4586
190.156.137.6 - - [11/Feb/2021:04:43:32 -0500] "GET /galeria/galeria/jquery.fancybox.js?v=2.1.5 HTTP/1.1" 200 48706
201.245.192.253 - - [11/Feb/2021:04:42:55 -0500] "POST /kwsrmcab/Wsrmcab HTTP/1.1" 200 120372
90.70.220.2 - - [11/Feb/2021:04:43:42 -0500] "GET /galeria/galeria/jquery.fancybox.css?v=2.1.5 HTTP/1.1" 200 4895
90.70.220.2 - - [11/Feb/2021:04:43:42 -0500] "GET /BLA/boletinlegal/js/jquery.scrollShow.js HTTP/1.1" 200 4586
90.70.220.2 - - [11/Feb/2021:04:43:43 -0500] "GET /galeria/galeria/jquery.fancybox.js?v=2.1.5 HTTP/1.1" 200 48706
173.231.59.202 - - [11/Feb/2021:04:43:55 -0500] "GET /BLA/resoluciones/index.php?dir=RESOLUCIONES%202015%2F&sort=size&order=desc HTTP/1.1" 200 128499
114.119.159.6 - - [11/Feb/2021:04:44:08 -0500] "GET /BLA/resoluciones/AUTOS%202016/2981.pdf HTTP/1.1" 200 441678
173.231.59.202 - - [11/Feb/2021:04:44:20 -0500] "GET /BLA/resoluciones/index.php?dir=RESOLUCIONES%202016%2F&sort=date&order=desc HTTP/1.1" 200 158886
173.231.59.202 - - [11/Feb/2021:04:44:57 -0500] "GET /BLA/resoluciones/index.php?dir=RESOLUCIONES%202016%2F&sort=size&order=desc HTTP/1.1" 200 158886
13.66.139.79 - - [11/Feb/2021:04:45:18 -0500] "GET / HTTP/1.1" 200 9990
69.162.124.227 - - [11/Feb/2021:04:45:19 -0500] "HEAD / HTTP/1.1" 200 -
173.231.59.202 - - [11/Feb/2021:04:45:23 -0500] "GET /BLA/resoluciones/index.php?dir=RESOLUCIONES%202017%2F&sort=date&order=desc HTTP/1.1" 200 264212
173.231.59.202 - - [11/Feb/2021:04:45:54 -0500] "GET /BLA/resoluciones/index.php?dir=RESOLUCIONES%202017%2F&sort=size&order=desc HTTP/1.1" 200 264212
173.231.59.202 - - [11/Feb/2021:04:46:21 -0500] "GET /BLA/resoluciones/index.php?dir=RESOLUCIONES%202018%2F&sort=date&order=desc HTTP/1.1" 200 228584
173.231.59.202 - - [11/Feb/2021:04:46:52 -0500] "GET /BLA/resoluciones/index.php?dir=RESOLUCIONES%202018%2F&sort=size&order=desc HTTP/1.1" 200 228584
186.84.90.211 - - [11/Feb/2021:04:47:02 -0500] "GET /galeria/galeria/jquery.fancybox.css?v=2.1.5 HTTP/1.1" 200 4895
186.84.90.211 - - [11/Feb/2021:04:47:02 -0500] "GET /BLA/boletinlegal/js/jquery.scrollShow.js HTTP/1.1" 200 4586
186.84.90.211 - - [11/Feb/2021:04:47:02 -0500] "GET /galeria/galeria/jquery.fancybox.js?v=2.1.5 HTTP/1.1" 200 48706
173.231.59.202 - - [11/Feb/2021:04:47:16 -0500] "GET /BLA/resoluciones/index.php?dir=RESOLUCIONES%202019%2F&sort=date&order=desc HTTP/1.1" 200 198299
191.156.38.203 - - [11/Feb/2021:04:47:28 -0500] "GET /galeria/galeria/jquery.fancybox.css?v=2.1.5 HTTP/1.1" 200 4895
191.156.36.245 - - [11/Feb/2021:04:47:28 -0500] "GET /galeria/galeria/jquery.fancybox.js?v=2.1.5 HTTP/1.1" 200 48706
191.156.34.215 - - [11/Feb/2021:04:47:28 -0500] "GET /BLA/boletinlegal/js/jquery.scrollShow.js HTTP/1.1" 200 4586
173.231.59.202 - - [11/Feb/2021:04:47:40 -0500] "GET /BLA/resoluciones/index.php?dir=RESOLUCIONES%202019%2F&sort=size&order=desc HTTP/1.1" 200 198299
173.231.59.202 - - [11/Feb/2021:04:48:05 -0500] "GET /BLA/resoluciones/index.php?dir=RESOLUCIONES%202020%2F&sort=date&order=desc HTTP/1.1" 200 81958
173.231.59.202 - - [11/Feb/2021:04:48:28 -0500] "GET /BLA/resoluciones/index.php?dir=RESOLUCIONES%202020%2F&sort=size&order=desc HTTP/1.1" 200 81958
186.155.16.157 - - [11/Feb/2021:04:48:36 -0500] "GET /BLA/resoluciones/RESOLUCIONES%202019/3409.pdf HTTP/1.1" 200 295115
186.155.16.157 - - [11/Feb/2021:04:48:37 -0500] "GET /favicon.ico HTTP/1.1" 200 7782
186.155.16.157 - - [11/Feb/2021:04:48:41 -0500] "GET /BLA/resoluciones/RESOLUCIONES%202019/3405.pdf HTTP/1.1" 200 294486
186.155.16.157 - - [11/Feb/2021:04:48:49 -0500] "GET /BLA/resoluciones/RESOLUCIONES%202019/3354.pdf HTTP/1.1" 200 295750
114.119.135.169 - - [11/Feb/2021:04:48:56 -0500] "GET /BLA/resoluciones/RESOLUCIONES%202009/4527.pdf HTTP/1.1" 200 1994042
173.231.59.202 - - [11/Feb/2021:04:48:58 -0500] "GET /BLA/resoluciones/index.php?dir=RESOLUCIONES%202021%2F&sort=date&order=desc HTTP/1.1" 200 3229
173.231.59.202 - - [11/Feb/2021:04:49:21 -0500] "GET /BLA/resoluciones/index.php?dir=RESOLUCIONES%202021%2F&sort=size&order=desc HTTP/1.1" 200 3229
173.231.59.202 - - [11/Feb/2021:04:49:33 -0500] "GET /BLA/resoluciones/index.php?dir=RESOLUCIONES%202005%2FRES%202005%201601-1650%2F&sort=date&order=asc HTTP/1.1" 200 12968
173.231.59.202 - - [11/Feb/2021:04:49:45 -0500] "GET /BLA/resoluciones/index.php?dir=RESOLUCIONES%202005%2FRES%202005%201601-1650%2F&sort=size&order=asc HTTP/1.1" 200 12968
66.249.79.111 - - [11/Feb/2021:04:50:08 -0500] "GET /BLA/resoluciones/RESOLUCIONES%202014/0702.pdf HTTP/1.1" 200 26706291
173.231.59.202 - - [11/Feb/2021:04:50:10 -0500] "GET /BLA/resoluciones/index.php?dir=RESOLUCIONES%202005%2FRES%202005%201651-1700%2F&sort=date&order=asc HTTP/1.1" 200 12968
186.84.89.176 - - [11/Feb/2021:04:50:11 -0500] "GET /galeria/galeria/jquery.fancybox.css?v=2.1.5 HTTP/1.1" 200 4895
186.84.89.176 - - [11/Feb/2021:04:50:12 -0500] "GET /BLA/boletinlegal/js/jquery.scrollShow.js HTTP/1.1" 200 4586
186.84.89.176 - - [11/Feb/2021:04:50:12 -0500] "GET /galeria/galeria/jquery.fancybox.js?v=2.1.5 HTTP/1.1" 200 48706
66.249.79.111 - - [11/Feb/2021:04:50:17 -0500] "GET /Residuos/impresion/files/guia_impresion-lit.pdf HTTP/1.1" 200 12573981
69.162.124.227 - - [11/Feb/2021:04:50:19 -0500] "HEAD / HTTP/1.1" 200 -
173.231.59.202 - - [11/Feb/2021:04:50:32 -0500] "GET /BLA/resoluciones/index.php?dir=RESOLUCIONES%202005%2FRES%202005%201651-1700%2F&sort=size&order=asc HTTP/1.1" 200 12968
173.231.59.202 - - [11/Feb/2021:04:50:50 -0500] "GET /BLA/resoluciones/index.php?dir=RESOLUCIONES%202005%2FRES%202005%201701-1750%2F&sort=date&order=asc HTTP/1.1" 200 12968
173.231.59.202 - - [11/Feb/2021:04:51:15 -0500] "GET /BLA/resoluciones/index.php?dir=RESOLUCIONES%202005%2FRES%202005%201701-1750%2F&sort=size&order=asc HTTP/1.1" 200 12968
66.249.79.107 - - [11/Feb/2021:04:51:36 -0500] "GET /BLA/resoluciones/AUTOS%202015/4868.pdf HTTP/1.1" 200 722466
173.231.59.202 - - [11/Feb/2021:04:51:37 -0500] "GET /BLA/resoluciones/index.php?dir=RESOLUCIONES%202006%2FRES%202006%202801-2850%2F&sort=date&order=asc HTTP/1.1" 200 12968
173.231.59.202 - - [11/Feb/2021:04:51:52 -0500] "GET /BLA/resoluciones/index.php?dir=RESOLUCIONES%202006%2FRES%202006%202801-2850%2F&sort=size&order=asc HTTP/1.1" 200 12968
191.156.140.150 - - [11/Feb/2021:04:51:59 -0500] "GET /BLA/boletinlegal/js/jquery.scrollShow.js HTTP/1.1" 200 4586
191.156.140.150 - - [11/Feb/2021:04:51:59 -0500] "GET /galeria/galeria/jquery.fancybox.css?v=2.1.5 HTTP/1.1" 200 4895
191.156.140.150 - - [11/Feb/2021:04:51:59 -0500] "GET /galeria/galeria/jquery.fancybox.js?v=2.1.5 HTTP/1.1" 200 48706
207.46.13.18 - - [11/Feb/2021:04:52:05 -0500] "GET /BLA/boletinlegal/Circulares/2011/Circular%20No.%203%20del%2023%20de%20Junio%20de%202011.pdf HTTP/1.1" 304 -
173.231.59.202 - - [11/Feb/2021:04:52:11 -0500] "GET /BLA/resoluciones/index.php?dir=RESOLUCIONES%202006%2FRES%202006%202851-2900%2F&sort=date&order=asc HTTP/1.1" 200 12968
173.231.59.202 - - [11/Feb/2021:04:52:33 -0500] "GET /BLA/resoluciones/index.php?dir=RESOLUCIONES%202006%2FRES%202006%202851-2900%2F&sort=size&order=asc HTTP/1.1" 200 12968
173.231.59.202 - - [11/Feb/2021:04:52:55 -0500] "GET /BLA/resoluciones/index.php?dir=RESOLUCIONES%202006%2FRES%202006%202901-2950%2F&sort=date&order=asc HTTP/1.1" 200 12968
181.53.12.101 - - [11/Feb/2021:04:53:02 -0500] "GET /galeria/galeria/jquery.fancybox.css?v=2.1.5 HTTP/1.1" 200 4895
181.53.12.101 - - [11/Feb/2021:04:53:02 -0500] "GET /BLA/boletinlegal/js/jquery.scrollShow.js HTTP/1.1" 200 4586
181.53.12.101 - - [11/Feb/2021:04:53:02 -0500] "GET /galeria/galeria/jquery.fancybox.js?v=2.1.5 HTTP/1.1" 200 48706
179.1.14.136 - - [11/Feb/2021:04:53:02 -0500] "GET /BLA/boletinlegal/js/jquery.scrollShow.js HTTP/1.1" 200 4586
179.1.14.136 - - [11/Feb/2021:04:53:02 -0500] "GET /galeria/galeria/jquery.fancybox.js?v=2.1.5 HTTP/1.1" 200 48706
179.1.14.136 - - [11/Feb/2021:04:53:02 -0500] "GET /galeria/galeria/jquery.fancybox.css?v=2.1.5 HTTP/1.1" 200 4895
66.249.79.73 - - [11/Feb/2021:04:53:11 -0500] "GET /catalogoisis/imagenes/br1c3.gif HTTP/1.1" 200 302
173.231.59.202 - - [11/Feb/2021:04:53:16 -0500] "GET /BLA/resoluciones/index.php?dir=RESOLUCIONES%202006%2FRES%202006%202901-2950%2F&sort=size&order=asc HTTP/1.1" 200 12968
173.231.59.202 - - [11/Feb/2021:04:53:34 -0500] "GET /BLA/resoluciones/index.php?dir=RESOLUCIONES%202006%2FRES%202006%202951-3000%2F&sort=date&order=asc HTTP/1.1" 200 12968
173.231.59.202 - - [11/Feb/2021:04:53:49 -0500] "GET /BLA/resoluciones/index.php?dir=RESOLUCIONES%202006%2FRES%202006%202951-3000%2F&sort=size&order=asc HTTP/1.1" 200 12968
114.119.148.47 - - [11/Feb/2021:04:54:13 -0500] "GET /BLA/resoluciones/AUTOS%202017/2522.pdf HTTP/1.1" 200 11653884
173.231.59.202 - - [11/Feb/2021:04:54:16 -0500] "GET /BLA/resoluciones/index.php?dir=RESOLUCIONES%202006%2FRES%202006%203001-3054%2F&sort=date&order=asc HTTP/1.1" 200 12968
173.231.59.202 - - [11/Feb/2021:04:54:34 -0500] "GET /BLA/resoluciones/index.php?dir=RESOLUCIONES%202006%2FRES%202006%203001-3054%2F&sort=size&order=asc HTTP/1.1" 200 12968
173.231.59.202 - - [11/Feb/2021:04:54:57 -0500] "GET /BLA/resoluciones/index.php?dir=RESOLUCIONES%202003%2FRES%202003%201851--1900%2F&sort=date&order=asc HTTP/1.1" 200 12206
186.115.26.9 - - [11/Feb/2021:04:55:00 -0500] "GET /galeria/galeria/jquery.fancybox.css?v=2.1.5 HTTP/1.1" 200 4895
186.115.26.9 - - [11/Feb/2021:04:55:00 -0500] "GET /galeria/galeria/jquery.fancybox.js?v=2.1.5 HTTP/1.1" 200 48706
186.115.26.9 - - [11/Feb/2021:04:55:00 -0500] "GET /BLA/boletinlegal/js/jquery.scrollShow.js HTTP/1.1" 200 4586
192.241.132.40 - - [11/Feb/2021:04:55:07 -0500] "POST /boaform/admin/formLogin HTTP/1.1" 404 1186
173.231.59.202 - - [11/Feb/2021:04:55:19 -0500] "GET /BLA/resoluciones/index.php?dir=RESOLUCIONES%202003%2FRES%202003%201851--1900%2F&sort=size&order=asc HTTP/1.1" 200 12206
69.162.124.227 - - [11/Feb/2021:04:55:19 -0500] "HEAD / HTTP/1.1" 200 -
173.231.59.202 - - [11/Feb/2021:04:55:41 -0500] "GET /BLA/resoluciones/index.php?dir=RESOLUCIONES%202005%2FANEXO%20RES%202643-2005%2F&sort=date&order=asc HTTP/1.1" 200 2446
173.231.59.202 - - [11/Feb/2021:04:55:56 -0500] "GET /BLA/resoluciones/index.php?dir=RESOLUCIONES%202005%2FANEXO%20RES%202643-2005%2F&sort=size&order=asc HTTP/1.1" 200 2446
173.231.59.202 - - [11/Feb/2021:04:56:12 -0500] "GET /BLA/resoluciones/index.php?dir=RESOLUCIONES%202005%2FRES%202005%201601-1650%2F&sort=name&order=desc HTTP/1.1" 200 12967
173.231.59.202 - - [11/Feb/2021:04:56:39 -0500] "GET /BLA/resoluciones/index.php?dir=RESOLUCIONES%202005%2FRES%202005%201651-1700%2F&sort=name&order=desc HTTP/1.1" 200 12967
79.80.49.153 - - [11/Feb/2021:04:56:41 -0500] "GET /BLA/boletinlegal/js/jquery.scrollShow.js HTTP/1.1" 200 4586
79.80.49.153 - - [11/Feb/2021:04:56:41 -0500] "GET /galeria/galeria/jquery.fancybox.css?v=2.1.5 HTTP/1.1" 200 4895
79.80.49.153 - - [11/Feb/2021:04:56:41 -0500] "GET /galeria/galeria/jquery.fancybox.js?v=2.1.5 HTTP/1.1" 200 48706
79.80.49.153 - - [11/Feb/2021:04:56:52 -0500] "GET /galeria/galeria/jquery.fancybox.css?v=2.1.5 HTTP/1.1" 304 -
79.80.49.153 - - [11/Feb/2021:04:56:52 -0500] "GET /galeria/galeria/jquery.fancybox.js?v=2.1.5 HTTP/1.1" 304 -
79.80.49.153 - - [11/Feb/2021:04:56:52 -0500] "GET /BLA/boletinlegal/js/jquery.scrollShow.js HTTP/1.1" 304 -
173.231.59.202 - - [11/Feb/2021:04:56:55 -0500] "GET /BLA/resoluciones/index.php?dir=RESOLUCIONES%202005%2FRES%202005%201701-1750%2F&sort=name&order=desc HTTP/1.1" 200 12967
173.252.87.118 - - [11/Feb/2021:04:57:03 -0500] "GET /galeria/galeria/jquery.fancybox.js?v=2.1.5 HTTP/1.1" 206 48706
173.252.87.5 - - [11/Feb/2021:04:57:03 -0500] "GET /BLA/boletinlegal/js/jquery.scrollShow.js HTTP/1.1" 206 4586
173.231.59.202 - - [11/Feb/2021:04:57:06 -0500] "GET /BLA/resoluciones/index.php?dir=RESOLUCIONES%202005%2FRES%202005%202701%20-2750%2F&sort=date&order=asc HTTP/1.1" 200 12404
173.231.59.202 - - [11/Feb/2021:04:57:36 -0500] "GET /BLA/resoluciones/index.php?dir=RESOLUCIONES%202005%2FRES%202005%202701%20-2750%2F&sort=size&order=asc HTTP/1.1" 200 12404
173.231.59.202 - - [11/Feb/2021:04:57:54 -0500] "GET /BLA/resoluciones/index.php?dir=RESOLUCIONES%202006%2FRES%202006%202801-2850%2F&sort=name&order=desc HTTP/1.1" 200 12967
173.231.59.202 - - [11/Feb/2021:04:58:15 -0500] "GET /BLA/resoluciones/index.php?dir=RESOLUCIONES%202006%2FRES%202006%202851-2900%2F&sort=name&order=desc HTTP/1.1" 200 12967
66.249.79.107 - - [11/Feb/2021:04:58:22 -0500] "GET /BLA/resoluciones/AUTOS%202017/2672.pdf HTTP/1.1" 200 1072727
94.31.87.212 - - [11/Feb/2021:04:58:40 -0500] "GET /BLA/boletinlegal/js/jquery.scrollShow.js HTTP/1.1" 200 4586
94.31.87.212 - - [11/Feb/2021:04:58:40 -0500] "GET /galeria/galeria/jquery.fancybox.js?v=2.1.5 HTTP/1.1" 200 48706
94.31.87.212 - - [11/Feb/2021:04:58:40 -0500] "GET /galeria/galeria/jquery.fancybox.css?v=2.1.5 HTTP/1.1" 200 4895
173.231.59.202 - - [11/Feb/2021:04:58:41 -0500] "GET /BLA/resoluciones/index.php?dir=RESOLUCIONES%202006%2FRES%202006%202901-2950%2F&sort=name&order=desc HTTP/1.1" 200 12967
173.231.59.202 - - [11/Feb/2021:04:59:07 -0500] "GET /BLA/resoluciones/index.php?dir=RESOLUCIONES%202006%2FRES%202006%202951-3000%2F&sort=name&order=desc HTTP/1.1" 200 12967
192.241.132.40 - - [11/Feb/2021:04:59:16 -0500] "POST /boaform/admin/formLogin HTTP/1.1" 404 1186
