35.202.2.1 - - [11/Feb/2021:01:53:02 -0500] "GET /videos/galeria-cronicas/js/jplayer.playlist.min.js HTTP/1.1" 200 8608
66.249.64.47 - - [11/Feb/2021:01:53:28 -0500] "GET /portel_dama/libreria/pdf/ecosistemas/restauracion/sitio/22_proye/xtras_in/3a.pdf HTTP/1.1" 404 1018
35.202.2.1 - - [11/Feb/2021:01:53:31 -0500] "GET /videos/galeria-cronicas/js/jquery.jplayer.min.js HTTP/1.1" 200 43668
201.245.192.253 - - [11/Feb/2021:01:52:55 -0500] "POST /kwsrmcab/Wsrmcab HTTP/1.1" 200 119974
192.241.132.40 - - [11/Feb/2021:01:54:38 -0500] "POST /boaform/admin/formLogin HTTP/1.1" 404 1186
114.119.148.47 - - [11/Feb/2021:01:54:59 -0500] "GET /BLA/resoluciones/AUTOS%202017/1921.pdf HTTP/1.1" 200 462028
66.249.64.47 - - [11/Feb/2021:01:55:32 -0500] "GET /BLA/resoluciones/Autos%202008/1818.pdf HTTP/1.1" 200 144095
66.249.64.47 - - [11/Feb/2021:01:55:44 -0500] "GET /BLA/resoluciones/RESOLUCIONES%202009/0009.pdf HTTP/1.1" 200 214931
66.249.64.49 - - [11/Feb/2021:01:56:33 -0500] "GET /BLA/resoluciones/RESOLUCIONES%202004/RES%202004%201451-1500/00001500.tif HTTP/1.1" 200 99164
189.203.84.194 - - [11/Feb/2021:01:56:53 -0500] "GET /galeria/galeria/jquery.fancybox.css?v=2.1.5 HTTP/1.1" 200 4895
189.203.84.194 - - [11/Feb/2021:01:56:53 -0500] "GET /BLA/boletinlegal/js/jquery.scrollShow.js HTTP/1.1" 200 4586
189.203.84.194 - - [11/Feb/2021:01:56:53 -0500] "GET /galeria/galeria/jquery.fancybox.js?v=2.1.5 HTTP/1.1" 200 48706
69.162.124.227 - - [11/Feb/2021:01:57:46 -0500] "HEAD / HTTP/1.1" 200 -
66.249.64.49 - - [11/Feb/2021:01:58:53 -0500] "GET /resoluciones/RESOLUCIONES%202009/3691.pdf HTTP/1.1" 404 1018
208.80.194.32 - - [11/Feb/2021:01:59:01 -0500] "GET /galeria/nivo-slider/demo/inicio80.html HTTP/1.0" 200 4408
192.241.132.40 - - [11/Feb/2021:01:59:19 -0500] "POST /boaform/admin/formLogin HTTP/1.1" 404 1186
190.24.99.2 - - [11/Feb/2021:01:59:43 -0500] "POST /sipse/faces/presentacion/financiero/solicitudProceso/consultarSolicitudProceso.xhtml HTTP/1.1" 200 20175
190.24.99.2 - - [11/Feb/2021:01:59:44 -0500] "GET /sipse/js/disable_browser_buttons.js HTTP/1.1" 304 -
190.24.99.2 - - [11/Feb/2021:01:59:44 -0500] "GET /sipse/js/jquery.min.js HTTP/1.1" 304 -
190.24.99.2 - - [11/Feb/2021:01:59:44 -0500] "GET /sipse/js/funciones.js HTTP/1.1" 304 -
190.24.99.2 - - [11/Feb/2021:01:59:44 -0500] "GET /sipse/css/custom_css_sg.css HTTP/1.1" 304 -
190.24.99.2 - - [11/Feb/2021:01:59:44 -0500] "GET /sipse/css/custom_css_sg_prime.css HTTP/1.1" 304 -
190.24.99.2 - - [11/Feb/2021:01:59:44 -0500] "GET /sipse/faces/javax.faces.resource/theme.css?ln=primefaces-sipse HTTP/1.1" 304 -
190.24.99.2 - - [11/Feb/2021:01:59:44 -0500] "GET /sipse/faces/javax.faces.resource/layout/layout.css?ln=primefaces&v=4.0 HTTP/1.1" 304 -
190.24.99.2 - - [11/Feb/2021:01:59:44 -0500] "GET /sipse/faces/javax.faces.resource/fileupload/fileupload.css?ln=primefaces&v=4.0 HTTP/1.1" 304 -
190.24.99.2 - - [11/Feb/2021:01:59:44 -0500] "GET /sipse/faces/javax.faces.resource/primefaces.css?ln=primefaces&v=4.0 HTTP/1.1" 304 -
190.24.99.2 - - [11/Feb/2021:01:59:44 -0500] "GET /sipse/faces/javax.faces.resource/layout/layout.js?ln=primefaces&v=4.0 HTTP/1.1" 304 -
190.24.99.2 - - [11/Feb/2021:01:59:44 -0500] "GET /sipse/faces/javax.faces.resource/fileupload/fileupload.js?ln=primefaces&v=4.0 HTTP/1.1" 304 -
190.24.99.2 - - [11/Feb/2021:01:59:44 -0500] "GET /sipse/faces/javax.faces.resource/jquery/jquery-plugins.js?ln=primefaces&v=4.0 HTTP/1.1" 304 -
190.24.99.2 - - [11/Feb/2021:01:59:44 -0500] "GET /sipse/faces/javax.faces.resource/jquery/jquery.js?ln=primefaces&v=4.0 HTTP/1.1" 304 -
190.24.99.2 - - [11/Feb/2021:01:59:44 -0500] "GET /sipse/faces/javax.faces.resource/primefaces.js?ln=primefaces&v=4.0 HTTP/1.1" 304 -
190.24.99.2 - - [11/Feb/2021:01:59:45 -0500] "GET /sipse/imagenes/cargando.gif HTTP/1.1" 304 -
190.24.99.2 - - [11/Feb/2021:01:59:45 -0500] "GET /sipse/css/imagen/logoSDG.png HTTP/1.1" 304 -
190.24.99.2 - - [11/Feb/2021:01:59:45 -0500] "GET /sipse/faces/javax.faces.resource/images/ui-icons_898989_256x240.png?ln=primefaces-aristo HTTP/1.1" 304 -
190.24.99.2 - - [11/Feb/2021:01:59:45 -0500] "GET /sipse/css/imagen/contrasena.png HTTP/1.1" 404 383
190.24.99.2 - - [11/Feb/2021:02:00:06 -0500] "POST /sipse/faces/presentacion/sistema/anexos/cargarAnexoSolicitudProceso.xhtml HTTP/1.1" 200 193540
190.24.99.2 - - [11/Feb/2021:02:00:07 -0500] "GET /sipse/faces/javax.faces.resource/primefaces.css?ln=primefaces&v=4.0 HTTP/1.1" 304 -
190.24.99.2 - - [11/Feb/2021:02:00:07 -0500] "GET /sipse/faces/javax.faces.resource/theme.css?ln=primefaces-sipse HTTP/1.1" 304 -
190.24.99.2 - - [11/Feb/2021:02:00:07 -0500] "GET /sipse/faces/javax.faces.resource/jquery/jquery-plugins.js?ln=primefaces&v=4.0 HTTP/1.1" 304 -
190.24.99.2 - - [11/Feb/2021:02:00:07 -0500] "GET /sipse/faces/javax.faces.resource/primefaces.js?ln=primefaces&v=4.0 HTTP/1.1" 304 -
190.24.99.2 - - [11/Feb/2021:02:00:07 -0500] "GET /sipse/faces/javax.faces.resource/layout/layout.css?ln=primefaces&v=4.0 HTTP/1.1" 304 -
190.24.99.2 - - [11/Feb/2021:02:00:07 -0500] "GET /sipse/faces/javax.faces.resource/jquery/jquery.js?ln=primefaces&v=4.0 HTTP/1.1" 304 -
190.24.99.2 - - [11/Feb/2021:02:00:07 -0500] "GET /sipse/faces/javax.faces.resource/layout/layout.js?ln=primefaces&v=4.0 HTTP/1.1" 304 -
190.24.99.2 - - [11/Feb/2021:02:00:07 -0500] "GET /sipse/css/imagen/contrasena.png HTTP/1.1" 404 383
190.24.99.2 - - [11/Feb/2021:02:00:07 -0500] "GET /sipse/faces/javax.faces.resource/images/ui-icons_898989_256x240.png?ln=primefaces-aristo HTTP/1.1" 304 -
190.24.99.2 - - [11/Feb/2021:02:00:08 -0500] "GET /reportes_sipse/sdg/ServletReporte?reporte=experienia_idoneidad&solicitud=12361&pfdrid_c=false HTTP/1.1" 200 123978
114.119.135.169 - - [11/Feb/2021:02:00:14 -0500] "GET /BLA/resoluciones/RESOLUCIONES%202010/4898.pdf HTTP/1.1" 200 199606
190.24.99.2 - - [11/Feb/2021:02:00:16 -0500] "POST /sipse/faces/presentacion/financiero/solicitudProceso/consultarSolicitudProceso.xhtml HTTP/1.1" 200 20175
190.24.99.2 - - [11/Feb/2021:02:00:16 -0500] "GET /sipse/faces/javax.faces.resource/theme.css?ln=primefaces-sipse HTTP/1.1" 304 -
190.24.99.2 - - [11/Feb/2021:02:00:17 -0500] "GET /sipse/faces/javax.faces.resource/primefaces.css?ln=primefaces&v=4.0 HTTP/1.1" 304 -
190.24.99.2 - - [11/Feb/2021:02:00:17 -0500] "GET /sipse/faces/javax.faces.resource/primefaces.js?ln=primefaces&v=4.0 HTTP/1.1" 304 -
190.24.99.2 - - [11/Feb/2021:02:00:17 -0500] "GET /sipse/faces/javax.faces.resource/layout/layout.css?ln=primefaces&v=4.0 HTTP/1.1" 304 -
190.24.99.2 - - [11/Feb/2021:02:00:17 -0500] "GET /sipse/faces/javax.faces.resource/jquery/jquery-plugins.js?ln=primefaces&v=4.0 HTTP/1.1" 304 -
190.24.99.2 - - [11/Feb/2021:02:00:17 -0500] "GET /sipse/faces/javax.faces.resource/fileupload/fileupload.css?ln=primefaces&v=4.0 HTTP/1.1" 304 -
190.24.99.2 - - [11/Feb/2021:02:00:17 -0500] "GET /sipse/faces/javax.faces.resource/jquery/jquery.js?ln=primefaces&v=4.0 HTTP/1.1" 304 -
190.24.99.2 - - [11/Feb/2021:02:00:17 -0500] "GET /sipse/faces/javax.faces.resource/layout/layout.js?ln=primefaces&v=4.0 HTTP/1.1" 304 -
190.24.99.2 - - [11/Feb/2021:02:00:17 -0500] "GET /sipse/faces/javax.faces.resource/fileupload/fileupload.js?ln=primefaces&v=4.0 HTTP/1.1" 304 -
190.24.99.2 - - [11/Feb/2021:02:00:17 -0500] "GET /sipse/css/imagen/contrasena.png HTTP/1.1" 404 383
190.24.99.2 - - [11/Feb/2021:02:00:17 -0500] "GET /sipse/faces/javax.faces.resource/images/ui-icons_898989_256x240.png?ln=primefaces-aristo HTTP/1.1" 304 -
190.24.99.2 - - [11/Feb/2021:02:00:26 -0500] "POST /sipse/faces/presentacion/sistema/anexos/cargarAnexoSolicitudProceso.xhtml HTTP/1.1" 200 195939
190.24.99.2 - - [11/Feb/2021:02:00:26 -0500] "GET /sipse/faces/javax.faces.resource/theme.css?ln=primefaces-sipse HTTP/1.1" 304 -
190.24.99.2 - - [11/Feb/2021:02:00:26 -0500] "GET /sipse/faces/javax.faces.resource/primefaces.css?ln=primefaces&v=4.0 HTTP/1.1" 304 -
190.24.99.2 - - [11/Feb/2021:02:00:26 -0500] "GET /sipse/faces/javax.faces.resource/layout/layout.css?ln=primefaces&v=4.0 HTTP/1.1" 304 -
190.24.99.2 - - [11/Feb/2021:02:00:26 -0500] "GET /sipse/faces/javax.faces.resource/jquery/jquery.js?ln=primefaces&v=4.0 HTTP/1.1" 304 -
190.24.99.2 - - [11/Feb/2021:02:00:26 -0500] "GET /sipse/faces/javax.faces.resource/jquery/jquery-plugins.js?ln=primefaces&v=4.0 HTTP/1.1" 304 -
190.24.99.2 - - [11/Feb/2021:02:00:26 -0500] "GET /sipse/faces/javax.faces.resource/primefaces.js?ln=primefaces&v=4.0 HTTP/1.1" 304 -
190.24.99.2 - - [11/Feb/2021:02:00:26 -0500] "GET /sipse/faces/javax.faces.resource/layout/layout.js?ln=primefaces&v=4.0 HTTP/1.1" 304 -
190.24.99.2 - - [11/Feb/2021:02:00:27 -0500] "GET /sipse/css/imagen/contrasena.png HTTP/1.1" 404 383
190.24.99.2 - - [11/Feb/2021:02:00:27 -0500] "GET /sipse/faces/javax.faces.resource/images/ui-icons_898989_256x240.png?ln=primefaces-aristo HTTP/1.1" 304 -
190.24.99.2 - - [11/Feb/2021:02:00:29 -0500] "GET /reportes_sipse/sdg/ServletReporte?reporte=experienia_idoneidad&solicitud=12361&pfdrid_c=false HTTP/1.1" 200 123978
190.24.99.2 - - [11/Feb/2021:02:00:35 -0500] "POST /sipse/faces/presentacion/financiero/solicitudProceso/consultarSolicitudProceso.xhtml HTTP/1.1" 200 196507
190.24.99.2 - - [11/Feb/2021:02:00:35 -0500] "GET /sipse/faces/javax.faces.resource/theme.css?ln=primefaces-sipse HTTP/1.1" 304 -
190.24.99.2 - - [11/Feb/2021:02:00:36 -0500] "GET /sipse/faces/javax.faces.resource/primefaces.css?ln=primefaces&v=4.0 HTTP/1.1" 304 -
190.24.99.2 - - [11/Feb/2021:02:00:36 -0500] "GET /sipse/faces/javax.faces.resource/jquery/jquery-plugins.js?ln=primefaces&v=4.0 HTTP/1.1" 304 -
190.24.99.2 - - [11/Feb/2021:02:00:36 -0500] "GET /sipse/faces/javax.faces.resource/jquery/jquery.js?ln=primefaces&v=4.0 HTTP/1.1" 304 -
190.24.99.2 - - [11/Feb/2021:02:00:36 -0500] "GET /sipse/faces/javax.faces.resource/layout/layout.css?ln=primefaces&v=4.0 HTTP/1.1" 304 -
190.24.99.2 - - [11/Feb/2021:02:00:36 -0500] "GET /sipse/faces/javax.faces.resource/primefaces.js?ln=primefaces&v=4.0 HTTP/1.1" 304 -
190.24.99.2 - - [11/Feb/2021:02:00:36 -0500] "GET /sipse/faces/javax.faces.resource/layout/layout.js?ln=primefaces&v=4.0 HTTP/1.1" 304 -
190.24.99.2 - - [11/Feb/2021:02:00:36 -0500] "GET /sipse/css/imagen/contrasena.png HTTP/1.1" 404 383
190.24.99.2 - - [11/Feb/2021:02:00:36 -0500] "GET /sipse/faces/javax.faces.resource/images/ui-icons_898989_256x240.png?ln=primefaces-aristo HTTP/1.1" 304 -
190.24.99.2 - - [11/Feb/2021:02:00:37 -0500] "GET /reportes_sipse/sdg/ServletReporte?reporte=experienia_idoneidad&solicitud=12361&pfdrid_c=false HTTP/1.1" 200 123978
103.204.168.34 - - [11/Feb/2021:02:00:45 -0500] "GET / HTTP/1.1" 200 9990
190.24.99.2 - - [11/Feb/2021:02:00:52 -0500] "GET /sipse/faces/javax.faces.resource/images/ui-bg_flat_0_2d5972_40x100.png?ln=primefaces-aristo HTTP/1.1" 304 -
190.24.99.2 - - [11/Feb/2021:02:00:52 -0500] "POST /sipse/faces/presentacion/financiero/solicitudProceso/consultarSolicitudProceso.xhtml HTTP/1.1" 200 57913
190.24.99.2 - - [11/Feb/2021:02:00:54 -0500] "GET /sipse/faces/javax.faces.resource/theme.css?ln=primefaces-sipse HTTP/1.1" 304 -
190.24.99.2 - - [11/Feb/2021:02:00:54 -0500] "GET /sipse/faces/javax.faces.resource/primefaces.css?ln=primefaces&v=4.0 HTTP/1.1" 304 -
190.24.99.2 - - [11/Feb/2021:02:00:54 -0500] "GET /sipse/faces/javax.faces.resource/layout/layout.css?ln=primefaces&v=4.0 HTTP/1.1" 304 -
190.24.99.2 - - [11/Feb/2021:02:00:54 -0500] "GET /sipse/faces/javax.faces.resource/jquery/jquery.js?ln=primefaces&v=4.0 HTTP/1.1" 304 -
190.24.99.2 - - [11/Feb/2021:02:00:54 -0500] "GET /sipse/faces/javax.faces.resource/jquery/jquery-plugins.js?ln=primefaces&v=4.0 HTTP/1.1" 304 -
190.24.99.2 - - [11/Feb/2021:02:00:55 -0500] "GET /sipse/faces/javax.faces.resource/primefaces.js?ln=primefaces&v=4.0 HTTP/1.1" 304 -
190.24.99.2 - - [11/Feb/2021:02:00:55 -0500] "GET /sipse/faces/javax.faces.resource/layout/layout.js?ln=primefaces&v=4.0 HTTP/1.1" 304 -
190.24.99.2 - - [11/Feb/2021:02:00:55 -0500] "GET /sipse/css/imagen/contrasena.png HTTP/1.1" 404 383
190.24.99.2 - - [11/Feb/2021:02:00:55 -0500] "POST /sipse/faces/presentacion/financiero/solicitudProceso/listarSolicitudProceso.xhtml HTTP/1.1" 200 1448
190.24.99.2 - - [11/Feb/2021:02:00:55 -0500] "GET /sipse/faces/javax.faces.resource/messages/messages.png?ln=primefaces&v=4.0 HTTP/1.1" 304 -
190.24.99.2 - - [11/Feb/2021:02:01:05 -0500] "POST /sipse/faces/presentacion/financiero/solicitudProceso/listarSolicitudProceso.xhtml HTTP/1.1" 200 18664
66.249.70.75 - - [11/Feb/2021:02:01:34 -0500] "GET /Residuos/maderas/files/guia_maderas.pdf HTTP/1.1" 304 -
186.30.120.189 - - [11/Feb/2021:02:02:06 -0500] "GET /galeria/galeria/jquery.fancybox.css?v=2.1.5 HTTP/1.1" 200 4895
186.30.120.189 - - [11/Feb/2021:02:02:06 -0500] "GET /BLA/boletinlegal/js/jquery.scrollShow.js HTTP/1.1" 200 4586
186.30.120.189 - - [11/Feb/2021:02:02:06 -0500] "GET /galeria/galeria/jquery.fancybox.js?v=2.1.5 HTTP/1.1" 200 48706
69.162.124.227 - - [11/Feb/2021:02:02:46 -0500] "HEAD / HTTP/1.1" 200 -
191.156.59.181 - - [11/Feb/2021:02:03:05 -0500] "GET /galeria/galeria/jquery.fancybox.css?v=2.1.5 HTTP/1.1" 200 4895
191.156.52.108 - - [11/Feb/2021:02:03:05 -0500] "GET /BLA/boletinlegal/js/jquery.scrollShow.js HTTP/1.1" 200 4586
191.156.52.108 - - [11/Feb/2021:02:03:05 -0500] "GET /galeria/galeria/jquery.fancybox.js?v=2.1.5 HTTP/1.1" 200 48706
186.113.10.19 - - [11/Feb/2021:02:03:10 -0500] "GET /galeria/nivo-slider/demo/images/Bannerpread.jpg HTTP/1.1" 304 -
201.245.192.253 - - [11/Feb/2021:02:02:56 -0500] "POST /kwsrmcab/Wsrmcab HTTP/1.1" 200 213
114.119.153.118 - - [11/Feb/2021:02:05:29 -0500] "GET /BLA/resoluciones/AUTOS%202008/1494.pdf HTTP/1.1" 200 249779
192.241.132.40 - - [11/Feb/2021:02:06:10 -0500] "POST /boaform/admin/formLogin HTTP/1.1" 404 1186
66.249.64.45 - - [11/Feb/2021:02:07:25 -0500] "GET /BLA/resoluciones/RESOLUCIONES%202010/1690.pdf HTTP/1.1" 200 365308
186.154.83.251 - - [11/Feb/2021:02:07:31 -0500] "GET /galeria/galeria/jquery.fancybox.css?v=2.1.5 HTTP/1.1" 200 4895
186.154.83.251 - - [11/Feb/2021:02:07:31 -0500] "GET /BLA/boletinlegal/js/jquery.scrollShow.js HTTP/1.1" 200 4586
186.154.83.251 - - [11/Feb/2021:02:07:31 -0500] "GET /galeria/galeria/jquery.fancybox.js?v=2.1.5 HTTP/1.1" 200 48706
66.249.64.47 - - [11/Feb/2021:02:07:32 -0500] "GET /galeria/galeria/fotos/Soratama4G.jpg HTTP/1.1" 200 167128
69.162.124.227 - - [11/Feb/2021:02:07:46 -0500] "HEAD / HTTP/1.1" 200 -
191.156.63.191 - - [11/Feb/2021:02:08:41 -0500] "GET /galeria/galeria/jquery.fancybox.js?v=2.1.5 HTTP/1.1" 200 48706
191.156.52.30 - - [11/Feb/2021:02:08:41 -0500] "GET /galeria/galeria/jquery.fancybox.css?v=2.1.5 HTTP/1.1" 200 4895
191.156.61.166 - - [11/Feb/2021:02:08:41 -0500] "GET /BLA/boletinlegal/js/jquery.scrollShow.js HTTP/1.1" 200 4586
192.241.132.40 - - [11/Feb/2021:02:09:28 -0500] "POST /boaform/admin/formLogin HTTP/1.1" 404 1186
191.149.148.209 - - [11/Feb/2021:02:10:00 -0500] "GET /galeria/galeria/jquery.fancybox.css?v=2.1.5 HTTP/1.1" 200 4895
191.149.148.209 - - [11/Feb/2021:02:10:00 -0500] "GET /BLA/boletinlegal/js/jquery.scrollShow.js HTTP/1.1" 200 4586
191.149.148.209 - - [11/Feb/2021:02:10:00 -0500] "GET /galeria/galeria/jquery.fancybox.js?v=2.1.5 HTTP/1.1" 200 48706
201.245.192.253 - - [11/Feb/2021:02:09:27 -0500] "POST /kwsrmcab/Wsrmcab HTTP/1.1" 200 46739
201.245.192.253 - - [11/Feb/2021:02:09:28 -0500] "POST /kwsrmcab/Wsrmcab HTTP/1.1" 200 46625
114.119.148.47 - - [11/Feb/2021:02:10:46 -0500] "GET /BLA/resoluciones/AUTOS%202014/3091.pdf HTTP/1.1" 200 438810
201.245.192.253 - - [11/Feb/2021:02:10:13 -0500] "POST /kwsrmcab/Wsrmcab HTTP/1.1" 200 46739
66.249.64.45 - - [11/Feb/2021:02:10:58 -0500] "GET /BLA/resoluciones/Autos%202008/0368.pdf HTTP/1.1" 200 151967
1.55.249.228 - - [11/Feb/2021:02:12:01 -0500] "GET / HTTP/1.1" 200 9990
69.162.124.227 - - [11/Feb/2021:02:12:46 -0500] "HEAD / HTTP/1.1" 200 -
66.249.64.45 - - [11/Feb/2021:02:13:56 -0500] "GET /portel_dama/libreria/php/2006/restauracion/22_proye/xtras_in/cni_3.pdf HTTP/1.1" 404 1018
192.241.132.40 - - [11/Feb/2021:02:14:09 -0500] "POST /boaform/admin/formLogin HTTP/1.1" 404 1186
200.119.125.219 - - [11/Feb/2021:02:15:09 -0500] "GET /galeria/galeria/jquery.fancybox.js?v=2.1.5 HTTP/1.1" 200 48706
200.119.125.219 - - [11/Feb/2021:02:15:09 -0500] "GET /BLA/boletinlegal/js/jquery.scrollShow.js HTTP/1.1" 200 4586
200.119.125.219 - - [11/Feb/2021:02:15:09 -0500] "GET /galeria/galeria/jquery.fancybox.css?v=2.1.5 HTTP/1.1" 200 4895
200.119.125.219 - - [11/Feb/2021:02:15:10 -0500] "GET /BLA/boletinlegal/js/jquery.scrollShow.js HTTP/1.1" 304 -
200.119.125.219 - - [11/Feb/2021:02:15:10 -0500] "GET /galeria/galeria/jquery.fancybox.css?v=2.1.5 HTTP/1.1" 304 -
200.119.125.219 - - [11/Feb/2021:02:15:10 -0500] "GET /galeria/galeria/jquery.fancybox.js?v=2.1.5 HTTP/1.1" 304 -
114.119.142.12 - - [11/Feb/2021:02:16:03 -0500] "GET /BLA/resoluciones/AUTOS%202014/6469.pdf HTTP/1.1" 200 407538
66.249.64.45 - - [11/Feb/2021:02:17:09 -0500] "GET /BLA/resoluciones/Autos%202008/2154.pdf HTTP/1.1" 200 288606
66.249.64.45 - - [11/Feb/2021:02:17:28 -0500] "GET /BLA/resoluciones/RESOLUCIONES%202011/5019.pdf HTTP/1.1" 200 781030
66.249.64.45 - - [11/Feb/2021:02:17:38 -0500] "GET /BLA/resoluciones/RESOLUCIONES%202018/3473.pdf HTTP/1.1" 200 240863
69.162.124.227 - - [11/Feb/2021:02:17:46 -0500] "HEAD / HTTP/1.1" 200 -
66.249.64.45 - - [11/Feb/2021:02:18:22 -0500] "GET /galeria/galeria/fotos/Grande6Parque-nacional.jpg HTTP/1.1" 200 347131
66.249.64.45 - - [11/Feb/2021:02:18:24 -0500] "GET /BLA/resoluciones/Autos%202008/1657.pdf HTTP/1.1" 200 320589
192.241.132.40 - - [11/Feb/2021:02:19:54 -0500] "POST /boaform/admin/formLogin HTTP/1.1" 404 1186
66.249.64.45 - - [11/Feb/2021:02:20:14 -0500] "GET /BLA/resoluciones/RESOLUCIONES%202011/3325.pdf HTTP/1.1" 200 767058
201.245.192.253 - - [11/Feb/2021:02:19:28 -0500] "POST /kwsrmcab/Wsrmcab HTTP/1.1" 200 46625
201.245.192.253 - - [11/Feb/2021:02:20:20 -0500] "POST /kwsrmcab/Wsrmcab HTTP/1.1" 200 46739
114.119.135.169 - - [11/Feb/2021:02:21:20 -0500] "GET /BLA/resoluciones/AUTOS%202018/1718.pdf HTTP/1.1" 200 1023145
69.162.124.227 - - [11/Feb/2021:02:22:46 -0500] "HEAD / HTTP/1.1" 200 -
191.156.52.43 - - [11/Feb/2021:02:23:28 -0500] "GET /galeria/galeria/jquery.fancybox.css?v=2.1.5 HTTP/1.1" 200 4895
191.156.52.43 - - [11/Feb/2021:02:23:28 -0500] "GET /galeria/galeria/jquery.fancybox.js?v=2.1.5 HTTP/1.1" 200 48706
191.156.52.43 - - [11/Feb/2021:02:23:28 -0500] "GET /BLA/boletinlegal/js/jquery.scrollShow.js HTTP/1.1" 200 4586
201.245.192.253 - - [11/Feb/2021:02:22:57 -0500] "POST /kwsrmcab/Wsrmcab HTTP/1.1" 200 120369
66.249.64.49 - - [11/Feb/2021:02:23:54 -0500] "GET /BLA/resoluciones/RESOLUCIONES%202010/7629.pdf HTTP/1.1" 200 387718
66.249.64.45 - - [11/Feb/2021:02:24:10 -0500] "GET /BLA/resoluciones/RESOLUCIONES%202009/9510.pdf HTTP/1.1" 200 304609
66.249.64.45 - - [11/Feb/2021:02:24:33 -0500] "GET /BLA/resoluciones/RESOLUCIONES%202009/0806.pdf HTTP/1.1" 200 224688
192.241.132.40 - - [11/Feb/2021:02:25:56 -0500] "POST /boaform/admin/formLogin HTTP/1.1" 404 1186
66.249.64.47 - - [11/Feb/2021:02:26:30 -0500] "GET /BLA/resoluciones/RESOLUCIONES%202009/7303.pdf HTTP/1.1" 200 354358
114.119.159.6 - - [11/Feb/2021:02:26:37 -0500] "GET /BLA/resoluciones/RESOLUCIONES%202016/0176.pdf HTTP/1.1" 200 273018
66.249.64.47 - - [11/Feb/2021:02:26:47 -0500] "GET /BLA/resoluciones/AUTOS%202017/3343.pdf HTTP/1.1" 200 5048881
190.24.99.2 - - [11/Feb/2021:02:27:43 -0500] "POST /sipse/faces/presentacion/financiero/solicitudProceso/listarSolicitudProceso.xhtml HTTP/1.1" 200 122518
190.24.99.2 - - [11/Feb/2021:02:27:43 -0500] "GET /sipse/css/custom_css_sg.css HTTP/1.1" 304 -
190.24.99.2 - - [11/Feb/2021:02:27:43 -0500] "GET /sipse/css/custom_css_sg_prime.css HTTP/1.1" 304 -
190.24.99.2 - - [11/Feb/2021:02:27:43 -0500] "GET /sipse/faces/javax.faces.resource/theme.css?ln=primefaces-sipse HTTP/1.1" 304 -
190.24.99.2 - - [11/Feb/2021:02:27:43 -0500] "GET /sipse/faces/javax.faces.resource/layout/layout.css?ln=primefaces&v=4.0 HTTP/1.1" 304 -
190.24.99.2 - - [11/Feb/2021:02:27:43 -0500] "GET /sipse/js/disable_browser_buttons.js HTTP/1.1" 304 -
190.24.99.2 - - [11/Feb/2021:02:27:43 -0500] "GET /sipse/faces/javax.faces.resource/primefaces.css?ln=primefaces&v=4.0 HTTP/1.1" 304 -
190.24.99.2 - - [11/Feb/2021:02:27:43 -0500] "GET /sipse/js/jquery.min.js HTTP/1.1" 304 -
190.24.99.2 - - [11/Feb/2021:02:27:43 -0500] "GET /sipse/js/funciones.js HTTP/1.1" 304 -
190.24.99.2 - - [11/Feb/2021:02:27:43 -0500] "GET /sipse/faces/javax.faces.resource/jquery/jquery.js?ln=primefaces&v=4.0 HTTP/1.1" 304 -
190.24.99.2 - - [11/Feb/2021:02:27:43 -0500] "GET /sipse/faces/javax.faces.resource/jquery/jquery-plugins.js?ln=primefaces&v=4.0 HTTP/1.1" 304 -
190.24.99.2 - - [11/Feb/2021:02:27:44 -0500] "GET /sipse/faces/javax.faces.resource/primefaces.js?ln=primefaces&v=4.0 HTTP/1.1" 304 -
190.24.99.2 - - [11/Feb/2021:02:27:44 -0500] "GET /sipse/faces/javax.faces.resource/layout/layout.js?ln=primefaces&v=4.0 HTTP/1.1" 304 -
190.24.99.2 - - [11/Feb/2021:02:27:44 -0500] "GET /sipse/css/imagen/contrasena.png HTTP/1.1" 404 383
190.24.99.2 - - [11/Feb/2021:02:27:45 -0500] "GET /reportes_sipse/sdg/ServletReporte?reporte=experienia_idoneidad&solicitud=12361&pfdrid_c=false HTTP/1.1" 200 123978
69.162.124.227 - - [11/Feb/2021:02:27:46 -0500] "HEAD / HTTP/1.1" 200 -
66.249.64.49 - - [11/Feb/2021:02:28:24 -0500] "GET /portel_dama/libreria/pdf/varios2006/IGA2004.pdf HTTP/1.1" 404 1018
181.54.145.194 - - [11/Feb/2021:02:28:47 -0500] "GET /BLA/boletinlegal/js/jquery.scrollShow.js HTTP/1.1" 200 4586
181.54.145.194 - - [11/Feb/2021:02:28:47 -0500] "GET /galeria/galeria/jquery.fancybox.js?v=2.1.5 HTTP/1.1" 200 48706
181.54.145.194 - - [11/Feb/2021:02:28:47 -0500] "GET /galeria/carrusel/Carrusel/jquery.thumbnailScroller.css HTTP/1.1" 200 2066
181.54.145.194 - - [11/Feb/2021:02:28:47 -0500] "GET /galeria/galeria/jquery.fancybox.css?v=2.1.5 HTTP/1.1" 200 4895
181.54.145.194 - - [11/Feb/2021:02:28:47 -0500] "GET /galeria/carrusel/Carrusel/jquery-ui-1.8.13.custom.min.js HTTP/1.1" 200 10800
181.54.145.194 - - [11/Feb/2021:02:28:47 -0500] "GET /galeria/carrusel/Carrusel/jquery.thumbnailScroller.js HTTP/1.1" 200 8157
66.249.64.45 - - [11/Feb/2021:02:29:17 -0500] "GET /galeria/mapa/TECHO12.jpg HTTP/1.1" 200 27716
181.54.145.194 - - [11/Feb/2021:02:30:11 -0500] "GET /galeria/galeria/fotos/mico1P.jpg HTTP/1.1" 200 28110
181.54.145.194 - - [11/Feb/2021:02:30:11 -0500] "GET /galeria/galeria/fotos/micos5P.jpg HTTP/1.1" 200 37145
181.54.145.194 - - [11/Feb/2021:02:30:11 -0500] "GET /galeria/galeria/fotos/micos6P.jpg HTTP/1.1" 200 31809
181.54.145.194 - - [11/Feb/2021:02:30:11 -0500] "GET /galeria/galeria/fotos/micos7P.jpg HTTP/1.1" 200 30212
181.54.145.194 - - [11/Feb/2021:02:30:11 -0500] "GET /galeria/galeria/fotos/boa8P.jpg HTTP/1.1" 200 28060
181.54.145.194 - - [11/Feb/2021:02:30:11 -0500] "GET /galeria/galeria/fotos/boa10P.jpg HTTP/1.1" 200 19337
181.54.145.194 - - [11/Feb/2021:02:30:12 -0500] "GET /galeria/galeria/fotos/boa11P.jpg HTTP/1.1" 200 25099
181.54.145.194 - - [11/Feb/2021:02:30:12 -0500] "GET /galeria/galeria/fotos/cusumbo4P.jpg HTTP/1.1" 200 34990
181.54.145.194 - - [11/Feb/2021:02:30:12 -0500] "GET /galeria/galeria/fotos/loro3P.jpg HTTP/1.1" 200 24900
181.54.145.194 - - [11/Feb/2021:02:30:12 -0500] "GET /galeria/galeria/fotos/tortuga2P.jpg HTTP/1.1" 200 33472
201.245.192.253 - - [11/Feb/2021:02:29:28 -0500] "POST /kwsrmcab/Wsrmcab HTTP/1.1" 200 46625
46.35.20.76 - - [11/Feb/2021:02:30:37 -0500] "GET /galeria/galeria/jquery.fancybox.css?v=2.1.5 HTTP/1.1" 200 4895
46.35.20.76 - - [11/Feb/2021:02:30:38 -0500] "GET /galeria/galeria/jquery.fancybox.js?v=2.1.5 HTTP/1.1" 200 48706
46.35.20.76 - - [11/Feb/2021:02:30:38 -0500] "GET /BLA/boletinlegal/js/jquery.scrollShow.js HTTP/1.1" 200 4586
46.35.20.76 - - [11/Feb/2021:02:30:41 -0500] "GET /galeria/galeria/jquery.fancybox.css?v=2.1.5 HTTP/1.1" 304 -
46.35.20.76 - - [11/Feb/2021:02:30:41 -0500] "GET /galeria/galeria/jquery.fancybox.js?v=2.1.5 HTTP/1.1" 304 -
46.35.20.76 - - [11/Feb/2021:02:30:41 -0500] "GET /BLA/boletinlegal/js/jquery.scrollShow.js HTTP/1.1" 304 -
192.241.132.40 - - [11/Feb/2021:02:30:38 -0500] "POST /boaform/admin/formLogin HTTP/1.1" 404 1186
201.245.192.253 - - [11/Feb/2021:02:30:17 -0500] "POST /kwsrmcab/Wsrmcab HTTP/1.1" 200 46739
20.36.244.102 - - [11/Feb/2021:02:31:44 -0500] "GET /noticias/rssambiente.php HTTP/1.1" 200 10776
114.119.142.12 - - [11/Feb/2021:02:31:54 -0500] "GET /BLA/resoluciones/RESOLUCIONES%202008/1112.pdf HTTP/1.1" 200 218760
181.54.145.194 - - [11/Feb/2021:02:32:13 -0500] "GET /silvicultura/6.pdf HTTP/1.1" 200 215404
13.66.139.130 - - [11/Feb/2021:02:32:38 -0500] "GET / HTTP/1.1" 200 9990
69.162.124.227 - - [11/Feb/2021:02:32:46 -0500] "HEAD / HTTP/1.1" 200 -
66.249.64.49 - - [11/Feb/2021:02:32:50 -0500] "GET /BLA/resoluciones/RESOLUCIONES%202007/RES%202007%204201%20AL%204300/RESOLUCION%204209%20DE%202007.pdf HTTP/1.1" 200 113871
66.249.64.47 - - [11/Feb/2021:02:33:15 -0500] "GET /BLA/resoluciones/RESOLUCIONES%202007/RES%202007%203601%20AL%203700/RESOLUCION%203632%20DE%202007.pdf HTTP/1.1" 200 654997
192.241.132.40 - - [11/Feb/2021:02:34:27 -0500] "POST /boaform/admin/formLogin HTTP/1.1" 404 1186
66.249.64.47 - - [11/Feb/2021:02:35:21 -0500] "GET /BLA/resoluciones/RESOLUCIONES%202010/7753.pdf HTTP/1.1" 200 543457
66.249.64.47 - - [11/Feb/2021:02:36:59 -0500] "GET /BLA/resoluciones/RESOLUCIONES%202009/5686.pdf HTTP/1.1" 200 876706
114.119.153.118 - - [11/Feb/2021:02:37:10 -0500] "GET /BLA/resoluciones/RESOLUCIONES%202019/2027.pdf HTTP/1.1" 200 298529
179.32.156.51 - - [11/Feb/2021:02:37:36 -0500] "-" 408 -
69.162.124.227 - - [11/Feb/2021:02:37:46 -0500] "HEAD / HTTP/1.1" 200 -
152.61.192.232 - - [11/Feb/2021:02:38:01 -0500] "GET / HTTP/1.1" 200 9990
152.61.192.232 - - [11/Feb/2021:02:38:02 -0500] "GET /arcgis/services/Calidad_del_Agua_WQI/MapServer/WMSServer?request=GetCapabilities&service=WMS HTTP/1.1" 503 1020
152.61.192.232 - - [11/Feb/2021:02:38:23 -0500] "GET /arcgis/services/Calidad_del_Agua_WQI/MapServer/WMSServer?SERVICE=WMS&REQUEST=GetCapabilities HTTP/1.1" 503 1020
152.61.192.232 - - [11/Feb/2021:02:38:23 -0500] "GET /arcgis/services/Calidad_del_Agua_WQI/MapServer/WMSServer?WMTVER=1.0.0&REQUEST=capabilities HTTP/1.1" 503 1020
66.249.64.49 - - [11/Feb/2021:02:39:22 -0500] "GET /BLA/jurisprudencia/sentencias/5283531030012000-00005-01%20[16-05-2011][1].pdf HTTP/1.1" 404 1018
177.240.155.41 - - [11/Feb/2021:02:40:03 -0500] "-" 408 -
192.241.132.40 - - [11/Feb/2021:02:40:26 -0500] "POST /boaform/admin/formLogin HTTP/1.1" 404 1186
66.249.64.49 - - [11/Feb/2021:02:40:58 -0500] "GET /resoluciones/AUTOS%202007/4002.pdf HTTP/1.1" 404 1018
66.249.64.45 - - [11/Feb/2021:02:41:05 -0500] "GET /BLA/resoluciones/RESOLUCIONES%202007/RES%202007%20301%20AL%20400/RESOLUCION%200328%20DE%202007.pdf HTTP/1.1" 200 485487
66.249.64.45 - - [11/Feb/2021:02:41:20 -0500] "GET /BLA/resoluciones/RESOLUCIONES%202001/RESOLUCION%20311%20DE%202001.pdf HTTP/1.1" 200 398777
37.166.219.167 - - [11/Feb/2021:02:41:38 -0500] "GET /galeria/galeria/jquery.fancybox.js?v=2.1.5 HTTP/1.1" 200 48706
37.166.219.167 - - [11/Feb/2021:02:41:38 -0500] "GET /galeria/galeria/jquery.fancybox.css?v=2.1.5 HTTP/1.1" 200 4895
37.166.219.167 - - [11/Feb/2021:02:41:38 -0500] "GET /BLA/boletinlegal/js/jquery.scrollShow.js HTTP/1.1" 200 4586
37.166.219.167 - - [11/Feb/2021:02:41:44 -0500] "GET /galeria/galeria/jquery.fancybox.js?v=2.1.5 HTTP/1.1" 304 -
37.166.219.167 - - [11/Feb/2021:02:41:44 -0500] "GET /galeria/galeria/jquery.fancybox.css?v=2.1.5 HTTP/1.1" 304 -
37.166.219.167 - - [11/Feb/2021:02:41:44 -0500] "GET /BLA/boletinlegal/js/jquery.scrollShow.js HTTP/1.1" 304 -
66.249.64.45 - - [11/Feb/2021:02:41:50 -0500] "GET /BLA/resoluciones/RESOLUCIONES%202009/2931.pdf HTTP/1.1" 200 409091
13.76.39.249 - - [11/Feb/2021:02:41:59 -0500] "GET /.env HTTP/1.1" 404 1018
13.76.39.249 - - [11/Feb/2021:02:41:59 -0500] "POST / HTTP/1.1" 200 9990
114.119.142.12 - - [11/Feb/2021:02:42:27 -0500] "GET /BLA/resoluciones/AUTOS%202017/4733.pdf HTTP/1.1" 200 316223
69.162.124.227 - - [11/Feb/2021:02:42:46 -0500] "HEAD / HTTP/1.1" 200 -
201.245.192.253 - - [11/Feb/2021:02:42:56 -0500] "POST /kwsrmcab/Wsrmcab HTTP/1.1" 200 120369
114.119.133.30 - - [11/Feb/2021:02:44:33 -0500] "GET /Autoliquidacion/index.php?dir=Solicitudes%20relacionadas%20con%20ocupaci%C3%83%C2%83%C3%82%C2%83%C3%83%C2%82%C3%82%C2%83%C3%83%C2%83%C3%82%C2%82%C3%83%C2%82%C3%82%C2%AF%C3%83%C2%83%C3%82%C2%83%C3%83%C2%82%C3%82%C2%82%C3%83%C2%83%C3%82%C2%82%C3%83%C2%82%C3%82%C2%BF%C3%83%C2%83%C3%82%C2%83%C3%83%C2%82%C3%82%C2%82%C3%83%C2%83%C3%82%C2%82%C3%83%C2%82%C3%82%C2%BDn%20de%20cauce%2F&sort=date&order=desc HTTP/1.1" 200 7209
179.6.202.203 - - [11/Feb/2021:02:45:13 -0500] "GET /galeria/galeria/jquery.fancybox.js?v=2.1.5 HTTP/1.1" 200 48706
179.6.202.203 - - [11/Feb/2021:02:45:13 -0500] "GET /BLA/boletinlegal/js/jquery.scrollShow.js HTTP/1.1" 200 4586
179.6.202.203 - - [11/Feb/2021:02:45:13 -0500] "GET /galeria/galeria/jquery.fancybox.css?v=2.1.5 HTTP/1.1" 200 4895
66.249.64.47 - - [11/Feb/2021:02:45:39 -0500] "GET /calculadora/? HTTP/1.1" 200 5879
66.249.64.45 - - [11/Feb/2021:02:45:59 -0500] "GET /BLA/resoluciones/RESOLUCIONES%202009/0159.pdf HTTP/1.1" 200 190105
66.249.64.45 - - [11/Feb/2021:02:46:06 -0500] "GET /BLA/resoluciones/AUTOS%202014/0984.pdf HTTP/1.1" 200 286283
49.7.20.136 - - [11/Feb/2021:02:46:09 -0500] "GET / HTTP/1.1" 200 9990
192.241.132.40 - - [11/Feb/2021:02:46:03 -0500] "POST /boaform/admin/formLogin HTTP/1.1" 404 1186
66.249.64.45 - - [11/Feb/2021:02:46:49 -0500] "GET /galeria/galeria/fotos/jornadaP.jpg HTTP/1.1" 200 24385
66.249.64.47 - - [11/Feb/2021:02:47:00 -0500] "GET /BLA/resoluciones/RESOLUCIONES%202010/2426.pdf HTTP/1.1" 200 489392
66.249.64.45 - - [11/Feb/2021:02:47:23 -0500] "GET /BLA/resoluciones/RESOLUCIONES%202010/6084.pdf HTTP/1.1" 200 367968
114.119.130.12 - - [11/Feb/2021:02:47:42 -0500] "GET /BLA/resoluciones/RESOLUCIONES%202007/RES%202007%20301%20AL%20400/RESOLUCION%200379%20DE%202007.pdf HTTP/1.1" 200 312409
69.162.124.227 - - [11/Feb/2021:02:47:46 -0500] "HEAD / HTTP/1.1" 200 -
195.154.172.143 - - [11/Feb/2021:02:48:19 -0500] "GET /galeria/galeria/jquery.fancybox.css?v=2.1.5 HTTP/1.1" 200 4895
187.75.84.106 - - [11/Feb/2021:02:48:36 -0500] "GET / HTTP/1.1" 200 9990
66.249.64.45 - - [11/Feb/2021:02:48:37 -0500] "GET /transparencia/financiera/Desagregado%20con%20modificaciones/? HTTP/1.1" 200 40453
66.249.64.45 - - [11/Feb/2021:02:49:28 -0500] "GET /BLA/resoluciones/RESOLUCIONES%202008/1740.pdf HTTP/1.1" 200 374771
66.249.64.49 - - [11/Feb/2021:02:49:50 -0500] "GET /BLA/resoluciones/RESOLUCIONES%202009/3014.pdf HTTP/1.1" 304 -
66.249.64.47 - - [11/Feb/2021:02:49:55 -0500] "GET /BLA/resoluciones/RESOLUCIONES%202009/4461.pdf HTTP/1.1" 304 -
37.166.219.167 - - [11/Feb/2021:02:50:34 -0500] "GET /galeria/galeria/jquery.fancybox.css?v=2.1.5 HTTP/1.1" 304 -
37.166.219.167 - - [11/Feb/2021:02:50:34 -0500] "GET /BLA/boletinlegal/js/jquery.scrollShow.js HTTP/1.1" 304 -
37.166.219.167 - - [11/Feb/2021:02:50:34 -0500] "GET /galeria/galeria/jquery.fancybox.js?v=2.1.5 HTTP/1.1" 304 -
66.249.64.49 - - [11/Feb/2021:02:50:57 -0500] "GET /sig/Manual%20de%20Procesos%20y%20Procedimientos/PM04%20Evaluaci%C3%B3n,%20Control%20y%20Seguimiento/126PM04-PR17%20Atenci%C3%B3n%20solicitud%20Salvoconducto%20Flora.pdf HTTP/1.1" 404 1018
192.241.132.40 - - [11/Feb/2021:02:50:53 -0500] "POST /boaform/admin/formLogin HTTP/1.1" 404 1186
114.119.133.30 - - [11/Feb/2021:02:51:24 -0500] "GET /BLA/boletinlegal/Circulares/2018/CIRCULAR%20COJUNTA%20042%20DE%202018.pdf HTTP/1.1" 200 515008
13.236.114.230 - - [11/Feb/2021:02:51:43 -0500] "GET /wp-login.php HTTP/1.1" 404 1015
13.236.114.230 - - [11/Feb/2021:02:51:43 -0500] "GET /wordpress/wp-login.php HTTP/1.1" 404 1015
13.236.114.230 - - [11/Feb/2021:02:51:44 -0500] "GET /blog/wp-login.php HTTP/1.1" 404 1015
13.236.114.230 - - [11/Feb/2021:02:51:45 -0500] "GET /wp/wp-login.php HTTP/1.1" 404 1015
190.24.99.2 - - [11/Feb/2021:02:52:09 -0500] "POST /sipse/faces/presentacion/financiero/solicitudProceso/consultarSolicitudProceso.xhtml HTTP/1.1" 200 57406
190.24.99.2 - - [11/Feb/2021:02:52:09 -0500] "GET /sipse/css/custom_css_sg.css HTTP/1.1" 304 -
190.24.99.2 - - [11/Feb/2021:02:52:09 -0500] "GET /sipse/faces/javax.faces.resource/theme.css?ln=primefaces-sipse HTTP/1.1" 304 -
190.24.99.2 - - [11/Feb/2021:02:52:09 -0500] "GET /sipse/css/custom_css_sg_prime.css HTTP/1.1" 304 -
190.24.99.2 - - [11/Feb/2021:02:52:09 -0500] "GET /sipse/faces/javax.faces.resource/primefaces.css?ln=primefaces&v=4.0 HTTP/1.1" 304 -
190.24.99.2 - - [11/Feb/2021:02:52:09 -0500] "GET /sipse/js/disable_browser_buttons.js HTTP/1.1" 304 -
190.24.99.2 - - [11/Feb/2021:02:52:09 -0500] "GET /sipse/faces/javax.faces.resource/layout/layout.css?ln=primefaces&v=4.0 HTTP/1.1" 304 -
190.24.99.2 - - [11/Feb/2021:02:52:09 -0500] "GET /sipse/js/jquery.min.js HTTP/1.1" 304 -
190.24.99.2 - - [11/Feb/2021:02:52:09 -0500] "GET /sipse/js/funciones.js HTTP/1.1" 304 -
190.24.99.2 - - [11/Feb/2021:02:52:09 -0500] "GET /sipse/faces/javax.faces.resource/jquery/jquery.js?ln=primefaces&v=4.0 HTTP/1.1" 304 -
190.24.99.2 - - [11/Feb/2021:02:52:09 -0500] "GET /sipse/faces/javax.faces.resource/jquery/jquery-plugins.js?ln=primefaces&v=4.0 HTTP/1.1" 304 -
190.24.99.2 - - [11/Feb/2021:02:52:09 -0500] "GET /sipse/faces/javax.faces.resource/primefaces.js?ln=primefaces&v=4.0 HTTP/1.1" 304 -
190.24.99.2 - - [11/Feb/2021:02:52:09 -0500] "GET /sipse/faces/javax.faces.resource/layout/layout.js?ln=primefaces&v=4.0 HTTP/1.1" 304 -
190.24.99.2 - - [11/Feb/2021:02:52:10 -0500] "POST /sipse/faces/presentacion/financiero/solicitudProceso/listarSolicitudProceso.xhtml HTTP/1.1" 200 50667
190.24.99.2 - - [11/Feb/2021:02:52:10 -0500] "GET /sipse/css/imagen/contrasena.png HTTP/1.1" 404 383
190.24.99.2 - - [11/Feb/2021:02:52:10 -0500] "POST /sipse/faces/presentacion/financiero/solicitudProceso/listarSolicitudProceso.xhtml HTTP/1.1" 200 50667
190.24.99.2 - - [11/Feb/2021:02:52:10 -0500] "POST /sipse/faces/presentacion/financiero/solicitudProceso/listarSolicitudProceso.xhtml HTTP/1.1" 200 1448
190.24.99.2 - - [11/Feb/2021:02:52:11 -0500] "POST /sipse/faces/presentacion/financiero/solicitudProceso/listarSolicitudProceso.xhtml HTTP/1.1" 200 1448
190.24.99.2 - - [11/Feb/2021:02:52:11 -0500] "POST /sipse/faces/presentacion/financiero/solicitudProceso/listarSolicitudProceso.xhtml HTTP/1.1" 200 1448
190.24.99.2 - - [11/Feb/2021:02:52:16 -0500] "POST /sipse/faces/presentacion/financiero/solicitudProceso/listarSolicitudProceso.xhtml HTTP/1.1" 200 18664
190.24.99.2 - - [11/Feb/2021:02:52:35 -0500] "POST /sipse/faces/presentacion/financiero/solicitudProceso/listarSolicitudProceso.xhtml HTTP/1.1" 200 139137
190.24.99.2 - - [11/Feb/2021:02:52:36 -0500] "GET /sipse/faces/javax.faces.resource/theme.css?ln=primefaces-sipse HTTP/1.1" 304 -
190.24.99.2 - - [11/Feb/2021:02:52:36 -0500] "GET /sipse/faces/javax.faces.resource/primefaces.css?ln=primefaces&v=4.0 HTTP/1.1" 304 -
190.24.99.2 - - [11/Feb/2021:02:52:36 -0500] "GET /sipse/faces/javax.faces.resource/layout/layout.css?ln=primefaces&v=4.0 HTTP/1.1" 304 -
190.24.99.2 - - [11/Feb/2021:02:52:36 -0500] "GET /sipse/faces/javax.faces.resource/jquery/jquery.js?ln=primefaces&v=4.0 HTTP/1.1" 304 -
190.24.99.2 - - [11/Feb/2021:02:52:36 -0500] "GET /sipse/faces/javax.faces.resource/jquery/jquery-plugins.js?ln=primefaces&v=4.0 HTTP/1.1" 304 -
190.24.99.2 - - [11/Feb/2021:02:52:36 -0500] "GET /sipse/faces/javax.faces.resource/primefaces.js?ln=primefaces&v=4.0 HTTP/1.1" 304 -
190.24.99.2 - - [11/Feb/2021:02:52:36 -0500] "GET /sipse/faces/javax.faces.resource/layout/layout.js?ln=primefaces&v=4.0 HTTP/1.1" 304 -
190.24.99.2 - - [11/Feb/2021:02:52:36 -0500] "GET /sipse/css/imagen/contrasena.png HTTP/1.1" 404 383
190.24.99.2 - - [11/Feb/2021:02:52:37 -0500] "GET /reportes_sipse/sdg/ServletReporte?reporte=experienia_idoneidad&solicitud=12361&pfdrid_c=false HTTP/1.1" 200 123978
69.162.124.227 - - [11/Feb/2021:02:52:46 -0500] "HEAD / HTTP/1.1" 200 -
190.24.99.2 - - [11/Feb/2021:02:52:46 -0500] "POST /sipse/faces/presentacion/financiero/solicitudProceso/consultarSolicitudProceso.xhtml HTTP/1.1" 200 1791837
114.119.148.47 - - [11/Feb/2021:02:53:00 -0500] "GET /BLA/resoluciones/Notificaciones/REGISTROS%202015/1749.doc HTTP/1.1" 200 202240
186.84.89.192 - - [11/Feb/2021:02:53:53 -0500] "-" 408 -
190.24.99.2 - - [11/Feb/2021:02:54:11 -0500] "POST /sipse/faces/presentacion/financiero/solicitudProceso/consultarSolicitudProceso.xhtml HTTP/1.1" 200 8020179
190.24.99.2 - - [11/Feb/2021:02:54:33 -0500] "POST /sipse/faces/presentacion/financiero/solicitudProceso/consultarSolicitudProceso.xhtml HTTP/1.1" 200 97857
152.61.128.50 - - [11/Feb/2021:02:55:41 -0500] "GET / HTTP/1.1" 200 9990
152.61.128.50 - - [11/Feb/2021:02:55:41 -0500] "GET /arcgis/services/Calidad_del_Agua_WQI/MapServer/WMSServer?request=GetCapabilities&service=WMS HTTP/1.1" 503 1020
152.61.128.50 - - [11/Feb/2021:02:56:03 -0500] "GET /arcgis/services/Calidad_del_Agua_WQI/MapServer/WMSServer?SERVICE=WMS&REQUEST=GetCapabilities HTTP/1.1" 503 1020
152.61.128.50 - - [11/Feb/2021:02:56:03 -0500] "GET /arcgis/services/Calidad_del_Agua_WQI/MapServer/WMSServer?WMTVER=1.0.0&REQUEST=capabilities HTTP/1.1" 503 1020
13.66.139.79 - - [11/Feb/2021:02:56:08 -0500] "GET / HTTP/1.1" 200 9990
49.7.21.88 - - [11/Feb/2021:02:56:18 -0500] "GET / HTTP/1.1" 200 9990
192.241.132.40 - - [11/Feb/2021:02:56:17 -0500] "POST /boaform/admin/formLogin HTTP/1.1" 404 1186
69.162.124.227 - - [11/Feb/2021:02:57:46 -0500] "HEAD / HTTP/1.1" 200 -
114.119.146.206 - - [11/Feb/2021:02:58:17 -0500] "GET /BLA/resoluciones/AUTOS%202017/3378.pdf HTTP/1.1" 200 360771
134.245.44.88 - - [11/Feb/2021:02:58:41 -0500] "GET /galeria/galeria/jquery.fancybox.css?v=2.1.5 HTTP/1.1" 200 4895
134.245.44.88 - - [11/Feb/2021:02:58:41 -0500] "GET /galeria/galeria/jquery.fancybox.js?v=2.1.5 HTTP/1.1" 200 48706
134.245.44.88 - - [11/Feb/2021:02:58:41 -0500] "GET /BLA/boletinlegal/js/jquery.scrollShow.js HTTP/1.1" 200 4586
134.245.44.88 - - [11/Feb/2021:02:58:49 -0500] "GET /galeria/galeria/jquery.fancybox.js?v=2.1.5 HTTP/1.1" 200 48706
134.245.44.88 - - [11/Feb/2021:02:58:49 -0500] "GET /galeria/galeria/jquery.fancybox.css?v=2.1.5 HTTP/1.1" 200 4895
134.245.44.88 - - [11/Feb/2021:02:58:49 -0500] "GET /BLA/boletinlegal/js/jquery.scrollShow.js HTTP/1.1" 200 4586
190.24.99.2 - - [11/Feb/2021:02:58:52 -0500] "POST /sipse/faces/presentacion/financiero/solicitudProceso/consultarSolicitudProceso.xhtml HTTP/1.1" 200 5484
190.24.99.2 - - [11/Feb/2021:02:58:52 -0500] "GET /reportes_sipse/sdg/ServletReporte?reporte=experienia_idoneidad&solicitud=12980&pfdrid_c=false HTTP/1.1" 200 167172
134.245.44.88 - - [11/Feb/2021:02:59:15 -0500] "GET /galeria/galeria/jquery.fancybox.js?v=2.1.5 HTTP/1.1" 200 48706
134.245.44.88 - - [11/Feb/2021:02:59:15 -0500] "GET /galeria/galeria/jquery.fancybox.css?v=2.1.5 HTTP/1.1" 200 4895
134.245.44.88 - - [11/Feb/2021:02:59:15 -0500] "GET /BLA/boletinlegal/js/jquery.scrollShow.js HTTP/1.1" 200 4586
134.245.44.88 - - [11/Feb/2021:02:59:23 -0500] "GET /galeria/galeria/jquery.fancybox.js?v=2.1.5 HTTP/1.1" 200 48706
134.245.44.88 - - [11/Feb/2021:02:59:23 -0500] "GET /BLA/boletinlegal/js/jquery.scrollShow.js HTTP/1.1" 200 4586
134.245.44.88 - - [11/Feb/2021:02:59:23 -0500] "GET /galeria/galeria/jquery.fancybox.css?v=2.1.5 HTTP/1.1" 200 4895
114.119.154.229 - - [11/Feb/2021:03:00:02 -0500] "GET /Autoliquidacion/index.php?dir=TR%C3%83%C2%83%C3%82%C2%83%C3%83%C2%82%C3%82%C2%AF%C3%83%C2%83%C3%82%C2%82%C3%83%C2%82%C3%82%C2%BF%C3%83%C2%83%C3%82%C2%82%C3%83%C2%82%C3%82%C2%BDMITES%2BACEITES-RESIDUOS-ESTACIONES%2F&sort=size&order=asc HTTP/1.1" 200 7033
144.76.151.45 - - [11/Feb/2021:03:00:23 -0500] "GET / HTTP/1.1" 200 9990
192.241.132.40 - - [11/Feb/2021:03:00:44 -0500] "POST /boaform/admin/formLogin HTTP/1.1" 404 1186
66.249.64.45 - - [11/Feb/2021:03:01:34 -0500] "GET /BLA/resoluciones/RESOLUCIONES%202009/6002.pdf HTTP/1.1" 304 -
69.162.124.227 - - [11/Feb/2021:03:02:46 -0500] "HEAD / HTTP/1.1" 200 -
114.119.156.120 - - [11/Feb/2021:03:03:32 -0500] "GET /BLA/resoluciones/AUTOS%202016/0024.pdf HTTP/1.1" 200 545478
201.245.192.253 - - [11/Feb/2021:03:02:56 -0500] "POST /kwsrmcab/Wsrmcab HTTP/1.1" 200 213
114.119.157.103 - - [11/Feb/2021:03:05:21 -0500] "GET /Autoliquidacion/index.php?dir=Fauna%2BSilvestre%2F&sort=size&order=asc HTTP/1.1" 200 6829
192.241.132.40 - - [11/Feb/2021:03:05:23 -0500] "POST /boaform/admin/formLogin HTTP/1.1" 404 1186
66.249.64.47 - - [11/Feb/2021:03:05:38 -0500] "GET /resoluciones/RESOLUCIONES%202009/0916.pdf HTTP/1.1" 404 1018
190.24.99.2 - - [11/Feb/2021:03:07:19 -0500] "POST /sipse/faces/presentacion/financiero/solicitudProceso/consultarSolicitudProceso.xhtml HTTP/1.1" 200 5484
190.24.99.2 - - [11/Feb/2021:03:07:19 -0500] "GET /reportes_sipse/sdg/ServletReporte?reporte=experienia_idoneidad&solicitud=12980&pfdrid_c=false HTTP/1.1" 200 167172
190.95.112.22 - - [11/Feb/2021:03:07:28 -0500] "GET /BLA/boletinlegal/js/jquery.scrollShow.js HTTP/1.1" 200 4586
190.95.112.22 - - [11/Feb/2021:03:07:28 -0500] "GET /galeria/galeria/jquery.fancybox.js?v=2.1.5 HTTP/1.1" 200 48706
190.95.112.22 - - [11/Feb/2021:03:07:28 -0500] "GET /galeria/galeria/jquery.fancybox.css?v=2.1.5 HTTP/1.1" 200 4895
69.162.124.227 - - [11/Feb/2021:03:07:46 -0500] "HEAD / HTTP/1.1" 200 -
190.24.99.2 - - [11/Feb/2021:03:08:16 -0500] "POST /sipse/faces/presentacion/financiero/solicitudProceso/consultarSolicitudProceso.xhtml HTTP/1.1" 200 28233
66.249.70.79 - - [11/Feb/2021:03:08:38 -0500] "GET /Anexos%20estudio%20Organizacional%20SDA/ANEXO%20No.%201-%20NORMAS%20LEGALES%20DE%20ESTRUCTURA%20Y%20PLANTA/RESE%C3%91A%20HIST%C3%93RICA%20SDA-NORMAS/Decreto%20109%20de%202009%20-%20Modifica%20la%20estructura%20de%20la%20SDA.jsp_files/compedit.jpg HTTP/1.1" 200 6688
114.119.148.47 - - [11/Feb/2021:03:08:49 -0500] "GET /BLA/resoluciones/RESOLUCIONES%202010/7795.pdf HTTP/1.1" 200 1162469
66.249.64.49 - - [11/Feb/2021:03:10:00 -0500] "GET /BLA/resoluciones/RESOLUCIONES%202008/1317.pdf HTTP/1.1" 304 -
114.119.157.103 - - [11/Feb/2021:03:10:03 -0500] "GET /Anexos%20estudio%20Organizacional%20SDA/index.php?dir=ANEXO%2BNo.%2B1-%2BNORMAS%2BLEGALES%2BDE%2BESTRUCTURA%2BY%2BPLANTA%2FAcuerdo%2B257%2Bde%2B2006%2B-%2BEstructura%2Borganizaci%C3%83%C2%83%C3%82%C2%83%C3%83%C2%82%C3%82%C2%AF%C3%83%C2%83%C3%82%C2%82%C3%83%C2%82%C3%82%C2%BF%C3%83%C2%83%C3%82%C2%82%C3%83%C2%82%C3%82%C2%BDn%2By%2Bfuncionamiento%2Bde%2Bla%2BAdm.%2BDistrital.jsp_files%2F&sort=date&order=asc HTTP/1.1" 200 6655
201.245.192.253 - - [11/Feb/2021:03:09:28 -0500] "POST /kwsrmcab/Wsrmcab HTTP/1.1" 200 46768
201.245.192.253 - - [11/Feb/2021:03:09:28 -0500] "POST /kwsrmcab/Wsrmcab HTTP/1.1" 200 46634
201.245.192.253 - - [11/Feb/2021:03:10:14 -0500] "POST /kwsrmcab/Wsrmcab HTTP/1.1" 200 46768
192.241.132.40 - - [11/Feb/2021:03:11:02 -0500] "POST /boaform/admin/formLogin HTTP/1.1" 404 1186
69.162.124.227 - - [11/Feb/2021:03:12:46 -0500] "HEAD / HTTP/1.1" 200 -
201.245.192.253 - - [11/Feb/2021:03:12:54 -0500] "POST /kwsrmcab/Wsrmcab HTTP/1.1" 200 120398
114.119.157.166 - - [11/Feb/2021:03:14:05 -0500] "GET /BLA/resoluciones/AUTOS%202011/7269.pdf HTTP/1.1" 200 329873
114.119.133.30 - - [11/Feb/2021:03:15:04 -0500] "GET /SIG/index.php?dir=Planeaci%C3%AF%C2%BF%C2%BDn%2BAmbiental%2F&sort=size&order=asc HTTP/1.1" 200 4732
192.241.132.40 - - [11/Feb/2021:03:15:08 -0500] "POST /boaform/admin/formLogin HTTP/1.1" 404 1186
69.162.124.227 - - [11/Feb/2021:03:17:46 -0500] "HEAD / HTTP/1.1" 200 -
114.119.157.166 - - [11/Feb/2021:03:19:22 -0500] "GET /BLA/resoluciones/RESOLUCIONES%202014/0935.pdf HTTP/1.1" 200 624990
66.249.64.45 - - [11/Feb/2021:03:19:42 -0500] "GET /BLA/resoluciones/Notificaciones/REGISTROS%202016/01456.pdf HTTP/1.1" 200 470476
177.222.61.89 - - [11/Feb/2021:03:19:55 -0500] "GET /BLA/boletinlegal/js/jquery.scrollShow.js HTTP/1.1" 200 4586
177.222.61.89 - - [11/Feb/2021:03:19:55 -0500] "GET /galeria/galeria/jquery.fancybox.css?v=2.1.5 HTTP/1.1" 200 4895
177.222.61.89 - - [11/Feb/2021:03:19:55 -0500] "GET /galeria/galeria/jquery.fancybox.js?v=2.1.5 HTTP/1.1" 200 48706
114.119.151.133 - - [11/Feb/2021:03:20:06 -0500] "GET /Anexos%20estudio%20Organizacional%20SDA/index.php?dir=ANEXO%20No.%208%20-%20MATRICES%20DE%20REGISTRO%20Y%20DE%20SALIDA%20MEDICI%C3%AF%C2%BF%C2%BDN%20CARGAS%20LABORALES%20SDA%2F1.2%20OPEL%2F&sort=name&order=asc HTTP/1.1" 200 6379
192.241.132.40 - - [11/Feb/2021:03:19:57 -0500] "POST /boaform/admin/formLogin HTTP/1.1" 404 1186
201.245.192.253 - - [11/Feb/2021:03:19:28 -0500] "POST /kwsrmcab/Wsrmcab HTTP/1.1" 200 46634
201.244.209.102 - - [11/Feb/2021:03:20:17 -0500] "GET /galeria/galeria/jquery.fancybox.js?v=2.1.5 HTTP/1.1" 200 48706
201.244.209.102 - - [11/Feb/2021:03:20:17 -0500] "GET /BLA/boletinlegal/js/jquery.scrollShow.js HTTP/1.1" 200 4586
201.244.209.102 - - [11/Feb/2021:03:20:17 -0500] "GET /galeria/galeria/jquery.fancybox.css?v=2.1.5 HTTP/1.1" 200 4895
201.245.192.253 - - [11/Feb/2021:03:20:12 -0500] "POST /kwsrmcab/Wsrmcab HTTP/1.1" 200 46768
69.162.124.227 - - [11/Feb/2021:03:22:46 -0500] "HEAD / HTTP/1.1" 200 -
186.102.90.86 - - [11/Feb/2021:03:22:50 -0500] "-" 408 -
201.245.192.253 - - [11/Feb/2021:03:22:56 -0500] "POST /kwsrmcab/Wsrmcab HTTP/1.1" 200 120398
207.46.13.41 - - [11/Feb/2021:03:23:41 -0500] "GET /galeria/galeria/fotos/jornadaP.jpg HTTP/1.1" 200 24385
186.113.10.19 - - [11/Feb/2021:03:23:45 -0500] "GET /galeria/nivo-slider/demo/images/bannerconcejo.jpg HTTP/1.1" 304 -
114.119.153.118 - - [11/Feb/2021:03:24:39 -0500] "GET /BLA/resoluciones/AUTOS%202015/7220.pdf HTTP/1.1" 200 436899
114.119.130.154 - - [11/Feb/2021:03:25:07 -0500] "GET /POT-2013/index.php?dir=expediente%2F&sort=date&order=asc HTTP/1.1" 200 1903
192.241.132.40 - - [11/Feb/2021:03:25:11 -0500] "POST /boaform/admin/formLogin HTTP/1.1" 404 1186
47.218.221.254 - - [11/Feb/2021:03:25:36 -0500] "GET /galeria/galeria/jquery.fancybox.css?v=2.1.5 HTTP/1.1" 200 4895
47.218.221.254 - - [11/Feb/2021:03:25:36 -0500] "GET /BLA/boletinlegal/js/jquery.scrollShow.js HTTP/1.1" 200 4586
47.218.221.254 - - [11/Feb/2021:03:25:37 -0500] "GET /galeria/galeria/jquery.fancybox.js?v=2.1.5 HTTP/1.1" 200 48706
69.162.124.227 - - [11/Feb/2021:03:27:46 -0500] "HEAD / HTTP/1.1" 200 -
192.241.132.40 - - [11/Feb/2021:03:29:05 -0500] "POST /boaform/admin/formLogin HTTP/1.1" 404 1186
66.249.64.45 - - [11/Feb/2021:03:29:48 -0500] "GET /BLA/resoluciones/index.php?dir=RESOLUCIONES%201999/&sort=name&order=desc HTTP/1.1" 200 10037
66.249.70.75 - - [11/Feb/2021:03:29:53 -0500] "GET /SIG/Gestion%20Recursos%20Financieros/126PA02-PR02%20ACTAS%20FENECIMIENTO-PRESUPUESTO.pdf HTTP/1.1" 200 252471
114.119.159.6 - - [11/Feb/2021:03:29:56 -0500] "GET /BLA/resoluciones/RESOLUCIONES%202011/0122.pdf HTTP/1.1" 200 271319
201.245.192.253 - - [11/Feb/2021:03:29:27 -0500] "POST /kwsrmcab/Wsrmcab HTTP/1.1" 200 46634
66.249.64.45 - - [11/Feb/2021:03:30:27 -0500] "GET /galeria/nivo-slider/demo/images/banner%20acercar.jpg HTTP/1.1" 200 182327
201.245.192.253 - - [11/Feb/2021:03:30:11 -0500] "POST /kwsrmcab/Wsrmcab HTTP/1.1" 200 46768
66.249.64.45 - - [11/Feb/2021:03:31:34 -0500] "GET /BLA/resoluciones/RESOLUCIONES%202007/RES%202007%203001%20AL%203100/RESOLUCION%20%203007%20_DE%202007.pdf HTTP/1.1" 304 -
69.162.124.227 - - [11/Feb/2021:03:32:46 -0500] "HEAD / HTTP/1.1" 200 -
192.241.132.40 - - [11/Feb/2021:03:34:27 -0500] "POST /boaform/admin/formLogin HTTP/1.1" 404 1186
114.119.142.12 - - [11/Feb/2021:03:35:13 -0500] "GET /BLA/resoluciones/AUTOS%202010/5035.pdf HTTP/1.1" 200 686012
190.219.110.73 - - [11/Feb/2021:03:35:53 -0500] "GET /galeria/galeria/jquery.fancybox.css?v=2.1.5 HTTP/1.1" 200 4895
190.219.110.73 - - [11/Feb/2021:03:35:53 -0500] "GET /BLA/boletinlegal/js/jquery.scrollShow.js HTTP/1.1" 200 4586
190.219.110.73 - - [11/Feb/2021:03:35:53 -0500] "GET /galeria/galeria/jquery.fancybox.js?v=2.1.5 HTTP/1.1" 200 48706
162.142.125.38 - - [11/Feb/2021:03:37:22 -0500] "GET / HTTP/1.1" 200 9990
162.142.125.38 - - [11/Feb/2021:03:37:22 -0500] "GET / HTTP/1.1" 200 9990
69.162.124.227 - - [11/Feb/2021:03:37:46 -0500] "HEAD / HTTP/1.1" 200 -
186.81.207.100 - - [11/Feb/2021:03:38:08 -0500] "GET /galeria/galeria/jquery.fancybox.css?v=2.1.5 HTTP/1.1" 200 4895
186.81.207.100 - - [11/Feb/2021:03:38:08 -0500] "GET /BLA/boletinlegal/js/jquery.scrollShow.js HTTP/1.1" 200 4586
186.81.207.100 - - [11/Feb/2021:03:38:08 -0500] "GET /galeria/galeria/jquery.fancybox.js?v=2.1.5 HTTP/1.1" 200 48706
186.28.66.85 - - [11/Feb/2021:03:39:34 -0500] "GET /sipse/faces/index.xhtml HTTP/1.1" 200 677
186.28.66.85 - - [11/Feb/2021:03:39:36 -0500] "GET /sipse/faces/javax.faces.resource/theme.css?ln=primefaces-sipse HTTP/1.1" 304 -
186.28.66.85 - - [11/Feb/2021:03:39:36 -0500] "GET /sipse/faces/faces/autenticacion.xhtml HTTP/1.1" 200 12180
186.28.66.85 - - [11/Feb/2021:03:39:37 -0500] "GET /sipse/js/disable_browser_buttons.js HTTP/1.1" 200 3230
186.28.66.85 - - [11/Feb/2021:03:39:37 -0500] "GET /sipse/css/custom_css_sg.css HTTP/1.1" 200 9694
186.28.66.85 - - [11/Feb/2021:03:39:37 -0500] "GET /sipse/css/custom_css_sg_prime_login.css HTTP/1.1" 200 443
186.28.66.85 - - [11/Feb/2021:03:39:37 -0500] "GET /sipse/faces/javax.faces.resource/theme.css?ln=primefaces-sipse HTTP/1.1" 304 -
186.28.66.85 - - [11/Feb/2021:03:39:37 -0500] "GET /sipse/faces/javax.faces.resource/primefaces.css?ln=primefaces&v=4.0 HTTP/1.1" 304 -
186.28.66.85 - - [11/Feb/2021:03:39:37 -0500] "GET /sipse/faces/javax.faces.resource/layout/layout.css?ln=primefaces&v=4.0 HTTP/1.1" 304 -
186.28.66.85 - - [11/Feb/2021:03:39:37 -0500] "GET /sipse/js/funciones.js HTTP/1.1" 200 12592
186.28.66.85 - - [11/Feb/2021:03:39:37 -0500] "GET /sipse/faces/javax.faces.resource/jquery/jquery.js?ln=primefaces&v=4.0 HTTP/1.1" 304 -
186.28.66.85 - - [11/Feb/2021:03:39:37 -0500] "GET /sipse/faces/javax.faces.resource/jquery/jquery-plugins.js?ln=primefaces&v=4.0 HTTP/1.1" 304 -
