186.30.107.69 - - [17/Sep/2021:09:42:24 -0500] "POST /sipse/faces/presentacion/financiero/solicitudProceso/listarSolicitudProceso.xhtml HTTP/1.1" 200 1360
216.245.221.92 - - [17/Sep/2021:09:42:25 -0500] "HEAD / HTTP/1.1" 200 -
186.154.163.28 - - [17/Sep/2021:09:42:25 -0500] "GET /kwssiamovil/sm/des/ldap/au?x=U2FsdGVkX191iKuQI9Zlk0XVHQNZ3hB1n1YhkodV5wGDS+hUQBblMj0BLvasslIa&y=U2FsdGVkX1+QN7KZe7Nm7eiCKrRuF0tGpBRyyvvOmMuEI6UjCdid+vFvkZMVCMdh HTTP/1.1" 200 31
186.84.21.137 - - [17/Sep/2021:09:42:25 -0500] "POST /sipse/faces/presentacion/financiero/solicitudProceso/listarSolicitudProceso.xhtml HTTP/1.1" 200 35199
186.30.107.69 - - [17/Sep/2021:09:42:25 -0500] "POST /sipse/faces/presentacion/financiero/solicitudProceso/listarSolicitudProceso.xhtml HTTP/1.1" 200 144149
186.30.107.69 - - [17/Sep/2021:09:42:26 -0500] "GET /sipse/faces/javax.faces.resource/theme.css?ln=primefaces-sipse HTTP/1.1" 304 -
186.30.107.69 - - [17/Sep/2021:09:42:26 -0500] "GET /sipse/faces/javax.faces.resource/primefaces.css?ln=primefaces&v=4.0 HTTP/1.1" 304 -
186.30.107.69 - - [17/Sep/2021:09:42:26 -0500] "GET /sipse/faces/javax.faces.resource/layout/layout.css?ln=primefaces&v=4.0 HTTP/1.1" 304 -
186.30.107.69 - - [17/Sep/2021:09:42:26 -0500] "GET /sipse/faces/javax.faces.resource/jquery/jquery.js?ln=primefaces&v=4.0 HTTP/1.1" 304 -
186.30.107.69 - - [17/Sep/2021:09:42:26 -0500] "GET /sipse/faces/javax.faces.resource/jquery/jquery-plugins.js?ln=primefaces&v=4.0 HTTP/1.1" 304 -
186.30.107.69 - - [17/Sep/2021:09:42:26 -0500] "GET /sipse/faces/javax.faces.resource/primefaces.js?ln=primefaces&v=4.0 HTTP/1.1" 304 -
186.30.107.69 - - [17/Sep/2021:09:42:26 -0500] "GET /sipse/faces/javax.faces.resource/layout/layout.js?ln=primefaces&v=4.0 HTTP/1.1" 304 -
191.156.128.99 - - [17/Sep/2021:09:42:26 -0500] "GET /galeria/galeria/jquery.fancybox.css?v=2.1.5 HTTP/1.1" 200 4895
191.156.128.99 - - [17/Sep/2021:09:42:26 -0500] "GET /BLA/boletinlegal/js/jquery.scrollShow.js HTTP/1.1" 200 4586
191.156.128.99 - - [17/Sep/2021:09:42:26 -0500] "GET /galeria/galeria/jquery.fancybox.js?v=2.1.5 HTTP/1.1" 200 48706
186.30.107.69 - - [17/Sep/2021:09:42:26 -0500] "GET /sipse/css/imagen/contrasena.png HTTP/1.1" 404 383
186.30.107.69 - - [17/Sep/2021:09:42:26 -0500] "GET /reportes_sipse/sdg/ServletReporte?reporte=experienia_idoneidad&solicitud=15062&pfdrid_c=false HTTP/1.1" 200 125579
186.84.21.137 - - [17/Sep/2021:09:42:27 -0500] "POST /sipse/faces/presentacion/financiero/solicitudProceso/listarSolicitudProceso.xhtml HTTP/1.1" 200 35202
201.245.192.253 - - [17/Sep/2021:09:42:28 -0500] "POST /sipse/faces/presentacion/financiero/solicitudAnulacion/registrarSolicitudAnulacion.xhtml HTTP/1.1" 200 3156
186.84.21.137 - - [17/Sep/2021:09:42:28 -0500] "POST /sipse/faces/presentacion/financiero/solicitudProceso/listarSolicitudProceso.xhtml HTTP/1.1" 200 20590
186.84.21.137 - - [17/Sep/2021:09:42:29 -0500] "POST /sipse/faces/presentacion/financiero/solicitudProceso/listarSolicitudProceso.xhtml HTTP/1.1" 200 20594
186.84.21.137 - - [17/Sep/2021:09:42:30 -0500] "POST /sipse/faces/presentacion/financiero/solicitudProceso/listarSolicitudProceso.xhtml HTTP/1.1" 200 8900
186.30.107.69 - - [17/Sep/2021:09:42:30 -0500] "POST /sipse/faces/presentacion/financiero/solicitudProceso/consultarSolicitudProceso.xhtml HTTP/1.1" 200 102600
201.244.131.166 - - [17/Sep/2021:09:42:30 -0500] "POST /sipse/faces/presentacion/financiero/solicitudProceso/consultarSolicitudProceso.xhtml HTTP/1.1" 200 6763
201.245.192.253 - - [17/Sep/2021:09:42:31 -0500] "POST /sipse/faces/presentacion/financiero/solicitudAnulacion/registrarSolicitudAnulacion.xhtml HTTP/1.1" 200 3671
201.245.192.253 - - [17/Sep/2021:09:42:34 -0500] "GET /catalogoisis/ HTTP/1.1" 200 8575
201.245.192.253 - - [17/Sep/2021:09:41:48 -0500] "POST /kwsrmcab/Wsrmcab HTTP/1.1" 200 42373
201.245.192.253 - - [17/Sep/2021:09:42:36 -0500] "POST /sipse/faces/presentacion/financiero/solicitudAnulacion/registrarSolicitudAnulacion.xhtml HTTP/1.1" 200 3228
186.154.163.28 - - [17/Sep/2021:09:42:37 -0500] "GET /kwssiamovil/sm/des/ldap/au?x=U2FsdGVkX1+6w2G88jWGAIo/PT2OLIZ0DVo6pV7s6/y7mOOCUjPezS5bP3I7+rxC&y=U2FsdGVkX1/kmvormAw/92yzEd1ObQTxpPX0Yp7mjy55X2l7z6LyiBYPIzBIFKFL HTTP/1.1" 200 30
186.84.21.137 - - [17/Sep/2021:09:42:37 -0500] "POST /sipse/faces/presentacion/financiero/solicitudProceso/listarSolicitudProceso.xhtml HTTP/1.1" 200 6126
186.154.163.28 - - [17/Sep/2021:09:42:38 -0500] "GET /kwssiamovil/sm/des/acme/s?s=U2FsdGVkX1+pwca2CdJLvb8QEwy4y5+OJR0iu4Pgyi5dUOO7UQ2UZjTfrJNS7Ku1d/4v9bvPUqwu/Atny0/ZSn8OuAGSMtbJU7exYwi+oQqg7umgly67oQS/F7yGDWMonAQfPnras1Km61SKrRoMVgBN4f0lDbEZ8FBXjZ2gfyApHtZ+KagOdk9g29QIUmTWm+wlbYEv6w0EFG6QBbheN7GZYrZRTCHj54RrddLDtbg3/GcC6y/bKVGqAkUHIapFjE6L+oI9CW4CCflw/VxJd5pxaXZCHnbyqVjO6GyYUTneF7R1SM4mnmJ0tTEjfPRrNAr73Yd8HHg5S2Hh13mHxHKWpiITpU7vsQU4gZ/bN3pfyQaHcdEKpnpIAY4ULpZWc5YX5mM6xmeTgmKuMdXM8J2mmX+/Znk9/IzXu/CQLlAlA92GkQeaLORC9Z/HbcFtH73mK9tMnIub8RCVthBw7ykh7/4FDKfAMuJfkL1+eLs6y+GvrgusUu2piSzGHlEp&u=U2FsdGVkX1/1Kic42ZGfQxhw0QCP2tQDeoaaPHykMFI=&y=U2FsdGVkX1/kmvormAw/92yzEd1ObQTxpPX0Yp7mjy55X2l7z6LyiBYPIzBIFKFL HTTP/1.1" 200 559
186.154.163.28 - - [17/Sep/2021:09:42:38 -0500] "GET /kwssiamovil/sm/des/acme/s?s=U2FsdGVkX18xKX5O9apy+RyJPdBXKhEgIORjPds5r/b0JyifMOJjblUPnMPcMF4t1CJlimVN4lZW8fvUrlcPE0MSIJgT0Clldsu70Lrbzvfejyy8HS2rN1XIkG1UGejg2+chUhJUxsTloWmfUbK9D0/KJcJFIVE8bXb2W9QGBkv+gxEaZ2MFqao3Ws8GzG58l9ZDUdXr5fvUwif0Jreg+EP7yzCCpzjCtpWrMG9ZrN7gULK1kYourwDJ3bfBsfa981mix1ZEzt2ESrXLCp7vkg==&u=U2FsdGVkX1/1Kic42ZGfQxhw0QCP2tQDeoaaPHykMFI=&y=U2FsdGVkX1/kmvormAw/92yzEd1ObQTxpPX0Yp7mjy55X2l7z6LyiBYPIzBIFKFL HTTP/1.1" 200 176
181.124.161.230 - - [17/Sep/2021:09:42:38 -0500] "GET /galeria/galeria/jquery.fancybox.css?v=2.1.5 HTTP/1.1" 200 4895
181.124.161.230 - - [17/Sep/2021:09:42:38 -0500] "GET /BLA/boletinlegal/js/jquery.scrollShow.js HTTP/1.1" 200 4586
181.124.161.230 - - [17/Sep/2021:09:42:38 -0500] "GET /galeria/galeria/jquery.fancybox.js?v=2.1.5 HTTP/1.1" 200 48706
186.84.21.137 - - [17/Sep/2021:09:42:39 -0500] "POST /sipse/faces/presentacion/financiero/solicitudProceso/listarSolicitudProceso.xhtml HTTP/1.1" 200 6122
186.154.163.28 - - [17/Sep/2021:09:42:38 -0500] "GET /kwssiamovil/sm/des/cjson/pre?f=1&x=U2FsdGVkX1+6w2G88jWGAIo/PT2OLIZ0DVo6pV7s6/y7mOOCUjPezS5bP3I7+rxC HTTP/1.1" 200 30929
186.84.20.200 - - [17/Sep/2021:09:42:42 -0500] "GET /galeria/galeria/jquery.fancybox.css?v=2.1.5 HTTP/1.1" 200 4895
186.84.20.200 - - [17/Sep/2021:09:42:42 -0500] "GET /BLA/boletinlegal/js/jquery.scrollShow.js HTTP/1.1" 200 4586
186.84.20.200 - - [17/Sep/2021:09:42:42 -0500] "GET /galeria/galeria/jquery.fancybox.js?v=2.1.5 HTTP/1.1" 200 48706
186.84.21.137 - - [17/Sep/2021:09:42:43 -0500] "POST /sipse/faces/presentacion/financiero/solicitudProceso/listarSolicitudProceso.xhtml HTTP/1.1" 200 6122
201.244.131.166 - - [17/Sep/2021:09:42:29 -0500] "POST /sipse/faces/presentacion/financiero/solicitudProceso/consultarSolicitudProceso.xhtml HTTP/1.1" 200 24008
201.244.131.166 - - [17/Sep/2021:09:42:44 -0500] "GET /sipse/faces/javax.faces.resource/theme.css?ln=primefaces-sipse HTTP/1.1" 304 -
201.244.131.166 - - [17/Sep/2021:09:42:44 -0500] "GET /sipse/faces/javax.faces.resource/primefaces.css?ln=primefaces&v=4.0 HTTP/1.1" 304 -
201.244.131.166 - - [17/Sep/2021:09:42:44 -0500] "GET /sipse/faces/javax.faces.resource/jquery/jquery.js?ln=primefaces&v=4.0 HTTP/1.1" 304 -
201.244.131.166 - - [17/Sep/2021:09:42:44 -0500] "GET /sipse/faces/javax.faces.resource/jquery/jquery-plugins.js?ln=primefaces&v=4.0 HTTP/1.1" 304 -
201.244.131.166 - - [17/Sep/2021:09:42:44 -0500] "GET /sipse/faces/javax.faces.resource/layout/layout.css?ln=primefaces&v=4.0 HTTP/1.1" 304 -
201.244.131.166 - - [17/Sep/2021:09:42:44 -0500] "GET /sipse/faces/javax.faces.resource/primefaces.js?ln=primefaces&v=4.0 HTTP/1.1" 304 -
201.244.131.166 - - [17/Sep/2021:09:42:44 -0500] "GET /sipse/faces/javax.faces.resource/layout/layout.js?ln=primefaces&v=4.0 HTTP/1.1" 304 -
201.244.131.166 - - [17/Sep/2021:09:42:44 -0500] "GET /sipse/faces/javax.faces.resource/spacer/dot_clear.gif?ln=primefaces&v=4.0 HTTP/1.1" 304 -
201.244.131.166 - - [17/Sep/2021:09:42:44 -0500] "GET /sipse/faces/javax.faces.resource/images/ui-icons_898989_256x240.png?ln=primefaces-aristo HTTP/1.1" 304 -
191.156.128.99 - - [17/Sep/2021:09:42:45 -0500] "GET /BLA/boletinlegal/norma_menu.php HTTP/1.1" 200 6318
191.156.128.99 - - [17/Sep/2021:09:42:45 -0500] "GET /BLA/boletinlegal/styles2.css HTTP/1.1" 200 1838
191.156.128.99 - - [17/Sep/2021:09:42:45 -0500] "GET /BLA/boletinlegal/style.css HTTP/1.1" 200 9406
191.156.128.99 - - [17/Sep/2021:09:42:45 -0500] "GET /BLA/boletinlegal/js/ajax.js HTTP/1.1" 200 772
191.156.128.99 - - [17/Sep/2021:09:42:45 -0500] "GET /BLA/boletinlegal/swfobject.js HTTP/1.1" 200 9763
191.156.128.99 - - [17/Sep/2021:09:42:45 -0500] "GET /BLA/boletinlegal/js/lib.js HTTP/1.1" 200 6474
191.156.128.99 - - [17/Sep/2021:09:42:45 -0500] "GET /BLA/boletinlegal/js/popup.js HTTP/1.1" 200 1270
191.156.128.99 - - [17/Sep/2021:09:42:45 -0500] "GET /BLA/boletinlegal/js/jquery1.js HTTP/1.1" 200 29846
186.84.21.137 - - [17/Sep/2021:09:42:45 -0500] "POST /sipse/faces/presentacion/financiero/solicitudProceso/listarSolicitudProceso.xhtml HTTP/1.1" 200 8896
191.156.128.99 - - [17/Sep/2021:09:42:45 -0500] "GET /BLA/boletinlegal/images/menu_lft.gif HTTP/1.1" 200 1713
191.156.128.99 - - [17/Sep/2021:09:42:45 -0500] "GET /BLA/boletinlegal/images/menu_rght.gif HTTP/1.1" 200 1627
191.156.128.99 - - [17/Sep/2021:09:42:45 -0500] "GET /BLA/boletinlegal/images/signo-mas.gif HTTP/1.1" 200 13689
191.156.128.99 - - [17/Sep/2021:09:42:45 -0500] "GET /BLA/boletinlegal/images/signo-menos.gif HTTP/1.1" 200 13454
191.156.128.99 - - [17/Sep/2021:09:42:45 -0500] "GET /BLA/boletinlegal/images/cabezote%20BLEGAL.jpg HTTP/1.1" 200 118164
191.156.128.99 - - [17/Sep/2021:09:42:45 -0500] "GET /BLA/boletinlegal/images/nuevo.gif HTTP/1.1" 200 26475
191.156.128.99 - - [17/Sep/2021:09:42:45 -0500] "GET /BLA/boletinlegal/images/subscribe-icon-big.png HTTP/1.1" 200 47702
191.156.128.99 - - [17/Sep/2021:09:42:45 -0500] "GET /BLA/boletinlegal/images/historia.png HTTP/1.1" 200 52775
191.156.128.99 - - [17/Sep/2021:09:42:45 -0500] "GET /BLA/boletinlegal/images/registro-usuarios.png HTTP/1.1" 200 8106
191.156.128.99 - - [17/Sep/2021:09:42:45 -0500] "GET /BLA/boletinlegal/images/img_3.jpg HTTP/1.1" 200 1841
191.156.128.99 - - [17/Sep/2021:09:42:45 -0500] "GET /BLA/boletinlegal/images/tel.png HTTP/1.1" 200 14477
191.156.128.99 - - [17/Sep/2021:09:42:45 -0500] "GET /BLA/boletinlegal/images/icono-email.png HTTP/1.1" 200 5544
191.156.128.99 - - [17/Sep/2021:09:42:45 -0500] "GET /BLA/boletinlegal/images/body_bg.jpg HTTP/1.1" 200 1601
191.156.128.99 - - [17/Sep/2021:09:42:45 -0500] "GET /BLA/boletinlegal/images/bg_top.jpg HTTP/1.1" 200 522
191.156.128.99 - - [17/Sep/2021:09:42:45 -0500] "GET /BLA/boletinlegal/images/menu_bg.jpg HTTP/1.1" 200 620
191.156.128.99 - - [17/Sep/2021:09:42:45 -0500] "GET /BLA/boletinlegal/images/hover.jpg HTTP/1.1" 200 640
191.156.128.99 - - [17/Sep/2021:09:42:46 -0500] "GET /BLA/boletinlegal/images/text.jpg HTTP/1.1" 200 568
191.156.128.99 - - [17/Sep/2021:09:42:46 -0500] "GET /BLA/boletinlegal/images/footer_bg.jpg HTTP/1.1" 200 586
191.156.128.99 - - [17/Sep/2021:09:42:46 -0500] "GET /BLA/boletinlegal/images/footer_bg_l.jpg HTTP/1.1" 200 776
186.84.21.137 - - [17/Sep/2021:09:42:45 -0500] "POST /sipse/faces/presentacion/financiero/solicitudProceso/listarSolicitudProceso.xhtml HTTP/1.1" 200 8900
191.156.128.99 - - [17/Sep/2021:09:42:46 -0500] "GET /favicon.ico HTTP/1.1" 200 7782
190.85.186.153 - - [17/Sep/2021:09:42:46 -0500] "GET /BLA/boletinlegal/js/jquery.scrollShow.js HTTP/1.1" 200 4586
190.85.186.153 - - [17/Sep/2021:09:42:46 -0500] "GET /galeria/galeria/jquery.fancybox.js?v=2.1.5 HTTP/1.1" 200 48706
190.85.186.153 - - [17/Sep/2021:09:42:46 -0500] "GET /galeria/galeria/jquery.fancybox.css?v=2.1.5 HTTP/1.1" 200 4895
186.84.21.137 - - [17/Sep/2021:09:42:46 -0500] "POST /sipse/faces/presentacion/financiero/solicitudProceso/listarSolicitudProceso.xhtml HTTP/1.1" 200 20590
186.84.21.137 - - [17/Sep/2021:09:42:48 -0500] "POST /sipse/faces/presentacion/financiero/solicitudProceso/listarSolicitudProceso.xhtml HTTP/1.1" 200 6126
186.84.21.137 - - [17/Sep/2021:09:42:51 -0500] "POST /sipse/faces/presentacion/financiero/solicitudProceso/listarSolicitudProceso.xhtml HTTP/1.1" 200 35202
186.84.21.137 - - [17/Sep/2021:09:42:51 -0500] "POST /sipse/faces/presentacion/financiero/solicitudProceso/listarSolicitudProceso.xhtml HTTP/1.1" 200 35202
186.84.21.137 - - [17/Sep/2021:09:42:52 -0500] "POST /sipse/faces/presentacion/financiero/solicitudProceso/listarSolicitudProceso.xhtml HTTP/1.1" 200 35202
186.84.21.137 - - [17/Sep/2021:09:42:56 -0500] "POST /sipse/faces/presentacion/financiero/solicitudProceso/listarSolicitudProceso.xhtml HTTP/1.1" 200 35202
186.84.21.137 - - [17/Sep/2021:09:42:57 -0500] "POST /sipse/faces/presentacion/financiero/solicitudProceso/listarSolicitudProceso.xhtml HTTP/1.1" 200 35202
186.84.88.136 - - [17/Sep/2021:09:42:57 -0500] "GET /BLA/boletinlegal/js/jquery.scrollShow.js HTTP/1.1" 200 4586
186.84.88.136 - - [17/Sep/2021:09:42:57 -0500] "GET /galeria/galeria/jquery.fancybox.js?v=2.1.5 HTTP/1.1" 200 48706
201.245.192.253 - - [17/Sep/2021:09:42:57 -0500] "POST /sipse/faces/presentacion/financiero/solicitudAnulacion/registrarSolicitudAnulacion.xhtml HTTP/1.1" 200 3212
186.84.88.136 - - [17/Sep/2021:09:42:57 -0500] "GET /galeria/galeria/jquery.fancybox.css?v=2.1.5 HTTP/1.1" 200 4895
186.84.88.136 - - [17/Sep/2021:09:42:57 -0500] "GET /galeria/carrusel/Carrusel/jquery.thumbnailScroller.css HTTP/1.1" 200 2066
186.84.88.136 - - [17/Sep/2021:09:42:57 -0500] "GET /galeria/carrusel/Carrusel/jquery-ui-1.8.13.custom.min.js HTTP/1.1" 200 10800
186.84.88.136 - - [17/Sep/2021:09:42:57 -0500] "GET /galeria/carrusel/Carrusel/jquery.thumbnailScroller.js HTTP/1.1" 200 8157
186.84.21.137 - - [17/Sep/2021:09:42:57 -0500] "POST /sipse/faces/presentacion/financiero/solicitudProceso/listarSolicitudProceso.xhtml HTTP/1.1" 200 35206
186.30.107.69 - - [17/Sep/2021:09:42:57 -0500] "POST /sipse/faces/presentacion/financiero/solicitudProceso/consultarSolicitudProceso.xhtml HTTP/1.1" 200 102600
186.84.88.136 - - [17/Sep/2021:09:42:58 -0500] "GET /galeria/nivo-slider/demo/banner.html HTTP/1.1" 200 5446
186.84.88.136 - - [17/Sep/2021:09:42:58 -0500] "GET /galeria/nivo-slider/themes/default/default.css HTTP/1.1" 200 1569
186.84.88.136 - - [17/Sep/2021:09:42:58 -0500] "GET /galeria/nivo-slider/themes/pascal/pascal.css HTTP/1.1" 200 2258
186.84.88.136 - - [17/Sep/2021:09:42:58 -0500] "GET /galeria/nivo-slider/themes/orman/orman.css HTTP/1.1" 200 2152
186.84.88.136 - - [17/Sep/2021:09:42:58 -0500] "GET /galeria/nivo-slider/nivo-slider.css HTTP/1.1" 200 1507
186.84.88.136 - - [17/Sep/2021:09:42:58 -0500] "GET /galeria/nivo-slider/demo/style.css HTTP/1.1" 200 2222
186.84.88.136 - - [17/Sep/2021:09:42:58 -0500] "GET /galeria/nivo-slider/demo/images/bannercapacitacionesbogota.jpg HTTP/1.1" 200 42416
186.84.88.136 - - [17/Sep/2021:09:42:58 -0500] "GET /galeria/nivo-slider/demo/images/Bannerenvases.jpg HTTP/1.1" 200 37316
186.84.88.136 - - [17/Sep/2021:09:42:58 -0500] "GET /galeria/nivo-slider/demo/images/Bannersedeelectronica.jpg HTTP/1.1" 200 40383
186.84.88.136 - - [17/Sep/2021:09:42:58 -0500] "GET /galeria/nivo-slider/demo/images/bannerclases2021.jpg HTTP/1.1" 200 68230
186.84.88.136 - - [17/Sep/2021:09:42:58 -0500] "GET /galeria/nivo-slider/demo/images/Bannerplasticosseptiembre.jpg HTTP/1.1" 200 45633
186.84.88.136 - - [17/Sep/2021:09:42:58 -0500] "GET /galeria/nivo-slider/demo/images/bannertrafico_optimized.jpg HTTP/1.1" 200 42578
186.84.88.136 - - [17/Sep/2021:09:42:58 -0500] "GET /galeria/nivo-slider/demo/images/bannertortuga_optimized.jpg HTTP/1.1" 200 39066
186.84.88.136 - - [17/Sep/2021:09:42:58 -0500] "GET /galeria/nivo-slider/demo/images/bannerrutaesperanza.jpg HTTP/1.1" 200 55560
186.84.88.136 - - [17/Sep/2021:09:42:58 -0500] "GET /galeria/nivo-slider/demo/images/Bannermujeresquereverdecen.jpg HTTP/1.1" 200 46558
186.84.88.136 - - [17/Sep/2021:09:42:59 -0500] "GET /galeria/nivo-slider/demo/images/banneraccionpopular.jpeg HTTP/1.1" 200 41707
186.84.88.136 - - [17/Sep/2021:09:42:59 -0500] "GET /galeria/nivo-slider/demo/images/Bannervirtualescanales.jpg HTTP/1.1" 200 174544
186.84.88.136 - - [17/Sep/2021:09:42:59 -0500] "GET /galeria/nivo-slider/demo/images/banneraccionpopularcrr68.jpg HTTP/1.1" 200 51887
186.84.88.136 - - [17/Sep/2021:09:42:59 -0500] "GET /galeria/nivo-slider/demo/images/banneraire2021.jpg HTTP/1.1" 200 265101
186.84.88.136 - - [17/Sep/2021:09:42:59 -0500] "GET /galeria/nivo-slider/demo/images/bannerresiduoshospitalariosagosto.jpg HTTP/1.1" 200 36499
186.84.88.136 - - [17/Sep/2021:09:42:59 -0500] "GET /galeria/nivo-slider/themes/default/loading.gif HTTP/1.1" 200 1737
186.84.88.136 - - [17/Sep/2021:09:42:59 -0500] "GET /galeria/nivo-slider/demo/images/4Simple_Slider.png HTTP/1.1" 200 11722
186.84.88.136 - - [17/Sep/2021:09:42:59 -0500] "GET /galeria/nivo-slider/demo/scripts/jquery-1.7.1.min.js HTTP/1.1" 200 93868
186.84.88.136 - - [17/Sep/2021:09:42:59 -0500] "GET /galeria/nivo-slider/jquery.nivo.slider.pack.js HTTP/1.1" 200 11561
186.84.21.137 - - [17/Sep/2021:09:42:59 -0500] "POST /sipse/faces/presentacion/financiero/solicitudProceso/listarSolicitudProceso.xhtml HTTP/1.1" 200 20590
186.84.88.136 - - [17/Sep/2021:09:42:59 -0500] "GET /galeria/nivo-slider/themes/default/arrows.png HTTP/1.1" 200 824
186.84.88.136 - - [17/Sep/2021:09:42:59 -0500] "GET /galeria/nivo-slider/themes/default/bullets.png HTTP/1.1" 200 1281
186.84.21.137 - - [17/Sep/2021:09:42:59 -0500] "POST /sipse/faces/presentacion/financiero/solicitudProceso/listarSolicitudProceso.xhtml HTTP/1.1" 200 14799
186.84.21.137 - - [17/Sep/2021:09:43:00 -0500] "POST /sipse/faces/presentacion/financiero/solicitudProceso/listarSolicitudProceso.xhtml HTTP/1.1" 200 6122
186.80.252.20 - - [17/Sep/2021:09:43:00 -0500] "GET /galeria/galeria/jquery.fancybox.css?v=2.1.5 HTTP/1.1" 200 4895
186.80.252.20 - - [17/Sep/2021:09:43:00 -0500] "GET /galeria/galeria/jquery.fancybox.js?v=2.1.5 HTTP/1.1" 200 48706
186.80.252.20 - - [17/Sep/2021:09:43:00 -0500] "GET /BLA/boletinlegal/js/jquery.scrollShow.js HTTP/1.1" 200 4586
186.84.21.137 - - [17/Sep/2021:09:43:02 -0500] "POST /sipse/faces/presentacion/financiero/solicitudProceso/listarSolicitudProceso.xhtml HTTP/1.1" 200 20594
186.84.21.137 - - [17/Sep/2021:09:43:02 -0500] "POST /sipse/faces/presentacion/financiero/solicitudProceso/listarSolicitudProceso.xhtml HTTP/1.1" 200 20590
186.84.21.137 - - [17/Sep/2021:09:43:03 -0500] "POST /sipse/faces/presentacion/financiero/solicitudProceso/listarSolicitudProceso.xhtml HTTP/1.1" 200 6126
186.84.21.137 - - [17/Sep/2021:09:43:07 -0500] "POST /sipse/faces/presentacion/financiero/solicitudProceso/listarSolicitudProceso.xhtml HTTP/1.1" 200 20590
186.84.21.137 - - [17/Sep/2021:09:43:08 -0500] "POST /sipse/faces/presentacion/financiero/solicitudProceso/listarSolicitudProceso.xhtml HTTP/1.1" 200 20594
186.84.21.137 - - [17/Sep/2021:09:43:09 -0500] "POST /sipse/faces/presentacion/financiero/solicitudProceso/listarSolicitudProceso.xhtml HTTP/1.1" 200 14799
186.84.21.137 - - [17/Sep/2021:09:43:10 -0500] "POST /sipse/faces/presentacion/financiero/solicitudProceso/listarSolicitudProceso.xhtml HTTP/1.1" 200 14803
181.50.204.197 - - [17/Sep/2021:09:43:11 -0500] "GET /galeria/galeria/jquery.fancybox.css?v=2.1.5 HTTP/1.1" 200 4895
181.50.204.197 - - [17/Sep/2021:09:43:11 -0500] "GET /BLA/boletinlegal/js/jquery.scrollShow.js HTTP/1.1" 200 4586
181.50.204.197 - - [17/Sep/2021:09:43:11 -0500] "GET /galeria/galeria/jquery.fancybox.js?v=2.1.5 HTTP/1.1" 200 48706
186.84.21.137 - - [17/Sep/2021:09:43:12 -0500] "POST /sipse/faces/presentacion/financiero/solicitudProceso/listarSolicitudProceso.xhtml HTTP/1.1" 200 6122
179.14.69.200 - - [17/Sep/2021:09:43:12 -0500] "GET /galeria/galeria/jquery.fancybox.css?v=2.1.5 HTTP/1.1" 200 4895
179.14.69.200 - - [17/Sep/2021:09:43:12 -0500] "GET /BLA/boletinlegal/js/jquery.scrollShow.js HTTP/1.1" 200 4586
179.14.69.200 - - [17/Sep/2021:09:43:12 -0500] "GET /galeria/galeria/jquery.fancybox.js?v=2.1.5 HTTP/1.1" 200 48706
190.143.38.95 - - [17/Sep/2021:09:43:13 -0500] "GET /galeria/galeria/jquery.fancybox.js?v=2.1.5 HTTP/1.1" 200 48706
190.143.38.95 - - [17/Sep/2021:09:43:13 -0500] "GET /BLA/boletinlegal/js/jquery.scrollShow.js HTTP/1.1" 200 4586
190.143.38.95 - - [17/Sep/2021:09:43:13 -0500] "GET /galeria/galeria/jquery.fancybox.css?v=2.1.5 HTTP/1.1" 200 4895
190.143.38.95 - - [17/Sep/2021:09:43:14 -0500] "GET /galeria/carrusel/Carrusel/jquery.thumbnailScroller.css HTTP/1.1" 200 2066
190.143.38.95 - - [17/Sep/2021:09:43:14 -0500] "GET /galeria/carrusel/Carrusel/jquery-ui-1.8.13.custom.min.js HTTP/1.1" 200 10800
190.143.38.95 - - [17/Sep/2021:09:43:14 -0500] "GET /galeria/carrusel/Carrusel/jquery.thumbnailScroller.js HTTP/1.1" 200 8157
186.84.21.137 - - [17/Sep/2021:09:43:16 -0500] "POST /sipse/faces/presentacion/financiero/solicitudProceso/listarSolicitudProceso.xhtml HTTP/1.1" 200 6126
186.84.21.137 - - [17/Sep/2021:09:43:18 -0500] "POST /sipse/faces/presentacion/financiero/solicitudProceso/listarSolicitudProceso.xhtml HTTP/1.1" 200 14799
186.84.21.137 - - [17/Sep/2021:09:43:19 -0500] "POST /sipse/faces/presentacion/financiero/solicitudProceso/listarSolicitudProceso.xhtml HTTP/1.1" 200 14803
186.30.107.69 - - [17/Sep/2021:09:43:20 -0500] "POST /sipse/faces/presentacion/financiero/solicitudProceso/consultarSolicitudProceso.xhtml HTTP/1.1" 200 151032
186.84.21.137 - - [17/Sep/2021:09:43:20 -0500] "POST /sipse/faces/presentacion/financiero/solicitudProceso/listarSolicitudProceso.xhtml HTTP/1.1" 200 14795
186.84.21.137 - - [17/Sep/2021:09:43:21 -0500] "POST /sipse/faces/presentacion/financiero/solicitudProceso/listarSolicitudProceso.xhtml HTTP/1.1" 200 6126
186.84.21.137 - - [17/Sep/2021:09:43:21 -0500] "POST /sipse/faces/presentacion/financiero/solicitudProceso/listarSolicitudProceso.xhtml HTTP/1.1" 200 6122
186.84.21.137 - - [17/Sep/2021:09:43:22 -0500] "POST /sipse/faces/presentacion/financiero/solicitudProceso/listarSolicitudProceso.xhtml HTTP/1.1" 200 14799
186.84.21.137 - - [17/Sep/2021:09:43:23 -0500] "POST /sipse/faces/presentacion/financiero/solicitudProceso/listarSolicitudProceso.xhtml HTTP/1.1" 200 6122
181.51.170.6 - - [17/Sep/2021:09:43:24 -0500] "-" 408 -
186.84.21.137 - - [17/Sep/2021:09:43:24 -0500] "POST /sipse/faces/presentacion/financiero/solicitudProceso/listarSolicitudProceso.xhtml HTTP/1.1" 200 6126
201.245.192.253 - - [17/Sep/2021:09:43:25 -0500] "GET /galeria/nivo-slider/demo/banner.html HTTP/1.1" 200 5446
201.245.192.253 - - [17/Sep/2021:09:43:25 -0500] "GET /galeria/nivo-slider/demo/images/bannertortuga_optimized.jpg HTTP/1.1" 200 39066
201.245.192.253 - - [17/Sep/2021:09:43:25 -0500] "GET /galeria/nivo-slider/demo/images/bannertrafico_optimized.jpg HTTP/1.1" 200 42578
201.245.192.253 - - [17/Sep/2021:09:43:25 -0500] "GET /galeria/nivo-slider/demo/images/Bannermujeresquereverdecen.jpg HTTP/1.1" 304 -
201.245.192.253 - - [17/Sep/2021:09:43:25 -0500] "GET /galeria/nivo-slider/demo/images/Bannersedeelectronica.jpg HTTP/1.1" 304 -
201.245.192.253 - - [17/Sep/2021:09:43:25 -0500] "GET /galeria/nivo-slider/demo/images/banneraire2021.jpg HTTP/1.1" 200 265101
201.245.192.253 - - [17/Sep/2021:09:43:25 -0500] "GET /galeria/nivo-slider/demo/images/bannerrutaesperanza.jpg HTTP/1.1" 304 -
201.245.192.253 - - [17/Sep/2021:09:43:25 -0500] "GET /galeria/nivo-slider/demo/images/Bannerplasticosseptiembre.jpg HTTP/1.1" 304 -
201.245.192.253 - - [17/Sep/2021:09:43:25 -0500] "GET /galeria/nivo-slider/demo/images/bannerresiduoshospitalariosagosto.jpg HTTP/1.1" 304 -
201.245.192.253 - - [17/Sep/2021:09:43:25 -0500] "GET /galeria/nivo-slider/demo/images/banneraccionpopularcrr68.jpg HTTP/1.1" 304 -
201.245.192.253 - - [17/Sep/2021:09:43:25 -0500] "GET /galeria/nivo-slider/demo/images/banneraccionpopular.jpeg HTTP/1.1" 304 -
170.238.236.3 - - [17/Sep/2021:09:43:25 -0500] "GET /galeria/galeria/jquery.fancybox.css?v=2.1.5 HTTP/1.1" 200 4895
170.238.236.3 - - [17/Sep/2021:09:43:25 -0500] "GET /galeria/galeria/jquery.fancybox.js?v=2.1.5 HTTP/1.1" 200 48706
170.238.236.3 - - [17/Sep/2021:09:43:25 -0500] "GET /BLA/boletinlegal/js/jquery.scrollShow.js HTTP/1.1" 200 4586
186.84.21.137 - - [17/Sep/2021:09:43:27 -0500] "POST /sipse/faces/presentacion/financiero/solicitudProceso/listarSolicitudProceso.xhtml HTTP/1.1" 200 6122
186.84.21.137 - - [17/Sep/2021:09:43:28 -0500] "POST /sipse/faces/presentacion/financiero/solicitudProceso/listarSolicitudProceso.xhtml HTTP/1.1" 200 14803
186.84.21.137 - - [17/Sep/2021:09:43:29 -0500] "POST /sipse/faces/presentacion/financiero/solicitudProceso/listarSolicitudProceso.xhtml HTTP/1.1" 200 14795
186.84.21.137 - - [17/Sep/2021:09:43:29 -0500] "POST /sipse/faces/presentacion/financiero/solicitudProceso/listarSolicitudProceso.xhtml HTTP/1.1" 200 14803
201.244.131.166 - - [17/Sep/2021:09:43:30 -0500] "POST /sipse/faces/presentacion/proyectos/proyecto/actividad/consultarActividadSolicitud.xhtml HTTP/1.1" 200 162765
201.244.131.166 - - [17/Sep/2021:09:43:30 -0500] "GET /sipse/faces/javax.faces.resource/theme.css?ln=primefaces-sipse HTTP/1.1" 304 -
201.244.131.166 - - [17/Sep/2021:09:43:30 -0500] "GET /sipse/faces/javax.faces.resource/primefaces.css?ln=primefaces&v=4.0 HTTP/1.1" 304 -
201.244.131.166 - - [17/Sep/2021:09:43:30 -0500] "GET /sipse/faces/javax.faces.resource/layout/layout.css?ln=primefaces&v=4.0 HTTP/1.1" 304 -
201.244.131.166 - - [17/Sep/2021:09:43:30 -0500] "GET /sipse/faces/javax.faces.resource/jquery/jquery-plugins.js?ln=primefaces&v=4.0 HTTP/1.1" 304 -
201.244.131.166 - - [17/Sep/2021:09:43:30 -0500] "GET /sipse/faces/javax.faces.resource/primefaces.js?ln=primefaces&v=4.0 HTTP/1.1" 304 -
201.244.131.166 - - [17/Sep/2021:09:43:30 -0500] "GET /sipse/faces/javax.faces.resource/jquery/jquery.js?ln=primefaces&v=4.0 HTTP/1.1" 304 -
201.244.131.166 - - [17/Sep/2021:09:43:30 -0500] "GET /sipse/faces/javax.faces.resource/layout/layout.js?ln=primefaces&v=4.0 HTTP/1.1" 304 -
201.244.131.166 - - [17/Sep/2021:09:43:30 -0500] "GET /sipse/faces/javax.faces.resource/images/ui-icons_898989_256x240.png?ln=primefaces-aristo HTTP/1.1" 304 -
186.84.21.137 - - [17/Sep/2021:09:43:30 -0500] "POST /sipse/faces/presentacion/financiero/solicitudProceso/listarSolicitudProceso.xhtml HTTP/1.1" 200 20590
201.244.131.166 - - [17/Sep/2021:09:43:30 -0500] "GET /reportes_sipse/sdg/ServletReporte?reporte=experienia_idoneidad&solicitud=15062&pfdrid_c=false HTTP/1.1" 200 125579
186.84.21.137 - - [17/Sep/2021:09:43:32 -0500] "POST /sipse/faces/presentacion/financiero/solicitudProceso/listarSolicitudProceso.xhtml HTTP/1.1" 200 6126
201.244.131.166 - - [17/Sep/2021:09:43:34 -0500] "GET /sipse/faces/javax.faces.resource/images/ui-bg_flat_0_2d5972_40x100.png?ln=primefaces-aristo HTTP/1.1" 304 -
201.244.131.166 - - [17/Sep/2021:09:43:34 -0500] "POST /sipse/faces/presentacion/financiero/solicitudProceso/consultarSolicitudProceso.xhtml HTTP/1.1" 200 6763
201.244.131.166 - - [17/Sep/2021:09:43:35 -0500] "GET /sipse/faces/javax.faces.resource/messages/messages.png?ln=primefaces&v=4.0 HTTP/1.1" 304 -
201.245.192.253 - - [17/Sep/2021:09:43:35 -0500] "GET /catalogoisis/ HTTP/1.1" 200 8575
181.58.176.71 - - [17/Sep/2021:09:43:36 -0500] "GET /BLA/boletinlegal/js/jquery.scrollShow.js HTTP/1.1" 200 4586
181.58.176.71 - - [17/Sep/2021:09:43:36 -0500] "GET /galeria/galeria/jquery.fancybox.css?v=2.1.5 HTTP/1.1" 200 4895
181.58.176.71 - - [17/Sep/2021:09:43:36 -0500] "GET /galeria/galeria/jquery.fancybox.js?v=2.1.5 HTTP/1.1" 200 48706
186.84.21.137 - - [17/Sep/2021:09:43:36 -0500] "POST /sipse/faces/presentacion/financiero/solicitudProceso/listarSolicitudProceso.xhtml HTTP/1.1" 200 6122
186.84.21.137 - - [17/Sep/2021:09:43:38 -0500] "POST /sipse/faces/presentacion/financiero/solicitudProceso/listarSolicitudProceso.xhtml HTTP/1.1" 200 6122
186.84.21.137 - - [17/Sep/2021:09:43:38 -0500] "POST /sipse/faces/presentacion/financiero/solicitudProceso/listarSolicitudProceso.xhtml HTTP/1.1" 200 6122
186.84.21.137 - - [17/Sep/2021:09:43:38 -0500] "POST /sipse/faces/presentacion/financiero/solicitudProceso/listarSolicitudProceso.xhtml HTTP/1.1" 200 6122
181.53.12.142 - - [17/Sep/2021:09:43:39 -0500] "GET /galeria/galeria/jquery.fancybox.css?v=2.1.5 HTTP/1.1" 200 4895
181.53.12.142 - - [17/Sep/2021:09:43:39 -0500] "GET /BLA/boletinlegal/js/jquery.scrollShow.js HTTP/1.1" 200 4586
181.53.12.142 - - [17/Sep/2021:09:43:39 -0500] "GET /galeria/galeria/jquery.fancybox.js?v=2.1.5 HTTP/1.1" 200 48706
186.84.21.137 - - [17/Sep/2021:09:43:39 -0500] "POST /sipse/faces/presentacion/financiero/solicitudProceso/listarSolicitudProceso.xhtml HTTP/1.1" 200 20590
66.249.66.74 - - [17/Sep/2021:09:43:40 -0500] "-" 408 -
201.245.192.253 - - [17/Sep/2021:09:43:40 -0500] "POST /sipse/faces/presentacion/financiero/solicitudAnulacion/registrarSolicitudAnulacion.xhtml HTTP/1.1" 200 3212
186.84.21.137 - - [17/Sep/2021:09:43:41 -0500] "POST /sipse/faces/presentacion/financiero/solicitudProceso/listarSolicitudProceso.xhtml HTTP/1.1" 200 6126
200.68.187.128 - - [17/Sep/2021:09:43:42 -0500] "GET /BLA/boletinlegal/js/jquery.scrollShow.js HTTP/1.1" 200 4586
200.68.187.128 - - [17/Sep/2021:09:43:42 -0500] "GET /galeria/galeria/jquery.fancybox.css?v=2.1.5 HTTP/1.1" 200 4895
200.68.187.128 - - [17/Sep/2021:09:43:42 -0500] "GET /galeria/galeria/jquery.fancybox.js?v=2.1.5 HTTP/1.1" 200 48706
181.48.255.197 - - [17/Sep/2021:09:43:43 -0500] "GET /galeria/galeria/jquery.fancybox.js?v=2.1.5 HTTP/1.1" 200 48706
181.48.255.197 - - [17/Sep/2021:09:43:43 -0500] "GET /BLA/boletinlegal/js/jquery.scrollShow.js HTTP/1.1" 200 4586
181.48.255.197 - - [17/Sep/2021:09:43:43 -0500] "GET /galeria/galeria/jquery.fancybox.css?v=2.1.5 HTTP/1.1" 200 4895
200.75.42.226 - - [17/Sep/2021:09:43:46 -0500] "GET /galeria/galeria/jquery.fancybox.css?v=2.1.5 HTTP/1.1" 200 4895
200.75.42.226 - - [17/Sep/2021:09:43:46 -0500] "GET /galeria/galeria/jquery.fancybox.js?v=2.1.5 HTTP/1.1" 200 48706
200.75.42.226 - - [17/Sep/2021:09:43:46 -0500] "GET /BLA/boletinlegal/js/jquery.scrollShow.js HTTP/1.1" 200 4586
186.30.107.69 - - [17/Sep/2021:09:43:45 -0500] "POST /sipse/faces/presentacion/financiero/solicitudProceso/consultarSolicitudProceso.xhtml HTTP/1.1" 200 5517
186.30.107.69 - - [17/Sep/2021:09:43:46 -0500] "GET /sipse/faces/javax.faces.resource/dynamiccontent.properties?ln=primefaces&pfdrid=XjOR5%2F%2FfPAZAuY9TpWQeCiM0BhlXxYRBGKi%2FQcXXfeA%3D&pfdrid_c=false HTTP/1.1" 200 126266
201.244.131.166 - - [17/Sep/2021:09:43:45 -0500] "POST /sipse/faces/presentacion/financiero/solicitudProceso/consultarSolicitudProceso.xhtml HTTP/1.1" 200 31244
201.244.131.166 - - [17/Sep/2021:09:43:46 -0500] "GET /sipse/faces/javax.faces.resource/theme.css?ln=primefaces-sipse HTTP/1.1" 304 -
201.244.131.166 - - [17/Sep/2021:09:43:46 -0500] "GET /sipse/faces/javax.faces.resource/primefaces.css?ln=primefaces&v=4.0 HTTP/1.1" 304 -
201.244.131.166 - - [17/Sep/2021:09:43:46 -0500] "GET /sipse/faces/javax.faces.resource/layout/layout.css?ln=primefaces&v=4.0 HTTP/1.1" 304 -
201.244.131.166 - - [17/Sep/2021:09:43:46 -0500] "GET /sipse/faces/javax.faces.resource/jquery/jquery.js?ln=primefaces&v=4.0 HTTP/1.1" 304 -
201.244.131.166 - - [17/Sep/2021:09:43:46 -0500] "GET /sipse/faces/javax.faces.resource/jquery/jquery-plugins.js?ln=primefaces&v=4.0 HTTP/1.1" 304 -
201.244.131.166 - - [17/Sep/2021:09:43:46 -0500] "GET /sipse/faces/javax.faces.resource/primefaces.js?ln=primefaces&v=4.0 HTTP/1.1" 304 -
201.244.131.166 - - [17/Sep/2021:09:43:46 -0500] "GET /sipse/faces/javax.faces.resource/layout/layout.js?ln=primefaces&v=4.0 HTTP/1.1" 304 -
201.244.131.166 - - [17/Sep/2021:09:43:46 -0500] "GET /sipse/faces/javax.faces.resource/images/ui-icons_898989_256x240.png?ln=primefaces-aristo HTTP/1.1" 304 -
200.68.187.128 - - [17/Sep/2021:09:43:48 -0500] "GET /galeria/galeria/jquery.fancybox.js?v=2.1.5 HTTP/1.1" 304 -
200.68.187.128 - - [17/Sep/2021:09:43:48 -0500] "GET /galeria/galeria/jquery.fancybox.css?v=2.1.5 HTTP/1.1" 304 -
200.68.187.128 - - [17/Sep/2021:09:43:48 -0500] "GET /BLA/boletinlegal/js/jquery.scrollShow.js HTTP/1.1" 304 -
201.244.131.166 - - [17/Sep/2021:09:43:54 -0500] "POST /sipse/faces/presentacion/financiero/solicitudProceso/consultarHistorialSolProceso.xhtml HTTP/1.1" 200 162798
201.244.131.166 - - [17/Sep/2021:09:43:54 -0500] "GET /sipse/faces/javax.faces.resource/theme.css?ln=primefaces-sipse HTTP/1.1" 304 -
201.244.131.166 - - [17/Sep/2021:09:43:54 -0500] "GET /sipse/faces/javax.faces.resource/layout/layout.css?ln=primefaces&v=4.0 HTTP/1.1" 304 -
201.244.131.166 - - [17/Sep/2021:09:43:54 -0500] "GET /sipse/faces/javax.faces.resource/primefaces.css?ln=primefaces&v=4.0 HTTP/1.1" 304 -
201.244.131.166 - - [17/Sep/2021:09:43:54 -0500] "GET /sipse/faces/javax.faces.resource/jquery/jquery.js?ln=primefaces&v=4.0 HTTP/1.1" 304 -
201.244.131.166 - - [17/Sep/2021:09:43:54 -0500] "GET /sipse/faces/javax.faces.resource/primefaces.js?ln=primefaces&v=4.0 HTTP/1.1" 304 -
201.244.131.166 - - [17/Sep/2021:09:43:54 -0500] "GET /sipse/faces/javax.faces.resource/jquery/jquery-plugins.js?ln=primefaces&v=4.0 HTTP/1.1" 304 -
201.244.131.166 - - [17/Sep/2021:09:43:54 -0500] "GET /sipse/faces/javax.faces.resource/layout/layout.js?ln=primefaces&v=4.0 HTTP/1.1" 304 -
201.244.131.166 - - [17/Sep/2021:09:43:54 -0500] "GET /sipse/faces/javax.faces.resource/images/ui-icons_898989_256x240.png?ln=primefaces-aristo HTTP/1.1" 304 -
201.244.131.166 - - [17/Sep/2021:09:43:54 -0500] "GET /sipse/faces/javax.faces.resource/dynamiccontent.properties?ln=primefaces&pfdrid=XjOR5%2F%2FfPAZAuY9TpWQeCiM0BhlXxYRBGKi%2FQcXXfeA%3D&pfdrid_c=false HTTP/1.1" 500 383
201.245.192.253 - - [17/Sep/2021:09:43:56 -0500] "POST /sipse/faces/presentacion/financiero/solicitudAnulacion/registrarSolicitudAnulacion.xhtml HTTP/1.1" 200 3212
186.84.20.200 - - [17/Sep/2021:09:43:58 -0500] "GET /galeria/carrusel/Carrusel/jquery.thumbnailScroller.css HTTP/1.1" 200 2066
186.84.20.200 - - [17/Sep/2021:09:43:58 -0500] "GET /galeria/carrusel/Carrusel/jquery-ui-1.8.13.custom.min.js HTTP/1.1" 200 10800
186.84.20.200 - - [17/Sep/2021:09:43:58 -0500] "GET /galeria/carrusel/Carrusel/jquery.thumbnailScroller.js HTTP/1.1" 200 8157
186.84.20.200 - - [17/Sep/2021:09:43:58 -0500] "GET /galeria/nivo-slider/demo/banner.html HTTP/1.1" 200 5446
201.245.192.253 - - [17/Sep/2021:09:43:58 -0500] "POST /sipse/faces/presentacion/financiero/solicitudAnulacion/registrarSolicitudAnulacion.xhtml HTTP/1.1" 200 184
201.245.192.253 - - [17/Sep/2021:09:43:58 -0500] "POST /sipse/faces/presentacion/financiero/solicitudAnulacion/registrarSolicitudAnulacion.xhtml HTTP/1.1" 200 184
201.245.192.253 - - [17/Sep/2021:09:43:58 -0500] "GET /sipse/faces/javax.faces.resource/jquery/jquery-plugins.js?ln=primefaces&v=4.0 HTTP/1.1" 304 -
201.245.192.253 - - [17/Sep/2021:09:43:58 -0500] "GET /sipse/faces/javax.faces.resource/theme.css?ln=primefaces-sipse HTTP/1.1" 304 -
201.245.192.253 - - [17/Sep/2021:09:43:58 -0500] "GET /sipse/faces/javax.faces.resource/layout/layout.css?ln=primefaces&v=4.0 HTTP/1.1" 304 -
201.245.192.253 - - [17/Sep/2021:09:43:58 -0500] "GET /sipse/faces/javax.faces.resource/jquery/jquery.js?ln=primefaces&v=4.0 HTTP/1.1" 304 -
201.245.192.253 - - [17/Sep/2021:09:43:58 -0500] "GET /sipse/faces/javax.faces.resource/primefaces.css?ln=primefaces&v=4.0 HTTP/1.1" 304 -
201.245.192.253 - - [17/Sep/2021:09:43:58 -0500] "GET /sipse/faces/javax.faces.resource/layout/layout.js?ln=primefaces&v=4.0 HTTP/1.1" 304 -
201.245.192.253 - - [17/Sep/2021:09:43:58 -0500] "GET /sipse/faces/javax.faces.resource/primefaces.js?ln=primefaces&v=4.0 HTTP/1.1" 304 -
201.245.192.253 - - [17/Sep/2021:09:43:58 -0500] "GET /sipse/faces/presentacion/financiero/solicitudAnulacion/solicitudAnulacion.xhtml HTTP/1.1" 200 34907
201.245.192.253 - - [17/Sep/2021:09:43:58 -0500] "POST /sipse/faces/presentacion/financiero/solicitudAnulacion/solicitudAnulacion.xhtml HTTP/1.1" 200 12474
186.84.20.200 - - [17/Sep/2021:09:43:58 -0500] "GET /galeria/nivo-slider/themes/default/default.css HTTP/1.1" 200 1569
186.84.20.200 - - [17/Sep/2021:09:43:58 -0500] "GET /galeria/nivo-slider/themes/pascal/pascal.css HTTP/1.1" 200 2258
186.84.20.200 - - [17/Sep/2021:09:43:58 -0500] "GET /galeria/nivo-slider/themes/orman/orman.css HTTP/1.1" 200 2152
186.84.20.200 - - [17/Sep/2021:09:43:58 -0500] "GET /galeria/nivo-slider/nivo-slider.css HTTP/1.1" 200 1507
186.84.20.200 - - [17/Sep/2021:09:43:58 -0500] "GET /galeria/nivo-slider/demo/style.css HTTP/1.1" 200 2222
186.84.20.200 - - [17/Sep/2021:09:43:58 -0500] "GET /galeria/nivo-slider/jquery.nivo.slider.pack.js HTTP/1.1" 200 11561
186.84.20.200 - - [17/Sep/2021:09:43:58 -0500] "GET /galeria/nivo-slider/demo/scripts/jquery-1.7.1.min.js HTTP/1.1" 200 93868
186.84.20.200 - - [17/Sep/2021:09:43:58 -0500] "GET /galeria/nivo-slider/demo/images/Bannermujeresquereverdecen.jpg HTTP/1.1" 200 46558
186.84.20.200 - - [17/Sep/2021:09:43:58 -0500] "GET /galeria/nivo-slider/demo/images/bannertortuga_optimized.jpg HTTP/1.1" 200 39066
186.84.20.200 - - [17/Sep/2021:09:43:58 -0500] "GET /galeria/nivo-slider/demo/images/bannertrafico_optimized.jpg HTTP/1.1" 200 42578
186.84.20.200 - - [17/Sep/2021:09:43:58 -0500] "GET /galeria/nivo-slider/demo/images/Bannersedeelectronica.jpg HTTP/1.1" 200 40383
186.84.20.200 - - [17/Sep/2021:09:43:59 -0500] "GET /galeria/nivo-slider/demo/images/4Simple_Slider.png HTTP/1.1" 200 11722
186.84.20.200 - - [17/Sep/2021:09:43:59 -0500] "GET /galeria/nivo-slider/themes/default/loading.gif HTTP/1.1" 200 1737
186.84.20.200 - - [17/Sep/2021:09:43:59 -0500] "GET /galeria/nivo-slider/demo/images/bannerrutaesperanza.jpg HTTP/1.1" 200 55560
186.84.20.200 - - [17/Sep/2021:09:43:59 -0500] "GET /galeria/nivo-slider/demo/images/banneraire2021.jpg HTTP/1.1" 200 265101
186.84.20.200 - - [17/Sep/2021:09:43:59 -0500] "GET /galeria/nivo-slider/demo/images/Bannerplasticosseptiembre.jpg HTTP/1.1" 200 45633
186.84.20.200 - - [17/Sep/2021:09:43:59 -0500] "GET /galeria/nivo-slider/demo/images/bannerresiduoshospitalariosagosto.jpg HTTP/1.1" 200 36499
186.84.20.200 - - [17/Sep/2021:09:43:59 -0500] "GET /galeria/nivo-slider/demo/images/banneraccionpopularcrr68.jpg HTTP/1.1" 200 51887
186.84.20.200 - - [17/Sep/2021:09:43:59 -0500] "GET /galeria/nivo-slider/demo/images/banneraccionpopular.jpeg HTTP/1.1" 200 41707
186.84.20.200 - - [17/Sep/2021:09:43:59 -0500] "GET /galeria/nivo-slider/demo/images/bannerclases2021.jpg HTTP/1.1" 200 68230
186.84.20.200 - - [17/Sep/2021:09:43:59 -0500] "GET /galeria/nivo-slider/demo/images/bannercapacitacionesbogota.jpg HTTP/1.1" 200 42416
186.84.20.200 - - [17/Sep/2021:09:43:59 -0500] "GET /galeria/nivo-slider/demo/images/Bannerenvases.jpg HTTP/1.1" 200 37316
186.84.20.200 - - [17/Sep/2021:09:43:59 -0500] "GET /galeria/nivo-slider/demo/images/Bannervirtualescanales.jpg HTTP/1.1" 200 174544
186.30.107.69 - - [17/Sep/2021:09:43:59 -0500] "POST /sipse/faces/presentacion/financiero/solicitudProceso/consultarSolicitudProceso.xhtml HTTP/1.1" 200 33416
186.84.20.200 - - [17/Sep/2021:09:43:59 -0500] "GET /galeria/nivo-slider/themes/default/arrows.png HTTP/1.1" 200 824
186.84.20.200 - - [17/Sep/2021:09:43:59 -0500] "GET /galeria/nivo-slider/themes/default/bullets.png HTTP/1.1" 200 1281
186.30.107.69 - - [17/Sep/2021:09:43:59 -0500] "GET /sipse/faces/javax.faces.resource/layout/layout.css?ln=primefaces&v=4.0 HTTP/1.1" 304 -
186.30.107.69 - - [17/Sep/2021:09:43:59 -0500] "GET /sipse/faces/javax.faces.resource/theme.css?ln=primefaces-sipse HTTP/1.1" 304 -
186.30.107.69 - - [17/Sep/2021:09:43:59 -0500] "GET /sipse/faces/javax.faces.resource/primefaces.css?ln=primefaces&v=4.0 HTTP/1.1" 304 -
186.30.107.69 - - [17/Sep/2021:09:43:59 -0500] "GET /sipse/faces/javax.faces.resource/jquery/jquery.js?ln=primefaces&v=4.0 HTTP/1.1" 304 -
186.30.107.69 - - [17/Sep/2021:09:43:59 -0500] "GET /sipse/faces/javax.faces.resource/jquery/jquery-plugins.js?ln=primefaces&v=4.0 HTTP/1.1" 304 -
186.30.107.69 - - [17/Sep/2021:09:44:00 -0500] "GET /sipse/faces/javax.faces.resource/primefaces.js?ln=primefaces&v=4.0 HTTP/1.1" 304 -
186.30.107.69 - - [17/Sep/2021:09:44:00 -0500] "GET /sipse/faces/javax.faces.resource/layout/layout.js?ln=primefaces&v=4.0 HTTP/1.1" 304 -
186.30.107.69 - - [17/Sep/2021:09:44:00 -0500] "GET /sipse/css/imagen/contrasena.png HTTP/1.1" 404 383
190.248.139.138 - - [17/Sep/2021:09:44:00 -0500] "GET /galeria/nivo-slider/demo/banner.html HTTP/1.1" 304 -
190.248.139.138 - - [17/Sep/2021:09:44:00 -0500] "GET /galeria/nivo-slider/demo/images/bannertortuga_optimized.jpg HTTP/1.1" 304 -
186.30.107.69 - - [17/Sep/2021:09:44:00 -0500] "POST /sipse/faces/presentacion/sistema/reporte/listarReportes.xhtml HTTP/1.1" 200 26717
190.248.139.138 - - [17/Sep/2021:09:44:00 -0500] "GET /galeria/nivo-slider/demo/images/Bannermujeresquereverdecen.jpg HTTP/1.1" 304 -
190.248.139.138 - - [17/Sep/2021:09:44:00 -0500] "GET /galeria/nivo-slider/demo/images/bannertrafico_optimized.jpg HTTP/1.1" 304 -
190.248.139.138 - - [17/Sep/2021:09:44:00 -0500] "GET /galeria/nivo-slider/demo/images/bannerrutaesperanza.jpg HTTP/1.1" 304 -
190.248.139.138 - - [17/Sep/2021:09:44:00 -0500] "GET /galeria/nivo-slider/demo/images/Bannersedeelectronica.jpg HTTP/1.1" 304 -
190.248.139.138 - - [17/Sep/2021:09:44:00 -0500] "GET /galeria/nivo-slider/demo/images/banneraire2021.jpg HTTP/1.1" 304 -
190.248.139.138 - - [17/Sep/2021:09:44:00 -0500] "GET /galeria/nivo-slider/demo/images/Bannerplasticosseptiembre.jpg HTTP/1.1" 304 -
186.30.107.69 - - [17/Sep/2021:09:44:00 -0500] "POST /sipse/faces/presentacion/sistema/reporte/listarReportes.xhtml HTTP/1.1" 200 26717
201.244.131.166 - - [17/Sep/2021:09:44:00 -0500] "POST /sipse/faces/presentacion/financiero/solicitudProceso/consultarSolicitudProceso.xhtml HTTP/1.1" 200 22002
201.244.131.166 - - [17/Sep/2021:09:44:00 -0500] "GET /sipse/faces/javax.faces.resource/theme.css?ln=primefaces-sipse HTTP/1.1" 304 -
201.244.131.166 - - [17/Sep/2021:09:44:01 -0500] "GET /sipse/faces/javax.faces.resource/primefaces.css?ln=primefaces&v=4.0 HTTP/1.1" 304 -
201.244.131.166 - - [17/Sep/2021:09:44:01 -0500] "GET /sipse/faces/javax.faces.resource/layout/layout.css?ln=primefaces&v=4.0 HTTP/1.1" 304 -
201.244.131.166 - - [17/Sep/2021:09:44:01 -0500] "GET /sipse/faces/javax.faces.resource/jquery/jquery.js?ln=primefaces&v=4.0 HTTP/1.1" 304 -
201.244.131.166 - - [17/Sep/2021:09:44:01 -0500] "GET /sipse/faces/javax.faces.resource/jquery/jquery-plugins.js?ln=primefaces&v=4.0 HTTP/1.1" 304 -
201.244.131.166 - - [17/Sep/2021:09:44:01 -0500] "GET /sipse/faces/javax.faces.resource/primefaces.js?ln=primefaces&v=4.0 HTTP/1.1" 304 -
201.244.131.166 - - [17/Sep/2021:09:44:01 -0500] "GET /sipse/faces/javax.faces.resource/layout/layout.js?ln=primefaces&v=4.0 HTTP/1.1" 304 -
186.30.107.69 - - [17/Sep/2021:09:44:00 -0500] "POST /sipse/faces/presentacion/sistema/reporte/listarReportes.xhtml HTTP/1.1" 200 26717
201.244.131.166 - - [17/Sep/2021:09:44:01 -0500] "GET /sipse/faces/javax.faces.resource/fileupload/fileupload.css?ln=primefaces&v=4.0 HTTP/1.1" 304 -
201.244.131.166 - - [17/Sep/2021:09:44:01 -0500] "GET /sipse/faces/javax.faces.resource/fileupload/fileupload.js?ln=primefaces&v=4.0 HTTP/1.1" 304 -
201.244.131.166 - - [17/Sep/2021:09:44:01 -0500] "GET /sipse/faces/javax.faces.resource/images/ui-icons_898989_256x240.png?ln=primefaces-aristo HTTP/1.1" 304 -
186.30.107.69 - - [17/Sep/2021:09:44:01 -0500] "POST /sipse/faces/presentacion/sistema/reporte/listarReportes.xhtml HTTP/1.1" 200 26717
186.30.107.69 - - [17/Sep/2021:09:44:01 -0500] "POST /sipse/faces/presentacion/sistema/reporte/listarReportes.xhtml HTTP/1.1" 200 26717
201.245.192.253 - - [17/Sep/2021:09:44:01 -0500] "POST /sipse/faces/presentacion/financiero/solicitudAnulacion/solicitudAnulacion.xhtml HTTP/1.1" 200 58934
201.245.192.253 - - [17/Sep/2021:09:44:01 -0500] "GET /sipse/faces/javax.faces.resource/theme.css?ln=primefaces-sipse HTTP/1.1" 304 -
201.245.192.253 - - [17/Sep/2021:09:44:01 -0500] "GET /sipse/faces/javax.faces.resource/primefaces.css?ln=primefaces&v=4.0 HTTP/1.1" 304 -
201.245.192.253 - - [17/Sep/2021:09:44:01 -0500] "GET /sipse/faces/javax.faces.resource/layout/layout.css?ln=primefaces&v=4.0 HTTP/1.1" 304 -
201.245.192.253 - - [17/Sep/2021:09:44:01 -0500] "GET /sipse/faces/javax.faces.resource/jquery/jquery.js?ln=primefaces&v=4.0 HTTP/1.1" 304 -
201.245.192.253 - - [17/Sep/2021:09:44:01 -0500] "GET /sipse/faces/javax.faces.resource/jquery/jquery-plugins.js?ln=primefaces&v=4.0 HTTP/1.1" 304 -
201.245.192.253 - - [17/Sep/2021:09:44:01 -0500] "GET /sipse/faces/javax.faces.resource/primefaces.js?ln=primefaces&v=4.0 HTTP/1.1" 304 -
201.245.192.253 - - [17/Sep/2021:09:44:01 -0500] "GET /sipse/faces/javax.faces.resource/layout/layout.js?ln=primefaces&v=4.0 HTTP/1.1" 304 -
186.30.107.69 - - [17/Sep/2021:09:44:01 -0500] "POST /sipse/faces/presentacion/sistema/reporte/listarReportes.xhtml HTTP/1.1" 200 26717
201.245.192.253 - - [17/Sep/2021:09:44:01 -0500] "POST /sipse/faces/presentacion/financiero/solicitudProceso/listarSolicitudProceso.xhtml HTTP/1.1" 200 1448
186.30.107.69 - - [17/Sep/2021:09:44:01 -0500] "POST /sipse/faces/presentacion/sistema/reporte/listarReportes.xhtml HTTP/1.1" 200 26717
186.30.107.69 - - [17/Sep/2021:09:44:02 -0500] "POST /sipse/faces/presentacion/sistema/reporte/listarReportes.xhtml HTTP/1.1" 200 26717
189.250.67.87 - - [17/Sep/2021:09:44:03 -0500] "-" 408 -
201.245.192.253 - - [17/Sep/2021:09:44:03 -0500] "POST /sipse/faces/presentacion/financiero/solicitudProceso/listarSolicitudProceso.xhtml HTTP/1.1" 200 184
201.245.192.253 - - [17/Sep/2021:09:44:04 -0500] "POST /sipse/faces/presentacion/financiero/solicitudProceso/listarSolicitudProceso.xhtml HTTP/1.1" 200 184
201.245.192.253 - - [17/Sep/2021:09:44:04 -0500] "GET /sipse/faces/presentacion/financiero/solicitudAnulacion/solicitudAnulacion.xhtml HTTP/1.1" 200 15757
201.245.192.253 - - [17/Sep/2021:09:44:04 -0500] "GET /sipse/faces/javax.faces.resource/primefaces.css?ln=primefaces&v=4.0 HTTP/1.1" 304 -
201.245.192.253 - - [17/Sep/2021:09:44:04 -0500] "GET /sipse/faces/javax.faces.resource/layout/layout.css?ln=primefaces&v=4.0 HTTP/1.1" 304 -
201.245.192.253 - - [17/Sep/2021:09:44:04 -0500] "GET /sipse/faces/javax.faces.resource/theme.css?ln=primefaces-sipse HTTP/1.1" 304 -
201.245.192.253 - - [17/Sep/2021:09:44:04 -0500] "GET /sipse/faces/javax.faces.resource/jquery/jquery.js?ln=primefaces&v=4.0 HTTP/1.1" 304 -
201.245.192.253 - - [17/Sep/2021:09:44:04 -0500] "GET /sipse/faces/javax.faces.resource/jquery/jquery-plugins.js?ln=primefaces&v=4.0 HTTP/1.1" 304 -
201.245.192.253 - - [17/Sep/2021:09:44:04 -0500] "GET /sipse/faces/javax.faces.resource/primefaces.js?ln=primefaces&v=4.0 HTTP/1.1" 304 -
201.245.192.253 - - [17/Sep/2021:09:44:04 -0500] "GET /sipse/faces/javax.faces.resource/layout/layout.js?ln=primefaces&v=4.0 HTTP/1.1" 304 -
201.245.192.253 - - [17/Sep/2021:09:44:04 -0500] "GET /sipse/faces/presentacion/financiero/solicitudAnulacion/solicitudAnulacion.xhtml HTTP/1.1" 200 34907
201.245.192.253 - - [17/Sep/2021:09:44:04 -0500] "POST /sipse/faces/presentacion/financiero/solicitudAnulacion/solicitudAnulacion.xhtml HTTP/1.1" 200 12474
201.245.192.253 - - [17/Sep/2021:09:44:07 -0500] "POST /sipse/faces/presentacion/financiero/solicitudAnulacion/solicitudAnulacion.xhtml HTTP/1.1" 200 45433
201.245.192.253 - - [17/Sep/2021:09:44:07 -0500] "GET /sipse/faces/javax.faces.resource/theme.css?ln=primefaces-sipse HTTP/1.1" 304 -
201.245.192.253 - - [17/Sep/2021:09:44:07 -0500] "GET /sipse/faces/javax.faces.resource/fileupload/fileupload.css?ln=primefaces&v=4.0 HTTP/1.1" 304 -
201.245.192.253 - - [17/Sep/2021:09:44:07 -0500] "GET /sipse/faces/javax.faces.resource/primefaces.css?ln=primefaces&v=4.0 HTTP/1.1" 304 -
201.245.192.253 - - [17/Sep/2021:09:44:07 -0500] "GET /sipse/faces/javax.faces.resource/layout/layout.css?ln=primefaces&v=4.0 HTTP/1.1" 304 -
201.245.192.253 - - [17/Sep/2021:09:44:07 -0500] "GET /sipse/faces/javax.faces.resource/jquery/jquery.js?ln=primefaces&v=4.0 HTTP/1.1" 304 -
201.245.192.253 - - [17/Sep/2021:09:44:07 -0500] "GET /sipse/faces/javax.faces.resource/jquery/jquery-plugins.js?ln=primefaces&v=4.0 HTTP/1.1" 304 -
201.245.192.253 - - [17/Sep/2021:09:44:07 -0500] "GET /sipse/faces/javax.faces.resource/primefaces.js?ln=primefaces&v=4.0 HTTP/1.1" 304 -
201.245.192.253 - - [17/Sep/2021:09:44:07 -0500] "GET /sipse/faces/javax.faces.resource/layout/layout.js?ln=primefaces&v=4.0 HTTP/1.1" 304 -
201.245.192.253 - - [17/Sep/2021:09:44:07 -0500] "GET /sipse/faces/javax.faces.resource/fileupload/fileupload.js?ln=primefaces&v=4.0 HTTP/1.1" 304 -
186.30.107.69 - - [17/Sep/2021:09:44:08 -0500] "POST /sipse/faces/presentacion/sistema/reporte/listarReportes.xhtml HTTP/1.1" 200 23075
186.30.107.69 - - [17/Sep/2021:09:44:08 -0500] "GET /sipse/faces/javax.faces.resource/theme.css?ln=primefaces-sipse HTTP/1.1" 304 -
186.30.107.69 - - [17/Sep/2021:09:44:08 -0500] "GET /sipse/faces/javax.faces.resource/primefaces.css?ln=primefaces&v=4.0 HTTP/1.1" 304 -
186.30.107.69 - - [17/Sep/2021:09:44:08 -0500] "GET /sipse/faces/javax.faces.resource/primefaces.js?ln=primefaces&v=4.0 HTTP/1.1" 304 -
186.30.107.69 - - [17/Sep/2021:09:44:08 -0500] "GET /sipse/faces/javax.faces.resource/jquery/jquery-plugins.js?ln=primefaces&v=4.0 HTTP/1.1" 304 -
186.30.107.69 - - [17/Sep/2021:09:44:08 -0500] "GET /sipse/faces/javax.faces.resource/layout/layout.css?ln=primefaces&v=4.0 HTTP/1.1" 304 -
186.30.107.69 - - [17/Sep/2021:09:44:08 -0500] "GET /sipse/faces/javax.faces.resource/jquery/jquery.js?ln=primefaces&v=4.0 HTTP/1.1" 304 -
186.30.107.69 - - [17/Sep/2021:09:44:08 -0500] "GET /sipse/faces/javax.faces.resource/layout/layout.js?ln=primefaces&v=4.0 HTTP/1.1" 304 -
186.30.107.69 - - [17/Sep/2021:09:44:08 -0500] "GET /sipse/css/imagen/contrasena.png HTTP/1.1" 404 383
186.30.107.69 - - [17/Sep/2021:09:44:08 -0500] "GET /reportes_sipse/sdg/ServletReporte?reporte=no_hay HTTP/1.1" 200 5373
