201.245.192.253 - - [04/Oct/2021:10:44:18 -0500] "GET /sipse/faces/javax.faces.resource/jquery/jquery-plugins.js?ln=primefaces&v=4.0 HTTP/1.1" 304 -
201.245.192.253 - - [04/Oct/2021:10:44:18 -0500] "GET /sipse/faces/javax.faces.resource/primefaces.js?ln=primefaces&v=4.0 HTTP/1.1" 304 -
201.245.192.253 - - [04/Oct/2021:10:44:18 -0500] "GET /sipse/faces/javax.faces.resource/layout/layout.js?ln=primefaces&v=4.0 HTTP/1.1" 304 -
201.245.192.253 - - [04/Oct/2021:10:44:18 -0500] "POST /sipse/faces/presentacion/proyectos/proyecto/listarProyecto.xhtml HTTP/1.1" 200 78801
186.29.191.96 - - [04/Oct/2021:10:44:18 -0500] "GET /BLA/boletinlegal/js/jquery.scrollShow.js HTTP/1.1" 200 4586
186.29.191.96 - - [04/Oct/2021:10:44:18 -0500] "GET /galeria/galeria/jquery.fancybox.js?v=2.1.5 HTTP/1.1" 200 48706
186.29.191.96 - - [04/Oct/2021:10:44:18 -0500] "GET /galeria/galeria/jquery.fancybox.css?v=2.1.5 HTTP/1.1" 200 4895
201.245.192.253 - - [04/Oct/2021:10:44:18 -0500] "POST /sipse/faces/presentacion/proyectos/proyecto/listarProyecto.xhtml HTTP/1.1" 200 78801
201.245.192.253 - - [04/Oct/2021:10:44:18 -0500] "POST /sipse/faces/presentacion/proyectos/proyecto/listarProyecto.xhtml HTTP/1.1" 200 78801
201.245.192.253 - - [04/Oct/2021:10:44:19 -0500] "POST /sipse/faces/presentacion/proyectos/proyecto/listarProyecto.xhtml HTTP/1.1" 200 78801
201.245.192.253 - - [04/Oct/2021:10:44:19 -0500] "POST /sipse/faces/presentacion/proyectos/proyecto/listarProyecto.xhtml HTTP/1.1" 200 78801
201.245.192.253 - - [04/Oct/2021:10:44:19 -0500] "POST /sipse/faces/presentacion/proyectos/proyecto/listarProyecto.xhtml HTTP/1.1" 200 78801
201.245.192.253 - - [04/Oct/2021:10:44:21 -0500] "POST /sipse/faces/presentacion/proyectos/proyecto/listarProyecto.xhtml HTTP/1.1" 200 4960
201.245.192.253 - - [04/Oct/2021:10:44:22 -0500] "POST /sipse/faces/presentacion/proyectos/proyecto/listarProyecto.xhtml HTTP/1.1" 200 163
201.245.192.253 - - [04/Oct/2021:10:44:23 -0500] "GET /sipse/faces/presentacion/proyectos/proyecto/proyecto.xhtml HTTP/1.1" 200 92758
201.245.192.253 - - [04/Oct/2021:10:44:24 -0500] "GET /sipse/faces/javax.faces.resource/primefaces.css?ln=primefaces&v=4.0 HTTP/1.1" 304 -
201.245.192.253 - - [04/Oct/2021:10:44:24 -0500] "GET /sipse/faces/javax.faces.resource/layout/layout.css?ln=primefaces&v=4.0 HTTP/1.1" 304 -
201.245.192.253 - - [04/Oct/2021:10:44:24 -0500] "GET /sipse/faces/javax.faces.resource/primefaces.js?ln=primefaces&v=4.0 HTTP/1.1" 304 -
201.245.192.253 - - [04/Oct/2021:10:44:24 -0500] "GET /sipse/faces/javax.faces.resource/theme.css?ln=primefaces-sipse HTTP/1.1" 304 -
201.245.192.253 - - [04/Oct/2021:10:44:24 -0500] "GET /sipse/faces/javax.faces.resource/jquery/jquery.js?ln=primefaces&v=4.0 HTTP/1.1" 304 -
201.245.192.253 - - [04/Oct/2021:10:44:24 -0500] "GET /sipse/faces/javax.faces.resource/layout/layout.js?ln=primefaces&v=4.0 HTTP/1.1" 304 -
201.245.192.253 - - [04/Oct/2021:10:44:24 -0500] "GET /sipse/faces/javax.faces.resource/jquery/jquery-plugins.js?ln=primefaces&v=4.0 HTTP/1.1" 304 -
201.245.192.253 - - [04/Oct/2021:10:44:25 -0500] "POST /sipse/faces/presentacion/proyectos/proyecto/proyecto.xhtml HTTP/1.1" 200 3261
181.78.19.47 - - [04/Oct/2021:10:44:26 -0500] "GET /BLA/boletinlegal/js/jquery.scrollShow.js HTTP/1.1" 200 4586
181.78.19.47 - - [04/Oct/2021:10:44:26 -0500] "GET /galeria/galeria/jquery.fancybox.css?v=2.1.5 HTTP/1.1" 200 4895
181.78.19.47 - - [04/Oct/2021:10:44:26 -0500] "GET /galeria/galeria/jquery.fancybox.js?v=2.1.5 HTTP/1.1" 200 48706
178.63.20.95 - - [04/Oct/2021:10:44:39 -0500] "GET /BLA/resoluciones/AUTOS%202007/1655.pdf HTTP/1.1" 200 183332
190.25.172.134 - - [04/Oct/2021:10:44:42 -0500] "GET /galeria/galeria/jquery.fancybox.css?v=2.1.5 HTTP/1.1" 200 4895
190.25.172.134 - - [04/Oct/2021:10:44:42 -0500] "GET /BLA/boletinlegal/js/jquery.scrollShow.js HTTP/1.1" 200 4586
190.25.172.134 - - [04/Oct/2021:10:44:42 -0500] "GET /galeria/galeria/jquery.fancybox.js?v=2.1.5 HTTP/1.1" 200 48706
207.46.13.84 - - [04/Oct/2021:10:44:49 -0500] "GET /BLA/boletinlegal/actos.php HTTP/1.1" 200 9519
216.245.221.92 - - [04/Oct/2021:10:45:03 -0500] "HEAD / HTTP/1.1" 200 -
178.63.20.95 - - [04/Oct/2021:10:45:05 -0500] "GET /BLA/resoluciones/AUTOS%202007/1260.pdf HTTP/1.1" 200 140321
201.245.192.253 - - [04/Oct/2021:10:45:07 -0500] "GET /catalogoisis/ HTTP/1.1" 200 8575
191.156.62.234 - - [04/Oct/2021:10:45:09 -0500] "GET /galeria/galeria/jquery.fancybox.css?v=2.1.5 HTTP/1.1" 200 4895
191.156.55.215 - - [04/Oct/2021:10:45:09 -0500] "GET /BLA/boletinlegal/js/jquery.scrollShow.js HTTP/1.1" 200 4586
191.156.53.21 - - [04/Oct/2021:10:45:09 -0500] "GET /galeria/galeria/jquery.fancybox.js?v=2.1.5 HTTP/1.1" 200 48706
201.245.192.253 - - [04/Oct/2021:10:45:11 -0500] "POST /sipse/faces/presentacion/financiero/solicitudProceso/listarSolicitudProceso.xhtml HTTP/1.1" 200 157746
201.245.192.253 - - [04/Oct/2021:10:45:12 -0500] "GET /sipse/faces/javax.faces.resource/theme.css?ln=primefaces-sipse HTTP/1.1" 304 -
201.245.192.253 - - [04/Oct/2021:10:45:12 -0500] "GET /sipse/faces/javax.faces.resource/primefaces.css?ln=primefaces&v=4.0 HTTP/1.1" 304 -
201.245.192.253 - - [04/Oct/2021:10:45:12 -0500] "GET /sipse/faces/javax.faces.resource/layout/layout.css?ln=primefaces&v=4.0 HTTP/1.1" 304 -
201.245.192.253 - - [04/Oct/2021:10:45:12 -0500] "GET /sipse/faces/javax.faces.resource/jquery/jquery.js?ln=primefaces&v=4.0 HTTP/1.1" 304 -
201.245.192.253 - - [04/Oct/2021:10:45:12 -0500] "GET /sipse/faces/javax.faces.resource/jquery/jquery-plugins.js?ln=primefaces&v=4.0 HTTP/1.1" 304 -
201.245.192.253 - - [04/Oct/2021:10:45:12 -0500] "GET /sipse/faces/javax.faces.resource/primefaces.js?ln=primefaces&v=4.0 HTTP/1.1" 304 -
201.245.192.253 - - [04/Oct/2021:10:45:12 -0500] "GET /sipse/faces/javax.faces.resource/layout/layout.js?ln=primefaces&v=4.0 HTTP/1.1" 304 -
201.245.192.253 - - [04/Oct/2021:10:45:12 -0500] "GET /sipse/css/imagen/contrasena.png HTTP/1.1" 404 383
201.245.192.253 - - [04/Oct/2021:10:45:12 -0500] "GET /reportes_sipse/sdg/ServletReporte?reporte=experienia_idoneidad&solicitud=14310&pfdrid_c=false HTTP/1.1" 200 155285
201.245.192.253 - - [04/Oct/2021:10:44:29 -0500] "POST /kwsrmcab/Wsrmcab HTTP/1.1" 200 115396
201.245.192.253 - - [04/Oct/2021:10:45:19 -0500] "POST /sipse/faces/presentacion/financiero/solicitudProceso/consultarSolicitudProceso.xhtml HTTP/1.1" 200 63568
3.15.177.2 - - [04/Oct/2021:10:45:23 -0500] "GET /galeria/galeria/jquery.fancybox.css?v=2.1.5 HTTP/1.1" 200 4895
3.15.177.2 - - [04/Oct/2021:10:45:23 -0500] "GET /galeria/galeria/jquery.fancybox.js?v=2.1.5 HTTP/1.1" 200 48706
3.15.177.2 - - [04/Oct/2021:10:45:23 -0500] "GET /BLA/boletinlegal/js/jquery.scrollShow.js HTTP/1.1" 200 4586
186.87.76.51 - - [04/Oct/2021:10:45:26 -0500] "POST /sipse/faces/presentacion/financiero/solicitudProceso/consultarSolicitudProceso.xhtml HTTP/1.1" 200 34275
186.87.76.51 - - [04/Oct/2021:10:45:27 -0500] "GET /sipse/faces/javax.faces.resource/theme.css?ln=primefaces-sipse HTTP/1.1" 304 -
186.87.76.51 - - [04/Oct/2021:10:45:27 -0500] "GET /sipse/faces/javax.faces.resource/layout/layout.css?ln=primefaces&v=4.0 HTTP/1.1" 304 -
186.87.76.51 - - [04/Oct/2021:10:45:27 -0500] "GET /sipse/faces/javax.faces.resource/primefaces.css?ln=primefaces&v=4.0 HTTP/1.1" 304 -
186.87.76.51 - - [04/Oct/2021:10:45:27 -0500] "GET /sipse/faces/javax.faces.resource/jquery/jquery.js?ln=primefaces&v=4.0 HTTP/1.1" 304 -
186.87.76.51 - - [04/Oct/2021:10:45:27 -0500] "GET /sipse/faces/javax.faces.resource/jquery/jquery-plugins.js?ln=primefaces&v=4.0 HTTP/1.1" 304 -
186.87.76.51 - - [04/Oct/2021:10:45:27 -0500] "GET /sipse/faces/javax.faces.resource/primefaces.js?ln=primefaces&v=4.0 HTTP/1.1" 304 -
186.87.76.51 - - [04/Oct/2021:10:45:27 -0500] "GET /sipse/faces/javax.faces.resource/layout/layout.js?ln=primefaces&v=4.0 HTTP/1.1" 304 -
186.87.76.51 - - [04/Oct/2021:10:45:27 -0500] "GET /sipse/css/imagen/contrasena.png HTTP/1.1" 404 383
186.87.76.51 - - [04/Oct/2021:10:45:27 -0500] "POST /sipse/faces/presentacion/financiero/solicitudProceso/listarSolicitudProceso.xhtml HTTP/1.1" 200 27529
186.87.76.51 - - [04/Oct/2021:10:45:27 -0500] "POST /sipse/faces/presentacion/financiero/solicitudProceso/listarSolicitudProceso.xhtml HTTP/1.1" 200 27529
186.87.76.51 - - [04/Oct/2021:10:45:28 -0500] "POST /sipse/faces/presentacion/financiero/solicitudProceso/listarSolicitudProceso.xhtml HTTP/1.1" 200 27529
186.87.76.51 - - [04/Oct/2021:10:45:28 -0500] "POST /sipse/faces/presentacion/financiero/solicitudProceso/listarSolicitudProceso.xhtml HTTP/1.1" 200 27529
178.63.20.95 - - [04/Oct/2021:10:45:30 -0500] "GET /BLA/resoluciones/AUTOS%202007/2284.pdf HTTP/1.1" 200 95526
186.87.76.51 - - [04/Oct/2021:10:45:29 -0500] "POST /sipse/faces/presentacion/financiero/solicitudProceso/listarSolicitudProceso.xhtml HTTP/1.1" 200 1348
186.87.76.51 - - [04/Oct/2021:10:45:30 -0500] "POST /sipse/faces/presentacion/financiero/solicitudProceso/listarSolicitudProceso.xhtml HTTP/1.1" 200 1344
186.87.76.51 - - [04/Oct/2021:10:45:32 -0500] "POST /sipse/faces/presentacion/financiero/solicitudProceso/listarSolicitudProceso.xhtml HTTP/1.1" 200 1344
186.87.76.51 - - [04/Oct/2021:10:45:34 -0500] "POST /sipse/faces/presentacion/financiero/solicitudProceso/listarSolicitudProceso.xhtml HTTP/1.1" 200 1344
45.238.183.83 - - [04/Oct/2021:10:45:35 -0500] "GET /galeria/galeria/jquery.fancybox.css?v=2.1.5 HTTP/1.1" 200 4895
179.12.226.20 - - [04/Oct/2021:10:45:36 -0500] "GET /galeria/galeria/jquery.fancybox.css?v=2.1.5 HTTP/1.1" 200 4895
179.12.226.20 - - [04/Oct/2021:10:45:36 -0500] "GET /BLA/boletinlegal/js/jquery.scrollShow.js HTTP/1.1" 200 4586
179.12.226.20 - - [04/Oct/2021:10:45:36 -0500] "GET /galeria/galeria/jquery.fancybox.js?v=2.1.5 HTTP/1.1" 200 48706
45.238.183.83 - - [04/Oct/2021:10:45:36 -0500] "GET /galeria/galeria/jquery.fancybox.css?v=2.1.5 HTTP/1.1" 200 4895
186.87.76.51 - - [04/Oct/2021:10:45:35 -0500] "POST /sipse/faces/presentacion/financiero/solicitudProceso/listarSolicitudProceso.xhtml HTTP/1.1" 200 1344
190.24.105.32 - - [04/Oct/2021:10:45:52 -0500] "GET /galeria/galeria/jquery.fancybox.css?v=2.1.5 HTTP/1.1" 200 4895
190.24.105.32 - - [04/Oct/2021:10:45:52 -0500] "GET /BLA/boletinlegal/js/jquery.scrollShow.js HTTP/1.1" 200 4586
190.24.105.32 - - [04/Oct/2021:10:45:52 -0500] "GET /galeria/galeria/jquery.fancybox.js?v=2.1.5 HTTP/1.1" 200 48706
178.63.20.95 - - [04/Oct/2021:10:45:55 -0500] "GET /BLA/resoluciones/AUTOS%202007/0666.pdf HTTP/1.1" 200 135773
191.106.178.244 - - [04/Oct/2021:10:46:00 -0500] "GET /galeria/galeria/jquery.fancybox.css?v=2.1.5 HTTP/1.1" 200 4895
191.106.178.244 - - [04/Oct/2021:10:46:00 -0500] "GET /BLA/boletinlegal/js/jquery.scrollShow.js HTTP/1.1" 200 4586
191.106.178.244 - - [04/Oct/2021:10:46:00 -0500] "GET /galeria/galeria/jquery.fancybox.js?v=2.1.5 HTTP/1.1" 200 48706
201.245.192.253 - - [04/Oct/2021:10:46:08 -0500] "GET /catalogoisis/ HTTP/1.1" 200 8575
178.63.20.95 - - [04/Oct/2021:10:46:19 -0500] "GET /BLA/resoluciones/AUTOS%202007/0759.pdf HTTP/1.1" 200 97772
200.69.81.234 - - [04/Oct/2021:10:46:30 -0500] "GET /galeria/galeria/jquery.fancybox.css?v=2.1.5 HTTP/1.1" 200 4895
200.69.81.234 - - [04/Oct/2021:10:46:30 -0500] "GET /BLA/boletinlegal/js/jquery.scrollShow.js HTTP/1.1" 200 4586
200.69.81.234 - - [04/Oct/2021:10:46:30 -0500] "GET /galeria/galeria/jquery.fancybox.js?v=2.1.5 HTTP/1.1" 200 48706
186.87.76.51 - - [04/Oct/2021:10:46:34 -0500] "POST /sipse/faces/presentacion/financiero/solicitudProceso/listarSolicitudProceso.xhtml HTTP/1.1" 200 33008
178.63.20.95 - - [04/Oct/2021:10:46:44 -0500] "GET /BLA/resoluciones/AUTOS%202007/1158.pdf HTTP/1.1" 200 41678
181.51.32.170 - - [04/Oct/2021:10:46:47 -0500] "GET /galeria/galeria/jquery.fancybox.js?v=2.1.5 HTTP/1.1" 200 48706
181.51.32.170 - - [04/Oct/2021:10:46:47 -0500] "GET /BLA/boletinlegal/js/jquery.scrollShow.js HTTP/1.1" 200 4586
181.51.32.170 - - [04/Oct/2021:10:46:47 -0500] "GET /galeria/galeria/jquery.fancybox.css?v=2.1.5 HTTP/1.1" 200 4895
186.190.225.82 - - [04/Oct/2021:10:46:49 -0500] "GET /galeria/galeria/jquery.fancybox.css?v=2.1.5 HTTP/1.1" 200 4895
186.190.225.82 - - [04/Oct/2021:10:46:49 -0500] "GET /BLA/boletinlegal/js/jquery.scrollShow.js HTTP/1.1" 200 4586
186.190.225.82 - - [04/Oct/2021:10:46:49 -0500] "GET /galeria/galeria/jquery.fancybox.js?v=2.1.5 HTTP/1.1" 200 48706
186.87.76.51 - - [04/Oct/2021:10:46:59 -0500] "POST /sipse/faces/presentacion/financiero/solicitudProceso/listarSolicitudProceso.xhtml HTTP/1.1" 200 58943
186.87.76.51 - - [04/Oct/2021:10:47:00 -0500] "GET /sipse/faces/javax.faces.resource/theme.css?ln=primefaces-sipse HTTP/1.1" 304 -
186.87.76.51 - - [04/Oct/2021:10:47:00 -0500] "GET /sipse/faces/javax.faces.resource/primefaces.css?ln=primefaces&v=4.0 HTTP/1.1" 304 -
186.87.76.51 - - [04/Oct/2021:10:47:00 -0500] "GET /sipse/faces/javax.faces.resource/layout/layout.css?ln=primefaces&v=4.0 HTTP/1.1" 304 -
186.87.76.51 - - [04/Oct/2021:10:47:00 -0500] "GET /sipse/faces/javax.faces.resource/jquery/jquery.js?ln=primefaces&v=4.0 HTTP/1.1" 304 -
186.87.76.51 - - [04/Oct/2021:10:47:00 -0500] "GET /sipse/faces/javax.faces.resource/jquery/jquery-plugins.js?ln=primefaces&v=4.0 HTTP/1.1" 304 -
186.87.76.51 - - [04/Oct/2021:10:47:00 -0500] "GET /sipse/faces/javax.faces.resource/primefaces.js?ln=primefaces&v=4.0 HTTP/1.1" 304 -
186.87.76.51 - - [04/Oct/2021:10:47:00 -0500] "GET /sipse/faces/javax.faces.resource/layout/layout.js?ln=primefaces&v=4.0 HTTP/1.1" 304 -
186.87.76.51 - - [04/Oct/2021:10:47:00 -0500] "GET /sipse/css/imagen/contrasena.png HTTP/1.1" 404 383
186.87.76.51 - - [04/Oct/2021:10:47:02 -0500] "POST /sipse/faces/presentacion/financiero/solicitudProceso/crearModificarSolicitudProceso.xhtml HTTP/1.1" 200 51860
178.63.20.95 - - [04/Oct/2021:10:47:05 -0500] "GET /BLA/resoluciones/AUTOS%202007/1491.pdf HTTP/1.1" 200 25393
201.245.192.253 - - [04/Oct/2021:10:47:08 -0500] "GET /catalogoisis/ HTTP/1.1" 200 8575
186.87.76.51 - - [04/Oct/2021:10:47:08 -0500] "POST /sipse/faces/presentacion/financiero/solicitudProceso/crearModificarSolicitudProceso.xhtml HTTP/1.1" 200 27649
201.245.192.253 - - [04/Oct/2021:10:47:15 -0500] "GET /videos/galeria-cronicas/1V3wnplaylist.htm? HTTP/1.1" 200 4013
201.245.192.253 - - [04/Oct/2021:10:47:15 -0500] "GET /videos/galeria-cronicas/skin/blue.monday/jplayer.blue.monday.css HTTP/1.1" 200 12518
201.245.192.253 - - [04/Oct/2021:10:47:15 -0500] "GET /videos/galeria-cronicas/js/jplayer.playlist.min.js HTTP/1.1" 200 8608
201.245.192.253 - - [04/Oct/2021:10:47:15 -0500] "GET /videos/galeria-cronicas/js/jquery.jplayer.min.js HTTP/1.1" 200 43668
201.245.192.253 - - [04/Oct/2021:10:47:16 -0500] "GET /videos/galeria-cronicas/skin/blue.monday/jplayer.blue.monday.jpg HTTP/1.1" 200 23189
201.245.192.253 - - [04/Oct/2021:10:47:16 -0500] "GET /videos/galeria-cronicas/skin/blue.monday/jplayer.blue.monday.video.play.png HTTP/1.1" 200 14424
201.245.192.253 - - [04/Oct/2021:10:47:16 -0500] "GET /videos/galeria-cronicas/1videos/parche.mp4video.mp4 HTTP/1.1" 206 2821840
201.245.192.253 - - [04/Oct/2021:10:47:16 -0500] "GET /videos/galeria-cronicas/1videos/parche.mp4video.mp4 HTTP/1.1" 206 36560
201.245.192.253 - - [04/Oct/2021:10:47:16 -0500] "GET /videos/galeria-cronicas/1videos/parche.mp4video.mp4 HTTP/1.1" 206 2696541
201.245.192.253 - - [04/Oct/2021:10:47:16 -0500] "GET /videos/galeria-cronicas/1videos/parche.mp4video.mp4 HTTP/1.1" 206 2531886
178.63.20.95 - - [04/Oct/2021:10:47:30 -0500] "GET /BLA/resoluciones/AUTOS%202007/3141.pdf HTTP/1.1" 200 119531
186.87.76.51 - - [04/Oct/2021:10:47:36 -0500] "POST /sipse/faces/presentacion/financiero/solicitudProceso/crearModificarSolicitudProceso.xhtml HTTP/1.1" 200 10331
157.55.39.176 - - [04/Oct/2021:10:47:37 -0500] "GET /galeria/galeria/fotos/Encuentro-de-Movimientos10P.jpg HTTP/1.1" 200 11491
186.80.52.155 - - [04/Oct/2021:10:47:45 -0500] "GET /galeria/galeria/jquery.fancybox.css?v=2.1.5 HTTP/1.1" 200 4895
186.80.52.155 - - [04/Oct/2021:10:47:45 -0500] "GET /galeria/galeria/jquery.fancybox.js?v=2.1.5 HTTP/1.1" 200 48706
186.80.52.155 - - [04/Oct/2021:10:47:45 -0500] "GET /BLA/boletinlegal/js/jquery.scrollShow.js HTTP/1.1" 200 4586
186.31.18.26 - - [04/Oct/2021:10:47:48 -0500] "GET /BLA/boletinlegal/js/jquery.scrollShow.js HTTP/1.1" 200 4586
186.31.18.26 - - [04/Oct/2021:10:47:48 -0500] "GET /galeria/galeria/jquery.fancybox.js?v=2.1.5 HTTP/1.1" 200 48706
186.31.18.26 - - [04/Oct/2021:10:47:48 -0500] "GET /galeria/galeria/jquery.fancybox.css?v=2.1.5 HTTP/1.1" 200 4895
178.63.20.95 - - [04/Oct/2021:10:47:52 -0500] "GET /BLA/resoluciones/AUTOS%202007/0640.pdf HTTP/1.1" 200 74487
190.145.77.73 - - [04/Oct/2021:10:47:53 -0500] "GET /galeria/galeria/jquery.fancybox.css?v=2.1.5 HTTP/1.1" 200 4895
190.145.77.73 - - [04/Oct/2021:10:47:54 -0500] "GET /BLA/boletinlegal/js/jquery.scrollShow.js HTTP/1.1" 200 4586
190.145.77.73 - - [04/Oct/2021:10:47:56 -0500] "GET /galeria/galeria/jquery.fancybox.js?v=2.1.5 HTTP/1.1" 200 48706
186.87.76.51 - - [04/Oct/2021:10:48:00 -0500] "POST /sipse/faces/presentacion/financiero/solicitudProceso/crearModificarSolicitudProceso.xhtml HTTP/1.1" 200 24671
186.87.76.51 - - [04/Oct/2021:10:48:00 -0500] "GET /sipse/faces/javax.faces.resource/theme.css?ln=primefaces-sipse HTTP/1.1" 304 -
186.87.76.51 - - [04/Oct/2021:10:48:00 -0500] "GET /sipse/faces/javax.faces.resource/primefaces.css?ln=primefaces&v=4.0 HTTP/1.1" 304 -
186.87.76.51 - - [04/Oct/2021:10:48:00 -0500] "GET /sipse/faces/javax.faces.resource/jquery/jquery-plugins.js?ln=primefaces&v=4.0 HTTP/1.1" 304 -
186.87.76.51 - - [04/Oct/2021:10:48:00 -0500] "GET /sipse/faces/javax.faces.resource/layout/layout.css?ln=primefaces&v=4.0 HTTP/1.1" 304 -
186.87.76.51 - - [04/Oct/2021:10:48:00 -0500] "GET /sipse/faces/javax.faces.resource/primefaces.js?ln=primefaces&v=4.0 HTTP/1.1" 304 -
186.87.76.51 - - [04/Oct/2021:10:48:00 -0500] "GET /sipse/faces/javax.faces.resource/jquery/jquery.js?ln=primefaces&v=4.0 HTTP/1.1" 304 -
186.87.76.51 - - [04/Oct/2021:10:48:00 -0500] "GET /sipse/faces/javax.faces.resource/layout/layout.js?ln=primefaces&v=4.0 HTTP/1.1" 304 -
186.87.76.51 - - [04/Oct/2021:10:48:00 -0500] "GET /sipse/faces/javax.faces.resource/images/ui-icons_898989_256x240.png?ln=primefaces-aristo HTTP/1.1" 304 -
186.87.76.51 - - [04/Oct/2021:10:48:04 -0500] "GET /sipse/faces/javax.faces.resource/images/ui-bg_flat_0_2d5972_40x100.png?ln=primefaces-aristo HTTP/1.1" 304 -
186.87.76.51 - - [04/Oct/2021:10:48:04 -0500] "POST /sipse/faces/presentacion/financiero/solicitudProyectoActividad/asociarProyectoSolicitud.xhtml HTTP/1.1" 200 6631
186.87.76.51 - - [04/Oct/2021:10:48:06 -0500] "POST /sipse/faces/presentacion/financiero/solicitudProyectoActividad/asociarProyectoSolicitud.xhtml HTTP/1.1" 200 1696
186.119.78.13 - - [04/Oct/2021:10:48:07 -0500] "GET /galeria/galeria/jquery.fancybox.css?v=2.1.5 HTTP/1.1" 200 4895
186.119.78.13 - - [04/Oct/2021:10:48:07 -0500] "GET /BLA/boletinlegal/js/jquery.scrollShow.js HTTP/1.1" 200 4586
186.119.78.13 - - [04/Oct/2021:10:48:07 -0500] "GET /galeria/galeria/jquery.fancybox.js?v=2.1.5 HTTP/1.1" 200 48706
186.87.76.51 - - [04/Oct/2021:10:48:07 -0500] "POST /sipse/faces/presentacion/financiero/solicitudProyectoActividad/asociarProyectoSolicitud.xhtml HTTP/1.1" 200 31286
186.87.76.51 - - [04/Oct/2021:10:48:08 -0500] "GET /sipse/faces/javax.faces.resource/theme.css?ln=primefaces-sipse HTTP/1.1" 304 -
186.87.76.51 - - [04/Oct/2021:10:48:08 -0500] "GET /sipse/faces/javax.faces.resource/primefaces.css?ln=primefaces&v=4.0 HTTP/1.1" 304 -
186.87.76.51 - - [04/Oct/2021:10:48:08 -0500] "GET /sipse/faces/javax.faces.resource/layout/layout.css?ln=primefaces&v=4.0 HTTP/1.1" 304 -
186.87.76.51 - - [04/Oct/2021:10:48:08 -0500] "GET /sipse/faces/javax.faces.resource/jquery/jquery.js?ln=primefaces&v=4.0 HTTP/1.1" 304 -
186.87.76.51 - - [04/Oct/2021:10:48:08 -0500] "GET /sipse/faces/javax.faces.resource/jquery/jquery-plugins.js?ln=primefaces&v=4.0 HTTP/1.1" 304 -
186.87.76.51 - - [04/Oct/2021:10:48:08 -0500] "GET /sipse/faces/javax.faces.resource/primefaces.js?ln=primefaces&v=4.0 HTTP/1.1" 304 -
186.87.76.51 - - [04/Oct/2021:10:48:08 -0500] "GET /sipse/faces/javax.faces.resource/layout/layout.js?ln=primefaces&v=4.0 HTTP/1.1" 304 -
201.245.192.253 - - [04/Oct/2021:10:48:09 -0500] "GET /catalogoisis/ HTTP/1.1" 200 8575
186.87.76.51 - - [04/Oct/2021:10:48:11 -0500] "POST /sipse/faces/presentacion/financiero/solicitudProyectoActividad/asociarActividadSolicitud.xhtml HTTP/1.1" 200 20086
186.87.76.51 - - [04/Oct/2021:10:48:11 -0500] "GET /sipse/faces/javax.faces.resource/theme.css?ln=primefaces-sipse HTTP/1.1" 304 -
186.87.76.51 - - [04/Oct/2021:10:48:11 -0500] "GET /sipse/faces/javax.faces.resource/primefaces.css?ln=primefaces&v=4.0 HTTP/1.1" 304 -
186.87.76.51 - - [04/Oct/2021:10:48:11 -0500] "GET /sipse/faces/javax.faces.resource/layout/layout.css?ln=primefaces&v=4.0 HTTP/1.1" 304 -
186.87.76.51 - - [04/Oct/2021:10:48:11 -0500] "GET /sipse/faces/javax.faces.resource/jquery/jquery.js?ln=primefaces&v=4.0 HTTP/1.1" 304 -
186.87.76.51 - - [04/Oct/2021:10:48:11 -0500] "GET /sipse/faces/javax.faces.resource/jquery/jquery-plugins.js?ln=primefaces&v=4.0 HTTP/1.1" 304 -
186.87.76.51 - - [04/Oct/2021:10:48:11 -0500] "GET /sipse/faces/javax.faces.resource/primefaces.js?ln=primefaces&v=4.0 HTTP/1.1" 304 -
186.87.76.51 - - [04/Oct/2021:10:48:11 -0500] "GET /sipse/faces/javax.faces.resource/layout/layout.js?ln=primefaces&v=4.0 HTTP/1.1" 304 -
178.63.20.95 - - [04/Oct/2021:10:48:13 -0500] "GET /BLA/resoluciones/AUTOS%202007/2434.pdf HTTP/1.1" 200 29301
201.245.192.253 - - [04/Oct/2021:10:48:21 -0500] "POST /sipse/faces/presentacion/financiero/solicitudProceso/consultarSolicitudProceso.xhtml HTTP/1.1" 200 20170
201.245.192.253 - - [04/Oct/2021:10:48:21 -0500] "GET /sipse/faces/javax.faces.resource/theme.css?ln=primefaces-sipse HTTP/1.1" 304 -
201.245.192.253 - - [04/Oct/2021:10:48:21 -0500] "GET /sipse/faces/javax.faces.resource/primefaces.css?ln=primefaces&v=4.0 HTTP/1.1" 304 -
201.245.192.253 - - [04/Oct/2021:10:48:21 -0500] "GET /sipse/faces/javax.faces.resource/layout/layout.css?ln=primefaces&v=4.0 HTTP/1.1" 304 -
201.245.192.253 - - [04/Oct/2021:10:48:21 -0500] "GET /sipse/faces/javax.faces.resource/jquery/jquery.js?ln=primefaces&v=4.0 HTTP/1.1" 304 -
201.245.192.253 - - [04/Oct/2021:10:48:21 -0500] "GET /sipse/faces/javax.faces.resource/jquery/jquery-plugins.js?ln=primefaces&v=4.0 HTTP/1.1" 304 -
201.245.192.253 - - [04/Oct/2021:10:48:21 -0500] "GET /sipse/faces/javax.faces.resource/primefaces.js?ln=primefaces&v=4.0 HTTP/1.1" 304 -
201.245.192.253 - - [04/Oct/2021:10:48:21 -0500] "GET /sipse/faces/javax.faces.resource/fileupload/fileupload.css?ln=primefaces&v=4.0 HTTP/1.1" 304 -
201.245.192.253 - - [04/Oct/2021:10:48:21 -0500] "GET /sipse/faces/javax.faces.resource/layout/layout.js?ln=primefaces&v=4.0 HTTP/1.1" 304 -
201.245.192.253 - - [04/Oct/2021:10:48:21 -0500] "GET /sipse/faces/javax.faces.resource/fileupload/fileupload.js?ln=primefaces&v=4.0 HTTP/1.1" 304 -
201.245.192.253 - - [04/Oct/2021:10:48:21 -0500] "GET /sipse/faces/javax.faces.resource/images/ui-icons_898989_256x240.png?ln=primefaces-aristo HTTP/1.1" 304 -
190.121.158.235 - - [04/Oct/2021:10:48:26 -0500] "GET /galeria/galeria/jquery.fancybox.css?v=2.1.5 HTTP/1.1" 200 4895
190.121.158.235 - - [04/Oct/2021:10:48:26 -0500] "GET /BLA/boletinlegal/js/jquery.scrollShow.js HTTP/1.1" 200 4586
190.121.158.235 - - [04/Oct/2021:10:48:26 -0500] "GET /galeria/galeria/jquery.fancybox.js?v=2.1.5 HTTP/1.1" 200 48706
186.87.76.51 - - [04/Oct/2021:10:48:28 -0500] "POST /sipse/faces/presentacion/financiero/solicitudProyectoActividad/asociarFuentesSolicitud.xhtml HTTP/1.1" 200 67605
186.87.76.51 - - [04/Oct/2021:10:48:28 -0500] "GET /sipse/faces/javax.faces.resource/theme.css?ln=primefaces-sipse HTTP/1.1" 304 -
186.87.76.51 - - [04/Oct/2021:10:48:28 -0500] "GET /sipse/faces/javax.faces.resource/jquery/jquery.js?ln=primefaces&v=4.0 HTTP/1.1" 304 -
186.87.76.51 - - [04/Oct/2021:10:48:28 -0500] "GET /sipse/faces/javax.faces.resource/primefaces.css?ln=primefaces&v=4.0 HTTP/1.1" 304 -
186.87.76.51 - - [04/Oct/2021:10:48:28 -0500] "GET /sipse/faces/javax.faces.resource/layout/layout.css?ln=primefaces&v=4.0 HTTP/1.1" 304 -
186.87.76.51 - - [04/Oct/2021:10:48:28 -0500] "GET /sipse/faces/javax.faces.resource/jquery/jquery-plugins.js?ln=primefaces&v=4.0 HTTP/1.1" 304 -
186.87.76.51 - - [04/Oct/2021:10:48:28 -0500] "GET /sipse/faces/javax.faces.resource/primefaces.js?ln=primefaces&v=4.0 HTTP/1.1" 304 -
186.87.76.51 - - [04/Oct/2021:10:48:28 -0500] "GET /sipse/faces/javax.faces.resource/layout/layout.js?ln=primefaces&v=4.0 HTTP/1.1" 304 -
186.87.76.51 - - [04/Oct/2021:10:48:28 -0500] "GET /sipse/css/imagen/contrasena.png HTTP/1.1" 404 383
186.87.76.51 - - [04/Oct/2021:10:48:28 -0500] "GET /sipse/faces/javax.faces.resource/images/ui-icons_898989_256x240.png?ln=primefaces-aristo HTTP/1.1" 304 -
201.245.192.253 - - [04/Oct/2021:10:48:32 -0500] "GET /sipse/faces/javax.faces.resource/theme.css?ln=primefaces-sipse HTTP/1.1" 304 -
201.245.192.253 - - [04/Oct/2021:10:48:32 -0500] "GET /sipse/faces/javax.faces.resource/primefaces.css?ln=primefaces&v=4.0 HTTP/1.1" 304 -
201.245.192.253 - - [04/Oct/2021:10:48:32 -0500] "GET /sipse/faces/javax.faces.resource/jquery/jquery-plugins.js?ln=primefaces&v=4.0 HTTP/1.1" 304 -
201.245.192.253 - - [04/Oct/2021:10:48:32 -0500] "GET /sipse/faces/javax.faces.resource/layout/layout.css?ln=primefaces&v=4.0 HTTP/1.1" 304 -
201.245.192.253 - - [04/Oct/2021:10:48:32 -0500] "GET /sipse/faces/javax.faces.resource/jquery/jquery.js?ln=primefaces&v=4.0 HTTP/1.1" 304 -
201.245.192.253 - - [04/Oct/2021:10:48:32 -0500] "GET /sipse/faces/javax.faces.resource/primefaces.js?ln=primefaces&v=4.0 HTTP/1.1" 304 -
201.245.192.253 - - [04/Oct/2021:10:48:32 -0500] "GET /sipse/faces/javax.faces.resource/layout/layout.js?ln=primefaces&v=4.0 HTTP/1.1" 304 -
201.245.192.253 - - [04/Oct/2021:10:48:32 -0500] "GET /sipse/faces/javax.faces.resource/images/ui-icons_898989_256x240.png?ln=primefaces-aristo HTTP/1.1" 304 -
201.245.192.253 - - [04/Oct/2021:10:48:32 -0500] "POST /sipse/faces/presentacion/sistema/anexos/cargarAnexoSolicitudProceso.xhtml HTTP/1.1" 200 207584
190.26.216.210 - - [04/Oct/2021:10:48:33 -0500] "GET /galeria/galeria/jquery.fancybox.css?v=2.1.5 HTTP/1.1" 200 4895
190.26.216.210 - - [04/Oct/2021:10:48:33 -0500] "GET /galeria/galeria/jquery.fancybox.js?v=2.1.5 HTTP/1.1" 200 48706
190.24.112.80 - - [04/Oct/2021:10:48:33 -0500] "GET /BLA/boletinlegal/js/jquery.scrollShow.js HTTP/1.1" 200 4586
201.245.192.253 - - [04/Oct/2021:10:48:33 -0500] "GET /reportes_sipse/sdg/ServletReporte?reporte=experienia_idoneidad&solicitud=14310&pfdrid_c=false HTTP/1.1" 200 155285
178.63.20.95 - - [04/Oct/2021:10:48:34 -0500] "GET /BLA/resoluciones/AUTOS%202007/2657.pdf HTTP/1.1" 200 150557
201.245.192.253 - - [04/Oct/2021:10:48:39 -0500] "POST /sipse/faces/presentacion/financiero/solicitudProceso/consultarSolicitudProceso.xhtml HTTP/1.1" 200 208326
201.245.192.253 - - [04/Oct/2021:10:48:40 -0500] "GET /sipse/faces/javax.faces.resource/layout/layout.css?ln=primefaces&v=4.0 HTTP/1.1" 304 -
201.245.192.253 - - [04/Oct/2021:10:48:40 -0500] "GET /sipse/faces/javax.faces.resource/theme.css?ln=primefaces-sipse HTTP/1.1" 304 -
201.245.192.253 - - [04/Oct/2021:10:48:40 -0500] "GET /sipse/faces/javax.faces.resource/jquery/jquery-plugins.js?ln=primefaces&v=4.0 HTTP/1.1" 304 -
201.245.192.253 - - [04/Oct/2021:10:48:40 -0500] "GET /sipse/faces/javax.faces.resource/jquery/jquery.js?ln=primefaces&v=4.0 HTTP/1.1" 304 -
201.245.192.253 - - [04/Oct/2021:10:48:40 -0500] "GET /sipse/faces/javax.faces.resource/primefaces.js?ln=primefaces&v=4.0 HTTP/1.1" 304 -
201.245.192.253 - - [04/Oct/2021:10:48:40 -0500] "GET /sipse/faces/javax.faces.resource/primefaces.css?ln=primefaces&v=4.0 HTTP/1.1" 304 -
201.245.192.253 - - [04/Oct/2021:10:48:40 -0500] "GET /sipse/faces/javax.faces.resource/layout/layout.js?ln=primefaces&v=4.0 HTTP/1.1" 304 -
201.245.192.253 - - [04/Oct/2021:10:48:40 -0500] "GET /sipse/faces/javax.faces.resource/images/ui-icons_898989_256x240.png?ln=primefaces-aristo HTTP/1.1" 304 -
201.245.192.253 - - [04/Oct/2021:10:48:41 -0500] "GET /reportes_sipse/sdg/ServletReporte?reporte=experienia_idoneidad&solicitud=14310&pfdrid_c=false HTTP/1.1" 200 155285
201.245.192.253 - - [04/Oct/2021:10:48:45 -0500] "POST /sipse/faces/presentacion/financiero/solicitudProceso/consultarSolicitudProceso.xhtml HTTP/1.1" 200 20170
201.245.192.253 - - [04/Oct/2021:10:48:46 -0500] "GET /sipse/faces/javax.faces.resource/theme.css?ln=primefaces-sipse HTTP/1.1" 304 -
201.245.192.253 - - [04/Oct/2021:10:48:46 -0500] "GET /sipse/faces/javax.faces.resource/fileupload/fileupload.css?ln=primefaces&v=4.0 HTTP/1.1" 304 -
201.245.192.253 - - [04/Oct/2021:10:48:46 -0500] "GET /sipse/faces/javax.faces.resource/layout/layout.css?ln=primefaces&v=4.0 HTTP/1.1" 304 -
201.245.192.253 - - [04/Oct/2021:10:48:46 -0500] "GET /sipse/faces/javax.faces.resource/primefaces.js?ln=primefaces&v=4.0 HTTP/1.1" 304 -
201.245.192.253 - - [04/Oct/2021:10:48:46 -0500] "GET /sipse/faces/javax.faces.resource/jquery/jquery.js?ln=primefaces&v=4.0 HTTP/1.1" 304 -
201.245.192.253 - - [04/Oct/2021:10:48:46 -0500] "GET /sipse/faces/javax.faces.resource/jquery/jquery-plugins.js?ln=primefaces&v=4.0 HTTP/1.1" 304 -
201.245.192.253 - - [04/Oct/2021:10:48:46 -0500] "GET /sipse/faces/javax.faces.resource/primefaces.css?ln=primefaces&v=4.0 HTTP/1.1" 304 -
201.245.192.253 - - [04/Oct/2021:10:48:46 -0500] "GET /sipse/faces/javax.faces.resource/layout/layout.js?ln=primefaces&v=4.0 HTTP/1.1" 304 -
201.245.192.253 - - [04/Oct/2021:10:48:46 -0500] "GET /sipse/faces/javax.faces.resource/fileupload/fileupload.js?ln=primefaces&v=4.0 HTTP/1.1" 304 -
201.245.192.253 - - [04/Oct/2021:10:48:46 -0500] "GET /sipse/faces/javax.faces.resource/images/ui-icons_898989_256x240.png?ln=primefaces-aristo HTTP/1.1" 304 -
83.43.204.75 - - [04/Oct/2021:10:48:50 -0500] "GET /galeria/galeria/jquery.fancybox.css?v=2.1.5 HTTP/1.1" 200 4895
83.43.204.75 - - [04/Oct/2021:10:48:50 -0500] "GET /BLA/boletinlegal/js/jquery.scrollShow.js HTTP/1.1" 200 4586
83.43.204.75 - - [04/Oct/2021:10:48:50 -0500] "GET /galeria/galeria/jquery.fancybox.js?v=2.1.5 HTTP/1.1" 200 48706
201.245.192.253 - - [04/Oct/2021:10:48:51 -0500] "POST /sipse/faces/presentacion/sistema/anexos/cargarAnexoSolicitudProceso.xhtml HTTP/1.1" 200 209949
201.245.192.253 - - [04/Oct/2021:10:48:52 -0500] "GET /sipse/faces/javax.faces.resource/theme.css?ln=primefaces-sipse HTTP/1.1" 304 -
201.245.192.253 - - [04/Oct/2021:10:48:52 -0500] "GET /sipse/faces/javax.faces.resource/jquery/jquery-plugins.js?ln=primefaces&v=4.0 HTTP/1.1" 304 -
201.245.192.253 - - [04/Oct/2021:10:48:52 -0500] "GET /sipse/faces/javax.faces.resource/primefaces.css?ln=primefaces&v=4.0 HTTP/1.1" 304 -
201.245.192.253 - - [04/Oct/2021:10:48:52 -0500] "GET /sipse/faces/javax.faces.resource/jquery/jquery.js?ln=primefaces&v=4.0 HTTP/1.1" 304 -
201.245.192.253 - - [04/Oct/2021:10:48:52 -0500] "GET /sipse/faces/javax.faces.resource/layout/layout.css?ln=primefaces&v=4.0 HTTP/1.1" 304 -
201.245.192.253 - - [04/Oct/2021:10:48:52 -0500] "GET /sipse/faces/javax.faces.resource/primefaces.js?ln=primefaces&v=4.0 HTTP/1.1" 304 -
201.245.192.253 - - [04/Oct/2021:10:48:52 -0500] "GET /sipse/faces/javax.faces.resource/layout/layout.js?ln=primefaces&v=4.0 HTTP/1.1" 304 -
201.245.192.253 - - [04/Oct/2021:10:48:52 -0500] "GET /sipse/faces/javax.faces.resource/images/ui-icons_898989_256x240.png?ln=primefaces-aristo HTTP/1.1" 304 -
178.63.20.95 - - [04/Oct/2021:10:48:53 -0500] "GET /BLA/resoluciones/AUTOS%202007/1268.pdf HTTP/1.1" 200 62603
186.87.76.51 - - [04/Oct/2021:10:48:31 -0500] "POST /sipse/faces/presentacion/financiero/solicitudProceso/crearModificarSolicitudProceso.xhtml HTTP/1.1" 200 44004
186.87.76.51 - - [04/Oct/2021:10:48:53 -0500] "GET /sipse/faces/javax.faces.resource/theme.css?ln=primefaces-sipse HTTP/1.1" 304 -
186.87.76.51 - - [04/Oct/2021:10:48:53 -0500] "GET /sipse/faces/javax.faces.resource/primefaces.css?ln=primefaces&v=4.0 HTTP/1.1" 304 -
186.87.76.51 - - [04/Oct/2021:10:48:53 -0500] "GET /sipse/faces/javax.faces.resource/layout/layout.css?ln=primefaces&v=4.0 HTTP/1.1" 304 -
186.87.76.51 - - [04/Oct/2021:10:48:53 -0500] "GET /sipse/faces/javax.faces.resource/primefaces.js?ln=primefaces&v=4.0 HTTP/1.1" 304 -
186.87.76.51 - - [04/Oct/2021:10:48:53 -0500] "GET /sipse/faces/javax.faces.resource/jquery/jquery.js?ln=primefaces&v=4.0 HTTP/1.1" 304 -
186.87.76.51 - - [04/Oct/2021:10:48:53 -0500] "GET /sipse/faces/javax.faces.resource/jquery/jquery-plugins.js?ln=primefaces&v=4.0 HTTP/1.1" 304 -
186.87.76.51 - - [04/Oct/2021:10:48:53 -0500] "GET /sipse/faces/javax.faces.resource/layout/layout.js?ln=primefaces&v=4.0 HTTP/1.1" 304 -
201.245.192.253 - - [04/Oct/2021:10:48:53 -0500] "GET /reportes_sipse/sdg/ServletReporte?reporte=experienia_idoneidad&solicitud=14310&pfdrid_c=false HTTP/1.1" 200 155285
192.168.172.22 - - [04/Oct/2021:10:48:54 -0500] "POST /BLA/boletinlegal/admin/actos/ingresar.php HTTP/1.1" 200 7236
192.168.172.22 - - [04/Oct/2021:10:49:00 -0500] "GET /BLA/boletinlegal/consulta_actos.php?tipo=autos&no=3923&usuario=&sector=&fecha=2021&resuelve= HTTP/1.1" 200 1069
201.245.192.253 - - [04/Oct/2021:10:49:06 -0500] "GET /sipse/faces/javax.faces.resource/images/ui-bg_flat_0_2d5972_40x100.png?ln=primefaces-aristo HTTP/1.1" 304 -
201.245.192.253 - - [04/Oct/2021:10:49:06 -0500] "POST /sipse/faces/presentacion/financiero/solicitudProceso/consultarSolicitudProceso.xhtml HTTP/1.1" 200 46453
201.245.192.253 - - [04/Oct/2021:10:49:08 -0500] "GET /sipse/faces/javax.faces.resource/theme.css?ln=primefaces-sipse HTTP/1.1" 304 -
201.245.192.253 - - [04/Oct/2021:10:49:08 -0500] "GET /sipse/faces/javax.faces.resource/layout/layout.css?ln=primefaces&v=4.0 HTTP/1.1" 304 -
201.245.192.253 - - [04/Oct/2021:10:49:08 -0500] "GET /sipse/faces/javax.faces.resource/primefaces.css?ln=primefaces&v=4.0 HTTP/1.1" 304 -
201.245.192.253 - - [04/Oct/2021:10:49:08 -0500] "GET /sipse/faces/javax.faces.resource/jquery/jquery.js?ln=primefaces&v=4.0 HTTP/1.1" 304 -
201.245.192.253 - - [04/Oct/2021:10:49:08 -0500] "GET /sipse/faces/javax.faces.resource/jquery/jquery-plugins.js?ln=primefaces&v=4.0 HTTP/1.1" 304 -
201.245.192.253 - - [04/Oct/2021:10:49:08 -0500] "GET /sipse/faces/javax.faces.resource/primefaces.js?ln=primefaces&v=4.0 HTTP/1.1" 304 -
201.245.192.253 - - [04/Oct/2021:10:49:08 -0500] "GET /sipse/faces/javax.faces.resource/layout/layout.js?ln=primefaces&v=4.0 HTTP/1.1" 304 -
201.245.192.253 - - [04/Oct/2021:10:49:08 -0500] "GET /sipse/faces/javax.faces.resource/messages/messages.png?ln=primefaces&v=4.0 HTTP/1.1" 304 -
201.245.192.253 - - [04/Oct/2021:10:49:08 -0500] "POST /sipse/faces/presentacion/financiero/solicitudProceso/listarSolicitudProceso.xhtml HTTP/1.1" 200 1416
186.87.76.51 - - [04/Oct/2021:10:49:08 -0500] "POST /sipse/faces/presentacion/financiero/contrato/consultarContratosSolicitudProceso.xhtml HTTP/1.1" 200 54513
201.245.192.253 - - [04/Oct/2021:10:49:10 -0500] "GET /catalogoisis/ HTTP/1.1" 200 8575
178.63.20.95 - - [04/Oct/2021:10:49:11 -0500] "GET /BLA/resoluciones/AUTOS%202007/3392.pdf HTTP/1.1" 200 59444
186.87.76.51 - - [04/Oct/2021:10:49:12 -0500] "POST /sipse/faces/presentacion/financiero/contrato/consultarContratosSolicitudProceso.xhtml HTTP/1.1" 200 61496
186.87.76.51 - - [04/Oct/2021:10:49:13 -0500] "GET /sipse/faces/javax.faces.resource/theme.css?ln=primefaces-sipse HTTP/1.1" 304 -
186.87.76.51 - - [04/Oct/2021:10:49:13 -0500] "GET /sipse/faces/javax.faces.resource/layout/layout.css?ln=primefaces&v=4.0 HTTP/1.1" 304 -
186.87.76.51 - - [04/Oct/2021:10:49:13 -0500] "GET /sipse/faces/javax.faces.resource/primefaces.css?ln=primefaces&v=4.0 HTTP/1.1" 304 -
186.87.76.51 - - [04/Oct/2021:10:49:13 -0500] "GET /sipse/faces/javax.faces.resource/jquery/jquery.js?ln=primefaces&v=4.0 HTTP/1.1" 304 -
186.87.76.51 - - [04/Oct/2021:10:49:13 -0500] "GET /sipse/faces/javax.faces.resource/jquery/jquery-plugins.js?ln=primefaces&v=4.0 HTTP/1.1" 304 -
186.87.76.51 - - [04/Oct/2021:10:49:13 -0500] "GET /sipse/faces/javax.faces.resource/primefaces.js?ln=primefaces&v=4.0 HTTP/1.1" 304 -
186.87.76.51 - - [04/Oct/2021:10:49:13 -0500] "GET /sipse/faces/javax.faces.resource/layout/layout.js?ln=primefaces&v=4.0 HTTP/1.1" 304 -
186.87.76.51 - - [04/Oct/2021:10:49:19 -0500] "GET /sipse/faces/javax.faces.resource/images/ui-icons_898989_256x240.png?ln=primefaces-aristo HTTP/1.1" 304 -
186.87.76.51 - - [04/Oct/2021:10:49:19 -0500] "POST /sipse/faces/presentacion/financiero/solicitudProceso/crearModificarSolicitudProceso.xhtml HTTP/1.1" 200 60631
186.87.76.51 - - [04/Oct/2021:10:49:23 -0500] "GET /sipse/faces/javax.faces.resource/theme.css?ln=primefaces-sipse HTTP/1.1" 304 -
186.87.76.51 - - [04/Oct/2021:10:49:23 -0500] "GET /sipse/faces/javax.faces.resource/primefaces.css?ln=primefaces&v=4.0 HTTP/1.1" 304 -
186.87.76.51 - - [04/Oct/2021:10:49:23 -0500] "GET /sipse/faces/javax.faces.resource/layout/layout.css?ln=primefaces&v=4.0 HTTP/1.1" 304 -
186.87.76.51 - - [04/Oct/2021:10:49:23 -0500] "GET /sipse/faces/javax.faces.resource/jquery/jquery.js?ln=primefaces&v=4.0 HTTP/1.1" 304 -
186.87.76.51 - - [04/Oct/2021:10:49:23 -0500] "GET /sipse/faces/javax.faces.resource/jquery/jquery-plugins.js?ln=primefaces&v=4.0 HTTP/1.1" 304 -
186.87.76.51 - - [04/Oct/2021:10:49:24 -0500] "GET /sipse/faces/javax.faces.resource/primefaces.js?ln=primefaces&v=4.0 HTTP/1.1" 304 -
186.87.76.51 - - [04/Oct/2021:10:49:24 -0500] "GET /sipse/faces/javax.faces.resource/layout/layout.js?ln=primefaces&v=4.0 HTTP/1.1" 304 -
186.87.76.51 - - [04/Oct/2021:10:49:24 -0500] "GET /sipse/faces/javax.faces.resource/messages/messages.png?ln=primefaces&v=4.0 HTTP/1.1" 304 -
186.86.32.24 - - [04/Oct/2021:10:49:25 -0500] "GET /BLA/boletinlegal/js/jquery.scrollShow.js HTTP/1.1" 200 4586
186.86.32.24 - - [04/Oct/2021:10:49:25 -0500] "GET /galeria/galeria/jquery.fancybox.css?v=2.1.5 HTTP/1.1" 200 4895
186.86.32.24 - - [04/Oct/2021:10:49:25 -0500] "GET /galeria/galeria/jquery.fancybox.js?v=2.1.5 HTTP/1.1" 200 48706
186.87.76.51 - - [04/Oct/2021:10:49:24 -0500] "POST /sipse/faces/presentacion/financiero/solicitudProceso/listarSolicitudProceso.xhtml HTTP/1.1" 200 1448
143.198.136.88 - - [04/Oct/2021:10:49:27 -0500] "CONNECT leakix.net:443 HTTP/1.1" 405 938
143.198.136.88 - - [04/Oct/2021:10:49:27 -0500] "GET /debug/default/view?panel=config HTTP/1.1" 404 1018
143.198.136.88 - - [04/Oct/2021:10:49:27 -0500] "GET /info.php HTTP/1.1" 404 1018
143.198.136.88 - - [04/Oct/2021:10:49:28 -0500] "GET /.json HTTP/1.1" 404 1018
186.87.76.51 - - [04/Oct/2021:10:49:27 -0500] "POST /sipse/faces/presentacion/financiero/solicitudProceso/listarSolicitudProceso.xhtml HTTP/1.1" 200 33063
143.198.136.88 - - [04/Oct/2021:10:49:28 -0500] "GET /api/search?folderIds=0 HTTP/1.1" 404 1018
143.198.136.88 - - [04/Oct/2021:10:49:28 -0500] "GET /login.action HTTP/1.1" 404 1018
143.198.136.88 - - [04/Oct/2021:10:49:28 -0500] "GET /frontend_dev.php/$ HTTP/1.1" 404 1018
143.198.136.88 - - [04/Oct/2021:10:49:29 -0500] "GET /config.json HTTP/1.1" 404 1018
143.198.136.88 - - [04/Oct/2021:10:49:29 -0500] "GET /.env HTTP/1.1" 404 1018
143.198.136.88 - - [04/Oct/2021:10:49:29 -0500] "GET /idx_config/ HTTP/1.1" 404 1018
143.198.136.88 - - [04/Oct/2021:10:49:29 -0500] "GET /telescope/requests HTTP/1.1" 404 1018
178.63.20.95 - - [04/Oct/2021:10:49:29 -0500] "GET /BLA/resoluciones/AUTOS%202007/2859.pdf HTTP/1.1" 200 185860
143.198.136.88 - - [04/Oct/2021:10:49:30 -0500] "GET /.git/config HTTP/1.1" 404 1018
178.63.20.95 - - [04/Oct/2021:10:49:45 -0500] "GET /BLA/resoluciones/AUTOS%202007/1865.pdf HTTP/1.1" 200 90195
186.84.90.200 - - [04/Oct/2021:10:49:52 -0500] "GET /galeria/galeria/jquery.fancybox.css?v=2.1.5 HTTP/1.1" 200 4895
186.84.90.200 - - [04/Oct/2021:10:49:54 -0500] "GET /BLA/boletinlegal/js/jquery.scrollShow.js HTTP/1.1" 200 4586
186.84.90.200 - - [04/Oct/2021:10:49:54 -0500] "GET /galeria/galeria/jquery.fancybox.js?v=2.1.5 HTTP/1.1" 200 48706
186.84.91.65 - - [04/Oct/2021:10:49:55 -0500] "GET /BLA/resoluciones/index.php?dir=AUTOS+2021%2F HTTP/1.1" 200 131927
186.84.91.65 - - [04/Oct/2021:10:50:00 -0500] "GET /BLA/resoluciones/AUTOS%202021/0470.pdf HTTP/1.1" 200 383678
178.63.20.95 - - [04/Oct/2021:10:50:01 -0500] "GET /BLA/resoluciones/AUTOS%202007/1568.pdf HTTP/1.1" 200 31286
216.245.221.92 - - [04/Oct/2021:10:50:03 -0500] "HEAD / HTTP/1.1" 200 -
201.245.192.253 - - [04/Oct/2021:10:50:10 -0500] "GET /catalogoisis/ HTTP/1.1" 200 8575
178.63.20.95 - - [04/Oct/2021:10:50:15 -0500] "GET /BLA/resoluciones/AUTOS%202007/0708.pdf HTTP/1.1" 200 31054
187.141.38.3 - - [04/Oct/2021:10:50:26 -0500] "GET /galeria/galeria/jquery.fancybox.css?v=2.1.5 HTTP/1.1" 200 4895
187.141.38.3 - - [04/Oct/2021:10:50:26 -0500] "GET /BLA/boletinlegal/js/jquery.scrollShow.js HTTP/1.1" 200 4586
187.141.38.3 - - [04/Oct/2021:10:50:26 -0500] "GET /galeria/galeria/jquery.fancybox.js?v=2.1.5 HTTP/1.1" 200 48706
178.63.20.95 - - [04/Oct/2021:10:50:28 -0500] "GET /BLA/resoluciones/AUTOS%202007/1472.pdf HTTP/1.1" 200 67748
178.63.20.95 - - [04/Oct/2021:10:50:40 -0500] "GET /BLA/resoluciones/AUTOS%202007/2528.pdf HTTP/1.1" 200 336903
181.53.13.157 - - [04/Oct/2021:10:50:43 -0500] "GET /galeria/galeria/jquery.fancybox.js?v=2.1.5 HTTP/1.1" 200 48706
181.53.13.157 - - [04/Oct/2021:10:50:43 -0500] "GET /galeria/galeria/jquery.fancybox.css?v=2.1.5 HTTP/1.1" 200 4895
181.53.13.157 - - [04/Oct/2021:10:50:43 -0500] "GET /BLA/boletinlegal/js/jquery.scrollShow.js HTTP/1.1" 200 4586
191.95.19.179 - - [04/Oct/2021:10:50:44 -0500] "GET /BLA/boletinlegal/js/jquery.scrollShow.js HTTP/1.1" 200 4586
191.95.19.179 - - [04/Oct/2021:10:50:44 -0500] "GET /galeria/galeria/jquery.fancybox.js?v=2.1.5 HTTP/1.1" 200 48706
191.95.19.179 - - [04/Oct/2021:10:50:44 -0500] "GET /galeria/galeria/jquery.fancybox.css?v=2.1.5 HTTP/1.1" 200 4895
178.63.20.95 - - [04/Oct/2021:10:50:53 -0500] "GET /BLA/resoluciones/AUTOS%202007/2307.pdf HTTP/1.1" 200 136965
181.56.190.41 - - [04/Oct/2021:10:51:05 -0500] "GET /galeria/galeria/jquery.fancybox.css?v=2.1.5 HTTP/1.1" 200 4895
178.63.20.95 - - [04/Oct/2021:10:51:05 -0500] "GET /BLA/resoluciones/AUTOS%202007/0539.pdf HTTP/1.1" 200 167936
181.56.190.41 - - [04/Oct/2021:10:51:05 -0500] "GET /BLA/boletinlegal/js/jquery.scrollShow.js HTTP/1.1" 200 4586
181.56.190.41 - - [04/Oct/2021:10:51:05 -0500] "GET /galeria/galeria/jquery.fancybox.js?v=2.1.5 HTTP/1.1" 200 48706
201.245.192.253 - - [04/Oct/2021:10:51:10 -0500] "GET /catalogoisis/ HTTP/1.1" 200 8575
178.63.20.95 - - [04/Oct/2021:10:51:16 -0500] "GET /BLA/resoluciones/AUTOS%202007/0815.pdf HTTP/1.1" 200 159713
178.63.20.95 - - [04/Oct/2021:10:51:29 -0500] "GET /BLA/resoluciones/AUTOS%202007/2848.pdf HTTP/1.1" 200 211167
186.77.136.130 - - [04/Oct/2021:10:51:38 -0500] "GET /galeria/galeria/jquery.fancybox.css?v=2.1.5 HTTP/1.1" 200 4895
190.157.162.202 - - [04/Oct/2021:10:51:42 -0500] "POST /sipse/faces/presentacion/financiero/solicitudProceso/listarSolicitudProceso.xhtml HTTP/1.1" 200 30854
178.63.20.95 - - [04/Oct/2021:10:51:44 -0500] "GET /BLA/resoluciones/AUTOS%202007/2961.pdf HTTP/1.1" 200 69763
178.63.20.95 - - [04/Oct/2021:10:51:54 -0500] "GET /BLA/resoluciones/AUTOS%202007/2893.pdf HTTP/1.1" 200 123734
181.61.205.33 - - [04/Oct/2021:10:51:56 -0500] "GET /galeria/galeria/jquery.fancybox.css?v=2.1.5 HTTP/1.1" 200 4895
181.61.205.33 - - [04/Oct/2021:10:51:56 -0500] "GET /BLA/boletinlegal/js/jquery.scrollShow.js HTTP/1.1" 200 4586
181.61.205.33 - - [04/Oct/2021:10:51:56 -0500] "GET /galeria/galeria/jquery.fancybox.js?v=2.1.5 HTTP/1.1" 200 48706
178.63.20.95 - - [04/Oct/2021:10:52:05 -0500] "GET /BLA/resoluciones/AUTOS%202007/1919.pdf HTTP/1.1" 200 90400
201.245.192.253 - - [04/Oct/2021:10:52:11 -0500] "GET /catalogoisis/ HTTP/1.1" 200 8575
178.63.20.95 - - [04/Oct/2021:10:52:17 -0500] "GET /BLA/resoluciones/AUTOS%202007/0063.pdf HTTP/1.1" 200 47747
190.71.136.66 - - [04/Oct/2021:10:52:18 -0500] "GET /StormSDA/user.jnlp HTTP/1.1" 200 1420
190.71.136.66 - - [04/Oct/2021:10:52:23 -0500] "GET /stormWeb/ HTTP/1.1" 404 1260
190.71.136.66 - - [04/Oct/2021:10:52:23 -0500] "GET /favicon.ico HTTP/1.1" 200 7782
178.63.20.95 - - [04/Oct/2021:10:52:26 -0500] "GET /BLA/resoluciones/AUTOS%202007/3658.pdf HTTP/1.1" 200 317841
178.63.20.95 - - [04/Oct/2021:10:52:36 -0500] "GET /BLA/resoluciones/AUTOS%202007/2227.pdf HTTP/1.1" 200 131378
186.87.76.51 - - [04/Oct/2021:10:52:37 -0500] "POST /sipse/faces/presentacion/financiero/solicitudProceso/listarSolicitudProceso.xhtml HTTP/1.1" 200 58943
186.87.76.51 - - [04/Oct/2021:10:52:37 -0500] "GET /sipse/faces/javax.faces.resource/theme.css?ln=primefaces-sipse HTTP/1.1" 304 -
186.87.76.51 - - [04/Oct/2021:10:52:37 -0500] "GET /sipse/faces/javax.faces.resource/primefaces.css?ln=primefaces&v=4.0 HTTP/1.1" 304 -
186.87.76.51 - - [04/Oct/2021:10:52:37 -0500] "GET /sipse/faces/javax.faces.resource/layout/layout.css?ln=primefaces&v=4.0 HTTP/1.1" 304 -
186.87.76.51 - - [04/Oct/2021:10:52:37 -0500] "GET /sipse/css/imagen/contrasena.png HTTP/1.1" 404 383
186.87.76.51 - - [04/Oct/2021:10:52:37 -0500] "GET /sipse/faces/javax.faces.resource/jquery/jquery.js?ln=primefaces&v=4.0 HTTP/1.1" 304 -
186.87.76.51 - - [04/Oct/2021:10:52:37 -0500] "GET /sipse/faces/javax.faces.resource/jquery/jquery-plugins.js?ln=primefaces&v=4.0 HTTP/1.1" 304 -
186.87.76.51 - - [04/Oct/2021:10:52:37 -0500] "GET /sipse/faces/javax.faces.resource/primefaces.js?ln=primefaces&v=4.0 HTTP/1.1" 304 -
186.87.76.51 - - [04/Oct/2021:10:52:37 -0500] "GET /sipse/faces/javax.faces.resource/layout/layout.js?ln=primefaces&v=4.0 HTTP/1.1" 304 -
186.170.70.204 - - [04/Oct/2021:10:52:39 -0500] "GET /galeria/galeria/jquery.fancybox.css?v=2.1.5 HTTP/1.1" 200 4895
186.170.70.204 - - [04/Oct/2021:10:52:40 -0500] "GET /BLA/boletinlegal/js/jquery.scrollShow.js HTTP/1.1" 200 4586
186.170.70.204 - - [04/Oct/2021:10:52:40 -0500] "GET /galeria/galeria/jquery.fancybox.js?v=2.1.5 HTTP/1.1" 200 48706
186.87.76.51 - - [04/Oct/2021:10:52:43 -0500] "GET /sipse/faces/javax.faces.resource/images/ui-bg_flat_0_2d5972_40x100.png?ln=primefaces-aristo HTTP/1.1" 304 -
186.87.76.51 - - [04/Oct/2021:10:52:43 -0500] "POST /sipse/faces/presentacion/financiero/solicitudProceso/crearModificarSolicitudProceso.xhtml HTTP/1.1" 200 27405
178.63.20.95 - - [04/Oct/2021:10:52:47 -0500] "GET /BLA/resoluciones/AUTOS%202007/3282.pdf HTTP/1.1" 200 198682
200.118.62.130 - - [04/Oct/2021:10:52:54 -0500] "GET /BLA/boletinlegal/js/jquery.scrollShow.js HTTP/1.1" 200 4586
200.118.62.130 - - [04/Oct/2021:10:52:54 -0500] "GET /galeria/galeria/jquery.fancybox.css?v=2.1.5 HTTP/1.1" 200 4895
200.118.62.130 - - [04/Oct/2021:10:52:54 -0500] "GET /galeria/galeria/jquery.fancybox.js?v=2.1.5 HTTP/1.1" 200 48706
181.49.51.70 - - [04/Oct/2021:10:52:57 -0500] "GET /galeria/galeria/jquery.fancybox.js?v=2.1.5 HTTP/1.1" 200 48706
181.49.51.70 - - [04/Oct/2021:10:52:57 -0500] "GET /galeria/galeria/jquery.fancybox.css?v=2.1.5 HTTP/1.1" 200 4895
181.49.51.70 - - [04/Oct/2021:10:52:57 -0500] "GET /BLA/boletinlegal/js/jquery.scrollShow.js HTTP/1.1" 200 4586
186.87.76.51 - - [04/Oct/2021:10:53:04 -0500] "POST /sipse/faces/presentacion/financiero/solicitudProceso/crearModificarSolicitudProceso.xhtml HTTP/1.1" 200 10095
204.199.101.154 - - [04/Oct/2021:10:53:07 -0500] "GET /galeria/galeria/jquery.fancybox.css?v=2.1.5 HTTP/1.1" 200 4895
204.199.101.154 - - [04/Oct/2021:10:53:07 -0500] "GET /galeria/galeria/jquery.fancybox.js?v=2.1.5 HTTP/1.1" 200 48706
204.199.101.154 - - [04/Oct/2021:10:53:07 -0500] "GET /BLA/boletinlegal/js/jquery.scrollShow.js HTTP/1.1" 200 4586
201.245.192.253 - - [04/Oct/2021:10:53:11 -0500] "GET /catalogoisis/ HTTP/1.1" 200 8575
181.49.80.219 - - [04/Oct/2021:10:53:12 -0500] "GET /galeria/galeria/jquery.fancybox.js?v=2.1.5 HTTP/1.1" 200 48706
181.49.80.219 - - [04/Oct/2021:10:53:12 -0500] "GET /galeria/galeria/jquery.fancybox.css?v=2.1.5 HTTP/1.1" 200 4895
181.49.80.219 - - [04/Oct/2021:10:53:12 -0500] "GET /BLA/boletinlegal/js/jquery.scrollShow.js HTTP/1.1" 200 4586
192.168.168.46 - - [04/Oct/2021:10:53:13 -0500] "GET /BLA/boletinlegal/consulta_actos.php?tipo=autos&no=4562&usuario=&sector=&fecha=2012&resuelve= HTTP/1.1" 200 626
178.63.20.95 - - [04/Oct/2021:10:53:15 -0500] "GET /BLA/resoluciones/AUTOS%202007/1645.pdf HTTP/1.1" 200 170549
192.168.168.46 - - [04/Oct/2021:10:53:15 -0500] "GET /BLA/boletinlegal/consulta_actos.php?tipo=autos&no=4562&usuario=&sector=&fecha=2012&resuelve= HTTP/1.1" 200 626
192.168.168.46 - - [04/Oct/2021:10:53:15 -0500] "GET /BLA/boletinlegal/consulta_actos.php?tipo=autos&no=4562&usuario=&sector=&fecha=2012&resuelve= HTTP/1.1" 200 626
192.168.168.46 - - [04/Oct/2021:10:53:16 -0500] "GET /BLA/boletinlegal/consulta_actos.php?tipo=autos&no=4562&usuario=&sector=&fecha=2012&resuelve= HTTP/1.1" 200 626
186.87.76.51 - - [04/Oct/2021:10:53:21 -0500] "GET /sipse/faces/presentacion/financiero/solicitudProceso/crearModificarSolicitudProceso.xhtml HTTP/1.1" 200 64420
186.87.76.51 - - [04/Oct/2021:10:53:31 -0500] "POST /sipse/faces/presentacion/financiero/solicitudProceso/crearModificarSolicitudProceso.xhtml HTTP/1.1" 200 24671
186.87.76.51 - - [04/Oct/2021:10:53:31 -0500] "GET /sipse/faces/javax.faces.resource/theme.css?ln=primefaces-sipse HTTP/1.1" 304 -
186.87.76.51 - - [04/Oct/2021:10:53:31 -0500] "GET /sipse/faces/javax.faces.resource/primefaces.css?ln=primefaces&v=4.0 HTTP/1.1" 304 -
186.87.76.51 - - [04/Oct/2021:10:53:31 -0500] "GET /sipse/faces/javax.faces.resource/layout/layout.css?ln=primefaces&v=4.0 HTTP/1.1" 304 -
186.87.76.51 - - [04/Oct/2021:10:53:31 -0500] "GET /sipse/faces/javax.faces.resource/jquery/jquery-plugins.js?ln=primefaces&v=4.0 HTTP/1.1" 304 -
186.87.76.51 - - [04/Oct/2021:10:53:31 -0500] "GET /sipse/faces/javax.faces.resource/jquery/jquery.js?ln=primefaces&v=4.0 HTTP/1.1" 304 -
186.87.76.51 - - [04/Oct/2021:10:53:31 -0500] "GET /sipse/faces/javax.faces.resource/primefaces.js?ln=primefaces&v=4.0 HTTP/1.1" 304 -
