186.87.76.51 - - [04/Oct/2021:07:17:29 -0500] "POST /sipse/faces/presentacion/contratacion/procesoContractual/registrarInvitacionContratista.xhtml HTTP/1.1" 200 9694
201.245.192.253 - - [04/Oct/2021:07:17:33 -0500] "GET /catalogoisis/ HTTP/1.1" 200 8575
5.9.18.115 - - [04/Oct/2021:07:17:36 -0500] "GET /BLA/resoluciones/AUTOS%202007/1555.pdf HTTP/1.1" 200 32062
186.87.76.51 - - [04/Oct/2021:07:17:36 -0500] "POST /sipse/faces/presentacion/contratacion/procesoContractual/registrarInvitacionContratista.xhtml HTTP/1.1" 200 8054
186.87.76.51 - - [04/Oct/2021:07:17:36 -0500] "GET /sipse/faces/javax.faces.resource/messages/messages.png?ln=primefaces&v=4.0 HTTP/1.1" 304 -
186.87.76.51 - - [04/Oct/2021:07:17:37 -0500] "POST /sipse/faces/presentacion/contratacion/procesoContractual/registrarInvitacionContratista.xhtml HTTP/1.1" 200 66633
186.87.76.51 - - [04/Oct/2021:07:17:41 -0500] "GET /sipse/faces/javax.faces.resource/theme.css?ln=primefaces-sipse HTTP/1.1" 304 -
186.87.76.51 - - [04/Oct/2021:07:17:41 -0500] "GET /sipse/faces/javax.faces.resource/primefaces.css?ln=primefaces&v=4.0 HTTP/1.1" 304 -
186.87.76.51 - - [04/Oct/2021:07:17:41 -0500] "GET /sipse/faces/javax.faces.resource/layout/layout.css?ln=primefaces&v=4.0 HTTP/1.1" 304 -
186.87.76.51 - - [04/Oct/2021:07:17:41 -0500] "GET /sipse/faces/javax.faces.resource/jquery/jquery.js?ln=primefaces&v=4.0 HTTP/1.1" 304 -
186.87.76.51 - - [04/Oct/2021:07:17:41 -0500] "GET /sipse/faces/javax.faces.resource/primefaces.js?ln=primefaces&v=4.0 HTTP/1.1" 304 -
186.87.76.51 - - [04/Oct/2021:07:17:41 -0500] "GET /sipse/faces/javax.faces.resource/jquery/jquery-plugins.js?ln=primefaces&v=4.0 HTTP/1.1" 304 -
186.87.76.51 - - [04/Oct/2021:07:17:41 -0500] "GET /sipse/faces/javax.faces.resource/layout/layout.js?ln=primefaces&v=4.0 HTTP/1.1" 304 -
186.87.76.51 - - [04/Oct/2021:07:17:41 -0500] "GET /sipse/css/imagen/contrasena.png HTTP/1.1" 404 383
186.87.76.51 - - [04/Oct/2021:07:17:41 -0500] "GET /sipse/faces/javax.faces.resource/spacer/dot_clear.gif?ln=primefaces&v=4.0 HTTP/1.1" 304 -
186.87.76.51 - - [04/Oct/2021:07:17:41 -0500] "GET /sipse/faces/javax.faces.resource/images/ui-icons_898989_256x240.png?ln=primefaces-aristo HTTP/1.1" 304 -
190.24.59.250 - - [04/Oct/2021:07:17:53 -0500] "GET /galeria/galeria/jquery.fancybox.css?v=2.1.5 HTTP/1.1" 200 4895
190.24.59.250 - - [04/Oct/2021:07:17:53 -0500] "GET /BLA/boletinlegal/js/jquery.scrollShow.js HTTP/1.1" 200 4586
190.24.59.250 - - [04/Oct/2021:07:17:53 -0500] "GET /galeria/galeria/jquery.fancybox.js?v=2.1.5 HTTP/1.1" 200 48706
190.24.59.250 - - [04/Oct/2021:07:17:53 -0500] "GET /galeria/carrusel/Carrusel/jquery.thumbnailScroller.css HTTP/1.1" 200 2066
190.24.59.250 - - [04/Oct/2021:07:17:53 -0500] "GET /galeria/carrusel/Carrusel/jquery-ui-1.8.13.custom.min.js HTTP/1.1" 200 10800
190.24.59.250 - - [04/Oct/2021:07:17:53 -0500] "GET /galeria/carrusel/Carrusel/jquery.thumbnailScroller.js HTTP/1.1" 200 8157
190.24.59.250 - - [04/Oct/2021:07:17:54 -0500] "GET /galeria/nivo-slider/demo/demo.html HTTP/1.1" 404 1260
5.9.18.115 - - [04/Oct/2021:07:18:07 -0500] "GET /BLA/resoluciones/AUTOS%202007/3026.pdf HTTP/1.1" 200 73050
201.245.192.253 - - [04/Oct/2021:07:18:34 -0500] "GET /catalogoisis/ HTTP/1.1" 200 8575
5.9.18.115 - - [04/Oct/2021:07:18:38 -0500] "GET /BLA/resoluciones/AUTOS%202007/3226.pdf HTTP/1.1" 200 115594
5.9.18.115 - - [04/Oct/2021:07:19:09 -0500] "GET /BLA/resoluciones/AUTOS%202007/3095.pdf HTTP/1.1" 200 372168
152.206.232.163 - - [04/Oct/2021:07:19:11 -0500] "GET /galeria/galeria/jquery.fancybox.css?v=2.1.5 HTTP/1.1" 200 4895
152.206.208.163 - - [04/Oct/2021:07:19:11 -0500] "GET /BLA/boletinlegal/js/jquery.scrollShow.js HTTP/1.1" 200 4586
152.206.208.163 - - [04/Oct/2021:07:19:11 -0500] "GET /galeria/galeria/jquery.fancybox.js?v=2.1.5 HTTP/1.1" 200 48706
186.87.76.51 - - [04/Oct/2021:07:19:26 -0500] "GET /sipse/faces/javax.faces.resource/images/ui-bg_flat_0_2d5972_40x100.png?ln=primefaces-aristo HTTP/1.1" 304 -
186.87.76.51 - - [04/Oct/2021:07:19:26 -0500] "POST /sipse/faces/presentacion/contratacion/contratista/crearModificarContratista.xhtml HTTP/1.1" 200 8132
186.87.76.51 - - [04/Oct/2021:07:19:27 -0500] "POST /sipse/faces/presentacion/contratacion/contratista/crearModificarContratista.xhtml HTTP/1.1" 200 9739
201.245.192.253 - - [04/Oct/2021:07:19:34 -0500] "GET /catalogoisis/ HTTP/1.1" 200 8575
5.9.18.115 - - [04/Oct/2021:07:19:40 -0500] "GET /BLA/resoluciones/AUTOS%202007/2936.pdf HTTP/1.1" 200 315900
191.146.194.171 - - [04/Oct/2021:07:19:51 -0500] "GET /galeria/galeria/jquery.fancybox.css?v=2.1.5 HTTP/1.1" 200 4895
191.146.194.171 - - [04/Oct/2021:07:19:51 -0500] "GET /galeria/galeria/jquery.fancybox.js?v=2.1.5 HTTP/1.1" 200 48706
216.245.221.92 - - [04/Oct/2021:07:20:04 -0500] "HEAD / HTTP/1.1" 200 -
5.9.18.115 - - [04/Oct/2021:07:20:11 -0500] "GET /BLA/resoluciones/AUTOS%202007/1933.pdf HTTP/1.1" 200 68743
186.87.76.51 - - [04/Oct/2021:07:20:17 -0500] "POST /sipse/faces/presentacion/contratacion/contratista/crearModificarContratista.xhtml HTTP/1.1" 200 36572
201.245.192.253 - - [04/Oct/2021:07:20:34 -0500] "GET /catalogoisis/ HTTP/1.1" 200 8575
5.9.18.115 - - [04/Oct/2021:07:20:41 -0500] "GET /BLA/resoluciones/AUTOS%202007/0151.pdf HTTP/1.1" 200 244517
190.90.225.19 - - [04/Oct/2021:07:20:50 -0500] "GET /galeria/galeria/jquery.fancybox.css?v=2.1.5 HTTP/1.1" 200 4895
190.90.225.19 - - [04/Oct/2021:07:20:50 -0500] "GET /BLA/boletinlegal/js/jquery.scrollShow.js HTTP/1.1" 200 4586
190.90.225.19 - - [04/Oct/2021:07:20:50 -0500] "GET /galeria/galeria/jquery.fancybox.js?v=2.1.5 HTTP/1.1" 200 48706
186.102.61.59 - - [04/Oct/2021:07:20:56 -0500] "GET /BLA/boletinlegal/js/jquery.scrollShow.js HTTP/1.1" 200 4586
186.102.61.59 - - [04/Oct/2021:07:20:56 -0500] "GET /galeria/galeria/jquery.fancybox.js?v=2.1.5 HTTP/1.1" 200 48706
186.102.61.59 - - [04/Oct/2021:07:20:56 -0500] "GET /galeria/galeria/jquery.fancybox.css?v=2.1.5 HTTP/1.1" 200 4895
186.0.74.134 - - [04/Oct/2021:07:21:02 -0500] "GET /galeria/galeria/jquery.fancybox.css?v=2.1.5 HTTP/1.1" 200 4895
186.0.74.134 - - [04/Oct/2021:07:21:02 -0500] "GET /BLA/boletinlegal/js/jquery.scrollShow.js HTTP/1.1" 200 4586
186.0.74.134 - - [04/Oct/2021:07:21:02 -0500] "GET /galeria/galeria/jquery.fancybox.js?v=2.1.5 HTTP/1.1" 200 48706
186.87.76.51 - - [04/Oct/2021:07:21:09 -0500] "POST /sipse/faces/presentacion/contratacion/contratista/crearModificarContratista.xhtml HTTP/1.1" 200 33996
186.87.76.51 - - [04/Oct/2021:07:21:09 -0500] "GET /sipse/faces/javax.faces.resource/theme.css?ln=primefaces-sipse HTTP/1.1" 304 -
186.87.76.51 - - [04/Oct/2021:07:21:09 -0500] "GET /sipse/faces/javax.faces.resource/primefaces.css?ln=primefaces&v=4.0 HTTP/1.1" 304 -
186.87.76.51 - - [04/Oct/2021:07:21:09 -0500] "GET /sipse/faces/javax.faces.resource/layout/layout.css?ln=primefaces&v=4.0 HTTP/1.1" 304 -
186.87.76.51 - - [04/Oct/2021:07:21:09 -0500] "GET /sipse/faces/javax.faces.resource/jquery/jquery.js?ln=primefaces&v=4.0 HTTP/1.1" 304 -
186.87.76.51 - - [04/Oct/2021:07:21:09 -0500] "GET /sipse/faces/javax.faces.resource/jquery/jquery-plugins.js?ln=primefaces&v=4.0 HTTP/1.1" 304 -
186.87.76.51 - - [04/Oct/2021:07:21:09 -0500] "GET /sipse/faces/javax.faces.resource/primefaces.js?ln=primefaces&v=4.0 HTTP/1.1" 304 -
186.87.76.51 - - [04/Oct/2021:07:21:09 -0500] "GET /sipse/faces/javax.faces.resource/layout/layout.js?ln=primefaces&v=4.0 HTTP/1.1" 304 -
186.87.76.51 - - [04/Oct/2021:07:21:10 -0500] "GET /sipse/css/imagen/contrasena.png HTTP/1.1" 404 383
186.87.76.51 - - [04/Oct/2021:07:21:10 -0500] "GET /sipse/faces/javax.faces.resource/messages/messages.png?ln=primefaces&v=4.0 HTTP/1.1" 304 -
186.87.76.51 - - [04/Oct/2021:07:21:12 -0500] "POST /sipse/faces/presentacion/contratacion/procesoContractual/registrarInvitacionContratista.xhtml HTTP/1.1" 200 42013
186.87.76.51 - - [04/Oct/2021:07:21:12 -0500] "GET /sipse/faces/javax.faces.resource/theme.css?ln=primefaces-sipse HTTP/1.1" 304 -
186.87.76.51 - - [04/Oct/2021:07:21:12 -0500] "GET /sipse/faces/javax.faces.resource/primefaces.css?ln=primefaces&v=4.0 HTTP/1.1" 304 -
186.87.76.51 - - [04/Oct/2021:07:21:12 -0500] "GET /sipse/faces/javax.faces.resource/layout/layout.css?ln=primefaces&v=4.0 HTTP/1.1" 304 -
186.87.76.51 - - [04/Oct/2021:07:21:12 -0500] "GET /sipse/faces/javax.faces.resource/jquery/jquery.js?ln=primefaces&v=4.0 HTTP/1.1" 304 -
186.87.76.51 - - [04/Oct/2021:07:21:12 -0500] "GET /sipse/faces/javax.faces.resource/jquery/jquery-plugins.js?ln=primefaces&v=4.0 HTTP/1.1" 304 -
186.87.76.51 - - [04/Oct/2021:07:21:12 -0500] "GET /sipse/faces/javax.faces.resource/primefaces.js?ln=primefaces&v=4.0 HTTP/1.1" 304 -
186.87.76.51 - - [04/Oct/2021:07:21:12 -0500] "GET /sipse/faces/javax.faces.resource/layout/layout.js?ln=primefaces&v=4.0 HTTP/1.1" 304 -
186.87.76.51 - - [04/Oct/2021:07:21:12 -0500] "GET /sipse/css/imagen/contrasena.png HTTP/1.1" 404 383
5.9.18.115 - - [04/Oct/2021:07:21:15 -0500] "GET /BLA/resoluciones/AUTOS%202007/1870.pdf HTTP/1.1" 200 273611
186.86.33.238 - - [04/Oct/2021:07:21:25 -0500] "GET /galeria/galeria/jquery.fancybox.css?v=2.1.5 HTTP/1.1" 200 4895
186.86.33.238 - - [04/Oct/2021:07:21:25 -0500] "GET /galeria/galeria/jquery.fancybox.js?v=2.1.5 HTTP/1.1" 200 48706
186.86.33.238 - - [04/Oct/2021:07:21:25 -0500] "GET /BLA/boletinlegal/js/jquery.scrollShow.js HTTP/1.1" 200 4586
201.245.192.253 - - [04/Oct/2021:07:20:42 -0500] "POST /kwsrmcab/Wsrmcab HTTP/1.1" 200 47258
191.146.194.171 - - [04/Oct/2021:07:21:32 -0500] "GET /galeria/galeria/jquery.fancybox.css?v=2.1.5 HTTP/1.1" 200 4895
191.146.194.171 - - [04/Oct/2021:07:21:32 -0500] "GET /galeria/galeria/jquery.fancybox.js?v=2.1.5 HTTP/1.1" 200 48706
201.245.192.253 - - [04/Oct/2021:07:21:35 -0500] "GET /catalogoisis/ HTTP/1.1" 200 8575
5.9.18.115 - - [04/Oct/2021:07:21:45 -0500] "GET /BLA/resoluciones/AUTOS%202007/3322.pdf HTTP/1.1" 200 91725
190.146.131.72 - - [04/Oct/2021:07:22:14 -0500] "GET /galeria/galeria/jquery.fancybox.css?v=2.1.5 HTTP/1.1" 200 4895
190.146.131.72 - - [04/Oct/2021:07:22:14 -0500] "GET /BLA/boletinlegal/js/jquery.scrollShow.js HTTP/1.1" 200 4586
190.146.131.72 - - [04/Oct/2021:07:22:14 -0500] "GET /galeria/galeria/jquery.fancybox.js?v=2.1.5 HTTP/1.1" 200 48706
5.9.18.115 - - [04/Oct/2021:07:22:15 -0500] "GET /BLA/resoluciones/AUTOS%202007/3531.pdf HTTP/1.1" 200 418120
201.245.192.253 - - [04/Oct/2021:07:21:29 -0500] "POST /kwsrmcab/Wsrmcab HTTP/1.1" 200 47765
138.94.121.206 - - [04/Oct/2021:07:22:23 -0500] "GET /BLA/boletinlegal/js/jquery.scrollShow.js HTTP/1.1" 200 4586
138.94.121.206 - - [04/Oct/2021:07:22:23 -0500] "GET /galeria/galeria/jquery.fancybox.css?v=2.1.5 HTTP/1.1" 200 4895
138.94.121.206 - - [04/Oct/2021:07:22:23 -0500] "GET /galeria/galeria/jquery.fancybox.js?v=2.1.5 HTTP/1.1" 200 48706
190.27.245.107 - - [04/Oct/2021:07:22:29 -0500] "GET /sipse/ HTTP/1.1" 302 -
201.245.192.253 - - [04/Oct/2021:07:22:29 -0500] "GET /sipse/faces/autenticacion.xhtml HTTP/1.1" 200 12500
201.245.192.253 - - [04/Oct/2021:07:22:29 -0500] "GET /sipse/js/disable_browser_buttons.js HTTP/1.1" 304 -
201.245.192.253 - - [04/Oct/2021:07:22:29 -0500] "GET /sipse/css/custom_css_sg.css HTTP/1.1" 304 -
201.245.192.253 - - [04/Oct/2021:07:22:29 -0500] "GET /sipse/css/custom_css_sg_prime_login.css HTTP/1.1" 304 -
201.245.192.253 - - [04/Oct/2021:07:22:29 -0500] "GET /sipse/js/funciones.js HTTP/1.1" 304 -
201.245.192.253 - - [04/Oct/2021:07:22:29 -0500] "GET /sipse/faces/javax.faces.resource/theme.css?ln=primefaces-sipse HTTP/1.1" 304 -
201.245.192.253 - - [04/Oct/2021:07:22:29 -0500] "GET /sipse/faces/javax.faces.resource/layout/layout.css;jsessionid=F6P7INAwXq8y2+Ed-edQHaMs.undefined?ln=primefaces&v=4.0 HTTP/1.1" 200 542
201.245.192.253 - - [04/Oct/2021:07:22:29 -0500] "GET /sipse/faces/javax.faces.resource/layout/layout.js;jsessionid=F6P7INAwXq8y2+Ed-edQHaMs.undefined?ln=primefaces&v=4.0 HTTP/1.1" 200 87560
201.245.192.253 - - [04/Oct/2021:07:22:29 -0500] "GET /sipse/faces/javax.faces.resource/jquery/jquery-plugins.js;jsessionid=F6P7INAwXq8y2+Ed-edQHaMs.undefined?ln=primefaces&v=4.0 HTTP/1.1" 200 220526
201.245.192.253 - - [04/Oct/2021:07:22:29 -0500] "GET /sipse/faces/javax.faces.resource/primefaces.css;jsessionid=F6P7INAwXq8y2+Ed-edQHaMs.undefined?ln=primefaces&v=4.0 HTTP/1.1" 200 53295
201.245.192.253 - - [04/Oct/2021:07:22:29 -0500] "GET /sipse/faces/javax.faces.resource/jquery/jquery.js;jsessionid=F6P7INAwXq8y2+Ed-edQHaMs.undefined?ln=primefaces&v=4.0 HTTP/1.1" 200 105384
201.245.192.253 - - [04/Oct/2021:07:22:29 -0500] "GET /sipse/faces/javax.faces.resource/primefaces.js;jsessionid=F6P7INAwXq8y2+Ed-edQHaMs.undefined?ln=primefaces&v=4.0 HTTP/1.1" 200 276924
201.245.192.253 - - [04/Oct/2021:07:22:29 -0500] "GET /sipse/css/imagen/logoSDG.png HTTP/1.1" 304 -
201.245.192.253 - - [04/Oct/2021:07:22:29 -0500] "GET /sipse/css/imagen/loginimg.png HTTP/1.1" 304 -
201.245.192.253 - - [04/Oct/2021:07:22:29 -0500] "GET /sipse/faces/javax.faces.resource/images/ui-icons_898989_256x240.png?ln=primefaces-aristo HTTP/1.1" 304 -
201.245.192.253 - - [04/Oct/2021:07:22:29 -0500] "GET /sipse/faces/index.xhtml HTTP/1.1" 200 677
201.245.192.253 - - [04/Oct/2021:07:22:29 -0500] "GET /sipse/faces/javax.faces.resource/theme.css?ln=primefaces-sipse HTTP/1.1" 304 -
201.245.192.253 - - [04/Oct/2021:07:22:29 -0500] "GET /sipse/faces/faces/autenticacion.xhtml HTTP/1.1" 200 12178
201.245.192.253 - - [04/Oct/2021:07:22:29 -0500] "GET /sipse/faces/javax.faces.resource/theme.css?ln=primefaces-sipse HTTP/1.1" 304 -
201.245.192.253 - - [04/Oct/2021:07:22:29 -0500] "GET /sipse/faces/javax.faces.resource/primefaces.css?ln=primefaces&v=4.0 HTTP/1.1" 304 -
201.245.192.253 - - [04/Oct/2021:07:22:29 -0500] "GET /sipse/faces/javax.faces.resource/layout/layout.css?ln=primefaces&v=4.0 HTTP/1.1" 304 -
201.245.192.253 - - [04/Oct/2021:07:22:29 -0500] "GET /sipse/faces/javax.faces.resource/jquery/jquery.js?ln=primefaces&v=4.0 HTTP/1.1" 304 -
201.245.192.253 - - [04/Oct/2021:07:22:29 -0500] "GET /sipse/faces/javax.faces.resource/jquery/jquery-plugins.js?ln=primefaces&v=4.0 HTTP/1.1" 304 -
201.245.192.253 - - [04/Oct/2021:07:22:29 -0500] "GET /sipse/faces/javax.faces.resource/primefaces.js?ln=primefaces&v=4.0 HTTP/1.1" 304 -
201.245.192.253 - - [04/Oct/2021:07:22:29 -0500] "GET /sipse/faces/javax.faces.resource/layout/layout.js?ln=primefaces&v=4.0 HTTP/1.1" 304 -
201.245.192.253 - - [04/Oct/2021:07:22:37 -0500] "POST /sipse/faces/autenticacion.xhtml HTTP/1.1" 200 15848
201.245.192.253 - - [04/Oct/2021:07:22:37 -0500] "GET /sipse/css/custom_css_sg_prime.css HTTP/1.1" 304 -
201.245.192.253 - - [04/Oct/2021:07:22:37 -0500] "GET /sipse/faces/javax.faces.resource/theme.css?ln=primefaces-sipse HTTP/1.1" 304 -
201.245.192.253 - - [04/Oct/2021:07:22:37 -0500] "GET /sipse/faces/javax.faces.resource/primefaces.css?ln=primefaces&v=4.0 HTTP/1.1" 304 -
201.245.192.253 - - [04/Oct/2021:07:22:37 -0500] "GET /sipse/faces/javax.faces.resource/layout/layout.css?ln=primefaces&v=4.0 HTTP/1.1" 304 -
201.245.192.253 - - [04/Oct/2021:07:22:37 -0500] "GET /sipse/js/jquery.min.js HTTP/1.1" 304 -
201.245.192.253 - - [04/Oct/2021:07:22:37 -0500] "GET /sipse/faces/javax.faces.resource/jquery/jquery.js?ln=primefaces&v=4.0 HTTP/1.1" 304 -
201.245.192.253 - - [04/Oct/2021:07:22:37 -0500] "GET /sipse/faces/javax.faces.resource/jquery/jquery-plugins.js?ln=primefaces&v=4.0 HTTP/1.1" 304 -
201.245.192.253 - - [04/Oct/2021:07:22:37 -0500] "GET /sipse/faces/javax.faces.resource/primefaces.js?ln=primefaces&v=4.0 HTTP/1.1" 304 -
201.245.192.253 - - [04/Oct/2021:07:22:37 -0500] "GET /sipse/faces/javax.faces.resource/layout/layout.js?ln=primefaces&v=4.0 HTTP/1.1" 304 -
201.245.192.253 - - [04/Oct/2021:07:22:37 -0500] "GET /sipse/imagenes/cargando.gif HTTP/1.1" 304 -
201.245.192.253 - - [04/Oct/2021:07:22:37 -0500] "GET /sipse/imagenes/logoAplicacion.jpg HTTP/1.1" 304 -
201.245.192.253 - - [04/Oct/2021:07:22:37 -0500] "GET /sipse/css/imagen/contrasena.png HTTP/1.1" 404 383
201.245.192.253 - - [04/Oct/2021:07:22:37 -0500] "GET /sipse/faces/javax.faces.resource/messages/messages.png?ln=primefaces&v=4.0 HTTP/1.1" 304 -
201.245.192.253 - - [04/Oct/2021:07:22:38 -0500] "GET /catalogoisis/ HTTP/1.1" 200 8575
201.245.192.253 - - [04/Oct/2021:07:22:39 -0500] "GET /sipse/faces/javax.faces.resource/images/ui-bg_flat_0_2d5972_40x100.png?ln=primefaces-aristo HTTP/1.1" 304 -
201.245.192.253 - - [04/Oct/2021:07:22:39 -0500] "POST /sipse/faces/bienvenido.xhtml HTTP/1.1" 200 1471
201.245.192.253 - - [04/Oct/2021:07:22:43 -0500] "POST /sipse/faces/bienvenido.xhtml HTTP/1.1" 200 58076
201.245.192.253 - - [04/Oct/2021:07:22:43 -0500] "GET /sipse/faces/javax.faces.resource/theme.css?ln=primefaces-sipse HTTP/1.1" 304 -
201.245.192.253 - - [04/Oct/2021:07:22:43 -0500] "GET /sipse/faces/javax.faces.resource/primefaces.css?ln=primefaces&v=4.0 HTTP/1.1" 304 -
201.245.192.253 - - [04/Oct/2021:07:22:43 -0500] "GET /sipse/faces/javax.faces.resource/layout/layout.css?ln=primefaces&v=4.0 HTTP/1.1" 304 -
201.245.192.253 - - [04/Oct/2021:07:22:43 -0500] "GET /sipse/faces/javax.faces.resource/jquery/jquery.js?ln=primefaces&v=4.0 HTTP/1.1" 304 -
201.245.192.253 - - [04/Oct/2021:07:22:43 -0500] "GET /sipse/faces/javax.faces.resource/jquery/jquery-plugins.js?ln=primefaces&v=4.0 HTTP/1.1" 304 -
201.245.192.253 - - [04/Oct/2021:07:22:43 -0500] "GET /sipse/faces/javax.faces.resource/primefaces.js?ln=primefaces&v=4.0 HTTP/1.1" 304 -
201.245.192.253 - - [04/Oct/2021:07:22:43 -0500] "GET /sipse/faces/javax.faces.resource/layout/layout.js?ln=primefaces&v=4.0 HTTP/1.1" 304 -
201.245.192.253 - - [04/Oct/2021:07:22:43 -0500] "POST /sipse/faces/presentacion/financiero/solicitudProceso/listarSolicitudProceso.xhtml HTTP/1.1" 200 1448
5.9.18.115 - - [04/Oct/2021:07:22:45 -0500] "GET /BLA/resoluciones/AUTOS%202007/2446.pdf HTTP/1.1" 200 30049
40.77.167.44 - - [04/Oct/2021:07:22:43 -0500] "GET /portaldeninos/que-es-cambio-climatico/ HTTP/1.1" 200 79743
5.9.18.115 - - [04/Oct/2021:07:23:14 -0500] "GET /BLA/resoluciones/AUTOS%202007/2727.pdf HTTP/1.1" 200 58346
201.245.192.253 - - [04/Oct/2021:07:23:38 -0500] "GET /catalogoisis/ HTTP/1.1" 200 8575
5.9.18.115 - - [04/Oct/2021:07:23:40 -0500] "GET /BLA/resoluciones/AUTOS%202007/2016.pdf HTTP/1.1" 200 169789
181.53.13.188 - - [04/Oct/2021:07:23:58 -0500] "GET /galeria/galeria/jquery.fancybox.css?v=2.1.5 HTTP/1.1" 200 4895
181.53.13.188 - - [04/Oct/2021:07:23:58 -0500] "GET /BLA/boletinlegal/js/jquery.scrollShow.js HTTP/1.1" 200 4586
181.53.13.188 - - [04/Oct/2021:07:23:58 -0500] "GET /galeria/galeria/jquery.fancybox.js?v=2.1.5 HTTP/1.1" 200 48706
5.9.18.115 - - [04/Oct/2021:07:24:09 -0500] "GET /BLA/resoluciones/AUTOS%202007/2688.pdf HTTP/1.1" 200 325756
3.15.177.2 - - [04/Oct/2021:07:24:24 -0500] "GET /galeria/galeria/jquery.fancybox.css?v=2.1.5 HTTP/1.1" 200 4895
3.15.177.2 - - [04/Oct/2021:07:24:24 -0500] "GET /BLA/boletinlegal/js/jquery.scrollShow.js HTTP/1.1" 200 4586
3.15.177.2 - - [04/Oct/2021:07:24:24 -0500] "GET /galeria/galeria/jquery.fancybox.js?v=2.1.5 HTTP/1.1" 200 48706
5.9.18.115 - - [04/Oct/2021:07:24:36 -0500] "GET /BLA/resoluciones/AUTOS%202007/0057.pdf HTTP/1.1" 200 179664
201.245.192.253 - - [04/Oct/2021:07:24:38 -0500] "GET /catalogoisis/ HTTP/1.1" 200 8575
190.24.56.26 - - [04/Oct/2021:07:25:02 -0500] "GET /galeria/galeria/jquery.fancybox.css?v=2.1.5 HTTP/1.1" 200 4895
190.24.56.26 - - [04/Oct/2021:07:25:02 -0500] "GET /BLA/boletinlegal/js/jquery.scrollShow.js HTTP/1.1" 200 4586
190.24.56.26 - - [04/Oct/2021:07:25:02 -0500] "GET /galeria/galeria/jquery.fancybox.js?v=2.1.5 HTTP/1.1" 200 48706
5.9.18.115 - - [04/Oct/2021:07:25:02 -0500] "GET /BLA/resoluciones/AUTOS%202007/0129.pdf HTTP/1.1" 200 44639
216.245.221.92 - - [04/Oct/2021:07:25:04 -0500] "HEAD / HTTP/1.1" 200 -
201.245.192.253 - - [04/Oct/2021:07:24:30 -0500] "POST /kwsrmcab/Wsrmcab HTTP/1.1" 200 121152
5.9.18.115 - - [04/Oct/2021:07:25:23 -0500] "GET /BLA/resoluciones/AUTOS%202007/3217.pdf HTTP/1.1" 200 63632
190.27.170.18 - - [04/Oct/2021:07:25:36 -0500] "GET /BLA/boletinlegal/js/jquery.scrollShow.js HTTP/1.1" 200 4586
190.27.170.18 - - [04/Oct/2021:07:25:36 -0500] "GET /galeria/galeria/jquery.fancybox.css?v=2.1.5 HTTP/1.1" 200 4895
190.27.170.18 - - [04/Oct/2021:07:25:36 -0500] "GET /galeria/galeria/jquery.fancybox.js?v=2.1.5 HTTP/1.1" 200 48706
201.245.192.253 - - [04/Oct/2021:07:25:38 -0500] "GET /catalogoisis/ HTTP/1.1" 200 8575
5.9.18.115 - - [04/Oct/2021:07:25:45 -0500] "GET /BLA/resoluciones/AUTOS%202007/0787.pdf HTTP/1.1" 200 59703
157.55.39.170 - - [04/Oct/2021:07:25:54 -0500] "GET /BLA/resoluciones/index.php?dir=AUTOS+2020%2F HTTP/1.1" 200 304641
5.9.18.115 - - [04/Oct/2021:07:26:06 -0500] "GET /BLA/resoluciones/AUTOS%202007/1013.pdf HTTP/1.1" 200 110123
191.156.185.252 - - [04/Oct/2021:07:26:19 -0500] "GET /galeria/galeria/jquery.fancybox.css?v=2.1.5 HTTP/1.1" 200 4895
191.156.185.252 - - [04/Oct/2021:07:26:19 -0500] "GET /BLA/boletinlegal/js/jquery.scrollShow.js HTTP/1.1" 200 4586
191.156.185.81 - - [04/Oct/2021:07:26:19 -0500] "GET /galeria/galeria/jquery.fancybox.js?v=2.1.5 HTTP/1.1" 200 48706
5.9.18.115 - - [04/Oct/2021:07:26:26 -0500] "GET /BLA/resoluciones/AUTOS%202007/1004.pdf HTTP/1.1" 200 114471
201.245.192.253 - - [04/Oct/2021:07:26:39 -0500] "GET /catalogoisis/ HTTP/1.1" 200 8575
5.9.18.115 - - [04/Oct/2021:07:26:45 -0500] "GET /BLA/resoluciones/AUTOS%202007/0675.pdf HTTP/1.1" 200 64595
186.154.181.74 - - [04/Oct/2021:07:26:51 -0500] "GET /galeria/galeria/jquery.fancybox.css?v=2.1.5 HTTP/1.1" 200 4895
186.154.181.74 - - [04/Oct/2021:07:26:51 -0500] "GET /BLA/boletinlegal/js/jquery.scrollShow.js HTTP/1.1" 200 4586
186.154.181.74 - - [04/Oct/2021:07:26:51 -0500] "GET /galeria/galeria/jquery.fancybox.js?v=2.1.5 HTTP/1.1" 200 48706
5.9.18.115 - - [04/Oct/2021:07:27:02 -0500] "GET /BLA/resoluciones/AUTOS%202007/2262.pdf HTTP/1.1" 200 153280
186.148.186.235 - - [04/Oct/2021:07:27:10 -0500] "GET /galeria/galeria/jquery.fancybox.js?v=2.1.5 HTTP/1.1" 200 48706
186.148.186.235 - - [04/Oct/2021:07:27:10 -0500] "GET /galeria/galeria/jquery.fancybox.css?v=2.1.5 HTTP/1.1" 200 4895
186.148.186.235 - - [04/Oct/2021:07:27:10 -0500] "GET /BLA/boletinlegal/js/jquery.scrollShow.js HTTP/1.1" 200 4586
190.24.37.255 - - [04/Oct/2021:07:27:15 -0500] "GET /galeria/galeria/jquery.fancybox.js?v=2.1.5 HTTP/1.1" 200 48706
190.24.37.255 - - [04/Oct/2021:07:27:15 -0500] "GET /galeria/galeria/jquery.fancybox.css?v=2.1.5 HTTP/1.1" 200 4895
190.24.37.255 - - [04/Oct/2021:07:27:15 -0500] "GET /galeria/galeria/fotos/Jaboque3P.jpg HTTP/1.1" 200 35360
190.24.37.255 - - [04/Oct/2021:07:27:15 -0500] "GET /galeria/galeria/fotos/Jaboque1P.jpg HTTP/1.1" 200 29995
190.24.37.255 - - [04/Oct/2021:07:27:15 -0500] "GET /galeria/galeria/fotos/Jaboque4P.jpg HTTP/1.1" 200 27446
190.24.37.255 - - [04/Oct/2021:07:27:15 -0500] "GET /galeria/galeria/fotos/Jaboque2P.jpg HTTP/1.1" 200 31057
5.9.18.115 - - [04/Oct/2021:07:27:21 -0500] "GET /BLA/resoluciones/AUTOS%202007/3070.pdf HTTP/1.1" 200 116011
201.245.192.253 - - [04/Oct/2021:07:27:24 -0500] "GET /sipse/faces/javax.faces.resource/theme.css?ln=primefaces-sipse HTTP/1.1" 304 -
201.245.192.253 - - [04/Oct/2021:07:27:24 -0500] "GET /sipse/faces/faces/autenticacion.xhtml HTTP/1.1" 200 12184
201.245.192.253 - - [04/Oct/2021:07:27:24 -0500] "GET /sipse/faces/javax.faces.resource/theme.css?ln=primefaces-sipse HTTP/1.1" 304 -
201.245.192.253 - - [04/Oct/2021:07:27:24 -0500] "GET /sipse/faces/javax.faces.resource/primefaces.css?ln=primefaces&v=4.0 HTTP/1.1" 304 -
201.245.192.253 - - [04/Oct/2021:07:27:24 -0500] "GET /sipse/faces/javax.faces.resource/jquery/jquery-plugins.js?ln=primefaces&v=4.0 HTTP/1.1" 304 -
201.245.192.253 - - [04/Oct/2021:07:27:24 -0500] "GET /sipse/faces/javax.faces.resource/layout/layout.js?ln=primefaces&v=4.0 HTTP/1.1" 304 -
201.245.192.253 - - [04/Oct/2021:07:27:24 -0500] "GET /sipse/faces/javax.faces.resource/jquery/jquery.js?ln=primefaces&v=4.0 HTTP/1.1" 304 -
201.245.192.253 - - [04/Oct/2021:07:27:24 -0500] "GET /sipse/faces/javax.faces.resource/layout/layout.css?ln=primefaces&v=4.0 HTTP/1.1" 304 -
201.245.192.253 - - [04/Oct/2021:07:27:24 -0500] "GET /sipse/faces/javax.faces.resource/primefaces.js?ln=primefaces&v=4.0 HTTP/1.1" 304 -
201.245.192.253 - - [04/Oct/2021:07:27:24 -0500] "GET /sipse/faces/javax.faces.resource/images/ui-icons_898989_256x240.png?ln=primefaces-aristo HTTP/1.1" 304 -
181.225.67.68 - - [04/Oct/2021:07:27:29 -0500] "GET /BLA/boletinlegal/js/jquery.scrollShow.js HTTP/1.1" 200 4586
181.225.67.68 - - [04/Oct/2021:07:27:29 -0500] "GET /galeria/galeria/jquery.fancybox.css?v=2.1.5 HTTP/1.1" 200 4895
181.225.67.68 - - [04/Oct/2021:07:27:29 -0500] "GET /galeria/galeria/jquery.fancybox.js?v=2.1.5 HTTP/1.1" 200 48706
189.171.48.49 - - [04/Oct/2021:07:27:30 -0500] "GET /galeria/galeria/jquery.fancybox.css?v=2.1.5 HTTP/1.1" 200 4895
189.171.48.49 - - [04/Oct/2021:07:27:30 -0500] "GET /galeria/galeria/jquery.fancybox.js?v=2.1.5 HTTP/1.1" 200 48706
189.171.48.49 - - [04/Oct/2021:07:27:30 -0500] "GET /BLA/boletinlegal/js/jquery.scrollShow.js HTTP/1.1" 200 4586
5.9.18.115 - - [04/Oct/2021:07:27:37 -0500] "GET /BLA/resoluciones/AUTOS%202007/0945.pdf HTTP/1.1" 200 32531
201.245.192.253 - - [04/Oct/2021:07:27:40 -0500] "GET /catalogoisis/ HTTP/1.1" 200 8575
5.9.18.115 - - [04/Oct/2021:07:27:49 -0500] "GET /BLA/resoluciones/AUTOS%202007/3340.pdf HTTP/1.1" 200 172673
5.9.18.115 - - [04/Oct/2021:07:28:01 -0500] "GET /BLA/resoluciones/AUTOS%202007/1657.pdf HTTP/1.1" 200 89005
201.245.192.253 - - [04/Oct/2021:07:28:07 -0500] "GET /sipse/faces/javax.faces.resource/images/ui-bg_flat_0_2d5972_40x100.png?ln=primefaces-aristo HTTP/1.1" 304 -
201.245.192.253 - - [04/Oct/2021:07:28:07 -0500] "POST /sipse/faces/presentacion/financiero/solicitudProceso/consultarSolicitudProceso.xhtml HTTP/1.1" 200 48921
201.245.192.253 - - [04/Oct/2021:07:28:08 -0500] "GET /sipse/faces/javax.faces.resource/primefaces.css?ln=primefaces&v=4.0 HTTP/1.1" 304 -
201.245.192.253 - - [04/Oct/2021:07:28:08 -0500] "GET /sipse/faces/javax.faces.resource/layout/layout.css?ln=primefaces&v=4.0 HTTP/1.1" 304 -
201.245.192.253 - - [04/Oct/2021:07:28:08 -0500] "GET /sipse/faces/javax.faces.resource/theme.css?ln=primefaces-sipse HTTP/1.1" 304 -
201.245.192.253 - - [04/Oct/2021:07:28:08 -0500] "GET /sipse/faces/javax.faces.resource/jquery/jquery.js?ln=primefaces&v=4.0 HTTP/1.1" 304 -
201.245.192.253 - - [04/Oct/2021:07:28:08 -0500] "GET /sipse/faces/javax.faces.resource/jquery/jquery-plugins.js?ln=primefaces&v=4.0 HTTP/1.1" 304 -
201.245.192.253 - - [04/Oct/2021:07:28:08 -0500] "GET /sipse/faces/javax.faces.resource/primefaces.js?ln=primefaces&v=4.0 HTTP/1.1" 304 -
201.245.192.253 - - [04/Oct/2021:07:28:08 -0500] "GET /sipse/faces/javax.faces.resource/layout/layout.js?ln=primefaces&v=4.0 HTTP/1.1" 304 -
201.245.192.253 - - [04/Oct/2021:07:28:08 -0500] "GET /sipse/css/imagen/contrasena.png HTTP/1.1" 404 383
201.245.192.253 - - [04/Oct/2021:07:28:08 -0500] "POST /sipse/faces/presentacion/financiero/solicitudProceso/listarSolicitudProceso.xhtml HTTP/1.1" 200 1428
5.9.18.115 - - [04/Oct/2021:07:28:09 -0500] "GET /BLA/resoluciones/AUTOS%202007/0495.pdf HTTP/1.1" 200 17189
201.245.192.253 - - [04/Oct/2021:07:28:12 -0500] "POST /sipse/faces/presentacion/financiero/solicitudProceso/listarSolicitudProceso.xhtml HTTP/1.1" 200 146271
201.245.192.253 - - [04/Oct/2021:07:28:14 -0500] "GET /sipse/faces/javax.faces.resource/primefaces.css?ln=primefaces&v=4.0 HTTP/1.1" 304 -
201.245.192.253 - - [04/Oct/2021:07:28:14 -0500] "GET /sipse/faces/javax.faces.resource/layout/layout.css?ln=primefaces&v=4.0 HTTP/1.1" 304 -
201.245.192.253 - - [04/Oct/2021:07:28:14 -0500] "GET /sipse/faces/javax.faces.resource/theme.css?ln=primefaces-sipse HTTP/1.1" 304 -
201.245.192.253 - - [04/Oct/2021:07:28:14 -0500] "GET /sipse/faces/javax.faces.resource/jquery/jquery.js?ln=primefaces&v=4.0 HTTP/1.1" 304 -
201.245.192.253 - - [04/Oct/2021:07:28:14 -0500] "GET /sipse/faces/javax.faces.resource/jquery/jquery-plugins.js?ln=primefaces&v=4.0 HTTP/1.1" 304 -
201.245.192.253 - - [04/Oct/2021:07:28:14 -0500] "GET /sipse/faces/javax.faces.resource/primefaces.js?ln=primefaces&v=4.0 HTTP/1.1" 304 -
201.245.192.253 - - [04/Oct/2021:07:28:14 -0500] "GET /sipse/faces/javax.faces.resource/layout/layout.js?ln=primefaces&v=4.0 HTTP/1.1" 304 -
201.245.192.253 - - [04/Oct/2021:07:28:14 -0500] "GET /reportes_sipse/sdg/ServletReporte?reporte=experienia_idoneidad&solicitud=14399&pfdrid_c=false HTTP/1.1" 200 113055
5.9.18.115 - - [04/Oct/2021:07:28:18 -0500] "GET /BLA/resoluciones/AUTOS%202007/2813.pdf HTTP/1.1" 200 227770
201.245.192.253 - - [04/Oct/2021:07:28:20 -0500] "POST /sipse/faces/presentacion/financiero/solicitudProceso/consultarSolicitudProceso.xhtml HTTP/1.1" 200 101045
5.9.18.115 - - [04/Oct/2021:07:28:26 -0500] "GET /BLA/resoluciones/AUTOS%202007/0440.pdf HTTP/1.1" 200 61163
157.55.39.176 - - [04/Oct/2021:07:28:28 -0500] "GET /BLA/resoluciones/index.php?dir=RESOLUCIONES+2016%2F HTTP/1.1" 200 161947
201.245.192.253 - - [04/Oct/2021:07:28:33 -0500] "POST /sipse/faces/presentacion/financiero/solicitudProceso/consultarSolicitudProceso.xhtml HTTP/1.1" 200 5536
201.245.192.253 - - [04/Oct/2021:07:28:33 -0500] "GET /reportes_sipse/sdg/ServletReporte?reporte=experienia_idoneidad&solicitud=15055&pfdrid_c=false HTTP/1.1" 200 168634
5.9.18.115 - - [04/Oct/2021:07:28:34 -0500] "GET /BLA/resoluciones/AUTOS%202007/0011.pdf HTTP/1.1" 200 357578
186.86.32.91 - - [04/Oct/2021:07:28:39 -0500] "GET /galeria/galeria/jquery.fancybox.css?v=2.1.5 HTTP/1.1" 200 4895
186.86.32.91 - - [04/Oct/2021:07:28:39 -0500] "GET /BLA/boletinlegal/js/jquery.scrollShow.js HTTP/1.1" 200 4586
186.86.32.91 - - [04/Oct/2021:07:28:39 -0500] "GET /galeria/galeria/jquery.fancybox.js?v=2.1.5 HTTP/1.1" 200 48706
201.245.192.253 - - [04/Oct/2021:07:28:41 -0500] "GET /catalogoisis/ HTTP/1.1" 200 8575
201.245.192.253 - - [04/Oct/2021:07:28:42 -0500] "GET /sipse/faces/faces/faces/autenticacion.xhtml HTTP/1.1" 200 12500
201.245.192.253 - - [04/Oct/2021:07:28:43 -0500] "GET /sipse/faces/javax.faces.resource/layout/layout.css;jsessionid=mVhYN-zD4Z1aeQ6Rc2QSCl1Q.undefined?ln=primefaces&v=4.0 HTTP/1.1" 200 542
201.245.192.253 - - [04/Oct/2021:07:28:43 -0500] "GET /sipse/css/custom_css_sg.css HTTP/1.1" 200 9694
201.245.192.253 - - [04/Oct/2021:07:28:43 -0500] "GET /sipse/faces/javax.faces.resource/layout/layout.js;jsessionid=mVhYN-zD4Z1aeQ6Rc2QSCl1Q.undefined?ln=primefaces&v=4.0 HTTP/1.1" 200 87560
201.245.192.253 - - [04/Oct/2021:07:28:43 -0500] "GET /sipse/css/custom_css_sg_prime_login.css HTTP/1.1" 200 443
201.245.192.253 - - [04/Oct/2021:07:28:43 -0500] "GET /sipse/faces/javax.faces.resource/primefaces.css;jsessionid=mVhYN-zD4Z1aeQ6Rc2QSCl1Q.undefined?ln=primefaces&v=4.0 HTTP/1.1" 200 53295
201.245.192.253 - - [04/Oct/2021:07:28:43 -0500] "GET /sipse/faces/javax.faces.resource/jquery/jquery-plugins.js;jsessionid=mVhYN-zD4Z1aeQ6Rc2QSCl1Q.undefined?ln=primefaces&v=4.0 HTTP/1.1" 200 220526
201.245.192.253 - - [04/Oct/2021:07:28:43 -0500] "GET /sipse/faces/javax.faces.resource/theme.css?ln=primefaces-sipse HTTP/1.1" 200 50058
5.9.18.115 - - [04/Oct/2021:07:28:43 -0500] "GET /BLA/resoluciones/AUTOS%202007/2974.pdf HTTP/1.1" 200 81114
201.245.192.253 - - [04/Oct/2021:07:28:43 -0500] "GET /sipse/faces/javax.faces.resource/jquery/jquery.js;jsessionid=mVhYN-zD4Z1aeQ6Rc2QSCl1Q.undefined?ln=primefaces&v=4.0 HTTP/1.1" 200 105384
201.245.192.253 - - [04/Oct/2021:07:28:43 -0500] "GET /sipse/js/disable_browser_buttons.js HTTP/1.1" 304 -
201.245.192.253 - - [04/Oct/2021:07:28:43 -0500] "GET /sipse/js/funciones.js HTTP/1.1" 304 -
201.245.192.253 - - [04/Oct/2021:07:28:43 -0500] "GET /sipse/faces/javax.faces.resource/primefaces.js;jsessionid=mVhYN-zD4Z1aeQ6Rc2QSCl1Q.undefined?ln=primefaces&v=4.0 HTTP/1.1" 200 276924
201.245.192.253 - - [04/Oct/2021:07:28:44 -0500] "GET /sipse/css/imagen/logoSDG.png HTTP/1.1" 200 53064
201.245.192.253 - - [04/Oct/2021:07:28:44 -0500] "GET /sipse/css/imagen/loginimg.png HTTP/1.1" 200 71635
201.245.192.253 - - [04/Oct/2021:07:28:44 -0500] "GET /sipse/faces/javax.faces.resource/images/ui-icons_898989_256x240.png?ln=primefaces-aristo HTTP/1.1" 200 5355
201.245.192.253 - - [04/Oct/2021:07:28:44 -0500] "GET /favicon.ico HTTP/1.1" 200 7782
201.245.192.253 - - [04/Oct/2021:07:28:45 -0500] "GET /sipse/faces/faces/faces/index.xhtml HTTP/1.1" 200 677
201.245.192.253 - - [04/Oct/2021:07:28:46 -0500] "GET /sipse/faces/javax.faces.resource/theme.css?ln=primefaces-sipse HTTP/1.1" 200 50058
201.245.192.253 - - [04/Oct/2021:07:28:46 -0500] "GET /sipse/faces/faces/faces/faces/autenticacion.xhtml HTTP/1.1" 200 12178
201.245.192.253 - - [04/Oct/2021:07:28:46 -0500] "GET /sipse/faces/javax.faces.resource/theme.css?ln=primefaces-sipse HTTP/1.1" 304 -
201.245.192.253 - - [04/Oct/2021:07:28:46 -0500] "GET /sipse/faces/javax.faces.resource/layout/layout.css?ln=primefaces&v=4.0 HTTP/1.1" 200 542
201.245.192.253 - - [04/Oct/2021:07:28:46 -0500] "GET /sipse/faces/javax.faces.resource/primefaces.css?ln=primefaces&v=4.0 HTTP/1.1" 200 53295
201.245.192.253 - - [04/Oct/2021:07:28:46 -0500] "GET /sipse/faces/javax.faces.resource/jquery/jquery.js?ln=primefaces&v=4.0 HTTP/1.1" 304 -
201.245.192.253 - - [04/Oct/2021:07:28:46 -0500] "GET /sipse/faces/javax.faces.resource/jquery/jquery-plugins.js?ln=primefaces&v=4.0 HTTP/1.1" 304 -
201.245.192.253 - - [04/Oct/2021:07:28:46 -0500] "GET /sipse/faces/javax.faces.resource/primefaces.js?ln=primefaces&v=4.0 HTTP/1.1" 304 -
201.245.192.253 - - [04/Oct/2021:07:28:46 -0500] "GET /sipse/faces/javax.faces.resource/layout/layout.js?ln=primefaces&v=4.0 HTTP/1.1" 304 -
201.245.192.253 - - [04/Oct/2021:07:28:46 -0500] "GET /sipse/faces/javax.faces.resource/images/ui-icons_898989_256x240.png?ln=primefaces-aristo HTTP/1.1" 304 -
179.33.249.5 - - [04/Oct/2021:07:28:47 -0500] "GET /kwssiamovil/sm/des/ldap/au?x=U2FsdGVkX180NYq3+IP3t42ejZ5EwpUG+doTNDQpB7L6w3hJf0jLJWPKGzxAYaJd&y=U2FsdGVkX1+1TK0JBKahQG2qhivaGjXq32gT/iigufx/6U9HxxreCjjIGy5khj9F HTTP/1.1" 200 30
179.33.249.5 - - [04/Oct/2021:07:28:47 -0500] "GET /kwssiamovil/sm/des/acme/s?s=U2FsdGVkX1/1JAL0j9i0hWMlIml+mMVvZ4BAU2SFcF7QTeXklv79WC6yWWf123MYhgKoVNCOzNdo3QWREsmO+9+IjWnQcAXQ1cxtvPuB6S+6FLPTgmk4G5ERSaOO7n2xrYIma5nYITb1N31ZH8ZzbRUAvfm84kzhoZZaakq4i5NgJbEpUI/qd64PGKZXpgVf8DVAbbohd0zd+ijGsJNt8Oyql3nMCb6QZAaY2x0YgAlFN4wfbmz5X81vec9r8XVwY7o5+EiuWuSVhREovS8hH6HI2tILncDRlhk/PgLG25QarxlaoqjXbVR/3gRACEUkZuqOuL7hOUV05Z2L1WOqYKYAoeH7htjxhJelFrc1QA0oEWyukZ6CDqYlyCnFZft73okAqd/e/PYee6y0kIDrRnvhmQf4GFWsSrjjQ1n5flKqV89okNTKceyEKXJvSpQZa13DELhU0uIQpY3uk5+lvNoGIZben3If7Zw8RSqb4RMftLcbJ2uhiatTUbTJLtel9SSNkYKkNGmCnLKSFjPVVA==&u=U2FsdGVkX18IjDW7RVjvyDAL6ZIRNbGN9YZAttmnoDk=&y=U2FsdGVkX1+1TK0JBKahQG2qhivaGjXq32gT/iigufx/6U9HxxreCjjIGy5khj9F HTTP/1.1" 200 600
179.33.249.5 - - [04/Oct/2021:07:28:47 -0500] "GET /kwssiamovil/sm/des/acme/s?s=U2FsdGVkX19TCKiFdfXPtUKc2weLP2pE4uz5ExNpfJInIqQ9IrYR4ULJY4eezLTUeHResz+tXUgubSoyOF9HrkxN0aDZ+S3O0jWdBlkdIV/WBvlJGQLhyW6ZbCovPve3XDNrdE8kUOTGM3C3V9q/mFMmdUEfOKZ3NsIkiziL2VCRDWJQNqKkhG/miuzx2Q84VW6VVb2BRpnKJfoK5YQ22LDVLCjufzHVvRP3Ls5dovwWCY+aa00Q8vJe3m4dKW3VrMD3oXoNMQNJBnJzpd52mA==&u=U2FsdGVkX18IjDW7RVjvyDAL6ZIRNbGN9YZAttmnoDk=&y=U2FsdGVkX1+1TK0JBKahQG2qhivaGjXq32gT/iigufx/6U9HxxreCjjIGy5khj9F HTTP/1.1" 200 176
179.33.249.5 - - [04/Oct/2021:07:28:47 -0500] "GET /kwssiamovil/sm/des/cjson/pre?f=1&x=U2FsdGVkX180NYq3+IP3t42ejZ5EwpUG+doTNDQpB7L6w3hJf0jLJWPKGzxAYaJd HTTP/1.1" 200 30954
5.9.18.115 - - [04/Oct/2021:07:28:51 -0500] "GET /BLA/resoluciones/AUTOS%202007/1576.pdf HTTP/1.1" 200 30362
5.9.18.115 - - [04/Oct/2021:07:28:59 -0500] "GET /BLA/resoluciones/AUTOS%202007/1585.pdf HTTP/1.1" 200 29643
5.9.18.115 - - [04/Oct/2021:07:29:07 -0500] "GET /BLA/resoluciones/AUTOS%202007/1412.pdf HTTP/1.1" 200 86793
81.47.90.179 - - [04/Oct/2021:07:29:10 -0500] "GET /BLA/boletinlegal/js/jquery.scrollShow.js HTTP/1.1" 200 4586
81.47.90.179 - - [04/Oct/2021:07:29:10 -0500] "GET /galeria/galeria/jquery.fancybox.js?v=2.1.5 HTTP/1.1" 200 48706
81.47.90.179 - - [04/Oct/2021:07:29:10 -0500] "GET /galeria/galeria/jquery.fancybox.css?v=2.1.5 HTTP/1.1" 200 4895
5.9.18.115 - - [04/Oct/2021:07:29:35 -0500] "GET /BLA/resoluciones/AUTOS%202007/1480.pdf HTTP/1.1" 200 87162
201.245.192.253 - - [04/Oct/2021:07:29:41 -0500] "GET /catalogoisis/ HTTP/1.1" 200 8575
181.60.39.238 - - [04/Oct/2021:07:29:49 -0500] "GET /galeria/galeria/jquery.fancybox.css?v=2.1.5 HTTP/1.1" 200 4895
181.60.39.238 - - [04/Oct/2021:07:29:49 -0500] "GET /BLA/boletinlegal/js/jquery.scrollShow.js HTTP/1.1" 200 4586
181.60.39.238 - - [04/Oct/2021:07:29:49 -0500] "GET /galeria/galeria/jquery.fancybox.js?v=2.1.5 HTTP/1.1" 200 48706
5.9.18.115 - - [04/Oct/2021:07:29:59 -0500] "GET /BLA/resoluciones/AUTOS%202007/3541.pdf HTTP/1.1" 200 402882
104.211.113.109 - - [04/Oct/2021:07:30:00 -0500] "HEAD /BLA/resoluciones/AUTOS%202015/0774.pdf HTTP/1.1" 200 -
216.245.221.92 - - [04/Oct/2021:07:30:04 -0500] "HEAD / HTTP/1.1" 200 -
5.9.18.115 - - [04/Oct/2021:07:30:21 -0500] "GET /BLA/resoluciones/AUTOS%202007/3693.pdf HTTP/1.1" 200 123092
5.9.18.115 - - [04/Oct/2021:07:30:42 -0500] "GET /BLA/resoluciones/AUTOS%202007/2189.pdf HTTP/1.1" 200 113474
201.245.192.253 - - [04/Oct/2021:07:30:43 -0500] "GET /catalogoisis/ HTTP/1.1" 200 8575
5.9.18.115 - - [04/Oct/2021:07:31:04 -0500] "GET /BLA/resoluciones/AUTOS%202007/2478.pdf HTTP/1.1" 200 305429
5.9.18.115 - - [04/Oct/2021:07:31:25 -0500] "GET /BLA/resoluciones/AUTOS%202007/1014.pdf HTTP/1.1" 200 119674
201.245.192.253 - - [04/Oct/2021:07:30:42 -0500] "POST /kwsrmcab/Wsrmcab HTTP/1.1" 200 47258
201.245.192.253 - - [04/Oct/2021:07:31:43 -0500] "GET /catalogoisis/ HTTP/1.1" 200 8575
190.24.128.156 - - [04/Oct/2021:07:31:43 -0500] "GET /BLA/boletinlegal/js/jquery.scrollShow.js HTTP/1.1" 200 4586
190.24.128.156 - - [04/Oct/2021:07:31:43 -0500] "GET /galeria/galeria/jquery.fancybox.js?v=2.1.5 HTTP/1.1" 200 48706
190.24.128.156 - - [04/Oct/2021:07:31:43 -0500] "GET /galeria/galeria/jquery.fancybox.css?v=2.1.5 HTTP/1.1" 200 4895
201.245.192.253 - - [04/Oct/2021:07:31:48 -0500] "GET /sipse/faces/index.xhtml HTTP/1.1" 200 677
201.245.192.253 - - [04/Oct/2021:07:31:48 -0500] "GET /sipse/faces/javax.faces.resource/theme.css?ln=primefaces-sipse HTTP/1.1" 200 50058
201.245.192.253 - - [04/Oct/2021:07:31:48 -0500] "GET /sipse/faces/faces/autenticacion.xhtml HTTP/1.1" 200 12178
201.245.192.253 - - [04/Oct/2021:07:31:48 -0500] "GET /sipse/js/disable_browser_buttons.js HTTP/1.1" 304 -
201.245.192.253 - - [04/Oct/2021:07:31:48 -0500] "GET /sipse/js/funciones.js HTTP/1.1" 304 -
201.245.192.253 - - [04/Oct/2021:07:31:48 -0500] "GET /sipse/css/custom_css_sg.css HTTP/1.1" 304 -
201.245.192.253 - - [04/Oct/2021:07:31:48 -0500] "GET /sipse/faces/javax.faces.resource/theme.css?ln=primefaces-sipse HTTP/1.1" 304 -
201.245.192.253 - - [04/Oct/2021:07:31:48 -0500] "GET /sipse/css/custom_css_sg_prime_login.css HTTP/1.1" 304 -
201.245.192.253 - - [04/Oct/2021:07:31:48 -0500] "GET /sipse/faces/javax.faces.resource/primefaces.css?ln=primefaces&v=4.0 HTTP/1.1" 304 -
201.245.192.253 - - [04/Oct/2021:07:31:48 -0500] "GET /sipse/faces/javax.faces.resource/layout/layout.css?ln=primefaces&v=4.0 HTTP/1.1" 304 -
201.245.192.253 - - [04/Oct/2021:07:31:48 -0500] "GET /sipse/faces/javax.faces.resource/jquery/jquery-plugins.js?ln=primefaces&v=4.0 HTTP/1.1" 304 -
201.245.192.253 - - [04/Oct/2021:07:31:48 -0500] "GET /sipse/faces/javax.faces.resource/jquery/jquery.js?ln=primefaces&v=4.0 HTTP/1.1" 304 -
201.245.192.253 - - [04/Oct/2021:07:31:48 -0500] "GET /sipse/faces/javax.faces.resource/primefaces.js?ln=primefaces&v=4.0 HTTP/1.1" 304 -
201.245.192.253 - - [04/Oct/2021:07:31:48 -0500] "GET /sipse/faces/javax.faces.resource/layout/layout.js?ln=primefaces&v=4.0 HTTP/1.1" 304 -
201.245.192.253 - - [04/Oct/2021:07:31:48 -0500] "GET /sipse/css/imagen/logoSDG.png HTTP/1.1" 200 16070
201.245.192.253 - - [04/Oct/2021:07:31:48 -0500] "GET /sipse/css/imagen/loginimg.png HTTP/1.1" 200 21242
201.245.192.253 - - [04/Oct/2021:07:31:48 -0500] "GET /sipse/faces/javax.faces.resource/images/ui-icons_898989_256x240.png?ln=primefaces-aristo HTTP/1.1" 200 5355
201.245.192.253 - - [04/Oct/2021:07:31:51 -0500] "POST /sipse/faces/autenticacion.xhtml HTTP/1.1" 200 2226
201.245.192.253 - - [04/Oct/2021:07:31:51 -0500] "GET /sipse/faces/javax.faces.resource/messages/messages.png?ln=primefaces&v=4.0 HTTP/1.1" 304 -
201.245.192.253 - - [04/Oct/2021:07:31:52 -0500] "POST /sipse/faces/autenticacion.xhtml HTTP/1.1" 200 16034
201.245.192.253 - - [04/Oct/2021:07:31:53 -0500] "GET /sipse/css/custom_css_sg_prime.css HTTP/1.1" 304 -
201.245.192.253 - - [04/Oct/2021:07:31:53 -0500] "GET /sipse/js/jquery.min.js HTTP/1.1" 304 -
201.245.192.253 - - [04/Oct/2021:07:31:53 -0500] "GET /sipse/faces/javax.faces.resource/jquery/jquery.js?ln=primefaces&v=4.0 HTTP/1.1" 304 -
201.245.192.253 - - [04/Oct/2021:07:31:53 -0500] "GET /sipse/faces/javax.faces.resource/jquery/jquery-plugins.js?ln=primefaces&v=4.0 HTTP/1.1" 304 -
201.245.192.253 - - [04/Oct/2021:07:31:53 -0500] "GET /sipse/faces/javax.faces.resource/primefaces.js?ln=primefaces&v=4.0 HTTP/1.1" 304 -
201.245.192.253 - - [04/Oct/2021:07:31:53 -0500] "GET /sipse/faces/javax.faces.resource/layout/layout.js?ln=primefaces&v=4.0 HTTP/1.1" 304 -
201.245.192.253 - - [04/Oct/2021:07:31:53 -0500] "GET /sipse/imagenes/cargando.gif HTTP/1.1" 200 36959
201.245.192.253 - - [04/Oct/2021:07:31:53 -0500] "GET /sipse/imagenes/logoAplicacion.jpg HTTP/1.1" 200 26767
201.245.192.253 - - [04/Oct/2021:07:31:53 -0500] "GET /sipse/css/imagen/contrasena.png HTTP/1.1" 404 383
201.234.176.252 - - [04/Oct/2021:07:31:55 -0500] "GET /galeria/galeria/jquery.fancybox.js?v=2.1.5 HTTP/1.1" 200 48706
201.234.176.252 - - [04/Oct/2021:07:31:55 -0500] "GET /galeria/galeria/jquery.fancybox.css?v=2.1.5 HTTP/1.1" 200 4895
201.234.176.252 - - [04/Oct/2021:07:31:55 -0500] "GET /BLA/boletinlegal/js/jquery.scrollShow.js HTTP/1.1" 200 4586
181.49.52.74 - - [04/Oct/2021:07:32:02 -0500] "GET /galeria/galeria/jquery.fancybox.css?v=2.1.5 HTTP/1.1" 200 4895
181.49.52.74 - - [04/Oct/2021:07:32:03 -0500] "GET /BLA/boletinlegal/js/jquery.scrollShow.js HTTP/1.1" 200 4586
181.49.52.74 - - [04/Oct/2021:07:32:03 -0500] "GET /galeria/galeria/jquery.fancybox.js?v=2.1.5 HTTP/1.1" 200 48706
186.84.91.112 - - [04/Oct/2021:07:32:11 -0500] "GET /galeria/galeria/jquery.fancybox.css?v=2.1.5 HTTP/1.1" 200 4895
186.84.91.112 - - [04/Oct/2021:07:32:11 -0500] "GET /galeria/galeria/jquery.fancybox.js?v=2.1.5 HTTP/1.1" 200 48706
186.84.91.112 - - [04/Oct/2021:07:32:11 -0500] "GET /BLA/boletinlegal/js/jquery.scrollShow.js HTTP/1.1" 200 4586
5.9.18.115 - - [04/Oct/2021:07:32:13 -0500] "GET /BLA/resoluciones/AUTOS%202007/2729.pdf HTTP/1.1" 200 91607
201.245.192.253 - - [04/Oct/2021:07:31:29 -0500] "POST /kwsrmcab/Wsrmcab HTTP/1.1" 200 47765
201.245.192.253 - - [04/Oct/2021:07:32:27 -0500] "POST /sipse/faces/presentacion/financiero/solicitudProceso/listarSolicitudProceso.xhtml HTTP/1.1" 200 10847
201.245.192.253 - - [04/Oct/2021:07:32:44 -0500] "GET /catalogoisis/ HTTP/1.1" 200 8575
5.9.18.115 - - [04/Oct/2021:07:32:52 -0500] "GET /BLA/resoluciones/AUTOS%202007/3421.pdf HTTP/1.1" 200 178635
179.12.234.89 - - [04/Oct/2021:07:32:55 -0500] "GET /galeria/galeria/jquery.fancybox.css?v=2.1.5 HTTP/1.1" 200 4895
179.12.234.89 - - [04/Oct/2021:07:32:55 -0500] "GET /BLA/boletinlegal/js/jquery.scrollShow.js HTTP/1.1" 200 4586
179.12.234.89 - - [04/Oct/2021:07:32:55 -0500] "GET /galeria/galeria/jquery.fancybox.js?v=2.1.5 HTTP/1.1" 200 48706
201.245.192.253 - - [04/Oct/2021:07:33:15 -0500] "GET /sipse/faces/javax.faces.resource/images/ui-bg_flat_0_2d5972_40x100.png?ln=primefaces-aristo HTTP/1.1" 200 183
201.245.192.253 - - [04/Oct/2021:07:33:15 -0500] "POST /sipse/faces/bienvenido.xhtml HTTP/1.1" 200 2658
201.245.192.253 - - [04/Oct/2021:07:33:19 -0500] "POST /sipse/faces/presentacion/financiero/solicitudProceso/listarSolicitudProceso.xhtml HTTP/1.1" 200 4778
181.137.126.10 - - [04/Oct/2021:07:33:23 -0500] "GET /galeria/galeria/jquery.fancybox.css?v=2.1.5 HTTP/1.1" 200 4895
201.245.192.253 - - [04/Oct/2021:07:33:16 -0500] "POST /sipse/faces/bienvenido.xhtml HTTP/1.1" 200 60018
201.245.192.253 - - [04/Oct/2021:07:33:24 -0500] "GET /sipse/faces/javax.faces.resource/jquery/jquery.js?ln=primefaces&v=4.0 HTTP/1.1" 304 -
201.245.192.253 - - [04/Oct/2021:07:33:24 -0500] "GET /sipse/faces/javax.faces.resource/jquery/jquery-plugins.js?ln=primefaces&v=4.0 HTTP/1.1" 304 -
201.245.192.253 - - [04/Oct/2021:07:33:24 -0500] "GET /sipse/faces/javax.faces.resource/primefaces.js?ln=primefaces&v=4.0 HTTP/1.1" 304 -
201.245.192.253 - - [04/Oct/2021:07:33:24 -0500] "GET /sipse/faces/javax.faces.resource/layout/layout.js?ln=primefaces&v=4.0 HTTP/1.1" 304 -
201.245.192.253 - - [04/Oct/2021:07:33:24 -0500] "POST /sipse/faces/presentacion/financiero/solicitudProceso/listarSolicitudProceso.xhtml HTTP/1.1" 200 1448
186.87.76.51 - - [04/Oct/2021:07:33:26 -0500] "POST /sipse/faces/presentacion/financiero/estudioPrevio/personalSolicitado/expedirExperienciaIdoneidad.xhtml HTTP/1.1" 200 22494
186.87.76.51 - - [04/Oct/2021:07:33:26 -0500] "GET /sipse/faces/javax.faces.resource/theme.css?ln=primefaces-sipse HTTP/1.1" 304 -
186.87.76.51 - - [04/Oct/2021:07:33:26 -0500] "GET /sipse/faces/javax.faces.resource/layout/layout.css?ln=primefaces&v=4.0 HTTP/1.1" 304 -
186.87.76.51 - - [04/Oct/2021:07:33:26 -0500] "GET /sipse/faces/javax.faces.resource/primefaces.css?ln=primefaces&v=4.0 HTTP/1.1" 304 -
186.87.76.51 - - [04/Oct/2021:07:33:26 -0500] "GET /sipse/faces/javax.faces.resource/jquery/jquery.js?ln=primefaces&v=4.0 HTTP/1.1" 304 -
186.87.76.51 - - [04/Oct/2021:07:33:26 -0500] "GET /sipse/faces/javax.faces.resource/jquery/jquery-plugins.js?ln=primefaces&v=4.0 HTTP/1.1" 304 -
186.87.76.51 - - [04/Oct/2021:07:33:26 -0500] "GET /sipse/faces/javax.faces.resource/primefaces.js?ln=primefaces&v=4.0 HTTP/1.1" 304 -
186.87.76.51 - - [04/Oct/2021:07:33:26 -0500] "GET /sipse/faces/javax.faces.resource/layout/layout.js?ln=primefaces&v=4.0 HTTP/1.1" 304 -
186.87.76.51 - - [04/Oct/2021:07:33:26 -0500] "GET /sipse/css/imagen/contrasena.png HTTP/1.1" 404 383
201.245.192.253 - - [04/Oct/2021:07:33:28 -0500] "POST /sipse/faces/presentacion/financiero/solicitudProceso/listarSolicitudProceso.xhtml HTTP/1.1" 200 139426
201.245.192.253 - - [04/Oct/2021:07:33:29 -0500] "GET /sipse/faces/javax.faces.resource/jquery/jquery.js?ln=primefaces&v=4.0 HTTP/1.1" 304 -
201.245.192.253 - - [04/Oct/2021:07:33:29 -0500] "GET /sipse/faces/javax.faces.resource/jquery/jquery-plugins.js?ln=primefaces&v=4.0 HTTP/1.1" 304 -
201.245.192.253 - - [04/Oct/2021:07:33:30 -0500] "GET /sipse/faces/javax.faces.resource/primefaces.js?ln=primefaces&v=4.0 HTTP/1.1" 304 -
201.245.192.253 - - [04/Oct/2021:07:33:30 -0500] "GET /sipse/faces/javax.faces.resource/layout/layout.js?ln=primefaces&v=4.0 HTTP/1.1" 304 -
201.245.192.253 - - [04/Oct/2021:07:33:30 -0500] "GET /reportes_sipse/sdg/ServletReporte?reporte=experienia_idoneidad&solicitud=15055&pfdrid_c=false HTTP/1.1" 200 168634
5.9.18.115 - - [04/Oct/2021:07:33:33 -0500] "GET /BLA/resoluciones/AUTOS%202007/2685.pdf HTTP/1.1" 200 321225
201.245.192.253 - - [04/Oct/2021:07:33:46 -0500] "GET /catalogoisis/ HTTP/1.1" 200 8575
201.245.192.253 - - [04/Oct/2021:07:33:56 -0500] "POST /sipse/faces/presentacion/financiero/solicitudProceso/consultarSolicitudProceso.xhtml HTTP/1.1" 200 30620
201.245.192.253 - - [04/Oct/2021:07:33:56 -0500] "GET /sipse/faces/javax.faces.resource/theme.css?ln=primefaces-sipse HTTP/1.1" 304 -
201.245.192.253 - - [04/Oct/2021:07:33:56 -0500] "GET /sipse/faces/javax.faces.resource/primefaces.css?ln=primefaces&v=4.0 HTTP/1.1" 304 -
201.245.192.253 - - [04/Oct/2021:07:33:56 -0500] "GET /sipse/faces/javax.faces.resource/jquery/jquery-plugins.js?ln=primefaces&v=4.0 HTTP/1.1" 304 -
201.245.192.253 - - [04/Oct/2021:07:33:56 -0500] "GET /sipse/faces/javax.faces.resource/layout/layout.css?ln=primefaces&v=4.0 HTTP/1.1" 304 -
201.245.192.253 - - [04/Oct/2021:07:33:56 -0500] "GET /sipse/faces/javax.faces.resource/jquery/jquery.js?ln=primefaces&v=4.0 HTTP/1.1" 304 -
201.245.192.253 - - [04/Oct/2021:07:33:56 -0500] "GET /sipse/faces/javax.faces.resource/primefaces.js?ln=primefaces&v=4.0 HTTP/1.1" 304 -
201.245.192.253 - - [04/Oct/2021:07:33:56 -0500] "GET /sipse/faces/javax.faces.resource/layout/layout.js?ln=primefaces&v=4.0 HTTP/1.1" 304 -
201.245.192.253 - - [04/Oct/2021:07:33:56 -0500] "GET /sipse/faces/javax.faces.resource/images/ui-icons_898989_256x240.png?ln=primefaces-aristo HTTP/1.1" 304 -
186.29.84.107 - - [04/Oct/2021:07:34:15 -0500] "GET /galeria/galeria/jquery.fancybox.css?v=2.1.5 HTTP/1.1" 200 4895
186.29.84.107 - - [04/Oct/2021:07:34:15 -0500] "GET /BLA/boletinlegal/js/jquery.scrollShow.js HTTP/1.1" 200 4586
186.29.84.107 - - [04/Oct/2021:07:34:15 -0500] "GET /galeria/galeria/jquery.fancybox.js?v=2.1.5 HTTP/1.1" 200 48706
201.245.192.253 - - [04/Oct/2021:07:34:22 -0500] "POST /sipse/faces/presentacion/financiero/solicitudProceso/listarSolicitudProceso.xhtml HTTP/1.1" 200 18416
201.245.192.253 - - [04/Oct/2021:07:34:47 -0500] "GET /catalogoisis/ HTTP/1.1" 200 8575
181.61.8.115 - - [04/Oct/2021:07:34:48 -0500] "GET /BLA/boletinlegal/js/jquery.scrollShow.js HTTP/1.1" 200 4586
181.61.8.115 - - [04/Oct/2021:07:34:48 -0500] "GET /galeria/galeria/jquery.fancybox.css?v=2.1.5 HTTP/1.1" 200 4895
181.61.8.115 - - [04/Oct/2021:07:34:48 -0500] "GET /galeria/galeria/jquery.fancybox.js?v=2.1.5 HTTP/1.1" 200 48706
179.19.187.139 - - [04/Oct/2021:07:34:57 -0500] "GET /galeria/galeria/jquery.fancybox.css?v=2.1.5 HTTP/1.1" 200 4895
179.19.187.139 - - [04/Oct/2021:07:34:58 -0500] "GET /BLA/boletinlegal/js/jquery.scrollShow.js HTTP/1.1" 200 4586
179.19.187.139 - - [04/Oct/2021:07:34:58 -0500] "GET /galeria/galeria/jquery.fancybox.js?v=2.1.5 HTTP/1.1" 200 48706
216.245.221.92 - - [04/Oct/2021:07:35:04 -0500] "HEAD / HTTP/1.1" 200 -
201.245.192.253 - - [04/Oct/2021:07:34:27 -0500] "POST /kwsrmcab/Wsrmcab HTTP/1.1" 200 121152
181.48.185.185 - - [04/Oct/2021:07:35:22 -0500] "GET /galeria/galeria/jquery.fancybox.css?v=2.1.5 HTTP/1.1" 200 4895
