186.87.76.51 - - [06/Oct/2021:08:26:39 -0500] "GET /reportes_sipse/sdg/ServletReporte?reporte=experienia_idoneidad&solicitud=14895&pfdrid_c=false HTTP/1.1" 200 94782
186.87.76.51 - - [06/Oct/2021:08:26:46 -0500] "GET /sipse/faces/javax.faces.resource/images/ui-bg_flat_0_2d5972_40x100.png?ln=primefaces-aristo HTTP/1.1" 304 -
186.87.76.51 - - [06/Oct/2021:08:26:46 -0500] "POST /sipse/faces/presentacion/financiero/solicitudProceso/consultarSolicitudProceso.xhtml HTTP/1.1" 200 35121
186.87.76.51 - - [06/Oct/2021:08:26:51 -0500] "GET /sipse/faces/javax.faces.resource/primefaces.css?ln=primefaces&v=4.0 HTTP/1.1" 304 -
186.87.76.51 - - [06/Oct/2021:08:26:51 -0500] "GET /sipse/faces/javax.faces.resource/theme.css?ln=primefaces-sipse HTTP/1.1" 304 -
186.87.76.51 - - [06/Oct/2021:08:26:51 -0500] "GET /sipse/faces/javax.faces.resource/jquery/jquery.js?ln=primefaces&v=4.0 HTTP/1.1" 304 -
186.87.76.51 - - [06/Oct/2021:08:26:51 -0500] "GET /sipse/faces/javax.faces.resource/jquery/jquery-plugins.js?ln=primefaces&v=4.0 HTTP/1.1" 304 -
186.87.76.51 - - [06/Oct/2021:08:26:51 -0500] "GET /sipse/faces/javax.faces.resource/primefaces.js?ln=primefaces&v=4.0 HTTP/1.1" 304 -
186.87.76.51 - - [06/Oct/2021:08:26:51 -0500] "GET /sipse/faces/javax.faces.resource/layout/layout.js?ln=primefaces&v=4.0 HTTP/1.1" 304 -
186.87.76.51 - - [06/Oct/2021:08:26:51 -0500] "GET /sipse/faces/javax.faces.resource/layout/layout.css?ln=primefaces&v=4.0 HTTP/1.1" 304 -
188.40.73.215 - - [06/Oct/2021:08:26:51 -0500] "GET /BLA/resoluciones/RESOLUCIONES%202014/1694.pdf HTTP/1.1" 200 1167546
186.87.76.51 - - [06/Oct/2021:08:26:51 -0500] "POST /sipse/faces/presentacion/financiero/solicitudProceso/listarSolicitudProceso.xhtml HTTP/1.1" 200 1348
186.87.76.51 - - [06/Oct/2021:08:26:53 -0500] "GET /sipse/faces/javax.faces.resource/messages/messages.png?ln=primefaces&v=4.0 HTTP/1.1" 304 -
188.40.73.215 - - [06/Oct/2021:08:26:58 -0500] "GET /BLA/resoluciones/RESOLUCIONES%202014/1853.pdf HTTP/1.1" 200 616333
201.245.192.253 - - [06/Oct/2021:08:27:03 -0500] "GET /catalogoisis/ HTTP/1.1" 200 8575
188.40.73.215 - - [06/Oct/2021:08:27:09 -0500] "GET /BLA/resoluciones/RESOLUCIONES%202014/3470.pdf HTTP/1.1" 200 2914606
181.48.96.34 - - [06/Oct/2021:08:27:14 -0500] "GET /portaldeninos/los-arboles/tips/ HTTP/1.1" 200 80646
181.48.96.34 - - [06/Oct/2021:08:27:01 -0500] "GET /portaldeninos/wp-content/uploads/2019/06/CabezoteAMBIENTIC.mp4 HTTP/1.1" 206 1299631
181.48.96.34 - - [06/Oct/2021:08:27:14 -0500] "GET /portaldeninos/wp-content/uploads/2021/07/Banners-pa%CC%81gina-de-nin%CC%83os8.jpg HTTP/1.1" 200 23746
188.40.73.215 - - [06/Oct/2021:08:27:15 -0500] "GET /BLA/resoluciones/RESOLUCIONES%202014/1745.pdf HTTP/1.1" 200 956855
181.48.96.34 - - [06/Oct/2021:08:27:18 -0500] "GET /portaldeninos/tipos-de-arboles-en-bogota/ HTTP/1.1" 200 102818
181.48.96.34 - - [06/Oct/2021:08:27:19 -0500] "GET /portaldeninos/wp-content/uploads/2019/09/Introducci%C3%B3n-%C3%A1rboles.jpg HTTP/1.1" 200 264318
181.48.96.34 - - [06/Oct/2021:08:27:19 -0500] "GET /portaldeninos/wp-content/uploads/2021/07/Banners-pa%CC%81gina-de-nin%CC%83os9.jpg HTTP/1.1" 200 31924
181.48.96.34 - - [06/Oct/2021:08:27:19 -0500] "GET /portaldeninos/wp-content/uploads/2019/09/Palma-F%C3%A9nix-%C3%A1rboles.jpg HTTP/1.1" 200 312005
181.48.96.34 - - [06/Oct/2021:08:27:19 -0500] "GET /portaldeninos/wp-content/uploads/2019/09/PalmaDeCera-%C3%A1rboles.jpg HTTP/1.1" 200 265651
181.48.96.34 - - [06/Oct/2021:08:27:19 -0500] "GET /portaldeninos/wp-content/uploads/2019/09/Cedro-%C3%A1rboles.jpg HTTP/1.1" 200 264883
181.48.96.34 - - [06/Oct/2021:08:27:19 -0500] "GET /portaldeninos/wp-content/uploads/2019/09/Cipr%C3%A9s-%C3%A1rboles.jpg HTTP/1.1" 200 485766
181.48.96.34 - - [06/Oct/2021:08:27:19 -0500] "GET /portaldeninos/wp-content/uploads/2019/09/Sangregado-%C3%A1rboles.jpg HTTP/1.1" 200 302240
181.48.96.34 - - [06/Oct/2021:08:27:19 -0500] "GET /portaldeninos/wp-content/uploads/2019/09/Magnolio-%C3%A1rboles.jpg HTTP/1.1" 200 252375
181.48.96.34 - - [06/Oct/2021:08:27:19 -0500] "GET /portaldeninos/wp-content/uploads/2019/09/Pino-Romer%C3%B3n-%C3%A1rboles.jpg HTTP/1.1" 200 414717
181.48.96.34 - - [06/Oct/2021:08:27:19 -0500] "GET /portaldeninos/wp-content/uploads/2019/09/Nogal-%C3%A1rboles.jpg HTTP/1.1" 200 378405
181.48.96.34 - - [06/Oct/2021:08:27:19 -0500] "GET /portaldeninos/wp-content/uploads/2019/09/Roble-%C3%A1rboles.jpg HTTP/1.1" 200 416546
181.48.96.34 - - [06/Oct/2021:08:27:19 -0500] "GET /portaldeninos/wp-content/uploads/2019/09/Caucho-sabanero-%C3%A1rboles.jpg HTTP/1.1" 200 344651
181.48.96.34 - - [06/Oct/2021:08:27:19 -0500] "GET /portaldeninos/wp-content/uploads/2019/09/Categorias-%C3%A1rboles.jpg HTTP/1.1" 200 275407
186.28.225.185 - - [06/Oct/2021:08:27:23 -0500] "GET /galeria/galeria/jquery.fancybox.css?v=2.1.5 HTTP/1.1" 200 4895
186.28.225.185 - - [06/Oct/2021:08:27:23 -0500] "GET /BLA/boletinlegal/js/jquery.scrollShow.js HTTP/1.1" 200 4586
186.28.225.185 - - [06/Oct/2021:08:27:23 -0500] "GET /galeria/galeria/jquery.fancybox.js?v=2.1.5 HTTP/1.1" 200 48706
191.95.54.95 - - [06/Oct/2021:08:27:25 -0500] "GET /galeria/galeria/jquery.fancybox.css?v=2.1.5 HTTP/1.1" 200 4895
191.95.54.95 - - [06/Oct/2021:08:27:25 -0500] "GET /BLA/boletinlegal/js/jquery.scrollShow.js HTTP/1.1" 200 4586
191.95.54.95 - - [06/Oct/2021:08:27:25 -0500] "GET /galeria/galeria/jquery.fancybox.js?v=2.1.5 HTTP/1.1" 200 48706
188.40.73.215 - - [06/Oct/2021:08:27:26 -0500] "GET /BLA/resoluciones/RESOLUCIONES%202014/1818.pdf HTTP/1.1" 200 277826
188.40.73.215 - - [06/Oct/2021:08:27:37 -0500] "GET /BLA/resoluciones/RESOLUCIONES%202014/2347.pdf HTTP/1.1" 200 287084
18.188.247.12 - - [06/Oct/2021:08:27:41 -0500] "GET /galeria/nivo-slider/demo/images/bannerresiduoshospitalariosagosto.jpg HTTP/1.1" 200 36499
200.91.241.130 - - [06/Oct/2021:08:27:42 -0500] "GET /galeria/galeria/jquery.fancybox.css?v=2.1.5 HTTP/1.1" 200 4895
188.40.73.215 - - [06/Oct/2021:08:27:47 -0500] "GET /BLA/resoluciones/RESOLUCIONES%202014/3758.pdf HTTP/1.1" 200 629825
200.91.241.130 - - [06/Oct/2021:08:27:51 -0500] "GET /BLA/boletinlegal/js/jquery.scrollShow.js HTTP/1.1" 200 4586
188.40.73.215 - - [06/Oct/2021:08:27:57 -0500] "GET /BLA/resoluciones/RESOLUCIONES%202014/0842.pdf HTTP/1.1" 200 566819
84.89.63.102 - - [06/Oct/2021:08:28:02 -0500] "GET /BLA/boletinlegal/js/jquery.scrollShow.js HTTP/1.1" 200 4586
84.89.63.102 - - [06/Oct/2021:08:28:02 -0500] "GET /galeria/galeria/jquery.fancybox.js?v=2.1.5 HTTP/1.1" 200 48706
84.89.63.102 - - [06/Oct/2021:08:28:02 -0500] "GET /galeria/galeria/jquery.fancybox.css?v=2.1.5 HTTP/1.1" 200 4895
201.245.192.253 - - [06/Oct/2021:08:28:03 -0500] "GET /catalogoisis/ HTTP/1.1" 200 8575
188.40.73.215 - - [06/Oct/2021:08:28:10 -0500] "GET /BLA/resoluciones/RESOLUCIONES%202014/1265.pdf HTTP/1.1" 200 697024
46.248.190.163 - - [06/Oct/2021:08:28:12 -0500] "GET /secretaria-de-ambiente-abre-espacio-de-formacion-para-comunicadores-sociales-y-periodistas.html HTTP/1.1" 200 860
200.91.241.130 - - [06/Oct/2021:08:28:13 -0500] "GET /galeria/galeria/jquery.fancybox.js?v=2.1.5 HTTP/1.1" 200 48706
46.248.190.163 - - [06/Oct/2021:08:28:13 -0500] "GET /secretaria-de-ambiente-abre-espacio-de-formacion-para-comunicadores-sociales-y-periodistas.html HTTP/1.1" 200 860
173.252.107.118 - - [06/Oct/2021:08:28:17 -0500] "GET /secretaria-de-ambiente-abre-espacio-de-formacion-para-comunicadores-sociales-y-periodistas.html HTTP/1.1" 206 860
173.252.107.1 - - [06/Oct/2021:08:28:18 -0500] "GET /secretaria-de-ambiente-abre-espacio-de-formacion-para-comunicadores-sociales-y-periodistas.html HTTP/1.1" 206 860
173.252.107.117 - - [06/Oct/2021:08:28:18 -0500] "GET /images/Proceso-formacion-comunicadores-6-octubre.jpg HTTP/1.1" 200 239118
173.252.107.10 - - [06/Oct/2021:08:28:21 -0500] "GET /secretaria-de-ambiente-abre-espacio-de-formacion-para-comunicadores-sociales-y-periodistas.html HTTP/1.1" 206 860
173.252.107.24 - - [06/Oct/2021:08:28:21 -0500] "GET /secretaria-de-ambiente-abre-espacio-de-formacion-para-comunicadores-sociales-y-periodistas.html HTTP/1.1" 206 860
188.40.73.215 - - [06/Oct/2021:08:28:23 -0500] "GET /BLA/resoluciones/RESOLUCIONES%202014/2735.pdf HTTP/1.1" 200 618624
188.40.73.215 - - [06/Oct/2021:08:28:35 -0500] "GET /BLA/resoluciones/RESOLUCIONES%202014/3622.pdf HTTP/1.1" 200 481326
141.8.142.76 - - [06/Oct/2021:08:28:41 -0500] "-" 408 -
181.235.51.239 - - [06/Oct/2021:08:28:46 -0500] "GET /BLA/boletinlegal/js/jquery.scrollShow.js HTTP/1.1" 200 4586
181.235.51.239 - - [06/Oct/2021:08:28:46 -0500] "GET /galeria/galeria/jquery.fancybox.js?v=2.1.5 HTTP/1.1" 200 48706
181.235.51.239 - - [06/Oct/2021:08:28:46 -0500] "GET /galeria/galeria/jquery.fancybox.css?v=2.1.5 HTTP/1.1" 200 4895
188.40.73.215 - - [06/Oct/2021:08:28:45 -0500] "GET /BLA/resoluciones/RESOLUCIONES%202014/4733.pdf HTTP/1.1" 200 4478513
31.13.115.13 - - [06/Oct/2021:08:28:50 -0500] "GET /secretaria-de-ambiente-abre-espacio-de-formacion-para-comunicadores-sociales-y-periodistas.html?fbclid=IwAR0DC3mTau-f_wYUBc6YfBl6ZsURXACUI8Ud2YGfPXfMhmNXVh4oI710oO0 HTTP/1.1" 200 860
173.252.87.13 - - [06/Oct/2021:08:28:50 -0500] "GET /secretaria-de-ambiente-abre-espacio-de-formacion-para-comunicadores-sociales-y-periodistas.html?fbclid=IwAR2VRRJzNI9o8HpC-E4VD1gMafcbsGAaCp0lNkhUHpQqzQ2Ath9wCVP6DG0 HTTP/1.1" 200 860
168.90.12.164 - - [06/Oct/2021:08:28:52 -0500] "POST /sipse/faces/presentacion/financiero/solicitudProceso/listarSolicitudProceso.xhtml HTTP/1.1" 200 137380
168.90.12.164 - - [06/Oct/2021:08:28:53 -0500] "GET /sipse/faces/javax.faces.resource/theme.css?ln=primefaces-sipse HTTP/1.1" 304 -
168.90.12.164 - - [06/Oct/2021:08:28:53 -0500] "GET /sipse/faces/javax.faces.resource/primefaces.css?ln=primefaces&v=4.0 HTTP/1.1" 304 -
168.90.12.164 - - [06/Oct/2021:08:28:53 -0500] "GET /sipse/faces/javax.faces.resource/layout/layout.css?ln=primefaces&v=4.0 HTTP/1.1" 304 -
168.90.12.164 - - [06/Oct/2021:08:28:53 -0500] "GET /sipse/css/imagen/contrasena.png HTTP/1.1" 404 383
168.90.12.164 - - [06/Oct/2021:08:28:53 -0500] "GET /sipse/faces/javax.faces.resource/jquery/jquery.js?ln=primefaces&v=4.0 HTTP/1.1" 304 -
168.90.12.164 - - [06/Oct/2021:08:28:53 -0500] "GET /sipse/faces/javax.faces.resource/jquery/jquery-plugins.js?ln=primefaces&v=4.0 HTTP/1.1" 304 -
168.90.12.164 - - [06/Oct/2021:08:28:53 -0500] "GET /sipse/faces/javax.faces.resource/primefaces.js?ln=primefaces&v=4.0 HTTP/1.1" 304 -
168.90.12.164 - - [06/Oct/2021:08:28:53 -0500] "GET /sipse/faces/javax.faces.resource/layout/layout.js?ln=primefaces&v=4.0 HTTP/1.1" 304 -
168.90.12.164 - - [06/Oct/2021:08:28:53 -0500] "GET /reportes_sipse/sdg/ServletReporte?reporte=experienia_idoneidad&solicitud=14895&pfdrid_c=false HTTP/1.1" 200 94782
188.40.73.215 - - [06/Oct/2021:08:28:54 -0500] "GET /BLA/resoluciones/RESOLUCIONES%202014/2660.pdf HTTP/1.1" 200 499430
168.90.12.164 - - [06/Oct/2021:08:29:02 -0500] "POST /sipse/faces/presentacion/financiero/solicitudProceso/consultarSolicitudProceso.xhtml HTTP/1.1" 200 43525
168.90.12.164 - - [06/Oct/2021:08:29:02 -0500] "GET /sipse/faces/javax.faces.resource/primefaces.css?ln=primefaces&v=4.0 HTTP/1.1" 304 -
168.90.12.164 - - [06/Oct/2021:08:29:02 -0500] "GET /sipse/faces/javax.faces.resource/layout/layout.css?ln=primefaces&v=4.0 HTTP/1.1" 304 -
168.90.12.164 - - [06/Oct/2021:08:29:02 -0500] "GET /sipse/faces/javax.faces.resource/theme.css?ln=primefaces-sipse HTTP/1.1" 304 -
168.90.12.164 - - [06/Oct/2021:08:29:02 -0500] "GET /sipse/faces/javax.faces.resource/jquery/jquery.js?ln=primefaces&v=4.0 HTTP/1.1" 304 -
168.90.12.164 - - [06/Oct/2021:08:29:02 -0500] "GET /sipse/faces/javax.faces.resource/jquery/jquery-plugins.js?ln=primefaces&v=4.0 HTTP/1.1" 304 -
168.90.12.164 - - [06/Oct/2021:08:29:02 -0500] "GET /sipse/faces/javax.faces.resource/primefaces.js?ln=primefaces&v=4.0 HTTP/1.1" 304 -
168.90.12.164 - - [06/Oct/2021:08:29:02 -0500] "GET /sipse/faces/javax.faces.resource/layout/layout.js?ln=primefaces&v=4.0 HTTP/1.1" 304 -
168.90.12.164 - - [06/Oct/2021:08:29:02 -0500] "GET /sipse/css/imagen/contrasena.png HTTP/1.1" 404 383
18.188.247.12 - - [06/Oct/2021:08:29:02 -0500] "GET /galeria/galeria/fotos/Entrenube3G.jpg HTTP/1.1" 200 138221
168.90.12.164 - - [06/Oct/2021:08:29:02 -0500] "POST /sipse/faces/presentacion/financiero/solicitudProceso/consultar.xhtml HTTP/1.1" 200 36783
168.90.12.164 - - [06/Oct/2021:08:29:02 -0500] "POST /sipse/faces/presentacion/financiero/solicitudProceso/consultar.xhtml HTTP/1.1" 200 36783
201.245.192.253 - - [06/Oct/2021:08:29:04 -0500] "GET /catalogoisis/ HTTP/1.1" 200 8575
188.40.73.215 - - [06/Oct/2021:08:29:05 -0500] "GET /BLA/resoluciones/RESOLUCIONES%202014/2542.pdf HTTP/1.1" 200 817215
168.90.12.164 - - [06/Oct/2021:08:29:06 -0500] "POST /sipse/faces/presentacion/financiero/solicitudProceso/consultar.xhtml HTTP/1.1" 200 133493
168.90.12.164 - - [06/Oct/2021:08:29:06 -0500] "GET /sipse/faces/javax.faces.resource/theme.css?ln=primefaces-sipse HTTP/1.1" 304 -
168.90.12.164 - - [06/Oct/2021:08:29:06 -0500] "GET /sipse/faces/javax.faces.resource/layout/layout.css?ln=primefaces&v=4.0 HTTP/1.1" 304 -
168.90.12.164 - - [06/Oct/2021:08:29:06 -0500] "GET /sipse/faces/javax.faces.resource/primefaces.css?ln=primefaces&v=4.0 HTTP/1.1" 304 -
168.90.12.164 - - [06/Oct/2021:08:29:06 -0500] "GET /sipse/faces/javax.faces.resource/jquery/jquery.js?ln=primefaces&v=4.0 HTTP/1.1" 304 -
168.90.12.164 - - [06/Oct/2021:08:29:06 -0500] "GET /sipse/faces/javax.faces.resource/jquery/jquery-plugins.js?ln=primefaces&v=4.0 HTTP/1.1" 304 -
168.90.12.164 - - [06/Oct/2021:08:29:06 -0500] "GET /sipse/faces/javax.faces.resource/primefaces.js?ln=primefaces&v=4.0 HTTP/1.1" 304 -
168.90.12.164 - - [06/Oct/2021:08:29:06 -0500] "GET /sipse/faces/javax.faces.resource/layout/layout.js?ln=primefaces&v=4.0 HTTP/1.1" 304 -
168.90.12.164 - - [06/Oct/2021:08:29:07 -0500] "GET /sipse/css/imagen/contrasena.png HTTP/1.1" 404 383
168.90.12.164 - - [06/Oct/2021:08:29:07 -0500] "GET /reportes_sipse/sdg/ServletReporte?reporte=experienia_idoneidad&solicitud=14895&pfdrid_c=false HTTP/1.1" 200 94782
168.90.12.164 - - [06/Oct/2021:08:29:10 -0500] "GET /sipse/faces/javax.faces.resource/theme.css?ln=primefaces-sipse HTTP/1.1" 304 -
168.90.12.164 - - [06/Oct/2021:08:29:10 -0500] "GET /sipse/faces/javax.faces.resource/primefaces.css?ln=primefaces&v=4.0 HTTP/1.1" 304 -
168.90.12.164 - - [06/Oct/2021:08:29:10 -0500] "GET /sipse/faces/javax.faces.resource/jquery/jquery-plugins.js?ln=primefaces&v=4.0 HTTP/1.1" 304 -
168.90.12.164 - - [06/Oct/2021:08:29:10 -0500] "GET /sipse/faces/javax.faces.resource/layout/layout.css?ln=primefaces&v=4.0 HTTP/1.1" 304 -
168.90.12.164 - - [06/Oct/2021:08:29:10 -0500] "GET /sipse/faces/javax.faces.resource/jquery/jquery.js?ln=primefaces&v=4.0 HTTP/1.1" 304 -
168.90.12.164 - - [06/Oct/2021:08:29:10 -0500] "GET /sipse/faces/javax.faces.resource/layout/layout.js?ln=primefaces&v=4.0 HTTP/1.1" 304 -
168.90.12.164 - - [06/Oct/2021:08:29:10 -0500] "GET /sipse/faces/javax.faces.resource/primefaces.js?ln=primefaces&v=4.0 HTTP/1.1" 304 -
168.90.12.164 - - [06/Oct/2021:08:29:09 -0500] "POST /sipse/faces/presentacion/financiero/solicitudProceso/consultarSolicitudProceso.xhtml HTTP/1.1" 200 38343
168.90.12.164 - - [06/Oct/2021:08:29:10 -0500] "GET /sipse/css/imagen/contrasena.png HTTP/1.1" 404 383
168.90.12.164 - - [06/Oct/2021:08:29:10 -0500] "GET /sipse/faces/javax.faces.resource/images/ui-icons_898989_256x240.png?ln=primefaces-aristo HTTP/1.1" 304 -
188.40.73.215 - - [06/Oct/2021:08:29:16 -0500] "GET /BLA/resoluciones/RESOLUCIONES%202014/3750.pdf HTTP/1.1" 200 578155
188.40.73.215 - - [06/Oct/2021:08:29:26 -0500] "GET /BLA/resoluciones/RESOLUCIONES%202014/2299.pdf HTTP/1.1" 200 761681
173.252.111.19 - - [06/Oct/2021:08:29:35 -0500] "GET /secretaria-de-ambiente-abre-espacio-de-formacion-para-comunicadores-sociales-y-periodistas.html HTTP/1.1" 206 860
69.171.249.17 - - [06/Oct/2021:08:29:36 -0500] "GET /images/empresas-27-septiembre.jpeg HTTP/1.1" 200 66691
188.40.73.215 - - [06/Oct/2021:08:29:38 -0500] "GET /BLA/resoluciones/RESOLUCIONES%202014/2695.pdf HTTP/1.1" 200 597327
69.171.249.15 - - [06/Oct/2021:08:29:39 -0500] "GET /images/6B1941B1-4BB6-4142-BA67-1B20E6384EA5.jpeg HTTP/1.1" 200 20899
186.102.13.30 - - [06/Oct/2021:08:29:46 -0500] "GET /secretaria-de-ambiente-abre-espacio-de-formacion-para-comunicadores-sociales-y-periodistas.html HTTP/1.1" 200 860
188.40.73.215 - - [06/Oct/2021:08:29:48 -0500] "GET /BLA/resoluciones/RESOLUCIONES%202014/0971.pdf HTTP/1.1" 200 2570223
188.40.73.215 - - [06/Oct/2021:08:29:53 -0500] "GET /BLA/resoluciones/RESOLUCIONES%202014/3531.pdf HTTP/1.1" 200 403423
216.245.221.92 - - [06/Oct/2021:08:29:57 -0500] "HEAD / HTTP/1.1" 200 -
179.32.122.142 - - [06/Oct/2021:08:30:03 -0500] "GET /galeria/galeria/jquery.fancybox.css?v=2.1.5 HTTP/1.1" 200 4895
179.32.122.142 - - [06/Oct/2021:08:30:03 -0500] "GET /BLA/boletinlegal/js/jquery.scrollShow.js HTTP/1.1" 200 4586
179.32.122.142 - - [06/Oct/2021:08:30:03 -0500] "GET /galeria/galeria/jquery.fancybox.js?v=2.1.5 HTTP/1.1" 200 48706
201.245.192.253 - - [06/Oct/2021:08:30:04 -0500] "GET /catalogoisis/ HTTP/1.1" 200 8575
188.40.73.215 - - [06/Oct/2021:08:30:04 -0500] "GET /BLA/resoluciones/RESOLUCIONES%202014/1242.pdf HTTP/1.1" 200 518931
200.118.62.63 - - [06/Oct/2021:08:30:08 -0500] "GET /galeria/galeria/jquery.fancybox.css?v=2.1.5 HTTP/1.1" 200 4895
200.118.62.63 - - [06/Oct/2021:08:30:08 -0500] "GET /BLA/boletinlegal/js/jquery.scrollShow.js HTTP/1.1" 200 4586
200.118.62.63 - - [06/Oct/2021:08:30:08 -0500] "GET /galeria/galeria/jquery.fancybox.js?v=2.1.5 HTTP/1.1" 200 48706
188.40.73.215 - - [06/Oct/2021:08:30:15 -0500] "GET /BLA/resoluciones/RESOLUCIONES%202014/1744.pdf HTTP/1.1" 200 497877
181.49.1.49 - - [06/Oct/2021:08:30:18 -0500] "GET /galeria/galeria/jquery.fancybox.css?v=2.1.5 HTTP/1.1" 200 4895
181.49.1.49 - - [06/Oct/2021:08:30:18 -0500] "GET /galeria/galeria/jquery.fancybox.js?v=2.1.5 HTTP/1.1" 200 48706
181.49.1.49 - - [06/Oct/2021:08:30:18 -0500] "GET /BLA/boletinlegal/js/jquery.scrollShow.js HTTP/1.1" 200 4586
188.40.73.215 - - [06/Oct/2021:08:30:24 -0500] "GET /BLA/resoluciones/RESOLUCIONES%202014/2192.pdf HTTP/1.1" 200 1749647
31.13.127.29 - - [06/Oct/2021:08:30:27 -0500] "GET /secretaria-de-ambiente-abre-espacio-de-formacion-para-comunicadores-sociales-y-periodistas.html HTTP/1.1" 200 860
188.40.73.215 - - [06/Oct/2021:08:30:30 -0500] "GET /BLA/resoluciones/RESOLUCIONES%202014/1951.pdf HTTP/1.1" 200 665474
18.188.247.12 - - [06/Oct/2021:08:30:38 -0500] "GET /BLA/boletinlegal/images/subscribe-icon-big.png HTTP/1.1" 200 47702
188.40.73.215 - - [06/Oct/2021:08:30:41 -0500] "GET /BLA/resoluciones/RESOLUCIONES%202014/2799.pdf HTTP/1.1" 200 230437
188.40.73.215 - - [06/Oct/2021:08:30:51 -0500] "GET /BLA/resoluciones/RESOLUCIONES%202014/2498.pdf HTTP/1.1" 200 3465054
188.40.73.215 - - [06/Oct/2021:08:30:57 -0500] "GET /BLA/resoluciones/RESOLUCIONES%202014/2001.pdf HTTP/1.1" 200 588857
181.50.195.136 - - [06/Oct/2021:08:31:04 -0500] "GET /BLA/boletinlegal/js/jquery.scrollShow.js HTTP/1.1" 200 4586
181.50.195.136 - - [06/Oct/2021:08:31:04 -0500] "GET /galeria/galeria/jquery.fancybox.js?v=2.1.5 HTTP/1.1" 200 48706
181.50.195.136 - - [06/Oct/2021:08:31:04 -0500] "GET /galeria/galeria/jquery.fancybox.css?v=2.1.5 HTTP/1.1" 200 4895
181.48.7.193 - - [06/Oct/2021:08:31:04 -0500] "GET /galeria/galeria/jquery.fancybox.css?v=2.1.5 HTTP/1.1" 200 4895
181.48.7.193 - - [06/Oct/2021:08:31:05 -0500] "GET /BLA/boletinlegal/js/jquery.scrollShow.js HTTP/1.1" 200 4586
181.48.7.193 - - [06/Oct/2021:08:31:05 -0500] "GET /galeria/galeria/jquery.fancybox.js?v=2.1.5 HTTP/1.1" 200 48706
201.245.192.253 - - [06/Oct/2021:08:31:05 -0500] "GET /catalogoisis/ HTTP/1.1" 200 8575
181.56.112.82 - - [06/Oct/2021:08:31:08 -0500] "GET /galeria/galeria/jquery.fancybox.css?v=2.1.5 HTTP/1.1" 200 4895
181.56.112.82 - - [06/Oct/2021:08:31:08 -0500] "GET /BLA/boletinlegal/js/jquery.scrollShow.js HTTP/1.1" 200 4586
181.56.112.82 - - [06/Oct/2021:08:31:08 -0500] "GET /galeria/galeria/jquery.fancybox.js?v=2.1.5 HTTP/1.1" 200 48706
188.40.73.215 - - [06/Oct/2021:08:31:09 -0500] "GET /BLA/resoluciones/RESOLUCIONES%202014/0936.pdf HTTP/1.1" 200 804582
201.245.192.253 - - [06/Oct/2021:08:30:32 -0500] "POST /kwsrmcab/Wsrmcab HTTP/1.1" 200 47765
188.40.73.215 - - [06/Oct/2021:08:31:20 -0500] "GET /BLA/resoluciones/RESOLUCIONES%202014/0121.pdf HTTP/1.1" 200 874597
200.69.106.202 - - [06/Oct/2021:08:31:22 -0500] "GET /BLA/boletinlegal/js/jquery.scrollShow.js HTTP/1.1" 200 4586
200.69.106.202 - - [06/Oct/2021:08:31:22 -0500] "GET /galeria/galeria/jquery.fancybox.js?v=2.1.5 HTTP/1.1" 200 48706
200.69.106.202 - - [06/Oct/2021:08:31:22 -0500] "GET /galeria/galeria/jquery.fancybox.css?v=2.1.5 HTTP/1.1" 200 4895
190.217.67.146 - - [06/Oct/2021:08:31:25 -0500] "GET /BLA/boletinlegal/js/jquery.scrollShow.js HTTP/1.1" 200 4586
190.217.67.146 - - [06/Oct/2021:08:31:25 -0500] "GET /galeria/galeria/jquery.fancybox.js?v=2.1.5 HTTP/1.1" 200 48706
190.217.67.146 - - [06/Oct/2021:08:31:25 -0500] "GET /galeria/galeria/jquery.fancybox.css?v=2.1.5 HTTP/1.1" 200 4895
31.13.127.112 - - [06/Oct/2021:08:31:30 -0500] "GET /participa-con-nosotros-en-el-october-big-day.html?fbclid=IwAR0BPI1nAg9EaVy3fvAlzMylZjzT3FsitDw-gkQiXcUFeNXhGtXNEAdtVcY HTTP/1.1" 200 1039
188.40.73.215 - - [06/Oct/2021:08:31:31 -0500] "GET /BLA/resoluciones/RESOLUCIONES%202014/1801.pdf HTTP/1.1" 200 626161
181.61.57.151 - - [06/Oct/2021:08:31:33 -0500] "GET /autoliquidacion2020/index.php?dir=Aguas+Subterraneas%2F HTTP/1.1" 200 3305
181.61.57.151 - - [06/Oct/2021:08:31:33 -0500] "GET /autoliquidacion2020/dlf/dirup.png HTTP/1.1" 200 644
181.61.57.151 - - [06/Oct/2021:08:31:33 -0500] "GET /autoliquidacion2020/dlf/html.gif HTTP/1.1" 200 632
188.40.73.215 - - [06/Oct/2021:08:31:42 -0500] "GET /BLA/resoluciones/RESOLUCIONES%202014/1886.pdf HTTP/1.1" 200 230053
201.182.249.169 - - [06/Oct/2021:08:31:43 -0500] "GET /galeria/galeria/jquery.fancybox.css?v=2.1.5 HTTP/1.1" 200 4895
201.182.249.169 - - [06/Oct/2021:08:31:43 -0500] "GET /BLA/boletinlegal/js/jquery.scrollShow.js HTTP/1.1" 200 4586
201.182.249.169 - - [06/Oct/2021:08:31:43 -0500] "GET /galeria/galeria/jquery.fancybox.js?v=2.1.5 HTTP/1.1" 200 48706
188.40.73.215 - - [06/Oct/2021:08:31:55 -0500] "GET /BLA/resoluciones/RESOLUCIONES%202014/1792.pdf HTTP/1.1" 200 5184818
201.245.192.253 - - [06/Oct/2021:08:31:18 -0500] "POST /kwsrmcab/Wsrmcab HTTP/1.1" 200 48086
188.40.73.215 - - [06/Oct/2021:08:32:03 -0500] "GET /BLA/resoluciones/RESOLUCIONES%202014/0328.pdf HTTP/1.1" 200 622428
201.245.192.253 - - [06/Oct/2021:08:32:06 -0500] "GET /catalogoisis/ HTTP/1.1" 200 8575
186.102.41.113 - - [06/Oct/2021:08:32:06 -0500] "GET /galeria/galeria/jquery.fancybox.css?v=2.1.5 HTTP/1.1" 200 4895
186.102.41.113 - - [06/Oct/2021:08:32:06 -0500] "GET /BLA/boletinlegal/js/jquery.scrollShow.js HTTP/1.1" 200 4586
186.102.41.113 - - [06/Oct/2021:08:32:06 -0500] "GET /galeria/galeria/jquery.fancybox.js?v=2.1.5 HTTP/1.1" 200 48706
188.40.73.215 - - [06/Oct/2021:08:32:15 -0500] "GET /BLA/resoluciones/RESOLUCIONES%202014/0676.pdf HTTP/1.1" 200 542289
74.125.213.15 - - [06/Oct/2021:08:32:17 -0500] "GET /BLA/boletinlegal/js/jquery.scrollShow.js HTTP/1.1" 200 4586
74.125.213.13 - - [06/Oct/2021:08:32:17 -0500] "GET /galeria/galeria/jquery.fancybox.css?v=2.1.5 HTTP/1.1" 200 4895
74.125.213.15 - - [06/Oct/2021:08:32:17 -0500] "GET /galeria/galeria/jquery.fancybox.js?v=2.1.5 HTTP/1.1" 200 48706
188.40.73.215 - - [06/Oct/2021:08:32:25 -0500] "GET /BLA/resoluciones/RESOLUCIONES%202014/2331.pdf HTTP/1.1" 200 610706
18.188.247.12 - - [06/Oct/2021:08:32:28 -0500] "GET /galeria/galeria/fotos/Humedal-techo4P.jpg HTTP/1.1" 200 11324
190.121.138.155 - - [06/Oct/2021:08:32:33 -0500] "GET /galeria/galeria/jquery.fancybox.css?v=2.1.5 HTTP/1.1" 200 4895
190.121.138.155 - - [06/Oct/2021:08:32:33 -0500] "GET /BLA/boletinlegal/js/jquery.scrollShow.js HTTP/1.1" 200 4586
190.121.138.155 - - [06/Oct/2021:08:32:33 -0500] "GET /galeria/galeria/jquery.fancybox.js?v=2.1.5 HTTP/1.1" 200 48706
188.40.73.215 - - [06/Oct/2021:08:32:36 -0500] "GET /BLA/resoluciones/RESOLUCIONES%202014/3229.pdf HTTP/1.1" 200 4079933
186.84.15.73 - - [06/Oct/2021:08:32:37 -0500] "GET /BLA/boletinlegal/js/jquery.scrollShow.js HTTP/1.1" 200 4586
186.84.15.73 - - [06/Oct/2021:08:32:37 -0500] "GET /galeria/galeria/jquery.fancybox.css?v=2.1.5 HTTP/1.1" 200 4895
186.84.15.73 - - [06/Oct/2021:08:32:37 -0500] "GET /galeria/galeria/jquery.fancybox.js?v=2.1.5 HTTP/1.1" 200 48706
188.40.73.215 - - [06/Oct/2021:08:32:42 -0500] "GET /BLA/resoluciones/RESOLUCIONES%202014/0063.pdf HTTP/1.1" 200 836526
188.40.73.215 - - [06/Oct/2021:08:32:53 -0500] "GET /BLA/resoluciones/RESOLUCIONES%202014/1036.pdf HTTP/1.1" 200 837609
186.84.88.6 - - [06/Oct/2021:08:32:56 -0500] "GET /BLA/boletinlegal/js/jquery.scrollShow.js HTTP/1.1" 200 4586
186.84.88.6 - - [06/Oct/2021:08:32:56 -0500] "GET /galeria/galeria/jquery.fancybox.css?v=2.1.5 HTTP/1.1" 200 4895
186.84.88.6 - - [06/Oct/2021:08:32:56 -0500] "GET /galeria/galeria/jquery.fancybox.js?v=2.1.5 HTTP/1.1" 200 48706
186.169.146.234 - - [06/Oct/2021:08:32:59 -0500] "GET /galeria/carrusel/Carrusel/jquery.thumbnailScroller.css HTTP/1.1" 200 2066
186.169.146.234 - - [06/Oct/2021:08:32:59 -0500] "GET /galeria/carrusel/Carrusel/jquery-ui-1.8.13.custom.min.js HTTP/1.1" 200 10800
74.125.213.13 - - [06/Oct/2021:08:32:59 -0500] "GET /galeria/carrusel/Carrusel/jquery.thumbnailScroller.css HTTP/1.1" 200 2066
74.125.213.15 - - [06/Oct/2021:08:32:59 -0500] "GET /galeria/carrusel/Carrusel/jquery-ui-1.8.13.custom.min.js HTTP/1.1" 200 10800
74.125.213.13 - - [06/Oct/2021:08:32:59 -0500] "GET /galeria/carrusel/Carrusel/jquery.thumbnailScroller.js HTTP/1.1" 200 8157
186.169.146.234 - - [06/Oct/2021:08:33:00 -0500] "GET /galeria/carrusel/Carrusel/jquery.thumbnailScroller.js HTTP/1.1" 200 8157
186.169.146.234 - - [06/Oct/2021:08:33:00 -0500] "GET /galeria/nivo-slider/demo/banner.html HTTP/1.1" 200 5446
186.169.146.234 - - [06/Oct/2021:08:33:02 -0500] "GET /galeria/nivo-slider/themes/pascal/pascal.css HTTP/1.1" 200 2258
186.169.146.234 - - [06/Oct/2021:08:33:02 -0500] "GET /galeria/nivo-slider/themes/default/default.css HTTP/1.1" 200 1569
186.169.146.234 - - [06/Oct/2021:08:33:02 -0500] "GET /galeria/nivo-slider/themes/orman/orman.css HTTP/1.1" 200 2152
186.169.146.234 - - [06/Oct/2021:08:33:02 -0500] "GET /galeria/nivo-slider/nivo-slider.css HTTP/1.1" 200 1507
186.169.146.234 - - [06/Oct/2021:08:33:02 -0500] "GET /galeria/nivo-slider/demo/scripts/jquery-1.7.1.min.js HTTP/1.1" 200 93868
186.169.146.234 - - [06/Oct/2021:08:33:02 -0500] "GET /galeria/nivo-slider/demo/style.css HTTP/1.1" 200 2222
186.169.146.234 - - [06/Oct/2021:08:33:02 -0500] "GET /galeria/nivo-slider/demo/images/bannertortuga_optimized.jpg HTTP/1.1" 200 39066
186.169.146.234 - - [06/Oct/2021:08:33:02 -0500] "GET /galeria/nivo-slider/jquery.nivo.slider.pack.js HTTP/1.1" 200 11561
186.169.146.234 - - [06/Oct/2021:08:33:03 -0500] "GET /galeria/nivo-slider/demo/images/Bannermujeresquereverdecen.jpg HTTP/1.1" 200 46558
186.169.146.234 - - [06/Oct/2021:08:33:03 -0500] "GET /galeria/nivo-slider/demo/images/bannertrafico_optimized.jpg HTTP/1.1" 200 42578
186.169.146.234 - - [06/Oct/2021:08:33:03 -0500] "GET /galeria/nivo-slider/demo/images/Bannersedeelectronica.jpg HTTP/1.1" 200 40383
188.40.73.215 - - [06/Oct/2021:08:33:04 -0500] "GET /BLA/resoluciones/RESOLUCIONES%202014/2361.pdf HTTP/1.1" 200 267889
186.169.146.234 - - [06/Oct/2021:08:33:04 -0500] "GET /galeria/nivo-slider/demo/images/4Simple_Slider.png HTTP/1.1" 200 11722
186.169.146.234 - - [06/Oct/2021:08:33:04 -0500] "GET /galeria/nivo-slider/themes/default/loading.gif HTTP/1.1" 200 1737
186.169.146.234 - - [06/Oct/2021:08:33:04 -0500] "GET /galeria/nivo-slider/demo/images/bannerrutaesperanza.jpg HTTP/1.1" 200 55560
186.169.146.234 - - [06/Oct/2021:08:33:05 -0500] "GET /galeria/nivo-slider/demo/images/banneraire2021.jpg HTTP/1.1" 200 265101
186.169.146.234 - - [06/Oct/2021:08:33:05 -0500] "GET /galeria/nivo-slider/demo/images/Bannerplasticosseptiembre.jpg HTTP/1.1" 200 45633
186.169.146.234 - - [06/Oct/2021:08:33:05 -0500] "GET /galeria/nivo-slider/demo/images/bannerresiduoshospitalariosagosto.jpg HTTP/1.1" 200 36499
201.245.192.253 - - [06/Oct/2021:08:33:06 -0500] "GET /catalogoisis/ HTTP/1.1" 200 8575
186.169.146.234 - - [06/Oct/2021:08:33:07 -0500] "GET /galeria/nivo-slider/demo/images/banneraccionpopularcrr68.jpg HTTP/1.1" 200 51887
186.169.146.234 - - [06/Oct/2021:08:33:08 -0500] "GET /galeria/nivo-slider/demo/images/banneraccionpopular.jpeg HTTP/1.1" 200 41707
186.169.146.234 - - [06/Oct/2021:08:33:08 -0500] "GET /galeria/nivo-slider/demo/images/bannerclases2021.jpg HTTP/1.1" 200 68230
186.169.146.234 - - [06/Oct/2021:08:33:09 -0500] "GET /galeria/nivo-slider/demo/images/bannercapacitacionesbogota.jpg HTTP/1.1" 200 42416
186.169.146.234 - - [06/Oct/2021:08:33:10 -0500] "GET /galeria/nivo-slider/demo/images/Bannerenvases.jpg HTTP/1.1" 200 37316
186.169.146.234 - - [06/Oct/2021:08:33:10 -0500] "GET /galeria/nivo-slider/demo/images/Bannervirtualescanales.jpg HTTP/1.1" 200 174544
190.27.248.73 - - [06/Oct/2021:08:33:11 -0500] "GET /galeria/galeria/jquery.fancybox.css?v=2.1.5 HTTP/1.1" 200 4895
190.27.248.73 - - [06/Oct/2021:08:33:11 -0500] "GET /galeria/galeria/jquery.fancybox.js?v=2.1.5 HTTP/1.1" 200 48706
190.27.248.73 - - [06/Oct/2021:08:33:11 -0500] "GET /galeria/galeria/fotos/mirador1P.jpg HTTP/1.1" 200 11433
190.27.248.73 - - [06/Oct/2021:08:33:11 -0500] "GET /galeria/galeria/fotos/mirador3P.jpg HTTP/1.1" 200 9765
190.27.248.73 - - [06/Oct/2021:08:33:11 -0500] "GET /galeria/galeria/fotos/mirador2P.jpg HTTP/1.1" 200 10111
190.27.248.73 - - [06/Oct/2021:08:33:11 -0500] "GET /galeria/galeria/fotos/mirador4P.jpg HTTP/1.1" 200 11757
188.40.73.215 - - [06/Oct/2021:08:33:14 -0500] "GET /BLA/resoluciones/RESOLUCIONES%202014/1804.pdf HTTP/1.1" 200 263236
190.27.248.73 - - [06/Oct/2021:08:33:21 -0500] "GET /galeria/galeria/fancybox_overlay.png HTTP/1.1" 200 1003
190.27.248.73 - - [06/Oct/2021:08:33:21 -0500] "GET /galeria/galeria/fancybox_sprite.png HTTP/1.1" 200 1362
190.27.248.73 - - [06/Oct/2021:08:33:21 -0500] "GET /galeria/galeria/fancybox_loading.gif HTTP/1.1" 200 6567
190.27.248.73 - - [06/Oct/2021:08:33:21 -0500] "GET /galeria/galeria/fotos/mirador3G.jpg HTTP/1.1" 200 131992
190.27.248.73 - - [06/Oct/2021:08:33:21 -0500] "GET /galeria/galeria/fotos/GuaymaralTorca1G.jpg HTTP/1.1" 200 539636
190.27.248.73 - - [06/Oct/2021:08:33:21 -0500] "GET /galeria/galeria/fotos/mirador2G.jpg HTTP/1.1" 200 115084
190.27.248.73 - - [06/Oct/2021:08:33:21 -0500] "GET /galeria/galeria/fotos/mirador4G.jpg HTTP/1.1" 200 159827
190.27.248.73 - - [06/Oct/2021:08:33:21 -0500] "GET /galeria/galeria/blank.gif HTTP/1.1" 200 43
181.235.49.201 - - [06/Oct/2021:08:33:22 -0500] "GET /BLA/boletinlegal/js/jquery.scrollShow.js HTTP/1.1" 200 4586
181.235.49.201 - - [06/Oct/2021:08:33:22 -0500] "GET /galeria/galeria/jquery.fancybox.js?v=2.1.5 HTTP/1.1" 200 48706
181.235.49.201 - - [06/Oct/2021:08:33:23 -0500] "GET /galeria/galeria/jquery.fancybox.css?v=2.1.5 HTTP/1.1" 200 4895
188.40.73.215 - - [06/Oct/2021:08:33:25 -0500] "GET /BLA/resoluciones/RESOLUCIONES%202014/2760.pdf HTTP/1.1" 200 665480
201.244.244.74 - - [06/Oct/2021:08:33:28 -0500] "GET /galeria/galeria/jquery.fancybox.css?v=2.1.5 HTTP/1.1" 200 4895
201.244.244.74 - - [06/Oct/2021:08:33:28 -0500] "GET /BLA/boletinlegal/js/jquery.scrollShow.js HTTP/1.1" 200 4586
201.244.244.74 - - [06/Oct/2021:08:33:28 -0500] "GET /galeria/galeria/jquery.fancybox.js?v=2.1.5 HTTP/1.1" 200 48706
186.113.8.166 - - [06/Oct/2021:08:33:40 -0500] "GET /galeria/galeria/jquery.fancybox.js?v=2.1.5 HTTP/1.1" 200 48706
186.113.8.166 - - [06/Oct/2021:08:33:40 -0500] "GET /galeria/galeria/jquery.fancybox.css?v=2.1.5 HTTP/1.1" 200 4895
186.113.8.166 - - [06/Oct/2021:08:33:40 -0500] "GET /BLA/boletinlegal/js/jquery.scrollShow.js HTTP/1.1" 200 4586
188.40.73.215 - - [06/Oct/2021:08:33:40 -0500] "GET /BLA/resoluciones/RESOLUCIONES%202014/1958.pdf HTTP/1.1" 200 498487
188.40.73.215 - - [06/Oct/2021:08:33:51 -0500] "GET /BLA/resoluciones/RESOLUCIONES%202014/0965.pdf HTTP/1.1" 200 790444
181.53.12.65 - - [06/Oct/2021:08:33:59 -0500] "-" 408 -
191.156.137.161 - - [06/Oct/2021:08:34:00 -0500] "GET /galeria/galeria/jquery.fancybox.css?v=2.1.5 HTTP/1.1" 200 4895
191.156.137.161 - - [06/Oct/2021:08:34:00 -0500] "GET /BLA/boletinlegal/js/jquery.scrollShow.js HTTP/1.1" 200 4586
191.156.137.161 - - [06/Oct/2021:08:34:00 -0500] "GET /galeria/galeria/jquery.fancybox.js?v=2.1.5 HTTP/1.1" 200 48706
188.40.73.215 - - [06/Oct/2021:08:34:02 -0500] "GET /BLA/resoluciones/RESOLUCIONES%202014/0749.pdf HTTP/1.1" 200 526807
186.155.16.136 - - [06/Oct/2021:08:34:05 -0500] "GET /galeria/galeria/jquery.fancybox.css?v=2.1.5 HTTP/1.1" 200 4895
186.155.16.136 - - [06/Oct/2021:08:34:05 -0500] "GET /BLA/boletinlegal/js/jquery.scrollShow.js HTTP/1.1" 200 4586
186.155.16.136 - - [06/Oct/2021:08:34:05 -0500] "GET /galeria/galeria/jquery.fancybox.js?v=2.1.5 HTTP/1.1" 200 48706
201.245.192.253 - - [06/Oct/2021:08:34:07 -0500] "GET /catalogoisis/ HTTP/1.1" 200 8575
188.40.73.215 - - [06/Oct/2021:08:34:14 -0500] "GET /BLA/resoluciones/RESOLUCIONES%202014/0862.pdf HTTP/1.1" 200 833709
188.40.73.215 - - [06/Oct/2021:08:34:25 -0500] "GET /BLA/resoluciones/RESOLUCIONES%202014/2546.pdf HTTP/1.1" 200 262874
18.188.247.12 - - [06/Oct/2021:08:34:26 -0500] "GET /galeria/galeria/fotos/Huemdal-el-Tunjo3G.jpg HTTP/1.1" 200 320385
188.40.73.215 - - [06/Oct/2021:08:34:36 -0500] "GET /BLA/resoluciones/RESOLUCIONES%202014/0123.pdf HTTP/1.1" 200 207213
186.87.76.51 - - [06/Oct/2021:08:34:38 -0500] "POST /sipse/faces/presentacion/financiero/solicitudProceso/listarSolicitudProceso.xhtml HTTP/1.1" 200 8992
186.87.76.51 - - [06/Oct/2021:08:34:39 -0500] "POST /sipse/faces/presentacion/financiero/solicitudProceso/listarSolicitudProceso.xhtml HTTP/1.1" 200 110760
186.87.76.51 - - [06/Oct/2021:08:34:40 -0500] "GET /sipse/faces/javax.faces.resource/theme.css?ln=primefaces-sipse HTTP/1.1" 304 -
186.87.76.51 - - [06/Oct/2021:08:34:40 -0500] "GET /sipse/faces/javax.faces.resource/primefaces.css?ln=primefaces&v=4.0 HTTP/1.1" 304 -
186.87.76.51 - - [06/Oct/2021:08:34:40 -0500] "GET /sipse/css/imagen/contrasena.png HTTP/1.1" 404 383
186.87.76.51 - - [06/Oct/2021:08:34:40 -0500] "GET /sipse/faces/javax.faces.resource/layout/layout.css?ln=primefaces&v=4.0 HTTP/1.1" 304 -
186.87.76.51 - - [06/Oct/2021:08:34:40 -0500] "GET /sipse/faces/javax.faces.resource/jquery/jquery.js?ln=primefaces&v=4.0 HTTP/1.1" 304 -
186.87.76.51 - - [06/Oct/2021:08:34:40 -0500] "GET /sipse/faces/javax.faces.resource/jquery/jquery-plugins.js?ln=primefaces&v=4.0 HTTP/1.1" 304 -
186.87.76.51 - - [06/Oct/2021:08:34:40 -0500] "GET /sipse/faces/javax.faces.resource/primefaces.js?ln=primefaces&v=4.0 HTTP/1.1" 304 -
186.87.76.51 - - [06/Oct/2021:08:34:40 -0500] "GET /sipse/faces/javax.faces.resource/layout/layout.js?ln=primefaces&v=4.0 HTTP/1.1" 304 -
190.90.132.136 - - [06/Oct/2021:08:34:41 -0500] "GET /BLA/boletinlegal/conceptos.php HTTP/1.1" 200 7405
190.90.132.136 - - [06/Oct/2021:08:34:41 -0500] "GET /BLA/boletinlegal/js/ajax_conceptos.js HTTP/1.1" 200 1326
186.87.76.51 - - [06/Oct/2021:08:34:40 -0500] "GET /reportes_sipse/sdg/ServletReporte?reporte=experienia_idoneidad&solicitud=14895&pfdrid_c=false HTTP/1.1" 200 94782
188.40.73.215 - - [06/Oct/2021:08:34:47 -0500] "GET /BLA/resoluciones/RESOLUCIONES%202014/0610.pdf HTTP/1.1" 200 561342
186.87.76.51 - - [06/Oct/2021:08:34:47 -0500] "POST /sipse/faces/presentacion/financiero/solicitudProceso/consultarSolicitudProceso.xhtml HTTP/1.1" 200 35093
186.87.76.51 - - [06/Oct/2021:08:34:51 -0500] "GET /sipse/faces/javax.faces.resource/theme.css?ln=primefaces-sipse HTTP/1.1" 304 -
190.90.132.136 - - [06/Oct/2021:08:34:51 -0500] "GET /BLA/boletinlegal/consulta_conceptos.php?no=&solicitante=&radicado_entrada=&fecha_concepto=2017&objeto= HTTP/1.1" 200 80332
186.87.76.51 - - [06/Oct/2021:08:34:51 -0500] "GET /sipse/faces/javax.faces.resource/jquery/jquery.js?ln=primefaces&v=4.0 HTTP/1.1" 304 -
186.87.76.51 - - [06/Oct/2021:08:34:51 -0500] "GET /sipse/faces/javax.faces.resource/jquery/jquery-plugins.js?ln=primefaces&v=4.0 HTTP/1.1" 304 -
186.87.76.51 - - [06/Oct/2021:08:34:52 -0500] "GET /sipse/faces/javax.faces.resource/primefaces.js?ln=primefaces&v=4.0 HTTP/1.1" 304 -
186.87.76.51 - - [06/Oct/2021:08:34:52 -0500] "GET /sipse/faces/javax.faces.resource/layout/layout.js?ln=primefaces&v=4.0 HTTP/1.1" 304 -
186.87.76.51 - - [06/Oct/2021:08:34:52 -0500] "GET /sipse/faces/javax.faces.resource/primefaces.css?ln=primefaces&v=4.0 HTTP/1.1" 304 -
186.87.76.51 - - [06/Oct/2021:08:34:52 -0500] "GET /sipse/css/imagen/contrasena.png HTTP/1.1" 404 383
186.87.76.51 - - [06/Oct/2021:08:34:52 -0500] "GET /sipse/faces/javax.faces.resource/layout/layout.css?ln=primefaces&v=4.0 HTTP/1.1" 304 -
191.95.166.105 - - [06/Oct/2021:08:34:52 -0500] "POST /sipse/faces/autenticacion.xhtml HTTP/1.1" 200 2228
191.95.166.105 - - [06/Oct/2021:08:34:52 -0500] "GET /sipse/faces/javax.faces.resource/messages/messages.png?ln=primefaces&v=4.0 HTTP/1.1" 200 27209
191.95.166.105 - - [06/Oct/2021:08:34:53 -0500] "GET /sipse/faces/javax.faces.resource/images/ui-icons_898989_256x240.png?ln=primefaces-aristo HTTP/1.1" 304 -
191.95.166.105 - - [06/Oct/2021:08:34:53 -0500] "POST /sipse/faces/autenticacion.xhtml HTTP/1.1" 200 16014
191.95.166.105 - - [06/Oct/2021:08:34:53 -0500] "GET /sipse/css/custom_css_sg_prime.css HTTP/1.1" 200 5201
191.95.166.105 - - [06/Oct/2021:08:34:53 -0500] "GET /sipse/faces/javax.faces.resource/theme.css?ln=primefaces-sipse HTTP/1.1" 304 -
191.95.166.105 - - [06/Oct/2021:08:34:53 -0500] "GET /sipse/faces/javax.faces.resource/primefaces.css?ln=primefaces&v=4.0 HTTP/1.1" 304 -
191.95.166.105 - - [06/Oct/2021:08:34:53 -0500] "GET /sipse/faces/javax.faces.resource/layout/layout.css?ln=primefaces&v=4.0 HTTP/1.1" 304 -
191.95.166.105 - - [06/Oct/2021:08:34:53 -0500] "GET /sipse/js/jquery.min.js HTTP/1.1" 200 85582
186.87.76.51 - - [06/Oct/2021:08:34:52 -0500] "POST /sipse/faces/presentacion/financiero/solicitudProceso/listarSolicitudProceso.xhtml HTTP/1.1" 200 1348
191.95.166.105 - - [06/Oct/2021:08:34:54 -0500] "GET /sipse/faces/javax.faces.resource/jquery/jquery.js?ln=primefaces&v=4.0 HTTP/1.1" 304 -
191.95.166.105 - - [06/Oct/2021:08:34:54 -0500] "GET /sipse/faces/javax.faces.resource/jquery/jquery-plugins.js?ln=primefaces&v=4.0 HTTP/1.1" 304 -
191.95.166.105 - - [06/Oct/2021:08:34:54 -0500] "GET /sipse/faces/javax.faces.resource/primefaces.js?ln=primefaces&v=4.0 HTTP/1.1" 304 -
191.95.166.105 - - [06/Oct/2021:08:34:54 -0500] "GET /sipse/faces/javax.faces.resource/layout/layout.js?ln=primefaces&v=4.0 HTTP/1.1" 304 -
191.95.166.105 - - [06/Oct/2021:08:34:54 -0500] "GET /sipse/css/imagen/contrasena.png HTTP/1.1" 404 383
191.95.166.105 - - [06/Oct/2021:08:34:54 -0500] "GET /sipse/imagenes/cargando.gif HTTP/1.1" 200 36959
191.95.166.105 - - [06/Oct/2021:08:34:54 -0500] "GET /sipse/imagenes/logoAplicacion.jpg HTTP/1.1" 200 155084
190.90.132.136 - - [06/Oct/2021:08:34:36 -0500] "GET /BLA/boletinlegal/index.php HTTP/1.1" 200 16331
191.95.166.105 - - [06/Oct/2021:08:34:56 -0500] "GET /sipse/faces/javax.faces.resource/images/ui-bg_flat_0_2d5972_40x100.png?ln=primefaces-aristo HTTP/1.1" 200 183
191.95.166.105 - - [06/Oct/2021:08:34:56 -0500] "POST /sipse/faces/bienvenido.xhtml HTTP/1.1" 200 2060
216.245.221.92 - - [06/Oct/2021:08:34:57 -0500] "HEAD / HTTP/1.1" 200 -
188.40.73.215 - - [06/Oct/2021:08:34:58 -0500] "GET /BLA/resoluciones/RESOLUCIONES%202014/2516.pdf HTTP/1.1" 200 627828
191.95.166.105 - - [06/Oct/2021:08:34:58 -0500] "POST /sipse/faces/bienvenido.xhtml HTTP/1.1" 200 44684
191.95.166.105 - - [06/Oct/2021:08:34:59 -0500] "GET /sipse/faces/javax.faces.resource/theme.css?ln=primefaces-sipse HTTP/1.1" 304 -
191.95.166.105 - - [06/Oct/2021:08:34:59 -0500] "GET /sipse/faces/javax.faces.resource/primefaces.css?ln=primefaces&v=4.0 HTTP/1.1" 304 -
191.95.166.105 - - [06/Oct/2021:08:34:59 -0500] "GET /sipse/faces/javax.faces.resource/layout/layout.css?ln=primefaces&v=4.0 HTTP/1.1" 304 -
191.95.166.105 - - [06/Oct/2021:08:34:59 -0500] "GET /sipse/faces/javax.faces.resource/jquery/jquery.js?ln=primefaces&v=4.0 HTTP/1.1" 304 -
191.95.166.105 - - [06/Oct/2021:08:34:59 -0500] "GET /sipse/faces/javax.faces.resource/jquery/jquery-plugins.js?ln=primefaces&v=4.0 HTTP/1.1" 304 -
191.95.166.105 - - [06/Oct/2021:08:34:59 -0500] "GET /sipse/faces/javax.faces.resource/primefaces.js?ln=primefaces&v=4.0 HTTP/1.1" 304 -
191.95.166.105 - - [06/Oct/2021:08:34:59 -0500] "GET /sipse/faces/javax.faces.resource/layout/layout.js?ln=primefaces&v=4.0 HTTP/1.1" 304 -
191.95.166.105 - - [06/Oct/2021:08:34:59 -0500] "POST /sipse/faces/presentacion/financiero/solicitudProceso/listarSolicitudProceso.xhtml HTTP/1.1" 200 1404
18.188.247.12 - - [06/Oct/2021:08:35:02 -0500] "GET /galeria/nivo-slider/demo/images/Bannerplasticosseptiembre.jpg HTTP/1.1" 200 45633
201.245.192.253 - - [06/Oct/2021:08:34:18 -0500] "POST /kwsrmcab/Wsrmcab HTTP/1.1" 200 121959
201.245.192.253 - - [06/Oct/2021:08:35:07 -0500] "GET /catalogoisis/ HTTP/1.1" 200 8575
190.90.132.136 - - [06/Oct/2021:08:35:08 -0500] "GET /BLA/boletinlegal/conceptos/2017/68.pdf HTTP/1.1" 200 395085
188.40.73.215 - - [06/Oct/2021:08:35:09 -0500] "GET /BLA/resoluciones/RESOLUCIONES%202014/0156.pdf HTTP/1.1" 200 189240
200.52.154.242 - - [06/Oct/2021:08:35:15 -0500] "GET /galeria/galeria/jquery.fancybox.css?v=2.1.5 HTTP/1.1" 200 4895
200.52.154.242 - - [06/Oct/2021:08:35:15 -0500] "GET /BLA/boletinlegal/js/jquery.scrollShow.js HTTP/1.1" 200 4586
200.52.154.242 - - [06/Oct/2021:08:35:15 -0500] "GET /galeria/galeria/jquery.fancybox.js?v=2.1.5 HTTP/1.1" 200 48706
191.95.166.105 - - [06/Oct/2021:08:35:16 -0500] "POST /sipse/faces/presentacion/financiero/solicitudProceso/listarSolicitudProceso.xhtml HTTP/1.1" 200 127332
191.95.166.105 - - [06/Oct/2021:08:35:17 -0500] "GET /sipse/faces/javax.faces.resource/theme.css?ln=primefaces-sipse HTTP/1.1" 304 -
191.95.166.105 - - [06/Oct/2021:08:35:17 -0500] "GET /sipse/faces/javax.faces.resource/primefaces.css?ln=primefaces&v=4.0 HTTP/1.1" 304 -
191.95.166.105 - - [06/Oct/2021:08:35:17 -0500] "GET /sipse/faces/javax.faces.resource/layout/layout.css?ln=primefaces&v=4.0 HTTP/1.1" 304 -
191.95.166.105 - - [06/Oct/2021:08:35:17 -0500] "GET /sipse/faces/javax.faces.resource/jquery/jquery.js?ln=primefaces&v=4.0 HTTP/1.1" 304 -
191.95.166.105 - - [06/Oct/2021:08:35:17 -0500] "GET /sipse/faces/javax.faces.resource/jquery/jquery-plugins.js?ln=primefaces&v=4.0 HTTP/1.1" 304 -
191.95.166.105 - - [06/Oct/2021:08:35:17 -0500] "GET /sipse/faces/javax.faces.resource/primefaces.js?ln=primefaces&v=4.0 HTTP/1.1" 304 -
191.95.166.105 - - [06/Oct/2021:08:35:17 -0500] "GET /sipse/faces/javax.faces.resource/layout/layout.js?ln=primefaces&v=4.0 HTTP/1.1" 304 -
191.95.166.105 - - [06/Oct/2021:08:35:17 -0500] "GET /reportes_sipse/sdg/ServletReporte?reporte=experienia_idoneidad&solicitud=14895&pfdrid_c=false HTTP/1.1" 200 94782
188.40.73.215 - - [06/Oct/2021:08:35:21 -0500] "GET /BLA/resoluciones/RESOLUCIONES%202014/2383.pdf HTTP/1.1" 200 296676
186.87.76.51 - - [06/Oct/2021:08:35:24 -0500] "POST /sipse/faces/presentacion/financiero/solicitudProceso/listarSolicitudProceso.xhtml HTTP/1.1" 200 9036
186.87.76.51 - - [06/Oct/2021:08:35:25 -0500] "POST /sipse/faces/presentacion/financiero/solicitudProceso/listarSolicitudProceso.xhtml HTTP/1.1" 200 110880
186.87.76.51 - - [06/Oct/2021:08:35:26 -0500] "GET /sipse/faces/javax.faces.resource/theme.css?ln=primefaces-sipse HTTP/1.1" 304 -
186.87.76.51 - - [06/Oct/2021:08:35:26 -0500] "GET /sipse/faces/javax.faces.resource/layout/layout.css?ln=primefaces&v=4.0 HTTP/1.1" 304 -
186.87.76.51 - - [06/Oct/2021:08:35:26 -0500] "GET /sipse/faces/javax.faces.resource/primefaces.css?ln=primefaces&v=4.0 HTTP/1.1" 304 -
186.87.76.51 - - [06/Oct/2021:08:35:26 -0500] "GET /sipse/faces/javax.faces.resource/jquery/jquery.js?ln=primefaces&v=4.0 HTTP/1.1" 304 -
186.87.76.51 - - [06/Oct/2021:08:35:26 -0500] "GET /sipse/faces/javax.faces.resource/jquery/jquery-plugins.js?ln=primefaces&v=4.0 HTTP/1.1" 304 -
186.87.76.51 - - [06/Oct/2021:08:35:26 -0500] "GET /sipse/faces/javax.faces.resource/primefaces.js?ln=primefaces&v=4.0 HTTP/1.1" 304 -
186.87.76.51 - - [06/Oct/2021:08:35:26 -0500] "GET /sipse/faces/javax.faces.resource/layout/layout.js?ln=primefaces&v=4.0 HTTP/1.1" 304 -
181.71.213.24 - - [06/Oct/2021:08:35:27 -0500] "GET /galeria/galeria/jquery.fancybox.css?v=2.1.5 HTTP/1.1" 200 4895
181.71.213.24 - - [06/Oct/2021:08:35:27 -0500] "GET /BLA/boletinlegal/js/jquery.scrollShow.js HTTP/1.1" 200 4586
181.71.213.24 - - [06/Oct/2021:08:35:27 -0500] "GET /galeria/galeria/jquery.fancybox.js?v=2.1.5 HTTP/1.1" 200 48706
186.87.76.51 - - [06/Oct/2021:08:35:26 -0500] "GET /reportes_sipse/sdg/ServletReporte?reporte=experienia_idoneidad&solicitud=14895&pfdrid_c=false HTTP/1.1" 200 94782
188.40.73.215 - - [06/Oct/2021:08:35:31 -0500] "GET /BLA/resoluciones/RESOLUCIONES%202014/1303.pdf HTTP/1.1" 200 816683
186.87.76.51 - - [06/Oct/2021:08:35:30 -0500] "POST /sipse/faces/presentacion/financiero/solicitudProceso/consultarSolicitudProceso.xhtml HTTP/1.1" 200 35137
186.87.76.51 - - [06/Oct/2021:08:35:34 -0500] "GET /sipse/faces/javax.faces.resource/theme.css?ln=primefaces-sipse HTTP/1.1" 304 -
186.87.76.51 - - [06/Oct/2021:08:35:34 -0500] "GET /sipse/faces/javax.faces.resource/primefaces.css?ln=primefaces&v=4.0 HTTP/1.1" 304 -
186.87.76.51 - - [06/Oct/2021:08:35:34 -0500] "GET /sipse/faces/javax.faces.resource/jquery/jquery.js?ln=primefaces&v=4.0 HTTP/1.1" 304 -
186.87.76.51 - - [06/Oct/2021:08:35:35 -0500] "GET /sipse/faces/javax.faces.resource/jquery/jquery-plugins.js?ln=primefaces&v=4.0 HTTP/1.1" 304 -
186.87.76.51 - - [06/Oct/2021:08:35:35 -0500] "GET /sipse/faces/javax.faces.resource/primefaces.js?ln=primefaces&v=4.0 HTTP/1.1" 304 -
186.87.76.51 - - [06/Oct/2021:08:35:35 -0500] "GET /sipse/faces/javax.faces.resource/layout/layout.js?ln=primefaces&v=4.0 HTTP/1.1" 304 -
186.87.76.51 - - [06/Oct/2021:08:35:35 -0500] "GET /sipse/faces/javax.faces.resource/layout/layout.css?ln=primefaces&v=4.0 HTTP/1.1" 304 -
18.188.247.12 - - [06/Oct/2021:08:35:36 -0500] "GET /galeria/galeria/fotos/2humedal-Burro2P.jpg HTTP/1.1" 200 8996
186.87.76.51 - - [06/Oct/2021:08:35:35 -0500] "POST /sipse/faces/presentacion/financiero/solicitudProceso/listarSolicitudProceso.xhtml HTTP/1.1" 200 1348
188.40.73.215 - - [06/Oct/2021:08:35:42 -0500] "GET /BLA/resoluciones/RESOLUCIONES%202014/3387.pdf HTTP/1.1" 200 223587
201.245.192.253 - - [06/Oct/2021:08:35:47 -0500] "GET /sipse/faces/faces/index.xhtml HTTP/1.1" 200 677
201.245.192.253 - - [06/Oct/2021:08:35:49 -0500] "GET /sipse/faces/javax.faces.resource/theme.css?ln=primefaces-sipse HTTP/1.1" 200 50058
201.245.192.253 - - [06/Oct/2021:08:35:50 -0500] "GET /favicon.ico HTTP/1.1" 200 7782
201.245.192.253 - - [06/Oct/2021:08:35:50 -0500] "GET /sipse/faces/faces/faces/autenticacion.xhtml HTTP/1.1" 200 12183
201.245.192.253 - - [06/Oct/2021:08:35:50 -0500] "GET /sipse/js/disable_browser_buttons.js HTTP/1.1" 200 3230
201.245.192.253 - - [06/Oct/2021:08:35:50 -0500] "GET /sipse/css/custom_css_sg_prime_login.css HTTP/1.1" 200 443
201.245.192.253 - - [06/Oct/2021:08:35:50 -0500] "GET /sipse/css/custom_css_sg.css HTTP/1.1" 200 9694
201.245.192.253 - - [06/Oct/2021:08:35:50 -0500] "GET /sipse/js/funciones.js HTTP/1.1" 200 12592
201.245.192.253 - - [06/Oct/2021:08:35:50 -0500] "GET /sipse/faces/javax.faces.resource/layout/layout.css?ln=primefaces&v=4.0 HTTP/1.1" 200 542
201.245.192.253 - - [06/Oct/2021:08:35:50 -0500] "GET /sipse/faces/javax.faces.resource/theme.css?ln=primefaces-sipse HTTP/1.1" 304 -
201.245.192.253 - - [06/Oct/2021:08:35:50 -0500] "GET /sipse/faces/javax.faces.resource/jquery/jquery.js?ln=primefaces&v=4.0 HTTP/1.1" 200 105384
201.245.192.253 - - [06/Oct/2021:08:35:50 -0500] "GET /sipse/faces/javax.faces.resource/primefaces.css?ln=primefaces&v=4.0 HTTP/1.1" 200 53295
201.245.192.253 - - [06/Oct/2021:08:35:51 -0500] "GET /sipse/faces/javax.faces.resource/layout/layout.js?ln=primefaces&v=4.0 HTTP/1.1" 200 87560
201.245.192.253 - - [06/Oct/2021:08:35:50 -0500] "GET /sipse/faces/javax.faces.resource/jquery/jquery-plugins.js?ln=primefaces&v=4.0 HTTP/1.1" 200 220526
201.245.192.253 - - [06/Oct/2021:08:35:50 -0500] "GET /sipse/faces/javax.faces.resource/primefaces.js?ln=primefaces&v=4.0 HTTP/1.1" 200 276924
201.245.192.253 - - [06/Oct/2021:08:35:52 -0500] "GET /sipse/css/imagen/logoSDG.png HTTP/1.1" 200 53064
201.245.192.253 - - [06/Oct/2021:08:35:52 -0500] "GET /sipse/css/imagen/loginimg.png HTTP/1.1" 200 71635
201.245.192.253 - - [06/Oct/2021:08:35:53 -0500] "GET /sipse/faces/javax.faces.resource/images/ui-icons_898989_256x240.png?ln=primefaces-aristo HTTP/1.1" 200 5355
188.40.73.215 - - [06/Oct/2021:08:35:53 -0500] "GET /BLA/resoluciones/RESOLUCIONES%202014/2233.pdf HTTP/1.1" 200 356763
188.40.73.215 - - [06/Oct/2021:08:36:05 -0500] "GET /BLA/resoluciones/RESOLUCIONES%202014/0694.pdf HTTP/1.1" 200 12398202
201.245.192.253 - - [06/Oct/2021:08:36:07 -0500] "GET /catalogoisis/ HTTP/1.1" 200 8575
201.245.192.253 - - [06/Oct/2021:08:36:08 -0500] "POST /sipse/faces/autenticacion.xhtml HTTP/1.1" 200 2228
201.245.192.253 - - [06/Oct/2021:08:36:08 -0500] "GET /sipse/faces/javax.faces.resource/messages/messages.png?ln=primefaces&v=4.0 HTTP/1.1" 200 27209
181.50.60.176 - - [06/Oct/2021:08:36:09 -0500] "GET /galeria/galeria/jquery.fancybox.css?v=2.1.5 HTTP/1.1" 200 4895
181.50.60.176 - - [06/Oct/2021:08:36:09 -0500] "GET /BLA/boletinlegal/js/jquery.scrollShow.js HTTP/1.1" 200 4586
181.50.60.176 - - [06/Oct/2021:08:36:09 -0500] "GET /galeria/galeria/jquery.fancybox.js?v=2.1.5 HTTP/1.1" 200 48706
201.245.192.253 - - [06/Oct/2021:08:36:09 -0500] "POST /sipse/faces/autenticacion.xhtml HTTP/1.1" 200 16027
201.245.192.253 - - [06/Oct/2021:08:36:09 -0500] "GET /sipse/css/custom_css_sg_prime.css HTTP/1.1" 200 5201
