201.245.192.253 - - [06/Oct/2021:08:36:09 -0500] "GET /sipse/faces/javax.faces.resource/theme.css?ln=primefaces-sipse HTTP/1.1" 304 -
201.245.192.253 - - [06/Oct/2021:08:36:09 -0500] "GET /sipse/faces/javax.faces.resource/primefaces.css?ln=primefaces&v=4.0 HTTP/1.1" 304 -
201.245.192.253 - - [06/Oct/2021:08:36:09 -0500] "GET /sipse/faces/javax.faces.resource/layout/layout.css?ln=primefaces&v=4.0 HTTP/1.1" 304 -
200.6.160.226 - - [06/Oct/2021:08:36:10 -0500] "GET /galeria/galeria/jquery.fancybox.js?v=2.1.5 HTTP/1.1" 200 48706
200.6.160.226 - - [06/Oct/2021:08:36:10 -0500] "GET /galeria/galeria/jquery.fancybox.css?v=2.1.5 HTTP/1.1" 200 4895
201.245.192.253 - - [06/Oct/2021:08:36:09 -0500] "GET /sipse/js/jquery.min.js HTTP/1.1" 200 85582
201.245.192.253 - - [06/Oct/2021:08:36:10 -0500] "GET /sipse/faces/javax.faces.resource/jquery/jquery.js?ln=primefaces&v=4.0 HTTP/1.1" 304 -
201.245.192.253 - - [06/Oct/2021:08:36:10 -0500] "GET /sipse/faces/javax.faces.resource/jquery/jquery-plugins.js?ln=primefaces&v=4.0 HTTP/1.1" 304 -
201.245.192.253 - - [06/Oct/2021:08:36:10 -0500] "GET /sipse/faces/javax.faces.resource/primefaces.js?ln=primefaces&v=4.0 HTTP/1.1" 304 -
201.245.192.253 - - [06/Oct/2021:08:36:10 -0500] "GET /sipse/faces/javax.faces.resource/layout/layout.js?ln=primefaces&v=4.0 HTTP/1.1" 304 -
201.245.192.253 - - [06/Oct/2021:08:36:10 -0500] "GET /sipse/imagenes/cargando.gif HTTP/1.1" 200 36959
201.245.192.253 - - [06/Oct/2021:08:36:10 -0500] "GET /sipse/imagenes/logoAplicacion.jpg HTTP/1.1" 200 155084
201.245.192.253 - - [06/Oct/2021:08:36:11 -0500] "GET /sipse/css/imagen/contrasena.png HTTP/1.1" 404 383
188.40.73.215 - - [06/Oct/2021:08:36:12 -0500] "GET /BLA/resoluciones/RESOLUCIONES%202014/1670.pdf HTTP/1.1" 200 534765
201.245.192.253 - - [06/Oct/2021:08:36:12 -0500] "POST /sipse/faces/bienvenido.xhtml HTTP/1.1" 200 2658
18.188.247.12 - - [06/Oct/2021:08:36:12 -0500] "GET /galeria/galeria/fotos/GuaymaralTorca4G.jpg HTTP/1.1" 200 373786
201.245.192.253 - - [06/Oct/2021:08:36:12 -0500] "GET /sipse/faces/javax.faces.resource/images/ui-bg_flat_0_2d5972_40x100.png?ln=primefaces-aristo HTTP/1.1" 200 183
201.245.192.253 - - [06/Oct/2021:08:36:13 -0500] "POST /sipse/faces/bienvenido.xhtml HTTP/1.1" 200 58968
201.245.192.253 - - [06/Oct/2021:08:36:14 -0500] "GET /sipse/faces/javax.faces.resource/theme.css?ln=primefaces-sipse HTTP/1.1" 304 -
201.245.192.253 - - [06/Oct/2021:08:36:14 -0500] "GET /sipse/faces/javax.faces.resource/primefaces.css?ln=primefaces&v=4.0 HTTP/1.1" 304 -
201.245.192.253 - - [06/Oct/2021:08:36:14 -0500] "GET /sipse/faces/javax.faces.resource/layout/layout.css?ln=primefaces&v=4.0 HTTP/1.1" 304 -
201.245.192.253 - - [06/Oct/2021:08:36:14 -0500] "GET /sipse/faces/javax.faces.resource/jquery/jquery.js?ln=primefaces&v=4.0 HTTP/1.1" 304 -
201.245.192.253 - - [06/Oct/2021:08:36:14 -0500] "GET /sipse/faces/javax.faces.resource/jquery/jquery-plugins.js?ln=primefaces&v=4.0 HTTP/1.1" 304 -
201.245.192.253 - - [06/Oct/2021:08:36:14 -0500] "GET /sipse/faces/javax.faces.resource/primefaces.js?ln=primefaces&v=4.0 HTTP/1.1" 304 -
201.245.192.253 - - [06/Oct/2021:08:36:14 -0500] "GET /sipse/faces/javax.faces.resource/layout/layout.js?ln=primefaces&v=4.0 HTTP/1.1" 304 -
201.245.192.253 - - [06/Oct/2021:08:36:14 -0500] "POST /sipse/faces/presentacion/financiero/solicitudProceso/listarSolicitudProceso.xhtml HTTP/1.1" 200 1448
18.188.247.12 - - [06/Oct/2021:08:36:17 -0500] "GET /BLA/boletinlegal/images/screen_5.png HTTP/1.1" 200 368876
192.168.172.26 - - [06/Oct/2021:08:36:19 -0500] "GET /BLA/boletinlegal/admin/index.php HTTP/1.1" 200 2324
201.245.192.253 - - [06/Oct/2021:08:36:20 -0500] "POST /sipse/faces/presentacion/financiero/solicitudProceso/listarSolicitudProceso.xhtml HTTP/1.1" 200 33724
201.245.192.253 - - [06/Oct/2021:08:36:20 -0500] "GET /sipse/faces/javax.faces.resource/theme.css?ln=primefaces-sipse HTTP/1.1" 304 -
201.245.192.253 - - [06/Oct/2021:08:36:20 -0500] "GET /sipse/faces/javax.faces.resource/primefaces.css?ln=primefaces&v=4.0 HTTP/1.1" 304 -
201.245.192.253 - - [06/Oct/2021:08:36:20 -0500] "GET /sipse/faces/javax.faces.resource/layout/layout.css?ln=primefaces&v=4.0 HTTP/1.1" 304 -
201.245.192.253 - - [06/Oct/2021:08:36:20 -0500] "GET /sipse/faces/javax.faces.resource/jquery/jquery.js?ln=primefaces&v=4.0 HTTP/1.1" 304 -
201.245.192.253 - - [06/Oct/2021:08:36:20 -0500] "GET /sipse/faces/javax.faces.resource/jquery/jquery-plugins.js?ln=primefaces&v=4.0 HTTP/1.1" 304 -
201.245.192.253 - - [06/Oct/2021:08:36:21 -0500] "GET /sipse/faces/javax.faces.resource/primefaces.js?ln=primefaces&v=4.0 HTTP/1.1" 304 -
201.245.192.253 - - [06/Oct/2021:08:36:21 -0500] "GET /sipse/faces/javax.faces.resource/layout/layout.js?ln=primefaces&v=4.0 HTTP/1.1" 304 -
201.245.192.253 - - [06/Oct/2021:08:36:21 -0500] "POST /sipse/faces/presentacion/financiero/solicitudProceso/solicitudProcesoOtrosPagos.xhtml HTTP/1.1" 200 26970
188.40.73.215 - - [06/Oct/2021:08:36:23 -0500] "GET /BLA/resoluciones/RESOLUCIONES%202014/0288.pdf HTTP/1.1" 200 838955
191.156.137.161 - - [06/Oct/2021:08:36:24 -0500] "GET /galeria/galeria/jquery.fancybox.css?v=2.1.5 HTTP/1.1" 200 4895
191.156.137.161 - - [06/Oct/2021:08:36:24 -0500] "GET /BLA/boletinlegal/js/jquery.scrollShow.js HTTP/1.1" 200 4586
191.156.137.161 - - [06/Oct/2021:08:36:24 -0500] "GET /galeria/galeria/jquery.fancybox.js?v=2.1.5 HTTP/1.1" 200 48706
201.245.192.253 - - [06/Oct/2021:08:36:27 -0500] "POST /sipse/faces/presentacion/financiero/solicitudProceso/solicitudProcesoOtrosPagos.xhtml HTTP/1.1" 200 54614
201.245.192.253 - - [06/Oct/2021:08:36:28 -0500] "GET /sipse/faces/javax.faces.resource/layout/layout.css?ln=primefaces&v=4.0 HTTP/1.1" 304 -
201.245.192.253 - - [06/Oct/2021:08:36:28 -0500] "GET /sipse/faces/javax.faces.resource/theme.css?ln=primefaces-sipse HTTP/1.1" 304 -
201.245.192.253 - - [06/Oct/2021:08:36:28 -0500] "GET /sipse/faces/javax.faces.resource/fileupload/fileupload.css?ln=primefaces&v=4.0 HTTP/1.1" 200 1330
201.245.192.253 - - [06/Oct/2021:08:36:28 -0500] "GET /sipse/faces/javax.faces.resource/primefaces.css?ln=primefaces&v=4.0 HTTP/1.1" 304 -
201.245.192.253 - - [06/Oct/2021:08:36:28 -0500] "GET /sipse/faces/javax.faces.resource/jquery/jquery.js?ln=primefaces&v=4.0 HTTP/1.1" 304 -
201.245.192.253 - - [06/Oct/2021:08:36:28 -0500] "GET /sipse/faces/javax.faces.resource/jquery/jquery-plugins.js?ln=primefaces&v=4.0 HTTP/1.1" 304 -
201.245.192.253 - - [06/Oct/2021:08:36:28 -0500] "GET /sipse/faces/javax.faces.resource/primefaces.js?ln=primefaces&v=4.0 HTTP/1.1" 304 -
201.245.192.253 - - [06/Oct/2021:08:36:28 -0500] "GET /sipse/faces/javax.faces.resource/layout/layout.js?ln=primefaces&v=4.0 HTTP/1.1" 304 -
201.245.192.253 - - [06/Oct/2021:08:36:28 -0500] "GET /sipse/faces/javax.faces.resource/fileupload/fileupload.js?ln=primefaces&v=4.0 HTTP/1.1" 200 28091
201.245.192.253 - - [06/Oct/2021:08:36:28 -0500] "GET /reportes_sipse/sdg/ServletReporte?reporte=experienia_idoneidad&solicitud=14895&pfdrid_c=false HTTP/1.1" 200 94782
190.236.31.151 - - [06/Oct/2021:08:36:31 -0500] "GET /BLA/boletinlegal/js/jquery.scrollShow.js HTTP/1.1" 200 4586
190.236.31.151 - - [06/Oct/2021:08:36:31 -0500] "GET /galeria/galeria/jquery.fancybox.css?v=2.1.5 HTTP/1.1" 200 4895
190.236.31.151 - - [06/Oct/2021:08:36:31 -0500] "GET /galeria/galeria/jquery.fancybox.js?v=2.1.5 HTTP/1.1" 200 48706
181.115.131.2 - - [06/Oct/2021:08:36:33 -0500] "GET /galeria/galeria/jquery.fancybox.css?v=2.1.5 HTTP/1.1" 200 4895
181.115.131.2 - - [06/Oct/2021:08:36:33 -0500] "GET /BLA/boletinlegal/js/jquery.scrollShow.js HTTP/1.1" 200 4586
181.115.131.2 - - [06/Oct/2021:08:36:33 -0500] "GET /galeria/galeria/jquery.fancybox.js?v=2.1.5 HTTP/1.1" 200 48706
188.40.73.215 - - [06/Oct/2021:08:36:34 -0500] "GET /BLA/resoluciones/RESOLUCIONES%202014/3441.pdf HTTP/1.1" 200 733079
201.245.192.253 - - [06/Oct/2021:08:36:39 -0500] "POST /sipse/faces/presentacion/financiero/solicitudProceso/detalleSolicitudProcesoOtrosPagos.xhtml HTTP/1.1" 200 29662
201.245.192.253 - - [06/Oct/2021:08:36:39 -0500] "GET /sipse/faces/javax.faces.resource/layout/layout.css?ln=primefaces&v=4.0 HTTP/1.1" 304 -
201.245.192.253 - - [06/Oct/2021:08:36:39 -0500] "GET /sipse/faces/javax.faces.resource/theme.css?ln=primefaces-sipse HTTP/1.1" 304 -
201.245.192.253 - - [06/Oct/2021:08:36:39 -0500] "GET /sipse/faces/javax.faces.resource/primefaces.css?ln=primefaces&v=4.0 HTTP/1.1" 304 -
201.245.192.253 - - [06/Oct/2021:08:36:39 -0500] "GET /sipse/faces/javax.faces.resource/jquery/jquery.js?ln=primefaces&v=4.0 HTTP/1.1" 304 -
201.245.192.253 - - [06/Oct/2021:08:36:39 -0500] "GET /sipse/faces/javax.faces.resource/jquery/jquery-plugins.js?ln=primefaces&v=4.0 HTTP/1.1" 304 -
201.245.192.253 - - [06/Oct/2021:08:36:39 -0500] "GET /sipse/faces/javax.faces.resource/primefaces.js?ln=primefaces&v=4.0 HTTP/1.1" 304 -
201.245.192.253 - - [06/Oct/2021:08:36:39 -0500] "GET /sipse/faces/javax.faces.resource/layout/layout.js?ln=primefaces&v=4.0 HTTP/1.1" 304 -
66.249.66.139 - - [06/Oct/2021:08:36:42 -0500] "-" 408 -
188.40.73.215 - - [06/Oct/2021:08:36:46 -0500] "GET /BLA/resoluciones/RESOLUCIONES%202014/0824.pdf HTTP/1.1" 200 579370
191.156.176.232 - - [06/Oct/2021:08:36:49 -0500] "GET /galeria/galeria/jquery.fancybox.css?v=2.1.5 HTTP/1.1" 200 4895
191.156.191.111 - - [06/Oct/2021:08:36:50 -0500] "GET /BLA/boletinlegal/js/jquery.scrollShow.js HTTP/1.1" 200 4586
191.156.191.111 - - [06/Oct/2021:08:36:50 -0500] "GET /galeria/galeria/jquery.fancybox.js?v=2.1.5 HTTP/1.1" 200 48706
190.145.199.42 - - [06/Oct/2021:08:36:55 -0500] "GET /BLA/boletinlegal/js/jquery.scrollShow.js HTTP/1.1" 200 4586
190.145.199.42 - - [06/Oct/2021:08:36:55 -0500] "GET /galeria/galeria/jquery.fancybox.css?v=2.1.5 HTTP/1.1" 200 4895
190.145.199.42 - - [06/Oct/2021:08:36:55 -0500] "GET /galeria/galeria/jquery.fancybox.js?v=2.1.5 HTTP/1.1" 200 48706
188.40.73.215 - - [06/Oct/2021:08:36:57 -0500] "GET /BLA/resoluciones/RESOLUCIONES%202014/2730.pdf HTTP/1.1" 200 2679294
188.40.73.215 - - [06/Oct/2021:08:37:04 -0500] "GET /BLA/resoluciones/RESOLUCIONES%202014/2391.pdf HTTP/1.1" 200 632910
201.245.192.253 - - [06/Oct/2021:08:37:07 -0500] "POST /sipse/faces/presentacion/financiero/solicitudProceso/consultarHistorialSolProceso.xhtml HTTP/1.1" 200 61442
201.245.192.253 - - [06/Oct/2021:08:37:08 -0500] "GET /sipse/faces/javax.faces.resource/primefaces.css?ln=primefaces&v=4.0 HTTP/1.1" 304 -
201.245.192.253 - - [06/Oct/2021:08:37:08 -0500] "GET /sipse/faces/javax.faces.resource/theme.css?ln=primefaces-sipse HTTP/1.1" 304 -
201.245.192.253 - - [06/Oct/2021:08:37:08 -0500] "GET /sipse/faces/javax.faces.resource/layout/layout.css?ln=primefaces&v=4.0 HTTP/1.1" 304 -
201.245.192.253 - - [06/Oct/2021:08:37:08 -0500] "GET /sipse/faces/javax.faces.resource/fileupload/fileupload.css?ln=primefaces&v=4.0 HTTP/1.1" 304 -
201.245.192.253 - - [06/Oct/2021:08:37:08 -0500] "GET /sipse/faces/javax.faces.resource/jquery/jquery-plugins.js?ln=primefaces&v=4.0 HTTP/1.1" 304 -
201.245.192.253 - - [06/Oct/2021:08:37:08 -0500] "GET /sipse/faces/javax.faces.resource/jquery/jquery.js?ln=primefaces&v=4.0 HTTP/1.1" 304 -
201.245.192.253 - - [06/Oct/2021:08:37:08 -0500] "GET /sipse/faces/javax.faces.resource/primefaces.js?ln=primefaces&v=4.0 HTTP/1.1" 304 -
201.245.192.253 - - [06/Oct/2021:08:37:08 -0500] "GET /sipse/faces/javax.faces.resource/layout/layout.js?ln=primefaces&v=4.0 HTTP/1.1" 304 -
201.245.192.253 - - [06/Oct/2021:08:37:08 -0500] "GET /sipse/faces/javax.faces.resource/fileupload/fileupload.js?ln=primefaces&v=4.0 HTTP/1.1" 304 -
201.245.192.253 - - [06/Oct/2021:08:37:08 -0500] "GET /catalogoisis/ HTTP/1.1" 200 8575
201.245.192.253 - - [06/Oct/2021:08:37:08 -0500] "GET /reportes_sipse/sdg/ServletReporte?reporte=experienia_idoneidad&solicitud=14895&pfdrid_c=false HTTP/1.1" 200 94782
186.112.12.211 - - [06/Oct/2021:08:37:12 -0500] "GET /BLA/boletinlegal/js/jquery.scrollShow.js HTTP/1.1" 200 4586
186.112.12.211 - - [06/Oct/2021:08:37:12 -0500] "GET /galeria/galeria/jquery.fancybox.css?v=2.1.5 HTTP/1.1" 200 4895
186.112.12.211 - - [06/Oct/2021:08:37:12 -0500] "GET /galeria/galeria/jquery.fancybox.js?v=2.1.5 HTTP/1.1" 200 48706
201.245.192.253 - - [06/Oct/2021:08:37:15 -0500] "POST /sipse/faces/presentacion/financiero/solicitudProceso/detalleSolicitudProcesoOtrosPagos.xhtml HTTP/1.1" 200 190
201.245.192.253 - - [06/Oct/2021:08:37:15 -0500] "GET /sipse/faces/presentacion/financiero/solicitudProceso/solicitudProcesoOtrosPagos.xhtml HTTP/1.1" 200 37635
201.245.192.253 - - [06/Oct/2021:08:37:15 -0500] "GET /sipse/faces/javax.faces.resource/theme.css?ln=primefaces-sipse HTTP/1.1" 304 -
201.245.192.253 - - [06/Oct/2021:08:37:15 -0500] "GET /sipse/faces/javax.faces.resource/primefaces.js?ln=primefaces&v=4.0 HTTP/1.1" 304 -
201.245.192.253 - - [06/Oct/2021:08:37:15 -0500] "GET /sipse/faces/javax.faces.resource/jquery/jquery-plugins.js?ln=primefaces&v=4.0 HTTP/1.1" 304 -
201.245.192.253 - - [06/Oct/2021:08:37:15 -0500] "GET /sipse/faces/javax.faces.resource/jquery/jquery.js?ln=primefaces&v=4.0 HTTP/1.1" 304 -
201.245.192.253 - - [06/Oct/2021:08:37:15 -0500] "GET /sipse/faces/javax.faces.resource/primefaces.css?ln=primefaces&v=4.0 HTTP/1.1" 304 -
201.245.192.253 - - [06/Oct/2021:08:37:15 -0500] "GET /sipse/faces/javax.faces.resource/layout/layout.css?ln=primefaces&v=4.0 HTTP/1.1" 304 -
201.245.192.253 - - [06/Oct/2021:08:37:15 -0500] "GET /sipse/faces/javax.faces.resource/layout/layout.js?ln=primefaces&v=4.0 HTTP/1.1" 304 -
201.245.192.253 - - [06/Oct/2021:08:37:15 -0500] "GET /sipse/faces/javax.faces.resource/messages/messages.png?ln=primefaces&v=4.0 HTTP/1.1" 304 -
188.40.73.215 - - [06/Oct/2021:08:37:16 -0500] "GET /BLA/resoluciones/RESOLUCIONES%202014/0547.pdf HTTP/1.1" 200 800725
201.245.192.253 - - [06/Oct/2021:08:37:21 -0500] "POST /sipse/faces/presentacion/financiero/solicitudProceso/solicitudProcesoOtrosPagos.xhtml HTTP/1.1" 200 54614
201.245.192.253 - - [06/Oct/2021:08:37:22 -0500] "GET /sipse/faces/javax.faces.resource/theme.css?ln=primefaces-sipse HTTP/1.1" 304 -
201.245.192.253 - - [06/Oct/2021:08:37:22 -0500] "GET /sipse/faces/javax.faces.resource/layout/layout.css?ln=primefaces&v=4.0 HTTP/1.1" 304 -
201.245.192.253 - - [06/Oct/2021:08:37:22 -0500] "GET /sipse/faces/javax.faces.resource/primefaces.css?ln=primefaces&v=4.0 HTTP/1.1" 304 -
201.245.192.253 - - [06/Oct/2021:08:37:22 -0500] "GET /sipse/faces/javax.faces.resource/fileupload/fileupload.css?ln=primefaces&v=4.0 HTTP/1.1" 304 -
201.245.192.253 - - [06/Oct/2021:08:37:22 -0500] "GET /sipse/faces/javax.faces.resource/jquery/jquery.js?ln=primefaces&v=4.0 HTTP/1.1" 304 -
201.245.192.253 - - [06/Oct/2021:08:37:22 -0500] "GET /sipse/faces/javax.faces.resource/jquery/jquery-plugins.js?ln=primefaces&v=4.0 HTTP/1.1" 304 -
201.245.192.253 - - [06/Oct/2021:08:37:22 -0500] "GET /sipse/faces/javax.faces.resource/primefaces.js?ln=primefaces&v=4.0 HTTP/1.1" 304 -
201.245.192.253 - - [06/Oct/2021:08:37:22 -0500] "GET /sipse/faces/javax.faces.resource/layout/layout.js?ln=primefaces&v=4.0 HTTP/1.1" 304 -
201.245.192.253 - - [06/Oct/2021:08:37:22 -0500] "GET /sipse/faces/javax.faces.resource/fileupload/fileupload.js?ln=primefaces&v=4.0 HTTP/1.1" 304 -
201.245.192.253 - - [06/Oct/2021:08:37:22 -0500] "GET /reportes_sipse/sdg/ServletReporte?reporte=experienia_idoneidad&solicitud=14895&pfdrid_c=false HTTP/1.1" 200 94782
200.6.160.226 - - [06/Oct/2021:08:37:25 -0500] "GET /galeria/galeria/jquery.fancybox.css?v=2.1.5 HTTP/1.1" 200 4895
200.6.160.226 - - [06/Oct/2021:08:37:25 -0500] "GET /galeria/galeria/jquery.fancybox.js?v=2.1.5 HTTP/1.1" 200 48706
188.40.73.215 - - [06/Oct/2021:08:37:27 -0500] "GET /BLA/resoluciones/RESOLUCIONES%202014/1854.pdf HTTP/1.1" 200 680435
192.168.172.26 - - [06/Oct/2021:08:37:33 -0500] "POST /BLA/boletinlegal/admin/usuarios/process.php HTTP/1.1" 302 -
190.158.118.115 - - [06/Oct/2021:08:37:35 -0500] "-" 408 -
188.40.73.215 - - [06/Oct/2021:08:37:38 -0500] "GET /BLA/resoluciones/RESOLUCIONES%202014/3285.pdf HTTP/1.1" 200 3027581
201.228.23.38 - - [06/Oct/2021:08:37:45 -0500] "GET /galeria/galeria/jquery.fancybox.css?v=2.1.5 HTTP/1.1" 200 4895
201.228.23.38 - - [06/Oct/2021:08:37:45 -0500] "GET /BLA/boletinlegal/js/jquery.scrollShow.js HTTP/1.1" 200 4586
201.228.23.38 - - [06/Oct/2021:08:37:45 -0500] "GET /galeria/galeria/jquery.fancybox.js?v=2.1.5 HTTP/1.1" 200 48706
188.40.73.215 - - [06/Oct/2021:08:37:46 -0500] "GET /BLA/resoluciones/RESOLUCIONES%202014/2746.pdf HTTP/1.1" 200 186499
192.168.172.26 - - [06/Oct/2021:08:37:33 -0500] "GET /BLA/boletinlegal/admin/index.php HTTP/1.1" 200 7011
192.168.172.26 - - [06/Oct/2021:08:37:50 -0500] "GET /BLA/boletinlegal/admin/index_files/index_files/tback.gif HTTP/1.1" 404 1322
201.245.192.253 - - [06/Oct/2021:08:37:53 -0500] "POST /sipse/faces/presentacion/financiero/solicitudProceso/detalleSolicitudProcesoOtrosPagos.xhtml HTTP/1.1" 200 190
201.245.192.253 - - [06/Oct/2021:08:37:53 -0500] "GET /sipse/faces/presentacion/financiero/solicitudProceso/solicitudProcesoOtrosPagos.xhtml HTTP/1.1" 200 37635
201.245.192.253 - - [06/Oct/2021:08:37:53 -0500] "GET /sipse/faces/javax.faces.resource/theme.css?ln=primefaces-sipse HTTP/1.1" 304 -
201.245.192.253 - - [06/Oct/2021:08:37:53 -0500] "GET /sipse/faces/javax.faces.resource/layout/layout.css?ln=primefaces&v=4.0 HTTP/1.1" 304 -
201.245.192.253 - - [06/Oct/2021:08:37:53 -0500] "GET /sipse/faces/javax.faces.resource/primefaces.css?ln=primefaces&v=4.0 HTTP/1.1" 304 -
201.245.192.253 - - [06/Oct/2021:08:37:53 -0500] "GET /sipse/faces/javax.faces.resource/primefaces.js?ln=primefaces&v=4.0 HTTP/1.1" 304 -
201.245.192.253 - - [06/Oct/2021:08:37:53 -0500] "GET /sipse/faces/javax.faces.resource/jquery/jquery.js?ln=primefaces&v=4.0 HTTP/1.1" 304 -
201.245.192.253 - - [06/Oct/2021:08:37:53 -0500] "GET /sipse/faces/javax.faces.resource/jquery/jquery-plugins.js?ln=primefaces&v=4.0 HTTP/1.1" 304 -
201.245.192.253 - - [06/Oct/2021:08:37:53 -0500] "GET /sipse/faces/javax.faces.resource/layout/layout.js?ln=primefaces&v=4.0 HTTP/1.1" 304 -
188.40.73.215 - - [06/Oct/2021:08:37:56 -0500] "GET /BLA/resoluciones/RESOLUCIONES%202014/1850.pdf HTTP/1.1" 200 613432
201.245.192.253 - - [06/Oct/2021:08:38:00 -0500] "POST /sipse/faces/presentacion/financiero/solicitudProceso/solicitudProcesoOtrosPagos.xhtml HTTP/1.1" 200 54614
201.245.192.253 - - [06/Oct/2021:08:38:01 -0500] "GET /sipse/faces/javax.faces.resource/primefaces.css?ln=primefaces&v=4.0 HTTP/1.1" 304 -
201.245.192.253 - - [06/Oct/2021:08:38:01 -0500] "GET /sipse/faces/javax.faces.resource/fileupload/fileupload.css?ln=primefaces&v=4.0 HTTP/1.1" 304 -
201.245.192.253 - - [06/Oct/2021:08:38:01 -0500] "GET /sipse/faces/javax.faces.resource/layout/layout.css?ln=primefaces&v=4.0 HTTP/1.1" 304 -
201.245.192.253 - - [06/Oct/2021:08:38:01 -0500] "GET /sipse/faces/javax.faces.resource/theme.css?ln=primefaces-sipse HTTP/1.1" 304 -
201.245.192.253 - - [06/Oct/2021:08:38:01 -0500] "GET /sipse/faces/javax.faces.resource/jquery/jquery.js?ln=primefaces&v=4.0 HTTP/1.1" 304 -
201.245.192.253 - - [06/Oct/2021:08:38:01 -0500] "GET /sipse/faces/javax.faces.resource/jquery/jquery-plugins.js?ln=primefaces&v=4.0 HTTP/1.1" 304 -
201.245.192.253 - - [06/Oct/2021:08:38:01 -0500] "GET /sipse/faces/javax.faces.resource/primefaces.js?ln=primefaces&v=4.0 HTTP/1.1" 304 -
201.245.192.253 - - [06/Oct/2021:08:38:01 -0500] "GET /sipse/faces/javax.faces.resource/layout/layout.js?ln=primefaces&v=4.0 HTTP/1.1" 304 -
201.245.192.253 - - [06/Oct/2021:08:38:01 -0500] "GET /sipse/faces/javax.faces.resource/fileupload/fileupload.js?ln=primefaces&v=4.0 HTTP/1.1" 304 -
201.245.192.253 - - [06/Oct/2021:08:38:01 -0500] "GET /reportes_sipse/sdg/ServletReporte?reporte=experienia_idoneidad&solicitud=14895&pfdrid_c=false HTTP/1.1" 200 94782
188.40.73.215 - - [06/Oct/2021:08:38:08 -0500] "GET /BLA/resoluciones/RESOLUCIONES%202014/1370.pdf HTTP/1.1" 200 265613
201.245.192.253 - - [06/Oct/2021:08:38:08 -0500] "GET /catalogoisis/ HTTP/1.1" 200 8575
18.188.247.12 - - [06/Oct/2021:08:38:15 -0500] "GET /galeria/galeria/fotos/Entrenube3P.jpg HTTP/1.1" 200 8487
190.131.243.34 - - [06/Oct/2021:08:38:17 -0500] "GET /galeria/galeria/jquery.fancybox.css?v=2.1.5 HTTP/1.1" 200 4895
190.131.243.34 - - [06/Oct/2021:08:38:17 -0500] "GET /galeria/galeria/jquery.fancybox.js?v=2.1.5 HTTP/1.1" 200 48706
190.131.243.34 - - [06/Oct/2021:08:38:17 -0500] "GET /BLA/boletinlegal/js/jquery.scrollShow.js HTTP/1.1" 200 4586
179.60.228.38 - - [06/Oct/2021:08:38:18 -0500] "GET /BLA/boletinlegal/js/jquery.scrollShow.js HTTP/1.1" 200 4586
179.60.228.38 - - [06/Oct/2021:08:38:18 -0500] "GET /galeria/galeria/jquery.fancybox.css?v=2.1.5 HTTP/1.1" 200 4895
179.60.228.38 - - [06/Oct/2021:08:38:18 -0500] "GET /galeria/galeria/jquery.fancybox.js?v=2.1.5 HTTP/1.1" 200 48706
188.40.73.215 - - [06/Oct/2021:08:38:18 -0500] "GET /BLA/resoluciones/RESOLUCIONES%202014/0914.pdf HTTP/1.1" 200 592175
188.40.73.215 - - [06/Oct/2021:08:38:30 -0500] "GET /BLA/resoluciones/RESOLUCIONES%202014/3642.pdf HTTP/1.1" 200 3535406
188.40.73.215 - - [06/Oct/2021:08:38:35 -0500] "GET /BLA/resoluciones/RESOLUCIONES%202014/3692.pdf HTTP/1.1" 200 7504720
188.40.73.215 - - [06/Oct/2021:08:38:41 -0500] "GET /BLA/resoluciones/RESOLUCIONES%202014/0160.pdf HTTP/1.1" 200 1876324
190.60.109.166 - - [06/Oct/2021:08:38:44 -0500] "GET /galeria/galeria/jquery.fancybox.css?v=2.1.5 HTTP/1.1" 200 4895
190.60.109.166 - - [06/Oct/2021:08:38:44 -0500] "GET /galeria/galeria/jquery.fancybox.js?v=2.1.5 HTTP/1.1" 200 48706
190.60.109.166 - - [06/Oct/2021:08:38:44 -0500] "GET /BLA/boletinlegal/js/jquery.scrollShow.js HTTP/1.1" 200 4586
192.168.172.26 - - [06/Oct/2021:08:38:47 -0500] "GET /BLA/boletinlegal/admin/actos/ingresar.php HTTP/1.1" 200 7143
192.168.172.26 - - [06/Oct/2021:08:38:47 -0500] "GET /BLA/boletinlegal/images/favicon.ico HTTP/1.1" 404 1316
188.40.73.215 - - [06/Oct/2021:08:38:49 -0500] "GET /BLA/resoluciones/RESOLUCIONES%202014/0343.pdf HTTP/1.1" 200 494709
188.40.73.215 - - [06/Oct/2021:08:39:00 -0500] "GET /BLA/resoluciones/RESOLUCIONES%202014/3308.pdf HTTP/1.1" 200 1492489
188.40.73.215 - - [06/Oct/2021:08:39:05 -0500] "GET /BLA/resoluciones/RESOLUCIONES%202014/1616.pdf HTTP/1.1" 200 855607
201.245.192.253 - - [06/Oct/2021:08:39:09 -0500] "GET /catalogoisis/ HTTP/1.1" 200 8575
188.40.73.215 - - [06/Oct/2021:08:39:18 -0500] "GET /BLA/resoluciones/RESOLUCIONES%202014/2387.pdf HTTP/1.1" 200 353655
167.94.138.60 - - [06/Oct/2021:08:39:24 -0500] "GET / HTTP/1.1" 200 319
167.94.138.60 - - [06/Oct/2021:08:39:24 -0500] "GET / HTTP/1.1" 200 319
191.156.41.216 - - [06/Oct/2021:08:39:27 -0500] "-" 408 -
201.245.192.253 - - [06/Oct/2021:08:39:28 -0500] "POST /sipse/faces/presentacion/financiero/solicitudProceso/detalleSolicitudProcesoOtrosPagos.xhtml HTTP/1.1" 200 190
201.245.192.253 - - [06/Oct/2021:08:39:28 -0500] "GET /sipse/faces/presentacion/financiero/solicitudProceso/solicitudProcesoOtrosPagos.xhtml HTTP/1.1" 200 37635
201.245.192.253 - - [06/Oct/2021:08:39:29 -0500] "GET /sipse/faces/javax.faces.resource/primefaces.css?ln=primefaces&v=4.0 HTTP/1.1" 304 -
201.245.192.253 - - [06/Oct/2021:08:39:29 -0500] "GET /sipse/faces/javax.faces.resource/theme.css?ln=primefaces-sipse HTTP/1.1" 304 -
201.245.192.253 - - [06/Oct/2021:08:39:29 -0500] "GET /sipse/faces/javax.faces.resource/jquery/jquery.js?ln=primefaces&v=4.0 HTTP/1.1" 304 -
201.245.192.253 - - [06/Oct/2021:08:39:29 -0500] "GET /sipse/faces/javax.faces.resource/primefaces.js?ln=primefaces&v=4.0 HTTP/1.1" 304 -
201.245.192.253 - - [06/Oct/2021:08:39:29 -0500] "GET /sipse/faces/javax.faces.resource/layout/layout.css?ln=primefaces&v=4.0 HTTP/1.1" 304 -
201.245.192.253 - - [06/Oct/2021:08:39:29 -0500] "GET /sipse/faces/javax.faces.resource/jquery/jquery-plugins.js?ln=primefaces&v=4.0 HTTP/1.1" 304 -
201.245.192.253 - - [06/Oct/2021:08:39:29 -0500] "GET /sipse/faces/javax.faces.resource/layout/layout.js?ln=primefaces&v=4.0 HTTP/1.1" 304 -
188.40.73.215 - - [06/Oct/2021:08:39:29 -0500] "GET /BLA/resoluciones/RESOLUCIONES%202014/1016.pdf HTTP/1.1" 200 431810
192.168.172.26 - - [06/Oct/2021:08:39:30 -0500] "POST /BLA/boletinlegal/admin/actos/ingresar.php HTTP/1.1" 200 7236
188.40.73.215 - - [06/Oct/2021:08:39:40 -0500] "GET /BLA/resoluciones/RESOLUCIONES%202014/3247.pdf HTTP/1.1" 200 1920166
188.40.73.215 - - [06/Oct/2021:08:39:46 -0500] "GET /BLA/resoluciones/RESOLUCIONES%202014/0360.pdf HTTP/1.1" 200 578372
188.40.73.215 - - [06/Oct/2021:08:39:56 -0500] "GET /BLA/resoluciones/RESOLUCIONES%202014/0298.pdf HTTP/1.1" 200 760874
216.245.221.92 - - [06/Oct/2021:08:39:57 -0500] "HEAD / HTTP/1.1" 200 -
18.188.247.12 - - [06/Oct/2021:08:39:58 -0500] "GET /galeria/mapa/SANTAMARIA22.jpg HTTP/1.1" 200 22321
191.156.177.49 - - [06/Oct/2021:08:40:03 -0500] "GET /BLA/boletinlegal/js/jquery.scrollShow.js HTTP/1.1" 200 4586
191.156.181.28 - - [06/Oct/2021:08:40:03 -0500] "GET /galeria/galeria/jquery.fancybox.css?v=2.1.5 HTTP/1.1" 200 4895
191.156.177.49 - - [06/Oct/2021:08:40:03 -0500] "GET /galeria/galeria/jquery.fancybox.js?v=2.1.5 HTTP/1.1" 200 48706
188.40.73.215 - - [06/Oct/2021:08:40:07 -0500] "GET /BLA/resoluciones/RESOLUCIONES%202014/0407.pdf HTTP/1.1" 200 519742
201.245.192.253 - - [06/Oct/2021:08:40:10 -0500] "GET /catalogoisis/ HTTP/1.1" 200 8575
188.40.73.215 - - [06/Oct/2021:08:40:16 -0500] "GET /BLA/resoluciones/RESOLUCIONES%202014/0570.pdf HTTP/1.1" 200 444278
181.78.14.237 - - [06/Oct/2021:08:40:17 -0500] "GET /galeria/galeria/jquery.fancybox.css?v=2.1.5 HTTP/1.1" 200 4895
181.78.14.237 - - [06/Oct/2021:08:40:17 -0500] "GET /BLA/boletinlegal/js/jquery.scrollShow.js HTTP/1.1" 200 4586
181.78.14.237 - - [06/Oct/2021:08:40:17 -0500] "GET /galeria/galeria/jquery.fancybox.js?v=2.1.5 HTTP/1.1" 200 48706
186.28.43.179 - - [06/Oct/2021:08:40:18 -0500] "GET /galeria/galeria/jquery.fancybox.css?v=2.1.5 HTTP/1.1" 200 4895
186.28.43.179 - - [06/Oct/2021:08:40:18 -0500] "GET /BLA/boletinlegal/js/jquery.scrollShow.js HTTP/1.1" 200 4586
186.28.43.179 - - [06/Oct/2021:08:40:18 -0500] "GET /galeria/galeria/jquery.fancybox.js?v=2.1.5 HTTP/1.1" 200 48706
188.40.73.215 - - [06/Oct/2021:08:40:26 -0500] "GET /BLA/resoluciones/RESOLUCIONES%202014/1022.pdf HTTP/1.1" 200 577025
188.40.73.215 - - [06/Oct/2021:08:40:35 -0500] "GET /BLA/resoluciones/RESOLUCIONES%202014/2736.pdf HTTP/1.1" 200 710435
18.188.247.12 - - [06/Oct/2021:08:40:41 -0500] "GET /galeria/galeria/fotos/Huemdal-Cordoba3G.jpg HTTP/1.1" 200 445563
191.156.134.111 - - [06/Oct/2021:08:40:42 -0500] "GET /galeria/galeria/jquery.fancybox.css?v=2.1.5 HTTP/1.1" 200 4895
191.156.134.111 - - [06/Oct/2021:08:40:42 -0500] "GET /BLA/boletinlegal/js/jquery.scrollShow.js HTTP/1.1" 200 4586
191.156.134.111 - - [06/Oct/2021:08:40:42 -0500] "GET /galeria/galeria/jquery.fancybox.js?v=2.1.5 HTTP/1.1" 200 48706
188.40.73.215 - - [06/Oct/2021:08:40:44 -0500] "GET /BLA/resoluciones/RESOLUCIONES%202014/1729.pdf HTTP/1.1" 200 533969
191.95.161.88 - - [06/Oct/2021:08:40:54 -0500] "GET /BLA/boletinlegal/js/jquery.scrollShow.js HTTP/1.1" 200 4586
191.95.161.88 - - [06/Oct/2021:08:40:54 -0500] "GET /galeria/galeria/jquery.fancybox.css?v=2.1.5 HTTP/1.1" 200 4895
191.95.161.88 - - [06/Oct/2021:08:40:54 -0500] "GET /galeria/galeria/jquery.fancybox.js?v=2.1.5 HTTP/1.1" 200 48706
188.40.73.215 - - [06/Oct/2021:08:40:54 -0500] "GET /BLA/resoluciones/RESOLUCIONES%202014/0050.pdf HTTP/1.1" 200 496253
179.19.71.187 - - [06/Oct/2021:08:41:02 -0500] "GET /galeria/galeria/jquery.fancybox.css?v=2.1.5 HTTP/1.1" 200 4895
179.19.71.187 - - [06/Oct/2021:08:41:02 -0500] "GET /BLA/boletinlegal/js/jquery.scrollShow.js HTTP/1.1" 200 4586
179.19.71.187 - - [06/Oct/2021:08:41:02 -0500] "GET /galeria/galeria/jquery.fancybox.js?v=2.1.5 HTTP/1.1" 200 48706
188.40.73.215 - - [06/Oct/2021:08:41:04 -0500] "GET /BLA/resoluciones/RESOLUCIONES%202014/1070.pdf HTTP/1.1" 200 431394
201.245.192.253 - - [06/Oct/2021:08:41:11 -0500] "GET /catalogoisis/ HTTP/1.1" 200 8575
200.6.160.226 - - [06/Oct/2021:08:41:11 -0500] "GET /BLA/boletinlegal/js/jquery.scrollShow.js HTTP/1.1" 200 4586
200.6.160.226 - - [06/Oct/2021:08:41:11 -0500] "GET /galeria/galeria/jquery.fancybox.css?v=2.1.5 HTTP/1.1" 200 4895
200.6.160.226 - - [06/Oct/2021:08:41:11 -0500] "GET /galeria/galeria/jquery.fancybox.js?v=2.1.5 HTTP/1.1" 200 48706
188.40.73.215 - - [06/Oct/2021:08:41:13 -0500] "GET /BLA/resoluciones/RESOLUCIONES%202014/0683.pdf HTTP/1.1" 200 2168414
201.245.192.253 - - [06/Oct/2021:08:40:32 -0500] "POST /kwsrmcab/Wsrmcab HTTP/1.1" 200 47765
188.40.73.215 - - [06/Oct/2021:08:41:17 -0500] "GET /BLA/resoluciones/RESOLUCIONES%202014/0353.pdf HTTP/1.1" 200 1863863
188.40.73.215 - - [06/Oct/2021:08:41:22 -0500] "GET /BLA/resoluciones/RESOLUCIONES%202014/3908.pdf HTTP/1.1" 200 619995
188.40.73.215 - - [06/Oct/2021:08:41:32 -0500] "GET /BLA/resoluciones/RESOLUCIONES%202014/3814.pdf HTTP/1.1" 200 907985
188.40.73.215 - - [06/Oct/2021:08:41:41 -0500] "GET /BLA/resoluciones/RESOLUCIONES%202014/1993.pdf HTTP/1.1" 200 219287
192.168.172.26 - - [06/Oct/2021:08:41:49 -0500] "POST /BLA/boletinlegal/admin/actos/ingresar.php HTTP/1.1" 200 7236
188.40.73.215 - - [06/Oct/2021:08:41:50 -0500] "GET /BLA/resoluciones/RESOLUCIONES%202014/0043.pdf HTTP/1.1" 200 761977
188.40.73.215 - - [06/Oct/2021:08:41:59 -0500] "GET /BLA/resoluciones/RESOLUCIONES%202014/0197.pdf HTTP/1.1" 200 4404042
186.113.6.246 - - [06/Oct/2021:08:42:01 -0500] "GET /galeria/galeria/jquery.fancybox.css?v=2.1.5 HTTP/1.1" 304 -
186.113.6.246 - - [06/Oct/2021:08:42:01 -0500] "GET /BLA/boletinlegal/js/jquery.scrollShow.js HTTP/1.1" 304 -
201.245.192.253 - - [06/Oct/2021:08:41:18 -0500] "POST /kwsrmcab/Wsrmcab HTTP/1.1" 200 48086
186.113.6.237 - - [06/Oct/2021:08:42:04 -0500] "GET /galeria/galeria/jquery.fancybox.js?v=2.1.5 HTTP/1.1" 304 -
188.40.73.215 - - [06/Oct/2021:08:42:05 -0500] "GET /BLA/resoluciones/RESOLUCIONES%202014/3465.pdf HTTP/1.1" 200 632722
18.188.247.12 - - [06/Oct/2021:08:42:06 -0500] "GET /galeria/galeria/fotos/mirador3G.jpg HTTP/1.1" 200 131992
201.245.192.253 - - [06/Oct/2021:08:42:12 -0500] "GET /catalogoisis/ HTTP/1.1" 200 8575
188.40.73.215 - - [06/Oct/2021:08:42:14 -0500] "GET /BLA/resoluciones/RESOLUCIONES%202014/2255.pdf HTTP/1.1" 200 607452
188.40.73.215 - - [06/Oct/2021:08:42:24 -0500] "GET /BLA/resoluciones/RESOLUCIONES%202014/2207.pdf HTTP/1.1" 200 450802
107.189.6.44 - - [06/Oct/2021:08:42:21 -0500] "POST /boaform/admin/formLogin HTTP/1.1" 404 1186
188.40.73.215 - - [06/Oct/2021:08:42:34 -0500] "GET /BLA/resoluciones/RESOLUCIONES%202014/1465.pdf HTTP/1.1" 200 422264
188.40.73.215 - - [06/Oct/2021:08:42:43 -0500] "GET /BLA/resoluciones/RESOLUCIONES%202014/2677.pdf HTTP/1.1" 200 443621
181.60.22.31 - - [06/Oct/2021:08:42:44 -0500] "GET /galeria/galeria/jquery.fancybox.css?v=2.1.5 HTTP/1.1" 200 4895
181.60.22.31 - - [06/Oct/2021:08:42:44 -0500] "GET /BLA/boletinlegal/js/jquery.scrollShow.js HTTP/1.1" 200 4586
181.60.22.31 - - [06/Oct/2021:08:42:44 -0500] "GET /galeria/galeria/jquery.fancybox.js?v=2.1.5 HTTP/1.1" 200 48706
181.33.249.133 - - [06/Oct/2021:08:42:47 -0500] "GET /BLA/boletinlegal/js/jquery.scrollShow.js HTTP/1.1" 200 4586
181.33.249.133 - - [06/Oct/2021:08:42:47 -0500] "GET /galeria/galeria/jquery.fancybox.css?v=2.1.5 HTTP/1.1" 200 4895
181.33.249.133 - - [06/Oct/2021:08:42:47 -0500] "GET /galeria/galeria/jquery.fancybox.js?v=2.1.5 HTTP/1.1" 200 48706
188.40.73.215 - - [06/Oct/2021:08:42:53 -0500] "GET /BLA/resoluciones/RESOLUCIONES%202014/0674.pdf HTTP/1.1" 200 2795802
188.40.73.215 - - [06/Oct/2021:08:42:56 -0500] "GET /BLA/resoluciones/RESOLUCIONES%202014/0993.pdf HTTP/1.1" 200 683598
191.156.184.38 - - [06/Oct/2021:08:42:58 -0500] "GET /BLA/boletinlegal/js/jquery.scrollShow.js HTTP/1.1" 200 4586
191.156.191.23 - - [06/Oct/2021:08:42:58 -0500] "GET /galeria/galeria/jquery.fancybox.css?v=2.1.5 HTTP/1.1" 200 4895
191.156.183.215 - - [06/Oct/2021:08:42:58 -0500] "GET /galeria/galeria/jquery.fancybox.js?v=2.1.5 HTTP/1.1" 200 48706
188.40.73.215 - - [06/Oct/2021:08:43:06 -0500] "GET /BLA/resoluciones/RESOLUCIONES%202014/1181.pdf HTTP/1.1" 200 879905
191.156.35.226 - - [06/Oct/2021:08:43:07 -0500] "GET /BLA/boletinlegal/js/jquery.scrollShow.js HTTP/1.1" 200 4586
191.156.47.3 - - [06/Oct/2021:08:43:07 -0500] "GET /galeria/galeria/jquery.fancybox.css?v=2.1.5 HTTP/1.1" 200 4895
191.156.34.118 - - [06/Oct/2021:08:43:07 -0500] "GET /galeria/galeria/jquery.fancybox.js?v=2.1.5 HTTP/1.1" 200 48706
200.69.106.202 - - [06/Oct/2021:08:43:07 -0500] "GET /galeria/galeria/jquery.fancybox.js?v=2.1.5 HTTP/1.1" 200 48706
200.69.106.202 - - [06/Oct/2021:08:43:07 -0500] "GET /galeria/galeria/jquery.fancybox.css?v=2.1.5 HTTP/1.1" 200 4895
200.69.106.202 - - [06/Oct/2021:08:43:07 -0500] "GET /BLA/boletinlegal/js/jquery.scrollShow.js HTTP/1.1" 200 4586
201.245.192.253 - - [06/Oct/2021:08:43:13 -0500] "GET /catalogoisis/ HTTP/1.1" 200 8575
190.27.245.107 - - [06/Oct/2021:08:43:14 -0500] "GET /sipse/ HTTP/1.1" 302 -
201.245.192.253 - - [06/Oct/2021:08:43:14 -0500] "GET /sipse/faces/autenticacion.xhtml HTTP/1.1" 200 12505
201.245.192.253 - - [06/Oct/2021:08:43:14 -0500] "GET /sipse/faces/javax.faces.resource/theme.css?ln=primefaces-sipse HTTP/1.1" 304 -
201.245.192.253 - - [06/Oct/2021:08:43:14 -0500] "GET /sipse/faces/javax.faces.resource/layout/layout.css;jsessionid=P-i82rVvlvMp--1R2syxOc32.undefined?ln=primefaces&v=4.0 HTTP/1.1" 200 542
201.245.192.253 - - [06/Oct/2021:08:43:14 -0500] "GET /sipse/faces/javax.faces.resource/jquery/jquery.js;jsessionid=P-i82rVvlvMp--1R2syxOc32.undefined?ln=primefaces&v=4.0 HTTP/1.1" 200 105384
201.245.192.253 - - [06/Oct/2021:08:43:14 -0500] "GET /sipse/faces/javax.faces.resource/primefaces.css;jsessionid=P-i82rVvlvMp--1R2syxOc32.undefined?ln=primefaces&v=4.0 HTTP/1.1" 200 53295
201.245.192.253 - - [06/Oct/2021:08:43:14 -0500] "GET /sipse/faces/javax.faces.resource/primefaces.js;jsessionid=P-i82rVvlvMp--1R2syxOc32.undefined?ln=primefaces&v=4.0 HTTP/1.1" 200 276924
201.245.192.253 - - [06/Oct/2021:08:43:14 -0500] "GET /sipse/faces/javax.faces.resource/layout/layout.js;jsessionid=P-i82rVvlvMp--1R2syxOc32.undefined?ln=primefaces&v=4.0 HTTP/1.1" 200 87560
201.245.192.253 - - [06/Oct/2021:08:43:14 -0500] "GET /sipse/faces/javax.faces.resource/jquery/jquery-plugins.js;jsessionid=P-i82rVvlvMp--1R2syxOc32.undefined?ln=primefaces&v=4.0 HTTP/1.1" 200 220526
201.245.192.253 - - [06/Oct/2021:08:43:14 -0500] "GET /sipse/faces/javax.faces.resource/images/ui-icons_898989_256x240.png?ln=primefaces-aristo HTTP/1.1" 304 -
201.245.192.253 - - [06/Oct/2021:08:43:14 -0500] "GET /sipse/faces/index.xhtml HTTP/1.1" 200 677
201.245.192.253 - - [06/Oct/2021:08:43:15 -0500] "GET /sipse/faces/javax.faces.resource/theme.css?ln=primefaces-sipse HTTP/1.1" 304 -
201.245.192.253 - - [06/Oct/2021:08:43:15 -0500] "GET /sipse/faces/faces/autenticacion.xhtml HTTP/1.1" 200 12183
201.245.192.253 - - [06/Oct/2021:08:43:15 -0500] "GET /sipse/faces/javax.faces.resource/primefaces.css?ln=primefaces&v=4.0 HTTP/1.1" 304 -
201.245.192.253 - - [06/Oct/2021:08:43:15 -0500] "GET /sipse/faces/javax.faces.resource/theme.css?ln=primefaces-sipse HTTP/1.1" 304 -
201.245.192.253 - - [06/Oct/2021:08:43:15 -0500] "GET /sipse/faces/javax.faces.resource/layout/layout.css?ln=primefaces&v=4.0 HTTP/1.1" 304 -
201.245.192.253 - - [06/Oct/2021:08:43:15 -0500] "GET /sipse/faces/javax.faces.resource/primefaces.js?ln=primefaces&v=4.0 HTTP/1.1" 304 -
201.245.192.253 - - [06/Oct/2021:08:43:15 -0500] "GET /sipse/faces/javax.faces.resource/jquery/jquery-plugins.js?ln=primefaces&v=4.0 HTTP/1.1" 304 -
201.245.192.253 - - [06/Oct/2021:08:43:15 -0500] "GET /sipse/faces/javax.faces.resource/jquery/jquery.js?ln=primefaces&v=4.0 HTTP/1.1" 304 -
201.245.192.253 - - [06/Oct/2021:08:43:15 -0500] "GET /sipse/faces/javax.faces.resource/layout/layout.js?ln=primefaces&v=4.0 HTTP/1.1" 304 -
188.40.73.215 - - [06/Oct/2021:08:43:15 -0500] "GET /BLA/resoluciones/RESOLUCIONES%202014/1133.pdf HTTP/1.1" 200 841107
200.69.104.10 - - [06/Oct/2021:08:43:17 -0500] "GET /galeria/galeria/jquery.fancybox.js?v=2.1.5 HTTP/1.1" 200 48706
200.69.104.10 - - [06/Oct/2021:08:43:17 -0500] "GET /galeria/galeria/jquery.fancybox.css?v=2.1.5 HTTP/1.1" 200 4895
200.69.104.10 - - [06/Oct/2021:08:43:17 -0500] "GET /BLA/boletinlegal/js/jquery.scrollShow.js HTTP/1.1" 200 4586
201.245.192.253 - - [06/Oct/2021:08:43:22 -0500] "POST /sipse/faces/autenticacion.xhtml HTTP/1.1" 200 15853
201.245.192.253 - - [06/Oct/2021:08:43:22 -0500] "GET /sipse/faces/javax.faces.resource/layout/layout.css?ln=primefaces&v=4.0 HTTP/1.1" 304 -
201.245.192.253 - - [06/Oct/2021:08:43:22 -0500] "GET /sipse/faces/javax.faces.resource/primefaces.css?ln=primefaces&v=4.0 HTTP/1.1" 304 -
201.245.192.253 - - [06/Oct/2021:08:43:22 -0500] "GET /sipse/faces/javax.faces.resource/theme.css?ln=primefaces-sipse HTTP/1.1" 304 -
201.245.192.253 - - [06/Oct/2021:08:43:22 -0500] "GET /sipse/faces/javax.faces.resource/jquery/jquery.js?ln=primefaces&v=4.0 HTTP/1.1" 304 -
201.245.192.253 - - [06/Oct/2021:08:43:22 -0500] "GET /sipse/faces/javax.faces.resource/jquery/jquery-plugins.js?ln=primefaces&v=4.0 HTTP/1.1" 304 -
201.245.192.253 - - [06/Oct/2021:08:43:22 -0500] "GET /sipse/faces/javax.faces.resource/primefaces.js?ln=primefaces&v=4.0 HTTP/1.1" 304 -
201.245.192.253 - - [06/Oct/2021:08:43:22 -0500] "GET /sipse/faces/javax.faces.resource/layout/layout.js?ln=primefaces&v=4.0 HTTP/1.1" 304 -
201.245.192.253 - - [06/Oct/2021:08:43:22 -0500] "GET /sipse/css/imagen/contrasena.png HTTP/1.1" 404 383
201.245.192.253 - - [06/Oct/2021:08:43:22 -0500] "GET /sipse/faces/javax.faces.resource/messages/messages.png?ln=primefaces&v=4.0 HTTP/1.1" 304 -
201.245.192.253 - - [06/Oct/2021:08:43:24 -0500] "GET /sipse/faces/javax.faces.resource/images/ui-bg_flat_0_2d5972_40x100.png?ln=primefaces-aristo HTTP/1.1" 304 -
201.245.192.253 - - [06/Oct/2021:08:43:24 -0500] "POST /sipse/faces/bienvenido.xhtml HTTP/1.1" 200 1471
188.40.73.215 - - [06/Oct/2021:08:43:25 -0500] "GET /BLA/resoluciones/RESOLUCIONES%202014/0870.pdf HTTP/1.1" 200 765864
201.245.192.253 - - [06/Oct/2021:08:43:25 -0500] "POST /sipse/faces/bienvenido.xhtml HTTP/1.1" 200 58060
201.245.192.253 - - [06/Oct/2021:08:43:25 -0500] "GET /sipse/faces/javax.faces.resource/primefaces.css?ln=primefaces&v=4.0 HTTP/1.1" 304 -
201.245.192.253 - - [06/Oct/2021:08:43:25 -0500] "GET /sipse/faces/javax.faces.resource/theme.css?ln=primefaces-sipse HTTP/1.1" 304 -
201.245.192.253 - - [06/Oct/2021:08:43:25 -0500] "GET /sipse/faces/javax.faces.resource/layout/layout.css?ln=primefaces&v=4.0 HTTP/1.1" 304 -
201.245.192.253 - - [06/Oct/2021:08:43:25 -0500] "GET /sipse/faces/javax.faces.resource/jquery/jquery.js?ln=primefaces&v=4.0 HTTP/1.1" 304 -
201.245.192.253 - - [06/Oct/2021:08:43:25 -0500] "GET /sipse/faces/javax.faces.resource/jquery/jquery-plugins.js?ln=primefaces&v=4.0 HTTP/1.1" 304 -
201.245.192.253 - - [06/Oct/2021:08:43:25 -0500] "GET /sipse/faces/javax.faces.resource/primefaces.js?ln=primefaces&v=4.0 HTTP/1.1" 304 -
201.245.192.253 - - [06/Oct/2021:08:43:25 -0500] "GET /sipse/faces/javax.faces.resource/layout/layout.js?ln=primefaces&v=4.0 HTTP/1.1" 304 -
201.245.192.253 - - [06/Oct/2021:08:43:26 -0500] "POST /sipse/faces/presentacion/financiero/solicitudProceso/listarSolicitudProceso.xhtml HTTP/1.1" 200 1448
173.252.111.1 - - [06/Oct/2021:08:43:28 -0500] "GET /secretaria-de-ambiente-abre-espacio-de-formacion-para-comunicadores-sociales-y-periodistas.html HTTP/1.1" 206 860
66.220.149.118 - - [06/Oct/2021:08:43:28 -0500] "GET /secretaria-de-ambiente-abre-espacio-de-formacion-para-comunicadores-sociales-y-periodistas.html HTTP/1.1" 206 860
186.102.4.211 - - [06/Oct/2021:08:43:30 -0500] "GET /galeria/galeria/jquery.fancybox.js?v=2.1.5 HTTP/1.1" 200 48706
188.40.73.215 - - [06/Oct/2021:08:43:34 -0500] "GET /BLA/resoluciones/RESOLUCIONES%202014/4004.pdf HTTP/1.1" 200 931254
186.148.168.245 - - [06/Oct/2021:08:43:36 -0500] "POST /sipse/faces/presentacion/proyectos/proyecto/listarProyecto.xhtml HTTP/1.1" 200 4611
201.240.148.98 - - [06/Oct/2021:08:43:37 -0500] "GET /galeria/galeria/jquery.fancybox.css?v=2.1.5 HTTP/1.1" 200 4895
201.240.148.98 - - [06/Oct/2021:08:43:37 -0500] "GET /BLA/boletinlegal/js/jquery.scrollShow.js HTTP/1.1" 200 4586
201.240.148.98 - - [06/Oct/2021:08:43:37 -0500] "GET /galeria/galeria/jquery.fancybox.js?v=2.1.5 HTTP/1.1" 200 48706
186.148.168.245 - - [06/Oct/2021:08:43:37 -0500] "POST /sipse/faces/presentacion/proyectos/proyecto/listarProyecto.xhtml HTTP/1.1" 200 31200
186.148.168.245 - - [06/Oct/2021:08:43:38 -0500] "GET /sipse/faces/javax.faces.resource/theme.css?ln=primefaces-sipse HTTP/1.1" 304 -
186.148.168.245 - - [06/Oct/2021:08:43:38 -0500] "GET /sipse/faces/javax.faces.resource/layout/layout.css?ln=primefaces&v=4.0 HTTP/1.1" 304 -
186.148.168.245 - - [06/Oct/2021:08:43:38 -0500] "GET /sipse/faces/javax.faces.resource/primefaces.css?ln=primefaces&v=4.0 HTTP/1.1" 304 -
186.148.168.245 - - [06/Oct/2021:08:43:38 -0500] "GET /sipse/css/imagen/contrasena.png HTTP/1.1" 404 383
186.148.168.245 - - [06/Oct/2021:08:43:38 -0500] "GET /sipse/faces/javax.faces.resource/jquery/jquery.js?ln=primefaces&v=4.0 HTTP/1.1" 304 -
186.148.168.245 - - [06/Oct/2021:08:43:38 -0500] "GET /sipse/faces/javax.faces.resource/jquery/jquery-plugins.js?ln=primefaces&v=4.0 HTTP/1.1" 304 -
186.148.168.245 - - [06/Oct/2021:08:43:38 -0500] "GET /sipse/faces/javax.faces.resource/primefaces.js?ln=primefaces&v=4.0 HTTP/1.1" 304 -
186.148.168.245 - - [06/Oct/2021:08:43:38 -0500] "GET /sipse/faces/javax.faces.resource/layout/layout.js?ln=primefaces&v=4.0 HTTP/1.1" 304 -
186.148.168.245 - - [06/Oct/2021:08:43:38 -0500] "POST /sipse/faces/presentacion/financiero/solicitudProceso/solicitudProcesoOtrosPagos.xhtml HTTP/1.1" 200 24455
186.148.168.245 - - [06/Oct/2021:08:43:39 -0500] "POST /sipse/faces/presentacion/financiero/solicitudProceso/solicitudProcesoOtrosPagos.xhtml HTTP/1.1" 200 24455
186.148.168.245 - - [06/Oct/2021:08:43:39 -0500] "POST /sipse/faces/presentacion/financiero/solicitudProceso/solicitudProcesoOtrosPagos.xhtml HTTP/1.1" 200 24455
186.148.168.245 - - [06/Oct/2021:08:43:39 -0500] "POST /sipse/faces/presentacion/financiero/solicitudProceso/solicitudProcesoOtrosPagos.xhtml HTTP/1.1" 200 24455
186.148.168.245 - - [06/Oct/2021:08:43:40 -0500] "POST /sipse/faces/presentacion/financiero/solicitudProceso/solicitudProcesoOtrosPagos.xhtml HTTP/1.1" 200 24455
201.245.192.253 - - [06/Oct/2021:08:43:41 -0500] "POST /sipse/faces/presentacion/financiero/solicitudProceso/listarSolicitudProceso.xhtml HTTP/1.1" 200 4771
190.60.252.194 - - [06/Oct/2021:08:43:41 -0500] "GET /galeria/galeria/jquery.fancybox.css?v=2.1.5 HTTP/1.1" 200 4895
186.148.168.245 - - [06/Oct/2021:08:43:41 -0500] "POST /sipse/faces/presentacion/financiero/solicitudProceso/solicitudProcesoOtrosPagos.xhtml HTTP/1.1" 200 5545
190.60.252.194 - - [06/Oct/2021:08:43:41 -0500] "GET /BLA/boletinlegal/js/jquery.scrollShow.js HTTP/1.1" 200 4586
190.60.252.194 - - [06/Oct/2021:08:43:41 -0500] "GET /galeria/galeria/jquery.fancybox.js?v=2.1.5 HTTP/1.1" 200 48706
201.245.192.253 - - [06/Oct/2021:08:43:42 -0500] "GET /sipse/faces/javax.faces.resource/images/ui-icons_898989_256x240.png?ln=primefaces-aristo HTTP/1.1" 304 -
188.40.73.215 - - [06/Oct/2021:08:43:43 -0500] "GET /BLA/resoluciones/RESOLUCIONES%202014/3485.pdf HTTP/1.1" 200 613520
201.245.192.253 - - [06/Oct/2021:08:43:43 -0500] "POST /sipse/faces/presentacion/financiero/solicitudProceso/listarSolicitudProceso.xhtml HTTP/1.1" 200 125601
201.245.192.253 - - [06/Oct/2021:08:43:43 -0500] "GET /sipse/faces/javax.faces.resource/theme.css?ln=primefaces-sipse HTTP/1.1" 304 -
201.245.192.253 - - [06/Oct/2021:08:43:43 -0500] "GET /sipse/faces/javax.faces.resource/layout/layout.css?ln=primefaces&v=4.0 HTTP/1.1" 304 -
201.245.192.253 - - [06/Oct/2021:08:43:43 -0500] "GET /sipse/faces/javax.faces.resource/primefaces.css?ln=primefaces&v=4.0 HTTP/1.1" 304 -
201.245.192.253 - - [06/Oct/2021:08:43:43 -0500] "GET /sipse/faces/javax.faces.resource/jquery/jquery.js?ln=primefaces&v=4.0 HTTP/1.1" 304 -
201.245.192.253 - - [06/Oct/2021:08:43:43 -0500] "GET /sipse/faces/javax.faces.resource/jquery/jquery-plugins.js?ln=primefaces&v=4.0 HTTP/1.1" 304 -
201.245.192.253 - - [06/Oct/2021:08:43:43 -0500] "GET /sipse/faces/javax.faces.resource/primefaces.js?ln=primefaces&v=4.0 HTTP/1.1" 304 -
201.245.192.253 - - [06/Oct/2021:08:43:43 -0500] "GET /sipse/faces/javax.faces.resource/layout/layout.js?ln=primefaces&v=4.0 HTTP/1.1" 304 -
186.148.168.245 - - [06/Oct/2021:08:43:44 -0500] "POST /sipse/faces/presentacion/financiero/solicitudProceso/solicitudProcesoOtrosPagos.xhtml HTTP/1.1" 200 47033
186.148.168.245 - - [06/Oct/2021:08:43:44 -0500] "GET /sipse/faces/javax.faces.resource/primefaces.css?ln=primefaces&v=4.0 HTTP/1.1" 304 -
186.148.168.245 - - [06/Oct/2021:08:43:44 -0500] "GET /sipse/faces/javax.faces.resource/layout/layout.css?ln=primefaces&v=4.0 HTTP/1.1" 304 -
186.148.168.245 - - [06/Oct/2021:08:43:44 -0500] "GET /sipse/faces/javax.faces.resource/theme.css?ln=primefaces-sipse HTTP/1.1" 304 -
186.148.168.245 - - [06/Oct/2021:08:43:44 -0500] "GET /sipse/faces/javax.faces.resource/jquery/jquery.js?ln=primefaces&v=4.0 HTTP/1.1" 304 -
186.148.168.245 - - [06/Oct/2021:08:43:44 -0500] "GET /sipse/faces/javax.faces.resource/jquery/jquery-plugins.js?ln=primefaces&v=4.0 HTTP/1.1" 304 -
186.148.168.245 - - [06/Oct/2021:08:43:44 -0500] "GET /sipse/faces/javax.faces.resource/primefaces.js?ln=primefaces&v=4.0 HTTP/1.1" 304 -
201.245.192.253 - - [06/Oct/2021:08:43:44 -0500] "GET /reportes_sipse/sdg/ServletReporte?reporte=experienia_idoneidad&solicitud=14895&pfdrid_c=false HTTP/1.1" 200 94782
186.148.168.245 - - [06/Oct/2021:08:43:44 -0500] "GET /sipse/faces/javax.faces.resource/layout/layout.js?ln=primefaces&v=4.0 HTTP/1.1" 304 -
186.148.168.245 - - [06/Oct/2021:08:43:44 -0500] "GET /sipse/css/imagen/contrasena.png HTTP/1.1" 404 383
186.148.168.245 - - [06/Oct/2021:08:43:44 -0500] "POST /sipse/faces/presentacion/financiero/solicitudProceso/consultar.xhtml HTTP/1.1" 200 40322
186.148.168.245 - - [06/Oct/2021:08:43:45 -0500] "POST /sipse/faces/presentacion/financiero/solicitudProceso/consultar.xhtml HTTP/1.1" 200 40322
186.148.168.245 - - [06/Oct/2021:08:43:45 -0500] "POST /sipse/faces/presentacion/financiero/solicitudProceso/consultar.xhtml HTTP/1.1" 200 40322
186.148.168.245 - - [06/Oct/2021:08:43:45 -0500] "POST /sipse/faces/presentacion/financiero/solicitudProceso/consultar.xhtml HTTP/1.1" 200 40322
192.168.172.26 - - [06/Oct/2021:08:43:46 -0500] "POST /BLA/boletinlegal/admin/actos/ingresar.php HTTP/1.1" 200 7236
186.148.168.245 - - [06/Oct/2021:08:43:46 -0500] "POST /sipse/faces/presentacion/financiero/solicitudProceso/consultar.xhtml HTTP/1.1" 200 40322
186.148.168.245 - - [06/Oct/2021:08:43:46 -0500] "POST /sipse/faces/presentacion/financiero/solicitudProceso/consultar.xhtml HTTP/1.1" 200 40322
186.148.168.245 - - [06/Oct/2021:08:43:52 -0500] "POST /sipse/faces/presentacion/financiero/solicitudProceso/consultar.xhtml HTTP/1.1" 200 12865
188.40.73.215 - - [06/Oct/2021:08:43:52 -0500] "GET /BLA/resoluciones/RESOLUCIONES%202014/7253.pdf HTTP/1.1" 200 1846869
188.40.73.215 - - [06/Oct/2021:08:43:56 -0500] "GET /BLA/resoluciones/RESOLUCIONES%202014/3976.pdf HTTP/1.1" 200 772442
186.148.168.245 - - [06/Oct/2021:08:43:56 -0500] "POST /sipse/faces/presentacion/financiero/solicitudProceso/consultar.xhtml HTTP/1.1" 200 109031
186.148.168.245 - - [06/Oct/2021:08:43:57 -0500] "GET /sipse/faces/javax.faces.resource/theme.css?ln=primefaces-sipse HTTP/1.1" 304 -
186.148.168.245 - - [06/Oct/2021:08:43:57 -0500] "GET /sipse/faces/javax.faces.resource/primefaces.css?ln=primefaces&v=4.0 HTTP/1.1" 304 -
186.148.168.245 - - [06/Oct/2021:08:43:57 -0500] "GET /sipse/faces/javax.faces.resource/layout/layout.css?ln=primefaces&v=4.0 HTTP/1.1" 304 -
186.148.168.245 - - [06/Oct/2021:08:43:57 -0500] "GET /sipse/faces/javax.faces.resource/jquery/jquery.js?ln=primefaces&v=4.0 HTTP/1.1" 304 -
186.148.168.245 - - [06/Oct/2021:08:43:57 -0500] "GET /sipse/faces/javax.faces.resource/jquery/jquery-plugins.js?ln=primefaces&v=4.0 HTTP/1.1" 304 -
186.148.168.245 - - [06/Oct/2021:08:43:57 -0500] "GET /sipse/faces/javax.faces.resource/primefaces.js?ln=primefaces&v=4.0 HTTP/1.1" 304 -
186.148.168.245 - - [06/Oct/2021:08:43:57 -0500] "GET /sipse/faces/javax.faces.resource/layout/layout.js?ln=primefaces&v=4.0 HTTP/1.1" 304 -
186.148.168.245 - - [06/Oct/2021:08:43:57 -0500] "GET /sipse/css/imagen/contrasena.png HTTP/1.1" 404 383
186.148.168.245 - - [06/Oct/2021:08:43:57 -0500] "GET /reportes_sipse/sdg/ServletReporte?reporte=experienia_idoneidad&solicitud=14895&pfdrid_c=false HTTP/1.1" 200 94782
190.146.157.16 - - [06/Oct/2021:08:43:59 -0500] "GET /galeria/galeria/jquery.fancybox.css?v=2.1.5 HTTP/1.1" 200 4895
190.146.157.16 - - [06/Oct/2021:08:43:59 -0500] "GET /BLA/boletinlegal/js/jquery.scrollShow.js HTTP/1.1" 200 4586
190.146.157.16 - - [06/Oct/2021:08:43:59 -0500] "GET /galeria/galeria/jquery.fancybox.js?v=2.1.5 HTTP/1.1" 200 48706
186.148.168.245 - - [06/Oct/2021:08:44:00 -0500] "POST /sipse/faces/presentacion/financiero/solicitudProceso/consultarSolicitudProceso.xhtml HTTP/1.1" 200 41186
186.148.168.245 - - [06/Oct/2021:08:44:00 -0500] "GET /sipse/faces/javax.faces.resource/layout/layout.css?ln=primefaces&v=4.0 HTTP/1.1" 304 -
186.148.168.245 - - [06/Oct/2021:08:44:00 -0500] "GET /sipse/faces/javax.faces.resource/theme.css?ln=primefaces-sipse HTTP/1.1" 304 -
186.148.168.245 - - [06/Oct/2021:08:44:00 -0500] "GET /sipse/faces/javax.faces.resource/primefaces.css?ln=primefaces&v=4.0 HTTP/1.1" 304 -
186.148.168.245 - - [06/Oct/2021:08:44:01 -0500] "GET /sipse/faces/javax.faces.resource/primefaces.js?ln=primefaces&v=4.0 HTTP/1.1" 304 -
186.148.168.245 - - [06/Oct/2021:08:44:01 -0500] "GET /sipse/faces/javax.faces.resource/jquery/jquery-plugins.js?ln=primefaces&v=4.0 HTTP/1.1" 304 -
186.148.168.245 - - [06/Oct/2021:08:44:01 -0500] "GET /sipse/faces/javax.faces.resource/jquery/jquery.js?ln=primefaces&v=4.0 HTTP/1.1" 304 -
