201.245.192.253 - - [06/Oct/2021:09:58:01 -0500] "POST /sipse/faces/presentacion/financiero/solicitudProceso/listarSolicitudProceso.xhtml HTTP/1.1" 200 7162
188.40.73.215 - - [06/Oct/2021:09:58:04 -0500] "GET /BLA/resoluciones/index.php?dir=AUTOS+2006/AUTOS+2006+1501+-+1600/ HTTP/1.1" 200 22232
201.245.192.253 - - [06/Oct/2021:09:58:05 -0500] "POST /sipse/faces/presentacion/financiero/solicitudProceso/listarSolicitudProceso.xhtml HTTP/1.1" 200 29823
186.159.113.189 - - [06/Oct/2021:09:58:05 -0500] "GET /galeria/galeria/jquery.fancybox.css?v=2.1.5 HTTP/1.1" 200 4895
186.159.113.189 - - [06/Oct/2021:09:58:05 -0500] "GET /galeria/galeria/jquery.fancybox.js?v=2.1.5 HTTP/1.1" 200 48706
201.245.192.253 - - [06/Oct/2021:09:58:07 -0500] "POST /sipse/faces/presentacion/financiero/solicitudProceso/listarSolicitudProceso.xhtml HTTP/1.1" 200 29922
201.245.192.253 - - [06/Oct/2021:09:58:07 -0500] "GET /catalogoisis/ HTTP/1.1" 200 8575
188.40.73.215 - - [06/Oct/2021:09:58:12 -0500] "GET /BLA/resoluciones/index.php?dir=AUTOS+2006/AUTOS+2006+101-200/ HTTP/1.1" 200 21758
186.31.111.228 - - [06/Oct/2021:09:58:21 -0500] "GET /autoliquidacion2020 HTTP/1.1" 301 250
188.40.73.215 - - [06/Oct/2021:09:58:21 -0500] "GET /BLA/resoluciones/index.php?dir=AUTOS+2006/AUTOS+2006+2501+-+2600/ HTTP/1.1" 200 22209
186.31.111.228 - - [06/Oct/2021:09:58:23 -0500] "GET /autoliquidacion2020/ HTTP/1.1" 200 6146
186.30.120.196 - - [06/Oct/2021:09:58:25 -0500] "POST /appsia/controlador HTTP/1.1" 200 7781
18.188.247.12 - - [06/Oct/2021:09:58:27 -0500] "-" 408 -
188.40.73.215 - - [06/Oct/2021:09:58:29 -0500] "GET /BLA/resoluciones/index.php?dir=AUTOS+2006/AUTOS+2006+501-600/ HTTP/1.1" 200 21780
186.31.111.228 - - [06/Oct/2021:09:58:31 -0500] "GET /autoliquidacion2020/dlf/styles.css HTTP/1.1" 200 3045
186.31.111.228 - - [06/Oct/2021:09:58:31 -0500] "GET /autoliquidacion2020/dlf/folder.png HTTP/1.1" 200 410
186.31.111.228 - - [06/Oct/2021:09:58:31 -0500] "GET /autoliquidacion2020/dlf/bg.gif HTTP/1.1" 200 54
186.30.120.196 - - [06/Oct/2021:09:58:32 -0500] "POST /appsia/controlador HTTP/1.1" 200 6646
186.30.120.196 - - [06/Oct/2021:09:58:34 -0500] "POST /appsia/controlador HTTP/1.1" 200 11320
201.245.192.253 - - [06/Oct/2021:09:58:34 -0500] "POST /sipse/faces/presentacion/financiero/solicitudProceso/listarSolicitudProceso.xhtml HTTP/1.1" 200 127956
201.245.192.253 - - [06/Oct/2021:09:58:35 -0500] "GET /sipse/faces/javax.faces.resource/jquery/jquery.js?ln=primefaces&v=4.0 HTTP/1.1" 304 -
201.245.192.253 - - [06/Oct/2021:09:58:35 -0500] "GET /sipse/faces/javax.faces.resource/jquery/jquery-plugins.js?ln=primefaces&v=4.0 HTTP/1.1" 304 -
201.245.192.253 - - [06/Oct/2021:09:58:35 -0500] "GET /sipse/faces/javax.faces.resource/primefaces.js?ln=primefaces&v=4.0 HTTP/1.1" 304 -
201.245.192.253 - - [06/Oct/2021:09:58:35 -0500] "GET /sipse/faces/javax.faces.resource/layout/layout.js?ln=primefaces&v=4.0 HTTP/1.1" 304 -
201.245.192.253 - - [06/Oct/2021:09:58:35 -0500] "GET /reportes_sipse/sdg/ServletReporte?reporte=solicitud_cdp&Solicitud=15344&pfdrid_c=false HTTP/1.1" 200 80589
186.87.76.51 - - [06/Oct/2021:09:58:37 -0500] "POST /sipse/faces/presentacion/financiero/solicitudProceso/listarSolicitudProceso.xhtml HTTP/1.1" 200 911
188.40.73.215 - - [06/Oct/2021:09:58:37 -0500] "GET /BLA/resoluciones/index.php?dir=AUTOS+2006/AUTOS+2006+901-1000/ HTTP/1.1" 200 21877
186.87.76.51 - - [06/Oct/2021:09:58:38 -0500] "GET /sipse/faces/faces/autenticacion HTTP/1.1" 302 -
186.87.76.51 - - [06/Oct/2021:09:58:38 -0500] "GET /sipse/faces/autenticacion.xhtml HTTP/1.1" 200 12183
186.87.76.51 - - [06/Oct/2021:09:58:38 -0500] "GET /sipse/faces/javax.faces.resource/primefaces.css?ln=primefaces&v=4.0 HTTP/1.1" 304 -
186.87.76.51 - - [06/Oct/2021:09:58:38 -0500] "GET /sipse/faces/javax.faces.resource/theme.css?ln=primefaces-sipse HTTP/1.1" 304 -
186.87.76.51 - - [06/Oct/2021:09:58:38 -0500] "GET /sipse/faces/javax.faces.resource/layout/layout.css?ln=primefaces&v=4.0 HTTP/1.1" 304 -
186.87.76.51 - - [06/Oct/2021:09:58:38 -0500] "GET /sipse/faces/javax.faces.resource/jquery/jquery-plugins.js?ln=primefaces&v=4.0 HTTP/1.1" 304 -
186.87.76.51 - - [06/Oct/2021:09:58:38 -0500] "GET /sipse/faces/javax.faces.resource/jquery/jquery.js?ln=primefaces&v=4.0 HTTP/1.1" 304 -
186.87.76.51 - - [06/Oct/2021:09:58:38 -0500] "GET /sipse/faces/javax.faces.resource/layout/layout.js?ln=primefaces&v=4.0 HTTP/1.1" 304 -
186.87.76.51 - - [06/Oct/2021:09:58:38 -0500] "GET /sipse/faces/javax.faces.resource/primefaces.js?ln=primefaces&v=4.0 HTTP/1.1" 304 -
186.87.76.51 - - [06/Oct/2021:09:58:38 -0500] "GET /sipse/faces/javax.faces.resource/images/ui-icons_898989_256x240.png?ln=primefaces-aristo HTTP/1.1" 304 -
186.30.120.196 - - [06/Oct/2021:09:58:38 -0500] "POST /appsia/controlador HTTP/1.1" 200 7781
186.87.76.51 - - [06/Oct/2021:09:58:39 -0500] "POST /sipse/faces/autenticacion.xhtml HTTP/1.1" 200 2225
201.245.192.253 - - [06/Oct/2021:09:58:40 -0500] "POST /sipse/faces/presentacion/financiero/solicitudProceso/consultarSolicitudProceso.xhtml HTTP/1.1" 200 169467
186.87.76.51 - - [06/Oct/2021:09:58:40 -0500] "POST /sipse/faces/autenticacion.xhtml HTTP/1.1" 200 16032
186.87.76.51 - - [06/Oct/2021:09:58:41 -0500] "GET /sipse/faces/javax.faces.resource/theme.css?ln=primefaces-sipse HTTP/1.1" 304 -
186.87.76.51 - - [06/Oct/2021:09:58:41 -0500] "GET /sipse/faces/javax.faces.resource/primefaces.css?ln=primefaces&v=4.0 HTTP/1.1" 304 -
186.87.76.51 - - [06/Oct/2021:09:58:41 -0500] "GET /sipse/faces/javax.faces.resource/layout/layout.css?ln=primefaces&v=4.0 HTTP/1.1" 304 -
186.87.76.51 - - [06/Oct/2021:09:58:41 -0500] "GET /sipse/faces/javax.faces.resource/jquery/jquery.js?ln=primefaces&v=4.0 HTTP/1.1" 304 -
186.87.76.51 - - [06/Oct/2021:09:58:41 -0500] "GET /sipse/faces/javax.faces.resource/jquery/jquery-plugins.js?ln=primefaces&v=4.0 HTTP/1.1" 304 -
186.87.76.51 - - [06/Oct/2021:09:58:41 -0500] "GET /sipse/faces/javax.faces.resource/primefaces.js?ln=primefaces&v=4.0 HTTP/1.1" 304 -
186.87.76.51 - - [06/Oct/2021:09:58:41 -0500] "GET /sipse/faces/javax.faces.resource/layout/layout.js?ln=primefaces&v=4.0 HTTP/1.1" 304 -
186.87.76.51 - - [06/Oct/2021:09:58:42 -0500] "GET /sipse/faces/javax.faces.resource/images/ui-bg_flat_0_2d5972_40x100.png?ln=primefaces-aristo HTTP/1.1" 304 -
186.87.76.51 - - [06/Oct/2021:09:58:42 -0500] "POST /sipse/faces/bienvenido.xhtml HTTP/1.1" 200 2658
191.156.31.185 - - [06/Oct/2021:09:58:44 -0500] "GET /BLA/boletinlegal/js/jquery.scrollShow.js HTTP/1.1" 200 4586
191.156.31.185 - - [06/Oct/2021:09:58:44 -0500] "GET /galeria/galeria/jquery.fancybox.css?v=2.1.5 HTTP/1.1" 200 4895
191.156.31.185 - - [06/Oct/2021:09:58:44 -0500] "GET /galeria/galeria/jquery.fancybox.js?v=2.1.5 HTTP/1.1" 200 48706
188.40.73.215 - - [06/Oct/2021:09:58:44 -0500] "GET /BLA/resoluciones/RESOLUCIONES%202003/RESOLUCION%20386%20DE%202003.PDF HTTP/1.1" 200 560991
186.87.76.51 - - [06/Oct/2021:09:58:42 -0500] "POST /sipse/faces/bienvenido.xhtml HTTP/1.1" 200 60710
186.87.76.51 - - [06/Oct/2021:09:58:45 -0500] "GET /sipse/faces/javax.faces.resource/theme.css?ln=primefaces-sipse HTTP/1.1" 304 -
186.87.76.51 - - [06/Oct/2021:09:58:45 -0500] "GET /sipse/faces/javax.faces.resource/primefaces.css?ln=primefaces&v=4.0 HTTP/1.1" 304 -
186.87.76.51 - - [06/Oct/2021:09:58:45 -0500] "GET /sipse/faces/javax.faces.resource/layout/layout.css?ln=primefaces&v=4.0 HTTP/1.1" 304 -
186.87.76.51 - - [06/Oct/2021:09:58:45 -0500] "GET /sipse/faces/javax.faces.resource/jquery/jquery.js?ln=primefaces&v=4.0 HTTP/1.1" 304 -
186.87.76.51 - - [06/Oct/2021:09:58:45 -0500] "GET /sipse/faces/javax.faces.resource/jquery/jquery-plugins.js?ln=primefaces&v=4.0 HTTP/1.1" 304 -
186.87.76.51 - - [06/Oct/2021:09:58:45 -0500] "GET /sipse/faces/javax.faces.resource/primefaces.js?ln=primefaces&v=4.0 HTTP/1.1" 304 -
186.87.76.51 - - [06/Oct/2021:09:58:45 -0500] "GET /sipse/faces/javax.faces.resource/layout/layout.js?ln=primefaces&v=4.0 HTTP/1.1" 304 -
186.87.76.51 - - [06/Oct/2021:09:58:45 -0500] "POST /sipse/faces/presentacion/financiero/solicitudProceso/listarSolicitudProceso.xhtml HTTP/1.1" 200 1448
201.245.192.253 - - [06/Oct/2021:09:58:48 -0500] "POST /sipse/faces/presentacion/financiero/solicitudProceso/consultarSolicitudProceso.xhtml HTTP/1.1" 200 2045432
186.30.120.196 - - [06/Oct/2021:09:58:49 -0500] "POST /appsia/controlador HTTP/1.1" 200 6646
186.87.76.51 - - [06/Oct/2021:09:58:49 -0500] "POST /sipse/faces/presentacion/financiero/solicitudProceso/listarSolicitudProceso.xhtml HTTP/1.1" 200 8974
186.30.120.196 - - [06/Oct/2021:09:58:50 -0500] "POST /appsia/controlador HTTP/1.1" 200 12490
186.87.76.51 - - [06/Oct/2021:09:58:50 -0500] "POST /sipse/faces/presentacion/financiero/solicitudProceso/listarSolicitudProceso.xhtml HTTP/1.1" 200 104886
186.87.76.51 - - [06/Oct/2021:09:58:51 -0500] "GET /sipse/faces/javax.faces.resource/theme.css?ln=primefaces-sipse HTTP/1.1" 304 -
186.87.76.51 - - [06/Oct/2021:09:58:51 -0500] "GET /sipse/faces/javax.faces.resource/primefaces.css?ln=primefaces&v=4.0 HTTP/1.1" 304 -
186.87.76.51 - - [06/Oct/2021:09:58:51 -0500] "GET /sipse/faces/javax.faces.resource/layout/layout.css?ln=primefaces&v=4.0 HTTP/1.1" 304 -
186.87.76.51 - - [06/Oct/2021:09:58:51 -0500] "GET /sipse/faces/javax.faces.resource/jquery/jquery.js?ln=primefaces&v=4.0 HTTP/1.1" 304 -
186.87.76.51 - - [06/Oct/2021:09:58:51 -0500] "GET /sipse/faces/javax.faces.resource/jquery/jquery-plugins.js?ln=primefaces&v=4.0 HTTP/1.1" 304 -
186.87.76.51 - - [06/Oct/2021:09:58:51 -0500] "GET /sipse/faces/javax.faces.resource/primefaces.js?ln=primefaces&v=4.0 HTTP/1.1" 304 -
186.87.76.51 - - [06/Oct/2021:09:58:51 -0500] "GET /sipse/faces/javax.faces.resource/layout/layout.js?ln=primefaces&v=4.0 HTTP/1.1" 304 -
186.87.76.51 - - [06/Oct/2021:09:58:51 -0500] "GET /reportes_sipse/sdg/ServletReporte?reporte=solicitud_cdp&Solicitud=15344&pfdrid_c=false HTTP/1.1" 200 80589
186.87.76.51 - - [06/Oct/2021:09:58:53 -0500] "POST /sipse/faces/presentacion/financiero/solicitudProceso/consultarSolicitudProceso.xhtml HTTP/1.1" 200 21983
186.87.76.51 - - [06/Oct/2021:09:58:53 -0500] "GET /sipse/faces/javax.faces.resource/theme.css?ln=primefaces-sipse HTTP/1.1" 304 -
186.87.76.51 - - [06/Oct/2021:09:58:53 -0500] "GET /sipse/faces/javax.faces.resource/jquery/jquery.js?ln=primefaces&v=4.0 HTTP/1.1" 304 -
186.87.76.51 - - [06/Oct/2021:09:58:53 -0500] "GET /sipse/faces/javax.faces.resource/primefaces.css?ln=primefaces&v=4.0 HTTP/1.1" 304 -
186.87.76.51 - - [06/Oct/2021:09:58:53 -0500] "GET /sipse/faces/javax.faces.resource/layout/layout.css?ln=primefaces&v=4.0 HTTP/1.1" 304 -
186.87.76.51 - - [06/Oct/2021:09:58:53 -0500] "GET /sipse/faces/javax.faces.resource/jquery/jquery-plugins.js?ln=primefaces&v=4.0 HTTP/1.1" 304 -
186.87.76.51 - - [06/Oct/2021:09:58:53 -0500] "GET /sipse/faces/javax.faces.resource/fileupload/fileupload.css?ln=primefaces&v=4.0 HTTP/1.1" 304 -
186.87.76.51 - - [06/Oct/2021:09:58:53 -0500] "GET /sipse/faces/javax.faces.resource/primefaces.js?ln=primefaces&v=4.0 HTTP/1.1" 304 -
186.87.76.51 - - [06/Oct/2021:09:58:53 -0500] "GET /sipse/faces/javax.faces.resource/layout/layout.js?ln=primefaces&v=4.0 HTTP/1.1" 304 -
186.87.76.51 - - [06/Oct/2021:09:58:53 -0500] "GET /sipse/faces/javax.faces.resource/fileupload/fileupload.js?ln=primefaces&v=4.0 HTTP/1.1" 304 -
186.87.76.51 - - [06/Oct/2021:09:58:53 -0500] "GET /sipse/faces/javax.faces.resource/images/ui-icons_898989_256x240.png?ln=primefaces-aristo HTTP/1.1" 304 -
186.148.168.245 - - [06/Oct/2021:09:58:56 -0500] "GET /sipsepre/faces/javax.faces.resource/images/ui-bg_flat_0_2d5972_40x100.png?ln=primefaces-aristo HTTP/1.1" 304 -
186.148.168.245 - - [06/Oct/2021:09:58:56 -0500] "POST /sipsepre/faces/presentacion/financiero/solicitudProceso/consultarSolicitudProceso.xhtml HTTP/1.1" 200 5559
201.245.192.253 - - [06/Oct/2021:09:58:57 -0500] "POST /sipse/faces/presentacion/financiero/solicitudProceso/consultarSolicitudProceso.xhtml HTTP/1.1" 200 291694
188.40.73.215 - - [06/Oct/2021:09:58:58 -0500] "GET /BLA/resoluciones/index.php?dir=RESOLUCIONES%202001/&sort=date&order=asc HTTP/1.1" 200 24136
186.87.76.51 - - [06/Oct/2021:09:59:02 -0500] "GET /sipse/faces/javax.faces.resource/layout/layout.css?ln=primefaces&v=4.0 HTTP/1.1" 304 -
186.87.76.51 - - [06/Oct/2021:09:59:02 -0500] "GET /sipse/faces/javax.faces.resource/theme.css?ln=primefaces-sipse HTTP/1.1" 304 -
186.87.76.51 - - [06/Oct/2021:09:59:02 -0500] "GET /sipse/faces/javax.faces.resource/primefaces.css?ln=primefaces&v=4.0 HTTP/1.1" 304 -
186.87.76.51 - - [06/Oct/2021:09:59:02 -0500] "GET /sipse/faces/javax.faces.resource/jquery/jquery.js?ln=primefaces&v=4.0 HTTP/1.1" 304 -
186.87.76.51 - - [06/Oct/2021:09:59:02 -0500] "GET /sipse/faces/javax.faces.resource/jquery/jquery-plugins.js?ln=primefaces&v=4.0 HTTP/1.1" 304 -
186.87.76.51 - - [06/Oct/2021:09:59:02 -0500] "GET /sipse/faces/javax.faces.resource/primefaces.js?ln=primefaces&v=4.0 HTTP/1.1" 304 -
186.87.76.51 - - [06/Oct/2021:09:59:02 -0500] "GET /sipse/faces/javax.faces.resource/layout/layout.js?ln=primefaces&v=4.0 HTTP/1.1" 304 -
186.87.76.51 - - [06/Oct/2021:09:59:02 -0500] "GET /sipse/faces/javax.faces.resource/images/ui-icons_898989_256x240.png?ln=primefaces-aristo HTTP/1.1" 304 -
186.87.76.51 - - [06/Oct/2021:09:59:00 -0500] "POST /sipse/faces/presentacion/sistema/anexos/cargarAnexoSolicitudProceso.xhtml HTTP/1.1" 200 153166
186.87.76.51 - - [06/Oct/2021:09:59:02 -0500] "GET /reportes_sipse/sdg/ServletReporte?reporte=solicitud_cdp&Solicitud=15344&pfdrid_c=false HTTP/1.1" 200 80589
186.28.40.222 - - [06/Oct/2021:09:59:05 -0500] "GET /galeria/galeria/jquery.fancybox.css?v=2.1.5 HTTP/1.1" 200 4895
186.28.40.222 - - [06/Oct/2021:09:59:05 -0500] "GET /BLA/boletinlegal/js/jquery.scrollShow.js HTTP/1.1" 200 4586
186.87.76.51 - - [06/Oct/2021:09:59:05 -0500] "POST /sipse/faces/presentacion/financiero/solicitudProceso/consultarSolicitudProceso.xhtml HTTP/1.1" 200 21983
186.87.76.51 - - [06/Oct/2021:09:59:05 -0500] "GET /sipse/faces/javax.faces.resource/theme.css?ln=primefaces-sipse HTTP/1.1" 304 -
186.87.76.51 - - [06/Oct/2021:09:59:05 -0500] "GET /sipse/faces/javax.faces.resource/layout/layout.css?ln=primefaces&v=4.0 HTTP/1.1" 304 -
186.87.76.51 - - [06/Oct/2021:09:59:05 -0500] "GET /sipse/faces/javax.faces.resource/primefaces.js?ln=primefaces&v=4.0 HTTP/1.1" 304 -
186.87.76.51 - - [06/Oct/2021:09:59:05 -0500] "GET /sipse/faces/javax.faces.resource/primefaces.css?ln=primefaces&v=4.0 HTTP/1.1" 304 -
186.28.40.222 - - [06/Oct/2021:09:59:05 -0500] "GET /galeria/galeria/jquery.fancybox.js?v=2.1.5 HTTP/1.1" 200 48706
186.87.76.51 - - [06/Oct/2021:09:59:05 -0500] "GET /sipse/faces/javax.faces.resource/jquery/jquery.js?ln=primefaces&v=4.0 HTTP/1.1" 304 -
186.87.76.51 - - [06/Oct/2021:09:59:05 -0500] "GET /sipse/faces/javax.faces.resource/layout/layout.js?ln=primefaces&v=4.0 HTTP/1.1" 304 -
186.87.76.51 - - [06/Oct/2021:09:59:05 -0500] "GET /sipse/faces/javax.faces.resource/jquery/jquery-plugins.js?ln=primefaces&v=4.0 HTTP/1.1" 304 -
186.87.76.51 - - [06/Oct/2021:09:59:05 -0500] "GET /sipse/faces/javax.faces.resource/fileupload/fileupload.css?ln=primefaces&v=4.0 HTTP/1.1" 304 -
186.87.76.51 - - [06/Oct/2021:09:59:05 -0500] "GET /sipse/faces/javax.faces.resource/fileupload/fileupload.js?ln=primefaces&v=4.0 HTTP/1.1" 304 -
186.87.76.51 - - [06/Oct/2021:09:59:05 -0500] "GET /sipse/faces/javax.faces.resource/images/ui-icons_898989_256x240.png?ln=primefaces-aristo HTTP/1.1" 304 -
186.102.30.146 - - [06/Oct/2021:09:59:06 -0500] "GET /construcciones-sostenibles-estas-son-sus-principales-caracteristicas.html HTTP/1.1" 200 938
188.40.73.215 - - [06/Oct/2021:09:59:07 -0500] "GET /BLA/resoluciones/index.php?dir=AUTOS+2006/AUTOS+2006+1001-1100/ HTTP/1.1" 200 21966
201.245.192.253 - - [06/Oct/2021:09:59:07 -0500] "GET /catalogoisis/ HTTP/1.1" 200 8575
186.30.30.67 - - [06/Oct/2021:09:58:48 -0500] "POST /sipse/faces/presentacion/financiero/solicitudProceso/consultar.xhtml HTTP/1.1" 200 41771
45.7.135.246 - - [06/Oct/2021:09:59:14 -0500] "GET /galeria/galeria/jquery.fancybox.css?v=2.1.5 HTTP/1.1" 200 4895
45.7.135.246 - - [06/Oct/2021:09:59:14 -0500] "GET /BLA/boletinlegal/js/jquery.scrollShow.js HTTP/1.1" 200 4586
45.7.135.246 - - [06/Oct/2021:09:59:14 -0500] "GET /galeria/galeria/jquery.fancybox.js?v=2.1.5 HTTP/1.1" 200 48706
186.87.76.51 - - [06/Oct/2021:09:59:14 -0500] "GET /sipse/faces/javax.faces.resource/jquery/jquery.js?ln=primefaces&v=4.0 HTTP/1.1" 304 -
186.87.76.51 - - [06/Oct/2021:09:59:14 -0500] "GET /sipse/faces/javax.faces.resource/theme.css?ln=primefaces-sipse HTTP/1.1" 304 -
186.87.76.51 - - [06/Oct/2021:09:59:14 -0500] "GET /sipse/faces/javax.faces.resource/layout/layout.css?ln=primefaces&v=4.0 HTTP/1.1" 304 -
186.87.76.51 - - [06/Oct/2021:09:59:14 -0500] "GET /sipse/faces/javax.faces.resource/jquery/jquery-plugins.js?ln=primefaces&v=4.0 HTTP/1.1" 304 -
186.87.76.51 - - [06/Oct/2021:09:59:14 -0500] "GET /sipse/faces/javax.faces.resource/primefaces.css?ln=primefaces&v=4.0 HTTP/1.1" 304 -
186.87.76.51 - - [06/Oct/2021:09:59:13 -0500] "POST /sipse/faces/presentacion/sistema/anexos/cargarAnexoSolicitudProceso.xhtml HTTP/1.1" 200 154978
186.87.76.51 - - [06/Oct/2021:09:59:14 -0500] "GET /sipse/faces/javax.faces.resource/primefaces.js?ln=primefaces&v=4.0 HTTP/1.1" 304 -
186.87.76.51 - - [06/Oct/2021:09:59:14 -0500] "GET /sipse/faces/javax.faces.resource/layout/layout.js?ln=primefaces&v=4.0 HTTP/1.1" 304 -
186.87.76.51 - - [06/Oct/2021:09:59:14 -0500] "GET /sipse/faces/javax.faces.resource/images/ui-icons_898989_256x240.png?ln=primefaces-aristo HTTP/1.1" 304 -
181.53.115.172 - - [06/Oct/2021:09:59:15 -0500] "GET /galeria/galeria/jquery.fancybox.css?v=2.1.5 HTTP/1.1" 200 4895
181.53.115.172 - - [06/Oct/2021:09:59:15 -0500] "GET /BLA/boletinlegal/js/jquery.scrollShow.js HTTP/1.1" 200 4586
181.53.115.172 - - [06/Oct/2021:09:59:15 -0500] "GET /galeria/galeria/jquery.fancybox.js?v=2.1.5 HTTP/1.1" 200 48706
186.87.76.51 - - [06/Oct/2021:09:59:14 -0500] "GET /reportes_sipse/sdg/ServletReporte?reporte=solicitud_cdp&Solicitud=15344&pfdrid_c=false HTTP/1.1" 200 80589
188.40.73.215 - - [06/Oct/2021:09:59:15 -0500] "GET /BLA/resoluciones/index.php?dir=AUTOS+2006/AUTOS+2006+801-900/ HTTP/1.1" 200 21775
18.188.247.12 - - [06/Oct/2021:09:59:15 -0500] "-" 408 -
18.188.247.12 - - [06/Oct/2021:09:59:17 -0500] "GET /galeria/galeria/fotos/MeandrodelSay3g.jpg HTTP/1.1" 200 365658
186.148.168.245 - - [06/Oct/2021:09:58:57 -0500] "GET /reportes_sipsepre/sdg/ServletReporte?reporte=solicitud_cdp&Solicitud=14115&pfdrid_c=false HTTP/1.1" 200 106736
18.188.247.12 - - [06/Oct/2021:09:59:19 -0500] "GET /galeria/nivo-slider/demo/images/bannerrutaesperanza.jpg HTTP/1.1" 200 55560
186.87.76.51 - - [06/Oct/2021:09:59:22 -0500] "GET /sipse/faces/javax.faces.resource/primefaces.css?ln=primefaces&v=4.0 HTTP/1.1" 304 -
186.87.76.51 - - [06/Oct/2021:09:59:22 -0500] "GET /sipse/faces/javax.faces.resource/theme.css?ln=primefaces-sipse HTTP/1.1" 304 -
186.87.76.51 - - [06/Oct/2021:09:59:22 -0500] "GET /sipse/faces/javax.faces.resource/jquery/jquery.js?ln=primefaces&v=4.0 HTTP/1.1" 304 -
186.87.76.51 - - [06/Oct/2021:09:59:22 -0500] "GET /sipse/faces/javax.faces.resource/layout/layout.css?ln=primefaces&v=4.0 HTTP/1.1" 304 -
186.87.76.51 - - [06/Oct/2021:09:59:22 -0500] "GET /sipse/faces/javax.faces.resource/jquery/jquery-plugins.js?ln=primefaces&v=4.0 HTTP/1.1" 304 -
186.87.76.51 - - [06/Oct/2021:09:59:22 -0500] "GET /sipse/faces/javax.faces.resource/primefaces.js?ln=primefaces&v=4.0 HTTP/1.1" 304 -
186.87.76.51 - - [06/Oct/2021:09:59:22 -0500] "POST /sipse/faces/presentacion/financiero/solicitudProceso/consultarSolicitudProceso.xhtml HTTP/1.1" 200 21983
186.87.76.51 - - [06/Oct/2021:09:59:22 -0500] "GET /sipse/faces/javax.faces.resource/fileupload/fileupload.js?ln=primefaces&v=4.0 HTTP/1.1" 304 -
186.87.76.51 - - [06/Oct/2021:09:59:22 -0500] "GET /sipse/faces/javax.faces.resource/layout/layout.js?ln=primefaces&v=4.0 HTTP/1.1" 304 -
186.87.76.51 - - [06/Oct/2021:09:59:22 -0500] "GET /sipse/faces/javax.faces.resource/fileupload/fileupload.css?ln=primefaces&v=4.0 HTTP/1.1" 304 -
186.87.76.51 - - [06/Oct/2021:09:59:22 -0500] "GET /sipse/faces/javax.faces.resource/images/ui-icons_898989_256x240.png?ln=primefaces-aristo HTTP/1.1" 304 -
188.40.73.215 - - [06/Oct/2021:09:59:23 -0500] "GET /BLA/resoluciones/index.php?dir=AUTOS+2006/AUTOS+2006+2201+-+2300/ HTTP/1.1" 200 22194
181.53.13.184 - - [06/Oct/2021:09:59:25 -0500] "GET /BLA/boletinlegal/js/jquery.scrollShow.js HTTP/1.1" 200 4586
181.53.13.184 - - [06/Oct/2021:09:59:25 -0500] "GET /galeria/galeria/jquery.fancybox.js?v=2.1.5 HTTP/1.1" 200 48706
181.53.13.184 - - [06/Oct/2021:09:59:25 -0500] "GET /galeria/galeria/jquery.fancybox.css?v=2.1.5 HTTP/1.1" 200 4895
186.87.76.51 - - [06/Oct/2021:09:59:28 -0500] "GET /sipse/faces/javax.faces.resource/jquery/jquery.js?ln=primefaces&v=4.0 HTTP/1.1" 304 -
186.87.76.51 - - [06/Oct/2021:09:59:28 -0500] "GET /sipse/faces/javax.faces.resource/primefaces.css?ln=primefaces&v=4.0 HTTP/1.1" 304 -
186.87.76.51 - - [06/Oct/2021:09:59:28 -0500] "GET /sipse/faces/javax.faces.resource/theme.css?ln=primefaces-sipse HTTP/1.1" 304 -
186.87.76.51 - - [06/Oct/2021:09:59:28 -0500] "GET /sipse/faces/javax.faces.resource/layout/layout.css?ln=primefaces&v=4.0 HTTP/1.1" 304 -
186.87.76.51 - - [06/Oct/2021:09:59:28 -0500] "GET /sipse/faces/javax.faces.resource/jquery/jquery-plugins.js?ln=primefaces&v=4.0 HTTP/1.1" 304 -
186.87.76.51 - - [06/Oct/2021:09:59:28 -0500] "GET /sipse/faces/javax.faces.resource/primefaces.js?ln=primefaces&v=4.0 HTTP/1.1" 304 -
186.87.76.51 - - [06/Oct/2021:09:59:28 -0500] "GET /sipse/faces/javax.faces.resource/layout/layout.js?ln=primefaces&v=4.0 HTTP/1.1" 304 -
186.87.76.51 - - [06/Oct/2021:09:59:26 -0500] "POST /sipse/faces/presentacion/sistema/anexos/cargarAnexoSolicitudProceso.xhtml HTTP/1.1" 200 156755
186.87.76.51 - - [06/Oct/2021:09:59:28 -0500] "GET /sipse/faces/javax.faces.resource/images/ui-icons_898989_256x240.png?ln=primefaces-aristo HTTP/1.1" 304 -
186.87.76.51 - - [06/Oct/2021:09:59:28 -0500] "GET /reportes_sipse/sdg/ServletReporte?reporte=solicitud_cdp&Solicitud=15344&pfdrid_c=false HTTP/1.1" 200 80589
186.87.76.51 - - [06/Oct/2021:09:59:31 -0500] "GET /sipse/faces/javax.faces.resource/images/ui-bg_flat_0_2d5972_40x100.png?ln=primefaces-aristo HTTP/1.1" 304 -
188.40.73.215 - - [06/Oct/2021:09:59:32 -0500] "GET /BLA/resoluciones/RESOLUCIONES%202001/RESOLUCION%201226%20DE%202001.pdf HTTP/1.1" 200 108376
186.30.120.196 - - [06/Oct/2021:09:59:34 -0500] "POST /appsia/controlador HTTP/1.1" 200 7781
186.87.76.51 - - [06/Oct/2021:09:59:31 -0500] "POST /sipse/faces/presentacion/financiero/solicitudProceso/consultarSolicitudProceso.xhtml HTTP/1.1" 200 35136
186.87.76.51 - - [06/Oct/2021:09:59:35 -0500] "GET /sipse/faces/javax.faces.resource/theme.css?ln=primefaces-sipse HTTP/1.1" 304 -
186.87.76.51 - - [06/Oct/2021:09:59:35 -0500] "GET /sipse/faces/javax.faces.resource/primefaces.css?ln=primefaces&v=4.0 HTTP/1.1" 304 -
186.87.76.51 - - [06/Oct/2021:09:59:35 -0500] "GET /sipse/faces/javax.faces.resource/jquery/jquery.js?ln=primefaces&v=4.0 HTTP/1.1" 304 -
186.87.76.51 - - [06/Oct/2021:09:59:35 -0500] "GET /sipse/faces/javax.faces.resource/jquery/jquery-plugins.js?ln=primefaces&v=4.0 HTTP/1.1" 304 -
186.87.76.51 - - [06/Oct/2021:09:59:36 -0500] "GET /sipse/faces/javax.faces.resource/primefaces.js?ln=primefaces&v=4.0 HTTP/1.1" 304 -
186.87.76.51 - - [06/Oct/2021:09:59:36 -0500] "GET /sipse/faces/javax.faces.resource/layout/layout.js?ln=primefaces&v=4.0 HTTP/1.1" 304 -
186.87.76.51 - - [06/Oct/2021:09:59:36 -0500] "GET /sipse/faces/javax.faces.resource/layout/layout.css?ln=primefaces&v=4.0 HTTP/1.1" 304 -
186.87.76.51 - - [06/Oct/2021:09:59:36 -0500] "POST /sipse/faces/presentacion/financiero/solicitudProceso/listarSolicitudProceso.xhtml HTTP/1.1" 200 1348
199.16.157.181 - - [06/Oct/2021:09:59:40 -0500] "GET /images/Bogot%C3%A1-Imparable-feria-servicios.jpg HTTP/1.1" 404 1034
191.146.191.84 - - [06/Oct/2021:09:59:41 -0500] "GET /BLA/resoluciones/AUTOS%202020/4676.pdf HTTP/1.1" 200 393595
199.59.150.183 - - [06/Oct/2021:09:59:42 -0500] "GET /images/Bogot%C3%A1-Imparable-feria-servicios.jpg HTTP/1.1" 404 1034
191.146.191.84 - - [06/Oct/2021:09:59:42 -0500] "GET /BLA/resoluciones/AUTOS%202020/4676.pdf HTTP/1.1" 206 65915
188.40.73.215 - - [06/Oct/2021:09:59:43 -0500] "GET /BLA/resoluciones/index.php?dir=AUTOS+2006/AUTOS+2006+1201-1300/ HTTP/1.1" 200 22013
186.30.120.196 - - [06/Oct/2021:09:59:43 -0500] "POST /appsia/controlador HTTP/1.1" 200 6646
181.53.13.169 - - [06/Oct/2021:09:59:45 -0500] "POST /sipse/faces/presentacion/financiero/solicitudProceso/listarSolicitudProceso.xhtml HTTP/1.1" 200 24823
186.30.120.196 - - [06/Oct/2021:09:59:45 -0500] "POST /appsia/controlador HTTP/1.1" 200 11353
191.95.166.105 - - [06/Oct/2021:09:59:47 -0500] "POST /sipse/faces/presentacion/financiero/solicitudProceso/consultarSolicitudProceso.xhtml HTTP/1.1" 200 23604
191.95.166.105 - - [06/Oct/2021:09:59:47 -0500] "GET /sipse/faces/javax.faces.resource/theme.css?ln=primefaces-sipse HTTP/1.1" 304 -
191.95.166.105 - - [06/Oct/2021:09:59:47 -0500] "GET /sipse/faces/javax.faces.resource/primefaces.css?ln=primefaces&v=4.0 HTTP/1.1" 304 -
191.95.166.105 - - [06/Oct/2021:09:59:47 -0500] "GET /sipse/faces/javax.faces.resource/layout/layout.css?ln=primefaces&v=4.0 HTTP/1.1" 304 -
191.95.166.105 - - [06/Oct/2021:09:59:47 -0500] "GET /sipse/faces/javax.faces.resource/jquery/jquery.js?ln=primefaces&v=4.0 HTTP/1.1" 304 -
191.95.166.105 - - [06/Oct/2021:09:59:47 -0500] "GET /sipse/faces/javax.faces.resource/primefaces.js?ln=primefaces&v=4.0 HTTP/1.1" 304 -
191.95.166.105 - - [06/Oct/2021:09:59:47 -0500] "GET /sipse/faces/javax.faces.resource/jquery/jquery-plugins.js?ln=primefaces&v=4.0 HTTP/1.1" 304 -
191.95.166.105 - - [06/Oct/2021:09:59:47 -0500] "GET /sipse/faces/javax.faces.resource/layout/layout.js?ln=primefaces&v=4.0 HTTP/1.1" 304 -
191.95.166.105 - - [06/Oct/2021:09:59:48 -0500] "GET /sipse/faces/javax.faces.resource/spacer/dot_clear.gif?ln=primefaces&v=4.0 HTTP/1.1" 304 -
188.40.73.215 - - [06/Oct/2021:09:59:50 -0500] "GET /BLA/resoluciones/index.php?dir=AUTOS+2006/AUTOS+2006+2601+-+2700/ HTTP/1.1" 200 22189
181.53.13.169 - - [06/Oct/2021:09:59:51 -0500] "POST /sipse/faces/presentacion/financiero/solicitudProceso/listarSolicitudProceso.xhtml HTTP/1.1" 200 43761
181.53.13.169 - - [06/Oct/2021:09:59:51 -0500] "GET /sipse/faces/javax.faces.resource/theme.css?ln=primefaces-sipse HTTP/1.1" 304 -
181.53.13.169 - - [06/Oct/2021:09:59:51 -0500] "GET /sipse/faces/javax.faces.resource/layout/layout.css?ln=primefaces&v=4.0 HTTP/1.1" 304 -
181.53.13.169 - - [06/Oct/2021:09:59:51 -0500] "GET /sipse/faces/javax.faces.resource/jquery/jquery.js?ln=primefaces&v=4.0 HTTP/1.1" 304 -
181.53.13.169 - - [06/Oct/2021:09:59:51 -0500] "GET /sipse/faces/javax.faces.resource/primefaces.css?ln=primefaces&v=4.0 HTTP/1.1" 304 -
181.53.13.169 - - [06/Oct/2021:09:59:51 -0500] "GET /sipse/faces/javax.faces.resource/jquery/jquery-plugins.js?ln=primefaces&v=4.0 HTTP/1.1" 304 -
181.53.13.169 - - [06/Oct/2021:09:59:51 -0500] "GET /sipse/faces/javax.faces.resource/primefaces.js?ln=primefaces&v=4.0 HTTP/1.1" 304 -
181.53.13.169 - - [06/Oct/2021:09:59:51 -0500] "GET /sipse/faces/javax.faces.resource/layout/layout.js?ln=primefaces&v=4.0 HTTP/1.1" 304 -
181.53.13.169 - - [06/Oct/2021:09:59:51 -0500] "GET /sipse/css/imagen/contrasena.png HTTP/1.1" 404 383
181.53.13.169 - - [06/Oct/2021:09:59:51 -0500] "POST /sipse/faces/presentacion/financiero/solicitudProceso/consultar.xhtml HTTP/1.1" 200 37025
181.53.13.169 - - [06/Oct/2021:09:59:52 -0500] "POST /sipse/faces/presentacion/financiero/solicitudProceso/consultar.xhtml HTTP/1.1" 200 37025
181.53.13.169 - - [06/Oct/2021:09:59:52 -0500] "POST /sipse/faces/presentacion/financiero/solicitudProceso/consultar.xhtml HTTP/1.1" 200 37025
181.53.13.169 - - [06/Oct/2021:09:59:52 -0500] "POST /sipse/faces/presentacion/financiero/solicitudProceso/consultar.xhtml HTTP/1.1" 200 37025
181.53.13.169 - - [06/Oct/2021:09:59:52 -0500] "POST /sipse/faces/presentacion/financiero/solicitudProceso/consultar.xhtml HTTP/1.1" 200 37025
186.30.30.67 - - [06/Oct/2021:09:59:55 -0500] "POST /sipse/faces/presentacion/financiero/solicitudProceso/consultar.xhtml HTTP/1.1" 200 60718
186.30.30.67 - - [06/Oct/2021:09:59:56 -0500] "GET /sipse/faces/javax.faces.resource/theme.css?ln=primefaces-sipse HTTP/1.1" 304 -
186.30.30.67 - - [06/Oct/2021:09:59:56 -0500] "GET /sipse/faces/javax.faces.resource/primefaces.css?ln=primefaces&v=4.0 HTTP/1.1" 304 -
186.30.30.67 - - [06/Oct/2021:09:59:56 -0500] "GET /sipse/faces/javax.faces.resource/layout/layout.css?ln=primefaces&v=4.0 HTTP/1.1" 304 -
186.30.30.67 - - [06/Oct/2021:09:59:56 -0500] "GET /sipse/faces/javax.faces.resource/jquery/jquery.js?ln=primefaces&v=4.0 HTTP/1.1" 304 -
186.30.30.67 - - [06/Oct/2021:09:59:56 -0500] "GET /sipse/faces/javax.faces.resource/jquery/jquery-plugins.js?ln=primefaces&v=4.0 HTTP/1.1" 304 -
186.30.30.67 - - [06/Oct/2021:09:59:56 -0500] "GET /sipse/faces/javax.faces.resource/primefaces.js?ln=primefaces&v=4.0 HTTP/1.1" 304 -
186.30.30.67 - - [06/Oct/2021:09:59:56 -0500] "GET /sipse/faces/javax.faces.resource/layout/layout.js?ln=primefaces&v=4.0 HTTP/1.1" 304 -
186.30.30.67 - - [06/Oct/2021:09:59:56 -0500] "GET /sipse/css/imagen/contrasena.png HTTP/1.1" 404 383
216.245.221.92 - - [06/Oct/2021:09:59:56 -0500] "HEAD / HTTP/1.1" 200 -
186.30.30.67 - - [06/Oct/2021:09:59:56 -0500] "POST /sipse/faces/presentacion/financiero/solicitudProceso/listarSolicitudProceso.xhtml HTTP/1.1" 200 53967
186.30.30.67 - - [06/Oct/2021:09:59:56 -0500] "POST /sipse/faces/presentacion/financiero/solicitudProceso/listarSolicitudProceso.xhtml HTTP/1.1" 200 53967
18.188.247.12 - - [06/Oct/2021:09:59:57 -0500] "GET /galeria/nivo-slider/demo/images/bannercapacitacionesbogota.jpg HTTP/1.1" 200 42416
186.30.30.67 - - [06/Oct/2021:09:59:57 -0500] "POST /sipse/faces/presentacion/financiero/solicitudProceso/listarSolicitudProceso.xhtml HTTP/1.1" 200 1448
186.30.30.67 - - [06/Oct/2021:09:59:57 -0500] "POST /sipse/faces/presentacion/financiero/solicitudProceso/listarSolicitudProceso.xhtml HTTP/1.1" 200 1448
186.30.30.67 - - [06/Oct/2021:09:59:57 -0500] "POST /sipse/faces/presentacion/financiero/solicitudProceso/listarSolicitudProceso.xhtml HTTP/1.1" 200 1452
188.40.73.215 - - [06/Oct/2021:09:59:58 -0500] "GET /BLA/resoluciones/index.php?dir=AUTOS+2006/AUTOS+2006+2001+-+2100/ HTTP/1.1" 200 22199
69.171.249.22 - - [06/Oct/2021:10:00:02 -0500] "GET /secretaria-de-ambiente-abre-espacio-de-formacion-para-comunicadores-sociales-y-periodistas.html HTTP/1.1" 206 860
69.171.249.7 - - [06/Oct/2021:10:00:02 -0500] "GET /secretaria-de-ambiente-abre-espacio-de-formacion-para-comunicadores-sociales-y-periodistas.html HTTP/1.1" 206 860
69.171.249.2 - - [06/Oct/2021:10:00:02 -0500] "GET /secretaria-de-ambiente-abre-espacio-de-formacion-para-comunicadores-sociales-y-periodistas.html HTTP/1.1" 206 860
69.171.249.11 - - [06/Oct/2021:10:00:02 -0500] "GET /secretaria-de-ambiente-abre-espacio-de-formacion-para-comunicadores-sociales-y-periodistas.html HTTP/1.1" 206 860
69.171.249.12 - - [06/Oct/2021:10:00:02 -0500] "GET /secretaria-de-ambiente-abre-espacio-de-formacion-para-comunicadores-sociales-y-periodistas.html HTTP/1.1" 206 860
69.171.249.22 - - [06/Oct/2021:10:00:02 -0500] "GET /secretaria-de-ambiente-abre-espacio-de-formacion-para-comunicadores-sociales-y-periodistas.html HTTP/1.1" 206 860
181.53.13.169 - - [06/Oct/2021:10:00:03 -0500] "POST /sipse/faces/presentacion/financiero/solicitudProceso/consultar.xhtml HTTP/1.1" 200 12828
190.238.182.23 - - [06/Oct/2021:10:00:05 -0500] "GET /galeria/galeria/jquery.fancybox.css?v=2.1.5 HTTP/1.1" 200 4895
190.238.182.23 - - [06/Oct/2021:10:00:05 -0500] "GET /galeria/galeria/jquery.fancybox.js?v=2.1.5 HTTP/1.1" 200 48706
190.238.182.23 - - [06/Oct/2021:10:00:05 -0500] "GET /BLA/boletinlegal/js/jquery.scrollShow.js HTTP/1.1" 200 4586
188.40.73.215 - - [06/Oct/2021:10:00:06 -0500] "GET /BLA/resoluciones/RESOLUCIONES%202001/2001%201000-1049.TIF HTTP/1.1" 200 6575946
201.245.192.253 - - [06/Oct/2021:10:00:08 -0500] "GET /catalogoisis/ HTTP/1.1" 200 8575
191.95.166.105 - - [06/Oct/2021:10:00:12 -0500] "GET /sipse/faces/javax.faces.resource/theme.css?ln=primefaces-sipse HTTP/1.1" 304 -
191.95.166.105 - - [06/Oct/2021:10:00:12 -0500] "GET /sipse/faces/javax.faces.resource/layout/layout.css?ln=primefaces&v=4.0 HTTP/1.1" 304 -
191.95.166.105 - - [06/Oct/2021:10:00:12 -0500] "GET /sipse/faces/javax.faces.resource/jquery/jquery-plugins.js?ln=primefaces&v=4.0 HTTP/1.1" 304 -
191.95.166.105 - - [06/Oct/2021:10:00:12 -0500] "GET /sipse/faces/javax.faces.resource/primefaces.js?ln=primefaces&v=4.0 HTTP/1.1" 304 -
191.95.166.105 - - [06/Oct/2021:10:00:12 -0500] "GET /sipse/faces/javax.faces.resource/jquery/jquery.js?ln=primefaces&v=4.0 HTTP/1.1" 304 -
191.95.166.105 - - [06/Oct/2021:10:00:12 -0500] "GET /sipse/faces/javax.faces.resource/primefaces.css?ln=primefaces&v=4.0 HTTP/1.1" 304 -
191.95.166.105 - - [06/Oct/2021:10:00:12 -0500] "GET /sipse/faces/javax.faces.resource/layout/layout.js?ln=primefaces&v=4.0 HTTP/1.1" 304 -
191.95.166.105 - - [06/Oct/2021:10:00:12 -0500] "POST /sipse/faces/presentacion/proyectos/proyecto/actividad/consultarActividadSolicitud.xhtml HTTP/1.1" 200 170899
191.95.166.105 - - [06/Oct/2021:10:00:13 -0500] "GET /reportes_sipse/sdg/ServletReporte?reporte=solicitud_cdp&Solicitud=15344&pfdrid_c=false HTTP/1.1" 200 80589
188.40.73.215 - - [06/Oct/2021:10:00:14 -0500] "GET /BLA/resoluciones/index.php?dir=AUTOS%202006/&sort=name&order=desc HTTP/1.1" 200 9680
66.249.66.139 - - [06/Oct/2021:10:00:18 -0500] "-" 408 -
188.40.73.215 - - [06/Oct/2021:10:00:21 -0500] "GET /BLA/resoluciones/RESOLUCIONES%202001/2001%201300-1349.tif HTTP/1.1" 200 4561457
191.95.166.105 - - [06/Oct/2021:10:00:24 -0500] "POST /sipse/faces/presentacion/financiero/solicitudProceso/consultarSolicitudProceso.xhtml HTTP/1.1" 200 28805
191.95.166.105 - - [06/Oct/2021:10:00:25 -0500] "GET /sipse/faces/javax.faces.resource/theme.css?ln=primefaces-sipse HTTP/1.1" 304 -
191.95.166.105 - - [06/Oct/2021:10:00:25 -0500] "GET /sipse/faces/javax.faces.resource/primefaces.css?ln=primefaces&v=4.0 HTTP/1.1" 304 -
191.95.166.105 - - [06/Oct/2021:10:00:25 -0500] "GET /sipse/faces/javax.faces.resource/jquery/jquery-plugins.js?ln=primefaces&v=4.0 HTTP/1.1" 304 -
191.95.166.105 - - [06/Oct/2021:10:00:25 -0500] "GET /sipse/faces/javax.faces.resource/jquery/jquery.js?ln=primefaces&v=4.0 HTTP/1.1" 304 -
191.95.166.105 - - [06/Oct/2021:10:00:25 -0500] "GET /sipse/faces/javax.faces.resource/layout/layout.css?ln=primefaces&v=4.0 HTTP/1.1" 304 -
191.95.166.105 - - [06/Oct/2021:10:00:25 -0500] "GET /sipse/faces/javax.faces.resource/primefaces.js?ln=primefaces&v=4.0 HTTP/1.1" 304 -
191.95.166.105 - - [06/Oct/2021:10:00:25 -0500] "GET /sipse/faces/javax.faces.resource/layout/layout.js?ln=primefaces&v=4.0 HTTP/1.1" 304 -
188.40.73.215 - - [06/Oct/2021:10:00:29 -0500] "GET /BLA/resoluciones/RESOLUCIONES%202003/RESOLUCION%20991%20DE%202003.PDF HTTP/1.1" 200 371711
69.171.249.119 - - [06/Oct/2021:10:00:31 -0500] "GET /images/Bogot%C3%A1-Imparable-feria-servicios.jpg HTTP/1.1" 404 1034
31.13.127.10 - - [06/Oct/2021:10:00:31 -0500] "GET /images/Bogot%C3%A1-Imparable-feria-servicios.jpg HTTP/1.1" 404 1034
191.95.166.105 - - [06/Oct/2021:10:00:36 -0500] "GET /sipse/faces/javax.faces.resource/theme.css?ln=primefaces-sipse HTTP/1.1" 304 -
191.95.166.105 - - [06/Oct/2021:10:00:36 -0500] "GET /sipse/faces/javax.faces.resource/layout/layout.css?ln=primefaces&v=4.0 HTTP/1.1" 304 -
191.95.166.105 - - [06/Oct/2021:10:00:36 -0500] "GET /sipse/faces/javax.faces.resource/primefaces.css?ln=primefaces&v=4.0 HTTP/1.1" 304 -
191.95.166.105 - - [06/Oct/2021:10:00:36 -0500] "GET /sipse/faces/javax.faces.resource/jquery/jquery.js?ln=primefaces&v=4.0 HTTP/1.1" 304 -
191.95.166.105 - - [06/Oct/2021:10:00:36 -0500] "GET /sipse/faces/javax.faces.resource/jquery/jquery-plugins.js?ln=primefaces&v=4.0 HTTP/1.1" 304 -
191.95.166.105 - - [06/Oct/2021:10:00:36 -0500] "GET /sipse/faces/javax.faces.resource/primefaces.js?ln=primefaces&v=4.0 HTTP/1.1" 304 -
191.95.166.105 - - [06/Oct/2021:10:00:36 -0500] "GET /sipse/faces/javax.faces.resource/layout/layout.js?ln=primefaces&v=4.0 HTTP/1.1" 304 -
191.95.166.105 - - [06/Oct/2021:10:00:36 -0500] "POST /sipse/faces/presentacion/financiero/solicitudProceso/consultarHistorialSolProceso.xhtml HTTP/1.1" 200 170899
191.95.166.105 - - [06/Oct/2021:10:00:36 -0500] "GET /reportes_sipse/sdg/ServletReporte?reporte=solicitud_cdp&Solicitud=15344&pfdrid_c=false HTTP/1.1" 200 80589
179.32.233.243 - - [06/Oct/2021:10:00:39 -0500] "GET /galeria/galeria/jquery.fancybox.css?v=2.1.5 HTTP/1.1" 200 4895
179.32.233.243 - - [06/Oct/2021:10:00:39 -0500] "GET /BLA/boletinlegal/js/jquery.scrollShow.js HTTP/1.1" 200 4586
179.32.233.243 - - [06/Oct/2021:10:00:39 -0500] "GET /galeria/galeria/jquery.fancybox.js?v=2.1.5 HTTP/1.1" 200 48706
188.40.73.215 - - [06/Oct/2021:10:00:41 -0500] "GET /BLA/resoluciones/index.php?dir=AUTOS+2006/AUTOS+2006+601-700/ HTTP/1.1" 200 21776
66.220.149.118 - - [06/Oct/2021:10:00:43 -0500] "GET /secretaria-de-ambiente-abre-espacio-de-formacion-para-comunicadores-sociales-y-periodistas.html?fbclid=IwAR0U6bN6jKmp_Jx5OP_w0_macVIJXh0ipl-tVqb_gcEPkRtzUg7bpSjaUVY HTTP/1.1" 200 860
191.95.166.105 - - [06/Oct/2021:10:00:43 -0500] "POST /sipse/faces/presentacion/financiero/solicitudProceso/consultarSolicitudProceso.xhtml HTTP/1.1" 200 98701
201.245.192.253 - - [06/Oct/2021:10:00:44 -0500] "POST /sipse/faces/presentacion/financiero/solicitudProceso/consultarSolicitudProceso.xhtml HTTP/1.1" 200 40546
201.245.192.253 - - [06/Oct/2021:10:00:45 -0500] "GET /sipse/faces/javax.faces.resource/theme.css?ln=primefaces-sipse HTTP/1.1" 304 -
201.245.192.253 - - [06/Oct/2021:10:00:45 -0500] "GET /sipse/faces/javax.faces.resource/primefaces.css?ln=primefaces&v=4.0 HTTP/1.1" 304 -
201.245.192.253 - - [06/Oct/2021:10:00:45 -0500] "GET /sipse/faces/javax.faces.resource/layout/layout.css?ln=primefaces&v=4.0 HTTP/1.1" 304 -
201.245.192.253 - - [06/Oct/2021:10:00:45 -0500] "GET /sipse/css/imagen/contrasena.png HTTP/1.1" 404 383
201.245.192.253 - - [06/Oct/2021:10:00:45 -0500] "GET /sipse/faces/javax.faces.resource/jquery/jquery.js?ln=primefaces&v=4.0 HTTP/1.1" 304 -
201.245.192.253 - - [06/Oct/2021:10:00:45 -0500] "GET /sipse/faces/javax.faces.resource/jquery/jquery-plugins.js?ln=primefaces&v=4.0 HTTP/1.1" 304 -
201.245.192.253 - - [06/Oct/2021:10:00:45 -0500] "GET /sipse/faces/javax.faces.resource/primefaces.js?ln=primefaces&v=4.0 HTTP/1.1" 304 -
201.245.192.253 - - [06/Oct/2021:10:00:45 -0500] "GET /sipse/faces/javax.faces.resource/layout/layout.js?ln=primefaces&v=4.0 HTTP/1.1" 304 -
201.245.192.253 - - [06/Oct/2021:10:00:45 -0500] "POST /sipse/faces/presentacion/financiero/solicitudProceso/consultar.xhtml HTTP/1.1" 200 33825
201.245.192.253 - - [06/Oct/2021:10:00:45 -0500] "POST /sipse/faces/presentacion/financiero/solicitudProceso/consultar.xhtml HTTP/1.1" 200 33825
201.245.192.253 - - [06/Oct/2021:10:00:45 -0500] "POST /sipse/faces/presentacion/financiero/solicitudProceso/consultar.xhtml HTTP/1.1" 200 33825
201.245.192.253 - - [06/Oct/2021:10:00:45 -0500] "POST /sipse/faces/presentacion/financiero/solicitudProceso/consultar.xhtml HTTP/1.1" 200 33825
188.40.73.215 - - [06/Oct/2021:10:00:47 -0500] "GET /BLA/resoluciones/RESOLUCIONES%202001/0878.pdf HTTP/1.1" 200 125355
201.245.192.253 - - [06/Oct/2021:10:00:48 -0500] "POST /sipse/faces/presentacion/financiero/solicitudProceso/consultar.xhtml HTTP/1.1" 200 12666
201.245.192.253 - - [06/Oct/2021:10:00:49 -0500] "POST /sipse/faces/presentacion/financiero/solicitudProceso/consultarSolicitudProceso.xhtml HTTP/1.1" 200 41037
201.245.192.253 - - [06/Oct/2021:10:00:49 -0500] "GET /sipse/faces/javax.faces.resource/jquery/jquery.js?ln=primefaces&v=4.0 HTTP/1.1" 304 -
201.245.192.253 - - [06/Oct/2021:10:00:49 -0500] "GET /sipse/faces/javax.faces.resource/jquery/jquery-plugins.js?ln=primefaces&v=4.0 HTTP/1.1" 304 -
201.245.192.253 - - [06/Oct/2021:10:00:49 -0500] "GET /sipse/faces/javax.faces.resource/primefaces.js?ln=primefaces&v=4.0 HTTP/1.1" 304 -
201.245.192.253 - - [06/Oct/2021:10:00:49 -0500] "GET /sipse/faces/javax.faces.resource/layout/layout.js?ln=primefaces&v=4.0 HTTP/1.1" 304 -
201.245.192.253 - - [06/Oct/2021:10:00:49 -0500] "POST /sipse/faces/presentacion/financiero/solicitudProceso/consultar.xhtml HTTP/1.1" 200 141094
201.245.192.253 - - [06/Oct/2021:10:00:50 -0500] "GET /sipse/faces/javax.faces.resource/layout/layout.css?ln=primefaces&v=4.0 HTTP/1.1" 304 -
201.245.192.253 - - [06/Oct/2021:10:00:50 -0500] "GET /sipse/faces/javax.faces.resource/theme.css?ln=primefaces-sipse HTTP/1.1" 304 -
201.245.192.253 - - [06/Oct/2021:10:00:50 -0500] "GET /sipse/faces/javax.faces.resource/primefaces.css?ln=primefaces&v=4.0 HTTP/1.1" 304 -
201.245.192.253 - - [06/Oct/2021:10:00:50 -0500] "GET /sipse/faces/javax.faces.resource/jquery/jquery.js?ln=primefaces&v=4.0 HTTP/1.1" 304 -
201.245.192.253 - - [06/Oct/2021:10:00:50 -0500] "GET /sipse/faces/javax.faces.resource/jquery/jquery-plugins.js?ln=primefaces&v=4.0 HTTP/1.1" 304 -
201.245.192.253 - - [06/Oct/2021:10:00:50 -0500] "GET /sipse/faces/javax.faces.resource/primefaces.js?ln=primefaces&v=4.0 HTTP/1.1" 304 -
201.245.192.253 - - [06/Oct/2021:10:00:50 -0500] "GET /sipse/faces/javax.faces.resource/layout/layout.js?ln=primefaces&v=4.0 HTTP/1.1" 304 -
201.245.192.253 - - [06/Oct/2021:10:00:50 -0500] "GET /sipse/css/imagen/contrasena.png HTTP/1.1" 404 383
179.60.241.182 - - [06/Oct/2021:10:00:51 -0500] "GET /BLA/boletinlegal/js/jquery.scrollShow.js HTTP/1.1" 200 4586
179.60.241.182 - - [06/Oct/2021:10:00:51 -0500] "GET /galeria/galeria/jquery.fancybox.css?v=2.1.5 HTTP/1.1" 200 4895
179.60.241.182 - - [06/Oct/2021:10:00:51 -0500] "GET /galeria/galeria/jquery.fancybox.js?v=2.1.5 HTTP/1.1" 200 48706
201.245.192.253 - - [06/Oct/2021:10:00:50 -0500] "GET /reportes_sipse/sdg/ServletReporte?reporte=solicitud_cdp&Solicitud=15344&pfdrid_c=false HTTP/1.1" 200 80589
186.102.30.146 - - [06/Oct/2021:10:00:53 -0500] "GET /el-pot-lo-construimos-entre-todos-carolina-urrutia-secretaria-de-ambiente.html HTTP/1.1" 200 1070
201.245.192.253 - - [06/Oct/2021:10:00:54 -0500] "POST /sipse/faces/presentacion/financiero/modificacionContrato/cargarModifiacion.xhtml HTTP/1.1" 200 5343
201.245.192.253 - - [06/Oct/2021:10:00:55 -0500] "POST /sipse/faces/presentacion/financiero/modificacionContrato/cargarModifiacion.xhtml HTTP/1.1" 200 5436
201.245.192.253 - - [06/Oct/2021:10:00:55 -0500] "POST /sipse/faces/presentacion/financiero/solicitudProceso/consultarSolicitudProceso.xhtml HTTP/1.1" 200 213855
188.40.73.215 - - [06/Oct/2021:10:00:59 -0500] "GET /BLA/resoluciones/AUTOS%202006/0527.pdf HTTP/1.1" 200 83727
207.46.13.84 - - [06/Oct/2021:10:01:01 -0500] "GET /BLA/resoluciones/index.php?dir=AUTOS+2021%2F HTTP/1.1" 200 136818
186.30.120.196 - - [06/Oct/2021:10:01:07 -0500] "POST /appsia/controlador HTTP/1.1" 200 7781
201.245.192.253 - - [06/Oct/2021:10:01:08 -0500] "GET /catalogoisis/ HTTP/1.1" 200 8575
191.156.68.136 - - [06/Oct/2021:10:01:10 -0500] "GET /participa-con-nosotros-en-el-october-big-day.html HTTP/1.1" 200 1039
188.40.73.215 - - [06/Oct/2021:10:01:10 -0500] "GET /BLA/resoluciones/RESOLUCIONES%202001/1373.pdf HTTP/1.1" 200 253619
201.245.192.253 - - [06/Oct/2021:10:01:11 -0500] "POST /sipse/faces/presentacion/financiero/modificacionContrato/cargarModifiacion.xhtml HTTP/1.1" 200 5500
186.30.120.196 - - [06/Oct/2021:10:01:14 -0500] "POST /appsia/controlador HTTP/1.1" 200 6646
186.87.76.51 - - [06/Oct/2021:10:01:16 -0500] "POST /sipse/faces/presentacion/financiero/solicitudProceso/listarSolicitudProceso.xhtml HTTP/1.1" 200 9001
186.30.120.196 - - [06/Oct/2021:10:01:17 -0500] "POST /appsia/controlador HTTP/1.1" 200 12490
186.87.76.51 - - [06/Oct/2021:10:01:17 -0500] "POST /sipse/faces/presentacion/financiero/solicitudProceso/listarSolicitudProceso.xhtml HTTP/1.1" 200 104967
186.87.76.51 - - [06/Oct/2021:10:01:18 -0500] "GET /sipse/faces/javax.faces.resource/theme.css?ln=primefaces-sipse HTTP/1.1" 304 -
186.87.76.51 - - [06/Oct/2021:10:01:18 -0500] "GET /sipse/faces/javax.faces.resource/layout/layout.css?ln=primefaces&v=4.0 HTTP/1.1" 304 -
186.87.76.51 - - [06/Oct/2021:10:01:18 -0500] "GET /sipse/faces/javax.faces.resource/primefaces.css?ln=primefaces&v=4.0 HTTP/1.1" 304 -
186.87.76.51 - - [06/Oct/2021:10:01:18 -0500] "GET /sipse/faces/javax.faces.resource/jquery/jquery.js?ln=primefaces&v=4.0 HTTP/1.1" 304 -
186.87.76.51 - - [06/Oct/2021:10:01:18 -0500] "GET /sipse/faces/javax.faces.resource/jquery/jquery-plugins.js?ln=primefaces&v=4.0 HTTP/1.1" 304 -
186.87.76.51 - - [06/Oct/2021:10:01:18 -0500] "GET /sipse/faces/javax.faces.resource/primefaces.js?ln=primefaces&v=4.0 HTTP/1.1" 304 -
186.87.76.51 - - [06/Oct/2021:10:01:18 -0500] "GET /sipse/faces/javax.faces.resource/layout/layout.js?ln=primefaces&v=4.0 HTTP/1.1" 304 -
186.87.76.51 - - [06/Oct/2021:10:01:18 -0500] "GET /reportes_sipse/sdg/ServletReporte?reporte=solicitud_cdp&Solicitud=15344&pfdrid_c=false HTTP/1.1" 200 80589
186.87.76.51 - - [06/Oct/2021:10:01:20 -0500] "GET /sipse/faces/javax.faces.resource/theme.css?ln=primefaces-sipse HTTP/1.1" 304 -
186.87.76.51 - - [06/Oct/2021:10:01:20 -0500] "GET /sipse/faces/javax.faces.resource/primefaces.css?ln=primefaces&v=4.0 HTTP/1.1" 304 -
186.87.76.51 - - [06/Oct/2021:10:01:20 -0500] "GET /sipse/faces/javax.faces.resource/layout/layout.css?ln=primefaces&v=4.0 HTTP/1.1" 304 -
186.87.76.51 - - [06/Oct/2021:10:01:20 -0500] "GET /sipse/faces/javax.faces.resource/fileupload/fileupload.css?ln=primefaces&v=4.0 HTTP/1.1" 304 -
186.87.76.51 - - [06/Oct/2021:10:01:20 -0500] "GET /sipse/faces/javax.faces.resource/jquery/jquery.js?ln=primefaces&v=4.0 HTTP/1.1" 304 -
186.87.76.51 - - [06/Oct/2021:10:01:20 -0500] "GET /sipse/faces/javax.faces.resource/jquery/jquery-plugins.js?ln=primefaces&v=4.0 HTTP/1.1" 304 -
186.87.76.51 - - [06/Oct/2021:10:01:20 -0500] "GET /sipse/faces/javax.faces.resource/primefaces.js?ln=primefaces&v=4.0 HTTP/1.1" 304 -
186.87.76.51 - - [06/Oct/2021:10:01:20 -0500] "POST /sipse/faces/presentacion/financiero/solicitudProceso/consultarSolicitudProceso.xhtml HTTP/1.1" 200 21983
186.87.76.51 - - [06/Oct/2021:10:01:20 -0500] "GET /sipse/faces/javax.faces.resource/layout/layout.js?ln=primefaces&v=4.0 HTTP/1.1" 304 -
186.87.76.51 - - [06/Oct/2021:10:01:20 -0500] "GET /sipse/faces/javax.faces.resource/fileupload/fileupload.js?ln=primefaces&v=4.0 HTTP/1.1" 304 -
186.87.76.51 - - [06/Oct/2021:10:01:20 -0500] "GET /sipse/faces/javax.faces.resource/images/ui-icons_898989_256x240.png?ln=primefaces-aristo HTTP/1.1" 304 -
201.245.192.253 - - [06/Oct/2021:10:01:22 -0500] "POST /sipse/faces/presentacion/financiero/modificacionContrato/cargarModifiacion.xhtml HTTP/1.1" 200 131104
201.245.192.253 - - [06/Oct/2021:10:01:23 -0500] "GET /sipse/faces/javax.faces.resource/jquery/jquery.js?ln=primefaces&v=4.0 HTTP/1.1" 304 -
201.245.192.253 - - [06/Oct/2021:10:01:23 -0500] "GET /sipse/faces/javax.faces.resource/jquery/jquery-plugins.js?ln=primefaces&v=4.0 HTTP/1.1" 304 -
201.245.192.253 - - [06/Oct/2021:10:01:23 -0500] "GET /sipse/faces/javax.faces.resource/primefaces.js?ln=primefaces&v=4.0 HTTP/1.1" 304 -
201.245.192.253 - - [06/Oct/2021:10:01:23 -0500] "GET /sipse/faces/javax.faces.resource/layout/layout.js?ln=primefaces&v=4.0 HTTP/1.1" 304 -
201.245.192.253 - - [06/Oct/2021:10:01:23 -0500] "GET /reportes_sipse/sdg/ServletReporte?reporte=solicitud_cdp&Solicitud=15344&pfdrid_c=false HTTP/1.1" 200 80589
186.30.120.196 - - [06/Oct/2021:10:01:24 -0500] "GET /appsia/controlador HTTP/1.1" 200 4799
186.30.120.196 - - [06/Oct/2021:10:01:24 -0500] "GET /appsia/css/estilos.css HTTP/1.1" 200 4804
186.30.120.196 - - [06/Oct/2021:10:01:24 -0500] "GET /appsia/scripts/validarIngreso.js HTTP/1.1" 200 851
186.30.120.196 - - [06/Oct/2021:10:01:24 -0500] "GET /appsia/images/logo_bogota_p.png HTTP/1.1" 200 14951
186.30.120.196 - - [06/Oct/2021:10:01:24 -0500] "GET /appsia/images/cabezoteHojaVida.png HTTP/1.1" 200 32493
18.188.247.12 - - [06/Oct/2021:10:01:24 -0500] "GET /galeria/galeria/fotos/Humedal-Santa-Mar%C3%ADa-del-Lago1G.jpg HTTP/1.1" 200 290867
186.148.168.245 - - [06/Oct/2021:10:01:25 -0500] "GET /sipsepre/faces/javax.faces.resource/theme.css?ln=primefaces-sipse HTTP/1.1" 304 -
186.148.168.245 - - [06/Oct/2021:10:01:25 -0500] "GET /sipsepre/faces/javax.faces.resource/jquery/jquery-plugins.js?ln=primefaces&v=4.0 HTTP/1.1" 304 -
186.148.168.245 - - [06/Oct/2021:10:01:25 -0500] "GET /sipsepre/faces/javax.faces.resource/layout/layout.css?ln=primefaces&v=4.0 HTTP/1.1" 304 -
186.148.168.245 - - [06/Oct/2021:10:01:25 -0500] "GET /sipsepre/faces/javax.faces.resource/primefaces.css?ln=primefaces&v=4.0 HTTP/1.1" 304 -
186.148.168.245 - - [06/Oct/2021:10:01:25 -0500] "GET /sipsepre/faces/javax.faces.resource/jquery/jquery.js?ln=primefaces&v=4.0 HTTP/1.1" 304 -
186.148.168.245 - - [06/Oct/2021:10:01:25 -0500] "GET /sipsepre/faces/javax.faces.resource/primefaces.js?ln=primefaces&v=4.0 HTTP/1.1" 304 -
186.148.168.245 - - [06/Oct/2021:10:01:25 -0500] "GET /sipsepre/faces/javax.faces.resource/layout/layout.js?ln=primefaces&v=4.0 HTTP/1.1" 304 -
186.148.168.245 - - [06/Oct/2021:10:01:26 -0500] "GET /sipsepre/css/imagen/contrasena.png HTTP/1.1" 404 383
186.148.168.245 - - [06/Oct/2021:10:01:26 -0500] "GET /sipsepre/faces/javax.faces.resource/images/ui-icons_898989_256x240.png?ln=primefaces-aristo HTTP/1.1" 304 -
186.148.168.245 - - [06/Oct/2021:10:01:24 -0500] "POST /sipsepre/faces/presentacion/financiero/solicitudProceso/consultarSolicitudProceso.xhtml HTTP/1.1" 200 185719
201.245.192.253 - - [06/Oct/2021:10:01:27 -0500] "POST /sipse/faces/presentacion/financiero/solicitudProceso/consultarSolicitudProceso.xhtml HTTP/1.1" 200 58255
201.245.192.253 - - [06/Oct/2021:10:01:30 -0500] "GET /sipse/faces/javax.faces.resource/jquery/jquery.js?ln=primefaces&v=4.0 HTTP/1.1" 304 -
