201.245.192.253 - - [06/Oct/2021:07:08:12 -0500] "GET /sipse/faces/javax.faces.resource/images/ui-icons_898989_256x240.png?ln=primefaces-aristo HTTP/1.1" 304 -
186.102.42.20 - - [06/Oct/2021:07:08:14 -0500] "POST /appsia/controlador HTTP/1.1" 200 10982
188.40.73.215 - - [06/Oct/2021:07:08:16 -0500] "GET /BLA/resoluciones/RESOLUCIONES%202014/1423.pdf HTTP/1.1" 200 539230
190.27.74.96 - - [06/Oct/2021:07:08:12 -0500] "POST /sipse/faces/presentacion/financiero/solicitudProceso/consultarSolicitudProceso.xhtml HTTP/1.1" 200 37858
190.27.74.96 - - [06/Oct/2021:07:08:16 -0500] "GET /sipse/faces/javax.faces.resource/theme.css?ln=primefaces-sipse HTTP/1.1" 304 -
190.27.74.96 - - [06/Oct/2021:07:08:16 -0500] "GET /sipse/faces/javax.faces.resource/primefaces.css?ln=primefaces&v=4.0 HTTP/1.1" 304 -
190.27.74.96 - - [06/Oct/2021:07:08:16 -0500] "GET /sipse/faces/javax.faces.resource/jquery/jquery.js?ln=primefaces&v=4.0 HTTP/1.1" 304 -
190.27.74.96 - - [06/Oct/2021:07:08:16 -0500] "GET /sipse/faces/javax.faces.resource/jquery/jquery-plugins.js?ln=primefaces&v=4.0 HTTP/1.1" 304 -
190.27.74.96 - - [06/Oct/2021:07:08:16 -0500] "GET /sipse/faces/javax.faces.resource/primefaces.js?ln=primefaces&v=4.0 HTTP/1.1" 304 -
190.27.74.96 - - [06/Oct/2021:07:08:16 -0500] "GET /sipse/faces/javax.faces.resource/layout/layout.js?ln=primefaces&v=4.0 HTTP/1.1" 304 -
190.27.74.96 - - [06/Oct/2021:07:08:16 -0500] "GET /sipse/faces/javax.faces.resource/layout/layout.css?ln=primefaces&v=4.0 HTTP/1.1" 304 -
190.27.74.96 - - [06/Oct/2021:07:08:16 -0500] "POST /sipse/faces/presentacion/financiero/solicitudProceso/listarSolicitudProceso.xhtml HTTP/1.1" 200 1376
181.53.237.16 - - [06/Oct/2021:07:08:23 -0500] "GET /participa-con-nosotros-en-el-october-big-day.html HTTP/1.1" 200 1039
188.40.73.215 - - [06/Oct/2021:07:08:24 -0500] "GET /BLA/resoluciones/RESOLUCIONES%202014/3103.pdf HTTP/1.1" 200 648921
188.40.73.215 - - [06/Oct/2021:07:08:33 -0500] "GET /BLA/resoluciones/RESOLUCIONES%202014/3139.pdf HTTP/1.1" 200 489262
188.40.73.215 - - [06/Oct/2021:07:08:43 -0500] "GET /BLA/resoluciones/RESOLUCIONES%202014/0673.pdf HTTP/1.1" 200 723460
41.219.31.72 - - [06/Oct/2021:07:08:50 -0500] "GET /galeria/galeria/jquery.fancybox.css?v=2.1.5 HTTP/1.1" 200 4895
41.219.31.72 - - [06/Oct/2021:07:08:50 -0500] "GET /BLA/boletinlegal/js/jquery.scrollShow.js HTTP/1.1" 200 4586
41.219.31.72 - - [06/Oct/2021:07:08:50 -0500] "GET /galeria/galeria/jquery.fancybox.js?v=2.1.5 HTTP/1.1" 200 48706
188.40.73.215 - - [06/Oct/2021:07:08:52 -0500] "GET /BLA/resoluciones/RESOLUCIONES%202014/1990.pdf HTTP/1.1" 200 689868
190.27.74.96 - - [06/Oct/2021:07:08:53 -0500] "POST /sipse/faces/presentacion/financiero/solicitudProceso/listarSolicitudProceso.xhtml HTTP/1.1" 200 7279
181.48.204.237 - - [06/Oct/2021:07:08:54 -0500] "GET /galeria/galeria/jquery.fancybox.js?v=2.1.5 HTTP/1.1" 200 48706
181.48.204.237 - - [06/Oct/2021:07:08:54 -0500] "GET /galeria/galeria/jquery.fancybox.css?v=2.1.5 HTTP/1.1" 200 4895
181.48.204.237 - - [06/Oct/2021:07:08:54 -0500] "GET /BLA/boletinlegal/js/jquery.scrollShow.js HTTP/1.1" 200 4586
188.40.73.215 - - [06/Oct/2021:07:09:02 -0500] "GET /BLA/resoluciones/RESOLUCIONES%202014/3438.pdf HTTP/1.1" 200 653332
201.245.192.253 - - [06/Oct/2021:07:09:10 -0500] "GET /sipse/faces/javax.faces.resource/images/ui-bg_flat_0_2d5972_40x100.png?ln=primefaces-aristo HTTP/1.1" 304 -
201.245.192.253 - - [06/Oct/2021:07:09:10 -0500] "POST /sipse/faces/presentacion/financiero/solicitudProyectoActividad/asociarProyectoSolicitud.xhtml HTTP/1.1" 200 6533
201.245.192.253 - - [06/Oct/2021:07:09:11 -0500] "GET /catalogoisis/ HTTP/1.1" 200 8575
188.40.73.215 - - [06/Oct/2021:07:09:11 -0500] "GET /BLA/resoluciones/RESOLUCIONES%202014/1910.pdf HTTP/1.1" 200 528566
201.245.192.253 - - [06/Oct/2021:07:09:14 -0500] "POST /sipse/faces/presentacion/financiero/solicitudProyectoActividad/asociarProyectoSolicitud.xhtml HTTP/1.1" 200 1696
188.40.73.215 - - [06/Oct/2021:07:09:21 -0500] "GET /BLA/resoluciones/RESOLUCIONES%202014/1668.pdf HTTP/1.1" 200 581799
201.245.192.253 - - [06/Oct/2021:07:09:21 -0500] "POST /sipse/faces/presentacion/financiero/solicitudProyectoActividad/asociarProyectoSolicitud.xhtml HTTP/1.1" 200 7069
191.77.179.128 - - [06/Oct/2021:07:09:22 -0500] "GET /BLA/boletinlegal/js/jquery.scrollShow.js HTTP/1.1" 200 4586
191.77.179.128 - - [06/Oct/2021:07:09:22 -0500] "GET /galeria/galeria/jquery.fancybox.js?v=2.1.5 HTTP/1.1" 200 48706
191.77.179.128 - - [06/Oct/2021:07:09:22 -0500] "GET /galeria/galeria/jquery.fancybox.css?v=2.1.5 HTTP/1.1" 200 4895
201.245.192.253 - - [06/Oct/2021:07:09:23 -0500] "POST /sipse/faces/presentacion/financiero/solicitudProyectoActividad/asociarProyectoSolicitud.xhtml HTTP/1.1" 200 1704
201.245.192.253 - - [06/Oct/2021:07:09:24 -0500] "POST /sipse/faces/presentacion/financiero/solicitudProyectoActividad/asociarProyectoSolicitud.xhtml HTTP/1.1" 200 66033
201.245.192.253 - - [06/Oct/2021:07:09:25 -0500] "GET /sipse/faces/javax.faces.resource/jquery/jquery.js?ln=primefaces&v=4.0 HTTP/1.1" 304 -
201.245.192.253 - - [06/Oct/2021:07:09:25 -0500] "GET /sipse/faces/javax.faces.resource/jquery/jquery-plugins.js?ln=primefaces&v=4.0 HTTP/1.1" 304 -
201.245.192.253 - - [06/Oct/2021:07:09:25 -0500] "GET /sipse/faces/javax.faces.resource/primefaces.js?ln=primefaces&v=4.0 HTTP/1.1" 304 -
201.245.192.253 - - [06/Oct/2021:07:09:25 -0500] "GET /sipse/faces/javax.faces.resource/layout/layout.js?ln=primefaces&v=4.0 HTTP/1.1" 304 -
188.40.73.215 - - [06/Oct/2021:07:09:30 -0500] "GET /BLA/resoluciones/RESOLUCIONES%202014/1395.pdf HTTP/1.1" 200 543724
190.26.211.73 - - [06/Oct/2021:07:09:38 -0500] "GET /BLA/boletinlegal/js/jquery.scrollShow.js HTTP/1.1" 200 4586
190.26.211.73 - - [06/Oct/2021:07:09:38 -0500] "GET /galeria/galeria/jquery.fancybox.css?v=2.1.5 HTTP/1.1" 200 4895
190.26.211.73 - - [06/Oct/2021:07:09:38 -0500] "GET /galeria/galeria/jquery.fancybox.js?v=2.1.5 HTTP/1.1" 200 48706
188.40.73.215 - - [06/Oct/2021:07:09:40 -0500] "GET /BLA/resoluciones/RESOLUCIONES%202014/3224.pdf HTTP/1.1" 200 701527
188.40.73.215 - - [06/Oct/2021:07:09:50 -0500] "GET /BLA/resoluciones/RESOLUCIONES%202014/0006.pdf HTTP/1.1" 200 794985
201.245.192.253 - - [06/Oct/2021:07:09:51 -0500] "POST /sipse/faces/presentacion/financiero/solicitudProyectoActividad/asociarActividadSolicitud.xhtml HTTP/1.1" 200 22329
201.245.192.253 - - [06/Oct/2021:07:09:51 -0500] "GET /sipse/faces/javax.faces.resource/jquery/jquery.js?ln=primefaces&v=4.0 HTTP/1.1" 304 -
201.245.192.253 - - [06/Oct/2021:07:09:51 -0500] "GET /sipse/faces/javax.faces.resource/jquery/jquery-plugins.js?ln=primefaces&v=4.0 HTTP/1.1" 304 -
201.245.192.253 - - [06/Oct/2021:07:09:51 -0500] "GET /sipse/faces/javax.faces.resource/primefaces.js?ln=primefaces&v=4.0 HTTP/1.1" 304 -
201.245.192.253 - - [06/Oct/2021:07:09:51 -0500] "GET /sipse/faces/javax.faces.resource/layout/layout.js?ln=primefaces&v=4.0 HTTP/1.1" 304 -
216.245.221.92 - - [06/Oct/2021:07:09:57 -0500] "HEAD / HTTP/1.1" 200 -
173.252.95.2 - - [06/Oct/2021:07:09:59 -0500] "GET /tres-entidades-distritales-ganadoras-del-concurso-al-trabajo-en-bici.html HTTP/1.1" 206 945
188.40.73.215 - - [06/Oct/2021:07:09:59 -0500] "GET /BLA/resoluciones/RESOLUCIONES%202014/2763.pdf HTTP/1.1" 200 278514
188.40.73.215 - - [06/Oct/2021:07:10:09 -0500] "GET /BLA/resoluciones/RESOLUCIONES%202014/1443.pdf HTTP/1.1" 200 2944783
201.245.192.253 - - [06/Oct/2021:07:10:12 -0500] "GET /catalogoisis/ HTTP/1.1" 200 8575
188.40.73.215 - - [06/Oct/2021:07:10:14 -0500] "GET /BLA/resoluciones/RESOLUCIONES%202014/0362.pdf HTTP/1.1" 200 536454
188.40.73.215 - - [06/Oct/2021:07:10:24 -0500] "GET /BLA/resoluciones/RESOLUCIONES%202014/1266.pdf HTTP/1.1" 200 685394
188.40.73.215 - - [06/Oct/2021:07:10:33 -0500] "GET /BLA/resoluciones/RESOLUCIONES%202014/1429.pdf HTTP/1.1" 200 839648
191.156.185.10 - - [06/Oct/2021:07:10:37 -0500] "GET /galeria/galeria/jquery.fancybox.css?v=2.1.5 HTTP/1.1" 200 4895
191.156.181.28 - - [06/Oct/2021:07:10:37 -0500] "GET /BLA/boletinlegal/js/jquery.scrollShow.js HTTP/1.1" 200 4586
191.156.178.84 - - [06/Oct/2021:07:10:37 -0500] "GET /galeria/galeria/jquery.fancybox.js?v=2.1.5 HTTP/1.1" 200 48706
188.40.73.215 - - [06/Oct/2021:07:10:43 -0500] "GET /BLA/resoluciones/RESOLUCIONES%202014/2599.pdf HTTP/1.1" 200 288210
191.95.59.183 - - [06/Oct/2021:07:10:45 -0500] "GET /galeria/galeria/jquery.fancybox.css?v=2.1.5 HTTP/1.1" 200 4895
191.95.59.183 - - [06/Oct/2021:07:10:45 -0500] "GET /BLA/boletinlegal/js/jquery.scrollShow.js HTTP/1.1" 200 4586
191.95.59.183 - - [06/Oct/2021:07:10:45 -0500] "GET /galeria/galeria/jquery.fancybox.js?v=2.1.5 HTTP/1.1" 200 48706
173.252.95.10 - - [06/Oct/2021:07:10:50 -0500] "GET /tres-entidades-distritales-ganadoras-del-concurso-al-trabajo-en-bici.html?fbclid=IwAR24BNikQFAACQgw4WyNO_k-Nh7O_588ZAtYvAnZtrh4pO3CpEld5mehwpQ HTTP/1.1" 200 945
188.40.73.215 - - [06/Oct/2021:07:10:53 -0500] "GET /BLA/resoluciones/RESOLUCIONES%202014/2748.pdf HTTP/1.1" 200 726522
188.40.73.215 - - [06/Oct/2021:07:11:03 -0500] "GET /BLA/resoluciones/RESOLUCIONES%202014/0816.pdf HTTP/1.1" 200 764408
188.40.73.215 - - [06/Oct/2021:07:11:12 -0500] "GET /BLA/resoluciones/RESOLUCIONES%202014/1258.pdf HTTP/1.1" 200 1321902
201.245.192.253 - - [06/Oct/2021:07:11:13 -0500] "GET /catalogoisis/ HTTP/1.1" 200 8575
188.40.73.215 - - [06/Oct/2021:07:11:17 -0500] "GET /BLA/resoluciones/RESOLUCIONES%202014/3411.pdf HTTP/1.1" 200 452726
190.27.74.96 - - [06/Oct/2021:07:11:20 -0500] "POST /sipse/faces/presentacion/financiero/solicitudProceso/listarSolicitudProceso.xhtml HTTP/1.1" 200 4767
191.156.152.207 - - [06/Oct/2021:07:11:26 -0500] "GET /BLA/boletinlegal/js/jquery.scrollShow.js HTTP/1.1" 200 4586
191.156.152.207 - - [06/Oct/2021:07:11:26 -0500] "GET /galeria/galeria/jquery.fancybox.css?v=2.1.5 HTTP/1.1" 200 4895
191.156.147.254 - - [06/Oct/2021:07:11:26 -0500] "GET /galeria/galeria/jquery.fancybox.css?v=2.1.5 HTTP/1.1" 200 4895
191.156.159.217 - - [06/Oct/2021:07:11:26 -0500] "GET /BLA/boletinlegal/js/jquery.scrollShow.js HTTP/1.1" 200 4586
190.27.74.96 - - [06/Oct/2021:07:11:25 -0500] "POST /sipse/faces/presentacion/financiero/solicitudProceso/listarSolicitudProceso.xhtml HTTP/1.1" 200 125601
190.27.74.96 - - [06/Oct/2021:07:11:26 -0500] "GET /sipse/faces/javax.faces.resource/theme.css?ln=primefaces-sipse HTTP/1.1" 304 -
190.27.74.96 - - [06/Oct/2021:07:11:26 -0500] "GET /sipse/faces/javax.faces.resource/layout/layout.css?ln=primefaces&v=4.0 HTTP/1.1" 304 -
190.27.74.96 - - [06/Oct/2021:07:11:26 -0500] "GET /sipse/faces/javax.faces.resource/primefaces.css?ln=primefaces&v=4.0 HTTP/1.1" 304 -
190.27.74.96 - - [06/Oct/2021:07:11:26 -0500] "GET /sipse/faces/javax.faces.resource/jquery/jquery.js?ln=primefaces&v=4.0 HTTP/1.1" 304 -
190.27.74.96 - - [06/Oct/2021:07:11:26 -0500] "GET /sipse/faces/javax.faces.resource/jquery/jquery-plugins.js?ln=primefaces&v=4.0 HTTP/1.1" 304 -
190.27.74.96 - - [06/Oct/2021:07:11:26 -0500] "GET /sipse/faces/javax.faces.resource/primefaces.js?ln=primefaces&v=4.0 HTTP/1.1" 304 -
190.27.74.96 - - [06/Oct/2021:07:11:26 -0500] "GET /sipse/faces/javax.faces.resource/layout/layout.js?ln=primefaces&v=4.0 HTTP/1.1" 304 -
190.27.74.96 - - [06/Oct/2021:07:11:27 -0500] "GET /reportes_sipse/sdg/ServletReporte?reporte=experienia_idoneidad&solicitud=14895&pfdrid_c=false HTTP/1.1" 200 94782
188.40.73.215 - - [06/Oct/2021:07:11:28 -0500] "GET /BLA/resoluciones/RESOLUCIONES%202014/3375.pdf HTTP/1.1" 200 698190
23.100.232.233 - - [06/Oct/2021:07:11:29 -0500] "GET /BLA/boletinlegal/js/jquery.scrollShow.js HTTP/1.1" 200 4586
23.100.232.233 - - [06/Oct/2021:07:11:29 -0500] "GET /galeria/galeria/jquery.fancybox.js?v=2.1.5 HTTP/1.1" 200 48706
23.100.232.233 - - [06/Oct/2021:07:11:29 -0500] "GET /galeria/galeria/jquery.fancybox.css?v=2.1.5 HTTP/1.1" 200 4895
191.156.147.254 - - [06/Oct/2021:07:11:30 -0500] "GET /galeria/galeria/jquery.fancybox.css?v=2.1.5 HTTP/1.1" 304 -
191.156.145.240 - - [06/Oct/2021:07:11:30 -0500] "GET /BLA/boletinlegal/js/jquery.scrollShow.js HTTP/1.1" 304 -
191.156.159.217 - - [06/Oct/2021:07:11:31 -0500] "GET /galeria/galeria/jquery.fancybox.js?v=2.1.5 HTTP/1.1" 304 -
188.40.73.215 - - [06/Oct/2021:07:11:38 -0500] "GET /BLA/resoluciones/RESOLUCIONES%202014/0057.pdf HTTP/1.1" 200 1737172
188.40.73.215 - - [06/Oct/2021:07:11:42 -0500] "GET /BLA/resoluciones/RESOLUCIONES%202014/2202.pdf HTTP/1.1" 200 695529
188.40.73.215 - - [06/Oct/2021:07:11:50 -0500] "GET /BLA/resoluciones/RESOLUCIONES%202014/1321.pdf HTTP/1.1" 200 399971
188.40.73.215 - - [06/Oct/2021:07:11:59 -0500] "GET /BLA/resoluciones/RESOLUCIONES%202014/3157.pdf HTTP/1.1" 200 167320
201.245.192.253 - - [06/Oct/2021:07:12:00 -0500] "GET /sipse/faces/javax.faces.resource/theme.css?ln=primefaces-sipse HTTP/1.1" 304 -
201.245.192.253 - - [06/Oct/2021:07:12:00 -0500] "GET /sipse/faces/javax.faces.resource/layout/layout.css?ln=primefaces&v=4.0 HTTP/1.1" 304 -
201.245.192.253 - - [06/Oct/2021:07:12:00 -0500] "GET /sipse/faces/javax.faces.resource/jquery/jquery.js?ln=primefaces&v=4.0 HTTP/1.1" 304 -
201.245.192.253 - - [06/Oct/2021:07:12:00 -0500] "GET /sipse/faces/javax.faces.resource/jquery/jquery-plugins.js?ln=primefaces&v=4.0 HTTP/1.1" 304 -
201.245.192.253 - - [06/Oct/2021:07:12:00 -0500] "GET /sipse/faces/javax.faces.resource/primefaces.css?ln=primefaces&v=4.0 HTTP/1.1" 304 -
201.245.192.253 - - [06/Oct/2021:07:12:00 -0500] "GET /sipse/faces/javax.faces.resource/primefaces.js?ln=primefaces&v=4.0 HTTP/1.1" 304 -
201.245.192.253 - - [06/Oct/2021:07:12:00 -0500] "GET /sipse/faces/javax.faces.resource/layout/layout.js?ln=primefaces&v=4.0 HTTP/1.1" 304 -
201.245.192.253 - - [06/Oct/2021:07:12:00 -0500] "POST /sipse/faces/presentacion/financiero/solicitudProyectoActividad/asociarFuentesSolicitud.xhtml HTTP/1.1" 200 113437
201.245.192.253 - - [06/Oct/2021:07:12:00 -0500] "GET /sipse/faces/javax.faces.resource/images/ui-icons_898989_256x240.png?ln=primefaces-aristo HTTP/1.1" 304 -
188.40.73.215 - - [06/Oct/2021:07:12:08 -0500] "GET /BLA/resoluciones/RESOLUCIONES%202014/1722.pdf HTTP/1.1" 200 732921
186.86.52.107 - - [06/Oct/2021:07:12:09 -0500] "GET /galeria/galeria/jquery.fancybox.css?v=2.1.5 HTTP/1.1" 200 4895
186.86.52.107 - - [06/Oct/2021:07:12:09 -0500] "GET /BLA/boletinlegal/js/jquery.scrollShow.js HTTP/1.1" 200 4586
186.86.52.107 - - [06/Oct/2021:07:12:09 -0500] "GET /galeria/galeria/jquery.fancybox.js?v=2.1.5 HTTP/1.1" 200 48706
201.245.192.253 - - [06/Oct/2021:07:12:13 -0500] "GET /catalogoisis/ HTTP/1.1" 200 8575
201.245.192.253 - - [06/Oct/2021:07:12:16 -0500] "GET /sipse/faces/javax.faces.resource/images/ui-bg_flat_0_2d5972_40x100.png?ln=primefaces-aristo HTTP/1.1" 304 -
201.245.192.253 - - [06/Oct/2021:07:12:18 -0500] "POST /sipse/faces/presentacion/financiero/solicitudProceso/crearModificarSolicitudProceso.xhtml HTTP/1.1" 200 23926
188.40.73.215 - - [06/Oct/2021:07:12:19 -0500] "GET /BLA/resoluciones/RESOLUCIONES%202014/4035.pdf HTTP/1.1" 200 575901
201.245.192.253 - - [06/Oct/2021:07:12:26 -0500] "POST /sipse/faces/presentacion/financiero/solicitudProceso/crearModificarSolicitudProceso.xhtml HTTP/1.1" 200 21193
181.53.13.32 - - [06/Oct/2021:07:12:28 -0500] "GET /galeria/galeria/jquery.fancybox.css?v=2.1.5 HTTP/1.1" 200 4895
181.53.13.32 - - [06/Oct/2021:07:12:29 -0500] "GET /BLA/boletinlegal/js/jquery.scrollShow.js HTTP/1.1" 200 4586
181.53.13.32 - - [06/Oct/2021:07:12:29 -0500] "GET /galeria/galeria/jquery.fancybox.js?v=2.1.5 HTTP/1.1" 200 48706
188.40.73.215 - - [06/Oct/2021:07:12:31 -0500] "GET /BLA/resoluciones/RESOLUCIONES%202014/2293.pdf HTTP/1.1" 200 704744
201.245.192.253 - - [06/Oct/2021:07:12:36 -0500] "POST /sipse/faces/presentacion/financiero/solicitudProceso/crearModificarSolicitudProceso.xhtml HTTP/1.1" 200 18462
188.40.73.215 - - [06/Oct/2021:07:12:41 -0500] "GET /BLA/resoluciones/RESOLUCIONES%202014/0228.pdf HTTP/1.1" 200 452642
201.245.192.253 - - [06/Oct/2021:07:12:43 -0500] "POST /sipse/faces/presentacion/financiero/solicitudProceso/crearModificarSolicitudProceso.xhtml HTTP/1.1" 200 15742
201.245.192.253 - - [06/Oct/2021:07:12:48 -0500] "POST /sipse/faces/presentacion/financiero/solicitudProceso/crearModificarSolicitudProceso.xhtml HTTP/1.1" 200 13021
188.40.73.215 - - [06/Oct/2021:07:12:50 -0500] "GET /BLA/resoluciones/RESOLUCIONES%202014/2846.pdf HTTP/1.1" 200 595697
201.245.192.253 - - [06/Oct/2021:07:12:50 -0500] "POST /sipse/faces/presentacion/financiero/solicitudProceso/crearModificarSolicitudProceso.xhtml HTTP/1.1" 200 182164
190.27.74.96 - - [06/Oct/2021:07:12:58 -0500] "POST /sipse/faces/presentacion/financiero/solicitudProceso/consultarSolicitudProceso.xhtml HTTP/1.1" 200 145592
201.245.192.253 - - [06/Oct/2021:07:13:00 -0500] "POST /sipse/faces/presentacion/financiero/solicitudProceso/crearModificarSolicitudProceso.xhtml HTTP/1.1" 200 10322
188.40.73.215 - - [06/Oct/2021:07:13:00 -0500] "GET /BLA/resoluciones/RESOLUCIONES%202014/0657.pdf HTTP/1.1" 200 525919
201.245.192.253 - - [06/Oct/2021:07:13:04 -0500] "POST /sipse/faces/presentacion/financiero/solicitudProceso/crearModificarSolicitudProceso.xhtml HTTP/1.1" 200 21990
201.245.192.253 - - [06/Oct/2021:07:13:04 -0500] "GET /sipse/faces/javax.faces.resource/theme.css?ln=primefaces-sipse HTTP/1.1" 304 -
201.245.192.253 - - [06/Oct/2021:07:13:04 -0500] "GET /sipse/faces/javax.faces.resource/jquery/jquery.js?ln=primefaces&v=4.0 HTTP/1.1" 304 -
201.245.192.253 - - [06/Oct/2021:07:13:04 -0500] "GET /sipse/faces/javax.faces.resource/primefaces.css?ln=primefaces&v=4.0 HTTP/1.1" 304 -
201.245.192.253 - - [06/Oct/2021:07:13:04 -0500] "GET /sipse/faces/javax.faces.resource/layout/layout.css?ln=primefaces&v=4.0 HTTP/1.1" 304 -
201.245.192.253 - - [06/Oct/2021:07:13:04 -0500] "GET /sipse/faces/javax.faces.resource/primefaces.js?ln=primefaces&v=4.0 HTTP/1.1" 304 -
201.245.192.253 - - [06/Oct/2021:07:13:04 -0500] "GET /sipse/faces/javax.faces.resource/layout/layout.js?ln=primefaces&v=4.0 HTTP/1.1" 304 -
201.245.192.253 - - [06/Oct/2021:07:13:04 -0500] "GET /sipse/faces/javax.faces.resource/jquery/jquery-plugins.js?ln=primefaces&v=4.0 HTTP/1.1" 304 -
201.245.192.253 - - [06/Oct/2021:07:13:04 -0500] "GET /sipse/faces/javax.faces.resource/fileupload/fileupload.css?ln=primefaces&v=4.0 HTTP/1.1" 200 1330
201.245.192.253 - - [06/Oct/2021:07:13:04 -0500] "GET /sipse/faces/javax.faces.resource/fileupload/fileupload.js?ln=primefaces&v=4.0 HTTP/1.1" 200 28091
201.245.192.253 - - [06/Oct/2021:07:13:05 -0500] "GET /sipse/faces/javax.faces.resource/images/ui-icons_898989_256x240.png?ln=primefaces-aristo HTTP/1.1" 304 -
188.40.73.215 - - [06/Oct/2021:07:13:10 -0500] "GET /BLA/resoluciones/RESOLUCIONES%202014/0174.pdf HTTP/1.1" 200 753030
201.245.192.253 - - [06/Oct/2021:07:13:13 -0500] "GET /catalogoisis/ HTTP/1.1" 200 8575
190.27.74.96 - - [06/Oct/2021:07:13:14 -0500] "POST /sipse/faces/presentacion/financiero/solicitudProceso/consultarSolicitudProceso.xhtml HTTP/1.1" 200 27527
188.40.73.215 - - [06/Oct/2021:07:13:21 -0500] "GET /BLA/resoluciones/RESOLUCIONES%202014/2606.pdf HTTP/1.1" 200 765392
186.28.46.6 - - [06/Oct/2021:07:13:22 -0500] "GET /BLA/boletinlegal/js/jquery.scrollShow.js HTTP/1.1" 200 4586
186.28.46.6 - - [06/Oct/2021:07:13:22 -0500] "GET /galeria/galeria/jquery.fancybox.css?v=2.1.5 HTTP/1.1" 200 4895
186.28.46.6 - - [06/Oct/2021:07:13:22 -0500] "GET /galeria/galeria/jquery.fancybox.js?v=2.1.5 HTTP/1.1" 200 48706
188.40.73.215 - - [06/Oct/2021:07:13:32 -0500] "GET /BLA/resoluciones/RESOLUCIONES%202014/1508.pdf HTTP/1.1" 200 315591
188.40.73.215 - - [06/Oct/2021:07:13:41 -0500] "GET /BLA/resoluciones/RESOLUCIONES%202014/1431.pdf HTTP/1.1" 200 539343
188.40.73.215 - - [06/Oct/2021:07:13:53 -0500] "GET /BLA/resoluciones/RESOLUCIONES%202014/1492.pdf HTTP/1.1" 200 916639
201.244.138.15 - - [06/Oct/2021:07:13:54 -0500] "GET /galeria/galeria/jquery.fancybox.css?v=2.1.5 HTTP/1.1" 200 4895
201.244.138.15 - - [06/Oct/2021:07:13:54 -0500] "GET /galeria/galeria/jquery.fancybox.js?v=2.1.5 HTTP/1.1" 200 48706
201.244.138.15 - - [06/Oct/2021:07:13:54 -0500] "GET /BLA/boletinlegal/js/jquery.scrollShow.js HTTP/1.1" 200 4586
188.40.73.215 - - [06/Oct/2021:07:14:04 -0500] "GET /BLA/resoluciones/RESOLUCIONES%202014/0988.pdf HTTP/1.1" 200 877341
188.40.73.215 - - [06/Oct/2021:07:14:13 -0500] "GET /BLA/resoluciones/RESOLUCIONES%202014/1345.pdf HTTP/1.1" 200 3244269
201.245.192.253 - - [06/Oct/2021:07:14:14 -0500] "GET /catalogoisis/ HTTP/1.1" 200 8575
188.40.73.215 - - [06/Oct/2021:07:14:19 -0500] "GET /BLA/resoluciones/RESOLUCIONES%202014/2517.pdf HTTP/1.1" 200 496611
201.245.192.253 - - [06/Oct/2021:07:14:24 -0500] "GET /sipse/faces/javax.faces.resource/theme.css?ln=primefaces-sipse HTTP/1.1" 304 -
201.245.192.253 - - [06/Oct/2021:07:14:24 -0500] "GET /sipse/faces/javax.faces.resource/layout/layout.css?ln=primefaces&v=4.0 HTTP/1.1" 304 -
201.245.192.253 - - [06/Oct/2021:07:14:24 -0500] "GET /sipse/faces/javax.faces.resource/primefaces.css?ln=primefaces&v=4.0 HTTP/1.1" 304 -
201.245.192.253 - - [06/Oct/2021:07:14:24 -0500] "GET /sipse/faces/javax.faces.resource/jquery/jquery.js?ln=primefaces&v=4.0 HTTP/1.1" 304 -
201.245.192.253 - - [06/Oct/2021:07:14:24 -0500] "GET /sipse/faces/javax.faces.resource/jquery/jquery-plugins.js?ln=primefaces&v=4.0 HTTP/1.1" 304 -
201.245.192.253 - - [06/Oct/2021:07:14:24 -0500] "GET /sipse/faces/javax.faces.resource/layout/layout.js?ln=primefaces&v=4.0 HTTP/1.1" 304 -
201.245.192.253 - - [06/Oct/2021:07:14:24 -0500] "GET /sipse/faces/javax.faces.resource/primefaces.js?ln=primefaces&v=4.0 HTTP/1.1" 304 -
201.245.192.253 - - [06/Oct/2021:07:14:24 -0500] "GET /sipse/faces/javax.faces.resource/images/ui-icons_898989_256x240.png?ln=primefaces-aristo HTTP/1.1" 304 -
201.245.192.253 - - [06/Oct/2021:07:14:23 -0500] "POST /sipse/faces/presentacion/sistema/anexos/cargarAnexoSolicitudProceso.xhtml HTTP/1.1" 200 97786
188.40.73.215 - - [06/Oct/2021:07:14:30 -0500] "GET /BLA/resoluciones/RESOLUCIONES%202014/1363.pdf HTTP/1.1" 200 741765
188.40.73.215 - - [06/Oct/2021:07:14:39 -0500] "GET /BLA/resoluciones/RESOLUCIONES%202014/0925.pdf HTTP/1.1" 200 923976
181.33.133.188 - - [06/Oct/2021:07:14:42 -0500] "GET /galeria/galeria/jquery.fancybox.css?v=2.1.5 HTTP/1.1" 200 4895
181.33.133.188 - - [06/Oct/2021:07:14:42 -0500] "GET /galeria/galeria/jquery.fancybox.js?v=2.1.5 HTTP/1.1" 200 48706
181.33.133.188 - - [06/Oct/2021:07:14:43 -0500] "GET /galeria/galeria/fotos/Humedal-la-conejera2P.jpg HTTP/1.1" 200 31007
181.33.133.188 - - [06/Oct/2021:07:14:43 -0500] "GET /galeria/galeria/fotos/Humedal-la-conejera1P.jpg HTTP/1.1" 200 31504
181.33.133.188 - - [06/Oct/2021:07:14:43 -0500] "GET /galeria/galeria/fotos/Humedal-la-conejera4P.jpg HTTP/1.1" 200 33365
181.33.133.188 - - [06/Oct/2021:07:14:43 -0500] "GET /galeria/galeria/fotos/Humedal-la-conejera3P.jpg HTTP/1.1" 200 31355
188.40.73.215 - - [06/Oct/2021:07:14:48 -0500] "GET /BLA/resoluciones/RESOLUCIONES%202014/1516.pdf HTTP/1.1" 200 4999201
188.40.73.215 - - [06/Oct/2021:07:14:53 -0500] "GET /BLA/resoluciones/RESOLUCIONES%202014/1581.pdf HTTP/1.1" 200 717445
216.245.221.92 - - [06/Oct/2021:07:14:57 -0500] "HEAD / HTTP/1.1" 200 -
188.40.73.215 - - [06/Oct/2021:07:15:02 -0500] "GET /BLA/resoluciones/RESOLUCIONES%202014/2623.pdf HTTP/1.1" 200 9293667
201.245.192.253 - - [06/Oct/2021:07:14:18 -0500] "POST /kwsrmcab/Wsrmcab HTTP/1.1" 200 121950
188.40.73.215 - - [06/Oct/2021:07:15:08 -0500] "GET /BLA/resoluciones/RESOLUCIONES%202014/2847.pdf HTTP/1.1" 200 580743
201.245.192.253 - - [06/Oct/2021:07:15:13 -0500] "POST /sipse/faces/presentacion/financiero/solicitudProceso/crearModificarSolicitudProceso.xhtml HTTP/1.1" 200 21990
201.245.192.253 - - [06/Oct/2021:07:15:13 -0500] "GET /sipse/faces/javax.faces.resource/theme.css?ln=primefaces-sipse HTTP/1.1" 304 -
201.245.192.253 - - [06/Oct/2021:07:15:13 -0500] "GET /sipse/faces/javax.faces.resource/primefaces.css?ln=primefaces&v=4.0 HTTP/1.1" 304 -
201.245.192.253 - - [06/Oct/2021:07:15:13 -0500] "GET /sipse/faces/javax.faces.resource/layout/layout.css?ln=primefaces&v=4.0 HTTP/1.1" 304 -
201.245.192.253 - - [06/Oct/2021:07:15:13 -0500] "GET /sipse/faces/javax.faces.resource/jquery/jquery.js?ln=primefaces&v=4.0 HTTP/1.1" 304 -
201.245.192.253 - - [06/Oct/2021:07:15:13 -0500] "GET /sipse/faces/javax.faces.resource/jquery/jquery-plugins.js?ln=primefaces&v=4.0 HTTP/1.1" 304 -
201.245.192.253 - - [06/Oct/2021:07:15:13 -0500] "GET /sipse/faces/javax.faces.resource/layout/layout.js?ln=primefaces&v=4.0 HTTP/1.1" 304 -
201.245.192.253 - - [06/Oct/2021:07:15:13 -0500] "GET /sipse/faces/javax.faces.resource/primefaces.js?ln=primefaces&v=4.0 HTTP/1.1" 304 -
201.245.192.253 - - [06/Oct/2021:07:15:13 -0500] "GET /sipse/faces/javax.faces.resource/fileupload/fileupload.css?ln=primefaces&v=4.0 HTTP/1.1" 304 -
201.245.192.253 - - [06/Oct/2021:07:15:13 -0500] "GET /sipse/faces/javax.faces.resource/fileupload/fileupload.js?ln=primefaces&v=4.0 HTTP/1.1" 304 -
201.245.192.253 - - [06/Oct/2021:07:15:13 -0500] "GET /sipse/faces/javax.faces.resource/images/ui-icons_898989_256x240.png?ln=primefaces-aristo HTTP/1.1" 304 -
201.245.192.253 - - [06/Oct/2021:07:15:15 -0500] "GET /catalogoisis/ HTTP/1.1" 200 8575
188.40.73.215 - - [06/Oct/2021:07:15:17 -0500] "GET /BLA/resoluciones/RESOLUCIONES%202014/2737.pdf HTTP/1.1" 200 206017
188.40.73.215 - - [06/Oct/2021:07:15:27 -0500] "GET /BLA/resoluciones/RESOLUCIONES%202014/1758.pdf HTTP/1.1" 200 495332
186.169.33.252 - - [06/Oct/2021:07:15:27 -0500] "GET /galeria/galeria/jquery.fancybox.css?v=2.1.5 HTTP/1.1" 200 4895
186.169.33.252 - - [06/Oct/2021:07:15:28 -0500] "GET /BLA/boletinlegal/js/jquery.scrollShow.js HTTP/1.1" 200 4586
186.169.33.252 - - [06/Oct/2021:07:15:28 -0500] "GET /galeria/galeria/jquery.fancybox.js?v=2.1.5 HTTP/1.1" 200 48706
188.40.73.215 - - [06/Oct/2021:07:15:37 -0500] "GET /BLA/resoluciones/RESOLUCIONES%202014/0041.pdf HTTP/1.1" 200 753616
201.245.192.253 - - [06/Oct/2021:07:15:42 -0500] "POST /sipse/faces/presentacion/sistema/anexos/cargarAnexoSolicitudProceso.xhtml HTTP/1.1" 200 98461
201.245.192.253 - - [06/Oct/2021:07:15:42 -0500] "GET /sipse/faces/javax.faces.resource/theme.css?ln=primefaces-sipse HTTP/1.1" 304 -
201.245.192.253 - - [06/Oct/2021:07:15:42 -0500] "GET /sipse/faces/javax.faces.resource/primefaces.css?ln=primefaces&v=4.0 HTTP/1.1" 304 -
201.245.192.253 - - [06/Oct/2021:07:15:42 -0500] "GET /sipse/faces/javax.faces.resource/layout/layout.css?ln=primefaces&v=4.0 HTTP/1.1" 304 -
201.245.192.253 - - [06/Oct/2021:07:15:42 -0500] "GET /sipse/faces/javax.faces.resource/jquery/jquery.js?ln=primefaces&v=4.0 HTTP/1.1" 304 -
201.245.192.253 - - [06/Oct/2021:07:15:42 -0500] "GET /sipse/faces/javax.faces.resource/layout/layout.js?ln=primefaces&v=4.0 HTTP/1.1" 304 -
201.245.192.253 - - [06/Oct/2021:07:15:42 -0500] "GET /sipse/faces/javax.faces.resource/jquery/jquery-plugins.js?ln=primefaces&v=4.0 HTTP/1.1" 304 -
201.245.192.253 - - [06/Oct/2021:07:15:42 -0500] "GET /sipse/faces/javax.faces.resource/primefaces.js?ln=primefaces&v=4.0 HTTP/1.1" 304 -
201.245.192.253 - - [06/Oct/2021:07:15:42 -0500] "GET /sipse/faces/javax.faces.resource/images/ui-icons_898989_256x240.png?ln=primefaces-aristo HTTP/1.1" 304 -
201.245.192.253 - - [06/Oct/2021:07:15:46 -0500] "POST /sipse/faces/presentacion/financiero/solicitudProceso/crearModificarSolicitudProceso.xhtml HTTP/1.1" 200 21990
201.245.192.253 - - [06/Oct/2021:07:15:46 -0500] "GET /sipse/faces/javax.faces.resource/layout/layout.css?ln=primefaces&v=4.0 HTTP/1.1" 304 -
201.245.192.253 - - [06/Oct/2021:07:15:46 -0500] "GET /sipse/faces/javax.faces.resource/theme.css?ln=primefaces-sipse HTTP/1.1" 304 -
201.245.192.253 - - [06/Oct/2021:07:15:46 -0500] "GET /sipse/faces/javax.faces.resource/primefaces.css?ln=primefaces&v=4.0 HTTP/1.1" 304 -
201.245.192.253 - - [06/Oct/2021:07:15:46 -0500] "GET /sipse/faces/javax.faces.resource/jquery/jquery.js?ln=primefaces&v=4.0 HTTP/1.1" 304 -
201.245.192.253 - - [06/Oct/2021:07:15:46 -0500] "GET /sipse/faces/javax.faces.resource/primefaces.js?ln=primefaces&v=4.0 HTTP/1.1" 304 -
201.245.192.253 - - [06/Oct/2021:07:15:46 -0500] "GET /sipse/faces/javax.faces.resource/fileupload/fileupload.css?ln=primefaces&v=4.0 HTTP/1.1" 304 -
201.245.192.253 - - [06/Oct/2021:07:15:46 -0500] "GET /sipse/faces/javax.faces.resource/layout/layout.js?ln=primefaces&v=4.0 HTTP/1.1" 304 -
201.245.192.253 - - [06/Oct/2021:07:15:46 -0500] "GET /sipse/faces/javax.faces.resource/jquery/jquery-plugins.js?ln=primefaces&v=4.0 HTTP/1.1" 304 -
201.245.192.253 - - [06/Oct/2021:07:15:46 -0500] "GET /sipse/faces/javax.faces.resource/fileupload/fileupload.js?ln=primefaces&v=4.0 HTTP/1.1" 304 -
201.245.192.253 - - [06/Oct/2021:07:15:47 -0500] "GET /sipse/faces/javax.faces.resource/images/ui-icons_898989_256x240.png?ln=primefaces-aristo HTTP/1.1" 304 -
188.40.73.215 - - [06/Oct/2021:07:15:47 -0500] "GET /BLA/resoluciones/RESOLUCIONES%202014/2214.pdf HTTP/1.1" 200 774294
188.40.73.215 - - [06/Oct/2021:07:15:57 -0500] "GET /BLA/resoluciones/RESOLUCIONES%202014/1386.pdf HTTP/1.1" 200 844034
186.117.168.91 - - [06/Oct/2021:07:16:06 -0500] "GET /galeria/galeria/jquery.fancybox.css?v=2.1.5 HTTP/1.1" 200 4895
186.117.168.91 - - [06/Oct/2021:07:16:06 -0500] "GET /BLA/boletinlegal/js/jquery.scrollShow.js HTTP/1.1" 200 4586
186.117.168.91 - - [06/Oct/2021:07:16:06 -0500] "GET /galeria/galeria/jquery.fancybox.js?v=2.1.5 HTTP/1.1" 200 48706
188.40.73.215 - - [06/Oct/2021:07:16:06 -0500] "GET /BLA/resoluciones/RESOLUCIONES%202014/0825.pdf HTTP/1.1" 200 439173
201.245.192.253 - - [06/Oct/2021:07:16:16 -0500] "GET /catalogoisis/ HTTP/1.1" 200 8575
188.40.73.215 - - [06/Oct/2021:07:16:16 -0500] "GET /BLA/resoluciones/RESOLUCIONES%202014/3373.pdf HTTP/1.1" 200 701100
186.113.6.243 - - [06/Oct/2021:07:16:25 -0500] "GET /galeria/galeria/jquery.fancybox.css?v=2.1.5 HTTP/1.1" 200 4895
186.113.6.244 - - [06/Oct/2021:07:16:25 -0500] "GET /BLA/boletinlegal/js/jquery.scrollShow.js HTTP/1.1" 200 4586
186.113.6.241 - - [06/Oct/2021:07:16:25 -0500] "GET /galeria/galeria/jquery.fancybox.js?v=2.1.5 HTTP/1.1" 200 48706
188.40.73.215 - - [06/Oct/2021:07:16:26 -0500] "GET /BLA/resoluciones/RESOLUCIONES%202014/1964.pdf HTTP/1.1" 200 681961
188.40.73.215 - - [06/Oct/2021:07:16:35 -0500] "GET /BLA/resoluciones/RESOLUCIONES%202014/2826.pdf HTTP/1.1" 200 436087
188.40.73.215 - - [06/Oct/2021:07:16:45 -0500] "GET /BLA/resoluciones/RESOLUCIONES%202014/0758.pdf HTTP/1.1" 200 1429620
188.40.73.215 - - [06/Oct/2021:07:16:50 -0500] "GET /BLA/resoluciones/RESOLUCIONES%202014/0072.pdf HTTP/1.1" 200 289868
188.40.73.215 - - [06/Oct/2021:07:17:00 -0500] "GET /BLA/resoluciones/RESOLUCIONES%202014/3290.pdf HTTP/1.1" 200 452098
66.249.66.139 - - [06/Oct/2021:07:17:04 -0500] "-" 408 -
188.40.73.215 - - [06/Oct/2021:07:17:08 -0500] "GET /BLA/resoluciones/RESOLUCIONES%202014/1054.pdf HTTP/1.1" 200 877023
201.244.143.122 - - [06/Oct/2021:07:17:09 -0500] "GET /galeria/galeria/jquery.fancybox.css?v=2.1.5 HTTP/1.1" 200 4895
201.244.143.122 - - [06/Oct/2021:07:17:12 -0500] "GET /BLA/boletinlegal/js/jquery.scrollShow.js HTTP/1.1" 200 4586
201.244.143.122 - - [06/Oct/2021:07:17:12 -0500] "GET /galeria/galeria/jquery.fancybox.js?v=2.1.5 HTTP/1.1" 200 48706
201.245.192.253 - - [06/Oct/2021:07:17:17 -0500] "GET /catalogoisis/ HTTP/1.1" 200 8575
201.245.192.253 - - [06/Oct/2021:07:17:16 -0500] "POST /sipse/faces/presentacion/sistema/anexos/cargarAnexoSolicitudProceso.xhtml HTTP/1.1" 200 99137
201.245.192.253 - - [06/Oct/2021:07:17:19 -0500] "GET /sipse/faces/javax.faces.resource/primefaces.css?ln=primefaces&v=4.0 HTTP/1.1" 304 -
201.245.192.253 - - [06/Oct/2021:07:17:19 -0500] "GET /sipse/faces/javax.faces.resource/theme.css?ln=primefaces-sipse HTTP/1.1" 304 -
201.245.192.253 - - [06/Oct/2021:07:17:19 -0500] "GET /sipse/faces/javax.faces.resource/jquery/jquery.js?ln=primefaces&v=4.0 HTTP/1.1" 304 -
201.245.192.253 - - [06/Oct/2021:07:17:19 -0500] "GET /sipse/faces/javax.faces.resource/jquery/jquery-plugins.js?ln=primefaces&v=4.0 HTTP/1.1" 304 -
201.245.192.253 - - [06/Oct/2021:07:17:19 -0500] "GET /sipse/faces/javax.faces.resource/layout/layout.css?ln=primefaces&v=4.0 HTTP/1.1" 304 -
201.245.192.253 - - [06/Oct/2021:07:17:19 -0500] "GET /sipse/faces/javax.faces.resource/layout/layout.js?ln=primefaces&v=4.0 HTTP/1.1" 304 -
201.245.192.253 - - [06/Oct/2021:07:17:19 -0500] "GET /sipse/faces/javax.faces.resource/primefaces.js?ln=primefaces&v=4.0 HTTP/1.1" 304 -
188.40.73.215 - - [06/Oct/2021:07:17:19 -0500] "GET /BLA/resoluciones/RESOLUCIONES%202014/0059.pdf HTTP/1.1" 200 875922
201.245.192.253 - - [06/Oct/2021:07:17:19 -0500] "GET /sipse/faces/javax.faces.resource/images/ui-icons_898989_256x240.png?ln=primefaces-aristo HTTP/1.1" 304 -
201.245.192.253 - - [06/Oct/2021:07:17:27 -0500] "GET /sipse/faces/javax.faces.resource/images/ui-bg_flat_0_2d5972_40x100.png?ln=primefaces-aristo HTTP/1.1" 304 -
201.245.192.253 - - [06/Oct/2021:07:17:28 -0500] "POST /sipse/faces/presentacion/financiero/solicitudProceso/crearModificarSolicitudProceso.xhtml HTTP/1.1" 200 7600
188.40.73.215 - - [06/Oct/2021:07:17:29 -0500] "GET /BLA/resoluciones/RESOLUCIONES%202014/2709.pdf HTTP/1.1" 200 295200
188.40.73.215 - - [06/Oct/2021:07:17:38 -0500] "GET /BLA/resoluciones/RESOLUCIONES%202014/2442.pdf HTTP/1.1" 200 7534339
188.40.73.215 - - [06/Oct/2021:07:17:42 -0500] "GET /BLA/resoluciones/RESOLUCIONES%202014/3135.pdf HTTP/1.1" 200 498619
190.27.245.107 - - [06/Oct/2021:07:17:42 -0500] "GET /sipse/ HTTP/1.1" 302 -
186.87.76.51 - - [06/Oct/2021:07:17:42 -0500] "GET /sipse/faces/autenticacion.xhtml HTTP/1.1" 200 12505
186.87.76.51 - - [06/Oct/2021:07:17:42 -0500] "GET /sipse/faces/javax.faces.resource/theme.css?ln=primefaces-sipse HTTP/1.1" 304 -
186.87.76.51 - - [06/Oct/2021:07:17:42 -0500] "GET /sipse/faces/javax.faces.resource/layout/layout.css;jsessionid=CZUB8AygLPi3zthn0Z14AFHA.undefined?ln=primefaces&v=4.0 HTTP/1.1" 200 542
186.87.76.51 - - [06/Oct/2021:07:17:42 -0500] "GET /sipse/faces/javax.faces.resource/primefaces.css;jsessionid=CZUB8AygLPi3zthn0Z14AFHA.undefined?ln=primefaces&v=4.0 HTTP/1.1" 200 53295
186.87.76.51 - - [06/Oct/2021:07:17:42 -0500] "GET /sipse/faces/javax.faces.resource/layout/layout.js;jsessionid=CZUB8AygLPi3zthn0Z14AFHA.undefined?ln=primefaces&v=4.0 HTTP/1.1" 200 87560
186.87.76.51 - - [06/Oct/2021:07:17:42 -0500] "GET /sipse/faces/javax.faces.resource/jquery/jquery.js;jsessionid=CZUB8AygLPi3zthn0Z14AFHA.undefined?ln=primefaces&v=4.0 HTTP/1.1" 200 105384
186.87.76.51 - - [06/Oct/2021:07:17:42 -0500] "GET /sipse/faces/javax.faces.resource/primefaces.js;jsessionid=CZUB8AygLPi3zthn0Z14AFHA.undefined?ln=primefaces&v=4.0 HTTP/1.1" 200 276924
186.87.76.51 - - [06/Oct/2021:07:17:42 -0500] "GET /sipse/faces/javax.faces.resource/jquery/jquery-plugins.js;jsessionid=CZUB8AygLPi3zthn0Z14AFHA.undefined?ln=primefaces&v=4.0 HTTP/1.1" 200 220526
190.25.125.114 - - [06/Oct/2021:07:17:43 -0500] "GET /BLA/boletinlegal/js/jquery.scrollShow.js HTTP/1.1" 200 4586
190.25.125.114 - - [06/Oct/2021:07:17:43 -0500] "GET /galeria/galeria/jquery.fancybox.css?v=2.1.5 HTTP/1.1" 200 4895
190.25.125.114 - - [06/Oct/2021:07:17:43 -0500] "GET /galeria/galeria/jquery.fancybox.js?v=2.1.5 HTTP/1.1" 200 48706
186.87.76.51 - - [06/Oct/2021:07:17:46 -0500] "GET /sipse/faces/javax.faces.resource/images/ui-icons_898989_256x240.png?ln=primefaces-aristo HTTP/1.1" 304 -
186.87.76.51 - - [06/Oct/2021:07:17:46 -0500] "GET /sipse/faces/index.xhtml HTTP/1.1" 200 677
186.87.76.51 - - [06/Oct/2021:07:17:46 -0500] "GET /sipse/faces/javax.faces.resource/theme.css?ln=primefaces-sipse HTTP/1.1" 304 -
186.87.76.51 - - [06/Oct/2021:07:17:46 -0500] "GET /sipse/faces/faces/autenticacion.xhtml HTTP/1.1" 200 12183
186.87.76.51 - - [06/Oct/2021:07:17:46 -0500] "GET /sipse/faces/javax.faces.resource/primefaces.css?ln=primefaces&v=4.0 HTTP/1.1" 304 -
186.87.76.51 - - [06/Oct/2021:07:17:46 -0500] "GET /sipse/faces/javax.faces.resource/theme.css?ln=primefaces-sipse HTTP/1.1" 304 -
186.87.76.51 - - [06/Oct/2021:07:17:46 -0500] "GET /sipse/faces/javax.faces.resource/primefaces.js?ln=primefaces&v=4.0 HTTP/1.1" 304 -
186.87.76.51 - - [06/Oct/2021:07:17:46 -0500] "GET /sipse/faces/javax.faces.resource/layout/layout.css?ln=primefaces&v=4.0 HTTP/1.1" 304 -
186.87.76.51 - - [06/Oct/2021:07:17:46 -0500] "GET /sipse/faces/javax.faces.resource/jquery/jquery-plugins.js?ln=primefaces&v=4.0 HTTP/1.1" 304 -
186.87.76.51 - - [06/Oct/2021:07:17:46 -0500] "GET /sipse/faces/javax.faces.resource/jquery/jquery.js?ln=primefaces&v=4.0 HTTP/1.1" 304 -
186.87.76.51 - - [06/Oct/2021:07:17:46 -0500] "GET /sipse/faces/javax.faces.resource/layout/layout.js?ln=primefaces&v=4.0 HTTP/1.1" 304 -
186.87.76.51 - - [06/Oct/2021:07:17:49 -0500] "POST /sipse/faces/autenticacion.xhtml HTTP/1.1" 200 2225
186.87.76.51 - - [06/Oct/2021:07:17:49 -0500] "GET /sipse/faces/javax.faces.resource/messages/messages.png?ln=primefaces&v=4.0 HTTP/1.1" 304 -
186.87.76.51 - - [06/Oct/2021:07:17:49 -0500] "GET /sipse/faces/javax.faces.resource/images/ui-icons_898989_256x240.png?ln=primefaces-aristo HTTP/1.1" 304 -
186.87.76.51 - - [06/Oct/2021:07:17:50 -0500] "POST /sipse/faces/autenticacion.xhtml HTTP/1.1" 200 16032
186.87.76.51 - - [06/Oct/2021:07:17:50 -0500] "GET /sipse/faces/javax.faces.resource/primefaces.css?ln=primefaces&v=4.0 HTTP/1.1" 304 -
186.87.76.51 - - [06/Oct/2021:07:17:50 -0500] "GET /sipse/faces/javax.faces.resource/theme.css?ln=primefaces-sipse HTTP/1.1" 304 -
186.87.76.51 - - [06/Oct/2021:07:17:50 -0500] "GET /sipse/faces/javax.faces.resource/layout/layout.css?ln=primefaces&v=4.0 HTTP/1.1" 304 -
186.87.76.51 - - [06/Oct/2021:07:17:50 -0500] "GET /sipse/faces/javax.faces.resource/jquery/jquery.js?ln=primefaces&v=4.0 HTTP/1.1" 304 -
186.87.76.51 - - [06/Oct/2021:07:17:50 -0500] "GET /sipse/faces/javax.faces.resource/jquery/jquery-plugins.js?ln=primefaces&v=4.0 HTTP/1.1" 304 -
186.87.76.51 - - [06/Oct/2021:07:17:50 -0500] "GET /sipse/faces/javax.faces.resource/primefaces.js?ln=primefaces&v=4.0 HTTP/1.1" 304 -
186.87.76.51 - - [06/Oct/2021:07:17:50 -0500] "GET /sipse/faces/javax.faces.resource/layout/layout.js?ln=primefaces&v=4.0 HTTP/1.1" 304 -
186.87.76.51 - - [06/Oct/2021:07:17:50 -0500] "GET /sipse/css/imagen/contrasena.png HTTP/1.1" 404 383
201.245.192.253 - - [06/Oct/2021:07:17:50 -0500] "POST /sipse/faces/presentacion/financiero/solicitudProceso/crearModificarSolicitudProceso.xhtml HTTP/1.1" 200 127447
186.87.76.51 - - [06/Oct/2021:07:17:51 -0500] "GET /sipse/faces/javax.faces.resource/images/ui-bg_flat_0_2d5972_40x100.png?ln=primefaces-aristo HTTP/1.1" 304 -
186.87.76.51 - - [06/Oct/2021:07:17:51 -0500] "POST /sipse/faces/bienvenido.xhtml HTTP/1.1" 200 2658
201.245.192.253 - - [06/Oct/2021:07:17:51 -0500] "GET /sipse/faces/javax.faces.resource/jquery/jquery.js?ln=primefaces&v=4.0 HTTP/1.1" 304 -
201.245.192.253 - - [06/Oct/2021:07:17:51 -0500] "GET /sipse/faces/javax.faces.resource/jquery/jquery-plugins.js?ln=primefaces&v=4.0 HTTP/1.1" 304 -
201.245.192.253 - - [06/Oct/2021:07:17:52 -0500] "GET /sipse/faces/javax.faces.resource/primefaces.js?ln=primefaces&v=4.0 HTTP/1.1" 304 -
201.245.192.253 - - [06/Oct/2021:07:17:52 -0500] "GET /sipse/faces/javax.faces.resource/layout/layout.js?ln=primefaces&v=4.0 HTTP/1.1" 304 -
188.40.73.215 - - [06/Oct/2021:07:17:51 -0500] "GET /BLA/resoluciones/RESOLUCIONES%202014/1605.pdf HTTP/1.1" 200 6731303
201.245.192.253 - - [06/Oct/2021:07:17:52 -0500] "GET /sipse/faces/javax.faces.resource/messages/messages.png?ln=primefaces&v=4.0 HTTP/1.1" 304 -
201.245.192.253 - - [06/Oct/2021:07:17:52 -0500] "GET /reportes_sipse/sdg/ServletReporte?reporte=experienia_idoneidad&solicitud=14895&pfdrid_c=false HTTP/1.1" 200 94782
186.87.76.51 - - [06/Oct/2021:07:17:52 -0500] "POST /sipse/faces/bienvenido.xhtml HTTP/1.1" 200 60360
186.87.76.51 - - [06/Oct/2021:07:17:55 -0500] "GET /sipse/faces/javax.faces.resource/primefaces.css?ln=primefaces&v=4.0 HTTP/1.1" 304 -
186.87.76.51 - - [06/Oct/2021:07:17:55 -0500] "GET /sipse/faces/javax.faces.resource/theme.css?ln=primefaces-sipse HTTP/1.1" 304 -
186.87.76.51 - - [06/Oct/2021:07:17:55 -0500] "GET /sipse/faces/javax.faces.resource/layout/layout.css?ln=primefaces&v=4.0 HTTP/1.1" 304 -
186.87.76.51 - - [06/Oct/2021:07:17:55 -0500] "GET /sipse/faces/javax.faces.resource/jquery/jquery.js?ln=primefaces&v=4.0 HTTP/1.1" 304 -
186.87.76.51 - - [06/Oct/2021:07:17:55 -0500] "GET /sipse/faces/javax.faces.resource/jquery/jquery-plugins.js?ln=primefaces&v=4.0 HTTP/1.1" 304 -
186.87.76.51 - - [06/Oct/2021:07:17:55 -0500] "GET /sipse/faces/javax.faces.resource/primefaces.js?ln=primefaces&v=4.0 HTTP/1.1" 304 -
186.87.76.51 - - [06/Oct/2021:07:17:55 -0500] "GET /sipse/faces/javax.faces.resource/layout/layout.js?ln=primefaces&v=4.0 HTTP/1.1" 304 -
188.40.73.215 - - [06/Oct/2021:07:17:56 -0500] "GET /BLA/resoluciones/RESOLUCIONES%202014/3378.pdf HTTP/1.1" 200 665349
186.87.76.51 - - [06/Oct/2021:07:17:55 -0500] "POST /sipse/faces/presentacion/financiero/solicitudProceso/listarSolicitudProceso.xhtml HTTP/1.1" 200 1448
186.87.76.51 - - [06/Oct/2021:07:18:01 -0500] "POST /sipse/faces/presentacion/financiero/solicitudProceso/listarSolicitudProceso.xhtml HTTP/1.1" 200 9004
186.87.76.51 - - [06/Oct/2021:07:18:03 -0500] "POST /sipse/faces/presentacion/financiero/solicitudProceso/listarSolicitudProceso.xhtml HTTP/1.1" 200 9008
188.40.73.215 - - [06/Oct/2021:07:18:05 -0500] "GET /BLA/resoluciones/RESOLUCIONES%202014/3804.pdf HTTP/1.1" 200 691955
186.87.76.51 - - [06/Oct/2021:07:18:14 -0500] "POST /sipse/faces/presentacion/financiero/solicitudProceso/listarSolicitudProceso.xhtml HTTP/1.1" 200 33567
188.40.73.215 - - [06/Oct/2021:07:18:14 -0500] "GET /BLA/resoluciones/RESOLUCIONES%202014/2732.pdf HTTP/1.1" 200 631717
186.87.76.51 - - [06/Oct/2021:07:18:15 -0500] "POST /sipse/faces/presentacion/financiero/solicitudProceso/listarSolicitudProceso.xhtml HTTP/1.1" 200 33698
186.87.76.51 - - [06/Oct/2021:07:18:15 -0500] "POST /sipse/faces/presentacion/financiero/solicitudProceso/listarSolicitudProceso.xhtml HTTP/1.1" 200 28261
186.87.76.51 - - [06/Oct/2021:07:18:16 -0500] "POST /sipse/faces/presentacion/financiero/solicitudProceso/listarSolicitudProceso.xhtml HTTP/1.1" 200 9074
186.87.76.51 - - [06/Oct/2021:07:18:16 -0500] "POST /sipse/faces/presentacion/financiero/solicitudProceso/listarSolicitudProceso.xhtml HTTP/1.1" 200 9074
201.245.192.253 - - [06/Oct/2021:07:18:16 -0500] "POST /sipse/faces/presentacion/financiero/solicitudProceso/consultarSolicitudProceso.xhtml HTTP/1.1" 200 21990
201.245.192.253 - - [06/Oct/2021:07:18:17 -0500] "GET /sipse/faces/javax.faces.resource/primefaces.css?ln=primefaces&v=4.0 HTTP/1.1" 304 -
201.245.192.253 - - [06/Oct/2021:07:18:17 -0500] "GET /sipse/faces/javax.faces.resource/theme.css?ln=primefaces-sipse HTTP/1.1" 304 -
201.245.192.253 - - [06/Oct/2021:07:18:17 -0500] "GET /sipse/faces/javax.faces.resource/layout/layout.css?ln=primefaces&v=4.0 HTTP/1.1" 304 -
201.245.192.253 - - [06/Oct/2021:07:18:17 -0500] "GET /sipse/faces/javax.faces.resource/jquery/jquery.js?ln=primefaces&v=4.0 HTTP/1.1" 304 -
201.245.192.253 - - [06/Oct/2021:07:18:17 -0500] "GET /sipse/faces/javax.faces.resource/jquery/jquery-plugins.js?ln=primefaces&v=4.0 HTTP/1.1" 304 -
201.245.192.253 - - [06/Oct/2021:07:18:17 -0500] "GET /sipse/faces/javax.faces.resource/fileupload/fileupload.css?ln=primefaces&v=4.0 HTTP/1.1" 304 -
201.245.192.253 - - [06/Oct/2021:07:18:17 -0500] "GET /sipse/faces/javax.faces.resource/fileupload/fileupload.js?ln=primefaces&v=4.0 HTTP/1.1" 304 -
201.245.192.253 - - [06/Oct/2021:07:18:17 -0500] "GET /sipse/faces/javax.faces.resource/primefaces.js?ln=primefaces&v=4.0 HTTP/1.1" 304 -
201.245.192.253 - - [06/Oct/2021:07:18:17 -0500] "GET /sipse/faces/javax.faces.resource/layout/layout.js?ln=primefaces&v=4.0 HTTP/1.1" 304 -
201.245.192.253 - - [06/Oct/2021:07:18:17 -0500] "GET /sipse/faces/javax.faces.resource/images/ui-icons_898989_256x240.png?ln=primefaces-aristo HTTP/1.1" 304 -
201.245.192.253 - - [06/Oct/2021:07:18:17 -0500] "GET /catalogoisis/ HTTP/1.1" 200 8575
186.87.76.51 - - [06/Oct/2021:07:18:20 -0500] "POST /sipse/faces/presentacion/financiero/solicitudProceso/listarSolicitudProceso.xhtml HTTP/1.1" 200 9074
186.87.76.51 - - [06/Oct/2021:07:18:22 -0500] "POST /sipse/faces/presentacion/financiero/solicitudProceso/listarSolicitudProceso.xhtml HTTP/1.1" 200 9001
201.245.192.253 - - [06/Oct/2021:07:18:23 -0500] "GET /sipse/faces/javax.faces.resource/primefaces.css?ln=primefaces&v=4.0 HTTP/1.1" 304 -
201.245.192.253 - - [06/Oct/2021:07:18:23 -0500] "GET /sipse/faces/javax.faces.resource/theme.css?ln=primefaces-sipse HTTP/1.1" 304 -
201.245.192.253 - - [06/Oct/2021:07:18:23 -0500] "GET /sipse/faces/javax.faces.resource/layout/layout.css?ln=primefaces&v=4.0 HTTP/1.1" 304 -
201.245.192.253 - - [06/Oct/2021:07:18:23 -0500] "GET /sipse/faces/javax.faces.resource/jquery/jquery-plugins.js?ln=primefaces&v=4.0 HTTP/1.1" 304 -
201.245.192.253 - - [06/Oct/2021:07:18:23 -0500] "GET /sipse/faces/javax.faces.resource/jquery/jquery.js?ln=primefaces&v=4.0 HTTP/1.1" 304 -
201.245.192.253 - - [06/Oct/2021:07:18:23 -0500] "GET /sipse/faces/javax.faces.resource/primefaces.js?ln=primefaces&v=4.0 HTTP/1.1" 304 -
201.245.192.253 - - [06/Oct/2021:07:18:23 -0500] "GET /sipse/faces/javax.faces.resource/layout/layout.js?ln=primefaces&v=4.0 HTTP/1.1" 304 -
201.245.192.253 - - [06/Oct/2021:07:18:23 -0500] "GET /sipse/faces/javax.faces.resource/images/ui-icons_898989_256x240.png?ln=primefaces-aristo HTTP/1.1" 304 -
201.245.192.253 - - [06/Oct/2021:07:18:23 -0500] "POST /sipse/faces/presentacion/sistema/anexos/cargarAnexoSolicitudProceso.xhtml HTTP/1.1" 200 175864
201.245.192.253 - - [06/Oct/2021:07:18:23 -0500] "GET /reportes_sipse/sdg/ServletReporte?reporte=experienia_idoneidad&solicitud=14895&pfdrid_c=false HTTP/1.1" 200 94782
188.40.73.215 - - [06/Oct/2021:07:18:24 -0500] "GET /BLA/resoluciones/RESOLUCIONES%202014/0543.pdf HTTP/1.1" 200 568822
186.87.76.51 - - [06/Oct/2021:07:18:25 -0500] "POST /sipse/faces/presentacion/financiero/solicitudProceso/listarSolicitudProceso.xhtml HTTP/1.1" 200 9001
201.245.192.253 - - [06/Oct/2021:07:18:26 -0500] "POST /sipse/faces/presentacion/financiero/solicitudProceso/consultarSolicitudProceso.xhtml HTTP/1.1" 200 21990
201.245.192.253 - - [06/Oct/2021:07:18:27 -0500] "GET /sipse/faces/javax.faces.resource/theme.css?ln=primefaces-sipse HTTP/1.1" 304 -
201.245.192.253 - - [06/Oct/2021:07:18:27 -0500] "GET /sipse/faces/javax.faces.resource/primefaces.css?ln=primefaces&v=4.0 HTTP/1.1" 304 -
201.245.192.253 - - [06/Oct/2021:07:18:27 -0500] "GET /sipse/faces/javax.faces.resource/jquery/jquery.js?ln=primefaces&v=4.0 HTTP/1.1" 304 -
201.245.192.253 - - [06/Oct/2021:07:18:27 -0500] "GET /sipse/faces/javax.faces.resource/primefaces.js?ln=primefaces&v=4.0 HTTP/1.1" 304 -
201.245.192.253 - - [06/Oct/2021:07:18:27 -0500] "GET /sipse/faces/javax.faces.resource/layout/layout.css?ln=primefaces&v=4.0 HTTP/1.1" 304 -
201.245.192.253 - - [06/Oct/2021:07:18:27 -0500] "GET /sipse/faces/javax.faces.resource/fileupload/fileupload.css?ln=primefaces&v=4.0 HTTP/1.1" 304 -
201.245.192.253 - - [06/Oct/2021:07:18:27 -0500] "GET /sipse/faces/javax.faces.resource/layout/layout.js?ln=primefaces&v=4.0 HTTP/1.1" 304 -
201.245.192.253 - - [06/Oct/2021:07:18:27 -0500] "GET /sipse/faces/javax.faces.resource/fileupload/fileupload.js?ln=primefaces&v=4.0 HTTP/1.1" 304 -
201.245.192.253 - - [06/Oct/2021:07:18:27 -0500] "GET /sipse/faces/javax.faces.resource/jquery/jquery-plugins.js?ln=primefaces&v=4.0 HTTP/1.1" 304 -
201.245.192.253 - - [06/Oct/2021:07:18:27 -0500] "GET /sipse/faces/javax.faces.resource/images/ui-icons_898989_256x240.png?ln=primefaces-aristo HTTP/1.1" 304 -
186.87.76.51 - - [06/Oct/2021:07:18:27 -0500] "POST /sipse/faces/presentacion/financiero/solicitudProceso/listarSolicitudProceso.xhtml HTTP/1.1" 200 8987
188.40.73.215 - - [06/Oct/2021:07:18:34 -0500] "GET /BLA/resoluciones/RESOLUCIONES%202014/3827.pdf HTTP/1.1" 200 387641
201.245.192.253 - - [06/Oct/2021:07:18:32 -0500] "POST /sipse/faces/presentacion/sistema/anexos/cargarAnexoSolicitudProceso.xhtml HTTP/1.1" 200 177687
201.245.192.253 - - [06/Oct/2021:07:18:34 -0500] "GET /sipse/faces/javax.faces.resource/theme.css?ln=primefaces-sipse HTTP/1.1" 304 -
201.245.192.253 - - [06/Oct/2021:07:18:34 -0500] "GET /sipse/faces/javax.faces.resource/primefaces.css?ln=primefaces&v=4.0 HTTP/1.1" 304 -
201.245.192.253 - - [06/Oct/2021:07:18:34 -0500] "GET /sipse/faces/javax.faces.resource/layout/layout.css?ln=primefaces&v=4.0 HTTP/1.1" 304 -
201.245.192.253 - - [06/Oct/2021:07:18:34 -0500] "GET /sipse/faces/javax.faces.resource/jquery/jquery-plugins.js?ln=primefaces&v=4.0 HTTP/1.1" 304 -
201.245.192.253 - - [06/Oct/2021:07:18:34 -0500] "GET /sipse/faces/javax.faces.resource/jquery/jquery.js?ln=primefaces&v=4.0 HTTP/1.1" 304 -
201.245.192.253 - - [06/Oct/2021:07:18:34 -0500] "GET /sipse/faces/javax.faces.resource/primefaces.js?ln=primefaces&v=4.0 HTTP/1.1" 304 -
201.245.192.253 - - [06/Oct/2021:07:18:34 -0500] "GET /sipse/faces/javax.faces.resource/layout/layout.js?ln=primefaces&v=4.0 HTTP/1.1" 304 -
201.245.192.253 - - [06/Oct/2021:07:18:34 -0500] "GET /sipse/faces/javax.faces.resource/images/ui-icons_898989_256x240.png?ln=primefaces-aristo HTTP/1.1" 304 -
201.245.192.253 - - [06/Oct/2021:07:18:34 -0500] "GET /reportes_sipse/sdg/ServletReporte?reporte=experienia_idoneidad&solicitud=14895&pfdrid_c=false HTTP/1.1" 200 94782
201.245.192.253 - - [06/Oct/2021:07:18:40 -0500] "POST /sipse/faces/presentacion/financiero/solicitudProceso/consultarSolicitudProceso.xhtml HTTP/1.1" 200 21990
201.245.192.253 - - [06/Oct/2021:07:18:41 -0500] "GET /sipse/faces/javax.faces.resource/primefaces.css?ln=primefaces&v=4.0 HTTP/1.1" 304 -
201.245.192.253 - - [06/Oct/2021:07:18:41 -0500] "GET /sipse/faces/javax.faces.resource/layout/layout.css?ln=primefaces&v=4.0 HTTP/1.1" 304 -
201.245.192.253 - - [06/Oct/2021:07:18:41 -0500] "GET /sipse/faces/javax.faces.resource/jquery/jquery.js?ln=primefaces&v=4.0 HTTP/1.1" 304 -
