190.26.220.58 - - [06/Oct/2021:07:49:04 -0500] "GET /catalogoisis/Css/Busqueda.css HTTP/1.1" 200 1995
190.26.220.58 - - [06/Oct/2021:07:49:04 -0500] "GET /catalogoisis/Js/Remote.js HTTP/1.1" 200 436
190.26.220.58 - - [06/Oct/2021:07:49:04 -0500] "GET /catalogoisis/Js/AceptarLimpiar.js HTTP/1.1" 200 331
190.26.220.58 - - [06/Oct/2021:07:49:04 -0500] "GET /catalogoisis/Js/CriterioCombinada.js HTTP/1.1" 200 1843
190.26.220.58 - - [06/Oct/2021:07:49:04 -0500] "GET /catalogoisis/Js/Go.js HTTP/1.1" 200 364
190.26.220.58 - - [06/Oct/2021:07:49:04 -0500] "GET /catalogoisis/Js/LimpiarCombinada.js HTTP/1.1" 200 207
190.26.220.58 - - [06/Oct/2021:07:49:04 -0500] "GET /catalogoisis/Js/Numero.js HTTP/1.1" 200 398
190.26.220.58 - - [06/Oct/2021:07:49:04 -0500] "GET /catalogoisis/Js/Cookies.js HTTP/1.1" 200 1369
190.26.220.58 - - [06/Oct/2021:07:49:04 -0500] "GET /catalogoisis/Js/Enter.js HTTP/1.1" 200 1208
190.26.220.58 - - [06/Oct/2021:07:49:04 -0500] "GET /catalogoisis/imagenes/br1c1.gif HTTP/1.1" 200 172
190.26.220.58 - - [06/Oct/2021:07:49:04 -0500] "GET /catalogoisis/imagenes/br1c3.gif HTTP/1.1" 200 302
190.26.220.58 - - [06/Oct/2021:07:49:04 -0500] "GET /catalogoisis/imagenes/aceptar1.gif HTTP/1.1" 200 604
190.26.220.58 - - [06/Oct/2021:07:49:04 -0500] "GET /catalogoisis/imagenes/Turnbo1.gif HTTP/1.1" 200 227
190.26.220.58 - - [06/Oct/2021:07:49:04 -0500] "GET /catalogoisis/imagenes/Header.gif HTTP/1.1" 200 30313
190.26.220.58 - - [06/Oct/2021:07:49:04 -0500] "GET /catalogoisis/imagenes/br3c1.gif HTTP/1.1" 200 177
190.26.220.58 - - [06/Oct/2021:07:49:04 -0500] "GET /catalogoisis/imagenes/br3c2.gif HTTP/1.1" 200 285
190.26.220.58 - - [06/Oct/2021:07:49:04 -0500] "GET /catalogoisis/imagenes/br3c3.gif HTTP/1.1" 200 186
190.26.220.58 - - [06/Oct/2021:07:49:04 -0500] "GET /catalogoisis/imagenes/br1c2.gif HTTP/1.1" 200 297
190.26.220.58 - - [06/Oct/2021:07:49:04 -0500] "GET /catalogoisis/imagenes/br2c1.gif HTTP/1.1" 200 297
190.26.220.58 - - [06/Oct/2021:07:49:04 -0500] "GET /catalogoisis/imagenes/limpiar1.gif HTTP/1.1" 200 606
190.26.220.58 - - [06/Oct/2021:07:49:04 -0500] "GET /catalogoisis/imagenes/br2c2.gif HTTP/1.1" 200 302
190.26.220.58 - - [06/Oct/2021:07:49:04 -0500] "GET /catalogoisis/imagenes/br2c3.gif HTTP/1.1" 200 416
190.26.220.58 - - [06/Oct/2021:07:49:04 -0500] "GET /favicon.ico HTTP/1.1" 200 7782
188.40.73.215 - - [06/Oct/2021:07:49:06 -0500] "GET /BLA/resoluciones/RESOLUCIONES%202014/2310.pdf HTTP/1.1" 200 823578
186.148.168.245 - - [06/Oct/2021:07:49:06 -0500] "GET /sipsesda/faces/vista/sistema/cargarMenu.jspx?accionMenu=listadoFuncionario&menuID=18 HTTP/1.1" 200 28200
186.148.168.245 - - [06/Oct/2021:07:49:07 -0500] "POST /sipsesda/faces/vista/sistema/cargarMenu.jspx HTTP/1.1" 200 32095
186.148.168.245 - - [06/Oct/2021:07:49:11 -0500] "POST /sipsesda/faces/vista/administracion/funcionario/listadoFuncionario.jspx HTTP/1.1" 200 33174
181.48.106.67 - - [06/Oct/2021:07:49:15 -0500] "GET /BLA/boletinlegal/js/jquery.scrollShow.js HTTP/1.1" 200 4586
181.48.106.67 - - [06/Oct/2021:07:49:15 -0500] "GET /galeria/galeria/jquery.fancybox.css?v=2.1.5 HTTP/1.1" 200 4895
181.48.106.67 - - [06/Oct/2021:07:49:15 -0500] "GET /galeria/galeria/jquery.fancybox.js?v=2.1.5 HTTP/1.1" 200 48706
188.40.73.215 - - [06/Oct/2021:07:49:15 -0500] "GET /BLA/resoluciones/RESOLUCIONES%202014/0405.pdf HTTP/1.1" 200 509729
186.148.168.245 - - [06/Oct/2021:07:49:16 -0500] "POST /sipsesda/faces/vista/administracion/funcionario/listadoFuncionario.jspx HTTP/1.1" 200 18421
188.40.73.215 - - [06/Oct/2021:07:49:25 -0500] "GET /BLA/resoluciones/RESOLUCIONES%202014/0568.pdf HTTP/1.1" 200 463170
186.148.168.245 - - [06/Oct/2021:07:49:29 -0500] "POST /sipsesda/faces/vista/administracion/funcionario/registrarFuncionario.jspx?_afPfm=1 HTTP/1.1" 200 17632
186.148.168.245 - - [06/Oct/2021:07:49:29 -0500] "GET /sipsesda/adf/images/dfb.gif HTTP/1.1" 200 194
186.148.168.245 - - [06/Oct/2021:07:49:35 -0500] "POST /sipsesda/faces/vista/administracion/cargoFuncionario/registrarCargoFuncionario.jspx?_afPfm=1.1 HTTP/1.1" 200 18419
188.40.73.215 - - [06/Oct/2021:07:49:35 -0500] "GET /BLA/resoluciones/RESOLUCIONES%202014/0344.pdf HTTP/1.1" 200 916879
201.245.192.253 - - [06/Oct/2021:07:49:38 -0500] "GET /catalogoisis/ HTTP/1.1" 200 8575
186.148.168.245 - - [06/Oct/2021:07:49:39 -0500] "POST /sipsesda/faces/vista/administracion/funcionario/registrarFuncionario.jspx?_afPfm=1 HTTP/1.1" 200 7314
186.148.168.245 - - [06/Oct/2021:07:49:40 -0500] "POST /sipsesda/faces/vista/administracion/rolFuncionario/registrarRolFuncionario.jspx?_afPfm=1.2 HTTP/1.1" 200 18427
188.40.73.215 - - [06/Oct/2021:07:49:47 -0500] "GET /BLA/resoluciones/RESOLUCIONES%202014/3169.pdf HTTP/1.1" 200 405871
190.26.220.58 - - [06/Oct/2021:07:49:47 -0500] "GET /catalogoisis/comb.php HTTP/1.1" 200 4013
190.26.220.58 - - [06/Oct/2021:07:49:47 -0500] "GET /catalogoisis/Css/Pft.css HTTP/1.1" 200 3933
190.26.220.58 - - [06/Oct/2021:07:49:47 -0500] "GET /catalogoisis/Js/Marcados.js HTTP/1.1" 200 1327
190.26.220.58 - - [06/Oct/2021:07:49:47 -0500] "GET /catalogoisis/imagenes/up.gif HTTP/1.1" 200 669
190.26.220.58 - - [06/Oct/2021:07:49:47 -0500] "GET /catalogoisis/imagenes/back.gif HTTP/1.1" 200 666
190.26.220.58 - - [06/Oct/2021:07:49:47 -0500] "GET /catalogoisis/imagenes/home.gif HTTP/1.1" 200 923
190.26.220.58 - - [06/Oct/2021:07:49:47 -0500] "GET /catalogoisis/imagenes/selecc.gif HTTP/1.1" 200 784
190.26.220.58 - - [06/Oct/2021:07:49:47 -0500] "GET /catalogoisis/imagenes/fonest4.gif HTTP/1.1" 404 1402
190.26.220.58 - - [06/Oct/2021:07:49:47 -0500] "GET /catalogoisis/imagenes/correo.gif HTTP/1.1" 200 525
190.26.220.58 - - [06/Oct/2021:07:49:47 -0500] "GET /catalogoisis/imagenes/print.gif HTTP/1.1" 200 916
186.148.168.245 - - [06/Oct/2021:07:49:52 -0500] "POST /sipsesda/faces/vista/administracion/funcionario/registrarFuncionario.jspx?_afPfm=1 HTTP/1.1" 200 14384
186.148.168.245 - - [06/Oct/2021:07:49:56 -0500] "POST /sipsesda/faces/vista/administracion/dependenciaFuncionario/registrarDependenciaFuncionario.jspx?_afPfm=1.3 HTTP/1.1" 200 18425
188.40.73.215 - - [06/Oct/2021:07:49:56 -0500] "GET /BLA/resoluciones/RESOLUCIONES%202014/2593.pdf HTTP/1.1" 200 290071
216.245.221.92 - - [06/Oct/2021:07:49:57 -0500] "HEAD / HTTP/1.1" 200 -
186.148.168.245 - - [06/Oct/2021:07:49:59 -0500] "POST /sipsesda/faces/vista/administracion/funcionario/registrarFuncionario.jspx?_afPfm=1 HTTP/1.1" 200 32628
190.26.220.58 - - [06/Oct/2021:07:49:59 -0500] "GET /catalogoisis/index.php HTTP/1.1" 200 8575
87.250.224.175 - - [06/Oct/2021:07:50:01 -0500] "-" 408 -
186.148.168.245 - - [06/Oct/2021:07:50:02 -0500] "POST /sipse/faces/autenticacion.xhtml HTTP/1.1" 200 11999
186.148.168.245 - - [06/Oct/2021:07:50:02 -0500] "GET /sipse/faces/javax.faces.resource/theme.css?ln=primefaces-sipse HTTP/1.1" 304 -
186.148.168.245 - - [06/Oct/2021:07:50:02 -0500] "GET /sipse/faces/javax.faces.resource/primefaces.css?ln=primefaces&v=4.0 HTTP/1.1" 304 -
186.148.168.245 - - [06/Oct/2021:07:50:02 -0500] "GET /sipse/faces/javax.faces.resource/layout/layout.css?ln=primefaces&v=4.0 HTTP/1.1" 304 -
186.148.168.245 - - [06/Oct/2021:07:50:02 -0500] "GET /sipse/faces/javax.faces.resource/jquery/jquery.js?ln=primefaces&v=4.0 HTTP/1.1" 304 -
186.148.168.245 - - [06/Oct/2021:07:50:02 -0500] "GET /sipse/faces/javax.faces.resource/jquery/jquery-plugins.js?ln=primefaces&v=4.0 HTTP/1.1" 304 -
186.148.168.245 - - [06/Oct/2021:07:50:02 -0500] "GET /sipse/faces/javax.faces.resource/primefaces.js?ln=primefaces&v=4.0 HTTP/1.1" 304 -
186.148.168.245 - - [06/Oct/2021:07:50:02 -0500] "GET /sipse/faces/javax.faces.resource/layout/layout.js?ln=primefaces&v=4.0 HTTP/1.1" 304 -
186.148.168.245 - - [06/Oct/2021:07:50:02 -0500] "GET /sipse/faces/javax.faces.resource/messages/messages.png?ln=primefaces&v=4.0 HTTP/1.1" 304 -
190.26.220.58 - - [06/Oct/2021:07:50:04 -0500] "GET /catalogoisis/imagenes/limpiar2.gif HTTP/1.1" 200 589
188.40.73.215 - - [06/Oct/2021:07:50:04 -0500] "GET /BLA/resoluciones/RESOLUCIONES%202014/3067.pdf HTTP/1.1" 200 181694
186.148.168.245 - - [06/Oct/2021:07:50:05 -0500] "POST /sipse/faces/presentacion/sistema/seguridad/seleccionRol.xhtml HTTP/1.1" 200 6364
190.26.220.58 - - [06/Oct/2021:07:50:05 -0500] "GET /catalogoisis/imagenes/aceptar2.gif HTTP/1.1" 200 586
186.148.168.245 - - [06/Oct/2021:07:50:06 -0500] "POST /sipse/faces/presentacion/sistema/seguridad/seleccionRol.xhtml HTTP/1.1" 200 17249
186.148.168.245 - - [06/Oct/2021:07:50:06 -0500] "GET /sipse/faces/javax.faces.resource/primefaces.css?ln=primefaces&v=4.0 HTTP/1.1" 304 -
186.148.168.245 - - [06/Oct/2021:07:50:06 -0500] "GET /sipse/faces/javax.faces.resource/theme.css?ln=primefaces-sipse HTTP/1.1" 304 -
186.148.168.245 - - [06/Oct/2021:07:50:06 -0500] "GET /sipse/faces/javax.faces.resource/layout/layout.css?ln=primefaces&v=4.0 HTTP/1.1" 304 -
186.148.168.245 - - [06/Oct/2021:07:50:06 -0500] "GET /sipse/faces/javax.faces.resource/jquery/jquery.js?ln=primefaces&v=4.0 HTTP/1.1" 304 -
186.148.168.245 - - [06/Oct/2021:07:50:06 -0500] "GET /sipse/faces/javax.faces.resource/jquery/jquery-plugins.js?ln=primefaces&v=4.0 HTTP/1.1" 304 -
186.148.168.245 - - [06/Oct/2021:07:50:06 -0500] "GET /sipse/faces/javax.faces.resource/primefaces.js?ln=primefaces&v=4.0 HTTP/1.1" 304 -
186.148.168.245 - - [06/Oct/2021:07:50:06 -0500] "GET /sipse/faces/javax.faces.resource/layout/layout.js?ln=primefaces&v=4.0 HTTP/1.1" 304 -
186.148.168.245 - - [06/Oct/2021:07:50:10 -0500] "POST /sipse/faces/bienvenido.xhtml HTTP/1.1" 200 2055
188.40.73.215 - - [06/Oct/2021:07:50:13 -0500] "GET /BLA/resoluciones/RESOLUCIONES%202014/3413.pdf HTTP/1.1" 200 771256
188.40.73.215 - - [06/Oct/2021:07:50:23 -0500] "GET /BLA/resoluciones/RESOLUCIONES%202014/0111.pdf HTTP/1.1" 200 576168
188.40.73.215 - - [06/Oct/2021:07:50:33 -0500] "GET /BLA/resoluciones/RESOLUCIONES%202014/0363.pdf HTTP/1.1" 200 445246
186.86.33.19 - - [06/Oct/2021:07:50:34 -0500] "GET /galeria/galeria/jquery.fancybox.css?v=2.1.5 HTTP/1.1" 200 4895
186.86.33.19 - - [06/Oct/2021:07:50:34 -0500] "GET /BLA/boletinlegal/js/jquery.scrollShow.js HTTP/1.1" 200 4586
186.86.33.19 - - [06/Oct/2021:07:50:34 -0500] "GET /galeria/galeria/jquery.fancybox.js?v=2.1.5 HTTP/1.1" 200 48706
54.204.72.149 - - [06/Oct/2021:07:50:35 -0500] "GET /galeria/galeria/jquery.fancybox.js?v=2.1.5 HTTP/1.1" 200 48706
190.26.220.58 - - [06/Oct/2021:07:50:38 -0500] "GET /catalogoisis/ HTTP/1.1" 200 8575
201.245.192.253 - - [06/Oct/2021:07:50:39 -0500] "GET /catalogoisis/ HTTP/1.1" 200 8575
186.148.168.245 - - [06/Oct/2021:07:50:10 -0500] "POST /sipse/faces/bienvenido.xhtml HTTP/1.1" 200 81375
186.148.168.245 - - [06/Oct/2021:07:50:42 -0500] "GET /sipse/css/imagen/contrasena.png HTTP/1.1" 404 383
186.148.168.245 - - [06/Oct/2021:07:50:42 -0500] "GET /sipse/faces/javax.faces.resource/primefaces.css?ln=primefaces&v=4.0 HTTP/1.1" 304 -
186.148.168.245 - - [06/Oct/2021:07:50:42 -0500] "GET /sipse/faces/javax.faces.resource/theme.css?ln=primefaces-sipse HTTP/1.1" 304 -
186.148.168.245 - - [06/Oct/2021:07:50:42 -0500] "GET /sipse/faces/javax.faces.resource/layout/layout.css?ln=primefaces&v=4.0 HTTP/1.1" 304 -
186.148.168.245 - - [06/Oct/2021:07:50:42 -0500] "GET /sipse/faces/javax.faces.resource/jquery/jquery.js?ln=primefaces&v=4.0 HTTP/1.1" 304 -
186.148.168.245 - - [06/Oct/2021:07:50:42 -0500] "GET /sipse/faces/javax.faces.resource/jquery/jquery-plugins.js?ln=primefaces&v=4.0 HTTP/1.1" 304 -
186.148.168.245 - - [06/Oct/2021:07:50:42 -0500] "GET /sipse/faces/javax.faces.resource/primefaces.js?ln=primefaces&v=4.0 HTTP/1.1" 304 -
186.148.168.245 - - [06/Oct/2021:07:50:42 -0500] "GET /sipse/faces/javax.faces.resource/layout/layout.js?ln=primefaces&v=4.0 HTTP/1.1" 304 -
188.40.73.215 - - [06/Oct/2021:07:50:42 -0500] "GET /BLA/resoluciones/RESOLUCIONES%202014/1743.pdf HTTP/1.1" 200 613604
186.148.168.245 - - [06/Oct/2021:07:50:42 -0500] "GET /sipse/faces/javax.faces.resource/images/ui-icons_898989_256x240.png?ln=primefaces-aristo HTTP/1.1" 304 -
66.249.66.139 - - [06/Oct/2021:07:50:44 -0500] "-" 408 -
186.148.168.245 - - [06/Oct/2021:07:50:45 -0500] "GET /sipse/faces/javax.faces.resource/images/ui-bg_flat_0_2d5972_40x100.png?ln=primefaces-aristo HTTP/1.1" 304 -
186.148.168.245 - - [06/Oct/2021:07:50:45 -0500] "POST /sipse/faces/presentacion/proyectos/proyecto/listarProyecto.xhtml HTTP/1.1" 200 4916
181.61.167.96 - - [06/Oct/2021:07:50:46 -0500] "GET /galeria/nivo-slider/demo/escuadron.mp4 HTTP/1.1" 206 14496715
191.156.185.117 - - [06/Oct/2021:07:50:46 -0500] "GET /galeria/galeria/jquery.fancybox.css?v=2.1.5 HTTP/1.1" 200 4895
191.156.184.224 - - [06/Oct/2021:07:50:46 -0500] "GET /BLA/boletinlegal/js/jquery.scrollShow.js HTTP/1.1" 200 4586
191.156.185.117 - - [06/Oct/2021:07:50:46 -0500] "GET /galeria/galeria/jquery.fancybox.js?v=2.1.5 HTTP/1.1" 200 48706
186.148.168.245 - - [06/Oct/2021:07:50:47 -0500] "POST /sipse/faces/presentacion/proyectos/proyecto/listarProyecto.xhtml HTTP/1.1" 200 163
186.148.168.245 - - [06/Oct/2021:07:50:50 -0500] "GET /sipse/faces/javax.faces.resource/primefaces.css?ln=primefaces&v=4.0 HTTP/1.1" 304 -
186.148.168.245 - - [06/Oct/2021:07:50:50 -0500] "GET /sipse/faces/javax.faces.resource/jquery/jquery.js?ln=primefaces&v=4.0 HTTP/1.1" 304 -
186.148.168.245 - - [06/Oct/2021:07:50:50 -0500] "GET /sipse/faces/javax.faces.resource/layout/layout.css?ln=primefaces&v=4.0 HTTP/1.1" 304 -
186.148.168.245 - - [06/Oct/2021:07:50:50 -0500] "GET /sipse/faces/javax.faces.resource/theme.css?ln=primefaces-sipse HTTP/1.1" 304 -
186.148.168.245 - - [06/Oct/2021:07:50:50 -0500] "GET /sipse/faces/javax.faces.resource/jquery/jquery-plugins.js?ln=primefaces&v=4.0 HTTP/1.1" 304 -
186.148.168.245 - - [06/Oct/2021:07:50:50 -0500] "GET /sipse/faces/javax.faces.resource/primefaces.js?ln=primefaces&v=4.0 HTTP/1.1" 304 -
186.148.168.245 - - [06/Oct/2021:07:50:50 -0500] "GET /sipse/faces/javax.faces.resource/layout/layout.js?ln=primefaces&v=4.0 HTTP/1.1" 304 -
186.148.168.245 - - [06/Oct/2021:07:50:50 -0500] "GET /sipse/css/imagen/contrasena.png HTTP/1.1" 404 383
186.148.168.245 - - [06/Oct/2021:07:50:50 -0500] "GET /sipse/faces/javax.faces.resource/images/ui-icons_898989_256x240.png?ln=primefaces-aristo HTTP/1.1" 304 -
186.148.168.245 - - [06/Oct/2021:07:50:48 -0500] "GET /sipse/faces/presentacion/proyectos/proyecto/proyecto.xhtml HTTP/1.1" 200 91393
186.148.168.245 - - [06/Oct/2021:07:50:51 -0500] "GET /sipse/faces/javax.faces.resource/images/ui-bg_flat_0_2d5972_40x100.png?ln=primefaces-aristo HTTP/1.1" 304 -
186.148.168.245 - - [06/Oct/2021:07:50:51 -0500] "POST /sipse/faces/presentacion/proyectos/proyecto/proyecto.xhtml HTTP/1.1" 200 3261
188.40.73.215 - - [06/Oct/2021:07:50:51 -0500] "GET /BLA/resoluciones/RESOLUCIONES%202014/0131.pdf HTTP/1.1" 200 875113
186.148.168.245 - - [06/Oct/2021:07:50:54 -0500] "POST /sipse/faces/presentacion/proyectos/proyecto/proyecto.xhtml HTTP/1.1" 200 24286
186.148.168.245 - - [06/Oct/2021:07:50:56 -0500] "GET /sipse/faces/javax.faces.resource/layout/layout.css?ln=primefaces&v=4.0 HTTP/1.1" 304 -
186.148.168.245 - - [06/Oct/2021:07:50:56 -0500] "GET /sipse/faces/javax.faces.resource/theme.css?ln=primefaces-sipse HTTP/1.1" 304 -
186.148.168.245 - - [06/Oct/2021:07:50:56 -0500] "GET /sipse/faces/javax.faces.resource/primefaces.css?ln=primefaces&v=4.0 HTTP/1.1" 304 -
186.148.168.245 - - [06/Oct/2021:07:50:56 -0500] "GET /sipse/faces/javax.faces.resource/jquery/jquery.js?ln=primefaces&v=4.0 HTTP/1.1" 304 -
186.148.168.245 - - [06/Oct/2021:07:50:56 -0500] "GET /sipse/faces/javax.faces.resource/jquery/jquery-plugins.js?ln=primefaces&v=4.0 HTTP/1.1" 304 -
186.148.168.245 - - [06/Oct/2021:07:50:56 -0500] "GET /sipse/faces/javax.faces.resource/primefaces.js?ln=primefaces&v=4.0 HTTP/1.1" 304 -
186.148.168.245 - - [06/Oct/2021:07:50:56 -0500] "GET /sipse/faces/javax.faces.resource/layout/layout.js?ln=primefaces&v=4.0 HTTP/1.1" 304 -
54.89.39.139 - - [06/Oct/2021:07:50:56 -0500] "GET /BLA/boletinlegal/js/jquery.scrollShow.js HTTP/1.1" 200 4586
186.148.168.245 - - [06/Oct/2021:07:50:56 -0500] "GET /sipse/css/imagen/contrasena.png HTTP/1.1" 404 383
95.108.213.28 - - [06/Oct/2021:07:51:01 -0500] "-" 408 -
188.40.73.215 - - [06/Oct/2021:07:51:02 -0500] "GET /BLA/resoluciones/RESOLUCIONES%202014/1230.pdf HTTP/1.1" 200 568815
186.148.168.245 - - [06/Oct/2021:07:51:07 -0500] "POST /sipse/faces/presentacion/proyectos/proyecto/proyectoAdministrador/editarAdministrador.xhtml HTTP/1.1" 200 18722
188.40.73.215 - - [06/Oct/2021:07:51:11 -0500] "GET /BLA/resoluciones/RESOLUCIONES%202014/0959.pdf HTTP/1.1" 200 627409
186.148.168.245 - - [06/Oct/2021:07:51:11 -0500] "POST /sipse/faces/presentacion/proyectos/proyecto/proyectoAdministrador/editarAdministrador.xhtml HTTP/1.1" 200 2597
188.40.73.215 - - [06/Oct/2021:07:51:20 -0500] "GET /BLA/resoluciones/RESOLUCIONES%202014/1926.pdf HTTP/1.1" 200 311246
188.40.73.215 - - [06/Oct/2021:07:51:29 -0500] "GET /BLA/resoluciones/RESOLUCIONES%202014/2655.pdf HTTP/1.1" 200 631087
188.40.73.215 - - [06/Oct/2021:07:51:38 -0500] "GET /BLA/resoluciones/RESOLUCIONES%202014/2965.pdf HTTP/1.1" 200 4377676
201.245.192.253 - - [06/Oct/2021:07:51:40 -0500] "GET /catalogoisis/ HTTP/1.1" 200 8575
188.40.73.215 - - [06/Oct/2021:07:51:45 -0500] "GET /BLA/resoluciones/RESOLUCIONES%202014/3307.pdf HTTP/1.1" 200 649872
188.40.73.215 - - [06/Oct/2021:07:51:54 -0500] "GET /BLA/resoluciones/RESOLUCIONES%202014/1193.pdf HTTP/1.1" 200 972229
190.43.232.81 - - [06/Oct/2021:07:51:55 -0500] "GET /galeria/galeria/jquery.fancybox.css?v=2.1.5 HTTP/1.1" 200 4895
190.43.232.81 - - [06/Oct/2021:07:52:00 -0500] "GET /BLA/boletinlegal/js/jquery.scrollShow.js HTTP/1.1" 200 4586
190.43.232.81 - - [06/Oct/2021:07:52:00 -0500] "GET /galeria/galeria/jquery.fancybox.js?v=2.1.5 HTTP/1.1" 200 48706
186.28.138.136 - - [06/Oct/2021:07:52:02 -0500] "GET /galeria/galeria/jquery.fancybox.css?v=2.1.5 HTTP/1.1" 200 4895
186.28.138.136 - - [06/Oct/2021:07:52:02 -0500] "GET /BLA/boletinlegal/js/jquery.scrollShow.js HTTP/1.1" 200 4586
186.28.138.136 - - [06/Oct/2021:07:52:02 -0500] "GET /galeria/galeria/jquery.fancybox.js?v=2.1.5 HTTP/1.1" 200 48706
188.40.73.215 - - [06/Oct/2021:07:52:03 -0500] "GET /BLA/resoluciones/RESOLUCIONES%202014/0271.pdf HTTP/1.1" 200 909386
173.252.111.17 - - [06/Oct/2021:07:52:10 -0500] "GET /el-pot-lo-construimos-entre-todos-carolina-urrutia-secretaria-de-ambiente.html HTTP/1.1" 206 1070
186.81.58.197 - - [06/Oct/2021:07:52:12 -0500] "GET /galeria/galeria/jquery.fancybox.css?v=2.1.5 HTTP/1.1" 200 4895
186.81.58.197 - - [06/Oct/2021:07:52:12 -0500] "GET /BLA/boletinlegal/js/jquery.scrollShow.js HTTP/1.1" 200 4586
186.81.58.197 - - [06/Oct/2021:07:52:12 -0500] "GET /galeria/galeria/jquery.fancybox.js?v=2.1.5 HTTP/1.1" 200 48706
188.40.73.215 - - [06/Oct/2021:07:52:13 -0500] "GET /BLA/resoluciones/RESOLUCIONES%202014/1260.pdf HTTP/1.1" 200 661938
188.40.73.215 - - [06/Oct/2021:07:52:21 -0500] "GET /BLA/resoluciones/RESOLUCIONES%202014/3390.pdf HTTP/1.1" 200 2285865
188.40.73.215 - - [06/Oct/2021:07:52:26 -0500] "GET /BLA/resoluciones/RESOLUCIONES%202014/1308.pdf HTTP/1.1" 200 478665
186.190.254.28 - - [06/Oct/2021:07:52:28 -0500] "GET /galeria/galeria/jquery.fancybox.css?v=2.1.5 HTTP/1.1" 200 4895
186.190.254.28 - - [06/Oct/2021:07:52:28 -0500] "GET /BLA/boletinlegal/js/jquery.scrollShow.js HTTP/1.1" 200 4586
186.190.254.28 - - [06/Oct/2021:07:52:28 -0500] "GET /galeria/galeria/jquery.fancybox.js?v=2.1.5 HTTP/1.1" 200 48706
188.40.73.215 - - [06/Oct/2021:07:52:35 -0500] "GET /BLA/resoluciones/RESOLUCIONES%202014/1877.pdf HTTP/1.1" 200 565307
201.245.192.253 - - [06/Oct/2021:07:52:40 -0500] "GET /catalogoisis/ HTTP/1.1" 200 8575
188.40.73.215 - - [06/Oct/2021:07:52:45 -0500] "GET /BLA/resoluciones/RESOLUCIONES%202014/0051.pdf HTTP/1.1" 200 545888
191.156.27.30 - - [06/Oct/2021:07:52:52 -0500] "GET /galeria/galeria/jquery.fancybox.css?v=2.1.5 HTTP/1.1" 200 4895
191.156.27.30 - - [06/Oct/2021:07:52:52 -0500] "GET /BLA/boletinlegal/js/jquery.scrollShow.js HTTP/1.1" 200 4586
191.156.27.30 - - [06/Oct/2021:07:52:52 -0500] "GET /galeria/galeria/jquery.fancybox.js?v=2.1.5 HTTP/1.1" 200 48706
188.40.73.215 - - [06/Oct/2021:07:52:55 -0500] "GET /BLA/resoluciones/RESOLUCIONES%202014/2253.pdf HTTP/1.1" 200 822470
213.180.203.99 - - [06/Oct/2021:07:53:01 -0500] "-" 408 -
177.245.219.246 - - [06/Oct/2021:07:53:04 -0500] "GET /BLA/boletinlegal/js/jquery.scrollShow.js HTTP/1.1" 200 4586
177.245.219.246 - - [06/Oct/2021:07:53:04 -0500] "GET /galeria/galeria/jquery.fancybox.js?v=2.1.5 HTTP/1.1" 200 48706
188.40.73.215 - - [06/Oct/2021:07:53:04 -0500] "GET /BLA/resoluciones/RESOLUCIONES%202014/2574.pdf HTTP/1.1" 200 424747
177.245.219.246 - - [06/Oct/2021:07:53:04 -0500] "GET /galeria/galeria/jquery.fancybox.css?v=2.1.5 HTTP/1.1" 200 4895
152.200.140.50 - - [06/Oct/2021:07:53:09 -0500] "GET /galeria/galeria/jquery.fancybox.css?v=2.1.5 HTTP/1.1" 200 4895
188.40.73.215 - - [06/Oct/2021:07:53:14 -0500] "GET /BLA/resoluciones/RESOLUCIONES%202014/0836.pdf HTTP/1.1" 200 217247
152.200.140.50 - - [06/Oct/2021:07:53:16 -0500] "GET /BLA/boletinlegal/js/jquery.scrollShow.js HTTP/1.1" 200 4586
152.200.140.50 - - [06/Oct/2021:07:53:18 -0500] "GET /galeria/galeria/jquery.fancybox.js?v=2.1.5 HTTP/1.1" 200 48706
188.40.73.215 - - [06/Oct/2021:07:53:22 -0500] "GET /BLA/resoluciones/RESOLUCIONES%202014/1924.pdf HTTP/1.1" 200 550864
188.40.73.215 - - [06/Oct/2021:07:53:32 -0500] "GET /BLA/resoluciones/RESOLUCIONES%202014/2216.pdf HTTP/1.1" 200 1157853
188.40.73.215 - - [06/Oct/2021:07:53:37 -0500] "GET /BLA/resoluciones/RESOLUCIONES%202014/0660.pdf HTTP/1.1" 200 578523
201.245.192.253 - - [06/Oct/2021:07:53:41 -0500] "GET /catalogoisis/ HTTP/1.1" 200 8575
188.40.73.215 - - [06/Oct/2021:07:53:46 -0500] "GET /BLA/resoluciones/RESOLUCIONES%202014/1092.pdf HTTP/1.1" 200 1413721
188.40.73.215 - - [06/Oct/2021:07:53:51 -0500] "GET /BLA/resoluciones/RESOLUCIONES%202014/2082.pdf HTTP/1.1" 200 520418
188.40.73.215 - - [06/Oct/2021:07:54:01 -0500] "GET /BLA/resoluciones/RESOLUCIONES%202014/1510.pdf HTTP/1.1" 200 559724
200.116.195.226 - - [06/Oct/2021:07:54:01 -0500] "GET /galeria/galeria/jquery.fancybox.css?v=2.1.5 HTTP/1.1" 200 4895
200.116.195.226 - - [06/Oct/2021:07:54:01 -0500] "GET /BLA/boletinlegal/js/jquery.scrollShow.js HTTP/1.1" 200 4586
200.116.195.226 - - [06/Oct/2021:07:54:01 -0500] "GET /galeria/galeria/jquery.fancybox.js?v=2.1.5 HTTP/1.1" 200 48706
188.40.73.215 - - [06/Oct/2021:07:54:11 -0500] "GET /BLA/resoluciones/RESOLUCIONES%202014/3461.pdf HTTP/1.1" 200 581886
188.40.73.215 - - [06/Oct/2021:07:54:22 -0500] "GET /BLA/resoluciones/RESOLUCIONES%202014/1243.pdf HTTP/1.1" 200 539001
201.245.192.253 - - [06/Oct/2021:07:54:29 -0500] "GET /sipse/faces/autenticacion.xhtml HTTP/1.1" 200 12183
201.245.192.253 - - [06/Oct/2021:07:54:30 -0500] "GET /sipse/faces/javax.faces.resource/theme.css?ln=primefaces-sipse HTTP/1.1" 304 -
201.245.192.253 - - [06/Oct/2021:07:54:30 -0500] "GET /sipse/faces/javax.faces.resource/primefaces.css?ln=primefaces&v=4.0 HTTP/1.1" 304 -
201.245.192.253 - - [06/Oct/2021:07:54:30 -0500] "GET /sipse/faces/javax.faces.resource/layout/layout.css?ln=primefaces&v=4.0 HTTP/1.1" 304 -
201.245.192.253 - - [06/Oct/2021:07:54:30 -0500] "GET /sipse/faces/javax.faces.resource/jquery/jquery.js?ln=primefaces&v=4.0 HTTP/1.1" 304 -
201.245.192.253 - - [06/Oct/2021:07:54:30 -0500] "GET /sipse/faces/javax.faces.resource/jquery/jquery-plugins.js?ln=primefaces&v=4.0 HTTP/1.1" 304 -
201.245.192.253 - - [06/Oct/2021:07:54:30 -0500] "GET /sipse/faces/javax.faces.resource/primefaces.js?ln=primefaces&v=4.0 HTTP/1.1" 304 -
201.245.192.253 - - [06/Oct/2021:07:54:30 -0500] "GET /sipse/faces/javax.faces.resource/layout/layout.js?ln=primefaces&v=4.0 HTTP/1.1" 304 -
201.245.192.253 - - [06/Oct/2021:07:54:30 -0500] "GET /sipse/faces/javax.faces.resource/images/ui-icons_898989_256x240.png?ln=primefaces-aristo HTTP/1.1" 304 -
201.245.192.253 - - [06/Oct/2021:07:54:30 -0500] "GET /sipse/faces/index.xhtml HTTP/1.1" 200 677
201.245.192.253 - - [06/Oct/2021:07:54:30 -0500] "GET /sipse/faces/javax.faces.resource/theme.css?ln=primefaces-sipse HTTP/1.1" 304 -
201.245.192.253 - - [06/Oct/2021:07:54:30 -0500] "GET /sipse/faces/faces/autenticacion.xhtml HTTP/1.1" 200 12183
201.245.192.253 - - [06/Oct/2021:07:54:30 -0500] "GET /sipse/faces/javax.faces.resource/primefaces.css?ln=primefaces&v=4.0 HTTP/1.1" 304 -
201.245.192.253 - - [06/Oct/2021:07:54:30 -0500] "GET /sipse/faces/javax.faces.resource/theme.css?ln=primefaces-sipse HTTP/1.1" 304 -
201.245.192.253 - - [06/Oct/2021:07:54:30 -0500] "GET /sipse/faces/javax.faces.resource/layout/layout.css?ln=primefaces&v=4.0 HTTP/1.1" 304 -
201.245.192.253 - - [06/Oct/2021:07:54:30 -0500] "GET /sipse/faces/javax.faces.resource/jquery/jquery.js?ln=primefaces&v=4.0 HTTP/1.1" 304 -
201.245.192.253 - - [06/Oct/2021:07:54:30 -0500] "GET /sipse/faces/javax.faces.resource/jquery/jquery-plugins.js?ln=primefaces&v=4.0 HTTP/1.1" 304 -
201.245.192.253 - - [06/Oct/2021:07:54:30 -0500] "GET /sipse/faces/javax.faces.resource/primefaces.js?ln=primefaces&v=4.0 HTTP/1.1" 304 -
201.245.192.253 - - [06/Oct/2021:07:54:30 -0500] "GET /sipse/faces/javax.faces.resource/layout/layout.js?ln=primefaces&v=4.0 HTTP/1.1" 304 -
188.40.73.215 - - [06/Oct/2021:07:54:31 -0500] "GET /BLA/resoluciones/RESOLUCIONES%202014/1003.pdf HTTP/1.1" 200 1098727
188.40.73.215 - - [06/Oct/2021:07:54:35 -0500] "GET /BLA/resoluciones/RESOLUCIONES%202014/2802.pdf HTTP/1.1" 200 312799
201.245.192.253 - - [06/Oct/2021:07:54:41 -0500] "GET /catalogoisis/ HTTP/1.1" 200 8575
188.40.73.215 - - [06/Oct/2021:07:54:45 -0500] "GET /BLA/resoluciones/RESOLUCIONES%202014/2450.pdf HTTP/1.1" 200 626883
190.27.245.107 - - [06/Oct/2021:07:54:48 -0500] "GET /sipse/ HTTP/1.1" 302 -
201.245.192.253 - - [06/Oct/2021:07:54:48 -0500] "GET /sipse/faces/autenticacion.xhtml HTTP/1.1" 200 12183
201.245.192.253 - - [06/Oct/2021:07:54:48 -0500] "GET /sipse/faces/javax.faces.resource/theme.css?ln=primefaces-sipse HTTP/1.1" 304 -
201.245.192.253 - - [06/Oct/2021:07:54:48 -0500] "GET /sipse/faces/javax.faces.resource/layout/layout.css?ln=primefaces&v=4.0 HTTP/1.1" 304 -
201.245.192.253 - - [06/Oct/2021:07:54:48 -0500] "GET /sipse/faces/javax.faces.resource/primefaces.js?ln=primefaces&v=4.0 HTTP/1.1" 304 -
201.245.192.253 - - [06/Oct/2021:07:54:48 -0500] "GET /sipse/faces/javax.faces.resource/jquery/jquery-plugins.js?ln=primefaces&v=4.0 HTTP/1.1" 304 -
201.245.192.253 - - [06/Oct/2021:07:54:48 -0500] "GET /sipse/faces/javax.faces.resource/jquery/jquery.js?ln=primefaces&v=4.0 HTTP/1.1" 304 -
201.245.192.253 - - [06/Oct/2021:07:54:48 -0500] "GET /sipse/faces/javax.faces.resource/layout/layout.js?ln=primefaces&v=4.0 HTTP/1.1" 304 -
201.245.192.253 - - [06/Oct/2021:07:54:48 -0500] "GET /sipse/faces/javax.faces.resource/primefaces.css?ln=primefaces&v=4.0 HTTP/1.1" 304 -
201.245.192.253 - - [06/Oct/2021:07:54:48 -0500] "GET /sipse/faces/javax.faces.resource/images/ui-icons_898989_256x240.png?ln=primefaces-aristo HTTP/1.1" 304 -
201.245.192.253 - - [06/Oct/2021:07:54:48 -0500] "GET /sipse/faces/index.xhtml HTTP/1.1" 200 677
201.245.192.253 - - [06/Oct/2021:07:54:48 -0500] "GET /sipse/faces/javax.faces.resource/theme.css?ln=primefaces-sipse HTTP/1.1" 304 -
201.245.192.253 - - [06/Oct/2021:07:54:48 -0500] "GET /sipse/faces/faces/autenticacion.xhtml HTTP/1.1" 200 12183
201.245.192.253 - - [06/Oct/2021:07:54:49 -0500] "GET /sipse/faces/javax.faces.resource/theme.css?ln=primefaces-sipse HTTP/1.1" 304 -
201.245.192.253 - - [06/Oct/2021:07:54:49 -0500] "GET /sipse/faces/javax.faces.resource/layout/layout.css?ln=primefaces&v=4.0 HTTP/1.1" 304 -
201.245.192.253 - - [06/Oct/2021:07:54:49 -0500] "GET /sipse/faces/javax.faces.resource/jquery/jquery-plugins.js?ln=primefaces&v=4.0 HTTP/1.1" 304 -
201.245.192.253 - - [06/Oct/2021:07:54:49 -0500] "GET /sipse/faces/javax.faces.resource/primefaces.js?ln=primefaces&v=4.0 HTTP/1.1" 304 -
201.245.192.253 - - [06/Oct/2021:07:54:49 -0500] "GET /sipse/faces/javax.faces.resource/jquery/jquery.js?ln=primefaces&v=4.0 HTTP/1.1" 304 -
201.245.192.253 - - [06/Oct/2021:07:54:49 -0500] "GET /sipse/faces/javax.faces.resource/primefaces.css?ln=primefaces&v=4.0 HTTP/1.1" 304 -
201.245.192.253 - - [06/Oct/2021:07:54:49 -0500] "GET /sipse/faces/javax.faces.resource/layout/layout.js?ln=primefaces&v=4.0 HTTP/1.1" 304 -
201.245.192.253 - - [06/Oct/2021:07:54:49 -0500] "GET /sipse/faces/javax.faces.resource/images/ui-icons_898989_256x240.png?ln=primefaces-aristo HTTP/1.1" 304 -
201.245.192.253 - - [06/Oct/2021:07:54:51 -0500] "POST /sipse/faces/autenticacion.xhtml HTTP/1.1" 200 16478
201.245.192.253 - - [06/Oct/2021:07:54:51 -0500] "GET /sipse/faces/javax.faces.resource/theme.css?ln=primefaces-sipse HTTP/1.1" 304 -
201.245.192.253 - - [06/Oct/2021:07:54:51 -0500] "GET /sipse/faces/javax.faces.resource/layout/layout.css?ln=primefaces&v=4.0 HTTP/1.1" 304 -
201.245.192.253 - - [06/Oct/2021:07:54:51 -0500] "GET /sipse/faces/javax.faces.resource/primefaces.css?ln=primefaces&v=4.0 HTTP/1.1" 304 -
201.245.192.253 - - [06/Oct/2021:07:54:51 -0500] "GET /sipse/faces/javax.faces.resource/jquery/jquery.js?ln=primefaces&v=4.0 HTTP/1.1" 304 -
201.245.192.253 - - [06/Oct/2021:07:54:51 -0500] "GET /sipse/faces/javax.faces.resource/jquery/jquery-plugins.js?ln=primefaces&v=4.0 HTTP/1.1" 304 -
201.245.192.253 - - [06/Oct/2021:07:54:51 -0500] "GET /sipse/faces/javax.faces.resource/primefaces.js?ln=primefaces&v=4.0 HTTP/1.1" 304 -
201.245.192.253 - - [06/Oct/2021:07:54:51 -0500] "GET /sipse/faces/javax.faces.resource/layout/layout.js?ln=primefaces&v=4.0 HTTP/1.1" 304 -
201.245.192.253 - - [06/Oct/2021:07:54:51 -0500] "GET /sipse/css/imagen/contrasena.png HTTP/1.1" 404 383
201.245.192.253 - - [06/Oct/2021:07:54:51 -0500] "GET /sipse/faces/javax.faces.resource/messages/messages.png?ln=primefaces&v=4.0 HTTP/1.1" 304 -
173.252.127.34 - - [06/Oct/2021:07:54:51 -0500] "GET /el-pot-lo-construimos-entre-todos-carolina-urrutia-secretaria-de-ambiente.html?fbclid=IwAR1IR22Bxci-RYvI8z2u8G0m1aeWusPoGGki7-6JeHbdxucnyYQSmpg7GWs HTTP/1.1" 200 1070
201.245.192.253 - - [06/Oct/2021:07:54:52 -0500] "GET /sipse/faces/javax.faces.resource/images/ui-bg_flat_0_2d5972_40x100.png?ln=primefaces-aristo HTTP/1.1" 304 -
201.245.192.253 - - [06/Oct/2021:07:54:52 -0500] "POST /sipse/faces/bienvenido.xhtml HTTP/1.1" 200 3255
186.154.254.113 - - [06/Oct/2021:07:54:53 -0500] "GET /galeria/galeria/jquery.fancybox.css?v=2.1.5 HTTP/1.1" 200 4895
186.154.254.113 - - [06/Oct/2021:07:54:53 -0500] "GET /BLA/boletinlegal/js/jquery.scrollShow.js HTTP/1.1" 200 4586
186.154.254.113 - - [06/Oct/2021:07:54:53 -0500] "GET /galeria/galeria/jquery.fancybox.js?v=2.1.5 HTTP/1.1" 200 48706
186.102.46.253 - - [06/Oct/2021:07:54:54 -0500] "GET /galeria/galeria/jquery.fancybox.js?v=2.1.5 HTTP/1.1" 200 48706
186.102.46.253 - - [06/Oct/2021:07:54:54 -0500] "GET /BLA/boletinlegal/js/jquery.scrollShow.js HTTP/1.1" 200 4586
186.102.46.253 - - [06/Oct/2021:07:54:54 -0500] "GET /galeria/galeria/jquery.fancybox.css?v=2.1.5 HTTP/1.1" 200 4895
201.245.192.253 - - [06/Oct/2021:07:54:54 -0500] "POST /sipse/faces/bienvenido.xhtml HTTP/1.1" 200 57340
201.245.192.253 - - [06/Oct/2021:07:54:54 -0500] "GET /sipse/faces/javax.faces.resource/layout/layout.css?ln=primefaces&v=4.0 HTTP/1.1" 304 -
201.245.192.253 - - [06/Oct/2021:07:54:54 -0500] "GET /sipse/faces/javax.faces.resource/primefaces.css?ln=primefaces&v=4.0 HTTP/1.1" 304 -
201.245.192.253 - - [06/Oct/2021:07:54:54 -0500] "GET /sipse/faces/javax.faces.resource/theme.css?ln=primefaces-sipse HTTP/1.1" 304 -
201.245.192.253 - - [06/Oct/2021:07:54:54 -0500] "GET /sipse/faces/javax.faces.resource/jquery/jquery.js?ln=primefaces&v=4.0 HTTP/1.1" 304 -
201.245.192.253 - - [06/Oct/2021:07:54:54 -0500] "GET /sipse/faces/javax.faces.resource/jquery/jquery-plugins.js?ln=primefaces&v=4.0 HTTP/1.1" 304 -
201.245.192.253 - - [06/Oct/2021:07:54:54 -0500] "GET /sipse/faces/javax.faces.resource/primefaces.js?ln=primefaces&v=4.0 HTTP/1.1" 304 -
201.245.192.253 - - [06/Oct/2021:07:54:54 -0500] "GET /sipse/faces/javax.faces.resource/layout/layout.js?ln=primefaces&v=4.0 HTTP/1.1" 304 -
201.245.192.253 - - [06/Oct/2021:07:54:54 -0500] "POST /sipse/faces/presentacion/financiero/solicitudProceso/listarSolicitudProceso.xhtml HTTP/1.1" 200 1448
188.40.73.215 - - [06/Oct/2021:07:54:56 -0500] "GET /BLA/resoluciones/RESOLUCIONES%202014/2404.pdf HTTP/1.1" 200 5625083
216.245.221.92 - - [06/Oct/2021:07:54:57 -0500] "HEAD / HTTP/1.1" 200 -
201.245.192.253 - - [06/Oct/2021:07:54:57 -0500] "POST /sipse/faces/presentacion/financiero/solicitudProceso/listarSolicitudProceso.xhtml HTTP/1.1" 200 18932
201.245.192.253 - - [06/Oct/2021:07:54:58 -0500] "POST /sipse/faces/presentacion/financiero/solicitudProceso/listarSolicitudProceso.xhtml HTTP/1.1" 200 4491
69.63.184.117 - - [06/Oct/2021:07:54:59 -0500] "GET /participa-con-nosotros-en-el-october-big-day.html HTTP/1.1" 206 1039
188.40.73.215 - - [06/Oct/2021:07:55:02 -0500] "GET /BLA/resoluciones/RESOLUCIONES%202014/3897.pdf HTTP/1.1" 200 600863
201.245.192.253 - - [06/Oct/2021:07:54:19 -0500] "POST /kwsrmcab/Wsrmcab HTTP/1.1" 200 121950
201.245.192.253 - - [06/Oct/2021:07:55:03 -0500] "POST /sipse/faces/presentacion/financiero/solicitudProceso/listarSolicitudProceso.xhtml HTTP/1.1" 200 131051
201.245.192.253 - - [06/Oct/2021:07:55:04 -0500] "GET /sipse/faces/javax.faces.resource/layout/layout.css?ln=primefaces&v=4.0 HTTP/1.1" 304 -
201.245.192.253 - - [06/Oct/2021:07:55:04 -0500] "GET /sipse/faces/javax.faces.resource/theme.css?ln=primefaces-sipse HTTP/1.1" 304 -
201.245.192.253 - - [06/Oct/2021:07:55:04 -0500] "GET /sipse/faces/javax.faces.resource/primefaces.css?ln=primefaces&v=4.0 HTTP/1.1" 304 -
201.245.192.253 - - [06/Oct/2021:07:55:04 -0500] "GET /sipse/faces/javax.faces.resource/jquery/jquery.js?ln=primefaces&v=4.0 HTTP/1.1" 304 -
201.245.192.253 - - [06/Oct/2021:07:55:04 -0500] "GET /sipse/faces/javax.faces.resource/jquery/jquery-plugins.js?ln=primefaces&v=4.0 HTTP/1.1" 304 -
201.245.192.253 - - [06/Oct/2021:07:55:04 -0500] "GET /sipse/faces/javax.faces.resource/primefaces.js?ln=primefaces&v=4.0 HTTP/1.1" 304 -
201.245.192.253 - - [06/Oct/2021:07:55:05 -0500] "GET /sipse/faces/javax.faces.resource/layout/layout.js?ln=primefaces&v=4.0 HTTP/1.1" 304 -
201.245.192.253 - - [06/Oct/2021:07:55:05 -0500] "GET /reportes_sipse/sdg/ServletReporte?reporte=experienia_idoneidad&solicitud=14895&pfdrid_c=false HTTP/1.1" 200 94782
188.40.73.215 - - [06/Oct/2021:07:55:12 -0500] "GET /BLA/resoluciones/RESOLUCIONES%202014/1064.pdf HTTP/1.1" 200 496111
201.245.192.253 - - [06/Oct/2021:07:55:14 -0500] "POST /sipse/faces/autenticacion.xhtml HTTP/1.1" 200 2225
201.245.192.253 - - [06/Oct/2021:07:55:14 -0500] "GET /sipse/faces/javax.faces.resource/messages/messages.png?ln=primefaces&v=4.0 HTTP/1.1" 304 -
201.245.192.253 - - [06/Oct/2021:07:55:15 -0500] "GET /sipse/faces/javax.faces.resource/images/ui-icons_898989_256x240.png?ln=primefaces-aristo HTTP/1.1" 304 -
201.245.192.253 - - [06/Oct/2021:07:55:15 -0500] "POST /sipse/faces/autenticacion.xhtml HTTP/1.1" 200 16051
201.245.192.253 - - [06/Oct/2021:07:55:16 -0500] "GET /sipse/faces/javax.faces.resource/theme.css?ln=primefaces-sipse HTTP/1.1" 304 -
201.245.192.253 - - [06/Oct/2021:07:55:16 -0500] "GET /sipse/faces/javax.faces.resource/primefaces.css?ln=primefaces&v=4.0 HTTP/1.1" 304 -
201.245.192.253 - - [06/Oct/2021:07:55:16 -0500] "GET /sipse/faces/javax.faces.resource/layout/layout.css?ln=primefaces&v=4.0 HTTP/1.1" 304 -
201.245.192.253 - - [06/Oct/2021:07:55:16 -0500] "GET /sipse/faces/javax.faces.resource/jquery/jquery.js?ln=primefaces&v=4.0 HTTP/1.1" 304 -
201.245.192.253 - - [06/Oct/2021:07:55:16 -0500] "GET /sipse/faces/javax.faces.resource/jquery/jquery-plugins.js?ln=primefaces&v=4.0 HTTP/1.1" 304 -
201.245.192.253 - - [06/Oct/2021:07:55:16 -0500] "GET /sipse/faces/javax.faces.resource/primefaces.js?ln=primefaces&v=4.0 HTTP/1.1" 304 -
201.245.192.253 - - [06/Oct/2021:07:55:16 -0500] "GET /sipse/faces/javax.faces.resource/layout/layout.js?ln=primefaces&v=4.0 HTTP/1.1" 304 -
201.245.192.253 - - [06/Oct/2021:07:55:16 -0500] "GET /sipse/css/imagen/contrasena.png HTTP/1.1" 404 383
188.40.73.215 - - [06/Oct/2021:07:55:24 -0500] "GET /BLA/resoluciones/RESOLUCIONES%202014/0392.pdf HTTP/1.1" 200 618204
201.245.192.253 - - [06/Oct/2021:07:55:31 -0500] "POST /sipse/faces/presentacion/financiero/solicitudProceso/consultarSolicitudProceso.xhtml HTTP/1.1" 200 34890
201.245.192.253 - - [06/Oct/2021:07:55:33 -0500] "GET /sipse/faces/javax.faces.resource/theme.css?ln=primefaces-sipse HTTP/1.1" 304 -
201.245.192.253 - - [06/Oct/2021:07:55:34 -0500] "GET /sipse/faces/javax.faces.resource/layout/layout.css?ln=primefaces&v=4.0 HTTP/1.1" 304 -
201.245.192.253 - - [06/Oct/2021:07:55:34 -0500] "GET /sipse/faces/javax.faces.resource/primefaces.css?ln=primefaces&v=4.0 HTTP/1.1" 304 -
201.245.192.253 - - [06/Oct/2021:07:55:34 -0500] "GET /sipse/faces/javax.faces.resource/jquery/jquery.js?ln=primefaces&v=4.0 HTTP/1.1" 304 -
201.245.192.253 - - [06/Oct/2021:07:55:34 -0500] "GET /sipse/faces/javax.faces.resource/jquery/jquery-plugins.js?ln=primefaces&v=4.0 HTTP/1.1" 304 -
201.245.192.253 - - [06/Oct/2021:07:55:34 -0500] "GET /sipse/faces/javax.faces.resource/primefaces.js?ln=primefaces&v=4.0 HTTP/1.1" 304 -
201.245.192.253 - - [06/Oct/2021:07:55:34 -0500] "GET /sipse/faces/javax.faces.resource/layout/layout.js?ln=primefaces&v=4.0 HTTP/1.1" 304 -
201.245.192.253 - - [06/Oct/2021:07:55:34 -0500] "POST /sipse/faces/presentacion/financiero/solicitudProceso/listarSolicitudProceso.xhtml HTTP/1.1" 200 1348
188.40.73.215 - - [06/Oct/2021:07:55:35 -0500] "GET /BLA/resoluciones/RESOLUCIONES%202014/1224.pdf HTTP/1.1" 200 914265
190.255.37.130 - - [06/Oct/2021:07:55:38 -0500] "GET /galeria/galeria/jquery.fancybox.css?v=2.1.5 HTTP/1.1" 200 4895
190.255.37.130 - - [06/Oct/2021:07:55:40 -0500] "GET /BLA/boletinlegal/js/jquery.scrollShow.js HTTP/1.1" 200 4586
190.255.37.130 - - [06/Oct/2021:07:55:40 -0500] "GET /galeria/galeria/jquery.fancybox.js?v=2.1.5 HTTP/1.1" 200 48706
201.245.192.253 - - [06/Oct/2021:07:55:42 -0500] "GET /catalogoisis/ HTTP/1.1" 200 8575
188.40.73.215 - - [06/Oct/2021:07:55:47 -0500] "GET /BLA/resoluciones/RESOLUCIONES%202014/0390.pdf HTTP/1.1" 200 514588
186.86.32.76 - - [06/Oct/2021:07:55:50 -0500] "GET /galeria/galeria/jquery.fancybox.css?v=2.1.5 HTTP/1.1" 200 4895
186.86.32.76 - - [06/Oct/2021:07:55:50 -0500] "GET /BLA/boletinlegal/js/jquery.scrollShow.js HTTP/1.1" 200 4586
186.86.32.76 - - [06/Oct/2021:07:55:50 -0500] "GET /galeria/galeria/jquery.fancybox.js?v=2.1.5 HTTP/1.1" 200 48706
188.40.73.215 - - [06/Oct/2021:07:55:58 -0500] "GET /BLA/resoluciones/RESOLUCIONES%202014/0138.pdf HTTP/1.1" 200 569704
5.255.253.155 - - [06/Oct/2021:07:56:01 -0500] "-" 408 -
190.193.132.100 - - [06/Oct/2021:07:56:06 -0500] "GET /BLA/boletinlegal/js/jquery.scrollShow.js HTTP/1.1" 200 4586
190.193.132.100 - - [06/Oct/2021:07:56:06 -0500] "GET /galeria/galeria/jquery.fancybox.js?v=2.1.5 HTTP/1.1" 200 48706
190.193.132.100 - - [06/Oct/2021:07:56:06 -0500] "GET /galeria/galeria/jquery.fancybox.css?v=2.1.5 HTTP/1.1" 200 4895
188.40.73.215 - - [06/Oct/2021:07:56:08 -0500] "GET /BLA/resoluciones/RESOLUCIONES%202014/2292.pdf HTTP/1.1" 200 343035
34.205.76.81 - - [06/Oct/2021:07:56:13 -0500] "GET /BLA/boletinlegal/js/jquery.scrollShow.js HTTP/1.1" 200 4586
188.40.73.215 - - [06/Oct/2021:07:56:18 -0500] "GET /BLA/resoluciones/RESOLUCIONES%202014/0540.pdf HTTP/1.1" 200 877482
66.249.66.139 - - [06/Oct/2021:07:56:27 -0500] "-" 408 -
188.40.73.215 - - [06/Oct/2021:07:56:31 -0500] "GET /BLA/resoluciones/RESOLUCIONES%202014/2459.pdf HTTP/1.1" 200 291906
188.40.73.215 - - [06/Oct/2021:07:56:41 -0500] "GET /BLA/resoluciones/RESOLUCIONES%202014/3136.pdf HTTP/1.1" 200 490687
201.245.192.253 - - [06/Oct/2021:07:56:43 -0500] "GET /catalogoisis/ HTTP/1.1" 200 8575
188.40.73.215 - - [06/Oct/2021:07:56:52 -0500] "GET /BLA/resoluciones/RESOLUCIONES%202014/2703.pdf HTTP/1.1" 200 269253
188.40.73.215 - - [06/Oct/2021:07:57:01 -0500] "GET /BLA/resoluciones/RESOLUCIONES%202014/2096.pdf HTTP/1.1" 200 716221
188.40.73.215 - - [06/Oct/2021:07:57:12 -0500] "GET /BLA/resoluciones/RESOLUCIONES%202014/0016.pdf HTTP/1.1" 200 999778
191.156.183.231 - - [06/Oct/2021:07:57:15 -0500] "GET /galeria/galeria/jquery.fancybox.css?v=2.1.5 HTTP/1.1" 200 4895
191.156.183.231 - - [06/Oct/2021:07:57:15 -0500] "GET /BLA/boletinlegal/js/jquery.scrollShow.js HTTP/1.1" 200 4586
191.156.181.220 - - [06/Oct/2021:07:57:16 -0500] "GET /galeria/galeria/jquery.fancybox.js?v=2.1.5 HTTP/1.1" 200 48706
201.245.192.253 - - [06/Oct/2021:07:57:16 -0500] "GET /sipse/faces/javax.faces.resource/images/ui-bg_flat_0_2d5972_40x100.png?ln=primefaces-aristo HTTP/1.1" 304 -
201.245.192.253 - - [06/Oct/2021:07:57:16 -0500] "POST /sipse/faces/bienvenido.xhtml HTTP/1.1" 200 2658
188.40.73.215 - - [06/Oct/2021:07:57:21 -0500] "GET /BLA/resoluciones/RESOLUCIONES%202014/0813.pdf HTTP/1.1" 200 576972
201.245.192.253 - - [06/Oct/2021:07:57:16 -0500] "POST /sipse/faces/bienvenido.xhtml HTTP/1.1" 200 61971
201.245.192.253 - - [06/Oct/2021:07:57:25 -0500] "GET /sipse/faces/javax.faces.resource/primefaces.css?ln=primefaces&v=4.0 HTTP/1.1" 304 -
201.245.192.253 - - [06/Oct/2021:07:57:25 -0500] "GET /sipse/faces/javax.faces.resource/theme.css?ln=primefaces-sipse HTTP/1.1" 304 -
201.245.192.253 - - [06/Oct/2021:07:57:25 -0500] "GET /sipse/faces/javax.faces.resource/layout/layout.css?ln=primefaces&v=4.0 HTTP/1.1" 304 -
201.245.192.253 - - [06/Oct/2021:07:57:25 -0500] "GET /sipse/css/imagen/contrasena.png HTTP/1.1" 404 383
201.245.192.253 - - [06/Oct/2021:07:57:25 -0500] "GET /sipse/faces/javax.faces.resource/jquery/jquery.js?ln=primefaces&v=4.0 HTTP/1.1" 304 -
201.245.192.253 - - [06/Oct/2021:07:57:25 -0500] "GET /sipse/faces/javax.faces.resource/jquery/jquery-plugins.js?ln=primefaces&v=4.0 HTTP/1.1" 304 -
201.245.192.253 - - [06/Oct/2021:07:57:25 -0500] "GET /sipse/faces/javax.faces.resource/primefaces.js?ln=primefaces&v=4.0 HTTP/1.1" 304 -
201.245.192.253 - - [06/Oct/2021:07:57:25 -0500] "GET /sipse/faces/javax.faces.resource/layout/layout.js?ln=primefaces&v=4.0 HTTP/1.1" 304 -
201.245.192.253 - - [06/Oct/2021:07:57:25 -0500] "POST /sipse/faces/presentacion/financiero/solicitudProceso/listarSolicitudProceso.xhtml HTTP/1.1" 200 1448
186.155.15.213 - - [06/Oct/2021:07:57:29 -0500] "GET /BLA/boletinlegal/js/jquery.scrollShow.js HTTP/1.1" 200 4586
186.155.15.213 - - [06/Oct/2021:07:57:29 -0500] "GET /galeria/galeria/jquery.fancybox.js?v=2.1.5 HTTP/1.1" 200 48706
186.155.15.213 - - [06/Oct/2021:07:57:29 -0500] "GET /galeria/galeria/jquery.fancybox.css?v=2.1.5 HTTP/1.1" 200 4895
188.40.73.215 - - [06/Oct/2021:07:57:31 -0500] "GET /BLA/resoluciones/RESOLUCIONES%202014/3776.pdf HTTP/1.1" 200 293049
201.245.192.253 - - [06/Oct/2021:07:57:35 -0500] "POST /sipse/faces/presentacion/financiero/solicitudProceso/listarSolicitudProceso.xhtml HTTP/1.1" 200 137943
201.245.192.253 - - [06/Oct/2021:07:57:36 -0500] "GET /sipse/faces/javax.faces.resource/layout/layout.css?ln=primefaces&v=4.0 HTTP/1.1" 304 -
201.245.192.253 - - [06/Oct/2021:07:57:36 -0500] "GET /sipse/faces/javax.faces.resource/theme.css?ln=primefaces-sipse HTTP/1.1" 304 -
201.245.192.253 - - [06/Oct/2021:07:57:36 -0500] "GET /sipse/faces/javax.faces.resource/primefaces.css?ln=primefaces&v=4.0 HTTP/1.1" 304 -
201.245.192.253 - - [06/Oct/2021:07:57:36 -0500] "GET /sipse/faces/javax.faces.resource/jquery/jquery.js?ln=primefaces&v=4.0 HTTP/1.1" 304 -
201.245.192.253 - - [06/Oct/2021:07:57:36 -0500] "GET /sipse/faces/javax.faces.resource/jquery/jquery-plugins.js?ln=primefaces&v=4.0 HTTP/1.1" 304 -
201.245.192.253 - - [06/Oct/2021:07:57:36 -0500] "GET /sipse/faces/javax.faces.resource/primefaces.js?ln=primefaces&v=4.0 HTTP/1.1" 304 -
201.245.192.253 - - [06/Oct/2021:07:57:36 -0500] "GET /sipse/faces/javax.faces.resource/layout/layout.js?ln=primefaces&v=4.0 HTTP/1.1" 304 -
201.245.192.253 - - [06/Oct/2021:07:57:36 -0500] "GET /sipse/css/imagen/contrasena.png HTTP/1.1" 404 383
201.245.192.253 - - [06/Oct/2021:07:57:36 -0500] "GET /reportes_sipse/sdg/ServletReporte?reporte=experienia_idoneidad&solicitud=14895&pfdrid_c=false HTTP/1.1" 200 94782
188.40.73.215 - - [06/Oct/2021:07:57:42 -0500] "GET /BLA/resoluciones/RESOLUCIONES%202014/0559.pdf HTTP/1.1" 200 196911
201.245.192.253 - - [06/Oct/2021:07:57:44 -0500] "GET /catalogoisis/ HTTP/1.1" 200 8575
181.50.195.136 - - [06/Oct/2021:07:57:47 -0500] "GET /BLA/boletinlegal/js/jquery.scrollShow.js HTTP/1.1" 200 4586
181.50.195.136 - - [06/Oct/2021:07:57:47 -0500] "GET /galeria/galeria/jquery.fancybox.css?v=2.1.5 HTTP/1.1" 200 4895
181.50.195.136 - - [06/Oct/2021:07:57:47 -0500] "GET /galeria/galeria/jquery.fancybox.js?v=2.1.5 HTTP/1.1" 200 48706
188.40.73.215 - - [06/Oct/2021:07:57:53 -0500] "GET /BLA/resoluciones/RESOLUCIONES%202014/1176.pdf HTTP/1.1" 200 3398580
201.245.192.253 - - [06/Oct/2021:07:57:52 -0500] "POST /sipse/faces/presentacion/financiero/solicitudProceso/consultarSolicitudProceso.xhtml HTTP/1.1" 200 61971
201.245.192.253 - - [06/Oct/2021:07:57:53 -0500] "GET /sipse/faces/javax.faces.resource/theme.css?ln=primefaces-sipse HTTP/1.1" 304 -
201.245.192.253 - - [06/Oct/2021:07:57:53 -0500] "GET /sipse/faces/javax.faces.resource/primefaces.css?ln=primefaces&v=4.0 HTTP/1.1" 304 -
201.245.192.253 - - [06/Oct/2021:07:57:53 -0500] "GET /sipse/faces/javax.faces.resource/layout/layout.css?ln=primefaces&v=4.0 HTTP/1.1" 304 -
201.245.192.253 - - [06/Oct/2021:07:57:53 -0500] "GET /sipse/faces/javax.faces.resource/jquery/jquery.js?ln=primefaces&v=4.0 HTTP/1.1" 304 -
201.245.192.253 - - [06/Oct/2021:07:57:53 -0500] "GET /sipse/faces/javax.faces.resource/jquery/jquery-plugins.js?ln=primefaces&v=4.0 HTTP/1.1" 304 -
201.245.192.253 - - [06/Oct/2021:07:57:53 -0500] "GET /sipse/faces/javax.faces.resource/primefaces.js?ln=primefaces&v=4.0 HTTP/1.1" 304 -
201.245.192.253 - - [06/Oct/2021:07:57:53 -0500] "GET /sipse/faces/javax.faces.resource/layout/layout.js?ln=primefaces&v=4.0 HTTP/1.1" 304 -
201.245.192.253 - - [06/Oct/2021:07:57:53 -0500] "GET /sipse/css/imagen/contrasena.png HTTP/1.1" 404 383
201.245.192.253 - - [06/Oct/2021:07:57:53 -0500] "POST /sipse/faces/presentacion/financiero/solicitudProceso/listarSolicitudProceso.xhtml HTTP/1.1" 200 55201
201.245.192.253 - - [06/Oct/2021:07:57:54 -0500] "POST /sipse/faces/presentacion/financiero/solicitudProceso/listarSolicitudProceso.xhtml HTTP/1.1" 200 55201
201.245.192.253 - - [06/Oct/2021:07:57:54 -0500] "POST /sipse/faces/presentacion/financiero/solicitudProceso/listarSolicitudProceso.xhtml HTTP/1.1" 200 1448
188.40.73.215 - - [06/Oct/2021:07:57:57 -0500] "GET /BLA/resoluciones/RESOLUCIONES%202014/0195.pdf HTTP/1.1" 200 668457
201.245.192.253 - - [06/Oct/2021:07:57:56 -0500] "POST /sipse/faces/presentacion/financiero/solicitudProceso/listarSolicitudProceso.xhtml HTTP/1.1" 200 1448
201.245.192.253 - - [06/Oct/2021:07:57:58 -0500] "POST /sipse/faces/presentacion/financiero/solicitudProceso/listarSolicitudProceso.xhtml HTTP/1.1" 200 1452
188.40.73.215 - - [06/Oct/2021:07:58:07 -0500] "GET /BLA/resoluciones/RESOLUCIONES%202014/0720.pdf HTTP/1.1" 200 876925
181.129.222.60 - - [06/Oct/2021:07:58:09 -0500] "GET /galeria/galeria/jquery.fancybox.css?v=2.1.5 HTTP/1.1" 200 4895
181.129.222.60 - - [06/Oct/2021:07:58:09 -0500] "GET /BLA/boletinlegal/js/jquery.scrollShow.js HTTP/1.1" 200 4586
181.129.222.60 - - [06/Oct/2021:07:58:09 -0500] "GET /galeria/galeria/jquery.fancybox.js?v=2.1.5 HTTP/1.1" 200 48706
186.87.76.51 - - [06/Oct/2021:07:58:11 -0500] "POST /sipse/faces/presentacion/financiero/solicitudProceso/listarSolicitudProceso.xhtml HTTP/1.1" 200 6430
186.87.76.51 - - [06/Oct/2021:07:58:13 -0500] "POST /sipse/faces/presentacion/financiero/solicitudProceso/listarSolicitudProceso.xhtml HTTP/1.1" 200 8996
186.87.76.51 - - [06/Oct/2021:07:58:14 -0500] "POST /sipse/faces/presentacion/financiero/solicitudProceso/listarSolicitudProceso.xhtml HTTP/1.1" 200 149461
186.87.76.51 - - [06/Oct/2021:07:58:15 -0500] "GET /sipse/faces/javax.faces.resource/theme.css?ln=primefaces-sipse HTTP/1.1" 304 -
186.87.76.51 - - [06/Oct/2021:07:58:15 -0500] "GET /sipse/faces/javax.faces.resource/layout/layout.css?ln=primefaces&v=4.0 HTTP/1.1" 304 -
186.87.76.51 - - [06/Oct/2021:07:58:15 -0500] "GET /sipse/css/imagen/contrasena.png HTTP/1.1" 404 383
186.87.76.51 - - [06/Oct/2021:07:58:15 -0500] "GET /sipse/faces/javax.faces.resource/primefaces.css?ln=primefaces&v=4.0 HTTP/1.1" 304 -
186.87.76.51 - - [06/Oct/2021:07:58:15 -0500] "GET /sipse/faces/javax.faces.resource/jquery/jquery.js?ln=primefaces&v=4.0 HTTP/1.1" 304 -
186.87.76.51 - - [06/Oct/2021:07:58:15 -0500] "GET /sipse/faces/javax.faces.resource/jquery/jquery-plugins.js?ln=primefaces&v=4.0 HTTP/1.1" 304 -
186.87.76.51 - - [06/Oct/2021:07:58:15 -0500] "GET /sipse/faces/javax.faces.resource/primefaces.js?ln=primefaces&v=4.0 HTTP/1.1" 304 -
186.87.76.51 - - [06/Oct/2021:07:58:15 -0500] "GET /sipse/faces/javax.faces.resource/layout/layout.js?ln=primefaces&v=4.0 HTTP/1.1" 304 -
186.87.76.51 - - [06/Oct/2021:07:58:16 -0500] "GET /sipse/faces/javax.faces.resource/images/ui-icons_898989_256x240.png?ln=primefaces-aristo HTTP/1.1" 304 -
186.87.76.51 - - [06/Oct/2021:07:58:16 -0500] "GET /reportes_sipse/sdg/ServletReporte?reporte=experienia_idoneidad&solicitud=14895&pfdrid_c=false HTTP/1.1" 200 94782
188.40.73.215 - - [06/Oct/2021:07:58:17 -0500] "GET /BLA/resoluciones/RESOLUCIONES%202014/0406.pdf HTTP/1.1" 200 507394
188.40.73.215 - - [06/Oct/2021:07:58:28 -0500] "GET /BLA/resoluciones/RESOLUCIONES%202014/1410.pdf HTTP/1.1" 200 876312
186.154.93.30 - - [06/Oct/2021:07:58:36 -0500] "GET /galeria/galeria/jquery.fancybox.css?v=2.1.5 HTTP/1.1" 200 4895
186.154.93.30 - - [06/Oct/2021:07:58:36 -0500] "GET /BLA/boletinlegal/js/jquery.scrollShow.js HTTP/1.1" 200 4586
186.154.93.30 - - [06/Oct/2021:07:58:36 -0500] "GET /galeria/galeria/jquery.fancybox.js?v=2.1.5 HTTP/1.1" 200 48706
188.40.73.215 - - [06/Oct/2021:07:58:37 -0500] "GET /BLA/resoluciones/RESOLUCIONES%202014/0261.pdf HTTP/1.1" 200 3144011
