190.69.234.100 - - [07/Oct/2021:08:59:31 -0500] "GET /sipse/faces/javax.faces.resource/layout/layout.js?ln=primefaces&v=4.0 HTTP/1.1" 304 -
190.69.234.100 - - [07/Oct/2021:08:59:31 -0500] "GET /reportes_sipse/sdg/ServletReporte?reporte=solicitud_cdp&Solicitud=15284&pfdrid_c=false HTTP/1.1" 200 147454
178.63.20.95 - - [07/Oct/2021:08:59:35 -0500] "GET /BLA/resoluciones/AUTOS%202010/5477.pdf HTTP/1.1" 200 253521
201.245.192.253 - - [07/Oct/2021:08:59:39 -0500] "GET /sipse/faces/index.xhtml HTTP/1.1" 200 677
201.245.192.253 - - [07/Oct/2021:08:59:39 -0500] "GET /sipse/faces/javax.faces.resource/theme.css?ln=primefaces-sipse HTTP/1.1" 200 50058
201.245.192.253 - - [07/Oct/2021:08:59:39 -0500] "GET /sipse/faces/faces/autenticacion.xhtml HTTP/1.1" 200 12179
201.245.192.253 - - [07/Oct/2021:08:59:39 -0500] "GET /sipse/faces/javax.faces.resource/theme.css?ln=primefaces-sipse HTTP/1.1" 304 -
201.245.192.253 - - [07/Oct/2021:08:59:39 -0500] "GET /sipse/faces/javax.faces.resource/layout/layout.css?ln=primefaces&v=4.0 HTTP/1.1" 200 542
201.245.192.253 - - [07/Oct/2021:08:59:39 -0500] "GET /sipse/faces/javax.faces.resource/jquery/jquery-plugins.js?ln=primefaces&v=4.0 HTTP/1.1" 304 -
201.245.192.253 - - [07/Oct/2021:08:59:39 -0500] "GET /sipse/faces/javax.faces.resource/jquery/jquery.js?ln=primefaces&v=4.0 HTTP/1.1" 304 -
201.245.192.253 - - [07/Oct/2021:08:59:39 -0500] "GET /sipse/faces/javax.faces.resource/layout/layout.js?ln=primefaces&v=4.0 HTTP/1.1" 304 -
201.245.192.253 - - [07/Oct/2021:08:59:39 -0500] "GET /sipse/faces/javax.faces.resource/primefaces.js?ln=primefaces&v=4.0 HTTP/1.1" 304 -
201.245.192.253 - - [07/Oct/2021:08:59:39 -0500] "GET /sipse/faces/javax.faces.resource/primefaces.css?ln=primefaces&v=4.0 HTTP/1.1" 200 53295
201.245.192.253 - - [07/Oct/2021:08:59:39 -0500] "GET /sipse/css/imagen/logoSDG.png HTTP/1.1" 200 17770
201.245.192.253 - - [07/Oct/2021:08:59:39 -0500] "GET /sipse/css/imagen/loginimg.png HTTP/1.1" 200 16770
201.245.192.253 - - [07/Oct/2021:08:59:39 -0500] "GET /sipse/faces/javax.faces.resource/images/ui-icons_898989_256x240.png?ln=primefaces-aristo HTTP/1.1" 200 5355
201.245.192.253 - - [07/Oct/2021:08:59:41 -0500] "POST /sipse/faces/autenticacion.xhtml HTTP/1.1" 200 2226
201.245.192.253 - - [07/Oct/2021:08:59:41 -0500] "GET /sipse/faces/javax.faces.resource/messages/messages.png?ln=primefaces&v=4.0 HTTP/1.1" 200 27209
201.245.192.253 - - [07/Oct/2021:08:59:42 -0500] "POST /sipse/faces/autenticacion.xhtml HTTP/1.1" 200 16035
201.245.192.253 - - [07/Oct/2021:08:59:42 -0500] "GET /sipse/css/custom_css_sg_prime.css HTTP/1.1" 200 5201
201.245.192.253 - - [07/Oct/2021:08:59:43 -0500] "GET /sipse/faces/javax.faces.resource/jquery/jquery.js?ln=primefaces&v=4.0 HTTP/1.1" 304 -
201.245.192.253 - - [07/Oct/2021:08:59:43 -0500] "GET /sipse/faces/javax.faces.resource/jquery/jquery-plugins.js?ln=primefaces&v=4.0 HTTP/1.1" 304 -
201.245.192.253 - - [07/Oct/2021:08:59:43 -0500] "GET /sipse/faces/javax.faces.resource/primefaces.js?ln=primefaces&v=4.0 HTTP/1.1" 304 -
201.245.192.253 - - [07/Oct/2021:08:59:43 -0500] "GET /sipse/faces/javax.faces.resource/layout/layout.js?ln=primefaces&v=4.0 HTTP/1.1" 304 -
201.245.192.253 - - [07/Oct/2021:08:59:43 -0500] "GET /sipse/imagenes/cargando.gif HTTP/1.1" 200 15714
201.245.192.253 - - [07/Oct/2021:08:59:43 -0500] "GET /sipse/imagenes/logoAplicacion.jpg HTTP/1.1" 200 17767
201.245.192.253 - - [07/Oct/2021:08:59:43 -0500] "GET /sipse/css/imagen/contrasena.png HTTP/1.1" 404 383
178.63.20.95 - - [07/Oct/2021:08:59:44 -0500] "GET /BLA/resoluciones/AUTOS%202010/2229.pdf HTTP/1.1" 200 233273
201.245.192.253 - - [07/Oct/2021:08:59:45 -0500] "GET /sipse/faces/javax.faces.resource/images/ui-bg_flat_0_2d5972_40x100.png?ln=primefaces-aristo HTTP/1.1" 200 183
201.245.192.253 - - [07/Oct/2021:08:59:45 -0500] "POST /sipse/faces/bienvenido.xhtml HTTP/1.1" 200 2658
178.63.20.95 - - [07/Oct/2021:08:59:52 -0500] "GET /BLA/resoluciones/AUTOS%202010/2263.pdf HTTP/1.1" 200 1646517
216.245.221.92 - - [07/Oct/2021:08:59:53 -0500] "HEAD / HTTP/1.1" 200 -
201.245.192.253 - - [07/Oct/2021:08:59:53 -0500] "POST /sipse/faces/presentacion/financiero/modificacionContrato/cargarModifiacion.xhtml HTTP/1.1" 200 122006
201.245.192.253 - - [07/Oct/2021:08:59:53 -0500] "GET /sipse/faces/javax.faces.resource/theme.css?ln=primefaces-sipse HTTP/1.1" 304 -
201.245.192.253 - - [07/Oct/2021:08:59:53 -0500] "GET /sipse/faces/javax.faces.resource/layout/layout.css?ln=primefaces&v=4.0 HTTP/1.1" 304 -
201.245.192.253 - - [07/Oct/2021:08:59:53 -0500] "GET /sipse/css/imagen/contrasena.png HTTP/1.1" 404 383
201.245.192.253 - - [07/Oct/2021:08:59:53 -0500] "GET /sipse/faces/javax.faces.resource/primefaces.css?ln=primefaces&v=4.0 HTTP/1.1" 304 -
201.245.192.253 - - [07/Oct/2021:08:59:54 -0500] "GET /sipse/faces/javax.faces.resource/jquery/jquery.js?ln=primefaces&v=4.0 HTTP/1.1" 304 -
201.245.192.253 - - [07/Oct/2021:08:59:54 -0500] "GET /sipse/faces/javax.faces.resource/jquery/jquery-plugins.js?ln=primefaces&v=4.0 HTTP/1.1" 304 -
201.245.192.253 - - [07/Oct/2021:08:59:54 -0500] "GET /sipse/faces/javax.faces.resource/primefaces.js?ln=primefaces&v=4.0 HTTP/1.1" 304 -
201.245.192.253 - - [07/Oct/2021:08:59:46 -0500] "POST /sipse/faces/bienvenido.xhtml HTTP/1.1" 200 60199
201.245.192.253 - - [07/Oct/2021:08:59:54 -0500] "GET /sipse/faces/javax.faces.resource/layout/layout.js?ln=primefaces&v=4.0 HTTP/1.1" 304 -
201.245.192.253 - - [07/Oct/2021:08:59:54 -0500] "GET /sipse/faces/javax.faces.resource/jquery/jquery.js?ln=primefaces&v=4.0 HTTP/1.1" 304 -
201.245.192.253 - - [07/Oct/2021:08:59:54 -0500] "GET /sipse/faces/javax.faces.resource/jquery/jquery-plugins.js?ln=primefaces&v=4.0 HTTP/1.1" 304 -
201.245.192.253 - - [07/Oct/2021:08:59:54 -0500] "GET /sipse/faces/javax.faces.resource/primefaces.js?ln=primefaces&v=4.0 HTTP/1.1" 304 -
201.245.192.253 - - [07/Oct/2021:08:59:54 -0500] "GET /sipse/faces/javax.faces.resource/layout/layout.js?ln=primefaces&v=4.0 HTTP/1.1" 304 -
201.245.192.253 - - [07/Oct/2021:08:59:54 -0500] "GET /sipse/faces/javax.faces.resource/images/ui-icons_898989_256x240.png?ln=primefaces-aristo HTTP/1.1" 304 -
201.245.192.253 - - [07/Oct/2021:08:59:54 -0500] "GET /sipse/faces/javax.faces.resource/messages/messages.png?ln=primefaces&v=4.0 HTTP/1.1" 304 -
201.245.192.253 - - [07/Oct/2021:08:59:54 -0500] "GET /reportes_sipse/sdg/ServletReporte?reporte=solicitud_cdp&Solicitud=15284&pfdrid_c=false HTTP/1.1" 200 147454
201.245.192.253 - - [07/Oct/2021:08:59:54 -0500] "POST /sipse/faces/presentacion/financiero/solicitudProceso/listarSolicitudProceso.xhtml HTTP/1.1" 200 1448
181.53.237.147 - - [07/Oct/2021:08:59:54 -0500] "GET /BLA/boletinlegal/js/jquery.scrollShow.js HTTP/1.1" 200 4586
181.53.237.147 - - [07/Oct/2021:08:59:54 -0500] "GET /galeria/galeria/jquery.fancybox.css?v=2.1.5 HTTP/1.1" 200 4895
181.53.237.147 - - [07/Oct/2021:08:59:54 -0500] "GET /galeria/galeria/jquery.fancybox.js?v=2.1.5 HTTP/1.1" 200 48706
201.245.192.253 - - [07/Oct/2021:09:00:00 -0500] "GET /catalogoisis/ HTTP/1.1" 200 8575
201.245.192.253 - - [07/Oct/2021:09:00:01 -0500] "GET /sipse/faces/javax.faces.resource/images/ui-bg_flat_0_2d5972_40x100.png?ln=primefaces-aristo HTTP/1.1" 304 -
201.245.192.253 - - [07/Oct/2021:09:00:01 -0500] "POST /sipse/faces/presentacion/financiero/solicitudProceso/consultarSolicitudProceso.xhtml HTTP/1.1" 200 33093
201.245.192.253 - - [07/Oct/2021:09:00:03 -0500] "GET /sipse/faces/javax.faces.resource/layout/layout.css?ln=primefaces&v=4.0 HTTP/1.1" 304 -
201.245.192.253 - - [07/Oct/2021:09:00:03 -0500] "GET /sipse/faces/javax.faces.resource/primefaces.css?ln=primefaces&v=4.0 HTTP/1.1" 304 -
201.245.192.253 - - [07/Oct/2021:09:00:03 -0500] "GET /sipse/faces/javax.faces.resource/theme.css?ln=primefaces-sipse HTTP/1.1" 304 -
201.245.192.253 - - [07/Oct/2021:09:00:03 -0500] "GET /sipse/faces/javax.faces.resource/jquery/jquery.js?ln=primefaces&v=4.0 HTTP/1.1" 304 -
201.245.192.253 - - [07/Oct/2021:09:00:03 -0500] "GET /sipse/faces/javax.faces.resource/jquery/jquery-plugins.js?ln=primefaces&v=4.0 HTTP/1.1" 304 -
201.245.192.253 - - [07/Oct/2021:09:00:03 -0500] "GET /sipse/faces/javax.faces.resource/primefaces.js?ln=primefaces&v=4.0 HTTP/1.1" 304 -
201.245.192.253 - - [07/Oct/2021:09:00:03 -0500] "GET /sipse/faces/javax.faces.resource/layout/layout.js?ln=primefaces&v=4.0 HTTP/1.1" 304 -
201.245.192.253 - - [07/Oct/2021:09:00:03 -0500] "GET /sipse/css/imagen/contrasena.png HTTP/1.1" 404 383
201.245.192.253 - - [07/Oct/2021:09:00:03 -0500] "POST /sipse/faces/presentacion/financiero/solicitudProceso/listarSolicitudProceso.xhtml HTTP/1.1" 200 1348
178.63.20.95 - - [07/Oct/2021:09:00:07 -0500] "GET /BLA/resoluciones/AUTOS%202010/6357.pdf HTTP/1.1" 200 168274
178.63.20.95 - - [07/Oct/2021:09:00:16 -0500] "GET /BLA/resoluciones/AUTOS%202010/5447.pdf HTTP/1.1" 200 1008173
186.81.116.54 - - [07/Oct/2021:09:00:19 -0500] "GET /galeria/galeria/jquery.fancybox.css?v=2.1.5 HTTP/1.1" 200 4895
186.81.116.54 - - [07/Oct/2021:09:00:19 -0500] "GET /BLA/boletinlegal/js/jquery.scrollShow.js HTTP/1.1" 200 4586
186.81.116.54 - - [07/Oct/2021:09:00:19 -0500] "GET /galeria/galeria/jquery.fancybox.js?v=2.1.5 HTTP/1.1" 200 48706
178.63.20.95 - - [07/Oct/2021:09:00:24 -0500] "GET /BLA/resoluciones/AUTOS%202010/5410.pdf HTTP/1.1" 200 1738294
178.63.20.95 - - [07/Oct/2021:09:00:29 -0500] "GET /BLA/resoluciones/AUTOS%202010/6570.pdf HTTP/1.1" 200 295351
186.30.82.96 - - [07/Oct/2021:09:00:34 -0500] "GET /galeria/galeria/jquery.fancybox.js?v=2.1.5 HTTP/1.1" 200 48706
186.30.82.96 - - [07/Oct/2021:09:00:34 -0500] "GET /BLA/boletinlegal/js/jquery.scrollShow.js HTTP/1.1" 200 4586
186.30.82.96 - - [07/Oct/2021:09:00:34 -0500] "GET /galeria/galeria/jquery.fancybox.css?v=2.1.5 HTTP/1.1" 200 4895
178.63.20.95 - - [07/Oct/2021:09:00:38 -0500] "GET /BLA/resoluciones/AUTOS%202010/2357.pdf HTTP/1.1" 200 20440
201.245.192.253 - - [07/Oct/2021:09:00:41 -0500] "GET /sipse/faces/index.xhtml HTTP/1.1" 200 677
201.245.192.253 - - [07/Oct/2021:09:00:41 -0500] "GET /sipse/faces/javax.faces.resource/theme.css?ln=primefaces-sipse HTTP/1.1" 304 -
201.245.192.253 - - [07/Oct/2021:09:00:41 -0500] "GET /favicon.ico HTTP/1.1" 200 7782
201.245.192.253 - - [07/Oct/2021:09:00:41 -0500] "GET /sipse/faces/faces/autenticacion.xhtml HTTP/1.1" 200 12185
201.245.192.253 - - [07/Oct/2021:09:00:41 -0500] "GET /sipse/faces/javax.faces.resource/theme.css?ln=primefaces-sipse HTTP/1.1" 304 -
201.245.192.253 - - [07/Oct/2021:09:00:41 -0500] "GET /sipse/faces/javax.faces.resource/primefaces.css?ln=primefaces&v=4.0 HTTP/1.1" 304 -
201.245.192.253 - - [07/Oct/2021:09:00:41 -0500] "GET /sipse/faces/javax.faces.resource/layout/layout.css?ln=primefaces&v=4.0 HTTP/1.1" 304 -
201.245.192.253 - - [07/Oct/2021:09:00:41 -0500] "GET /sipse/faces/javax.faces.resource/jquery/jquery.js?ln=primefaces&v=4.0 HTTP/1.1" 304 -
201.245.192.253 - - [07/Oct/2021:09:00:41 -0500] "GET /sipse/faces/javax.faces.resource/jquery/jquery-plugins.js?ln=primefaces&v=4.0 HTTP/1.1" 304 -
201.245.192.253 - - [07/Oct/2021:09:00:41 -0500] "GET /sipse/faces/javax.faces.resource/primefaces.js?ln=primefaces&v=4.0 HTTP/1.1" 304 -
201.245.192.253 - - [07/Oct/2021:09:00:41 -0500] "GET /sipse/faces/javax.faces.resource/layout/layout.js?ln=primefaces&v=4.0 HTTP/1.1" 304 -
201.245.192.253 - - [07/Oct/2021:09:00:43 -0500] "GET /sipse/faces/index.xhtml HTTP/1.1" 200 677
201.245.192.253 - - [07/Oct/2021:09:00:43 -0500] "GET /sipse/faces/javax.faces.resource/theme.css?ln=primefaces-sipse HTTP/1.1" 304 -
201.245.192.253 - - [07/Oct/2021:09:00:43 -0500] "GET /favicon.ico HTTP/1.1" 200 7782
201.245.192.253 - - [07/Oct/2021:09:00:43 -0500] "GET /sipse/faces/faces/autenticacion.xhtml HTTP/1.1" 200 12185
201.245.192.253 - - [07/Oct/2021:09:00:43 -0500] "GET /sipse/faces/javax.faces.resource/theme.css?ln=primefaces-sipse HTTP/1.1" 304 -
201.245.192.253 - - [07/Oct/2021:09:00:43 -0500] "GET /sipse/faces/javax.faces.resource/layout/layout.css?ln=primefaces&v=4.0 HTTP/1.1" 304 -
201.245.192.253 - - [07/Oct/2021:09:00:43 -0500] "GET /sipse/faces/javax.faces.resource/primefaces.css?ln=primefaces&v=4.0 HTTP/1.1" 304 -
201.245.192.253 - - [07/Oct/2021:09:00:43 -0500] "GET /sipse/faces/javax.faces.resource/jquery/jquery.js?ln=primefaces&v=4.0 HTTP/1.1" 304 -
201.245.192.253 - - [07/Oct/2021:09:00:43 -0500] "GET /sipse/faces/javax.faces.resource/jquery/jquery-plugins.js?ln=primefaces&v=4.0 HTTP/1.1" 304 -
201.245.192.253 - - [07/Oct/2021:09:00:43 -0500] "GET /sipse/faces/javax.faces.resource/primefaces.js?ln=primefaces&v=4.0 HTTP/1.1" 304 -
201.245.192.253 - - [07/Oct/2021:09:00:43 -0500] "GET /sipse/faces/javax.faces.resource/layout/layout.js?ln=primefaces&v=4.0 HTTP/1.1" 304 -
178.63.20.95 - - [07/Oct/2021:09:00:47 -0500] "GET /BLA/resoluciones/AUTOS%202010/1414.pdf HTTP/1.1" 200 197289
201.245.192.253 - - [07/Oct/2021:09:00:48 -0500] "POST /sipse/faces/autenticacion.xhtml HTTP/1.1" 200 11242
201.245.192.253 - - [07/Oct/2021:09:00:48 -0500] "GET /sipse/faces/javax.faces.resource/layout/layout.css?ln=primefaces&v=4.0 HTTP/1.1" 304 -
201.245.192.253 - - [07/Oct/2021:09:00:48 -0500] "GET /sipse/faces/javax.faces.resource/primefaces.css?ln=primefaces&v=4.0 HTTP/1.1" 304 -
201.245.192.253 - - [07/Oct/2021:09:00:48 -0500] "GET /sipse/faces/javax.faces.resource/jquery/jquery.js?ln=primefaces&v=4.0 HTTP/1.1" 304 -
201.245.192.253 - - [07/Oct/2021:09:00:48 -0500] "GET /sipse/faces/javax.faces.resource/theme.css?ln=primefaces-sipse HTTP/1.1" 304 -
201.245.192.253 - - [07/Oct/2021:09:00:48 -0500] "GET /sipse/faces/javax.faces.resource/jquery/jquery-plugins.js?ln=primefaces&v=4.0 HTTP/1.1" 304 -
201.245.192.253 - - [07/Oct/2021:09:00:48 -0500] "GET /sipse/faces/javax.faces.resource/primefaces.js?ln=primefaces&v=4.0 HTTP/1.1" 304 -
201.245.192.253 - - [07/Oct/2021:09:00:48 -0500] "GET /sipse/faces/javax.faces.resource/layout/layout.js?ln=primefaces&v=4.0 HTTP/1.1" 304 -
201.245.192.253 - - [07/Oct/2021:09:00:48 -0500] "GET /sipse/faces/javax.faces.resource/messages/messages.png?ln=primefaces&v=4.0 HTTP/1.1" 304 -
201.245.192.253 - - [07/Oct/2021:09:00:49 -0500] "GET /sipse/faces/javax.faces.resource/images/ui-icons_898989_256x240.png?ln=primefaces-aristo HTTP/1.1" 304 -
201.245.192.253 - - [07/Oct/2021:09:00:51 -0500] "POST /sipse/faces/presentacion/sistema/seguridad/seleccionRol.xhtml HTTP/1.1" 200 16066
201.245.192.253 - - [07/Oct/2021:09:00:51 -0500] "GET /sipse/faces/javax.faces.resource/primefaces.css?ln=primefaces&v=4.0 HTTP/1.1" 304 -
201.245.192.253 - - [07/Oct/2021:09:00:51 -0500] "GET /sipse/faces/javax.faces.resource/layout/layout.css?ln=primefaces&v=4.0 HTTP/1.1" 304 -
201.245.192.253 - - [07/Oct/2021:09:00:51 -0500] "GET /sipse/faces/javax.faces.resource/theme.css?ln=primefaces-sipse HTTP/1.1" 304 -
201.245.192.253 - - [07/Oct/2021:09:00:51 -0500] "GET /sipse/faces/javax.faces.resource/jquery/jquery.js?ln=primefaces&v=4.0 HTTP/1.1" 304 -
201.245.192.253 - - [07/Oct/2021:09:00:51 -0500] "GET /sipse/faces/javax.faces.resource/jquery/jquery-plugins.js?ln=primefaces&v=4.0 HTTP/1.1" 304 -
201.245.192.253 - - [07/Oct/2021:09:00:51 -0500] "GET /sipse/faces/javax.faces.resource/primefaces.js?ln=primefaces&v=4.0 HTTP/1.1" 304 -
201.245.192.253 - - [07/Oct/2021:09:00:51 -0500] "GET /sipse/faces/javax.faces.resource/layout/layout.js?ln=primefaces&v=4.0 HTTP/1.1" 304 -
201.245.192.253 - - [07/Oct/2021:09:00:51 -0500] "GET /sipse/css/imagen/contrasena.png HTTP/1.1" 404 383
201.245.192.253 - - [07/Oct/2021:09:00:52 -0500] "POST /sipse/faces/bienvenido.xhtml HTTP/1.1" 200 1471
178.63.20.95 - - [07/Oct/2021:09:00:55 -0500] "GET /BLA/resoluciones/AUTOS%202010/5777.pdf HTTP/1.1" 200 1128763
191.156.146.182 - - [07/Oct/2021:09:00:56 -0500] "GET /galeria/galeria/jquery.fancybox.css?v=2.1.5 HTTP/1.1" 200 4895
191.156.159.113 - - [07/Oct/2021:09:00:56 -0500] "GET /BLA/boletinlegal/js/jquery.scrollShow.js HTTP/1.1" 200 4586
191.156.146.182 - - [07/Oct/2021:09:00:56 -0500] "GET /galeria/galeria/jquery.fancybox.js?v=2.1.5 HTTP/1.1" 200 48706
201.245.192.253 - - [07/Oct/2021:09:00:59 -0500] "GET /catalogoisis/ HTTP/1.1" 200 8575
178.63.20.95 - - [07/Oct/2021:09:01:00 -0500] "GET /BLA/resoluciones/AUTOS%202010/3992.pdf HTTP/1.1" 200 6186073
178.63.20.95 - - [07/Oct/2021:09:01:04 -0500] "GET /BLA/resoluciones/AUTOS%202010/5558.pdf HTTP/1.1" 200 635055
186.102.48.247 - - [07/Oct/2021:09:01:12 -0500] "GET /galeria/galeria/jquery.fancybox.css?v=2.1.5 HTTP/1.1" 200 4895
201.245.192.253 - - [07/Oct/2021:09:01:12 -0500] "POST /sipse/faces/bienvenido.xhtml HTTP/1.1" 200 9438
186.102.48.247 - - [07/Oct/2021:09:01:12 -0500] "GET /BLA/boletinlegal/js/jquery.scrollShow.js HTTP/1.1" 200 4586
186.102.48.247 - - [07/Oct/2021:09:01:12 -0500] "GET /galeria/galeria/jquery.fancybox.js?v=2.1.5 HTTP/1.1" 200 48706
178.63.20.95 - - [07/Oct/2021:09:01:13 -0500] "GET /BLA/resoluciones/AUTOS%202010/4560.pdf HTTP/1.1" 200 92743
201.245.192.253 - - [07/Oct/2021:09:01:14 -0500] "POST /sipse/faces/bienvenido.xhtml HTTP/1.1" 200 1473
201.245.192.253 - - [07/Oct/2021:09:01:14 -0500] "POST /sipse/faces/bienvenido.xhtml HTTP/1.1" 200 38164
201.245.192.253 - - [07/Oct/2021:09:01:14 -0500] "GET /sipse/faces/javax.faces.resource/theme.css?ln=primefaces-sipse HTTP/1.1" 304 -
201.245.192.253 - - [07/Oct/2021:09:01:14 -0500] "GET /sipse/faces/javax.faces.resource/layout/layout.css?ln=primefaces&v=4.0 HTTP/1.1" 304 -
201.245.192.253 - - [07/Oct/2021:09:01:14 -0500] "GET /sipse/faces/javax.faces.resource/primefaces.css?ln=primefaces&v=4.0 HTTP/1.1" 304 -
201.245.192.253 - - [07/Oct/2021:09:01:14 -0500] "GET /sipse/faces/javax.faces.resource/jquery/jquery.js?ln=primefaces&v=4.0 HTTP/1.1" 304 -
201.245.192.253 - - [07/Oct/2021:09:01:14 -0500] "GET /sipse/faces/javax.faces.resource/jquery/jquery-plugins.js?ln=primefaces&v=4.0 HTTP/1.1" 304 -
201.245.192.253 - - [07/Oct/2021:09:01:14 -0500] "GET /sipse/faces/javax.faces.resource/primefaces.js?ln=primefaces&v=4.0 HTTP/1.1" 304 -
201.245.192.253 - - [07/Oct/2021:09:01:14 -0500] "GET /sipse/faces/javax.faces.resource/layout/layout.js?ln=primefaces&v=4.0 HTTP/1.1" 304 -
200.122.232.83 - - [07/Oct/2021:09:01:17 -0500] "GET /galeria/galeria/jquery.fancybox.css?v=2.1.5 HTTP/1.1" 200 4895
200.122.232.83 - - [07/Oct/2021:09:01:17 -0500] "GET /BLA/boletinlegal/js/jquery.scrollShow.js HTTP/1.1" 200 4586
200.122.232.83 - - [07/Oct/2021:09:01:17 -0500] "GET /galeria/galeria/jquery.fancybox.js?v=2.1.5 HTTP/1.1" 200 48706
201.245.192.253 - - [07/Oct/2021:09:01:17 -0500] "POST /sipse/faces/presentacion/financiero/solicitudProceso/consultar.xhtml HTTP/1.1" 200 12924
178.63.20.95 - - [07/Oct/2021:09:01:22 -0500] "GET /BLA/resoluciones/AUTOS%202010/0414.pdf HTTP/1.1" 200 164114
201.245.192.253 - - [07/Oct/2021:09:01:21 -0500] "POST /sipse/faces/presentacion/financiero/solicitudProceso/consultar.xhtml HTTP/1.1" 200 155611
201.245.192.253 - - [07/Oct/2021:09:01:22 -0500] "GET /sipse/faces/javax.faces.resource/theme.css?ln=primefaces-sipse HTTP/1.1" 304 -
201.245.192.253 - - [07/Oct/2021:09:01:22 -0500] "GET /sipse/faces/javax.faces.resource/layout/layout.css?ln=primefaces&v=4.0 HTTP/1.1" 304 -
201.245.192.253 - - [07/Oct/2021:09:01:22 -0500] "GET /sipse/faces/javax.faces.resource/primefaces.css?ln=primefaces&v=4.0 HTTP/1.1" 304 -
201.245.192.253 - - [07/Oct/2021:09:01:22 -0500] "GET /sipse/faces/javax.faces.resource/jquery/jquery.js?ln=primefaces&v=4.0 HTTP/1.1" 304 -
201.245.192.253 - - [07/Oct/2021:09:01:22 -0500] "GET /sipse/faces/javax.faces.resource/jquery/jquery-plugins.js?ln=primefaces&v=4.0 HTTP/1.1" 304 -
201.245.192.253 - - [07/Oct/2021:09:01:22 -0500] "GET /sipse/faces/javax.faces.resource/primefaces.js?ln=primefaces&v=4.0 HTTP/1.1" 304 -
201.245.192.253 - - [07/Oct/2021:09:01:22 -0500] "GET /sipse/faces/javax.faces.resource/layout/layout.js?ln=primefaces&v=4.0 HTTP/1.1" 304 -
201.245.192.253 - - [07/Oct/2021:09:01:22 -0500] "GET /reportes_sipse/sdg/ServletReporte?reporte=solicitud_cdp&Solicitud=15284&pfdrid_c=false HTTP/1.1" 200 147454
201.245.192.253 - - [07/Oct/2021:09:01:28 -0500] "POST /sipse/faces/presentacion/financiero/solicitudProceso/consultarSolicitudProceso.xhtml HTTP/1.1" 200 166685
181.71.155.197 - - [07/Oct/2021:09:01:29 -0500] "GET /galeria/galeria/jquery.fancybox.js?v=2.1.5 HTTP/1.1" 200 48706
181.71.155.197 - - [07/Oct/2021:09:01:29 -0500] "GET /BLA/boletinlegal/js/jquery.scrollShow.js HTTP/1.1" 200 4586
181.71.155.197 - - [07/Oct/2021:09:01:29 -0500] "GET /galeria/galeria/jquery.fancybox.css?v=2.1.5 HTTP/1.1" 200 4895
178.63.20.95 - - [07/Oct/2021:09:01:31 -0500] "GET /BLA/resoluciones/AUTOS%202010/5250.pdf HTTP/1.1" 200 243717
178.63.20.95 - - [07/Oct/2021:09:01:40 -0500] "GET /BLA/resoluciones/AUTOS%202010/3931.pdf HTTP/1.1" 200 433567
201.245.192.253 - - [07/Oct/2021:09:01:42 -0500] "GET /sipse/faces/javax.faces.resource/primefaces.css?ln=primefaces&v=4.0 HTTP/1.1" 304 -
201.245.192.253 - - [07/Oct/2021:09:01:42 -0500] "GET /sipse/faces/javax.faces.resource/theme.css?ln=primefaces-sipse HTTP/1.1" 304 -
201.245.192.253 - - [07/Oct/2021:09:01:42 -0500] "GET /sipse/faces/javax.faces.resource/jquery/jquery.js?ln=primefaces&v=4.0 HTTP/1.1" 304 -
201.245.192.253 - - [07/Oct/2021:09:01:42 -0500] "GET /sipse/faces/javax.faces.resource/jquery/jquery-plugins.js?ln=primefaces&v=4.0 HTTP/1.1" 304 -
201.245.192.253 - - [07/Oct/2021:09:01:42 -0500] "GET /sipse/faces/javax.faces.resource/layout/layout.css?ln=primefaces&v=4.0 HTTP/1.1" 304 -
201.245.192.253 - - [07/Oct/2021:09:01:42 -0500] "GET /sipse/faces/javax.faces.resource/primefaces.js?ln=primefaces&v=4.0 HTTP/1.1" 304 -
201.245.192.253 - - [07/Oct/2021:09:01:42 -0500] "GET /sipse/faces/javax.faces.resource/layout/layout.js?ln=primefaces&v=4.0 HTTP/1.1" 304 -
201.245.192.253 - - [07/Oct/2021:09:01:41 -0500] "POST /sipse/faces/presentacion/financiero/solicitudProceso/consultarSolicitudProceso.xhtml HTTP/1.1" 200 45886
201.245.192.253 - - [07/Oct/2021:09:01:42 -0500] "GET /sipse/faces/javax.faces.resource/images/ui-icons_898989_256x240.png?ln=primefaces-aristo HTTP/1.1" 304 -
201.245.192.253 - - [07/Oct/2021:09:01:43 -0500] "GET /sipse/faces/javax.faces.resource/images/ui-bg_flat_0_2d5972_40x100.png?ln=primefaces-aristo HTTP/1.1" 304 -
201.245.192.253 - - [07/Oct/2021:09:01:43 -0500] "POST /sipse/faces/presentacion/financiero/solicitudProceso/consultar.xhtml HTTP/1.1" 200 2647
201.245.192.253 - - [07/Oct/2021:09:01:44 -0500] "POST /sipse/faces/presentacion/financiero/solicitudProceso/consultar.xhtml HTTP/1.1" 200 33181
201.245.192.253 - - [07/Oct/2021:09:01:44 -0500] "GET /sipse/faces/javax.faces.resource/theme.css?ln=primefaces-sipse HTTP/1.1" 304 -
201.245.192.253 - - [07/Oct/2021:09:01:44 -0500] "GET /sipse/faces/javax.faces.resource/layout/layout.css?ln=primefaces&v=4.0 HTTP/1.1" 304 -
201.245.192.253 - - [07/Oct/2021:09:01:44 -0500] "GET /sipse/faces/javax.faces.resource/primefaces.css?ln=primefaces&v=4.0 HTTP/1.1" 304 -
201.245.192.253 - - [07/Oct/2021:09:01:44 -0500] "GET /sipse/faces/javax.faces.resource/jquery/jquery.js?ln=primefaces&v=4.0 HTTP/1.1" 304 -
201.245.192.253 - - [07/Oct/2021:09:01:44 -0500] "GET /sipse/faces/javax.faces.resource/jquery/jquery-plugins.js?ln=primefaces&v=4.0 HTTP/1.1" 304 -
201.245.192.253 - - [07/Oct/2021:09:01:44 -0500] "GET /sipse/faces/javax.faces.resource/primefaces.js?ln=primefaces&v=4.0 HTTP/1.1" 304 -
201.245.192.253 - - [07/Oct/2021:09:01:44 -0500] "GET /sipse/faces/javax.faces.resource/layout/layout.js?ln=primefaces&v=4.0 HTTP/1.1" 304 -
201.245.192.253 - - [07/Oct/2021:09:01:44 -0500] "POST /sipse/faces/presentacion/financiero/solicitudProceso/listarSolicitudProceso.xhtml HTTP/1.1" 200 1348
178.63.20.95 - - [07/Oct/2021:09:01:49 -0500] "GET /BLA/resoluciones/AUTOS%202010/0478.pdf HTTP/1.1" 200 187625
178.63.20.95 - - [07/Oct/2021:09:01:58 -0500] "GET /BLA/resoluciones/AUTOS%202010/3527.pdf HTTP/1.1" 200 148264
201.245.192.253 - - [07/Oct/2021:09:01:58 -0500] "POST /sipse/faces/presentacion/financiero/solicitudProceso/listarSolicitudProceso.xhtml HTTP/1.1" 200 114697
201.245.192.253 - - [07/Oct/2021:09:01:59 -0500] "GET /sipse/faces/javax.faces.resource/theme.css?ln=primefaces-sipse HTTP/1.1" 304 -
201.245.192.253 - - [07/Oct/2021:09:01:59 -0500] "GET /sipse/faces/javax.faces.resource/layout/layout.css?ln=primefaces&v=4.0 HTTP/1.1" 304 -
201.245.192.253 - - [07/Oct/2021:09:01:59 -0500] "GET /sipse/faces/javax.faces.resource/primefaces.css?ln=primefaces&v=4.0 HTTP/1.1" 304 -
201.245.192.253 - - [07/Oct/2021:09:01:59 -0500] "GET /sipse/faces/javax.faces.resource/jquery/jquery.js?ln=primefaces&v=4.0 HTTP/1.1" 304 -
201.245.192.253 - - [07/Oct/2021:09:01:59 -0500] "GET /sipse/faces/javax.faces.resource/jquery/jquery-plugins.js?ln=primefaces&v=4.0 HTTP/1.1" 304 -
201.245.192.253 - - [07/Oct/2021:09:01:59 -0500] "GET /sipse/faces/javax.faces.resource/primefaces.js?ln=primefaces&v=4.0 HTTP/1.1" 304 -
201.245.192.253 - - [07/Oct/2021:09:01:59 -0500] "GET /sipse/faces/javax.faces.resource/layout/layout.js?ln=primefaces&v=4.0 HTTP/1.1" 304 -
201.245.192.253 - - [07/Oct/2021:09:01:59 -0500] "GET /reportes_sipse/sdg/ServletReporte?reporte=solicitud_cdp&Solicitud=15284&pfdrid_c=false HTTP/1.1" 200 147454
201.245.192.253 - - [07/Oct/2021:09:02:00 -0500] "GET /catalogoisis/ HTTP/1.1" 200 8575
176.80.128.174 - - [07/Oct/2021:09:02:00 -0500] "GET /galeria/galeria/jquery.fancybox.css?v=2.1.5 HTTP/1.1" 200 4895
176.80.128.174 - - [07/Oct/2021:09:02:00 -0500] "GET /galeria/galeria/jquery.fancybox.js?v=2.1.5 HTTP/1.1" 200 48706
176.80.128.174 - - [07/Oct/2021:09:02:00 -0500] "GET /BLA/boletinlegal/js/jquery.scrollShow.js HTTP/1.1" 200 4586
190.69.234.100 - - [07/Oct/2021:09:02:03 -0500] "POST /sipse/faces/presentacion/financiero/solicitudProceso/consultarSolicitudProceso.xhtml HTTP/1.1" 200 59457
190.69.234.100 - - [07/Oct/2021:09:02:06 -0500] "GET /sipse/faces/javax.faces.resource/theme.css?ln=primefaces-sipse HTTP/1.1" 304 -
190.69.234.100 - - [07/Oct/2021:09:02:06 -0500] "GET /sipse/faces/javax.faces.resource/primefaces.css?ln=primefaces&v=4.0 HTTP/1.1" 304 -
190.69.234.100 - - [07/Oct/2021:09:02:06 -0500] "GET /sipse/faces/javax.faces.resource/layout/layout.css?ln=primefaces&v=4.0 HTTP/1.1" 304 -
190.69.234.100 - - [07/Oct/2021:09:02:06 -0500] "GET /sipse/faces/javax.faces.resource/jquery/jquery.js?ln=primefaces&v=4.0 HTTP/1.1" 304 -
190.69.234.100 - - [07/Oct/2021:09:02:06 -0500] "GET /sipse/faces/javax.faces.resource/jquery/jquery-plugins.js?ln=primefaces&v=4.0 HTTP/1.1" 304 -
190.69.234.100 - - [07/Oct/2021:09:02:06 -0500] "GET /sipse/faces/javax.faces.resource/primefaces.js?ln=primefaces&v=4.0 HTTP/1.1" 304 -
190.69.234.100 - - [07/Oct/2021:09:02:06 -0500] "GET /sipse/faces/javax.faces.resource/layout/layout.js?ln=primefaces&v=4.0 HTTP/1.1" 304 -
201.245.192.253 - - [07/Oct/2021:09:02:05 -0500] "POST /sipse/faces/presentacion/financiero/solicitudProceso/consultarSolicitudProceso.xhtml HTTP/1.1" 200 41011
201.245.192.253 - - [07/Oct/2021:09:02:06 -0500] "GET /sipse/faces/javax.faces.resource/primefaces.css?ln=primefaces&v=4.0 HTTP/1.1" 304 -
201.245.192.253 - - [07/Oct/2021:09:02:06 -0500] "GET /sipse/faces/javax.faces.resource/theme.css?ln=primefaces-sipse HTTP/1.1" 304 -
201.245.192.253 - - [07/Oct/2021:09:02:06 -0500] "GET /sipse/faces/javax.faces.resource/layout/layout.css?ln=primefaces&v=4.0 HTTP/1.1" 304 -
201.245.192.253 - - [07/Oct/2021:09:02:06 -0500] "GET /sipse/faces/javax.faces.resource/jquery/jquery.js?ln=primefaces&v=4.0 HTTP/1.1" 304 -
201.245.192.253 - - [07/Oct/2021:09:02:06 -0500] "GET /sipse/faces/javax.faces.resource/jquery/jquery-plugins.js?ln=primefaces&v=4.0 HTTP/1.1" 304 -
201.245.192.253 - - [07/Oct/2021:09:02:06 -0500] "GET /sipse/faces/javax.faces.resource/primefaces.js?ln=primefaces&v=4.0 HTTP/1.1" 304 -
201.245.192.253 - - [07/Oct/2021:09:02:06 -0500] "GET /sipse/faces/javax.faces.resource/layout/layout.js?ln=primefaces&v=4.0 HTTP/1.1" 304 -
66.102.8.187 - - [07/Oct/2021:09:02:06 -0500] "GET /galeria/mapa/humedal2017.jpg HTTP/1.1" 200 644667
190.69.234.100 - - [07/Oct/2021:09:02:06 -0500] "POST /sipse/faces/presentacion/financiero/solicitudProceso/listarSolicitudProceso.xhtml HTTP/1.1" 200 1448
178.63.20.95 - - [07/Oct/2021:09:02:06 -0500] "GET /BLA/resoluciones/AUTOS%202010/5249.pdf HTTP/1.1" 200 107360
190.248.51.109 - - [07/Oct/2021:09:02:12 -0500] "GET /galeria/galeria/jquery.fancybox.js?v=2.1.5 HTTP/1.1" 200 48706
190.248.51.109 - - [07/Oct/2021:09:02:12 -0500] "GET /galeria/galeria/jquery.fancybox.css?v=2.1.5 HTTP/1.1" 200 4895
190.248.51.109 - - [07/Oct/2021:09:02:12 -0500] "GET /BLA/boletinlegal/js/jquery.scrollShow.js HTTP/1.1" 200 4586
178.63.20.95 - - [07/Oct/2021:09:02:14 -0500] "GET /BLA/resoluciones/AUTOS%202010/3882.pdf HTTP/1.1" 200 32120
201.245.192.253 - - [07/Oct/2021:09:02:21 -0500] "POST /sipse/faces/presentacion/financiero/modificacionContrato/cargarModifiacion.xhtml HTTP/1.1" 200 5359
178.63.20.95 - - [07/Oct/2021:09:02:22 -0500] "GET /BLA/resoluciones/AUTOS%202010/1154.pdf HTTP/1.1" 200 147222
201.245.192.253 - - [07/Oct/2021:09:02:22 -0500] "POST /sipse/faces/presentacion/financiero/modificacionContrato/cargarModifiacion.xhtml HTTP/1.1" 200 5456
178.63.20.95 - - [07/Oct/2021:09:02:30 -0500] "GET /BLA/resoluciones/AUTOS%202010/6942.pdf HTTP/1.1" 200 317078
178.63.20.95 - - [07/Oct/2021:09:02:39 -0500] "GET /BLA/resoluciones/AUTOS%202010/3302.pdf HTTP/1.1" 200 373861
190.69.234.100 - - [07/Oct/2021:09:02:40 -0500] "POST /sipse/faces/presentacion/financiero/solicitudProceso/listarSolicitudProceso.xhtml HTTP/1.1" 200 30785
201.245.192.253 - - [07/Oct/2021:09:02:45 -0500] "POST /sipse/faces/presentacion/financiero/modificacionContrato/cargarModifiacion.xhtml HTTP/1.1" 200 5520
64.178.212.64 - - [07/Oct/2021:09:02:48 -0500] "GET /BLA/boletinlegal/js/jquery.scrollShow.js HTTP/1.1" 200 4586
64.178.212.64 - - [07/Oct/2021:09:02:48 -0500] "GET /galeria/galeria/jquery.fancybox.js?v=2.1.5 HTTP/1.1" 200 48706
64.178.212.64 - - [07/Oct/2021:09:02:48 -0500] "GET /galeria/galeria/jquery.fancybox.css?v=2.1.5 HTTP/1.1" 200 4895
200.91.207.146 - - [07/Oct/2021:09:02:49 -0500] "GET /galeria/nivo-slider/themes/default/arrows.png HTTP/1.1" 200 824
200.91.207.146 - - [07/Oct/2021:09:02:49 -0500] "GET /galeria/nivo-slider/themes/default/bullets.png HTTP/1.1" 200 1281
178.63.20.95 - - [07/Oct/2021:09:02:49 -0500] "GET /BLA/resoluciones/AUTOS%202010/4896.pdf HTTP/1.1" 200 365420
186.84.21.101 - - [07/Oct/2021:09:02:58 -0500] "GET /galeria/galeria/jquery.fancybox.css?v=2.1.5 HTTP/1.1" 200 4895
186.84.21.101 - - [07/Oct/2021:09:02:58 -0500] "GET /BLA/boletinlegal/js/jquery.scrollShow.js HTTP/1.1" 200 4586
186.84.21.101 - - [07/Oct/2021:09:02:58 -0500] "GET /galeria/galeria/jquery.fancybox.js?v=2.1.5 HTTP/1.1" 200 48706
178.63.20.95 - - [07/Oct/2021:09:02:58 -0500] "GET /BLA/resoluciones/AUTOS%202010/0536.pdf HTTP/1.1" 200 180673
201.245.192.253 - - [07/Oct/2021:09:03:01 -0500] "GET /catalogoisis/ HTTP/1.1" 200 8575
178.63.20.95 - - [07/Oct/2021:09:03:07 -0500] "GET /BLA/resoluciones/AUTOS%202010/2279.pdf HTTP/1.1" 200 119069
178.63.20.95 - - [07/Oct/2021:09:03:15 -0500] "GET /BLA/resoluciones/AUTOS%202010/4899.pdf HTTP/1.1" 200 726494
186.91.138.228 - - [07/Oct/2021:09:03:16 -0500] "GET /BLA/boletinlegal/js/jquery.scrollShow.js HTTP/1.1" 200 4586
186.91.138.228 - - [07/Oct/2021:09:03:16 -0500] "GET /galeria/galeria/jquery.fancybox.js?v=2.1.5 HTTP/1.1" 200 48706
186.91.138.228 - - [07/Oct/2021:09:03:16 -0500] "GET /galeria/galeria/jquery.fancybox.css?v=2.1.5 HTTP/1.1" 200 4895
201.245.192.253 - - [07/Oct/2021:09:03:16 -0500] "POST /sipse/faces/presentacion/financiero/modificacionContrato/cargarModifiacion.xhtml HTTP/1.1" 200 117831
201.245.192.253 - - [07/Oct/2021:09:03:16 -0500] "GET /sipse/faces/javax.faces.resource/theme.css?ln=primefaces-sipse HTTP/1.1" 304 -
201.245.192.253 - - [07/Oct/2021:09:03:16 -0500] "GET /sipse/faces/javax.faces.resource/primefaces.css?ln=primefaces&v=4.0 HTTP/1.1" 304 -
201.245.192.253 - - [07/Oct/2021:09:03:16 -0500] "GET /sipse/faces/javax.faces.resource/layout/layout.css?ln=primefaces&v=4.0 HTTP/1.1" 304 -
201.245.192.253 - - [07/Oct/2021:09:03:16 -0500] "GET /sipse/faces/javax.faces.resource/jquery/jquery.js?ln=primefaces&v=4.0 HTTP/1.1" 304 -
201.245.192.253 - - [07/Oct/2021:09:03:16 -0500] "GET /sipse/faces/javax.faces.resource/jquery/jquery-plugins.js?ln=primefaces&v=4.0 HTTP/1.1" 304 -
201.245.192.253 - - [07/Oct/2021:09:03:16 -0500] "GET /sipse/faces/javax.faces.resource/primefaces.js?ln=primefaces&v=4.0 HTTP/1.1" 304 -
201.245.192.253 - - [07/Oct/2021:09:03:16 -0500] "GET /sipse/faces/javax.faces.resource/layout/layout.js?ln=primefaces&v=4.0 HTTP/1.1" 304 -
201.245.192.253 - - [07/Oct/2021:09:03:16 -0500] "GET /sipse/faces/javax.faces.resource/messages/messages.png?ln=primefaces&v=4.0 HTTP/1.1" 304 -
201.245.192.253 - - [07/Oct/2021:09:03:16 -0500] "GET /reportes_sipse/sdg/ServletReporte?reporte=solicitud_cdp&Solicitud=15284&pfdrid_c=false HTTP/1.1" 200 147454
201.245.192.253 - - [07/Oct/2021:09:03:19 -0500] "POST /sipse/faces/presentacion/financiero/solicitudProceso/consultarSolicitudProceso.xhtml HTTP/1.1" 200 30605
201.245.192.253 - - [07/Oct/2021:09:03:21 -0500] "GET /sipse/faces/javax.faces.resource/layout/layout.css?ln=primefaces&v=4.0 HTTP/1.1" 304 -
201.245.192.253 - - [07/Oct/2021:09:03:21 -0500] "GET /sipse/faces/javax.faces.resource/primefaces.css?ln=primefaces&v=4.0 HTTP/1.1" 304 -
201.245.192.253 - - [07/Oct/2021:09:03:21 -0500] "GET /sipse/faces/javax.faces.resource/theme.css?ln=primefaces-sipse HTTP/1.1" 304 -
201.245.192.253 - - [07/Oct/2021:09:03:21 -0500] "GET /sipse/faces/javax.faces.resource/jquery/jquery.js?ln=primefaces&v=4.0 HTTP/1.1" 304 -
201.245.192.253 - - [07/Oct/2021:09:03:21 -0500] "GET /sipse/faces/javax.faces.resource/jquery/jquery-plugins.js?ln=primefaces&v=4.0 HTTP/1.1" 304 -
201.245.192.253 - - [07/Oct/2021:09:03:21 -0500] "GET /sipse/faces/javax.faces.resource/primefaces.js?ln=primefaces&v=4.0 HTTP/1.1" 304 -
201.245.192.253 - - [07/Oct/2021:09:03:21 -0500] "GET /sipse/faces/javax.faces.resource/layout/layout.js?ln=primefaces&v=4.0 HTTP/1.1" 304 -
201.245.192.253 - - [07/Oct/2021:09:03:21 -0500] "POST /sipse/faces/presentacion/financiero/solicitudProceso/listarSolicitudProceso.xhtml HTTP/1.1" 200 1328
201.245.192.253 - - [07/Oct/2021:09:03:23 -0500] "POST /sipse/faces/presentacion/financiero/solicitudProceso/listarSolicitudProceso.xhtml HTTP/1.1" 200 23366
201.245.192.253 - - [07/Oct/2021:09:03:23 -0500] "POST /sipse/faces/presentacion/financiero/solicitudProceso/listarSolicitudProceso.xhtml HTTP/1.1" 200 23366
201.245.192.253 - - [07/Oct/2021:09:03:23 -0500] "POST /sipse/faces/presentacion/financiero/solicitudProceso/listarSolicitudProceso.xhtml HTTP/1.1" 200 23366
201.245.192.253 - - [07/Oct/2021:09:03:24 -0500] "POST /sipse/faces/presentacion/financiero/solicitudProceso/listarSolicitudProceso.xhtml HTTP/1.1" 200 23366
201.245.192.253 - - [07/Oct/2021:09:03:24 -0500] "POST /sipse/faces/presentacion/financiero/solicitudProceso/listarSolicitudProceso.xhtml HTTP/1.1" 200 23366
201.245.192.253 - - [07/Oct/2021:09:03:24 -0500] "POST /sipse/faces/presentacion/financiero/solicitudProceso/listarSolicitudProceso.xhtml HTTP/1.1" 200 23366
201.245.192.253 - - [07/Oct/2021:09:03:24 -0500] "POST /sipse/faces/presentacion/financiero/solicitudProceso/listarSolicitudProceso.xhtml HTTP/1.1" 200 1328
201.245.192.253 - - [07/Oct/2021:09:03:24 -0500] "POST /sipse/faces/presentacion/financiero/solicitudProceso/listarSolicitudProceso.xhtml HTTP/1.1" 200 1324
201.245.192.253 - - [07/Oct/2021:09:03:24 -0500] "POST /sipse/faces/presentacion/financiero/solicitudProceso/listarSolicitudProceso.xhtml HTTP/1.1" 200 1328
201.245.192.253 - - [07/Oct/2021:09:03:24 -0500] "POST /sipse/faces/presentacion/financiero/solicitudProceso/listarSolicitudProceso.xhtml HTTP/1.1" 200 1324
201.245.192.253 - - [07/Oct/2021:09:03:25 -0500] "POST /sipse/faces/presentacion/financiero/solicitudProceso/listarSolicitudProceso.xhtml HTTP/1.1" 200 1328
201.245.192.253 - - [07/Oct/2021:09:03:25 -0500] "POST /sipse/faces/presentacion/financiero/solicitudProceso/listarSolicitudProceso.xhtml HTTP/1.1" 200 1324
178.63.20.95 - - [07/Oct/2021:09:03:25 -0500] "GET /BLA/resoluciones/AUTOS%202010/6638.pdf HTTP/1.1" 200 137773
178.63.20.95 - - [07/Oct/2021:09:03:33 -0500] "GET /BLA/resoluciones/AUTOS%202010/6709.pdf HTTP/1.1" 200 212906
186.83.184.7 - - [07/Oct/2021:09:03:39 -0500] "GET /galeria/galeria/jquery.fancybox.css?v=2.1.5 HTTP/1.1" 200 4895
186.83.184.7 - - [07/Oct/2021:09:03:39 -0500] "GET /BLA/boletinlegal/js/jquery.scrollShow.js HTTP/1.1" 200 4586
186.83.184.7 - - [07/Oct/2021:09:03:39 -0500] "GET /galeria/galeria/jquery.fancybox.js?v=2.1.5 HTTP/1.1" 200 48706
178.63.20.95 - - [07/Oct/2021:09:03:42 -0500] "GET /BLA/resoluciones/AUTOS%202010/0803.pdf HTTP/1.1" 200 177277
147.75.115.250 - - [07/Oct/2021:09:03:43 -0500] "GET /galeria/galeria/jquery.fancybox.css?v=2.1.5 HTTP/1.1" 200 4895
147.75.115.250 - - [07/Oct/2021:09:03:43 -0500] "GET /BLA/boletinlegal/js/jquery.scrollShow.js HTTP/1.1" 200 4586
147.75.115.250 - - [07/Oct/2021:09:03:43 -0500] "GET /galeria/galeria/jquery.fancybox.js?v=2.1.5 HTTP/1.1" 200 48706
199.16.157.182 - - [07/Oct/2021:09:03:48 -0500] "GET /images/Bogot%C3%A1-Imparable-feria-servicios.jpg HTTP/1.1" 404 1034
178.63.20.95 - - [07/Oct/2021:09:03:51 -0500] "GET /BLA/resoluciones/AUTOS%202010/5323.pdf HTTP/1.1" 200 1892591
178.63.20.95 - - [07/Oct/2021:09:03:55 -0500] "GET /BLA/resoluciones/AUTOS%202010/6812.pdf HTTP/1.1" 200 147835
201.245.192.253 - - [07/Oct/2021:09:04:02 -0500] "GET /catalogoisis/ HTTP/1.1" 200 8575
186.84.91.100 - - [07/Oct/2021:09:04:02 -0500] "GET /BLA/boletinlegal/js/jquery.scrollShow.js HTTP/1.1" 200 4586
186.84.91.100 - - [07/Oct/2021:09:04:02 -0500] "GET /galeria/galeria/jquery.fancybox.css?v=2.1.5 HTTP/1.1" 200 4895
186.84.91.100 - - [07/Oct/2021:09:04:02 -0500] "GET /galeria/galeria/jquery.fancybox.js?v=2.1.5 HTTP/1.1" 200 48706
178.63.20.95 - - [07/Oct/2021:09:04:04 -0500] "GET /BLA/resoluciones/AUTOS%202010/5781.pdf HTTP/1.1" 200 283710
201.245.192.253 - - [07/Oct/2021:09:04:12 -0500] "POST /sipse/faces/presentacion/financiero/solicitudProceso/consultarSolicitudProceso.xhtml HTTP/1.1" 200 104121
178.63.20.95 - - [07/Oct/2021:09:04:13 -0500] "GET /BLA/resoluciones/AUTOS%202010/1362.pdf HTTP/1.1" 200 243742
178.63.20.95 - - [07/Oct/2021:09:04:22 -0500] "GET /BLA/resoluciones/AUTOS%202010/0807.pdf HTTP/1.1" 200 175387
186.29.200.77 - - [07/Oct/2021:09:04:26 -0500] "GET /galeria/galeria/jquery.fancybox.css?v=2.1.5 HTTP/1.1" 200 4895
186.29.200.77 - - [07/Oct/2021:09:04:26 -0500] "GET /BLA/boletinlegal/js/jquery.scrollShow.js HTTP/1.1" 200 4586
186.29.200.77 - - [07/Oct/2021:09:04:26 -0500] "GET /galeria/galeria/jquery.fancybox.js?v=2.1.5 HTTP/1.1" 200 48706
178.63.20.95 - - [07/Oct/2021:09:04:31 -0500] "GET /BLA/resoluciones/AUTOS%202010/4360.pdf HTTP/1.1" 200 245229
186.30.100.183 - - [07/Oct/2021:09:04:32 -0500] "GET /galeria/galeria/jquery.fancybox.css?v=2.1.5 HTTP/1.1" 200 4895
186.30.100.183 - - [07/Oct/2021:09:04:32 -0500] "GET /BLA/boletinlegal/js/jquery.scrollShow.js HTTP/1.1" 200 4586
186.30.100.183 - - [07/Oct/2021:09:04:32 -0500] "GET /galeria/galeria/jquery.fancybox.js?v=2.1.5 HTTP/1.1" 200 48706
168.194.235.192 - - [07/Oct/2021:09:04:33 -0500] "GET /galeria/galeria/jquery.fancybox.css?v=2.1.5 HTTP/1.1" 200 4895
168.194.235.192 - - [07/Oct/2021:09:04:33 -0500] "GET /BLA/boletinlegal/js/jquery.scrollShow.js HTTP/1.1" 200 4586
168.194.235.192 - - [07/Oct/2021:09:04:33 -0500] "GET /galeria/galeria/jquery.fancybox.js?v=2.1.5 HTTP/1.1" 200 48706
190.28.164.180 - - [07/Oct/2021:09:04:35 -0500] "GET /BLA/boletinlegal/js/jquery.scrollShow.js HTTP/1.1" 200 4586
190.28.164.180 - - [07/Oct/2021:09:04:35 -0500] "GET /galeria/galeria/jquery.fancybox.css?v=2.1.5 HTTP/1.1" 200 4895
190.28.164.180 - - [07/Oct/2021:09:04:35 -0500] "GET /galeria/galeria/jquery.fancybox.js?v=2.1.5 HTTP/1.1" 200 48706
178.63.20.95 - - [07/Oct/2021:09:04:41 -0500] "GET /BLA/resoluciones/AUTOS%202010/5713.pdf HTTP/1.1" 200 231067
200.68.137.212 - - [07/Oct/2021:09:04:42 -0500] "GET /galeria/galeria/jquery.fancybox.css?v=2.1.5 HTTP/1.1" 200 4895
200.68.137.212 - - [07/Oct/2021:09:04:42 -0500] "GET /BLA/boletinlegal/js/jquery.scrollShow.js HTTP/1.1" 200 4586
200.68.137.212 - - [07/Oct/2021:09:04:42 -0500] "GET /galeria/galeria/jquery.fancybox.js?v=2.1.5 HTTP/1.1" 200 48706
178.63.20.95 - - [07/Oct/2021:09:04:51 -0500] "GET /BLA/resoluciones/AUTOS%202010/5487.pdf HTTP/1.1" 200 181495
216.245.221.92 - - [07/Oct/2021:09:04:53 -0500] "HEAD / HTTP/1.1" 200 -
13.66.139.1 - - [07/Oct/2021:09:04:59 -0500] "-" 408 -
178.63.20.95 - - [07/Oct/2021:09:05:00 -0500] "GET /BLA/resoluciones/AUTOS%202010/1374.pdf HTTP/1.1" 200 242229
23.100.232.233 - - [07/Oct/2021:09:05:00 -0500] "GET /galeria/galeria/jquery.fancybox.js?v=2.1.5 HTTP/1.1" 200 48706
23.100.232.233 - - [07/Oct/2021:09:05:00 -0500] "GET /galeria/galeria/jquery.fancybox.css?v=2.1.5 HTTP/1.1" 200 4895
201.245.192.253 - - [07/Oct/2021:09:04:18 -0500] "POST /kwsrmcab/Wsrmcab HTTP/1.1" 200 213
201.245.192.253 - - [07/Oct/2021:09:05:03 -0500] "GET /catalogoisis/ HTTP/1.1" 200 8575
186.84.91.126 - - [07/Oct/2021:09:05:03 -0500] "GET /galeria/galeria/jquery.fancybox.css?v=2.1.5 HTTP/1.1" 200 4895
186.84.91.126 - - [07/Oct/2021:09:05:03 -0500] "GET /galeria/galeria/jquery.fancybox.js?v=2.1.5 HTTP/1.1" 200 48706
186.84.91.126 - - [07/Oct/2021:09:05:03 -0500] "GET /BLA/boletinlegal/js/jquery.scrollShow.js HTTP/1.1" 200 4586
178.63.20.95 - - [07/Oct/2021:09:05:09 -0500] "GET /BLA/resoluciones/AUTOS%202010/5463.pdf HTTP/1.1" 200 672477
178.63.20.95 - - [07/Oct/2021:09:05:17 -0500] "GET /BLA/resoluciones/AUTOS%202010/2364.pdf HTTP/1.1" 200 311232
93.22.148.116 - - [07/Oct/2021:09:05:26 -0500] "GET /BLA/boletinlegal/js/jquery.scrollShow.js HTTP/1.1" 200 4586
93.22.148.116 - - [07/Oct/2021:09:05:26 -0500] "GET /galeria/galeria/jquery.fancybox.css?v=2.1.5 HTTP/1.1" 200 4895
93.22.148.116 - - [07/Oct/2021:09:05:26 -0500] "GET /galeria/galeria/jquery.fancybox.js?v=2.1.5 HTTP/1.1" 200 48706
178.63.20.95 - - [07/Oct/2021:09:05:27 -0500] "GET /BLA/resoluciones/AUTOS%202010/5834.pdf HTTP/1.1" 200 231922
178.63.20.95 - - [07/Oct/2021:09:05:36 -0500] "GET /BLA/resoluciones/AUTOS%202010/5237.pdf HTTP/1.1" 200 254987
201.245.192.253 - - [07/Oct/2021:09:05:37 -0500] "POST /sipse/faces/presentacion/financiero/solicitudProceso/listarSolicitudProceso.xhtml HTTP/1.1" 200 28005
201.245.192.253 - - [07/Oct/2021:09:05:38 -0500] "POST /sipse/faces/presentacion/financiero/solicitudProceso/listarSolicitudProceso.xhtml HTTP/1.1" 200 28005
201.245.192.253 - - [07/Oct/2021:09:05:38 -0500] "POST /sipse/faces/presentacion/financiero/solicitudProceso/listarSolicitudProceso.xhtml HTTP/1.1" 200 1360
201.245.192.253 - - [07/Oct/2021:09:05:38 -0500] "POST /sipse/faces/presentacion/financiero/solicitudProceso/listarSolicitudProceso.xhtml HTTP/1.1" 200 1356
178.63.20.95 - - [07/Oct/2021:09:05:44 -0500] "GET /BLA/resoluciones/AUTOS%202010/6641.pdf HTTP/1.1" 200 153219
191.95.61.242 - - [07/Oct/2021:09:05:46 -0500] "GET /galeria/galeria/jquery.fancybox.css?v=2.1.5 HTTP/1.1" 200 4895
191.95.61.242 - - [07/Oct/2021:09:05:46 -0500] "GET /BLA/boletinlegal/js/jquery.scrollShow.js HTTP/1.1" 200 4586
191.95.61.242 - - [07/Oct/2021:09:05:46 -0500] "GET /galeria/galeria/jquery.fancybox.js?v=2.1.5 HTTP/1.1" 200 48706
178.63.20.95 - - [07/Oct/2021:09:05:54 -0500] "GET /BLA/resoluciones/AUTOS%202010/1732.pdf HTTP/1.1" 200 145905
178.63.20.95 - - [07/Oct/2021:09:06:03 -0500] "GET /BLA/resoluciones/AUTOS%202010/3443.pdf HTTP/1.1" 200 465313
201.245.192.253 - - [07/Oct/2021:09:06:04 -0500] "GET /catalogoisis/ HTTP/1.1" 200 8575
178.63.20.95 - - [07/Oct/2021:09:06:12 -0500] "GET /BLA/resoluciones/AUTOS%202010/5127.pdf HTTP/1.1" 200 204736
138.185.14.42 - - [07/Oct/2021:09:06:14 -0500] "GET /galeria/galeria/jquery.fancybox.css?v=2.1.5 HTTP/1.1" 200 4895
138.185.14.42 - - [07/Oct/2021:09:06:14 -0500] "GET /galeria/galeria/jquery.fancybox.js?v=2.1.5 HTTP/1.1" 200 48706
138.185.14.42 - - [07/Oct/2021:09:06:17 -0500] "GET /galeria/juegos/ear/ HTTP/1.1" 200 1093
178.63.20.95 - - [07/Oct/2021:09:06:22 -0500] "GET /BLA/resoluciones/AUTOS%202010/6605.pdf HTTP/1.1" 200 167911
178.63.20.95 - - [07/Oct/2021:09:06:32 -0500] "GET /BLA/resoluciones/AUTOS%202010/4868.pdf HTTP/1.1" 200 250531
159.237.12.65 - - [07/Oct/2021:09:06:33 -0500] "GET /galeria/galeria/jquery.fancybox.css?v=2.1.5 HTTP/1.1" 200 4895
159.237.12.65 - - [07/Oct/2021:09:06:35 -0500] "GET /BLA/boletinlegal/js/jquery.scrollShow.js HTTP/1.1" 200 4586
159.237.12.65 - - [07/Oct/2021:09:06:35 -0500] "GET /galeria/galeria/jquery.fancybox.js?v=2.1.5 HTTP/1.1" 200 48706
178.63.20.95 - - [07/Oct/2021:09:06:40 -0500] "GET /BLA/resoluciones/AUTOS%202010/1665.pdf HTTP/1.1" 200 3429527
178.63.20.95 - - [07/Oct/2021:09:06:45 -0500] "GET /BLA/resoluciones/AUTOS%202010/4562.pdf HTTP/1.1" 200 366456
191.95.155.118 - - [07/Oct/2021:09:06:45 -0500] "GET /galeria/galeria/jquery.fancybox.css?v=2.1.5 HTTP/1.1" 200 4895
191.95.155.118 - - [07/Oct/2021:09:06:45 -0500] "GET /BLA/boletinlegal/js/jquery.scrollShow.js HTTP/1.1" 200 4586
191.95.155.118 - - [07/Oct/2021:09:06:45 -0500] "GET /galeria/galeria/jquery.fancybox.js?v=2.1.5 HTTP/1.1" 200 48706
35.202.2.1 - - [07/Oct/2021:09:06:49 -0500] "-" 408 -
181.61.7.90 - - [07/Oct/2021:09:06:53 -0500] "POST /sipse/faces/presentacion/financiero/solicitudProceso/listarSolicitudProceso.xhtml HTTP/1.1" 200 112597
181.61.7.90 - - [07/Oct/2021:09:06:54 -0500] "GET /sipse/faces/javax.faces.resource/jquery/jquery.js?ln=primefaces&v=4.0 HTTP/1.1" 304 -
181.61.7.90 - - [07/Oct/2021:09:06:54 -0500] "GET /sipse/faces/javax.faces.resource/jquery/jquery-plugins.js?ln=primefaces&v=4.0 HTTP/1.1" 304 -
181.61.7.90 - - [07/Oct/2021:09:06:54 -0500] "GET /sipse/faces/javax.faces.resource/primefaces.js?ln=primefaces&v=4.0 HTTP/1.1" 304 -
181.61.7.90 - - [07/Oct/2021:09:06:54 -0500] "GET /sipse/faces/javax.faces.resource/layout/layout.js?ln=primefaces&v=4.0 HTTP/1.1" 304 -
181.61.7.90 - - [07/Oct/2021:09:06:54 -0500] "GET /reportes_sipse/sdg/ServletReporte?reporte=solicitud_cdp&Solicitud=15284&pfdrid_c=false HTTP/1.1" 200 147454
178.63.20.95 - - [07/Oct/2021:09:06:55 -0500] "GET /BLA/resoluciones/AUTOS%202010/5285.pdf HTTP/1.1" 200 203843
181.61.7.90 - - [07/Oct/2021:09:07:02 -0500] "POST /sipse/faces/presentacion/financiero/solicitudProceso/consultarSolicitudProceso.xhtml HTTP/1.1" 200 166545
178.63.20.95 - - [07/Oct/2021:09:07:05 -0500] "GET /BLA/resoluciones/AUTOS%202010/5111.pdf HTTP/1.1" 200 167301
201.245.192.253 - - [07/Oct/2021:09:07:06 -0500] "GET /catalogoisis/ HTTP/1.1" 200 8575
178.63.20.95 - - [07/Oct/2021:09:07:14 -0500] "GET /BLA/resoluciones/AUTOS%202010/6146.pdf HTTP/1.1" 200 138137
201.245.192.253 - - [07/Oct/2021:09:07:18 -0500] "POST /sipse/faces/presentacion/financiero/solicitudProceso/consultarSolicitudProceso.xhtml HTTP/1.1" 200 5501
201.245.192.253 - - [07/Oct/2021:09:07:18 -0500] "GET /reportes_sipse/sdg/ServletReporte?reporte=solicitud_cdp&Solicitud=15284&pfdrid_c=false HTTP/1.1" 200 147454
178.63.20.95 - - [07/Oct/2021:09:07:23 -0500] "GET /BLA/resoluciones/AUTOS%202010/1444.pdf HTTP/1.1" 200 190875
178.63.20.95 - - [07/Oct/2021:09:07:32 -0500] "GET /BLA/resoluciones/AUTOS%202010/6818.pdf HTTP/1.1" 200 151172
178.63.20.95 - - [07/Oct/2021:09:07:41 -0500] "GET /BLA/resoluciones/AUTOS%202010/0419.pdf HTTP/1.1" 200 296581
178.63.20.95 - - [07/Oct/2021:09:07:52 -0500] "GET /BLA/resoluciones/AUTOS%202010/6680.pdf HTTP/1.1" 200 377550
178.63.20.95 - - [07/Oct/2021:09:08:01 -0500] "GET /BLA/resoluciones/AUTOS%202010/4371.pdf HTTP/1.1" 200 259599
190.157.218.79 - - [07/Oct/2021:09:08:02 -0500] "GET /reportes_sipse/sdg/ServletReporte?reporte=solicitud_cdp&Solicitud=15284&pfdrid_c=false HTTP/1.1" 200 147454
186.84.21.219 - - [07/Oct/2021:09:08:04 -0500] "GET /BLA/boletinlegal/js/jquery.scrollShow.js HTTP/1.1" 200 4586
186.84.21.219 - - [07/Oct/2021:09:08:04 -0500] "GET /galeria/galeria/jquery.fancybox.css?v=2.1.5 HTTP/1.1" 200 4895
186.84.21.219 - - [07/Oct/2021:09:08:04 -0500] "GET /galeria/galeria/jquery.fancybox.js?v=2.1.5 HTTP/1.1" 200 48706
201.245.192.253 - - [07/Oct/2021:09:08:06 -0500] "GET /catalogoisis/ HTTP/1.1" 200 8575
178.63.20.95 - - [07/Oct/2021:09:08:13 -0500] "GET /BLA/resoluciones/AUTOS%202010/5170.pdf HTTP/1.1" 200 144380
181.61.7.90 - - [07/Oct/2021:09:08:16 -0500] "POST /sipse/faces/presentacion/financiero/solicitudProceso/consultarSolicitudProceso.xhtml HTTP/1.1" 200 151289
178.63.20.95 - - [07/Oct/2021:09:08:22 -0500] "GET /BLA/resoluciones/AUTOS%202010/1998.pdf HTTP/1.1" 200 147022
178.63.20.95 - - [07/Oct/2021:09:08:31 -0500] "GET /BLA/resoluciones/AUTOS%202010/5372.pdf HTTP/1.1" 200 196233
178.63.20.95 - - [07/Oct/2021:09:08:40 -0500] "GET /BLA/resoluciones/AUTOS%202010/0162.pdf HTTP/1.1" 200 848890
178.63.20.95 - - [07/Oct/2021:09:08:51 -0500] "GET /BLA/resoluciones/AUTOS%202010/0845.pdf HTTP/1.1" 200 178021
181.61.7.90 - - [07/Oct/2021:09:08:56 -0500] "POST /sipse/faces/presentacion/financiero/solicitudProceso/consultarSolicitudProceso.xhtml HTTP/1.1" 200 30009
181.61.7.90 - - [07/Oct/2021:09:08:56 -0500] "GET /sipse/faces/javax.faces.resource/jquery/jquery.js?ln=primefaces&v=4.0 HTTP/1.1" 304 -
181.61.7.90 - - [07/Oct/2021:09:08:56 -0500] "GET /sipse/faces/javax.faces.resource/jquery/jquery-plugins.js?ln=primefaces&v=4.0 HTTP/1.1" 304 -
181.61.7.90 - - [07/Oct/2021:09:08:56 -0500] "GET /sipse/faces/javax.faces.resource/primefaces.js?ln=primefaces&v=4.0 HTTP/1.1" 304 -
181.61.7.90 - - [07/Oct/2021:09:08:56 -0500] "GET /sipse/faces/javax.faces.resource/layout/layout.js?ln=primefaces&v=4.0 HTTP/1.1" 304 -
178.63.20.95 - - [07/Oct/2021:09:09:00 -0500] "GET /BLA/resoluciones/AUTOS%202010/1448.pdf HTTP/1.1" 200 192729
181.61.7.90 - - [07/Oct/2021:09:09:01 -0500] "POST /sipse/faces/presentacion/financiero/solicitudProceso/asignarContratacion.xhtml HTTP/1.1" 200 59495
