190.158.95.183 - - [07/Oct/2021:09:24:39 -0500] "POST /sipse/faces/presentacion/financiero/solicitudProceso/listarSolicitudProceso.xhtml HTTP/1.1" 200 54842
190.158.95.183 - - [07/Oct/2021:09:24:39 -0500] "POST /sipse/faces/presentacion/financiero/solicitudProceso/listarSolicitudProceso.xhtml HTTP/1.1" 200 54842
190.158.95.183 - - [07/Oct/2021:09:24:40 -0500] "POST /sipse/faces/presentacion/financiero/solicitudProceso/listarSolicitudProceso.xhtml HTTP/1.1" 200 54842
190.158.95.183 - - [07/Oct/2021:09:24:40 -0500] "POST /sipse/faces/presentacion/financiero/solicitudProceso/listarSolicitudProceso.xhtml HTTP/1.1" 200 1448
186.84.89.236 - - [07/Oct/2021:09:24:43 -0500] "-" 408 -
190.158.95.183 - - [07/Oct/2021:09:24:42 -0500] "POST /sipse/faces/presentacion/financiero/solicitudProceso/listarSolicitudProceso.xhtml HTTP/1.1" 200 1448
190.158.95.183 - - [07/Oct/2021:09:24:45 -0500] "POST /sipse/faces/presentacion/financiero/solicitudProceso/listarSolicitudProceso.xhtml HTTP/1.1" 200 1452
178.63.20.95 - - [07/Oct/2021:09:24:48 -0500] "GET /BLA/resoluciones/AUTOS%202010/4382.pdf HTTP/1.1" 200 143411
190.158.95.183 - - [07/Oct/2021:09:24:47 -0500] "POST /sipse/faces/presentacion/financiero/solicitudProceso/listarSolicitudProceso.xhtml HTTP/1.1" 200 1444
190.158.95.183 - - [07/Oct/2021:09:24:49 -0500] "POST /sipse/faces/presentacion/financiero/solicitudProceso/listarSolicitudProceso.xhtml HTTP/1.1" 200 1448
186.84.91.31 - - [07/Oct/2021:09:24:52 -0500] "POST /sipse/faces/presentacion/financiero/solicitudProceso/consultar.xhtml HTTP/1.1" 200 12784
216.245.221.92 - - [07/Oct/2021:09:24:53 -0500] "HEAD / HTTP/1.1" 200 -
178.63.20.95 - - [07/Oct/2021:09:24:56 -0500] "GET /BLA/resoluciones/AUTOS%202010/5864.pdf HTTP/1.1" 200 2063228
186.84.91.31 - - [07/Oct/2021:09:24:58 -0500] "POST /sipse/faces/presentacion/financiero/solicitudProceso/consultar.xhtml HTTP/1.1" 200 150740
186.84.91.31 - - [07/Oct/2021:09:24:59 -0500] "GET /sipse/faces/javax.faces.resource/theme.css?ln=primefaces-sipse HTTP/1.1" 304 -
186.84.91.31 - - [07/Oct/2021:09:25:00 -0500] "GET /sipse/faces/javax.faces.resource/primefaces.css?ln=primefaces&v=4.0 HTTP/1.1" 304 -
186.84.91.31 - - [07/Oct/2021:09:25:00 -0500] "GET /sipse/faces/javax.faces.resource/jquery/jquery.js?ln=primefaces&v=4.0 HTTP/1.1" 304 -
186.84.91.31 - - [07/Oct/2021:09:25:00 -0500] "GET /sipse/faces/javax.faces.resource/layout/layout.css?ln=primefaces&v=4.0 HTTP/1.1" 304 -
186.84.91.31 - - [07/Oct/2021:09:25:00 -0500] "GET /sipse/faces/javax.faces.resource/jquery/jquery-plugins.js?ln=primefaces&v=4.0 HTTP/1.1" 304 -
186.84.91.31 - - [07/Oct/2021:09:25:00 -0500] "GET /sipse/faces/javax.faces.resource/primefaces.js?ln=primefaces&v=4.0 HTTP/1.1" 304 -
186.84.91.31 - - [07/Oct/2021:09:25:00 -0500] "GET /sipse/faces/javax.faces.resource/layout/layout.js?ln=primefaces&v=4.0 HTTP/1.1" 304 -
186.84.91.31 - - [07/Oct/2021:09:25:00 -0500] "GET /reportes_sipse/sdg/ServletReporte?reporte=solicitud_cdp&Solicitud=14952&pfdrid_c=false HTTP/1.1" 200 133626
178.63.20.95 - - [07/Oct/2021:09:25:02 -0500] "GET /BLA/resoluciones/AUTOS%202010/1312.pdf HTTP/1.1" 200 227257
103.131.71.130 - - [07/Oct/2021:09:25:03 -0500] "-" 408 -
201.245.192.253 - - [07/Oct/2021:09:24:19 -0500] "POST /kwsrmcab/Wsrmcab HTTP/1.1" 200 121948
178.63.20.95 - - [07/Oct/2021:09:25:11 -0500] "GET /BLA/resoluciones/AUTOS%202010/1421.pdf HTTP/1.1" 200 161318
181.62.53.25 - - [07/Oct/2021:09:25:13 -0500] "GET /galeria/galeria/jquery.fancybox.css?v=2.1.5 HTTP/1.1" 200 4895
181.62.53.25 - - [07/Oct/2021:09:25:13 -0500] "GET /BLA/boletinlegal/js/jquery.scrollShow.js HTTP/1.1" 200 4586
181.62.53.25 - - [07/Oct/2021:09:25:13 -0500] "GET /galeria/galeria/jquery.fancybox.js?v=2.1.5 HTTP/1.1" 200 48706
178.63.20.95 - - [07/Oct/2021:09:25:22 -0500] "GET /BLA/resoluciones/AUTOS%202010/5598.pdf HTTP/1.1" 200 176061
201.245.192.253 - - [07/Oct/2021:09:25:22 -0500] "GET /catalogoisis/ HTTP/1.1" 200 8575
190.255.40.79 - - [07/Oct/2021:09:25:22 -0500] "GET /galeria/galeria/jquery.fancybox.css?v=2.1.5 HTTP/1.1" 200 4895
190.255.40.79 - - [07/Oct/2021:09:25:22 -0500] "GET /BLA/boletinlegal/js/jquery.scrollShow.js HTTP/1.1" 200 4586
190.255.40.79 - - [07/Oct/2021:09:25:23 -0500] "GET /galeria/galeria/jquery.fancybox.js?v=2.1.5 HTTP/1.1" 200 48706
190.90.38.242 - - [07/Oct/2021:09:25:27 -0500] "GET /galeria/galeria/jquery.fancybox.css?v=2.1.5 HTTP/1.1" 200 4895
190.90.38.242 - - [07/Oct/2021:09:25:28 -0500] "GET /BLA/boletinlegal/js/jquery.scrollShow.js HTTP/1.1" 200 4586
190.90.38.242 - - [07/Oct/2021:09:25:28 -0500] "GET /galeria/galeria/jquery.fancybox.js?v=2.1.5 HTTP/1.1" 200 48706
190.145.4.202 - - [07/Oct/2021:09:25:28 -0500] "GET /galeria/galeria/jquery.fancybox.css?v=2.1.5 HTTP/1.1" 200 4895
190.145.4.202 - - [07/Oct/2021:09:25:28 -0500] "GET /galeria/galeria/jquery.fancybox.js?v=2.1.5 HTTP/1.1" 200 48706
190.145.4.202 - - [07/Oct/2021:09:25:28 -0500] "GET /BLA/boletinlegal/js/jquery.scrollShow.js HTTP/1.1" 200 4586
190.247.85.203 - - [07/Oct/2021:09:25:29 -0500] "GET /galeria/galeria/jquery.fancybox.css?v=2.1.5 HTTP/1.1" 200 4895
190.247.85.203 - - [07/Oct/2021:09:25:29 -0500] "GET /BLA/boletinlegal/js/jquery.scrollShow.js HTTP/1.1" 200 4586
190.247.85.203 - - [07/Oct/2021:09:25:29 -0500] "GET /galeria/galeria/jquery.fancybox.js?v=2.1.5 HTTP/1.1" 200 48706
178.63.20.95 - - [07/Oct/2021:09:25:31 -0500] "GET /BLA/resoluciones/AUTOS%202010/5423.pdf HTTP/1.1" 200 437894
190.27.169.98 - - [07/Oct/2021:09:25:33 -0500] "GET /BLA/boletinlegal/js/jquery.scrollShow.js HTTP/1.1" 200 4586
190.27.169.97 - - [07/Oct/2021:09:25:33 -0500] "GET /galeria/galeria/jquery.fancybox.css?v=2.1.5 HTTP/1.1" 200 4895
190.27.169.99 - - [07/Oct/2021:09:25:33 -0500] "GET /galeria/galeria/jquery.fancybox.js?v=2.1.5 HTTP/1.1" 200 48706
190.83.78.189 - - [07/Oct/2021:09:25:37 -0500] "GET /galeria/galeria/jquery.fancybox.css?v=2.1.5 HTTP/1.1" 200 4895
190.83.78.189 - - [07/Oct/2021:09:25:37 -0500] "GET /BLA/boletinlegal/js/jquery.scrollShow.js HTTP/1.1" 200 4586
190.83.78.189 - - [07/Oct/2021:09:25:37 -0500] "GET /galeria/galeria/jquery.fancybox.js?v=2.1.5 HTTP/1.1" 200 48706
178.63.20.95 - - [07/Oct/2021:09:25:41 -0500] "GET /BLA/resoluciones/AUTOS%202010/5532.pdf HTTP/1.1" 200 129111
178.63.20.95 - - [07/Oct/2021:09:25:51 -0500] "GET /BLA/resoluciones/AUTOS%202010/2360.pdf HTTP/1.1" 200 86140
178.63.20.95 - - [07/Oct/2021:09:26:00 -0500] "GET /BLA/resoluciones/AUTOS%202010/6662.pdf HTTP/1.1" 200 374724
190.24.56.98 - - [07/Oct/2021:09:26:02 -0500] "GET /BLA/boletinlegal/js/jquery.scrollShow.js HTTP/1.1" 200 4586
190.24.56.98 - - [07/Oct/2021:09:26:02 -0500] "GET /galeria/galeria/jquery.fancybox.js?v=2.1.5 HTTP/1.1" 200 48706
190.24.56.98 - - [07/Oct/2021:09:26:02 -0500] "GET /galeria/galeria/jquery.fancybox.css?v=2.1.5 HTTP/1.1" 200 4895
190.84.209.155 - - [07/Oct/2021:09:26:02 -0500] "GET /galeria/galeria/jquery.fancybox.css?v=2.1.5 HTTP/1.1" 200 4895
190.84.209.155 - - [07/Oct/2021:09:26:02 -0500] "GET /galeria/galeria/jquery.fancybox.js?v=2.1.5 HTTP/1.1" 200 48706
190.84.209.155 - - [07/Oct/2021:09:26:02 -0500] "GET /galeria/galeria/fotos/Huemdal-el-Tunjo1P.jpg HTTP/1.1" 200 24430
190.84.209.155 - - [07/Oct/2021:09:26:02 -0500] "GET /galeria/galeria/fotos/Humedal-Tibanica2P.jpg HTTP/1.1" 200 29568
190.84.209.155 - - [07/Oct/2021:09:26:02 -0500] "GET /galeria/galeria/fotos/Huemdal-el-Tunjo3P.jpg HTTP/1.1" 200 20644
190.84.209.155 - - [07/Oct/2021:09:26:02 -0500] "GET /galeria/galeria/fotos/Huemdal-el-Tunjo4P.jpg HTTP/1.1" 200 18710
186.102.4.15 - - [07/Oct/2021:09:26:07 -0500] "GET /kwssiamovil/sm/des/ldap/au?x=U2FsdGVkX19mHMBQy24jGOnLfv05EWN5VAwda/Buc+uEauAgnipDaBlOqkDiZ9ho&y=U2FsdGVkX19MsD/Oh8wGHoGihdrgVHal2aV2WMpKbWnkDwm7ddXzT/1Cpwv/li4N HTTP/1.1" 200 30
186.102.4.15 - - [07/Oct/2021:09:26:07 -0500] "GET /kwssiamovil/sm/des/acme/s?s=U2FsdGVkX1973Kc4keibRILy29U+liof4WoD6SayLlmbaZ9kmIK/1JkviYR7Vff4U46s8YqMn+5IB8zAt4X6EOvSb55O5pFsFSKGS9FunmRwcDOrF7uarV5Vo3j6jYTX7AdzamQ1vw3wiRSuQ0SSEQh2dwhX9fYB4HDUjq+S0qDKLFwP5Qy2KoVpYKTIYeMh3mNv5ZbVOB8me5QEL2tOYQD1DRI3hLqeSCCCRVkvW6H+x1uENQDvgWhH05kFfCFuwTghACYMGDektNHPpyUCkrZKjJUFplN9FQFssMM6XpqYTvcYwaIh8E5J21MupZ4VYU2w37Qm8CIuZr3/7b87vX5/lcpQMQpJTsi1FcqkUVPq1dPXnZmR0a14XwCml8Uo5uTn9D8GxFXlzL4Wy14b/cNzGCP0yTqdVMTljVqx5sedMXFJSkJzHVXbO4lO7cJN8Y95tps+Weao3KdPkc3k6EzehY+yk0Moa7TrP+Ljmac2ZO//QhXGmpqoll07HCnpe7DRR6TmP7lB2m/XqSslkQ==&u=U2FsdGVkX19llnPesjt4TG1ALuklb1h6QfWCSqR6Dps=&y=U2FsdGVkX19MsD/Oh8wGHoGihdrgVHal2aV2WMpKbWnkDwm7ddXzT/1Cpwv/li4N HTTP/1.1" 200 600
186.102.4.15 - - [07/Oct/2021:09:26:07 -0500] "GET /kwssiamovil/sm/des/acme/s?s=U2FsdGVkX18IdiRJrEq9sAWEdmKQFQHrz8UkgIjZ8qOj+K7Kpyqta2tdrrlA13Ji8Y4B4GtqR5Rkm6r2ddTUdaIv/pMoU3QKmvMS7KhbUmwk46YxmxHo11hoj7JmDeVerlcucI+HHCTjQgTN0Oc4PdSIn5DmskQpd+aCkWkFihts1nZcBh8P3d8Zq5PS6bs/Snk82ZUnRzFnwu1eJYjOqBUtO6QR8S1j3F+NnaIZjtQrB05w1Fl34ezIMTjhJYkfMCwuC4nVoLgSofCl/CA3ug==&u=U2FsdGVkX19llnPesjt4TG1ALuklb1h6QfWCSqR6Dps=&y=U2FsdGVkX19MsD/Oh8wGHoGihdrgVHal2aV2WMpKbWnkDwm7ddXzT/1Cpwv/li4N HTTP/1.1" 200 176
201.245.192.253 - - [07/Oct/2021:09:26:08 -0500] "POST /sipse/faces/presentacion/financiero/solicitudProceso/consultarSolicitudProceso.xhtml HTTP/1.1" 200 40509
201.245.192.253 - - [07/Oct/2021:09:26:08 -0500] "GET /sipse/faces/javax.faces.resource/theme.css?ln=primefaces-sipse HTTP/1.1" 304 -
201.245.192.253 - - [07/Oct/2021:09:26:08 -0500] "GET /sipse/faces/javax.faces.resource/primefaces.css?ln=primefaces&v=4.0 HTTP/1.1" 304 -
201.245.192.253 - - [07/Oct/2021:09:26:08 -0500] "GET /sipse/faces/javax.faces.resource/layout/layout.css?ln=primefaces&v=4.0 HTTP/1.1" 304 -
201.245.192.253 - - [07/Oct/2021:09:26:08 -0500] "GET /sipse/faces/javax.faces.resource/jquery/jquery.js?ln=primefaces&v=4.0 HTTP/1.1" 304 -
201.245.192.253 - - [07/Oct/2021:09:26:08 -0500] "GET /sipse/faces/javax.faces.resource/jquery/jquery-plugins.js?ln=primefaces&v=4.0 HTTP/1.1" 304 -
201.245.192.253 - - [07/Oct/2021:09:26:08 -0500] "GET /sipse/faces/javax.faces.resource/primefaces.js?ln=primefaces&v=4.0 HTTP/1.1" 304 -
201.245.192.253 - - [07/Oct/2021:09:26:08 -0500] "GET /sipse/faces/javax.faces.resource/layout/layout.js?ln=primefaces&v=4.0 HTTP/1.1" 304 -
201.245.192.253 - - [07/Oct/2021:09:26:08 -0500] "GET /sipse/css/imagen/contrasena.png HTTP/1.1" 404 383
201.245.192.253 - - [07/Oct/2021:09:26:08 -0500] "POST /sipse/faces/presentacion/financiero/solicitudProceso/consultar.xhtml HTTP/1.1" 200 33792
178.63.20.95 - - [07/Oct/2021:09:26:08 -0500] "GET /BLA/resoluciones/AUTOS%202010/6741.pdf HTTP/1.1" 200 218407
201.245.192.253 - - [07/Oct/2021:09:26:08 -0500] "POST /sipse/faces/presentacion/financiero/solicitudProceso/consultar.xhtml HTTP/1.1" 200 33792
201.245.192.253 - - [07/Oct/2021:09:26:08 -0500] "POST /sipse/faces/presentacion/financiero/solicitudProceso/consultar.xhtml HTTP/1.1" 200 33792
201.245.192.253 - - [07/Oct/2021:09:26:08 -0500] "POST /sipse/faces/presentacion/financiero/solicitudProceso/consultar.xhtml HTTP/1.1" 200 33792
201.245.192.253 - - [07/Oct/2021:09:26:09 -0500] "POST /sipse/faces/presentacion/financiero/solicitudProceso/consultar.xhtml HTTP/1.1" 200 33792
201.245.192.253 - - [07/Oct/2021:09:26:09 -0500] "POST /sipse/faces/presentacion/financiero/solicitudProceso/consultar.xhtml HTTP/1.1" 200 33792
201.245.192.253 - - [07/Oct/2021:09:26:09 -0500] "POST /sipse/faces/presentacion/financiero/solicitudProceso/consultar.xhtml HTTP/1.1" 200 33792
201.245.192.253 - - [07/Oct/2021:09:26:09 -0500] "POST /sipse/faces/presentacion/financiero/solicitudProceso/consultar.xhtml HTTP/1.1" 200 33792
201.245.192.253 - - [07/Oct/2021:09:26:09 -0500] "POST /sipse/faces/presentacion/financiero/solicitudProceso/consultar.xhtml HTTP/1.1" 200 33792
201.245.192.253 - - [07/Oct/2021:09:26:09 -0500] "POST /sipse/faces/presentacion/financiero/solicitudProceso/consultar.xhtml HTTP/1.1" 200 33792
201.245.192.253 - - [07/Oct/2021:09:26:09 -0500] "POST /sipse/faces/presentacion/financiero/solicitudProceso/consultar.xhtml HTTP/1.1" 200 33792
201.245.192.253 - - [07/Oct/2021:09:26:10 -0500] "POST /sipse/faces/presentacion/financiero/solicitudProceso/consultar.xhtml HTTP/1.1" 200 33792
201.245.192.253 - - [07/Oct/2021:09:26:10 -0500] "POST /sipse/faces/presentacion/financiero/solicitudProceso/consultar.xhtml HTTP/1.1" 200 33792
201.245.192.253 - - [07/Oct/2021:09:26:10 -0500] "POST /sipse/faces/presentacion/financiero/solicitudProceso/consultar.xhtml HTTP/1.1" 200 33792
186.102.4.15 - - [07/Oct/2021:09:26:07 -0500] "GET /kwssiamovil/sm/des/cjson/pre?f=1&x=U2FsdGVkX19mHMBQy24jGOnLfv05EWN5VAwda/Buc+uEauAgnipDaBlOqkDiZ9ho HTTP/1.1" 200 30948
178.63.20.95 - - [07/Oct/2021:09:26:17 -0500] "GET /BLA/resoluciones/AUTOS%202010/5661.pdf HTTP/1.1" 200 262302
190.158.95.183 - - [07/Oct/2021:09:26:20 -0500] "POST /sipse/faces/presentacion/financiero/solicitudProceso/listarSolicitudProceso.xhtml HTTP/1.1" 200 10125
201.245.192.253 - - [07/Oct/2021:09:26:21 -0500] "GET /catalogoisis/ HTTP/1.1" 200 8575
190.158.95.183 - - [07/Oct/2021:09:26:24 -0500] "POST /sipse/faces/presentacion/financiero/solicitudProceso/listarSolicitudProceso.xhtml HTTP/1.1" 200 130905
190.158.95.183 - - [07/Oct/2021:09:26:25 -0500] "GET /sipse/faces/javax.faces.resource/theme.css?ln=primefaces-sipse HTTP/1.1" 304 -
190.158.95.183 - - [07/Oct/2021:09:26:25 -0500] "GET /sipse/faces/javax.faces.resource/jquery/jquery.js?ln=primefaces&v=4.0 HTTP/1.1" 304 -
190.158.95.183 - - [07/Oct/2021:09:26:25 -0500] "GET /sipse/faces/javax.faces.resource/layout/layout.css?ln=primefaces&v=4.0 HTTP/1.1" 304 -
190.158.95.183 - - [07/Oct/2021:09:26:25 -0500] "GET /sipse/faces/javax.faces.resource/primefaces.css?ln=primefaces&v=4.0 HTTP/1.1" 304 -
190.158.95.183 - - [07/Oct/2021:09:26:25 -0500] "GET /sipse/faces/javax.faces.resource/jquery/jquery-plugins.js?ln=primefaces&v=4.0 HTTP/1.1" 304 -
190.158.95.183 - - [07/Oct/2021:09:26:25 -0500] "GET /sipse/faces/javax.faces.resource/primefaces.js?ln=primefaces&v=4.0 HTTP/1.1" 304 -
190.158.95.183 - - [07/Oct/2021:09:26:25 -0500] "GET /sipse/faces/javax.faces.resource/layout/layout.js?ln=primefaces&v=4.0 HTTP/1.1" 304 -
190.158.95.183 - - [07/Oct/2021:09:26:25 -0500] "GET /reportes_sipse/sdg/ServletReporte?reporte=solicitud_cdp&Solicitud=14952&pfdrid_c=false HTTP/1.1" 200 133626
178.63.20.95 - - [07/Oct/2021:09:26:26 -0500] "GET /BLA/resoluciones/AUTOS%202010/5592.pdf HTTP/1.1" 200 184539
190.158.95.183 - - [07/Oct/2021:09:26:31 -0500] "POST /sipse/faces/presentacion/financiero/solicitudProceso/consultarSolicitudProceso.xhtml HTTP/1.1" 200 103208
201.245.192.253 - - [07/Oct/2021:09:26:34 -0500] "POST /sipse/faces/presentacion/financiero/solicitudProceso/consultar.xhtml HTTP/1.1" 200 149388
201.245.192.253 - - [07/Oct/2021:09:26:35 -0500] "GET /sipse/faces/javax.faces.resource/theme.css?ln=primefaces-sipse HTTP/1.1" 304 -
201.245.192.253 - - [07/Oct/2021:09:26:35 -0500] "GET /sipse/faces/javax.faces.resource/layout/layout.css?ln=primefaces&v=4.0 HTTP/1.1" 304 -
201.245.192.253 - - [07/Oct/2021:09:26:35 -0500] "GET /sipse/faces/javax.faces.resource/primefaces.css?ln=primefaces&v=4.0 HTTP/1.1" 304 -
201.245.192.253 - - [07/Oct/2021:09:26:35 -0500] "GET /sipse/faces/javax.faces.resource/jquery/jquery.js?ln=primefaces&v=4.0 HTTP/1.1" 304 -
201.245.192.253 - - [07/Oct/2021:09:26:35 -0500] "GET /sipse/faces/javax.faces.resource/jquery/jquery-plugins.js?ln=primefaces&v=4.0 HTTP/1.1" 304 -
201.245.192.253 - - [07/Oct/2021:09:26:35 -0500] "GET /sipse/faces/javax.faces.resource/primefaces.js?ln=primefaces&v=4.0 HTTP/1.1" 304 -
201.245.192.253 - - [07/Oct/2021:09:26:35 -0500] "GET /sipse/faces/javax.faces.resource/layout/layout.js?ln=primefaces&v=4.0 HTTP/1.1" 304 -
201.245.192.253 - - [07/Oct/2021:09:26:35 -0500] "GET /sipse/css/imagen/contrasena.png HTTP/1.1" 404 383
178.63.20.95 - - [07/Oct/2021:09:26:36 -0500] "GET /BLA/resoluciones/AUTOS%202010/5775.pdf HTTP/1.1" 200 1423920
201.245.192.253 - - [07/Oct/2021:09:26:35 -0500] "GET /reportes_sipse/sdg/ServletReporte?reporte=solicitud_cdp&Solicitud=14952&pfdrid_c=false HTTP/1.1" 200 133626
186.29.182.139 - - [07/Oct/2021:09:26:37 -0500] "GET /galeria/galeria/jquery.fancybox.css?v=2.1.5 HTTP/1.1" 200 4895
178.63.20.95 - - [07/Oct/2021:09:26:39 -0500] "GET /BLA/resoluciones/AUTOS%202010/5219.pdf HTTP/1.1" 200 323366
191.156.62.76 - - [07/Oct/2021:09:26:43 -0500] "GET /galeria/galeria/jquery.fancybox.css?v=2.1.5 HTTP/1.1" 200 4895
191.156.62.76 - - [07/Oct/2021:09:26:43 -0500] "GET /galeria/galeria/jquery.fancybox.js?v=2.1.5 HTTP/1.1" 200 48706
191.156.62.76 - - [07/Oct/2021:09:26:43 -0500] "GET /BLA/boletinlegal/js/jquery.scrollShow.js HTTP/1.1" 200 4586
201.245.192.253 - - [07/Oct/2021:09:26:44 -0500] "POST /sipse/faces/presentacion/financiero/solicitudProceso/consultarSolicitudProceso.xhtml HTTP/1.1" 200 240425
178.63.20.95 - - [07/Oct/2021:09:26:49 -0500] "GET /BLA/resoluciones/AUTOS%202010/0604.pdf HTTP/1.1" 200 188349
190.181.5.204 - - [07/Oct/2021:09:26:53 -0500] "GET /BLA/boletinlegal/js/jquery.scrollShow.js HTTP/1.1" 200 4586
190.181.5.204 - - [07/Oct/2021:09:26:53 -0500] "GET /galeria/galeria/jquery.fancybox.css?v=2.1.5 HTTP/1.1" 200 4895
190.181.5.204 - - [07/Oct/2021:09:26:53 -0500] "GET /galeria/galeria/jquery.fancybox.js?v=2.1.5 HTTP/1.1" 200 48706
186.84.22.164 - - [07/Oct/2021:09:26:55 -0500] "GET /BLA/boletinlegal/js/jquery.scrollShow.js HTTP/1.1" 200 4586
186.84.22.164 - - [07/Oct/2021:09:26:55 -0500] "GET /galeria/galeria/jquery.fancybox.css?v=2.1.5 HTTP/1.1" 200 4895
186.84.22.164 - - [07/Oct/2021:09:26:55 -0500] "GET /galeria/galeria/jquery.fancybox.js?v=2.1.5 HTTP/1.1" 200 48706
35.163.227.238 - - [07/Oct/2021:09:26:56 -0500] "GET /BLA/resoluciones/RESOLUCIONES%202021/3380.pdf HTTP/1.1" 200 356455
178.63.20.95 - - [07/Oct/2021:09:26:58 -0500] "GET /BLA/resoluciones/AUTOS%202010/4549.pdf HTTP/1.1" 200 143915
186.102.29.130 - - [07/Oct/2021:09:27:02 -0500] "GET /BLA/boletinlegal/js/jquery.scrollShow.js HTTP/1.1" 200 4586
186.102.29.130 - - [07/Oct/2021:09:27:02 -0500] "GET /galeria/galeria/jquery.fancybox.js?v=2.1.5 HTTP/1.1" 200 48706
186.102.29.130 - - [07/Oct/2021:09:27:02 -0500] "GET /galeria/galeria/jquery.fancybox.css?v=2.1.5 HTTP/1.1" 200 4895
201.245.192.253 - - [07/Oct/2021:09:27:06 -0500] "POST /sipse/faces/presentacion/financiero/solicitudProceso/consultarSolicitudProceso.xhtml HTTP/1.1" 200 40509
201.245.192.253 - - [07/Oct/2021:09:27:06 -0500] "GET /sipse/faces/javax.faces.resource/theme.css?ln=primefaces-sipse HTTP/1.1" 304 -
201.245.192.253 - - [07/Oct/2021:09:27:06 -0500] "GET /sipse/faces/javax.faces.resource/layout/layout.css?ln=primefaces&v=4.0 HTTP/1.1" 304 -
201.245.192.253 - - [07/Oct/2021:09:27:06 -0500] "GET /sipse/faces/javax.faces.resource/primefaces.css?ln=primefaces&v=4.0 HTTP/1.1" 304 -
201.245.192.253 - - [07/Oct/2021:09:27:06 -0500] "GET /sipse/faces/javax.faces.resource/jquery/jquery.js?ln=primefaces&v=4.0 HTTP/1.1" 304 -
201.245.192.253 - - [07/Oct/2021:09:27:06 -0500] "GET /sipse/faces/javax.faces.resource/jquery/jquery-plugins.js?ln=primefaces&v=4.0 HTTP/1.1" 304 -
201.245.192.253 - - [07/Oct/2021:09:27:06 -0500] "GET /sipse/faces/javax.faces.resource/primefaces.js?ln=primefaces&v=4.0 HTTP/1.1" 304 -
201.245.192.253 - - [07/Oct/2021:09:27:06 -0500] "GET /sipse/faces/javax.faces.resource/layout/layout.js?ln=primefaces&v=4.0 HTTP/1.1" 304 -
201.245.192.253 - - [07/Oct/2021:09:27:07 -0500] "GET /sipse/css/imagen/contrasena.png HTTP/1.1" 404 383
178.63.20.95 - - [07/Oct/2021:09:27:07 -0500] "GET /BLA/resoluciones/AUTOS%202010/6221.pdf HTTP/1.1" 200 259513
201.245.192.253 - - [07/Oct/2021:09:27:07 -0500] "POST /sipse/faces/presentacion/financiero/solicitudProceso/consultar.xhtml HTTP/1.1" 200 33792
201.245.192.253 - - [07/Oct/2021:09:27:07 -0500] "POST /sipse/faces/presentacion/financiero/solicitudProceso/consultar.xhtml HTTP/1.1" 200 33792
201.245.192.253 - - [07/Oct/2021:09:27:07 -0500] "POST /sipse/faces/presentacion/financiero/solicitudProceso/consultar.xhtml HTTP/1.1" 200 33792
201.245.192.253 - - [07/Oct/2021:09:27:07 -0500] "POST /sipse/faces/presentacion/financiero/solicitudProceso/consultar.xhtml HTTP/1.1" 200 33792
201.245.192.253 - - [07/Oct/2021:09:27:07 -0500] "POST /sipse/faces/presentacion/financiero/solicitudProceso/consultar.xhtml HTTP/1.1" 200 33792
201.245.192.253 - - [07/Oct/2021:09:27:07 -0500] "POST /sipse/faces/presentacion/financiero/solicitudProceso/consultar.xhtml HTTP/1.1" 200 33792
201.245.192.253 - - [07/Oct/2021:09:27:07 -0500] "POST /sipse/faces/presentacion/financiero/solicitudProceso/consultar.xhtml HTTP/1.1" 200 33792
201.245.192.253 - - [07/Oct/2021:09:27:08 -0500] "POST /sipse/faces/presentacion/financiero/solicitudProceso/consultar.xhtml HTTP/1.1" 200 33792
201.245.192.253 - - [07/Oct/2021:09:27:08 -0500] "POST /sipse/faces/presentacion/financiero/solicitudProceso/consultar.xhtml HTTP/1.1" 200 33792
201.245.192.253 - - [07/Oct/2021:09:27:08 -0500] "POST /sipse/faces/presentacion/financiero/solicitudProceso/consultar.xhtml HTTP/1.1" 200 33792
201.245.192.253 - - [07/Oct/2021:09:27:08 -0500] "POST /sipse/faces/presentacion/financiero/solicitudProceso/consultar.xhtml HTTP/1.1" 200 33792
34.216.18.110 - - [07/Oct/2021:09:27:08 -0500] "GET /BLA/resoluciones/RESOLUCIONES%202021/3380.pdf HTTP/1.1" 200 356455
201.245.192.253 - - [07/Oct/2021:09:27:08 -0500] "POST /sipse/faces/presentacion/financiero/solicitudProceso/consultar.xhtml HTTP/1.1" 200 33792
201.245.192.253 - - [07/Oct/2021:09:27:08 -0500] "POST /sipse/faces/presentacion/financiero/solicitudProceso/consultar.xhtml HTTP/1.1" 200 33792
201.245.192.253 - - [07/Oct/2021:09:27:08 -0500] "POST /sipse/faces/presentacion/financiero/solicitudProceso/consultar.xhtml HTTP/1.1" 200 33792
201.245.192.253 - - [07/Oct/2021:09:27:09 -0500] "POST /sipse/faces/presentacion/financiero/solicitudProceso/consultar.xhtml HTTP/1.1" 200 33792
201.245.192.253 - - [07/Oct/2021:09:27:09 -0500] "POST /sipse/faces/presentacion/financiero/solicitudProceso/consultar.xhtml HTTP/1.1" 200 33792
201.245.192.253 - - [07/Oct/2021:09:27:12 -0500] "POST /sipse/faces/presentacion/financiero/solicitudProceso/consultar.xhtml HTTP/1.1" 200 12814
178.63.20.95 - - [07/Oct/2021:09:27:15 -0500] "GET /BLA/resoluciones/AUTOS%202010/4268.pdf HTTP/1.1" 200 130165
181.53.13.107 - - [07/Oct/2021:09:27:16 -0500] "GET /BLA/boletinlegal/js/jquery.scrollShow.js HTTP/1.1" 200 4586
181.53.13.107 - - [07/Oct/2021:09:27:16 -0500] "GET /galeria/galeria/jquery.fancybox.css?v=2.1.5 HTTP/1.1" 200 4895
181.53.13.107 - - [07/Oct/2021:09:27:16 -0500] "GET /galeria/galeria/jquery.fancybox.js?v=2.1.5 HTTP/1.1" 200 48706
201.245.192.253 - - [07/Oct/2021:09:27:17 -0500] "POST /sipse/faces/presentacion/financiero/solicitudProceso/consultar.xhtml HTTP/1.1" 200 144021
201.245.192.253 - - [07/Oct/2021:09:27:18 -0500] "GET /sipse/faces/javax.faces.resource/theme.css?ln=primefaces-sipse HTTP/1.1" 304 -
201.245.192.253 - - [07/Oct/2021:09:27:18 -0500] "GET /sipse/faces/javax.faces.resource/layout/layout.css?ln=primefaces&v=4.0 HTTP/1.1" 304 -
201.245.192.253 - - [07/Oct/2021:09:27:18 -0500] "GET /sipse/faces/javax.faces.resource/primefaces.css?ln=primefaces&v=4.0 HTTP/1.1" 304 -
201.245.192.253 - - [07/Oct/2021:09:27:18 -0500] "GET /sipse/faces/javax.faces.resource/jquery/jquery.js?ln=primefaces&v=4.0 HTTP/1.1" 304 -
201.245.192.253 - - [07/Oct/2021:09:27:18 -0500] "GET /sipse/faces/javax.faces.resource/jquery/jquery-plugins.js?ln=primefaces&v=4.0 HTTP/1.1" 304 -
201.245.192.253 - - [07/Oct/2021:09:27:18 -0500] "GET /sipse/faces/javax.faces.resource/primefaces.js?ln=primefaces&v=4.0 HTTP/1.1" 304 -
201.245.192.253 - - [07/Oct/2021:09:27:18 -0500] "GET /sipse/faces/javax.faces.resource/layout/layout.js?ln=primefaces&v=4.0 HTTP/1.1" 304 -
201.245.192.253 - - [07/Oct/2021:09:27:18 -0500] "GET /sipse/css/imagen/contrasena.png HTTP/1.1" 404 383
201.245.192.253 - - [07/Oct/2021:09:27:18 -0500] "GET /reportes_sipse/sdg/ServletReporte?reporte=solicitud_cdp&Solicitud=14952&pfdrid_c=false HTTP/1.1" 200 133626
186.84.91.31 - - [07/Oct/2021:09:27:14 -0500] "POST /sipse/faces/presentacion/financiero/solicitudProceso/consultarSolicitudProceso.xhtml HTTP/1.1" 200 7774247
201.245.192.253 - - [07/Oct/2021:09:27:22 -0500] "GET /catalogoisis/ HTTP/1.1" 200 8575
201.245.192.253 - - [07/Oct/2021:09:27:22 -0500] "POST /sipse/faces/presentacion/financiero/solicitudProceso/consultarSolicitudProceso.xhtml HTTP/1.1" 200 155007
186.84.91.31 - - [07/Oct/2021:09:27:20 -0500] "POST /sipse/faces/presentacion/financiero/solicitudProceso/consultarSolicitudProceso.xhtml HTTP/1.1" 200 7787816
178.63.20.95 - - [07/Oct/2021:09:27:26 -0500] "GET /BLA/resoluciones/AUTOS%202010/2385.pdf HTTP/1.1" 200 317494
150.214.9.251 - - [07/Oct/2021:09:27:27 -0500] "GET /galeria/galeria/jquery.fancybox.css?v=2.1.5 HTTP/1.1" 200 4895
150.214.9.251 - - [07/Oct/2021:09:27:27 -0500] "GET /BLA/boletinlegal/js/jquery.scrollShow.js HTTP/1.1" 200 4586
150.214.9.251 - - [07/Oct/2021:09:27:27 -0500] "GET /galeria/galeria/jquery.fancybox.js?v=2.1.5 HTTP/1.1" 200 48706
178.63.20.95 - - [07/Oct/2021:09:27:36 -0500] "GET /BLA/resoluciones/AUTOS%202010/4570.pdf HTTP/1.1" 200 134320
178.63.20.95 - - [07/Oct/2021:09:27:45 -0500] "GET /BLA/resoluciones/AUTOS%202010/5114.pdf HTTP/1.1" 200 170151
178.63.20.95 - - [07/Oct/2021:09:27:56 -0500] "GET /BLA/resoluciones/AUTOS%202010/4624.pdf HTTP/1.1" 200 365852
201.245.192.253 - - [07/Oct/2021:09:28:00 -0500] "POST /sipse/faces/presentacion/financiero/solicitudProceso/consultarSolicitudProceso.xhtml HTTP/1.1" 200 155007
201.245.192.253 - - [07/Oct/2021:09:28:01 -0500] "POST /sipse/faces/presentacion/financiero/solicitudProceso/consultarSolicitudProceso.xhtml HTTP/1.1" 200 1972176
201.245.192.253 - - [07/Oct/2021:09:28:01 -0500] "POST /sipse/faces/presentacion/financiero/solicitudProceso/consultarSolicitudProceso.xhtml HTTP/1.1" 200 134352
201.245.192.253 - - [07/Oct/2021:09:28:02 -0500] "POST /sipse/faces/presentacion/financiero/solicitudProceso/consultarSolicitudProceso.xhtml HTTP/1.1" 200 479144
186.82.145.176 - - [07/Oct/2021:09:28:02 -0500] "GET /galeria/galeria/jquery.fancybox.css?v=2.1.5 HTTP/1.1" 200 4895
201.245.192.253 - - [07/Oct/2021:09:28:02 -0500] "POST /sipse/faces/presentacion/financiero/solicitudProceso/consultarSolicitudProceso.xhtml HTTP/1.1" 200 80262
186.82.145.176 - - [07/Oct/2021:09:28:04 -0500] "GET /BLA/boletinlegal/js/jquery.scrollShow.js HTTP/1.1" 200 4586
186.82.145.176 - - [07/Oct/2021:09:28:04 -0500] "GET /galeria/galeria/jquery.fancybox.js?v=2.1.5 HTTP/1.1" 200 48706
178.63.20.95 - - [07/Oct/2021:09:28:05 -0500] "GET /BLA/resoluciones/AUTOS%202010/4451.pdf HTTP/1.1" 200 274573
178.63.20.95 - - [07/Oct/2021:09:28:14 -0500] "GET /BLA/resoluciones/AUTOS%202010/5399.pdf HTTP/1.1" 200 1208792
201.245.192.253 - - [07/Oct/2021:09:28:23 -0500] "GET /catalogoisis/ HTTP/1.1" 200 8575
178.63.20.95 - - [07/Oct/2021:09:28:27 -0500] "GET /BLA/resoluciones/AUTOS%202010/0486.pdf HTTP/1.1" 200 181727
178.63.20.95 - - [07/Oct/2021:09:28:36 -0500] "GET /BLA/resoluciones/AUTOS%202010/6558.pdf HTTP/1.1" 200 2088901
201.245.192.253 - - [07/Oct/2021:09:28:39 -0500] "POST /sipse/faces/presentacion/financiero/solicitudProceso/consultarSolicitudProceso.xhtml HTTP/1.1" 200 6891509
178.63.20.95 - - [07/Oct/2021:09:28:42 -0500] "GET /BLA/resoluciones/AUTOS%202010/6689.pdf HTTP/1.1" 200 192109
201.245.192.253 - - [07/Oct/2021:09:28:47 -0500] "GET /sipse/faces/faces/index.xhtml HTTP/1.1" 200 677
201.245.192.253 - - [07/Oct/2021:09:28:47 -0500] "GET /sipse/faces/javax.faces.resource/theme.css?ln=primefaces-sipse HTTP/1.1" 304 -
201.245.192.253 - - [07/Oct/2021:09:28:48 -0500] "GET /sipse/faces/faces/faces/autenticacion.xhtml HTTP/1.1" 200 12179
201.245.192.253 - - [07/Oct/2021:09:28:48 -0500] "GET /sipse/faces/javax.faces.resource/theme.css?ln=primefaces-sipse HTTP/1.1" 304 -
201.245.192.253 - - [07/Oct/2021:09:28:48 -0500] "GET /sipse/faces/javax.faces.resource/primefaces.css?ln=primefaces&v=4.0 HTTP/1.1" 304 -
201.245.192.253 - - [07/Oct/2021:09:28:48 -0500] "GET /sipse/faces/javax.faces.resource/layout/layout.css?ln=primefaces&v=4.0 HTTP/1.1" 304 -
201.245.192.253 - - [07/Oct/2021:09:28:48 -0500] "GET /sipse/faces/javax.faces.resource/jquery/jquery.js?ln=primefaces&v=4.0 HTTP/1.1" 304 -
201.245.192.253 - - [07/Oct/2021:09:28:48 -0500] "GET /sipse/faces/javax.faces.resource/primefaces.js?ln=primefaces&v=4.0 HTTP/1.1" 304 -
201.245.192.253 - - [07/Oct/2021:09:28:48 -0500] "GET /sipse/faces/javax.faces.resource/jquery/jquery-plugins.js?ln=primefaces&v=4.0 HTTP/1.1" 304 -
201.245.192.253 - - [07/Oct/2021:09:28:48 -0500] "GET /sipse/faces/javax.faces.resource/layout/layout.js?ln=primefaces&v=4.0 HTTP/1.1" 304 -
201.245.192.253 - - [07/Oct/2021:09:28:49 -0500] "GET /sipse/faces/javax.faces.resource/images/ui-icons_898989_256x240.png?ln=primefaces-aristo HTTP/1.1" 304 -
178.63.20.95 - - [07/Oct/2021:09:28:50 -0500] "GET /BLA/resoluciones/AUTOS%202010/5456.pdf HTTP/1.1" 200 402465
178.63.20.95 - - [07/Oct/2021:09:29:00 -0500] "GET /BLA/resoluciones/AUTOS%202010/4389.pdf HTTP/1.1" 200 144609
186.30.188.188 - - [07/Oct/2021:09:29:01 -0500] "GET /galeria/galeria/jquery.fancybox.css?v=2.1.5 HTTP/1.1" 200 4895
186.30.188.188 - - [07/Oct/2021:09:29:01 -0500] "GET /BLA/boletinlegal/js/jquery.scrollShow.js HTTP/1.1" 200 4586
186.30.188.188 - - [07/Oct/2021:09:29:01 -0500] "GET /galeria/galeria/jquery.fancybox.js?v=2.1.5 HTTP/1.1" 200 48706
178.63.20.95 - - [07/Oct/2021:09:29:09 -0500] "GET /BLA/resoluciones/AUTOS%202010/6676.pdf HTTP/1.1" 200 233608
132.251.2.55 - - [07/Oct/2021:09:29:15 -0500] "GET /galeria/galeria/jquery.fancybox.css?v=2.1.5 HTTP/1.1" 200 4895
132.251.2.55 - - [07/Oct/2021:09:29:15 -0500] "GET /BLA/boletinlegal/js/jquery.scrollShow.js HTTP/1.1" 200 4586
132.251.2.55 - - [07/Oct/2021:09:29:15 -0500] "GET /galeria/galeria/jquery.fancybox.js?v=2.1.5 HTTP/1.1" 200 48706
178.63.20.95 - - [07/Oct/2021:09:29:18 -0500] "GET /BLA/resoluciones/AUTOS%202010/5356.pdf HTTP/1.1" 200 1645461
201.245.192.253 - - [07/Oct/2021:09:29:21 -0500] "POST /sipse/faces/autenticacion.xhtml HTTP/1.1" 200 2228
201.245.192.253 - - [07/Oct/2021:09:29:21 -0500] "GET /sipse/faces/javax.faces.resource/messages/messages.png?ln=primefaces&v=4.0 HTTP/1.1" 304 -
201.245.192.253 - - [07/Oct/2021:09:29:24 -0500] "GET /catalogoisis/ HTTP/1.1" 200 8575
201.245.192.253 - - [07/Oct/2021:09:29:24 -0500] "POST /sipse/faces/autenticacion.xhtml HTTP/1.1" 200 16023
201.245.192.253 - - [07/Oct/2021:09:29:24 -0500] "GET /sipse/faces/javax.faces.resource/theme.css?ln=primefaces-sipse HTTP/1.1" 304 -
201.245.192.253 - - [07/Oct/2021:09:29:24 -0500] "GET /sipse/faces/javax.faces.resource/primefaces.css?ln=primefaces&v=4.0 HTTP/1.1" 304 -
201.245.192.253 - - [07/Oct/2021:09:29:24 -0500] "GET /sipse/faces/javax.faces.resource/layout/layout.css?ln=primefaces&v=4.0 HTTP/1.1" 304 -
201.245.192.253 - - [07/Oct/2021:09:29:24 -0500] "GET /sipse/faces/javax.faces.resource/jquery/jquery.js?ln=primefaces&v=4.0 HTTP/1.1" 304 -
178.63.20.95 - - [07/Oct/2021:09:29:24 -0500] "GET /BLA/resoluciones/AUTOS%202010/1018.pdf HTTP/1.1" 200 123332
201.245.192.253 - - [07/Oct/2021:09:29:24 -0500] "GET /sipse/faces/javax.faces.resource/jquery/jquery-plugins.js?ln=primefaces&v=4.0 HTTP/1.1" 304 -
201.245.192.253 - - [07/Oct/2021:09:29:25 -0500] "GET /sipse/faces/javax.faces.resource/primefaces.js?ln=primefaces&v=4.0 HTTP/1.1" 304 -
201.245.192.253 - - [07/Oct/2021:09:29:25 -0500] "GET /sipse/faces/javax.faces.resource/layout/layout.js?ln=primefaces&v=4.0 HTTP/1.1" 304 -
201.245.192.253 - - [07/Oct/2021:09:29:25 -0500] "GET /sipse/css/imagen/contrasena.png HTTP/1.1" 404 383
201.245.192.253 - - [07/Oct/2021:09:29:28 -0500] "POST /sipse/faces/presentacion/financiero/solicitudProceso/consultarSolicitudProceso.xhtml HTTP/1.1" 200 40579
201.245.192.253 - - [07/Oct/2021:09:29:28 -0500] "GET /sipse/faces/javax.faces.resource/layout/layout.css?ln=primefaces&v=4.0 HTTP/1.1" 304 -
201.245.192.253 - - [07/Oct/2021:09:29:28 -0500] "GET /sipse/faces/javax.faces.resource/theme.css?ln=primefaces-sipse HTTP/1.1" 304 -
201.245.192.253 - - [07/Oct/2021:09:29:28 -0500] "GET /sipse/faces/javax.faces.resource/primefaces.css?ln=primefaces&v=4.0 HTTP/1.1" 304 -
201.245.192.253 - - [07/Oct/2021:09:29:28 -0500] "GET /sipse/faces/javax.faces.resource/jquery/jquery.js?ln=primefaces&v=4.0 HTTP/1.1" 304 -
201.245.192.253 - - [07/Oct/2021:09:29:28 -0500] "GET /sipse/faces/javax.faces.resource/jquery/jquery-plugins.js?ln=primefaces&v=4.0 HTTP/1.1" 304 -
201.245.192.253 - - [07/Oct/2021:09:29:28 -0500] "GET /sipse/faces/javax.faces.resource/primefaces.js?ln=primefaces&v=4.0 HTTP/1.1" 304 -
201.245.192.253 - - [07/Oct/2021:09:29:28 -0500] "GET /sipse/faces/javax.faces.resource/layout/layout.js?ln=primefaces&v=4.0 HTTP/1.1" 304 -
201.245.192.253 - - [07/Oct/2021:09:29:28 -0500] "GET /sipse/css/imagen/contrasena.png HTTP/1.1" 404 383
201.245.192.253 - - [07/Oct/2021:09:29:28 -0500] "POST /sipse/faces/presentacion/financiero/solicitudProceso/consultar.xhtml HTTP/1.1" 200 33862
201.245.192.253 - - [07/Oct/2021:09:29:28 -0500] "POST /sipse/faces/presentacion/financiero/solicitudProceso/consultar.xhtml HTTP/1.1" 200 33862
201.245.192.253 - - [07/Oct/2021:09:29:28 -0500] "POST /sipse/faces/presentacion/financiero/solicitudProceso/consultar.xhtml HTTP/1.1" 200 33862
201.245.192.253 - - [07/Oct/2021:09:29:29 -0500] "POST /sipse/faces/presentacion/financiero/solicitudProceso/consultar.xhtml HTTP/1.1" 200 33862
201.245.192.253 - - [07/Oct/2021:09:29:29 -0500] "POST /sipse/faces/presentacion/financiero/solicitudProceso/consultar.xhtml HTTP/1.1" 200 33862
201.245.192.253 - - [07/Oct/2021:09:29:29 -0500] "POST /sipse/faces/presentacion/financiero/solicitudProceso/consultar.xhtml HTTP/1.1" 200 33862
201.245.192.253 - - [07/Oct/2021:09:29:29 -0500] "POST /sipse/faces/presentacion/financiero/solicitudProceso/consultar.xhtml HTTP/1.1" 200 33862
201.245.192.253 - - [07/Oct/2021:09:29:29 -0500] "POST /sipse/faces/presentacion/financiero/solicitudProceso/consultar.xhtml HTTP/1.1" 200 33862
201.245.192.253 - - [07/Oct/2021:09:29:29 -0500] "POST /sipse/faces/presentacion/financiero/solicitudProceso/consultar.xhtml HTTP/1.1" 200 33862
201.245.192.253 - - [07/Oct/2021:09:29:29 -0500] "POST /sipse/faces/presentacion/financiero/solicitudProceso/consultar.xhtml HTTP/1.1" 200 33862
201.245.192.253 - - [07/Oct/2021:09:29:29 -0500] "POST /sipse/faces/presentacion/financiero/solicitudProceso/consultar.xhtml HTTP/1.1" 200 33862
201.245.192.253 - - [07/Oct/2021:09:29:30 -0500] "POST /sipse/faces/presentacion/financiero/solicitudProceso/consultar.xhtml HTTP/1.1" 200 33862
201.245.192.253 - - [07/Oct/2021:09:29:30 -0500] "POST /sipse/faces/presentacion/financiero/solicitudProceso/consultar.xhtml HTTP/1.1" 200 33862
201.245.192.253 - - [07/Oct/2021:09:29:30 -0500] "POST /sipse/faces/presentacion/financiero/solicitudProceso/consultar.xhtml HTTP/1.1" 200 33862
201.245.192.253 - - [07/Oct/2021:09:29:30 -0500] "POST /sipse/faces/presentacion/financiero/solicitudProceso/consultar.xhtml HTTP/1.1" 200 33862
201.245.192.253 - - [07/Oct/2021:09:29:30 -0500] "POST /sipse/faces/presentacion/financiero/solicitudProceso/consultar.xhtml HTTP/1.1" 200 33862
201.245.192.253 - - [07/Oct/2021:09:29:30 -0500] "POST /sipse/faces/presentacion/financiero/solicitudProceso/consultar.xhtml HTTP/1.1" 200 33862
201.245.192.253 - - [07/Oct/2021:09:29:30 -0500] "POST /sipse/faces/presentacion/financiero/solicitudProceso/consultar.xhtml HTTP/1.1" 200 33862
190.131.212.194 - - [07/Oct/2021:09:29:33 -0500] "POST /sipse/faces/autenticacion.xhtml HTTP/1.1" 200 2225
178.63.20.95 - - [07/Oct/2021:09:29:33 -0500] "GET /BLA/resoluciones/AUTOS%202010/5583.pdf HTTP/1.1" 200 158593
190.131.212.194 - - [07/Oct/2021:09:29:33 -0500] "GET /sipse/faces/javax.faces.resource/messages/messages.png?ln=primefaces&v=4.0 HTTP/1.1" 200 27209
190.131.212.194 - - [07/Oct/2021:09:29:35 -0500] "POST /sipse/faces/autenticacion.xhtml HTTP/1.1" 200 16028
190.131.212.194 - - [07/Oct/2021:09:29:35 -0500] "GET /sipse/css/custom_css_sg.css HTTP/1.1" 200 9694
190.131.212.194 - - [07/Oct/2021:09:29:35 -0500] "GET /sipse/js/disable_browser_buttons.js HTTP/1.1" 304 -
190.131.212.194 - - [07/Oct/2021:09:29:35 -0500] "GET /sipse/css/custom_css_sg_prime.css HTTP/1.1" 304 -
190.131.212.194 - - [07/Oct/2021:09:29:35 -0500] "GET /sipse/faces/javax.faces.resource/layout/layout.css?ln=primefaces&v=4.0 HTTP/1.1" 304 -
190.131.212.194 - - [07/Oct/2021:09:29:35 -0500] "GET /sipse/faces/javax.faces.resource/theme.css?ln=primefaces-sipse HTTP/1.1" 200 50058
190.131.212.194 - - [07/Oct/2021:09:29:35 -0500] "GET /sipse/faces/javax.faces.resource/primefaces.css?ln=primefaces&v=4.0 HTTP/1.1" 200 53295
190.131.212.194 - - [07/Oct/2021:09:29:35 -0500] "GET /sipse/js/jquery.min.js HTTP/1.1" 200 85582
190.131.212.194 - - [07/Oct/2021:09:29:35 -0500] "GET /sipse/js/funciones.js HTTP/1.1" 200 12592
190.131.212.194 - - [07/Oct/2021:09:29:35 -0500] "GET /sipse/faces/javax.faces.resource/jquery/jquery.js?ln=primefaces&v=4.0 HTTP/1.1" 200 105384
190.131.212.194 - - [07/Oct/2021:09:29:35 -0500] "GET /sipse/faces/javax.faces.resource/jquery/jquery-plugins.js?ln=primefaces&v=4.0 HTTP/1.1" 200 220526
190.131.212.194 - - [07/Oct/2021:09:29:36 -0500] "GET /sipse/faces/javax.faces.resource/primefaces.js?ln=primefaces&v=4.0 HTTP/1.1" 200 276924
190.131.212.194 - - [07/Oct/2021:09:29:36 -0500] "GET /sipse/faces/javax.faces.resource/layout/layout.js?ln=primefaces&v=4.0 HTTP/1.1" 200 87560
190.131.212.194 - - [07/Oct/2021:09:29:36 -0500] "GET /sipse/css/imagen/contrasena.png HTTP/1.1" 404 383
190.131.212.194 - - [07/Oct/2021:09:29:36 -0500] "GET /sipse/imagenes/cargando.gif HTTP/1.1" 200 36959
190.131.212.194 - - [07/Oct/2021:09:29:36 -0500] "GET /sipse/imagenes/logoAplicacion.jpg HTTP/1.1" 200 155084
190.157.218.79 - - [07/Oct/2021:09:29:37 -0500] "GET /reportes_sipse/sdg/ServletReporte?reporte=solicitud_cdp&Solicitud=14952&pfdrid_c=false HTTP/1.1" 200 133626
201.245.192.253 - - [07/Oct/2021:09:29:38 -0500] "POST /sipse/faces/presentacion/financiero/solicitudProceso/consultar.xhtml HTTP/1.1" 200 12807
201.245.192.253 - - [07/Oct/2021:09:29:40 -0500] "POST /sipse/faces/presentacion/financiero/solicitudProceso/consultar.xhtml HTTP/1.1" 200 152932
201.245.192.253 - - [07/Oct/2021:09:29:41 -0500] "GET /sipse/faces/javax.faces.resource/theme.css?ln=primefaces-sipse HTTP/1.1" 304 -
201.245.192.253 - - [07/Oct/2021:09:29:41 -0500] "GET /sipse/faces/javax.faces.resource/layout/layout.css?ln=primefaces&v=4.0 HTTP/1.1" 304 -
201.245.192.253 - - [07/Oct/2021:09:29:41 -0500] "GET /sipse/faces/javax.faces.resource/primefaces.css?ln=primefaces&v=4.0 HTTP/1.1" 304 -
201.245.192.253 - - [07/Oct/2021:09:29:41 -0500] "GET /sipse/faces/javax.faces.resource/jquery/jquery.js?ln=primefaces&v=4.0 HTTP/1.1" 304 -
201.245.192.253 - - [07/Oct/2021:09:29:42 -0500] "GET /sipse/faces/javax.faces.resource/jquery/jquery-plugins.js?ln=primefaces&v=4.0 HTTP/1.1" 304 -
201.245.192.253 - - [07/Oct/2021:09:29:42 -0500] "GET /sipse/faces/javax.faces.resource/primefaces.js?ln=primefaces&v=4.0 HTTP/1.1" 304 -
201.245.192.253 - - [07/Oct/2021:09:29:42 -0500] "GET /sipse/faces/javax.faces.resource/layout/layout.js?ln=primefaces&v=4.0 HTTP/1.1" 304 -
201.245.192.253 - - [07/Oct/2021:09:29:42 -0500] "GET /sipse/css/imagen/contrasena.png HTTP/1.1" 404 383
178.63.20.95 - - [07/Oct/2021:09:29:42 -0500] "GET /BLA/resoluciones/AUTOS%202010/4834.pdf HTTP/1.1" 200 386547
201.245.192.253 - - [07/Oct/2021:09:29:42 -0500] "GET /reportes_sipse/sdg/ServletReporte?reporte=solicitud_cdp&Solicitud=14952&pfdrid_c=false HTTP/1.1" 200 133626
201.245.192.253 - - [07/Oct/2021:09:29:49 -0500] "GET /sipse/faces/javax.faces.resource/images/ui-bg_flat_0_2d5972_40x100.png?ln=primefaces-aristo HTTP/1.1" 304 -
201.245.192.253 - - [07/Oct/2021:09:29:49 -0500] "POST /sipse/faces/bienvenido.xhtml HTTP/1.1" 200 2658
190.157.218.79 - - [07/Oct/2021:09:29:49 -0500] "GET /reportes_sipse/sdg/ServletReporte?reporte=solicitud_cdp&Solicitud=15316&pfdrid_c=false HTTP/1.1" 200 120211
190.158.95.183 - - [07/Oct/2021:09:29:50 -0500] "POST /sipse/faces/presentacion/financiero/solicitudProceso/consultarSolicitudProceso.xhtml HTTP/1.1" 200 23161
190.158.95.183 - - [07/Oct/2021:09:29:50 -0500] "GET /sipse/faces/javax.faces.resource/theme.css?ln=primefaces-sipse HTTP/1.1" 304 -
190.158.95.183 - - [07/Oct/2021:09:29:50 -0500] "GET /sipse/faces/javax.faces.resource/primefaces.css?ln=primefaces&v=4.0 HTTP/1.1" 304 -
190.158.95.183 - - [07/Oct/2021:09:29:50 -0500] "GET /sipse/faces/javax.faces.resource/fileupload/fileupload.css?ln=primefaces&v=4.0 HTTP/1.1" 304 -
190.158.95.183 - - [07/Oct/2021:09:29:50 -0500] "GET /sipse/faces/javax.faces.resource/layout/layout.css?ln=primefaces&v=4.0 HTTP/1.1" 304 -
190.158.95.183 - - [07/Oct/2021:09:29:50 -0500] "GET /sipse/faces/javax.faces.resource/primefaces.js?ln=primefaces&v=4.0 HTTP/1.1" 304 -
190.158.95.183 - - [07/Oct/2021:09:29:50 -0500] "GET /sipse/faces/javax.faces.resource/jquery/jquery.js?ln=primefaces&v=4.0 HTTP/1.1" 304 -
190.158.95.183 - - [07/Oct/2021:09:29:50 -0500] "GET /sipse/faces/javax.faces.resource/jquery/jquery-plugins.js?ln=primefaces&v=4.0 HTTP/1.1" 304 -
190.158.95.183 - - [07/Oct/2021:09:29:50 -0500] "GET /sipse/faces/javax.faces.resource/layout/layout.js?ln=primefaces&v=4.0 HTTP/1.1" 304 -
190.158.95.183 - - [07/Oct/2021:09:29:50 -0500] "GET /sipse/faces/javax.faces.resource/fileupload/fileupload.js?ln=primefaces&v=4.0 HTTP/1.1" 304 -
190.158.95.183 - - [07/Oct/2021:09:29:50 -0500] "GET /sipse/css/imagen/contrasena.png HTTP/1.1" 404 383
190.158.95.183 - - [07/Oct/2021:09:29:50 -0500] "GET /sipse/faces/javax.faces.resource/images/ui-icons_898989_256x240.png?ln=primefaces-aristo HTTP/1.1" 304 -
201.245.192.253 - - [07/Oct/2021:09:29:51 -0500] "POST /sipse/faces/bienvenido.xhtml HTTP/1.1" 200 2073
178.63.20.95 - - [07/Oct/2021:09:29:52 -0500] "GET /BLA/resoluciones/AUTOS%202010/6686.pdf HTTP/1.1" 200 191382
201.245.192.253 - - [07/Oct/2021:09:29:52 -0500] "POST /sipse/faces/bienvenido.xhtml HTTP/1.1" 200 40511
201.245.192.253 - - [07/Oct/2021:09:29:52 -0500] "GET /sipse/faces/javax.faces.resource/theme.css?ln=primefaces-sipse HTTP/1.1" 304 -
201.245.192.253 - - [07/Oct/2021:09:29:52 -0500] "GET /sipse/faces/javax.faces.resource/primefaces.css?ln=primefaces&v=4.0 HTTP/1.1" 304 -
201.245.192.253 - - [07/Oct/2021:09:29:52 -0500] "GET /sipse/faces/javax.faces.resource/layout/layout.css?ln=primefaces&v=4.0 HTTP/1.1" 304 -
201.245.192.253 - - [07/Oct/2021:09:29:52 -0500] "GET /sipse/css/imagen/contrasena.png HTTP/1.1" 404 383
201.245.192.253 - - [07/Oct/2021:09:29:52 -0500] "GET /sipse/faces/javax.faces.resource/jquery/jquery.js?ln=primefaces&v=4.0 HTTP/1.1" 304 -
201.245.192.253 - - [07/Oct/2021:09:29:52 -0500] "GET /sipse/faces/javax.faces.resource/jquery/jquery-plugins.js?ln=primefaces&v=4.0 HTTP/1.1" 304 -
201.245.192.253 - - [07/Oct/2021:09:29:52 -0500] "GET /sipse/faces/javax.faces.resource/primefaces.js?ln=primefaces&v=4.0 HTTP/1.1" 304 -
201.245.192.253 - - [07/Oct/2021:09:29:52 -0500] "GET /sipse/faces/javax.faces.resource/layout/layout.js?ln=primefaces&v=4.0 HTTP/1.1" 304 -
190.158.95.183 - - [07/Oct/2021:09:29:53 -0500] "GET /sipse/faces/javax.faces.resource/images/ui-bg_flat_0_2d5972_40x100.png?ln=primefaces-aristo HTTP/1.1" 304 -
216.245.221.92 - - [07/Oct/2021:09:29:53 -0500] "HEAD / HTTP/1.1" 200 -
190.158.95.183 - - [07/Oct/2021:09:29:53 -0500] "POST /sipse/faces/presentacion/sistema/anexos/cargarAnexoSolicitudProceso.xhtml HTTP/1.1" 200 130905
190.158.95.183 - - [07/Oct/2021:09:29:53 -0500] "GET /sipse/faces/javax.faces.resource/primefaces.css?ln=primefaces&v=4.0 HTTP/1.1" 304 -
190.158.95.183 - - [07/Oct/2021:09:29:53 -0500] "GET /sipse/faces/javax.faces.resource/theme.css?ln=primefaces-sipse HTTP/1.1" 304 -
190.158.95.183 - - [07/Oct/2021:09:29:53 -0500] "GET /sipse/faces/javax.faces.resource/layout/layout.css?ln=primefaces&v=4.0 HTTP/1.1" 304 -
190.158.95.183 - - [07/Oct/2021:09:29:53 -0500] "GET /sipse/faces/javax.faces.resource/jquery/jquery.js?ln=primefaces&v=4.0 HTTP/1.1" 304 -
190.158.95.183 - - [07/Oct/2021:09:29:53 -0500] "GET /sipse/faces/javax.faces.resource/jquery/jquery-plugins.js?ln=primefaces&v=4.0 HTTP/1.1" 304 -
190.158.95.183 - - [07/Oct/2021:09:29:53 -0500] "GET /sipse/faces/javax.faces.resource/primefaces.js?ln=primefaces&v=4.0 HTTP/1.1" 304 -
190.158.95.183 - - [07/Oct/2021:09:29:54 -0500] "GET /sipse/faces/javax.faces.resource/layout/layout.js?ln=primefaces&v=4.0 HTTP/1.1" 304 -
190.158.95.183 - - [07/Oct/2021:09:29:54 -0500] "GET /sipse/css/imagen/contrasena.png HTTP/1.1" 404 383
190.158.95.183 - - [07/Oct/2021:09:29:54 -0500] "GET /reportes_sipse/sdg/ServletReporte?reporte=solicitud_cdp&Solicitud=15316&pfdrid_c=false HTTP/1.1" 200 120211
186.30.63.221 - - [07/Oct/2021:09:29:56 -0500] "GET /BLA/boletinlegal/actos.php HTTP/1.1" 200 9519
178.63.20.95 - - [07/Oct/2021:09:30:01 -0500] "GET /BLA/resoluciones/AUTOS%202010/5303.pdf HTTP/1.1" 200 2510981
178.63.20.95 - - [07/Oct/2021:09:30:05 -0500] "GET /BLA/resoluciones/AUTOS%202010/5263.pdf HTTP/1.1" 200 324617
201.245.192.253 - - [07/Oct/2021:09:30:11 -0500] "POST /sipse/faces/presentacion/financiero/solicitudProceso/consultarSolicitudProceso.xhtml HTTP/1.1" 200 164094
190.158.95.183 - - [07/Oct/2021:09:30:13 -0500] "GET /sipse/faces/javax.faces.resource/theme.css?ln=primefaces-sipse HTTP/1.1" 304 -
190.158.95.183 - - [07/Oct/2021:09:30:13 -0500] "POST /sipse/faces/presentacion/financiero/solicitudProceso/consultarSolicitudProceso.xhtml HTTP/1.1" 200 23161
190.158.95.183 - - [07/Oct/2021:09:30:13 -0500] "GET /sipse/faces/javax.faces.resource/primefaces.css?ln=primefaces&v=4.0 HTTP/1.1" 304 -
190.158.95.183 - - [07/Oct/2021:09:30:13 -0500] "GET /sipse/faces/javax.faces.resource/layout/layout.css?ln=primefaces&v=4.0 HTTP/1.1" 304 -
190.158.95.183 - - [07/Oct/2021:09:30:13 -0500] "GET /sipse/faces/javax.faces.resource/fileupload/fileupload.css?ln=primefaces&v=4.0 HTTP/1.1" 304 -
190.158.95.183 - - [07/Oct/2021:09:30:13 -0500] "GET /sipse/faces/javax.faces.resource/jquery/jquery-plugins.js?ln=primefaces&v=4.0 HTTP/1.1" 304 -
190.158.95.183 - - [07/Oct/2021:09:30:13 -0500] "GET /sipse/faces/javax.faces.resource/jquery/jquery.js?ln=primefaces&v=4.0 HTTP/1.1" 304 -
190.158.95.183 - - [07/Oct/2021:09:30:13 -0500] "GET /sipse/faces/javax.faces.resource/primefaces.js?ln=primefaces&v=4.0 HTTP/1.1" 304 -
190.158.95.183 - - [07/Oct/2021:09:30:13 -0500] "GET /sipse/faces/javax.faces.resource/layout/layout.js?ln=primefaces&v=4.0 HTTP/1.1" 304 -
190.158.95.183 - - [07/Oct/2021:09:30:13 -0500] "GET /sipse/faces/javax.faces.resource/fileupload/fileupload.js?ln=primefaces&v=4.0 HTTP/1.1" 304 -
190.158.95.183 - - [07/Oct/2021:09:30:13 -0500] "GET /sipse/css/imagen/contrasena.png HTTP/1.1" 404 383
190.90.13.48 - - [07/Oct/2021:09:30:14 -0500] "GET /galeria/galeria/jquery.fancybox.css?v=2.1.5 HTTP/1.1" 200 4895
190.90.13.48 - - [07/Oct/2021:09:30:14 -0500] "GET /BLA/boletinlegal/js/jquery.scrollShow.js HTTP/1.1" 200 4586
190.90.13.48 - - [07/Oct/2021:09:30:14 -0500] "GET /galeria/galeria/jquery.fancybox.js?v=2.1.5 HTTP/1.1" 200 48706
178.63.20.95 - - [07/Oct/2021:09:30:15 -0500] "GET /BLA/resoluciones/AUTOS%202010/4577.pdf HTTP/1.1" 200 156769
190.131.212.194 - - [07/Oct/2021:09:30:16 -0500] "GET /sipse/faces/javax.faces.resource/images/ui-bg_flat_0_2d5972_40x100.png?ln=primefaces-aristo HTTP/1.1" 304 -
190.131.212.194 - - [07/Oct/2021:09:30:16 -0500] "POST /sipse/faces/bienvenido.xhtml HTTP/1.1" 200 9407
186.30.63.221 - - [07/Oct/2021:09:30:16 -0500] "GET /BLA/boletinlegal/consulta_actos.php?tipo=resoluciones&no=2627&usuario=&sector=&fecha=2021&resuelve= HTTP/1.1" 200 1156
190.131.212.194 - - [07/Oct/2021:09:30:17 -0500] "POST /sipse/faces/bienvenido.xhtml HTTP/1.1" 200 2658
186.30.63.221 - - [07/Oct/2021:09:30:20 -0500] "GET /BLA/resoluciones/RESOLUCIONES%202021/2627.pdf HTTP/1.1" 200 497973
190.131.212.194 - - [07/Oct/2021:09:30:20 -0500] "POST /sipse/faces/bienvenido.xhtml HTTP/1.1" 200 34273
190.131.212.194 - - [07/Oct/2021:09:30:21 -0500] "GET /sipse/faces/javax.faces.resource/layout/layout.css?ln=primefaces&v=4.0 HTTP/1.1" 304 -
190.131.212.194 - - [07/Oct/2021:09:30:21 -0500] "GET /sipse/faces/javax.faces.resource/theme.css?ln=primefaces-sipse HTTP/1.1" 304 -
190.131.212.194 - - [07/Oct/2021:09:30:21 -0500] "GET /sipse/faces/javax.faces.resource/primefaces.css?ln=primefaces&v=4.0 HTTP/1.1" 304 -
190.131.212.194 - - [07/Oct/2021:09:30:21 -0500] "GET /sipse/faces/javax.faces.resource/jquery/jquery.js?ln=primefaces&v=4.0 HTTP/1.1" 304 -
190.131.212.194 - - [07/Oct/2021:09:30:21 -0500] "GET /sipse/faces/javax.faces.resource/jquery/jquery-plugins.js?ln=primefaces&v=4.0 HTTP/1.1" 304 -
190.131.212.194 - - [07/Oct/2021:09:30:21 -0500] "GET /sipse/faces/javax.faces.resource/primefaces.js?ln=primefaces&v=4.0 HTTP/1.1" 304 -
190.131.212.194 - - [07/Oct/2021:09:30:21 -0500] "GET /sipse/faces/javax.faces.resource/layout/layout.js?ln=primefaces&v=4.0 HTTP/1.1" 304 -
201.244.139.45 - - [07/Oct/2021:09:30:23 -0500] "GET /galeria/galeria/jquery.fancybox.css?v=2.1.5 HTTP/1.1" 200 4895
201.244.139.45 - - [07/Oct/2021:09:30:23 -0500] "GET /BLA/boletinlegal/js/jquery.scrollShow.js HTTP/1.1" 200 4586
201.244.139.45 - - [07/Oct/2021:09:30:23 -0500] "GET /galeria/galeria/jquery.fancybox.js?v=2.1.5 HTTP/1.1" 200 48706
178.63.20.95 - - [07/Oct/2021:09:30:24 -0500] "GET /BLA/resoluciones/AUTOS%202010/1369.pdf HTTP/1.1" 200 244112
201.245.192.253 - - [07/Oct/2021:09:30:25 -0500] "GET /catalogoisis/ HTTP/1.1" 200 8575
201.245.192.253 - - [07/Oct/2021:09:30:25 -0500] "POST /sipse/faces/presentacion/financiero/solicitudProceso/consultar.xhtml HTTP/1.1" 200 13221
40.94.88.15 - - [07/Oct/2021:09:30:27 -0500] "GET /BLA/boletinlegal/js/jquery.scrollShow.js HTTP/1.1" 200 4586
40.94.88.56 - - [07/Oct/2021:09:30:27 -0500] "GET /galeria/galeria/jquery.fancybox.css?v=2.1.5 HTTP/1.1" 200 4895
40.94.88.66 - - [07/Oct/2021:09:30:27 -0500] "GET /galeria/galeria/jquery.fancybox.js?v=2.1.5 HTTP/1.1" 200 48706
