201.245.192.253 - - [07/Oct/2021:10:19:54 -0500] "GET /sipse/faces/javax.faces.resource/images/ui-bg_flat_0_2d5972_40x100.png?ln=primefaces-aristo HTTP/1.1" 304 -
201.245.192.253 - - [07/Oct/2021:10:19:54 -0500] "POST /sipse/faces/bienvenido.xhtml HTTP/1.1" 200 1471
178.63.20.95 - - [07/Oct/2021:10:19:54 -0500] "GET /BLA/resoluciones/AUTOS%202010/6567.pdf HTTP/1.1" 200 2727377
201.245.192.253 - - [07/Oct/2021:10:19:54 -0500] "POST /sipse/faces/bienvenido.xhtml HTTP/1.1" 200 43450
201.245.192.253 - - [07/Oct/2021:10:19:55 -0500] "GET /sipse/faces/javax.faces.resource/primefaces.css?ln=primefaces&v=4.0 HTTP/1.1" 304 -
201.245.192.253 - - [07/Oct/2021:10:19:55 -0500] "GET /sipse/faces/javax.faces.resource/layout/layout.css?ln=primefaces&v=4.0 HTTP/1.1" 304 -
201.245.192.253 - - [07/Oct/2021:10:19:55 -0500] "GET /sipse/faces/javax.faces.resource/theme.css?ln=primefaces-sipse HTTP/1.1" 304 -
201.245.192.253 - - [07/Oct/2021:10:19:55 -0500] "GET /sipse/faces/javax.faces.resource/jquery/jquery.js?ln=primefaces&v=4.0 HTTP/1.1" 304 -
201.245.192.253 - - [07/Oct/2021:10:19:55 -0500] "GET /sipse/faces/javax.faces.resource/jquery/jquery-plugins.js?ln=primefaces&v=4.0 HTTP/1.1" 304 -
201.245.192.253 - - [07/Oct/2021:10:19:55 -0500] "GET /sipse/faces/javax.faces.resource/primefaces.js?ln=primefaces&v=4.0 HTTP/1.1" 304 -
201.245.192.253 - - [07/Oct/2021:10:19:55 -0500] "GET /sipse/faces/javax.faces.resource/layout/layout.js?ln=primefaces&v=4.0 HTTP/1.1" 304 -
201.245.192.253 - - [07/Oct/2021:10:19:55 -0500] "POST /sipse/faces/presentacion/financiero/solicitudProceso/listarSolicitudProceso.xhtml HTTP/1.1" 200 1404
178.63.20.95 - - [07/Oct/2021:10:19:58 -0500] "GET /BLA/resoluciones/AUTOS%202010/1408.pdf HTTP/1.1" 200 246366
201.245.192.253 - - [07/Oct/2021:10:20:01 -0500] "GET /catalogoisis/ HTTP/1.1" 200 8575
201.245.192.253 - - [07/Oct/2021:10:20:02 -0500] "POST /sipse/faces/presentacion/financiero/solicitudProceso/listarSolicitudProceso.xhtml HTTP/1.1" 200 150404
201.245.192.253 - - [07/Oct/2021:10:20:03 -0500] "GET /sipse/faces/javax.faces.resource/theme.css?ln=primefaces-sipse HTTP/1.1" 304 -
201.245.192.253 - - [07/Oct/2021:10:20:03 -0500] "GET /sipse/faces/javax.faces.resource/layout/layout.css?ln=primefaces&v=4.0 HTTP/1.1" 304 -
201.245.192.253 - - [07/Oct/2021:10:20:03 -0500] "GET /sipse/faces/javax.faces.resource/primefaces.css?ln=primefaces&v=4.0 HTTP/1.1" 304 -
201.245.192.253 - - [07/Oct/2021:10:20:03 -0500] "GET /sipse/faces/javax.faces.resource/jquery/jquery.js?ln=primefaces&v=4.0 HTTP/1.1" 304 -
201.245.192.253 - - [07/Oct/2021:10:20:03 -0500] "GET /sipse/faces/javax.faces.resource/jquery/jquery-plugins.js?ln=primefaces&v=4.0 HTTP/1.1" 304 -
201.245.192.253 - - [07/Oct/2021:10:20:03 -0500] "GET /sipse/faces/javax.faces.resource/primefaces.js?ln=primefaces&v=4.0 HTTP/1.1" 304 -
201.245.192.253 - - [07/Oct/2021:10:20:03 -0500] "GET /sipse/faces/javax.faces.resource/layout/layout.js?ln=primefaces&v=4.0 HTTP/1.1" 304 -
201.245.192.253 - - [07/Oct/2021:10:20:03 -0500] "GET /reportes_sipse/sdg/ServletReporte?reporte=solicitud_cdp&Solicitud=14932&pfdrid_c=false HTTP/1.1" 200 98330
178.63.20.95 - - [07/Oct/2021:10:20:07 -0500] "GET /BLA/resoluciones/AUTOS%202010/5566.pdf HTTP/1.1" 200 584220
178.63.20.95 - - [07/Oct/2021:10:20:15 -0500] "GET /BLA/resoluciones/AUTOS%202010/1440.pdf HTTP/1.1" 200 165456
186.84.20.158 - - [07/Oct/2021:10:20:18 -0500] "POST /sipse/faces/presentacion/financiero/solicitudAnulacion/registrarSolicitudAnulacion.xhtml HTTP/1.1" 200 53549
186.84.20.158 - - [07/Oct/2021:10:20:19 -0500] "GET /sipse/faces/javax.faces.resource/theme.css?ln=primefaces-sipse HTTP/1.1" 304 -
186.84.20.158 - - [07/Oct/2021:10:20:19 -0500] "GET /sipse/faces/javax.faces.resource/primefaces.css?ln=primefaces&v=4.0 HTTP/1.1" 304 -
186.84.20.158 - - [07/Oct/2021:10:20:19 -0500] "GET /sipse/faces/javax.faces.resource/layout/layout.css?ln=primefaces&v=4.0 HTTP/1.1" 304 -
186.84.20.158 - - [07/Oct/2021:10:20:19 -0500] "GET /sipse/faces/javax.faces.resource/fileupload/fileupload.css?ln=primefaces&v=4.0 HTTP/1.1" 304 -
186.84.20.158 - - [07/Oct/2021:10:20:19 -0500] "GET /sipse/faces/javax.faces.resource/jquery/jquery.js?ln=primefaces&v=4.0 HTTP/1.1" 304 -
186.84.20.158 - - [07/Oct/2021:10:20:19 -0500] "GET /sipse/faces/javax.faces.resource/primefaces.js?ln=primefaces&v=4.0 HTTP/1.1" 304 -
186.84.20.158 - - [07/Oct/2021:10:20:19 -0500] "GET /sipse/faces/javax.faces.resource/jquery/jquery-plugins.js?ln=primefaces&v=4.0 HTTP/1.1" 304 -
186.84.20.158 - - [07/Oct/2021:10:20:19 -0500] "GET /sipse/faces/javax.faces.resource/layout/layout.js?ln=primefaces&v=4.0 HTTP/1.1" 304 -
186.84.20.158 - - [07/Oct/2021:10:20:19 -0500] "GET /sipse/faces/javax.faces.resource/fileupload/fileupload.js?ln=primefaces&v=4.0 HTTP/1.1" 304 -
189.217.26.123 - - [07/Oct/2021:10:20:22 -0500] "GET /galeria/galeria/jquery.fancybox.css?v=2.1.5 HTTP/1.1" 200 4895
189.217.26.123 - - [07/Oct/2021:10:20:22 -0500] "GET /BLA/boletinlegal/js/jquery.scrollShow.js HTTP/1.1" 200 4586
189.217.26.123 - - [07/Oct/2021:10:20:22 -0500] "GET /galeria/galeria/jquery.fancybox.js?v=2.1.5 HTTP/1.1" 200 48706
178.63.20.95 - - [07/Oct/2021:10:20:23 -0500] "GET /BLA/resoluciones/AUTOS%202010/4495.pdf HTTP/1.1" 200 491587
186.84.90.9 - - [07/Oct/2021:10:20:29 -0500] "GET /galeria/galeria/jquery.fancybox.js?v=2.1.5 HTTP/1.1" 200 48706
186.84.90.9 - - [07/Oct/2021:10:20:29 -0500] "GET /BLA/boletinlegal/js/jquery.scrollShow.js HTTP/1.1" 200 4586
186.84.90.9 - - [07/Oct/2021:10:20:30 -0500] "GET /galeria/galeria/jquery.fancybox.css?v=2.1.5 HTTP/1.1" 200 4895
191.92.184.174 - - [07/Oct/2021:10:20:30 -0500] "GET /galeria/galeria/jquery.fancybox.css?v=2.1.5 HTTP/1.1" 200 4895
191.92.184.174 - - [07/Oct/2021:10:20:30 -0500] "GET /BLA/boletinlegal/js/jquery.scrollShow.js HTTP/1.1" 200 4586
191.92.184.174 - - [07/Oct/2021:10:20:30 -0500] "GET /galeria/galeria/jquery.fancybox.js?v=2.1.5 HTTP/1.1" 200 48706
186.84.20.158 - - [07/Oct/2021:10:20:30 -0500] "POST /sipse/faces/presentacion/financiero/solicitudAnulacion/registrarSolicitudAnulacion.xhtml HTTP/1.1" 200 29009
186.84.20.158 - - [07/Oct/2021:10:20:33 -0500] "GET /sipse/faces/javax.faces.resource/layout/layout.css?ln=primefaces&v=4.0 HTTP/1.1" 304 -
186.84.20.158 - - [07/Oct/2021:10:20:33 -0500] "GET /sipse/faces/javax.faces.resource/theme.css?ln=primefaces-sipse HTTP/1.1" 304 -
186.84.20.158 - - [07/Oct/2021:10:20:33 -0500] "GET /sipse/faces/javax.faces.resource/primefaces.css?ln=primefaces&v=4.0 HTTP/1.1" 304 -
178.63.20.95 - - [07/Oct/2021:10:20:33 -0500] "GET /BLA/resoluciones/AUTOS%202010/4420.pdf HTTP/1.1" 200 140545
186.84.20.158 - - [07/Oct/2021:10:20:33 -0500] "GET /sipse/faces/javax.faces.resource/jquery/jquery.js?ln=primefaces&v=4.0 HTTP/1.1" 304 -
186.84.20.158 - - [07/Oct/2021:10:20:33 -0500] "GET /sipse/faces/javax.faces.resource/jquery/jquery-plugins.js?ln=primefaces&v=4.0 HTTP/1.1" 304 -
186.84.20.158 - - [07/Oct/2021:10:20:33 -0500] "GET /sipse/faces/javax.faces.resource/primefaces.js?ln=primefaces&v=4.0 HTTP/1.1" 304 -
186.84.20.158 - - [07/Oct/2021:10:20:33 -0500] "GET /sipse/faces/javax.faces.resource/layout/layout.js?ln=primefaces&v=4.0 HTTP/1.1" 304 -
186.84.20.158 - - [07/Oct/2021:10:20:33 -0500] "GET /sipse/faces/javax.faces.resource/messages/messages.png?ln=primefaces&v=4.0 HTTP/1.1" 304 -
45.182.190.244 - - [07/Oct/2021:10:20:34 -0500] "GET /galeria/galeria/jquery.fancybox.js?v=2.1.5 HTTP/1.1" 200 48706
45.182.190.244 - - [07/Oct/2021:10:20:34 -0500] "GET /galeria/galeria/jquery.fancybox.css?v=2.1.5 HTTP/1.1" 200 4895
45.182.190.244 - - [07/Oct/2021:10:20:34 -0500] "GET /BLA/boletinlegal/js/jquery.scrollShow.js HTTP/1.1" 200 4586
186.84.20.158 - - [07/Oct/2021:10:20:33 -0500] "POST /sipse/faces/presentacion/financiero/solicitudAnulacion/solicitudAnulacion.xhtml HTTP/1.1" 200 37616
178.63.20.95 - - [07/Oct/2021:10:20:40 -0500] "GET /BLA/resoluciones/AUTOS%202010/5412.pdf HTTP/1.1" 200 151303
186.84.20.158 - - [07/Oct/2021:10:20:41 -0500] "POST /sipse/faces/presentacion/financiero/solicitudAnulacion/solicitudAnulacion.xhtml HTTP/1.1" 200 44420
186.84.20.158 - - [07/Oct/2021:10:20:42 -0500] "GET /sipse/faces/javax.faces.resource/theme.css?ln=primefaces-sipse HTTP/1.1" 304 -
186.84.20.158 - - [07/Oct/2021:10:20:42 -0500] "GET /sipse/faces/javax.faces.resource/primefaces.css?ln=primefaces&v=4.0 HTTP/1.1" 304 -
186.84.20.158 - - [07/Oct/2021:10:20:42 -0500] "GET /sipse/faces/javax.faces.resource/layout/layout.css?ln=primefaces&v=4.0 HTTP/1.1" 304 -
186.84.20.158 - - [07/Oct/2021:10:20:42 -0500] "GET /sipse/faces/javax.faces.resource/fileupload/fileupload.css?ln=primefaces&v=4.0 HTTP/1.1" 304 -
186.84.20.158 - - [07/Oct/2021:10:20:42 -0500] "GET /sipse/faces/javax.faces.resource/jquery/jquery.js?ln=primefaces&v=4.0 HTTP/1.1" 304 -
186.84.20.158 - - [07/Oct/2021:10:20:42 -0500] "GET /sipse/faces/javax.faces.resource/jquery/jquery-plugins.js?ln=primefaces&v=4.0 HTTP/1.1" 304 -
186.84.20.158 - - [07/Oct/2021:10:20:42 -0500] "GET /sipse/faces/javax.faces.resource/primefaces.js?ln=primefaces&v=4.0 HTTP/1.1" 304 -
186.84.20.158 - - [07/Oct/2021:10:20:42 -0500] "GET /sipse/faces/javax.faces.resource/layout/layout.js?ln=primefaces&v=4.0 HTTP/1.1" 304 -
186.84.20.158 - - [07/Oct/2021:10:20:43 -0500] "GET /sipse/faces/javax.faces.resource/fileupload/fileupload.js?ln=primefaces&v=4.0 HTTP/1.1" 304 -
201.245.192.253 - - [07/Oct/2021:10:20:45 -0500] "POST /sipse/faces/presentacion/financiero/solicitudProceso/consultarSolicitudProceso.xhtml HTTP/1.1" 200 1070857
201.245.192.253 - - [07/Oct/2021:10:20:47 -0500] "POST /sipse/faces/presentacion/financiero/solicitudProceso/consultarSolicitudProceso.xhtml HTTP/1.1" 200 32226
201.245.192.253 - - [07/Oct/2021:10:20:47 -0500] "GET /sipse/faces/javax.faces.resource/theme.css?ln=primefaces-sipse HTTP/1.1" 304 -
201.245.192.253 - - [07/Oct/2021:10:20:47 -0500] "GET /sipse/faces/javax.faces.resource/primefaces.css?ln=primefaces&v=4.0 HTTP/1.1" 304 -
201.245.192.253 - - [07/Oct/2021:10:20:47 -0500] "GET /sipse/faces/javax.faces.resource/layout/layout.css?ln=primefaces&v=4.0 HTTP/1.1" 304 -
201.245.192.253 - - [07/Oct/2021:10:20:48 -0500] "GET /sipse/faces/javax.faces.resource/jquery/jquery.js?ln=primefaces&v=4.0 HTTP/1.1" 304 -
201.245.192.253 - - [07/Oct/2021:10:20:48 -0500] "GET /sipse/faces/javax.faces.resource/jquery/jquery-plugins.js?ln=primefaces&v=4.0 HTTP/1.1" 304 -
201.245.192.253 - - [07/Oct/2021:10:20:48 -0500] "GET /sipse/faces/javax.faces.resource/primefaces.js?ln=primefaces&v=4.0 HTTP/1.1" 304 -
201.245.192.253 - - [07/Oct/2021:10:20:48 -0500] "GET /sipse/faces/javax.faces.resource/layout/layout.js?ln=primefaces&v=4.0 HTTP/1.1" 304 -
201.245.192.253 - - [07/Oct/2021:10:20:48 -0500] "GET /sipse/css/imagen/contrasena.png HTTP/1.1" 404 383
201.245.192.253 - - [07/Oct/2021:10:20:48 -0500] "POST /sipse/faces/presentacion/financiero/solicitudProceso/listarSolicitudProceso.xhtml HTTP/1.1" 200 25479
201.245.192.253 - - [07/Oct/2021:10:20:48 -0500] "POST /sipse/faces/presentacion/financiero/solicitudProceso/listarSolicitudProceso.xhtml HTTP/1.1" 200 25479
201.245.192.253 - - [07/Oct/2021:10:20:48 -0500] "POST /sipse/faces/presentacion/financiero/solicitudProceso/listarSolicitudProceso.xhtml HTTP/1.1" 200 25479
201.245.192.253 - - [07/Oct/2021:10:20:48 -0500] "POST /sipse/faces/presentacion/financiero/solicitudProceso/listarSolicitudProceso.xhtml HTTP/1.1" 200 1328
178.63.20.95 - - [07/Oct/2021:10:20:48 -0500] "GET /BLA/resoluciones/AUTOS%202010/6878.pdf HTTP/1.1" 200 172953
201.245.192.253 - - [07/Oct/2021:10:20:48 -0500] "POST /sipse/faces/presentacion/financiero/solicitudProceso/listarSolicitudProceso.xhtml HTTP/1.1" 200 1324
201.245.192.253 - - [07/Oct/2021:10:20:48 -0500] "POST /sipse/faces/presentacion/financiero/solicitudProceso/listarSolicitudProceso.xhtml HTTP/1.1" 200 1328
201.245.192.253 - - [07/Oct/2021:10:20:49 -0500] "POST /sipse/faces/presentacion/financiero/solicitudProceso/listarSolicitudProceso.xhtml HTTP/1.1" 200 1324
201.245.192.253 - - [07/Oct/2021:10:20:50 -0500] "POST /sipse/faces/presentacion/financiero/solicitudProceso/listarSolicitudProceso.xhtml HTTP/1.1" 200 29834
186.84.20.158 - - [07/Oct/2021:10:20:51 -0500] "POST /sipse/faces/presentacion/financiero/solicitudAnulacion/registrarSolicitudAnulacion.xhtml HTTP/1.1" 200 3425
201.245.192.253 - - [07/Oct/2021:10:20:53 -0500] "POST /sipse/faces/presentacion/financiero/solicitudProceso/detalleSolicitudProcesoOtrosPagos.xhtml HTTP/1.1" 200 166126
178.63.20.95 - - [07/Oct/2021:10:20:56 -0500] "GET /BLA/resoluciones/AUTOS%202010/5565.pdf HTTP/1.1" 200 665940
201.245.192.253 - - [07/Oct/2021:10:21:01 -0500] "GET /catalogoisis/ HTTP/1.1" 200 8575
178.63.20.95 - - [07/Oct/2021:10:21:05 -0500] "GET /BLA/resoluciones/AUTOS%202010/0094.pdf HTTP/1.1" 200 268445
201.245.192.253 - - [07/Oct/2021:10:20:28 -0500] "POST /kwsrmcab/Wsrmcab HTTP/1.1" 200 47164
178.63.20.95 - - [07/Oct/2021:10:21:15 -0500] "GET /BLA/resoluciones/AUTOS%202010/5885.pdf HTTP/1.1" 200 261697
178.63.20.95 - - [07/Oct/2021:10:21:24 -0500] "GET /BLA/resoluciones/AUTOS%202010/3612.pdf HTTP/1.1" 200 189901
186.84.89.136 - - [07/Oct/2021:10:21:25 -0500] "GET /galeria/galeria/jquery.fancybox.css?v=2.1.5 HTTP/1.1" 200 4895
186.84.89.136 - - [07/Oct/2021:10:21:25 -0500] "GET /BLA/boletinlegal/js/jquery.scrollShow.js HTTP/1.1" 200 4586
186.84.89.136 - - [07/Oct/2021:10:21:25 -0500] "GET /galeria/galeria/jquery.fancybox.js?v=2.1.5 HTTP/1.1" 200 48706
186.84.89.136 - - [07/Oct/2021:10:21:26 -0500] "GET /autoliquidacion2020 HTTP/1.1" 301 250
186.84.89.136 - - [07/Oct/2021:10:21:26 -0500] "GET /autoliquidacion2020/ HTTP/1.1" 200 6146
186.84.89.136 - - [07/Oct/2021:10:21:26 -0500] "GET /autoliquidacion2020/dlf/folder.png HTTP/1.1" 200 410
186.84.89.136 - - [07/Oct/2021:10:21:26 -0500] "GET /autoliquidacion2020/dlf/styles.css HTTP/1.1" 200 3045
186.84.89.136 - - [07/Oct/2021:10:21:26 -0500] "GET /autoliquidacion2020/dlf/bg.gif HTTP/1.1" 200 54
186.84.20.158 - - [07/Oct/2021:10:21:32 -0500] "POST /sipse/faces/presentacion/financiero/solicitudAnulacion/registrarSolicitudAnulacion.xhtml HTTP/1.1" 200 3088
178.63.20.95 - - [07/Oct/2021:10:21:32 -0500] "GET /BLA/resoluciones/AUTOS%202010/6258.pdf HTTP/1.1" 200 195654
204.199.98.106 - - [07/Oct/2021:10:21:37 -0500] "GET /BLA/boletinlegal/js/jquery.scrollShow.js HTTP/1.1" 200 4586
204.199.98.106 - - [07/Oct/2021:10:21:37 -0500] "GET /galeria/galeria/jquery.fancybox.css?v=2.1.5 HTTP/1.1" 200 4895
204.199.98.106 - - [07/Oct/2021:10:21:37 -0500] "GET /galeria/galeria/jquery.fancybox.js?v=2.1.5 HTTP/1.1" 200 48706
186.84.20.158 - - [07/Oct/2021:10:21:37 -0500] "POST /sipse/faces/presentacion/financiero/solicitudAnulacion/registrarSolicitudAnulacion.xhtml HTTP/1.1" 200 3092
178.63.20.95 - - [07/Oct/2021:10:21:41 -0500] "GET /BLA/resoluciones/AUTOS%202010/6583.pdf HTTP/1.1" 200 148271
186.84.89.136 - - [07/Oct/2021:10:21:43 -0500] "GET /autoliquidacion2020/index.php?dir=Licencia+Ambiental%2F HTTP/1.1" 200 4260
186.84.89.136 - - [07/Oct/2021:10:21:43 -0500] "GET /autoliquidacion2020/dlf/dirup.png HTTP/1.1" 200 644
186.84.89.136 - - [07/Oct/2021:10:21:43 -0500] "GET /autoliquidacion2020/dlf/html.gif HTTP/1.1" 200 632
186.84.89.136 - - [07/Oct/2021:10:21:43 -0500] "GET /autoliquidacion2020/dlf/pdf.gif HTTP/1.1" 200 272
186.84.89.136 - - [07/Oct/2021:10:21:43 -0500] "GET /autoliquidacion2020/dlf/doc.gif HTTP/1.1" 200 1079
201.245.192.253 - - [07/Oct/2021:10:21:46 -0500] "POST /sipse/faces/presentacion/financiero/solicitudProceso/listarSolicitudProceso.xhtml HTTP/1.1" 200 111654
201.245.192.253 - - [07/Oct/2021:10:21:46 -0500] "GET /sipse/faces/javax.faces.resource/theme.css?ln=primefaces-sipse HTTP/1.1" 304 -
201.245.192.253 - - [07/Oct/2021:10:21:46 -0500] "GET /sipse/faces/javax.faces.resource/primefaces.css?ln=primefaces&v=4.0 HTTP/1.1" 304 -
201.245.192.253 - - [07/Oct/2021:10:21:46 -0500] "GET /sipse/faces/javax.faces.resource/layout/layout.css?ln=primefaces&v=4.0 HTTP/1.1" 304 -
201.245.192.253 - - [07/Oct/2021:10:21:46 -0500] "GET /sipse/faces/javax.faces.resource/jquery/jquery.js?ln=primefaces&v=4.0 HTTP/1.1" 304 -
201.245.192.253 - - [07/Oct/2021:10:21:46 -0500] "GET /sipse/faces/javax.faces.resource/jquery/jquery-plugins.js?ln=primefaces&v=4.0 HTTP/1.1" 304 -
201.245.192.253 - - [07/Oct/2021:10:21:46 -0500] "GET /sipse/faces/javax.faces.resource/primefaces.js?ln=primefaces&v=4.0 HTTP/1.1" 304 -
201.245.192.253 - - [07/Oct/2021:10:21:46 -0500] "GET /sipse/faces/javax.faces.resource/layout/layout.js?ln=primefaces&v=4.0 HTTP/1.1" 304 -
201.245.192.253 - - [07/Oct/2021:10:21:46 -0500] "GET /sipse/css/imagen/contrasena.png HTTP/1.1" 404 383
201.245.192.253 - - [07/Oct/2021:10:21:46 -0500] "GET /reportes_sipse/sdg/ServletReporte?reporte=solicitud_cdp&Solicitud=14932&pfdrid_c=false HTTP/1.1" 200 98330
178.63.20.95 - - [07/Oct/2021:10:21:49 -0500] "GET /BLA/resoluciones/AUTOS%202010/5102.pdf HTTP/1.1" 200 2270962
186.84.20.158 - - [07/Oct/2021:10:21:50 -0500] "POST /sipse/faces/presentacion/financiero/solicitudAnulacion/registrarSolicitudAnulacion.xhtml HTTP/1.1" 200 3088
201.245.192.253 - - [07/Oct/2021:10:21:50 -0500] "POST /sipse/faces/presentacion/financiero/solicitudProceso/consultarSolicitudProceso.xhtml HTTP/1.1" 200 23152
201.245.192.253 - - [07/Oct/2021:10:21:50 -0500] "GET /sipse/faces/javax.faces.resource/primefaces.css?ln=primefaces&v=4.0 HTTP/1.1" 304 -
201.245.192.253 - - [07/Oct/2021:10:21:50 -0500] "GET /sipse/faces/javax.faces.resource/fileupload/fileupload.css?ln=primefaces&v=4.0 HTTP/1.1" 304 -
201.245.192.253 - - [07/Oct/2021:10:21:50 -0500] "GET /sipse/faces/javax.faces.resource/layout/layout.css?ln=primefaces&v=4.0 HTTP/1.1" 304 -
201.245.192.253 - - [07/Oct/2021:10:21:50 -0500] "GET /sipse/faces/javax.faces.resource/theme.css?ln=primefaces-sipse HTTP/1.1" 304 -
201.245.192.253 - - [07/Oct/2021:10:21:50 -0500] "GET /sipse/faces/javax.faces.resource/jquery/jquery.js?ln=primefaces&v=4.0 HTTP/1.1" 304 -
201.245.192.253 - - [07/Oct/2021:10:21:50 -0500] "GET /sipse/faces/javax.faces.resource/jquery/jquery-plugins.js?ln=primefaces&v=4.0 HTTP/1.1" 304 -
201.245.192.253 - - [07/Oct/2021:10:21:50 -0500] "GET /sipse/faces/javax.faces.resource/primefaces.js?ln=primefaces&v=4.0 HTTP/1.1" 304 -
201.245.192.253 - - [07/Oct/2021:10:21:50 -0500] "GET /sipse/faces/javax.faces.resource/layout/layout.js?ln=primefaces&v=4.0 HTTP/1.1" 304 -
201.245.192.253 - - [07/Oct/2021:10:21:50 -0500] "GET /sipse/faces/javax.faces.resource/fileupload/fileupload.js?ln=primefaces&v=4.0 HTTP/1.1" 304 -
201.245.192.253 - - [07/Oct/2021:10:21:50 -0500] "GET /sipse/css/imagen/contrasena.png HTTP/1.1" 404 383
186.84.20.158 - - [07/Oct/2021:10:21:52 -0500] "POST /sipse/faces/presentacion/financiero/solicitudAnulacion/registrarSolicitudAnulacion.xhtml HTTP/1.1" 200 184
186.84.20.158 - - [07/Oct/2021:10:21:52 -0500] "POST /sipse/faces/presentacion/financiero/solicitudAnulacion/registrarSolicitudAnulacion.xhtml HTTP/1.1" 200 184
186.84.20.158 - - [07/Oct/2021:10:21:52 -0500] "GET /sipse/faces/presentacion/financiero/solicitudAnulacion/solicitudAnulacion.xhtml HTTP/1.1" 200 16113
186.84.20.158 - - [07/Oct/2021:10:21:52 -0500] "POST /sipse/faces/presentacion/financiero/solicitudAnulacion/registrarSolicitudAnulacion.xhtml HTTP/1.1" 200 184
186.84.20.158 - - [07/Oct/2021:10:21:52 -0500] "GET /sipse/faces/presentacion/financiero/solicitudAnulacion/solicitudAnulacion.xhtml HTTP/1.1" 200 16113
186.84.20.158 - - [07/Oct/2021:10:21:53 -0500] "GET /sipse/faces/presentacion/financiero/solicitudAnulacion/solicitudAnulacion.xhtml HTTP/1.1" 200 60246
186.84.20.158 - - [07/Oct/2021:10:21:53 -0500] "GET /sipse/faces/javax.faces.resource/theme.css?ln=primefaces-sipse HTTP/1.1" 304 -
186.84.20.158 - - [07/Oct/2021:10:21:53 -0500] "GET /sipse/faces/javax.faces.resource/primefaces.css?ln=primefaces&v=4.0 HTTP/1.1" 304 -
186.84.20.158 - - [07/Oct/2021:10:21:53 -0500] "GET /sipse/faces/javax.faces.resource/layout/layout.css?ln=primefaces&v=4.0 HTTP/1.1" 304 -
186.84.20.158 - - [07/Oct/2021:10:21:53 -0500] "GET /sipse/faces/javax.faces.resource/jquery/jquery-plugins.js?ln=primefaces&v=4.0 HTTP/1.1" 304 -
186.84.20.158 - - [07/Oct/2021:10:21:53 -0500] "GET /sipse/faces/javax.faces.resource/layout/layout.js?ln=primefaces&v=4.0 HTTP/1.1" 304 -
186.84.20.158 - - [07/Oct/2021:10:21:53 -0500] "GET /sipse/faces/javax.faces.resource/primefaces.js?ln=primefaces&v=4.0 HTTP/1.1" 304 -
186.84.20.158 - - [07/Oct/2021:10:21:53 -0500] "GET /sipse/faces/javax.faces.resource/jquery/jquery.js?ln=primefaces&v=4.0 HTTP/1.1" 304 -
178.63.20.95 - - [07/Oct/2021:10:21:53 -0500] "GET /BLA/resoluciones/AUTOS%202010/5397.pdf HTTP/1.1" 200 1541870
186.84.20.158 - - [07/Oct/2021:10:21:53 -0500] "POST /sipse/faces/presentacion/financiero/solicitudAnulacion/solicitudAnulacion.xhtml HTTP/1.1" 200 37616
186.84.20.158 - - [07/Oct/2021:10:21:55 -0500] "POST /sipse/faces/presentacion/financiero/solicitudAnulacion/solicitudAnulacion.xhtml HTTP/1.1" 200 44420
186.84.20.158 - - [07/Oct/2021:10:21:56 -0500] "GET /sipse/faces/javax.faces.resource/theme.css?ln=primefaces-sipse HTTP/1.1" 304 -
186.84.20.158 - - [07/Oct/2021:10:21:56 -0500] "GET /sipse/faces/javax.faces.resource/layout/layout.css?ln=primefaces&v=4.0 HTTP/1.1" 304 -
186.84.20.158 - - [07/Oct/2021:10:21:56 -0500] "GET /sipse/faces/javax.faces.resource/fileupload/fileupload.css?ln=primefaces&v=4.0 HTTP/1.1" 304 -
186.84.20.158 - - [07/Oct/2021:10:21:56 -0500] "GET /sipse/faces/javax.faces.resource/primefaces.css?ln=primefaces&v=4.0 HTTP/1.1" 304 -
186.84.20.158 - - [07/Oct/2021:10:21:56 -0500] "GET /sipse/faces/javax.faces.resource/jquery/jquery.js?ln=primefaces&v=4.0 HTTP/1.1" 304 -
186.84.20.158 - - [07/Oct/2021:10:21:56 -0500] "GET /sipse/faces/javax.faces.resource/jquery/jquery-plugins.js?ln=primefaces&v=4.0 HTTP/1.1" 304 -
186.84.20.158 - - [07/Oct/2021:10:21:56 -0500] "GET /sipse/faces/javax.faces.resource/primefaces.js?ln=primefaces&v=4.0 HTTP/1.1" 304 -
186.84.20.158 - - [07/Oct/2021:10:21:56 -0500] "GET /sipse/faces/javax.faces.resource/layout/layout.js?ln=primefaces&v=4.0 HTTP/1.1" 304 -
186.84.20.158 - - [07/Oct/2021:10:21:56 -0500] "GET /sipse/faces/javax.faces.resource/fileupload/fileupload.js?ln=primefaces&v=4.0 HTTP/1.1" 304 -
178.63.20.95 - - [07/Oct/2021:10:21:57 -0500] "GET /BLA/resoluciones/AUTOS%202010/6408.pdf HTTP/1.1" 200 160488
186.84.20.158 - - [07/Oct/2021:10:22:01 -0500] "POST /sipse/faces/presentacion/financiero/solicitudAnulacion/registrarSolicitudAnulacion.xhtml HTTP/1.1" 200 3080
201.245.192.253 - - [07/Oct/2021:10:22:00 -0500] "POST /sipse/faces/presentacion/sistema/anexos/cargarAnexoSolicitudProceso.xhtml HTTP/1.1" 200 160072
201.245.192.253 - - [07/Oct/2021:10:22:01 -0500] "GET /sipse/faces/javax.faces.resource/jquery/jquery-plugins.js?ln=primefaces&v=4.0 HTTP/1.1" 304 -
201.245.192.253 - - [07/Oct/2021:10:22:01 -0500] "GET /sipse/faces/javax.faces.resource/theme.css?ln=primefaces-sipse HTTP/1.1" 304 -
201.245.192.253 - - [07/Oct/2021:10:22:01 -0500] "GET /sipse/faces/javax.faces.resource/primefaces.css?ln=primefaces&v=4.0 HTTP/1.1" 304 -
201.245.192.253 - - [07/Oct/2021:10:22:01 -0500] "GET /sipse/faces/javax.faces.resource/layout/layout.css?ln=primefaces&v=4.0 HTTP/1.1" 304 -
201.245.192.253 - - [07/Oct/2021:10:22:01 -0500] "GET /sipse/faces/javax.faces.resource/primefaces.js?ln=primefaces&v=4.0 HTTP/1.1" 304 -
201.245.192.253 - - [07/Oct/2021:10:22:01 -0500] "GET /sipse/faces/javax.faces.resource/jquery/jquery.js?ln=primefaces&v=4.0 HTTP/1.1" 304 -
201.245.192.253 - - [07/Oct/2021:10:22:01 -0500] "GET /sipse/faces/javax.faces.resource/layout/layout.js?ln=primefaces&v=4.0 HTTP/1.1" 304 -
201.245.192.253 - - [07/Oct/2021:10:22:01 -0500] "GET /sipse/css/imagen/contrasena.png HTTP/1.1" 404 383
201.245.192.253 - - [07/Oct/2021:10:22:01 -0500] "GET /catalogoisis/ HTTP/1.1" 200 8575
201.245.192.253 - - [07/Oct/2021:10:21:15 -0500] "POST /kwsrmcab/Wsrmcab HTTP/1.1" 200 48388
201.245.192.253 - - [07/Oct/2021:10:22:01 -0500] "GET /reportes_sipse/sdg/ServletReporte?reporte=solicitud_cdp&Solicitud=14932&pfdrid_c=false HTTP/1.1" 200 98330
186.84.20.158 - - [07/Oct/2021:10:22:03 -0500] "POST /sipse/faces/presentacion/financiero/solicitudAnulacion/registrarSolicitudAnulacion.xhtml HTTP/1.1" 200 29050
186.84.20.158 - - [07/Oct/2021:10:22:06 -0500] "GET /sipse/faces/javax.faces.resource/theme.css?ln=primefaces-sipse HTTP/1.1" 304 -
186.84.20.158 - - [07/Oct/2021:10:22:06 -0500] "GET /sipse/faces/javax.faces.resource/primefaces.css?ln=primefaces&v=4.0 HTTP/1.1" 304 -
186.84.20.158 - - [07/Oct/2021:10:22:06 -0500] "GET /sipse/faces/javax.faces.resource/layout/layout.css?ln=primefaces&v=4.0 HTTP/1.1" 304 -
178.63.20.95 - - [07/Oct/2021:10:22:06 -0500] "GET /BLA/resoluciones/AUTOS%202010/6883.pdf HTTP/1.1" 200 226782
186.84.20.158 - - [07/Oct/2021:10:22:06 -0500] "GET /sipse/faces/javax.faces.resource/jquery/jquery.js?ln=primefaces&v=4.0 HTTP/1.1" 304 -
186.84.20.158 - - [07/Oct/2021:10:22:06 -0500] "GET /sipse/faces/javax.faces.resource/jquery/jquery-plugins.js?ln=primefaces&v=4.0 HTTP/1.1" 304 -
186.84.20.158 - - [07/Oct/2021:10:22:06 -0500] "GET /sipse/faces/javax.faces.resource/primefaces.js?ln=primefaces&v=4.0 HTTP/1.1" 304 -
186.84.20.158 - - [07/Oct/2021:10:22:06 -0500] "GET /sipse/faces/javax.faces.resource/layout/layout.js?ln=primefaces&v=4.0 HTTP/1.1" 304 -
186.84.20.158 - - [07/Oct/2021:10:22:06 -0500] "POST /sipse/faces/presentacion/financiero/solicitudAnulacion/solicitudAnulacion.xhtml HTTP/1.1" 200 37623
186.84.89.136 - - [07/Oct/2021:10:22:09 -0500] "GET /autoliquidacion2020/Licencia%20Ambiental/Anexo_1_FORMULARIO_%C3%9ANICO_SOLCITUD_MODIFICACI%C3%93N_LA.pdf HTTP/1.1" 200 132688
186.84.21.235 - - [07/Oct/2021:10:22:11 -0500] "GET /BLA/resoluciones/RESOLUCIONES%201997/1170.pdf HTTP/1.1" 200 799596
186.84.21.235 - - [07/Oct/2021:10:22:12 -0500] "GET /favicon.ico HTTP/1.1" 200 7782
178.63.20.95 - - [07/Oct/2021:10:22:14 -0500] "GET /BLA/resoluciones/AUTOS%202013/1855.pdf HTTP/1.1" 200 429272
178.63.20.95 - - [07/Oct/2021:10:22:24 -0500] "GET /BLA/resoluciones/AUTOS%202010/5446.pdf HTTP/1.1" 200 991790
178.63.20.95 - - [07/Oct/2021:10:22:33 -0500] "GET /BLA/resoluciones/AUTOS%202010/2227.pdf HTTP/1.1" 200 1953045
178.63.20.95 - - [07/Oct/2021:10:22:37 -0500] "GET /BLA/resoluciones/AUTOS%202013/2232.pdf HTTP/1.1" 200 353656
178.63.20.95 - - [07/Oct/2021:10:22:46 -0500] "GET /BLA/resoluciones/AUTOS%202013/3173.pdf HTTP/1.1" 200 666989
178.63.20.95 - - [07/Oct/2021:10:22:54 -0500] "GET /BLA/resoluciones/AUTOS%202013/0264.pdf HTTP/1.1" 200 2179465
178.63.20.95 - - [07/Oct/2021:10:22:58 -0500] "GET /BLA/resoluciones/AUTOS%202010/1063.pdf HTTP/1.1" 200 178357
190.93.159.164 - - [07/Oct/2021:10:23:00 -0500] "GET /galeria/galeria/jquery.fancybox.css?v=2.1.5 HTTP/1.1" 200 4895
190.93.159.164 - - [07/Oct/2021:10:23:00 -0500] "GET /galeria/galeria/jquery.fancybox.js?v=2.1.5 HTTP/1.1" 200 48706
190.93.159.164 - - [07/Oct/2021:10:23:00 -0500] "GET /BLA/boletinlegal/js/jquery.scrollShow.js HTTP/1.1" 200 4586
201.245.192.253 - - [07/Oct/2021:10:23:04 -0500] "GET /catalogoisis/ HTTP/1.1" 200 8575
178.63.20.95 - - [07/Oct/2021:10:23:07 -0500] "GET /BLA/resoluciones/AUTOS%202013/0304.pdf HTTP/1.1" 200 1694745
179.19.58.195 - - [07/Oct/2021:10:23:10 -0500] "GET /galeria/galeria/jquery.fancybox.css?v=2.1.5 HTTP/1.1" 200 4895
178.63.20.95 - - [07/Oct/2021:10:23:10 -0500] "GET /BLA/resoluciones/AUTOS%202013/0189.pdf HTTP/1.1" 200 2839560
179.19.58.195 - - [07/Oct/2021:10:23:11 -0500] "GET /BLA/boletinlegal/js/jquery.scrollShow.js HTTP/1.1" 200 4586
179.19.58.195 - - [07/Oct/2021:10:23:12 -0500] "GET /galeria/galeria/jquery.fancybox.js?v=2.1.5 HTTP/1.1" 200 48706
178.63.20.95 - - [07/Oct/2021:10:23:14 -0500] "GET /BLA/resoluciones/AUTOS%202010/4447.pdf HTTP/1.1" 200 180525
178.63.20.95 - - [07/Oct/2021:10:23:23 -0500] "GET /BLA/resoluciones/AUTOS%202013/3431.pdf HTTP/1.1" 200 416988
177.255.42.44 - - [07/Oct/2021:10:23:27 -0500] "GET /galeria/galeria/jquery.fancybox.css?v=2.1.5 HTTP/1.1" 200 4895
177.255.42.44 - - [07/Oct/2021:10:23:27 -0500] "GET /BLA/boletinlegal/js/jquery.scrollShow.js HTTP/1.1" 200 4586
177.255.42.44 - - [07/Oct/2021:10:23:27 -0500] "GET /galeria/galeria/jquery.fancybox.js?v=2.1.5 HTTP/1.1" 200 48706
190.93.159.164 - - [07/Oct/2021:10:23:28 -0500] "GET /autoliquidacion2020 HTTP/1.1" 301 250
190.93.159.164 - - [07/Oct/2021:10:23:28 -0500] "GET /autoliquidacion2020/ HTTP/1.1" 200 6146
190.93.159.164 - - [07/Oct/2021:10:23:28 -0500] "GET /autoliquidacion2020/dlf/folder.png HTTP/1.1" 200 410
190.93.159.164 - - [07/Oct/2021:10:23:28 -0500] "GET /autoliquidacion2020/dlf/styles.css HTTP/1.1" 200 3045
190.93.159.164 - - [07/Oct/2021:10:23:28 -0500] "GET /autoliquidacion2020/dlf/bg.gif HTTP/1.1" 200 54
178.63.20.95 - - [07/Oct/2021:10:23:35 -0500] "GET /BLA/resoluciones/AUTOS%202010/0487.pdf HTTP/1.1" 200 191545
201.245.192.253 - - [07/Oct/2021:10:23:34 -0500] "POST /sipse/faces/presentacion/financiero/solicitudProceso/consultarSolicitudProceso.xhtml HTTP/1.1" 200 61084
201.245.192.253 - - [07/Oct/2021:10:23:40 -0500] "GET /sipse/faces/javax.faces.resource/theme.css?ln=primefaces-sipse HTTP/1.1" 304 -
201.245.192.253 - - [07/Oct/2021:10:23:40 -0500] "GET /sipse/faces/javax.faces.resource/primefaces.css?ln=primefaces&v=4.0 HTTP/1.1" 304 -
201.245.192.253 - - [07/Oct/2021:10:23:40 -0500] "GET /sipse/faces/javax.faces.resource/layout/layout.css?ln=primefaces&v=4.0 HTTP/1.1" 304 -
201.245.192.253 - - [07/Oct/2021:10:23:40 -0500] "GET /sipse/faces/javax.faces.resource/jquery/jquery.js?ln=primefaces&v=4.0 HTTP/1.1" 304 -
201.245.192.253 - - [07/Oct/2021:10:23:40 -0500] "GET /sipse/faces/javax.faces.resource/jquery/jquery-plugins.js?ln=primefaces&v=4.0 HTTP/1.1" 304 -
201.245.192.253 - - [07/Oct/2021:10:23:40 -0500] "GET /sipse/faces/javax.faces.resource/primefaces.js?ln=primefaces&v=4.0 HTTP/1.1" 304 -
201.245.192.253 - - [07/Oct/2021:10:23:40 -0500] "GET /sipse/faces/javax.faces.resource/layout/layout.js?ln=primefaces&v=4.0 HTTP/1.1" 304 -
201.245.192.253 - - [07/Oct/2021:10:23:40 -0500] "GET /sipse/css/imagen/contrasena.png HTTP/1.1" 404 383
201.245.192.253 - - [07/Oct/2021:10:23:40 -0500] "GET /sipse/faces/javax.faces.resource/messages/messages.png?ln=primefaces&v=4.0 HTTP/1.1" 304 -
201.245.192.253 - - [07/Oct/2021:10:23:40 -0500] "POST /sipse/faces/presentacion/financiero/solicitudProceso/listarSolicitudProceso.xhtml HTTP/1.1" 200 1448
201.245.192.253 - - [07/Oct/2021:10:23:40 -0500] "POST /sipse/faces/presentacion/financiero/solicitudProceso/listarSolicitudProceso.xhtml HTTP/1.1" 200 53467
201.245.192.253 - - [07/Oct/2021:10:23:40 -0500] "POST /sipse/faces/presentacion/financiero/solicitudProceso/listarSolicitudProceso.xhtml HTTP/1.1" 200 53467
201.245.192.253 - - [07/Oct/2021:10:23:41 -0500] "POST /sipse/faces/presentacion/financiero/solicitudProceso/listarSolicitudProceso.xhtml HTTP/1.1" 200 1448
201.245.192.253 - - [07/Oct/2021:10:23:41 -0500] "POST /sipse/faces/presentacion/financiero/solicitudProceso/listarSolicitudProceso.xhtml HTTP/1.1" 200 1448
178.63.20.95 - - [07/Oct/2021:10:23:43 -0500] "GET /BLA/resoluciones/AUTOS%202010/6257.pdf HTTP/1.1" 200 376253
201.245.192.253 - - [07/Oct/2021:10:23:44 -0500] "POST /sipse/faces/presentacion/financiero/solicitudProceso/listarSolicitudProceso.xhtml HTTP/1.1" 200 53467
201.245.192.253 - - [07/Oct/2021:10:23:45 -0500] "POST /sipse/faces/presentacion/financiero/solicitudProceso/listarSolicitudProceso.xhtml HTTP/1.1" 200 53467
201.245.192.253 - - [07/Oct/2021:10:23:45 -0500] "POST /sipse/faces/presentacion/financiero/solicitudProceso/listarSolicitudProceso.xhtml HTTP/1.1" 200 1448
201.245.192.253 - - [07/Oct/2021:10:23:46 -0500] "POST /sipse/faces/presentacion/financiero/solicitudProceso/listarSolicitudProceso.xhtml HTTP/1.1" 200 1448
187.147.24.29 - - [07/Oct/2021:10:23:48 -0500] "GET /BLA/boletinlegal/js/jquery.scrollShow.js HTTP/1.1" 200 4586
187.147.24.29 - - [07/Oct/2021:10:23:48 -0500] "GET /galeria/galeria/jquery.fancybox.js?v=2.1.5 HTTP/1.1" 200 48706
187.147.24.29 - - [07/Oct/2021:10:23:48 -0500] "GET /galeria/galeria/jquery.fancybox.css?v=2.1.5 HTTP/1.1" 200 4895
178.63.20.95 - - [07/Oct/2021:10:23:51 -0500] "GET /BLA/resoluciones/AUTOS%202013/2779.pdf HTTP/1.1" 200 383051
178.63.20.95 - - [07/Oct/2021:10:24:00 -0500] "GET /BLA/resoluciones/AUTOS%202010/5366.pdf HTTP/1.1" 200 1019678
181.50.186.49 - - [07/Oct/2021:10:24:04 -0500] "GET /kwssiamovil/sm/des/ldap/au?x=U2FsdGVkX195EuqcEfSX2Btx0X7BsCbUy2brRXAGIJsjD4zy05waTycU6Z/UP9Mo&y=U2FsdGVkX19kk77AssEVz1YDV5eL5r37qxvvF2ICNfzZmDbG2+TOTc4ggFTfXCp3 HTTP/1.1" 200 30
181.50.186.49 - - [07/Oct/2021:10:24:04 -0500] "GET /kwssiamovil/sm/des/acme/s?s=U2FsdGVkX19V2EhPJoa1iTTeZ+2ZMLrU194cSe0GLT6tiFXAxcnYEXs8TIGz6dGzTCRYtCAL8qx5RVKInTUxZ+iAaw8VPnG7Zu5ekgg+rpVQ1pStdx2FerhJPKELdmrbY7Y3vp1CNMuPvETe/ZI2wm/285H1kgIbm63Zpr9rRDFdX3o7E2KySuyGQymNfKag9tTdAxddJxDtrsfTd8UtFOc149QrUMPNoknVTPpzk9aojpkD+f7rWxFcXfWI3AlsauWzeUDfQp5IWpcCdlh5E7dGE6BeF/3DM87WZYGG8L12gUxrHwhN3qjg8EUhHoDcHx07pakvQasmjUPSzROotXM5URdnJVt9kyVMTQOhaKypY3CkTsMuRDFnpWjZYpCKkF/V0szSwKkMsgZWIP5T/ze35PikRUbSfkQ4gVxgrW7DxqBg1lwIR8H6n5YTwkS7soaoU8pjNMNpgMrz6rcwhiv3taCu3v9xq2Vaqigh7AkPMWY+8HoQGSuPmoCef7EqTGqT2PAMl87VB/Ma6LI56Q==&u=U2FsdGVkX18OZIAUynQ460oRE9VEwOldsD7JvadejKc=&y=U2FsdGVkX19kk77AssEVz1YDV5eL5r37qxvvF2ICNfzZmDbG2+TOTc4ggFTfXCp3 HTTP/1.1" 200 600
181.50.186.49 - - [07/Oct/2021:10:24:04 -0500] "GET /kwssiamovil/sm/des/acme/s?s=U2FsdGVkX1+HvmuSF7KAlDypG20V2IXDFdTPLtvrem324TWS76g25LqhWRJMiYa5oB9C7r1ZIEFoubhyuCFT+0qPVNkRz6/SSZ3KAMHPpIlq0H1MxpcOVTPWloBAQ4fj4wvOWcp9kElODuNGou1n754QlK+UqB/e12rCpz0BfBhDRgHJLTiegEXDzKZaC9zeM4NfUw5EW3BVWr5pSiypy5kFyr+TBaJgjEpUqKxfF+a5cZ2HWsNCkYpKXfCHBgiUUNax7d4fQH4jK5m8/z5G7g==&u=U2FsdGVkX18OZIAUynQ460oRE9VEwOldsD7JvadejKc=&y=U2FsdGVkX19kk77AssEVz1YDV5eL5r37qxvvF2ICNfzZmDbG2+TOTc4ggFTfXCp3 HTTP/1.1" 200 176
201.245.192.253 - - [07/Oct/2021:10:24:04 -0500] "GET /catalogoisis/ HTTP/1.1" 200 8575
181.50.186.49 - - [07/Oct/2021:10:24:04 -0500] "GET /kwssiamovil/sm/des/cjson/pre?f=1&x=U2FsdGVkX195EuqcEfSX2Btx0X7BsCbUy2brRXAGIJsjD4zy05waTycU6Z/UP9Mo HTTP/1.1" 200 30948
178.63.20.95 - - [07/Oct/2021:10:24:09 -0500] "GET /BLA/resoluciones/AUTOS%202013/0503.pdf HTTP/1.1" 200 1495943
178.63.20.95 - - [07/Oct/2021:10:24:13 -0500] "GET /BLA/resoluciones/AUTOS%202013/1102.pdf HTTP/1.1" 200 3492169
178.63.20.95 - - [07/Oct/2021:10:24:17 -0500] "GET /BLA/resoluciones/AUTOS%202013/0734.pdf HTTP/1.1" 200 818604
199.16.157.182 - - [07/Oct/2021:10:24:17 -0500] "GET /images/Bogot%C3%A1-Imparable-feria-servicios.jpg HTTP/1.1" 404 1034
191.102.221.224 - - [07/Oct/2021:10:24:23 -0500] "GET /galeria/galeria/jquery.fancybox.css?v=2.1.5 HTTP/1.1" 200 4895
191.102.221.224 - - [07/Oct/2021:10:24:23 -0500] "GET /BLA/boletinlegal/js/jquery.scrollShow.js HTTP/1.1" 200 4586
191.102.221.224 - - [07/Oct/2021:10:24:23 -0500] "GET /galeria/galeria/jquery.fancybox.js?v=2.1.5 HTTP/1.1" 200 48706
178.63.20.95 - - [07/Oct/2021:10:24:26 -0500] "GET /BLA/resoluciones/AUTOS%202013/1486.pdf HTTP/1.1" 200 395641
181.51.34.137 - - [07/Oct/2021:10:24:28 -0500] "GET /BLA/boletinlegal/js/jquery.scrollShow.js HTTP/1.1" 200 4586
181.51.34.137 - - [07/Oct/2021:10:24:28 -0500] "GET /galeria/galeria/jquery.fancybox.css?v=2.1.5 HTTP/1.1" 200 4895
181.51.34.137 - - [07/Oct/2021:10:24:28 -0500] "GET /galeria/galeria/jquery.fancybox.js?v=2.1.5 HTTP/1.1" 200 48706
178.63.20.95 - - [07/Oct/2021:10:24:35 -0500] "GET /BLA/resoluciones/AUTOS%202013/3134.pdf HTTP/1.1" 200 875003
201.245.192.253 - - [07/Oct/2021:10:24:41 -0500] "GET /BLA/resoluciones/RESOLUCIONES%202010/3147.pdf HTTP/1.1" 200 1817398
178.63.20.95 - - [07/Oct/2021:10:24:44 -0500] "GET /BLA/resoluciones/AUTOS%202013/0092.pdf HTTP/1.1" 200 1377017
190.27.245.107 - - [07/Oct/2021:10:24:46 -0500] "GET /sipse/ HTTP/1.1" 302 -
190.249.17.101 - - [07/Oct/2021:10:24:46 -0500] "GET /sipse/faces/autenticacion.xhtml HTTP/1.1" 200 12501
190.249.17.101 - - [07/Oct/2021:10:24:46 -0500] "GET /sipse/faces/javax.faces.resource/layout/layout.css;jsessionid=b5meNSU2prsk9zSBQfoxJEuF.undefined?ln=primefaces&v=4.0 HTTP/1.1" 200 542
190.249.17.101 - - [07/Oct/2021:10:24:46 -0500] "GET /sipse/faces/javax.faces.resource/theme.css?ln=primefaces-sipse HTTP/1.1" 304 -
190.249.17.101 - - [07/Oct/2021:10:24:46 -0500] "GET /sipse/faces/javax.faces.resource/primefaces.css;jsessionid=b5meNSU2prsk9zSBQfoxJEuF.undefined?ln=primefaces&v=4.0 HTTP/1.1" 200 53295
190.249.17.101 - - [07/Oct/2021:10:24:46 -0500] "GET /sipse/faces/javax.faces.resource/layout/layout.js;jsessionid=b5meNSU2prsk9zSBQfoxJEuF.undefined?ln=primefaces&v=4.0 HTTP/1.1" 200 87560
190.249.17.101 - - [07/Oct/2021:10:24:46 -0500] "GET /sipse/faces/javax.faces.resource/jquery/jquery.js;jsessionid=b5meNSU2prsk9zSBQfoxJEuF.undefined?ln=primefaces&v=4.0 HTTP/1.1" 200 105384
190.249.17.101 - - [07/Oct/2021:10:24:46 -0500] "GET /sipse/faces/javax.faces.resource/jquery/jquery-plugins.js;jsessionid=b5meNSU2prsk9zSBQfoxJEuF.undefined?ln=primefaces&v=4.0 HTTP/1.1" 200 220526
190.249.17.101 - - [07/Oct/2021:10:24:46 -0500] "GET /sipse/faces/javax.faces.resource/primefaces.js;jsessionid=b5meNSU2prsk9zSBQfoxJEuF.undefined?ln=primefaces&v=4.0 HTTP/1.1" 200 276924
190.249.17.101 - - [07/Oct/2021:10:24:47 -0500] "GET /sipse/faces/javax.faces.resource/images/ui-icons_898989_256x240.png?ln=primefaces-aristo HTTP/1.1" 304 -
190.249.17.101 - - [07/Oct/2021:10:24:47 -0500] "GET /sipse/faces/index.xhtml HTTP/1.1" 200 677
190.249.17.101 - - [07/Oct/2021:10:24:47 -0500] "GET /sipse/faces/javax.faces.resource/theme.css?ln=primefaces-sipse HTTP/1.1" 304 -
190.249.17.101 - - [07/Oct/2021:10:24:48 -0500] "GET /sipse/faces/faces/autenticacion.xhtml HTTP/1.1" 200 12179
190.249.17.101 - - [07/Oct/2021:10:24:48 -0500] "GET /sipse/faces/javax.faces.resource/theme.css?ln=primefaces-sipse HTTP/1.1" 304 -
190.249.17.101 - - [07/Oct/2021:10:24:48 -0500] "GET /sipse/faces/javax.faces.resource/jquery/jquery.js?ln=primefaces&v=4.0 HTTP/1.1" 304 -
190.249.17.101 - - [07/Oct/2021:10:24:48 -0500] "GET /sipse/faces/javax.faces.resource/layout/layout.js?ln=primefaces&v=4.0 HTTP/1.1" 304 -
190.249.17.101 - - [07/Oct/2021:10:24:48 -0500] "GET /sipse/faces/javax.faces.resource/primefaces.js?ln=primefaces&v=4.0 HTTP/1.1" 304 -
190.249.17.101 - - [07/Oct/2021:10:24:48 -0500] "GET /sipse/faces/javax.faces.resource/layout/layout.css?ln=primefaces&v=4.0 HTTP/1.1" 304 -
190.249.17.101 - - [07/Oct/2021:10:24:48 -0500] "GET /sipse/faces/javax.faces.resource/primefaces.css?ln=primefaces&v=4.0 HTTP/1.1" 304 -
190.249.17.101 - - [07/Oct/2021:10:24:48 -0500] "GET /sipse/faces/javax.faces.resource/jquery/jquery-plugins.js?ln=primefaces&v=4.0 HTTP/1.1" 304 -
178.63.20.95 - - [07/Oct/2021:10:24:49 -0500] "GET /BLA/resoluciones/AUTOS%202013/3299.pdf HTTP/1.1" 200 300809
216.245.221.92 - - [07/Oct/2021:10:24:53 -0500] "HEAD / HTTP/1.1" 200 -
178.63.20.95 - - [07/Oct/2021:10:24:57 -0500] "GET /BLA/resoluciones/AUTOS%202013/1325.pdf HTTP/1.1" 200 1605013
190.249.17.101 - - [07/Oct/2021:10:24:58 -0500] "POST /sipse/faces/autenticacion.xhtml HTTP/1.1" 200 2228
190.249.17.101 - - [07/Oct/2021:10:24:58 -0500] "GET /sipse/faces/javax.faces.resource/messages/messages.png?ln=primefaces&v=4.0 HTTP/1.1" 304 -
190.249.17.101 - - [07/Oct/2021:10:24:59 -0500] "GET /sipse/faces/javax.faces.resource/images/ui-icons_898989_256x240.png?ln=primefaces-aristo HTTP/1.1" 304 -
190.249.17.101 - - [07/Oct/2021:10:25:00 -0500] "POST /sipse/faces/autenticacion.xhtml HTTP/1.1" 200 16039
190.249.17.101 - - [07/Oct/2021:10:25:01 -0500] "GET /sipse/faces/javax.faces.resource/theme.css?ln=primefaces-sipse HTTP/1.1" 304 -
190.249.17.101 - - [07/Oct/2021:10:25:01 -0500] "GET /sipse/faces/javax.faces.resource/layout/layout.css?ln=primefaces&v=4.0 HTTP/1.1" 304 -
190.249.17.101 - - [07/Oct/2021:10:25:01 -0500] "GET /sipse/faces/javax.faces.resource/primefaces.css?ln=primefaces&v=4.0 HTTP/1.1" 304 -
190.249.17.101 - - [07/Oct/2021:10:25:01 -0500] "GET /sipse/faces/javax.faces.resource/jquery/jquery.js?ln=primefaces&v=4.0 HTTP/1.1" 304 -
190.249.17.101 - - [07/Oct/2021:10:25:01 -0500] "GET /sipse/faces/javax.faces.resource/jquery/jquery-plugins.js?ln=primefaces&v=4.0 HTTP/1.1" 304 -
201.245.192.253 - - [07/Oct/2021:10:24:12 -0500] "POST /kwsrmcab/Wsrmcab HTTP/1.1" 200 122261
190.249.17.101 - - [07/Oct/2021:10:25:01 -0500] "GET /sipse/faces/javax.faces.resource/primefaces.js?ln=primefaces&v=4.0 HTTP/1.1" 304 -
190.249.17.101 - - [07/Oct/2021:10:25:01 -0500] "GET /sipse/faces/javax.faces.resource/layout/layout.js?ln=primefaces&v=4.0 HTTP/1.1" 304 -
190.249.17.101 - - [07/Oct/2021:10:25:01 -0500] "GET /sipse/css/imagen/contrasena.png HTTP/1.1" 404 383
178.63.20.95 - - [07/Oct/2021:10:25:02 -0500] "GET /BLA/resoluciones/AUTOS%202013/0973.pdf HTTP/1.1" 200 1270784
190.249.17.101 - - [07/Oct/2021:10:25:03 -0500] "GET /sipse/faces/javax.faces.resource/images/ui-bg_flat_0_2d5972_40x100.png?ln=primefaces-aristo HTTP/1.1" 304 -
190.249.17.101 - - [07/Oct/2021:10:25:03 -0500] "POST /sipse/faces/bienvenido.xhtml HTTP/1.1" 200 2658
201.245.192.253 - - [07/Oct/2021:10:25:05 -0500] "GET /catalogoisis/ HTTP/1.1" 200 8575
178.63.20.95 - - [07/Oct/2021:10:25:06 -0500] "GET /BLA/resoluciones/AUTOS%202010/1276.pdf HTTP/1.1" 200 350484
190.249.17.101 - - [07/Oct/2021:10:25:05 -0500] "POST /sipse/faces/bienvenido.xhtml HTTP/1.1" 200 61944
190.249.17.101 - - [07/Oct/2021:10:25:06 -0500] "GET /sipse/faces/javax.faces.resource/theme.css?ln=primefaces-sipse HTTP/1.1" 304 -
190.249.17.101 - - [07/Oct/2021:10:25:06 -0500] "GET /sipse/faces/javax.faces.resource/primefaces.css?ln=primefaces&v=4.0 HTTP/1.1" 304 -
190.249.17.101 - - [07/Oct/2021:10:25:06 -0500] "GET /sipse/faces/javax.faces.resource/layout/layout.css?ln=primefaces&v=4.0 HTTP/1.1" 304 -
190.249.17.101 - - [07/Oct/2021:10:25:06 -0500] "GET /sipse/faces/javax.faces.resource/jquery/jquery.js?ln=primefaces&v=4.0 HTTP/1.1" 304 -
190.249.17.101 - - [07/Oct/2021:10:25:07 -0500] "GET /sipse/faces/javax.faces.resource/jquery/jquery-plugins.js?ln=primefaces&v=4.0 HTTP/1.1" 304 -
190.249.17.101 - - [07/Oct/2021:10:25:07 -0500] "GET /sipse/faces/javax.faces.resource/primefaces.js?ln=primefaces&v=4.0 HTTP/1.1" 304 -
190.249.17.101 - - [07/Oct/2021:10:25:07 -0500] "GET /sipse/faces/javax.faces.resource/layout/layout.js?ln=primefaces&v=4.0 HTTP/1.1" 304 -
190.249.17.101 - - [07/Oct/2021:10:25:07 -0500] "POST /sipse/faces/presentacion/financiero/solicitudProceso/listarSolicitudProceso.xhtml HTTP/1.1" 200 1448
186.84.20.251 - - [07/Oct/2021:10:25:10 -0500] "GET /galeria/nivo-slider/demo/escuadron.mp4 HTTP/1.1" 206 2
186.84.20.251 - - [07/Oct/2021:10:25:10 -0500] "GET /galeria/nivo-slider/demo/escuadron.mp4 HTTP/1.1" 206 141917477
186.84.20.251 - - [07/Oct/2021:10:25:10 -0500] "GET /galeria/nivo-slider/demo/escuadron.mp4 HTTP/1.1" 206 141851941
186.84.20.251 - - [07/Oct/2021:10:25:10 -0500] "GET /galeria/nivo-slider/demo/escuadron.mp4 HTTP/1.1" 206 46264
179.32.1.82 - - [07/Oct/2021:10:25:11 -0500] "GET /galeria/galeria/jquery.fancybox.js?v=2.1.5 HTTP/1.1" 200 48706
179.32.1.82 - - [07/Oct/2021:10:25:11 -0500] "GET /galeria/galeria/jquery.fancybox.css?v=2.1.5 HTTP/1.1" 200 4895
179.32.1.82 - - [07/Oct/2021:10:25:11 -0500] "GET /BLA/boletinlegal/js/jquery.scrollShow.js HTTP/1.1" 200 4586
181.60.96.40 - - [07/Oct/2021:10:25:12 -0500] "GET /galeria/galeria/jquery.fancybox.css?v=2.1.5 HTTP/1.1" 200 4895
181.60.96.40 - - [07/Oct/2021:10:25:12 -0500] "GET /BLA/boletinlegal/js/jquery.scrollShow.js HTTP/1.1" 200 4586
181.60.96.40 - - [07/Oct/2021:10:25:12 -0500] "GET /galeria/galeria/jquery.fancybox.js?v=2.1.5 HTTP/1.1" 200 48706
186.84.20.251 - - [07/Oct/2021:10:25:10 -0500] "GET /galeria/nivo-slider/demo/escuadron.mp4 HTTP/1.1" 206 141768273
178.63.20.95 - - [07/Oct/2021:10:25:14 -0500] "GET /BLA/resoluciones/AUTOS%202013/3639.pdf HTTP/1.1" 200 575473
186.145.90.197 - - [07/Oct/2021:10:25:15 -0500] "GET /BLA/boletinlegal/js/jquery.scrollShow.js HTTP/1.1" 200 4586
186.145.90.197 - - [07/Oct/2021:10:25:15 -0500] "GET /galeria/galeria/jquery.fancybox.css?v=2.1.5 HTTP/1.1" 200 4895
186.145.90.197 - - [07/Oct/2021:10:25:15 -0500] "GET /galeria/galeria/jquery.fancybox.js?v=2.1.5 HTTP/1.1" 200 48706
190.67.213.40 - - [07/Oct/2021:10:25:15 -0500] "GET /appsia/controlador HTTP/1.1" 200 4799
190.249.17.101 - - [07/Oct/2021:10:25:20 -0500] "POST /sipse/faces/presentacion/financiero/solicitudProceso/listarSolicitudProceso.xhtml HTTP/1.1" 200 7983
178.63.20.95 - - [07/Oct/2021:10:25:23 -0500] "GET /BLA/resoluciones/AUTOS%202013/1986.pdf HTTP/1.1" 200 413879
190.67.213.40 - - [07/Oct/2021:10:25:23 -0500] "POST /appsia/controlador HTTP/1.1" 200 4621
37.171.7.91 - - [07/Oct/2021:10:25:25 -0500] "GET /galeria/galeria/jquery.fancybox.css?v=2.1.5 HTTP/1.1" 200 4895
37.171.7.91 - - [07/Oct/2021:10:25:25 -0500] "GET /galeria/galeria/jquery.fancybox.js?v=2.1.5 HTTP/1.1" 200 48706
37.171.7.91 - - [07/Oct/2021:10:25:25 -0500] "GET /BLA/boletinlegal/js/jquery.scrollShow.js HTTP/1.1" 200 4586
190.67.213.40 - - [07/Oct/2021:10:25:26 -0500] "POST /appsia/controlador HTTP/1.1" 200 9162
52.33.74.123 - - [07/Oct/2021:10:25:27 -0500] "GET /galeria/galeria/jquery.fancybox.js?v=2.1.5 HTTP/1.1" 200 48706
179.57.194.150 - - [07/Oct/2021:10:25:28 -0500] "GET /galeria/galeria/jquery.fancybox.css?v=2.1.5 HTTP/1.1" 200 4895
179.57.194.150 - - [07/Oct/2021:10:25:28 -0500] "GET /BLA/boletinlegal/js/jquery.scrollShow.js HTTP/1.1" 200 4586
179.57.194.150 - - [07/Oct/2021:10:25:28 -0500] "GET /galeria/galeria/jquery.fancybox.js?v=2.1.5 HTTP/1.1" 200 48706
190.67.213.40 - - [07/Oct/2021:10:25:28 -0500] "POST /appsia/controlador HTTP/1.1" 200 4621
178.63.20.95 - - [07/Oct/2021:10:25:32 -0500] "GET /BLA/resoluciones/AUTOS%202013/3646.pdf HTTP/1.1" 200 665981
178.63.20.95 - - [07/Oct/2021:10:25:42 -0500] "GET /BLA/resoluciones/AUTOS%202013/2357.pdf HTTP/1.1" 200 303783
190.159.160.5 - - [07/Oct/2021:10:25:44 -0500] "GET /galeria/galeria/jquery.fancybox.css?v=2.1.5 HTTP/1.1" 200 4895
190.159.160.5 - - [07/Oct/2021:10:25:44 -0500] "GET /BLA/boletinlegal/js/jquery.scrollShow.js HTTP/1.1" 200 4586
190.159.160.5 - - [07/Oct/2021:10:25:44 -0500] "GET /galeria/galeria/jquery.fancybox.js?v=2.1.5 HTTP/1.1" 200 48706
157.100.76.138 - - [07/Oct/2021:10:25:50 -0500] "GET /galeria/galeria/jquery.fancybox.css?v=2.1.5 HTTP/1.1" 200 4895
157.100.76.138 - - [07/Oct/2021:10:25:50 -0500] "GET /BLA/boletinlegal/js/jquery.scrollShow.js HTTP/1.1" 200 4586
157.100.76.138 - - [07/Oct/2021:10:25:50 -0500] "GET /galeria/galeria/jquery.fancybox.js?v=2.1.5 HTTP/1.1" 200 48706
178.63.20.95 - - [07/Oct/2021:10:25:51 -0500] "GET /BLA/resoluciones/AUTOS%202013/1157.pdf HTTP/1.1" 200 580775
181.58.39.202 - - [07/Oct/2021:10:25:53 -0500] "GET /galeria/galeria/jquery.fancybox.css?v=2.1.5 HTTP/1.1" 200 4895
181.58.39.202 - - [07/Oct/2021:10:25:53 -0500] "GET /galeria/galeria/jquery.fancybox.js?v=2.1.5 HTTP/1.1" 200 48706
181.58.39.202 - - [07/Oct/2021:10:25:53 -0500] "GET /BLA/boletinlegal/js/jquery.scrollShow.js HTTP/1.1" 200 4586
178.63.20.95 - - [07/Oct/2021:10:25:59 -0500] "GET /BLA/resoluciones/AUTOS%202013/1081.pdf HTTP/1.1" 200 1905295
178.63.20.95 - - [07/Oct/2021:10:26:03 -0500] "GET /BLA/resoluciones/AUTOS%202013/1072.pdf HTTP/1.1" 200 1001928
190.157.218.79 - - [07/Oct/2021:10:26:03 -0500] "GET /reportes_sipse/sdg/ServletReporte?reporte=solicitud_cdp&Solicitud=14932&pfdrid_c=false HTTP/1.1" 200 98330
190.249.17.101 - - [07/Oct/2021:10:26:04 -0500] "POST /sipse/faces/presentacion/financiero/solicitudProceso/listarSolicitudProceso.xhtml HTTP/1.1" 200 7892
201.245.192.253 - - [07/Oct/2021:10:26:06 -0500] "GET /catalogoisis/ HTTP/1.1" 200 8575
186.155.12.60 - - [07/Oct/2021:10:26:07 -0500] "GET /galeria/galeria/jquery.fancybox.css?v=2.1.5 HTTP/1.1" 200 4895
186.155.12.60 - - [07/Oct/2021:10:26:07 -0500] "GET /BLA/boletinlegal/js/jquery.scrollShow.js HTTP/1.1" 200 4586
186.155.12.60 - - [07/Oct/2021:10:26:07 -0500] "GET /galeria/galeria/jquery.fancybox.js?v=2.1.5 HTTP/1.1" 200 48706
66.249.66.139 - - [07/Oct/2021:10:26:07 -0500] "-" 408 -
178.63.20.95 - - [07/Oct/2021:10:26:12 -0500] "GET /BLA/resoluciones/AUTOS%202010/6715.pdf HTTP/1.1" 200 209866
191.156.55.147 - - [07/Oct/2021:10:26:13 -0500] "GET /galeria/galeria/jquery.fancybox.css?v=2.1.5 HTTP/1.1" 200 4895
191.156.49.204 - - [07/Oct/2021:10:26:13 -0500] "GET /BLA/boletinlegal/js/jquery.scrollShow.js HTTP/1.1" 200 4586
191.156.55.147 - - [07/Oct/2021:10:26:13 -0500] "GET /galeria/galeria/jquery.fancybox.js?v=2.1.5 HTTP/1.1" 200 48706
178.63.20.95 - - [07/Oct/2021:10:26:21 -0500] "GET /BLA/resoluciones/AUTOS%202013/3478.pdf HTTP/1.1" 200 678803
152.231.32.222 - - [07/Oct/2021:10:26:22 -0500] "GET /galeria/galeria/jquery.fancybox.css?v=2.1.5 HTTP/1.1" 200 4895
152.231.32.222 - - [07/Oct/2021:10:26:22 -0500] "GET /BLA/boletinlegal/js/jquery.scrollShow.js HTTP/1.1" 200 4586
152.231.32.222 - - [07/Oct/2021:10:26:22 -0500] "GET /galeria/galeria/jquery.fancybox.js?v=2.1.5 HTTP/1.1" 200 48706
190.84.116.255 - - [07/Oct/2021:10:26:23 -0500] "GET /galeria/galeria/jquery.fancybox.css?v=2.1.5 HTTP/1.1" 200 4895
190.84.116.255 - - [07/Oct/2021:10:26:23 -0500] "GET /BLA/boletinlegal/js/jquery.scrollShow.js HTTP/1.1" 200 4586
190.84.116.255 - - [07/Oct/2021:10:26:23 -0500] "GET /galeria/galeria/jquery.fancybox.js?v=2.1.5 HTTP/1.1" 200 48706
190.157.218.79 - - [07/Oct/2021:10:26:27 -0500] "GET /reportes_sipse/sdg/ServletReporte?reporte=solicitud_cdp&Solicitud=14543&pfdrid_c=false HTTP/1.1" 200 148690
186.102.53.72 - - [07/Oct/2021:10:26:28 -0500] "-" 408 -
178.63.20.95 - - [07/Oct/2021:10:26:30 -0500] "GET /BLA/resoluciones/AUTOS%202010/6909.pdf HTTP/1.1" 200 169077
190.157.218.79 - - [07/Oct/2021:10:26:31 -0500] "GET /reportes_sipse/sdg/ServletReporte?reporte=solicitud_cdp&Solicitud=14543&pfdrid_c=false HTTP/1.1" 200 148690
190.109.9.18 - - [07/Oct/2021:10:26:33 -0500] "GET /galeria/galeria/jquery.fancybox.css?v=2.1.5 HTTP/1.1" 200 4895
190.109.9.18 - - [07/Oct/2021:10:26:33 -0500] "GET /BLA/boletinlegal/js/jquery.scrollShow.js HTTP/1.1" 200 4586
