201.245.192.253 - - [07/Oct/2021:10:01:20 -0500] "GET /sipse/faces/javax.faces.resource/primefaces.css;jsessionid=Svj6a-he1hJg8SWEKnpp2Wup.undefined?ln=primefaces&v=4.0 HTTP/1.1" 200 53295
201.245.192.253 - - [07/Oct/2021:10:01:20 -0500] "GET /sipse/css/imagen/logoSDG.png HTTP/1.1" 200 53064
201.245.192.253 - - [07/Oct/2021:10:01:20 -0500] "GET /sipse/css/imagen/loginimg.png HTTP/1.1" 200 71635
201.245.192.253 - - [07/Oct/2021:10:01:20 -0500] "GET /sipse/faces/javax.faces.resource/images/ui-icons_898989_256x240.png?ln=primefaces-aristo HTTP/1.1" 200 5355
201.245.192.253 - - [07/Oct/2021:10:01:20 -0500] "GET /sipse/faces/index.xhtml HTTP/1.1" 200 677
201.245.192.253 - - [07/Oct/2021:10:01:20 -0500] "GET /sipse/faces/javax.faces.resource/theme.css?ln=primefaces-sipse HTTP/1.1" 304 -
201.245.192.253 - - [07/Oct/2021:10:01:21 -0500] "GET /favicon.ico HTTP/1.1" 200 7782
201.245.192.253 - - [07/Oct/2021:10:01:21 -0500] "GET /sipse/faces/faces/autenticacion.xhtml HTTP/1.1" 200 12179
201.245.192.253 - - [07/Oct/2021:10:01:21 -0500] "GET /sipse/faces/javax.faces.resource/theme.css?ln=primefaces-sipse HTTP/1.1" 304 -
201.245.192.253 - - [07/Oct/2021:10:01:21 -0500] "GET /sipse/faces/javax.faces.resource/layout/layout.css?ln=primefaces&v=4.0 HTTP/1.1" 200 542
201.245.192.253 - - [07/Oct/2021:10:01:21 -0500] "GET /sipse/faces/javax.faces.resource/jquery/jquery.js?ln=primefaces&v=4.0 HTTP/1.1" 200 105384
201.245.192.253 - - [07/Oct/2021:10:01:21 -0500] "GET /sipse/faces/javax.faces.resource/layout/layout.js?ln=primefaces&v=4.0 HTTP/1.1" 200 87560
201.245.192.253 - - [07/Oct/2021:10:01:21 -0500] "GET /sipse/faces/javax.faces.resource/jquery/jquery-plugins.js?ln=primefaces&v=4.0 HTTP/1.1" 200 220526
201.245.192.253 - - [07/Oct/2021:10:01:21 -0500] "GET /sipse/faces/javax.faces.resource/primefaces.css?ln=primefaces&v=4.0 HTTP/1.1" 200 53295
201.245.192.253 - - [07/Oct/2021:10:01:21 -0500] "GET /sipse/faces/javax.faces.resource/primefaces.js?ln=primefaces&v=4.0 HTTP/1.1" 200 276924
186.28.93.193 - - [07/Oct/2021:10:01:27 -0500] "POST /sipse/faces/presentacion/parametrica/funcionario/adminFuncionarioVerDetalle.xhtml HTTP/1.1" 200 61109
186.28.93.193 - - [07/Oct/2021:10:01:28 -0500] "GET /sipse/faces/javax.faces.resource/jquery/jquery.js?ln=primefaces&v=4.0 HTTP/1.1" 304 -
186.28.93.193 - - [07/Oct/2021:10:01:28 -0500] "GET /sipse/faces/javax.faces.resource/jquery/jquery-plugins.js?ln=primefaces&v=4.0 HTTP/1.1" 304 -
186.28.93.193 - - [07/Oct/2021:10:01:28 -0500] "GET /sipse/faces/javax.faces.resource/primefaces.js?ln=primefaces&v=4.0 HTTP/1.1" 304 -
186.28.93.193 - - [07/Oct/2021:10:01:28 -0500] "GET /sipse/faces/javax.faces.resource/layout/layout.js?ln=primefaces&v=4.0 HTTP/1.1" 304 -
178.63.20.95 - - [07/Oct/2021:10:01:28 -0500] "GET /BLA/resoluciones/AUTOS%202010/5533.pdf HTTP/1.1" 200 742575
186.28.93.193 - - [07/Oct/2021:10:01:28 -0500] "POST /sipse/faces/presentacion/financiero/solicitudProceso/consultar.xhtml HTTP/1.1" 200 54401
186.28.93.193 - - [07/Oct/2021:10:01:28 -0500] "POST /sipse/faces/presentacion/financiero/solicitudProceso/consultar.xhtml HTTP/1.1" 200 54401
186.28.93.193 - - [07/Oct/2021:10:01:28 -0500] "POST /sipse/faces/presentacion/financiero/solicitudProceso/consultar.xhtml HTTP/1.1" 200 54401
186.28.93.193 - - [07/Oct/2021:10:01:28 -0500] "POST /sipse/faces/presentacion/financiero/solicitudProceso/consultar.xhtml HTTP/1.1" 200 54401
201.245.192.253 - - [07/Oct/2021:10:01:30 -0500] "POST /sipse/faces/autenticacion.xhtml HTTP/1.1" 200 15851
201.245.192.253 - - [07/Oct/2021:10:01:30 -0500] "GET /sipse/css/custom_css_sg_prime.css HTTP/1.1" 200 5201
201.245.192.253 - - [07/Oct/2021:10:01:30 -0500] "GET /sipse/faces/javax.faces.resource/theme.css?ln=primefaces-sipse HTTP/1.1" 304 -
201.245.192.253 - - [07/Oct/2021:10:01:30 -0500] "GET /sipse/faces/javax.faces.resource/primefaces.css?ln=primefaces&v=4.0 HTTP/1.1" 304 -
201.245.192.253 - - [07/Oct/2021:10:01:30 -0500] "GET /sipse/faces/javax.faces.resource/layout/layout.css?ln=primefaces&v=4.0 HTTP/1.1" 304 -
201.245.192.253 - - [07/Oct/2021:10:01:30 -0500] "GET /sipse/js/jquery.min.js HTTP/1.1" 200 85582
201.245.192.253 - - [07/Oct/2021:10:01:30 -0500] "GET /sipse/faces/javax.faces.resource/jquery/jquery.js?ln=primefaces&v=4.0 HTTP/1.1" 304 -
201.245.192.253 - - [07/Oct/2021:10:01:30 -0500] "GET /sipse/faces/javax.faces.resource/jquery/jquery-plugins.js?ln=primefaces&v=4.0 HTTP/1.1" 304 -
201.245.192.253 - - [07/Oct/2021:10:01:30 -0500] "GET /sipse/faces/javax.faces.resource/primefaces.js?ln=primefaces&v=4.0 HTTP/1.1" 304 -
201.245.192.253 - - [07/Oct/2021:10:01:30 -0500] "GET /sipse/faces/javax.faces.resource/layout/layout.js?ln=primefaces&v=4.0 HTTP/1.1" 304 -
201.245.192.253 - - [07/Oct/2021:10:01:30 -0500] "GET /sipse/css/imagen/contrasena.png HTTP/1.1" 404 383
201.245.192.253 - - [07/Oct/2021:10:01:30 -0500] "GET /sipse/imagenes/cargando.gif HTTP/1.1" 200 36959
201.245.192.253 - - [07/Oct/2021:10:01:30 -0500] "GET /sipse/imagenes/logoAplicacion.jpg HTTP/1.1" 200 155084
201.245.192.253 - - [07/Oct/2021:10:01:30 -0500] "GET /sipse/faces/javax.faces.resource/messages/messages.png?ln=primefaces&v=4.0 HTTP/1.1" 200 27209
186.28.93.193 - - [07/Oct/2021:10:01:30 -0500] "POST /sipse/faces/presentacion/financiero/solicitudProceso/consultar.xhtml HTTP/1.1" 200 167893
186.28.93.193 - - [07/Oct/2021:10:01:31 -0500] "GET /sipse/faces/javax.faces.resource/jquery/jquery.js?ln=primefaces&v=4.0 HTTP/1.1" 304 -
186.28.93.193 - - [07/Oct/2021:10:01:31 -0500] "GET /sipse/faces/javax.faces.resource/jquery/jquery-plugins.js?ln=primefaces&v=4.0 HTTP/1.1" 304 -
186.28.93.193 - - [07/Oct/2021:10:01:31 -0500] "GET /sipse/faces/javax.faces.resource/primefaces.js?ln=primefaces&v=4.0 HTTP/1.1" 304 -
186.28.93.193 - - [07/Oct/2021:10:01:31 -0500] "GET /sipse/faces/javax.faces.resource/layout/layout.js?ln=primefaces&v=4.0 HTTP/1.1" 304 -
186.28.93.193 - - [07/Oct/2021:10:01:31 -0500] "GET /reportes_sipse/sdg/ServletReporte?reporte=solicitud_cdp&Solicitud=15318&pfdrid_c=false HTTP/1.1" 200 120247
201.245.192.253 - - [07/Oct/2021:10:01:32 -0500] "GET /sipse/faces/javax.faces.resource/images/ui-bg_flat_0_2d5972_40x100.png?ln=primefaces-aristo HTTP/1.1" 200 183
201.245.192.253 - - [07/Oct/2021:10:01:32 -0500] "POST /sipse/faces/bienvenido.xhtml HTTP/1.1" 200 1471
201.245.192.253 - - [07/Oct/2021:10:01:32 -0500] "POST /sipse/faces/bienvenido.xhtml HTTP/1.1" 200 56599
201.245.192.253 - - [07/Oct/2021:10:01:33 -0500] "GET /sipse/faces/javax.faces.resource/layout/layout.css?ln=primefaces&v=4.0 HTTP/1.1" 304 -
201.245.192.253 - - [07/Oct/2021:10:01:33 -0500] "GET /sipse/faces/javax.faces.resource/theme.css?ln=primefaces-sipse HTTP/1.1" 304 -
201.245.192.253 - - [07/Oct/2021:10:01:33 -0500] "GET /sipse/faces/javax.faces.resource/primefaces.css?ln=primefaces&v=4.0 HTTP/1.1" 304 -
201.245.192.253 - - [07/Oct/2021:10:01:33 -0500] "GET /sipse/faces/javax.faces.resource/jquery/jquery.js?ln=primefaces&v=4.0 HTTP/1.1" 304 -
201.245.192.253 - - [07/Oct/2021:10:01:33 -0500] "GET /sipse/faces/javax.faces.resource/jquery/jquery-plugins.js?ln=primefaces&v=4.0 HTTP/1.1" 304 -
201.245.192.253 - - [07/Oct/2021:10:01:33 -0500] "GET /sipse/faces/javax.faces.resource/primefaces.js?ln=primefaces&v=4.0 HTTP/1.1" 304 -
201.245.192.253 - - [07/Oct/2021:10:01:33 -0500] "GET /sipse/faces/javax.faces.resource/layout/layout.js?ln=primefaces&v=4.0 HTTP/1.1" 304 -
186.86.250.242 - - [07/Oct/2021:10:01:33 -0500] "GET /BLA/boletinlegal/js/jquery.scrollShow.js HTTP/1.1" 200 4586
186.86.250.242 - - [07/Oct/2021:10:01:33 -0500] "GET /galeria/galeria/jquery.fancybox.css?v=2.1.5 HTTP/1.1" 200 4895
186.86.250.242 - - [07/Oct/2021:10:01:33 -0500] "GET /galeria/galeria/jquery.fancybox.js?v=2.1.5 HTTP/1.1" 200 48706
201.245.192.253 - - [07/Oct/2021:10:01:33 -0500] "POST /sipse/faces/presentacion/financiero/solicitudProceso/listarSolicitudProceso.xhtml HTTP/1.1" 200 1448
190.27.245.107 - - [07/Oct/2021:10:01:38 -0500] "GET /sipse/ HTTP/1.1" 302 -
201.245.192.253 - - [07/Oct/2021:10:01:38 -0500] "GET /sipse/faces/autenticacion.xhtml HTTP/1.1" 200 12501
201.245.192.253 - - [07/Oct/2021:10:01:38 -0500] "GET /sipse/css/custom_css_sg.css HTTP/1.1" 304 -
201.245.192.253 - - [07/Oct/2021:10:01:38 -0500] "GET /sipse/css/custom_css_sg_prime_login.css HTTP/1.1" 304 -
201.245.192.253 - - [07/Oct/2021:10:01:38 -0500] "GET /sipse/faces/javax.faces.resource/layout/layout.css;jsessionid=Td4VlSawUTq70dxfKD6djP+t.undefined?ln=primefaces&v=4.0 HTTP/1.1" 200 542
201.245.192.253 - - [07/Oct/2021:10:01:38 -0500] "GET /sipse/faces/javax.faces.resource/theme.css?ln=primefaces-sipse HTTP/1.1" 304 -
201.245.192.253 - - [07/Oct/2021:10:01:38 -0500] "GET /sipse/js/disable_browser_buttons.js HTTP/1.1" 304 -
201.245.192.253 - - [07/Oct/2021:10:01:38 -0500] "GET /sipse/js/funciones.js HTTP/1.1" 304 -
201.245.192.253 - - [07/Oct/2021:10:01:38 -0500] "GET /sipse/faces/javax.faces.resource/primefaces.css;jsessionid=Td4VlSawUTq70dxfKD6djP+t.undefined?ln=primefaces&v=4.0 HTTP/1.1" 200 53295
201.245.192.253 - - [07/Oct/2021:10:01:38 -0500] "GET /sipse/faces/javax.faces.resource/jquery/jquery.js;jsessionid=Td4VlSawUTq70dxfKD6djP+t.undefined?ln=primefaces&v=4.0 HTTP/1.1" 200 105384
178.63.20.95 - - [07/Oct/2021:10:01:38 -0500] "GET /BLA/resoluciones/AUTOS%202010/4667.pdf HTTP/1.1" 200 322859
201.245.192.253 - - [07/Oct/2021:10:01:38 -0500] "GET /sipse/faces/javax.faces.resource/jquery/jquery-plugins.js;jsessionid=Td4VlSawUTq70dxfKD6djP+t.undefined?ln=primefaces&v=4.0 HTTP/1.1" 200 220526
201.245.192.253 - - [07/Oct/2021:10:01:38 -0500] "GET /sipse/faces/javax.faces.resource/layout/layout.js;jsessionid=Td4VlSawUTq70dxfKD6djP+t.undefined?ln=primefaces&v=4.0 HTTP/1.1" 200 87560
201.245.192.253 - - [07/Oct/2021:10:01:38 -0500] "GET /sipse/faces/javax.faces.resource/primefaces.js;jsessionid=Td4VlSawUTq70dxfKD6djP+t.undefined?ln=primefaces&v=4.0 HTTP/1.1" 200 276924
201.245.192.253 - - [07/Oct/2021:10:01:39 -0500] "GET /sipse/css/imagen/loginimg.png HTTP/1.1" 304 -
201.245.192.253 - - [07/Oct/2021:10:01:39 -0500] "GET /sipse/css/imagen/logoSDG.png HTTP/1.1" 304 -
201.245.192.253 - - [07/Oct/2021:10:01:39 -0500] "GET /sipse/faces/javax.faces.resource/images/ui-icons_898989_256x240.png?ln=primefaces-aristo HTTP/1.1" 304 -
201.245.192.253 - - [07/Oct/2021:10:01:39 -0500] "GET /sipse/faces/index.xhtml HTTP/1.1" 200 677
201.245.192.253 - - [07/Oct/2021:10:01:39 -0500] "GET /sipse/faces/javax.faces.resource/theme.css?ln=primefaces-sipse HTTP/1.1" 304 -
201.245.192.253 - - [07/Oct/2021:10:01:39 -0500] "GET /sipse/faces/faces/autenticacion.xhtml HTTP/1.1" 200 12179
201.245.192.253 - - [07/Oct/2021:10:01:39 -0500] "GET /sipse/faces/javax.faces.resource/theme.css?ln=primefaces-sipse HTTP/1.1" 304 -
201.245.192.253 - - [07/Oct/2021:10:01:39 -0500] "GET /sipse/faces/javax.faces.resource/layout/layout.css?ln=primefaces&v=4.0 HTTP/1.1" 304 -
201.245.192.253 - - [07/Oct/2021:10:01:39 -0500] "GET /sipse/faces/javax.faces.resource/primefaces.css?ln=primefaces&v=4.0 HTTP/1.1" 304 -
201.245.192.253 - - [07/Oct/2021:10:01:39 -0500] "GET /sipse/faces/javax.faces.resource/jquery/jquery.js?ln=primefaces&v=4.0 HTTP/1.1" 304 -
201.245.192.253 - - [07/Oct/2021:10:01:39 -0500] "GET /sipse/faces/javax.faces.resource/primefaces.js?ln=primefaces&v=4.0 HTTP/1.1" 304 -
201.245.192.253 - - [07/Oct/2021:10:01:39 -0500] "GET /sipse/faces/javax.faces.resource/layout/layout.js?ln=primefaces&v=4.0 HTTP/1.1" 304 -
201.245.192.253 - - [07/Oct/2021:10:01:39 -0500] "GET /sipse/faces/javax.faces.resource/jquery/jquery-plugins.js?ln=primefaces&v=4.0 HTTP/1.1" 304 -
201.245.192.253 - - [07/Oct/2021:10:01:44 -0500] "GET /sipse/faces/javax.faces.resource/images/ui-icons_898989_256x240.png?ln=primefaces-aristo HTTP/1.1" 304 -
201.245.192.253 - - [07/Oct/2021:10:01:45 -0500] "POST /sipse/faces/autenticacion.xhtml HTTP/1.1" 200 2227
201.245.192.253 - - [07/Oct/2021:10:01:44 -0500] "POST /sipse/faces/presentacion/financiero/solicitudProceso/listarSolicitudProceso.xhtml HTTP/1.1" 200 106867
201.245.192.253 - - [07/Oct/2021:10:01:45 -0500] "GET /sipse/faces/javax.faces.resource/messages/messages.png?ln=primefaces&v=4.0 HTTP/1.1" 304 -
201.245.192.253 - - [07/Oct/2021:10:01:45 -0500] "GET /sipse/faces/javax.faces.resource/theme.css?ln=primefaces-sipse HTTP/1.1" 304 -
201.245.192.253 - - [07/Oct/2021:10:01:45 -0500] "GET /sipse/faces/javax.faces.resource/primefaces.css?ln=primefaces&v=4.0 HTTP/1.1" 304 -
201.245.192.253 - - [07/Oct/2021:10:01:45 -0500] "GET /sipse/faces/javax.faces.resource/layout/layout.css?ln=primefaces&v=4.0 HTTP/1.1" 304 -
201.245.192.253 - - [07/Oct/2021:10:01:45 -0500] "GET /sipse/faces/javax.faces.resource/jquery/jquery.js?ln=primefaces&v=4.0 HTTP/1.1" 304 -
201.245.192.253 - - [07/Oct/2021:10:01:45 -0500] "GET /sipse/faces/javax.faces.resource/jquery/jquery-plugins.js?ln=primefaces&v=4.0 HTTP/1.1" 304 -
201.245.192.253 - - [07/Oct/2021:10:01:45 -0500] "GET /sipse/faces/javax.faces.resource/primefaces.js?ln=primefaces&v=4.0 HTTP/1.1" 304 -
201.245.192.253 - - [07/Oct/2021:10:01:45 -0500] "GET /sipse/faces/javax.faces.resource/layout/layout.js?ln=primefaces&v=4.0 HTTP/1.1" 304 -
201.245.192.253 - - [07/Oct/2021:10:01:46 -0500] "GET /sipse/faces/javax.faces.resource/images/ui-icons_898989_256x240.png?ln=primefaces-aristo HTTP/1.1" 304 -
201.245.192.253 - - [07/Oct/2021:10:01:45 -0500] "GET /reportes_sipse/sdg/ServletReporte?reporte=solicitud_cdp&Solicitud=15318&pfdrid_c=false HTTP/1.1" 200 120247
201.245.192.253 - - [07/Oct/2021:10:01:46 -0500] "POST /sipse/faces/autenticacion.xhtml HTTP/1.1" 200 16028
201.245.192.253 - - [07/Oct/2021:10:01:46 -0500] "GET /sipse/css/custom_css_sg_prime.css HTTP/1.1" 304 -
201.245.192.253 - - [07/Oct/2021:10:01:46 -0500] "GET /sipse/faces/javax.faces.resource/theme.css?ln=primefaces-sipse HTTP/1.1" 304 -
201.245.192.253 - - [07/Oct/2021:10:01:46 -0500] "GET /sipse/faces/javax.faces.resource/layout/layout.css?ln=primefaces&v=4.0 HTTP/1.1" 304 -
201.245.192.253 - - [07/Oct/2021:10:01:46 -0500] "GET /sipse/faces/javax.faces.resource/primefaces.css?ln=primefaces&v=4.0 HTTP/1.1" 304 -
201.245.192.253 - - [07/Oct/2021:10:01:46 -0500] "GET /sipse/js/jquery.min.js HTTP/1.1" 304 -
201.245.192.253 - - [07/Oct/2021:10:01:46 -0500] "GET /sipse/faces/javax.faces.resource/jquery/jquery.js?ln=primefaces&v=4.0 HTTP/1.1" 304 -
201.245.192.253 - - [07/Oct/2021:10:01:46 -0500] "GET /sipse/faces/javax.faces.resource/jquery/jquery-plugins.js?ln=primefaces&v=4.0 HTTP/1.1" 304 -
201.245.192.253 - - [07/Oct/2021:10:01:46 -0500] "GET /sipse/faces/javax.faces.resource/primefaces.js?ln=primefaces&v=4.0 HTTP/1.1" 304 -
201.245.192.253 - - [07/Oct/2021:10:01:46 -0500] "GET /sipse/faces/javax.faces.resource/layout/layout.js?ln=primefaces&v=4.0 HTTP/1.1" 304 -
201.245.192.253 - - [07/Oct/2021:10:01:46 -0500] "GET /sipse/css/imagen/contrasena.png HTTP/1.1" 404 383
201.245.192.253 - - [07/Oct/2021:10:01:46 -0500] "GET /sipse/imagenes/cargando.gif HTTP/1.1" 304 -
201.245.192.253 - - [07/Oct/2021:10:01:46 -0500] "GET /sipse/imagenes/logoAplicacion.jpg HTTP/1.1" 304 -
178.63.20.95 - - [07/Oct/2021:10:01:47 -0500] "GET /BLA/resoluciones/AUTOS%202010/6619.pdf HTTP/1.1" 200 155131
201.245.192.253 - - [07/Oct/2021:10:01:49 -0500] "GET /sipse/faces/javax.faces.resource/images/ui-bg_flat_0_2d5972_40x100.png?ln=primefaces-aristo HTTP/1.1" 304 -
201.245.192.253 - - [07/Oct/2021:10:01:49 -0500] "POST /sipse/faces/bienvenido.xhtml HTTP/1.1" 200 2658
201.245.192.253 - - [07/Oct/2021:10:01:49 -0500] "GET /catalogoisis/ HTTP/1.1" 200 8575
201.245.192.253 - - [07/Oct/2021:10:01:49 -0500] "POST /sipse/faces/bienvenido.xhtml HTTP/1.1" 200 59501
201.245.192.253 - - [07/Oct/2021:10:01:50 -0500] "GET /sipse/faces/javax.faces.resource/primefaces.css?ln=primefaces&v=4.0 HTTP/1.1" 304 -
201.245.192.253 - - [07/Oct/2021:10:01:50 -0500] "GET /sipse/faces/javax.faces.resource/theme.css?ln=primefaces-sipse HTTP/1.1" 304 -
201.245.192.253 - - [07/Oct/2021:10:01:50 -0500] "GET /sipse/faces/javax.faces.resource/layout/layout.css?ln=primefaces&v=4.0 HTTP/1.1" 304 -
201.245.192.253 - - [07/Oct/2021:10:01:50 -0500] "GET /sipse/faces/javax.faces.resource/jquery/jquery.js?ln=primefaces&v=4.0 HTTP/1.1" 304 -
201.245.192.253 - - [07/Oct/2021:10:01:50 -0500] "GET /sipse/faces/javax.faces.resource/jquery/jquery-plugins.js?ln=primefaces&v=4.0 HTTP/1.1" 304 -
201.245.192.253 - - [07/Oct/2021:10:01:50 -0500] "GET /sipse/faces/javax.faces.resource/primefaces.js?ln=primefaces&v=4.0 HTTP/1.1" 304 -
201.245.192.253 - - [07/Oct/2021:10:01:50 -0500] "GET /sipse/faces/javax.faces.resource/layout/layout.js?ln=primefaces&v=4.0 HTTP/1.1" 304 -
201.245.192.253 - - [07/Oct/2021:10:01:50 -0500] "POST /sipse/faces/presentacion/financiero/solicitudProceso/listarSolicitudProceso.xhtml HTTP/1.1" 200 1448
186.30.76.117 - - [07/Oct/2021:10:01:50 -0500] "GET /galeria/carrusel/Carrusel/jquery.thumbnailScroller.css HTTP/1.1" 200 2066
186.30.76.117 - - [07/Oct/2021:10:01:50 -0500] "GET /galeria/carrusel/Carrusel/jquery-ui-1.8.13.custom.min.js HTTP/1.1" 200 10800
186.30.76.117 - - [07/Oct/2021:10:01:50 -0500] "GET /galeria/carrusel/Carrusel/jquery.thumbnailScroller.js HTTP/1.1" 200 8157
186.30.76.117 - - [07/Oct/2021:10:01:50 -0500] "GET /galeria/nivo-slider/demo/banner.html HTTP/1.1" 200 5446
186.30.76.117 - - [07/Oct/2021:10:01:50 -0500] "GET /galeria/nivo-slider/themes/pascal/pascal.css HTTP/1.1" 200 2258
186.30.76.117 - - [07/Oct/2021:10:01:50 -0500] "GET /galeria/nivo-slider/themes/default/default.css HTTP/1.1" 200 1569
186.30.76.117 - - [07/Oct/2021:10:01:50 -0500] "GET /galeria/nivo-slider/demo/style.css HTTP/1.1" 200 2222
186.30.76.117 - - [07/Oct/2021:10:01:50 -0500] "GET /galeria/nivo-slider/demo/scripts/jquery-1.7.1.min.js HTTP/1.1" 200 93868
186.30.76.117 - - [07/Oct/2021:10:01:50 -0500] "GET /galeria/nivo-slider/nivo-slider.css HTTP/1.1" 200 1507
186.30.76.117 - - [07/Oct/2021:10:01:50 -0500] "GET /galeria/nivo-slider/themes/orman/orman.css HTTP/1.1" 200 2152
186.30.76.117 - - [07/Oct/2021:10:01:50 -0500] "GET /galeria/nivo-slider/jquery.nivo.slider.pack.js HTTP/1.1" 200 11561
186.30.76.117 - - [07/Oct/2021:10:01:50 -0500] "GET /galeria/nivo-slider/demo/images/bannertortuga_optimized.jpg HTTP/1.1" 200 39066
186.30.76.117 - - [07/Oct/2021:10:01:50 -0500] "GET /galeria/nivo-slider/demo/images/Bannermujeresquereverdecen.jpg HTTP/1.1" 200 46558
186.30.76.117 - - [07/Oct/2021:10:01:50 -0500] "GET /galeria/nivo-slider/demo/images/bannertrafico_optimized.jpg HTTP/1.1" 200 42578
186.30.76.117 - - [07/Oct/2021:10:01:50 -0500] "GET /galeria/nivo-slider/demo/images/Bannersedeelectronica.jpg HTTP/1.1" 200 40383
186.30.76.117 - - [07/Oct/2021:10:01:50 -0500] "GET /galeria/nivo-slider/demo/images/bannerrutaesperanza.jpg HTTP/1.1" 200 55560
186.30.76.117 - - [07/Oct/2021:10:01:50 -0500] "GET /galeria/nivo-slider/themes/default/loading.gif HTTP/1.1" 200 1737
186.30.76.117 - - [07/Oct/2021:10:01:50 -0500] "GET /galeria/nivo-slider/demo/images/4Simple_Slider.png HTTP/1.1" 200 11722
186.30.76.117 - - [07/Oct/2021:10:01:50 -0500] "GET /galeria/nivo-slider/demo/images/banneraire2021.jpg HTTP/1.1" 200 265101
186.30.76.117 - - [07/Oct/2021:10:01:50 -0500] "GET /galeria/nivo-slider/demo/images/Bannerplasticosseptiembre.jpg HTTP/1.1" 200 45633
186.30.76.117 - - [07/Oct/2021:10:01:50 -0500] "GET /galeria/nivo-slider/demo/images/bannerresiduoshospitalariosagosto.jpg HTTP/1.1" 200 36499
186.30.76.117 - - [07/Oct/2021:10:01:50 -0500] "GET /galeria/nivo-slider/demo/images/banneraccionpopularcrr68.jpg HTTP/1.1" 200 51887
186.30.76.117 - - [07/Oct/2021:10:01:50 -0500] "GET /galeria/nivo-slider/demo/images/banneraccionpopular.jpeg HTTP/1.1" 200 41707
186.30.76.117 - - [07/Oct/2021:10:01:50 -0500] "GET /galeria/nivo-slider/demo/images/bannercapacitacionesbogota.jpg HTTP/1.1" 200 42416
186.30.76.117 - - [07/Oct/2021:10:01:50 -0500] "GET /galeria/nivo-slider/demo/images/bannerclases2021.jpg HTTP/1.1" 200 68230
186.30.76.117 - - [07/Oct/2021:10:01:50 -0500] "GET /galeria/nivo-slider/demo/images/Bannerenvases.jpg HTTP/1.1" 200 37316
186.30.76.117 - - [07/Oct/2021:10:01:50 -0500] "GET /galeria/nivo-slider/demo/images/Bannervirtualescanales.jpg HTTP/1.1" 200 174544
187.191.33.154 - - [07/Oct/2021:10:01:51 -0500] "GET /galeria/galeria/jquery.fancybox.css?v=2.1.5 HTTP/1.1" 200 4895
187.191.33.154 - - [07/Oct/2021:10:01:51 -0500] "GET /BLA/boletinlegal/js/jquery.scrollShow.js HTTP/1.1" 200 4586
187.191.33.154 - - [07/Oct/2021:10:01:51 -0500] "GET /galeria/galeria/jquery.fancybox.js?v=2.1.5 HTTP/1.1" 200 48706
186.30.76.117 - - [07/Oct/2021:10:01:51 -0500] "GET /galeria/nivo-slider/themes/default/arrows.png HTTP/1.1" 200 824
186.30.76.117 - - [07/Oct/2021:10:01:51 -0500] "GET /galeria/nivo-slider/themes/default/bullets.png HTTP/1.1" 200 1281
178.63.20.95 - - [07/Oct/2021:10:01:56 -0500] "GET /BLA/resoluciones/AUTOS%202010/0137.pdf HTTP/1.1" 200 183661
201.245.192.253 - - [07/Oct/2021:10:01:58 -0500] "POST /sipse/faces/presentacion/financiero/solicitudProceso/listarSolicitudProceso.xhtml HTTP/1.1" 200 110481
201.245.192.253 - - [07/Oct/2021:10:01:59 -0500] "GET /sipse/faces/javax.faces.resource/theme.css?ln=primefaces-sipse HTTP/1.1" 304 -
201.245.192.253 - - [07/Oct/2021:10:01:59 -0500] "GET /sipse/faces/javax.faces.resource/primefaces.css?ln=primefaces&v=4.0 HTTP/1.1" 304 -
201.245.192.253 - - [07/Oct/2021:10:01:59 -0500] "GET /sipse/faces/javax.faces.resource/layout/layout.css?ln=primefaces&v=4.0 HTTP/1.1" 304 -
201.245.192.253 - - [07/Oct/2021:10:01:59 -0500] "GET /sipse/faces/javax.faces.resource/jquery/jquery.js?ln=primefaces&v=4.0 HTTP/1.1" 304 -
201.245.192.253 - - [07/Oct/2021:10:01:59 -0500] "GET /sipse/faces/javax.faces.resource/jquery/jquery-plugins.js?ln=primefaces&v=4.0 HTTP/1.1" 304 -
201.245.192.253 - - [07/Oct/2021:10:01:59 -0500] "GET /sipse/faces/javax.faces.resource/primefaces.js?ln=primefaces&v=4.0 HTTP/1.1" 304 -
201.245.192.253 - - [07/Oct/2021:10:01:59 -0500] "GET /sipse/faces/javax.faces.resource/layout/layout.js?ln=primefaces&v=4.0 HTTP/1.1" 304 -
201.245.192.253 - - [07/Oct/2021:10:01:59 -0500] "GET /reportes_sipse/sdg/ServletReporte?reporte=solicitud_cdp&Solicitud=15318&pfdrid_c=false HTTP/1.1" 200 120247
186.28.93.193 - - [07/Oct/2021:10:01:58 -0500] "POST /sipse/faces/presentacion/financiero/solicitudProceso/consultarSolicitudProceso.xhtml HTTP/1.1" 200 63051
186.28.93.193 - - [07/Oct/2021:10:02:00 -0500] "GET /sipse/faces/javax.faces.resource/jquery/jquery.js?ln=primefaces&v=4.0 HTTP/1.1" 304 -
186.28.93.193 - - [07/Oct/2021:10:02:00 -0500] "GET /sipse/faces/javax.faces.resource/jquery/jquery-plugins.js?ln=primefaces&v=4.0 HTTP/1.1" 304 -
186.28.93.193 - - [07/Oct/2021:10:02:00 -0500] "GET /sipse/faces/javax.faces.resource/layout/layout.css?ln=primefaces&v=4.0 HTTP/1.1" 304 -
186.28.93.193 - - [07/Oct/2021:10:02:00 -0500] "GET /sipse/faces/javax.faces.resource/primefaces.js?ln=primefaces&v=4.0 HTTP/1.1" 304 -
186.28.93.193 - - [07/Oct/2021:10:02:00 -0500] "GET /sipse/faces/javax.faces.resource/layout/layout.js?ln=primefaces&v=4.0 HTTP/1.1" 304 -
186.28.93.193 - - [07/Oct/2021:10:02:00 -0500] "GET /sipse/faces/javax.faces.resource/primefaces.css?ln=primefaces&v=4.0 HTTP/1.1" 200 53295
186.28.93.193 - - [07/Oct/2021:10:02:00 -0500] "GET /sipse/faces/javax.faces.resource/theme.css?ln=primefaces-sipse HTTP/1.1" 200 50058
186.28.93.193 - - [07/Oct/2021:10:02:00 -0500] "GET /sipse/faces/javax.faces.resource/images/ui-icons_898989_256x240.png?ln=primefaces-aristo HTTP/1.1" 200 5355
186.28.93.193 - - [07/Oct/2021:10:02:00 -0500] "GET /favicon.ico HTTP/1.1" 200 7782
178.63.20.95 - - [07/Oct/2021:10:02:05 -0500] "GET /BLA/resoluciones/AUTOS%202010/3779.pdf HTTP/1.1" 200 252767
201.245.192.253 - - [07/Oct/2021:10:02:08 -0500] "POST /sipse/faces/presentacion/financiero/solicitudProceso/consultarSolicitudProceso.xhtml HTTP/1.1" 200 95372
201.245.192.253 - - [07/Oct/2021:10:02:09 -0500] "POST /sipse/faces/presentacion/financiero/solicitudProceso/solicitudProcesoOtrosPagos.xhtml HTTP/1.1" 200 53181
201.245.192.253 - - [07/Oct/2021:10:02:09 -0500] "GET /sipse/faces/javax.faces.resource/fileupload/fileupload.css?ln=primefaces&v=4.0 HTTP/1.1" 200 1330
201.245.192.253 - - [07/Oct/2021:10:02:09 -0500] "GET /sipse/faces/javax.faces.resource/jquery/jquery.js?ln=primefaces&v=4.0 HTTP/1.1" 304 -
201.245.192.253 - - [07/Oct/2021:10:02:09 -0500] "GET /sipse/faces/javax.faces.resource/jquery/jquery-plugins.js?ln=primefaces&v=4.0 HTTP/1.1" 304 -
201.245.192.253 - - [07/Oct/2021:10:02:09 -0500] "GET /sipse/faces/javax.faces.resource/primefaces.js?ln=primefaces&v=4.0 HTTP/1.1" 304 -
201.245.192.253 - - [07/Oct/2021:10:02:09 -0500] "GET /sipse/faces/javax.faces.resource/layout/layout.js?ln=primefaces&v=4.0 HTTP/1.1" 304 -
201.245.192.253 - - [07/Oct/2021:10:02:09 -0500] "GET /sipse/faces/javax.faces.resource/fileupload/fileupload.js?ln=primefaces&v=4.0 HTTP/1.1" 200 28091
201.245.192.253 - - [07/Oct/2021:10:02:09 -0500] "GET /reportes_sipse/sdg/ServletReporte?reporte=solicitud_cdp&Solicitud=15318&pfdrid_c=false HTTP/1.1" 200 120247
178.63.20.95 - - [07/Oct/2021:10:02:14 -0500] "GET /BLA/resoluciones/AUTOS%202010/5505.pdf HTTP/1.1" 200 197267
190.157.218.79 - - [07/Oct/2021:10:02:16 -0500] "GET /reportes_sipse/sdg/ServletReporte?reporte=solicitud_cdp&Solicitud=15318&pfdrid_c=false HTTP/1.1" 200 120247
191.83.178.150 - - [07/Oct/2021:10:02:16 -0500] "GET /galeria/galeria/jquery.fancybox.css?v=2.1.5 HTTP/1.1" 200 4895
191.83.178.150 - - [07/Oct/2021:10:02:16 -0500] "GET /BLA/boletinlegal/js/jquery.scrollShow.js HTTP/1.1" 200 4586
191.83.178.150 - - [07/Oct/2021:10:02:16 -0500] "GET /galeria/galeria/jquery.fancybox.js?v=2.1.5 HTTP/1.1" 200 48706
178.63.20.95 - - [07/Oct/2021:10:02:24 -0500] "GET /BLA/resoluciones/AUTOS%202010/5401.pdf HTTP/1.1" 200 1695203
201.245.192.253 - - [07/Oct/2021:10:02:26 -0500] "POST /sipse/faces/presentacion/financiero/solicitudProceso/detalleSolicitudProcesoOtrosPagos.xhtml HTTP/1.1" 200 3497
178.63.20.95 - - [07/Oct/2021:10:02:27 -0500] "GET /BLA/resoluciones/AUTOS%202010/5345.pdf HTTP/1.1" 200 1280374
201.245.192.253 - - [07/Oct/2021:10:02:29 -0500] "GET /reportes_sipse/sdg/ServletReporte?reporte=solicitud_cdp&Solicitud=15274&pfdrid_c=false HTTP/1.1" 200 111824
181.48.236.121 - - [07/Oct/2021:10:02:31 -0500] "GET /galeria/galeria/jquery.fancybox.css?v=2.1.5 HTTP/1.1" 200 4895
181.48.236.121 - - [07/Oct/2021:10:02:31 -0500] "GET /galeria/galeria/jquery.fancybox.js?v=2.1.5 HTTP/1.1" 200 48706
181.48.236.121 - - [07/Oct/2021:10:02:31 -0500] "GET /BLA/boletinlegal/js/jquery.scrollShow.js HTTP/1.1" 200 4586
178.63.20.95 - - [07/Oct/2021:10:02:32 -0500] "GET /BLA/resoluciones/AUTOS%202010/4737.pdf HTTP/1.1" 200 151657
201.245.192.253 - - [07/Oct/2021:10:02:32 -0500] "POST /sipse/faces/presentacion/financiero/solicitudProceso/consultarSolicitudProceso.xhtml HTTP/1.1" 200 2914
191.156.146.12 - - [07/Oct/2021:10:02:33 -0500] "GET /galeria/galeria/jquery.fancybox.css?v=2.1.5 HTTP/1.1" 200 4895
191.156.147.88 - - [07/Oct/2021:10:02:33 -0500] "GET /BLA/boletinlegal/js/jquery.scrollShow.js HTTP/1.1" 200 4586
191.156.146.12 - - [07/Oct/2021:10:02:33 -0500] "GET /galeria/galeria/jquery.fancybox.js?v=2.1.5 HTTP/1.1" 200 48706
201.245.192.253 - - [07/Oct/2021:10:02:34 -0500] "POST /sipse/faces/presentacion/financiero/solicitudProceso/consultarSolicitudProceso.xhtml HTTP/1.1" 200 881753
201.245.192.253 - - [07/Oct/2021:10:02:37 -0500] "GET /galeria/galeria/jquery.fancybox.css?v=2.1.5 HTTP/1.1" 200 4895
178.63.20.95 - - [07/Oct/2021:10:02:41 -0500] "GET /BLA/resoluciones/AUTOS%202010/5024.pdf HTTP/1.1" 200 645714
54.203.0.143 - - [07/Oct/2021:10:02:43 -0500] "GET /BLA/boletinlegal/js/jquery.scrollShow.js HTTP/1.1" 200 4586
190.144.163.120 - - [07/Oct/2021:10:02:44 -0500] "GET /galeria/galeria/jquery.fancybox.js?v=2.1.5 HTTP/1.1" 200 48706
190.144.163.120 - - [07/Oct/2021:10:02:44 -0500] "GET /BLA/boletinlegal/js/jquery.scrollShow.js HTTP/1.1" 200 4586
190.144.163.120 - - [07/Oct/2021:10:02:44 -0500] "GET /galeria/galeria/jquery.fancybox.css?v=2.1.5 HTTP/1.1" 200 4895
201.245.192.253 - - [07/Oct/2021:10:02:50 -0500] "GET /catalogoisis/ HTTP/1.1" 200 8575
178.63.20.95 - - [07/Oct/2021:10:02:51 -0500] "GET /BLA/resoluciones/AUTOS%202010/5657.pdf HTTP/1.1" 200 737097
178.63.20.95 - - [07/Oct/2021:10:03:00 -0500] "GET /BLA/resoluciones/AUTOS%202010/4554.pdf HTTP/1.1" 200 121180
190.27.239.244 - - [07/Oct/2021:10:03:02 -0500] "GET /galeria/galeria/jquery.fancybox.js?v=2.1.5 HTTP/1.1" 200 48706
190.27.239.244 - - [07/Oct/2021:10:03:02 -0500] "GET /galeria/galeria/jquery.fancybox.css?v=2.1.5 HTTP/1.1" 200 4895
190.27.239.244 - - [07/Oct/2021:10:03:03 -0500] "GET /BLA/boletinlegal/js/jquery.scrollShow.js HTTP/1.1" 200 4586
186.29.189.57 - - [07/Oct/2021:10:03:04 -0500] "GET /galeria/galeria/jquery.fancybox.css?v=2.1.5 HTTP/1.1" 200 4895
186.29.189.57 - - [07/Oct/2021:10:03:04 -0500] "GET /galeria/galeria/jquery.fancybox.js?v=2.1.5 HTTP/1.1" 200 48706
186.29.189.57 - - [07/Oct/2021:10:03:04 -0500] "GET /BLA/boletinlegal/js/jquery.scrollShow.js HTTP/1.1" 200 4586
200.90.11.250 - - [07/Oct/2021:10:03:04 -0500] "GET /galeria/galeria/jquery.fancybox.css?v=2.1.5 HTTP/1.1" 200 4895
200.90.11.250 - - [07/Oct/2021:10:03:04 -0500] "GET /BLA/boletinlegal/js/jquery.scrollShow.js HTTP/1.1" 200 4586
200.90.11.250 - - [07/Oct/2021:10:03:04 -0500] "GET /galeria/galeria/jquery.fancybox.js?v=2.1.5 HTTP/1.1" 200 48706
178.63.20.95 - - [07/Oct/2021:10:03:08 -0500] "GET /BLA/resoluciones/AUTOS%202010/2610.pdf HTTP/1.1" 200 21900
173.252.79.33 - - [07/Oct/2021:10:03:15 -0500] "GET /secretaria-de-ambiente-abre-espacio-de-formacion-para-comunicadores-sociales-y-periodistas.html HTTP/1.1" 206 860
173.252.79.32 - - [07/Oct/2021:10:03:15 -0500] "GET /secretaria-de-ambiente-abre-espacio-de-formacion-para-comunicadores-sociales-y-periodistas.html HTTP/1.1" 206 860
178.63.20.95 - - [07/Oct/2021:10:03:17 -0500] "GET /BLA/resoluciones/AUTOS%202010/1441.pdf HTTP/1.1" 200 178960
186.82.237.47 - - [07/Oct/2021:10:03:17 -0500] "POST /sipse/faces/presentacion/financiero/solicitudProceso/consultarSolicitudProceso.xhtml HTTP/1.1" 200 34834
186.82.237.47 - - [07/Oct/2021:10:03:18 -0500] "GET /sipse/faces/javax.faces.resource/theme.css?ln=primefaces-sipse HTTP/1.1" 304 -
186.82.237.47 - - [07/Oct/2021:10:03:18 -0500] "GET /sipse/faces/javax.faces.resource/primefaces.css?ln=primefaces&v=4.0 HTTP/1.1" 304 -
186.82.237.47 - - [07/Oct/2021:10:03:18 -0500] "GET /sipse/faces/javax.faces.resource/layout/layout.css?ln=primefaces&v=4.0 HTTP/1.1" 304 -
186.82.237.47 - - [07/Oct/2021:10:03:18 -0500] "GET /sipse/faces/javax.faces.resource/jquery/jquery.js?ln=primefaces&v=4.0 HTTP/1.1" 304 -
186.82.237.47 - - [07/Oct/2021:10:03:18 -0500] "GET /sipse/faces/javax.faces.resource/jquery/jquery-plugins.js?ln=primefaces&v=4.0 HTTP/1.1" 304 -
186.82.237.47 - - [07/Oct/2021:10:03:19 -0500] "GET /sipse/faces/javax.faces.resource/primefaces.js?ln=primefaces&v=4.0 HTTP/1.1" 304 -
186.82.237.47 - - [07/Oct/2021:10:03:19 -0500] "GET /sipse/faces/javax.faces.resource/layout/layout.js?ln=primefaces&v=4.0 HTTP/1.1" 304 -
186.82.237.47 - - [07/Oct/2021:10:03:19 -0500] "GET /sipse/css/imagen/contrasena.png HTTP/1.1" 404 383
186.82.237.47 - - [07/Oct/2021:10:03:19 -0500] "POST /sipse/faces/presentacion/financiero/solicitudProceso/listarSolicitudProceso.xhtml HTTP/1.1" 200 28076
186.82.237.47 - - [07/Oct/2021:10:03:20 -0500] "POST /sipse/faces/presentacion/financiero/solicitudProceso/listarSolicitudProceso.xhtml HTTP/1.1" 200 28076
186.82.237.47 - - [07/Oct/2021:10:03:20 -0500] "POST /sipse/faces/presentacion/financiero/solicitudProceso/listarSolicitudProceso.xhtml HTTP/1.1" 200 1348
186.82.237.47 - - [07/Oct/2021:10:03:22 -0500] "POST /sipse/faces/presentacion/financiero/solicitudProceso/listarSolicitudProceso.xhtml HTTP/1.1" 200 1344
186.82.237.47 - - [07/Oct/2021:10:03:23 -0500] "POST /sipse/faces/presentacion/financiero/solicitudProceso/listarSolicitudProceso.xhtml HTTP/1.1" 200 1344
178.63.20.95 - - [07/Oct/2021:10:03:27 -0500] "GET /BLA/resoluciones/AUTOS%202010/2454.pdf HTTP/1.1" 200 166039
178.63.20.95 - - [07/Oct/2021:10:03:36 -0500] "GET /BLA/resoluciones/AUTOS%202010/1158.pdf HTTP/1.1" 200 148674
186.87.76.51 - - [07/Oct/2021:10:03:40 -0500] "POST /sipse/faces/presentacion/financiero/solicitudProceso/listarSolicitudProceso.xhtml HTTP/1.1" 200 911
186.86.34.17 - - [07/Oct/2021:10:03:44 -0500] "-" 408 -
178.63.20.95 - - [07/Oct/2021:10:03:45 -0500] "GET /BLA/resoluciones/AUTOS%202010/5488.pdf HTTP/1.1" 200 142267
181.54.153.110 - - [07/Oct/2021:10:03:48 -0500] "GET /BLA/boletinlegal/js/jquery.scrollShow.js HTTP/1.1" 200 4586
181.54.153.110 - - [07/Oct/2021:10:03:48 -0500] "GET /galeria/galeria/jquery.fancybox.js?v=2.1.5 HTTP/1.1" 200 48706
181.54.153.110 - - [07/Oct/2021:10:03:48 -0500] "GET /galeria/galeria/jquery.fancybox.css?v=2.1.5 HTTP/1.1" 200 4895
201.245.192.253 - - [07/Oct/2021:10:03:51 -0500] "GET /catalogoisis/ HTTP/1.1" 200 8575
186.31.20.71 - - [07/Oct/2021:10:03:55 -0500] "GET /BLA/resoluciones/ HTTP/1.1" 200 12684
186.31.20.71 - - [07/Oct/2021:10:03:55 -0500] "GET /BLA/resoluciones/dlf/styles.css HTTP/1.1" 200 3049
186.31.20.71 - - [07/Oct/2021:10:03:55 -0500] "GET /BLA/resoluciones/dlf/folder.png HTTP/1.1" 200 410
178.63.20.95 - - [07/Oct/2021:10:03:56 -0500] "GET /BLA/resoluciones/AUTOS%202010/5075.pdf HTTP/1.1" 200 637023
186.31.20.71 - - [07/Oct/2021:10:03:56 -0500] "GET /BLA/resoluciones/dlf/bg.gif HTTP/1.1" 200 54
178.63.20.95 - - [07/Oct/2021:10:04:05 -0500] "GET /BLA/resoluciones/AUTOS%202010/5570.pdf HTTP/1.1" 200 146856
186.31.20.71 - - [07/Oct/2021:10:04:10 -0500] "GET /BLA/resoluciones/dlf/dirup.png HTTP/1.1" 200 644
186.31.20.71 - - [07/Oct/2021:10:04:10 -0500] "GET /BLA/resoluciones/dlf/pdf.gif HTTP/1.1" 200 272
186.31.20.71 - - [07/Oct/2021:10:04:10 -0500] "GET /BLA/resoluciones/index.php?dir=AUTOS+2018%2F HTTP/1.1" 200 416548
178.63.20.95 - - [07/Oct/2021:10:04:14 -0500] "GET /BLA/resoluciones/AUTOS%202010/0367.pdf HTTP/1.1" 200 210239
178.63.20.95 - - [07/Oct/2021:10:04:24 -0500] "GET /BLA/resoluciones/AUTOS%202010/4823.pdf HTTP/1.1" 200 377139
181.61.7.90 - - [07/Oct/2021:10:04:28 -0500] "POST /sipse/faces/presentacion/financiero/solicitudProceso/consultarSolicitudProceso.xhtml HTTP/1.1" 200 30009
181.61.7.90 - - [07/Oct/2021:10:04:29 -0500] "GET /sipse/faces/javax.faces.resource/jquery/jquery.js?ln=primefaces&v=4.0 HTTP/1.1" 304 -
181.61.7.90 - - [07/Oct/2021:10:04:29 -0500] "GET /sipse/faces/javax.faces.resource/jquery/jquery-plugins.js?ln=primefaces&v=4.0 HTTP/1.1" 304 -
190.109.9.22 - - [07/Oct/2021:10:04:29 -0500] "GET /galeria/galeria/jquery.fancybox.css?v=2.1.5 HTTP/1.1" 200 4895
190.109.9.22 - - [07/Oct/2021:10:04:29 -0500] "GET /BLA/boletinlegal/js/jquery.scrollShow.js HTTP/1.1" 200 4586
190.109.9.22 - - [07/Oct/2021:10:04:29 -0500] "GET /galeria/galeria/jquery.fancybox.js?v=2.1.5 HTTP/1.1" 200 48706
181.61.7.90 - - [07/Oct/2021:10:04:29 -0500] "GET /sipse/faces/javax.faces.resource/primefaces.js?ln=primefaces&v=4.0 HTTP/1.1" 304 -
181.61.7.90 - - [07/Oct/2021:10:04:29 -0500] "GET /sipse/faces/javax.faces.resource/layout/layout.js?ln=primefaces&v=4.0 HTTP/1.1" 304 -
178.63.20.95 - - [07/Oct/2021:10:04:33 -0500] "GET /BLA/resoluciones/AUTOS%202010/6734.pdf HTTP/1.1" 200 218104
181.61.7.90 - - [07/Oct/2021:10:04:33 -0500] "POST /sipse/faces/presentacion/financiero/solicitudProceso/asignarContratacion.xhtml HTTP/1.1" 200 59353
181.61.7.90 - - [07/Oct/2021:10:04:35 -0500] "GET /sipse/faces/javax.faces.resource/jquery/jquery.js?ln=primefaces&v=4.0 HTTP/1.1" 304 -
181.61.7.90 - - [07/Oct/2021:10:04:35 -0500] "GET /sipse/faces/javax.faces.resource/jquery/jquery-plugins.js?ln=primefaces&v=4.0 HTTP/1.1" 304 -
181.61.7.90 - - [07/Oct/2021:10:04:36 -0500] "GET /sipse/faces/javax.faces.resource/primefaces.js?ln=primefaces&v=4.0 HTTP/1.1" 304 -
181.61.7.90 - - [07/Oct/2021:10:04:36 -0500] "GET /sipse/faces/javax.faces.resource/layout/layout.js?ln=primefaces&v=4.0 HTTP/1.1" 304 -
181.61.7.90 - - [07/Oct/2021:10:04:36 -0500] "POST /sipse/faces/presentacion/financiero/solicitudProceso/listarSolicitudProceso.xhtml HTTP/1.1" 200 1448
34.220.90.4 - - [07/Oct/2021:10:04:37 -0500] "GET /galeria/galeria/jquery.fancybox.js?v=2.1.5 HTTP/1.1" 200 48706
178.63.20.95 - - [07/Oct/2021:10:04:42 -0500] "GET /BLA/resoluciones/AUTOS%202010/0105.pdf HTTP/1.1" 200 366492
186.102.53.72 - - [07/Oct/2021:10:04:46 -0500] "-" 408 -
201.245.192.253 - - [07/Oct/2021:10:04:52 -0500] "GET /catalogoisis/ HTTP/1.1" 200 8575
178.63.20.95 - - [07/Oct/2021:10:04:53 -0500] "GET /BLA/resoluciones/AUTOS%202010/5422.pdf HTTP/1.1" 200 389976
216.245.221.92 - - [07/Oct/2021:10:04:53 -0500] "HEAD / HTTP/1.1" 200 -
186.33.112.47 - - [07/Oct/2021:10:04:55 -0500] "GET / HTTP/1.1" 200 319
201.245.192.253 - - [07/Oct/2021:10:04:17 -0500] "POST /kwsrmcab/Wsrmcab HTTP/1.1" 200 213
178.63.20.95 - - [07/Oct/2021:10:05:02 -0500] "GET /BLA/resoluciones/AUTOS%202010/5581.pdf HTTP/1.1" 200 897778
186.82.253.149 - - [07/Oct/2021:10:05:04 -0500] "GET /galeria/galeria/jquery.fancybox.css?v=2.1.5 HTTP/1.1" 200 4895
186.82.253.149 - - [07/Oct/2021:10:05:04 -0500] "GET /BLA/boletinlegal/js/jquery.scrollShow.js HTTP/1.1" 200 4586
186.82.253.149 - - [07/Oct/2021:10:05:04 -0500] "GET /galeria/galeria/jquery.fancybox.js?v=2.1.5 HTTP/1.1" 200 48706
186.31.20.71 - - [07/Oct/2021:10:05:10 -0500] "GET /BLA/resoluciones/AUTOS%202018/6405.pdf HTTP/1.1" 200 371252
178.63.20.95 - - [07/Oct/2021:10:05:11 -0500] "GET /BLA/resoluciones/AUTOS%202010/5395.pdf HTTP/1.1" 200 1540200
178.63.20.95 - - [07/Oct/2021:10:05:16 -0500] "GET /BLA/resoluciones/AUTOS%202010/6385.pdf HTTP/1.1" 200 387561
186.82.237.47 - - [07/Oct/2021:10:05:21 -0500] "POST /sipse/faces/presentacion/financiero/solicitudProceso/listarSolicitudProceso.xhtml HTTP/1.1" 200 33915
186.82.237.47 - - [07/Oct/2021:10:05:24 -0500] "POST /sipse/faces/presentacion/financiero/solicitudProceso/listarSolicitudProceso.xhtml HTTP/1.1" 200 34212
186.83.199.87 - - [07/Oct/2021:10:05:25 -0500] "GET /galeria/galeria/jquery.fancybox.js?v=2.1.5 HTTP/1.1" 200 48706
186.83.199.87 - - [07/Oct/2021:10:05:25 -0500] "GET /BLA/boletinlegal/js/jquery.scrollShow.js HTTP/1.1" 200 4586
186.83.199.87 - - [07/Oct/2021:10:05:25 -0500] "GET /galeria/galeria/jquery.fancybox.css?v=2.1.5 HTTP/1.1" 200 4895
178.63.20.95 - - [07/Oct/2021:10:05:27 -0500] "GET /BLA/resoluciones/AUTOS%202010/6700.pdf HTTP/1.1" 200 189976
186.82.237.47 - - [07/Oct/2021:10:05:30 -0500] "POST /sipse/faces/presentacion/financiero/solicitudProceso/listarSolicitudProceso.xhtml HTTP/1.1" 200 19837
186.84.20.225 - - [07/Oct/2021:10:05:32 -0500] "GET /galeria/galeria/fotos/1GuaymaralTorcaP1.jpg HTTP/1.1" 200 9512
186.84.20.225 - - [07/Oct/2021:10:05:32 -0500] "GET /galeria/galeria/fotos/2GuaymaralTorcaP2.jpg HTTP/1.1" 200 7622
186.84.20.225 - - [07/Oct/2021:10:05:32 -0500] "GET /galeria/galeria/fotos/3GuaymaralTorcaP3.jpg HTTP/1.1" 200 8521
186.84.20.225 - - [07/Oct/2021:10:05:33 -0500] "GET /galeria/galeria/fotos/GuaymaralTorca4P.jpg HTTP/1.1" 200 33981
186.82.237.47 - - [07/Oct/2021:10:05:33 -0500] "POST /sipse/faces/presentacion/financiero/solicitudProceso/listarSolicitudProceso.xhtml HTTP/1.1" 200 8111
178.63.20.95 - - [07/Oct/2021:10:05:36 -0500] "GET /BLA/resoluciones/AUTOS%202010/1375.pdf HTTP/1.1" 200 242770
178.63.20.95 - - [07/Oct/2021:10:05:45 -0500] "GET /BLA/resoluciones/AUTOS%202010/5605.pdf HTTP/1.1" 200 486931
201.245.192.253 - - [07/Oct/2021:10:05:51 -0500] "GET /catalogoisis/ HTTP/1.1" 200 8575
178.63.20.95 - - [07/Oct/2021:10:05:55 -0500] "GET /BLA/resoluciones/AUTOS%202010/5479.pdf HTTP/1.1" 200 269257
128.14.209.162 - - [07/Oct/2021:10:05:57 -0500] "GET / HTTP/1.1" 200 319
128.14.209.162 - - [07/Oct/2021:10:05:57 -0500] "GET /webfig/ HTTP/1.1" 404 1018
178.63.20.95 - - [07/Oct/2021:10:06:04 -0500] "GET /BLA/resoluciones/AUTOS%202010/1017.pdf HTTP/1.1" 200 127122
186.82.237.47 - - [07/Oct/2021:10:06:09 -0500] "POST /sipse/faces/presentacion/financiero/solicitudProceso/listarSolicitudProceso.xhtml HTTP/1.1" 200 19833
186.82.237.47 - - [07/Oct/2021:10:06:11 -0500] "POST /sipse/faces/presentacion/financiero/solicitudProceso/listarSolicitudProceso.xhtml HTTP/1.1" 200 34361
178.63.20.95 - - [07/Oct/2021:10:06:12 -0500] "GET /BLA/resoluciones/AUTOS%202010/6614.pdf HTTP/1.1" 200 153153
186.82.237.47 - - [07/Oct/2021:10:06:15 -0500] "POST /sipse/faces/presentacion/financiero/solicitudProceso/listarSolicitudProceso.xhtml HTTP/1.1" 200 33899
178.63.20.95 - - [07/Oct/2021:10:06:22 -0500] "GET /BLA/resoluciones/AUTOS%202010/6104.pdf HTTP/1.1" 200 156825
178.63.20.95 - - [07/Oct/2021:10:06:30 -0500] "GET /BLA/resoluciones/AUTOS%202010/1363.pdf HTTP/1.1" 200 248131
186.82.237.47 - - [07/Oct/2021:10:06:36 -0500] "POST /sipse/faces/presentacion/financiero/solicitudProceso/listarSolicitudProceso.xhtml HTTP/1.1" 200 33911
178.63.20.95 - - [07/Oct/2021:10:06:40 -0500] "GET /BLA/resoluciones/AUTOS%202010/1417.pdf HTTP/1.1" 200 232673
186.82.237.47 - - [07/Oct/2021:10:06:40 -0500] "POST /sipse/faces/presentacion/financiero/solicitudProceso/listarSolicitudProceso.xhtml HTTP/1.1" 200 33915
186.82.237.47 - - [07/Oct/2021:10:06:40 -0500] "POST /sipse/faces/presentacion/financiero/solicitudProceso/listarSolicitudProceso.xhtml HTTP/1.1" 200 33915
186.82.237.47 - - [07/Oct/2021:10:06:41 -0500] "POST /sipse/faces/presentacion/financiero/solicitudProceso/listarSolicitudProceso.xhtml HTTP/1.1" 200 33915
201.245.192.253 - - [07/Oct/2021:10:06:41 -0500] "POST /sipse/faces/presentacion/financiero/solicitudProceso/consultarSolicitudProceso.xhtml HTTP/1.1" 200 2914
34.219.76.196 - - [07/Oct/2021:10:06:45 -0500] "GET /BLA/resoluciones/RESOLUCIONES%202021/3380.pdf HTTP/1.1" 200 356455
201.245.192.253 - - [07/Oct/2021:10:06:51 -0500] "GET /catalogoisis/ HTTP/1.1" 200 8575
178.63.20.95 - - [07/Oct/2021:10:06:52 -0500] "GET /BLA/resoluciones/AUTOS%202010/4479.pdf HTTP/1.1" 200 274255
66.249.66.139 - - [07/Oct/2021:10:06:52 -0500] "-" 408 -
178.63.20.95 - - [07/Oct/2021:10:07:18 -0500] "GET /BLA/resoluciones/AUTOS%202010/6631.pdf HTTP/1.1" 200 170809
186.15.130.50 - - [07/Oct/2021:10:07:27 -0500] "GET /BLA/boletinlegal/js/jquery.scrollShow.js HTTP/1.1" 200 4586
186.15.130.50 - - [07/Oct/2021:10:07:27 -0500] "GET /galeria/galeria/jquery.fancybox.js?v=2.1.5 HTTP/1.1" 200 48706
186.15.130.50 - - [07/Oct/2021:10:07:27 -0500] "GET /galeria/galeria/jquery.fancybox.css?v=2.1.5 HTTP/1.1" 200 4895
186.28.93.193 - - [07/Oct/2021:10:07:27 -0500] "POST /sipse/faces/presentacion/financiero/solicitudProceso/consultarHistorialSolProceso.xhtml HTTP/1.1" 200 214800
186.28.93.193 - - [07/Oct/2021:10:07:28 -0500] "GET /sipse/faces/javax.faces.resource/jquery/jquery.js?ln=primefaces&v=4.0 HTTP/1.1" 304 -
186.28.93.193 - - [07/Oct/2021:10:07:28 -0500] "GET /sipse/faces/javax.faces.resource/jquery/jquery-plugins.js?ln=primefaces&v=4.0 HTTP/1.1" 304 -
186.28.93.193 - - [07/Oct/2021:10:07:28 -0500] "GET /sipse/faces/javax.faces.resource/theme.css?ln=primefaces-sipse HTTP/1.1" 304 -
186.28.93.193 - - [07/Oct/2021:10:07:28 -0500] "GET /sipse/faces/javax.faces.resource/primefaces.js?ln=primefaces&v=4.0 HTTP/1.1" 304 -
186.28.93.193 - - [07/Oct/2021:10:07:28 -0500] "GET /sipse/faces/javax.faces.resource/primefaces.css?ln=primefaces&v=4.0 HTTP/1.1" 304 -
186.28.93.193 - - [07/Oct/2021:10:07:28 -0500] "GET /sipse/faces/javax.faces.resource/layout/layout.js?ln=primefaces&v=4.0 HTTP/1.1" 304 -
186.28.93.193 - - [07/Oct/2021:10:07:28 -0500] "GET /sipse/faces/javax.faces.resource/layout/layout.css?ln=primefaces&v=4.0 HTTP/1.1" 304 -
186.28.93.193 - - [07/Oct/2021:10:07:28 -0500] "GET /sipse/faces/javax.faces.resource/images/ui-icons_898989_256x240.png?ln=primefaces-aristo HTTP/1.1" 200 5355
186.28.93.193 - - [07/Oct/2021:10:07:28 -0500] "GET /reportes_sipse/sdg/ServletReporte?reporte=solicitud_cdp&Solicitud=15274&pfdrid_c=false HTTP/1.1" 200 111824
191.95.51.249 - - [07/Oct/2021:10:07:30 -0500] "GET /galeria/galeria/jquery.fancybox.css?v=2.1.5 HTTP/1.1" 200 4895
191.95.51.249 - - [07/Oct/2021:10:07:30 -0500] "GET /BLA/boletinlegal/js/jquery.scrollShow.js HTTP/1.1" 200 4586
191.95.51.249 - - [07/Oct/2021:10:07:30 -0500] "GET /galeria/galeria/jquery.fancybox.js?v=2.1.5 HTTP/1.1" 200 48706
200.68.166.138 - - [07/Oct/2021:10:07:33 -0500] "GET /galeria/galeria/jquery.fancybox.css?v=2.1.5 HTTP/1.1" 200 4895
200.68.166.138 - - [07/Oct/2021:10:07:33 -0500] "GET /BLA/boletinlegal/js/jquery.scrollShow.js HTTP/1.1" 200 4586
200.68.166.138 - - [07/Oct/2021:10:07:33 -0500] "GET /galeria/galeria/jquery.fancybox.js?v=2.1.5 HTTP/1.1" 200 48706
178.63.20.95 - - [07/Oct/2021:10:07:36 -0500] "GET /BLA/resoluciones/AUTOS%202010/6411.pdf HTTP/1.1" 200 163574
178.63.20.95 - - [07/Oct/2021:10:07:45 -0500] "GET /BLA/resoluciones/AUTOS%202010/4572.pdf HTTP/1.1" 200 86582
201.245.192.253 - - [07/Oct/2021:10:07:52 -0500] "GET /catalogoisis/ HTTP/1.1" 200 8575
178.63.20.95 - - [07/Oct/2021:10:07:54 -0500] "GET /BLA/resoluciones/AUTOS%202010/5625.pdf HTTP/1.1" 200 635533
186.28.93.193 - - [07/Oct/2021:10:07:53 -0500] "POST /sipse/faces/presentacion/financiero/solicitudProceso/consultarSolicitudProceso.xhtml HTTP/1.1" 200 63051
186.28.93.193 - - [07/Oct/2021:10:07:54 -0500] "GET /sipse/faces/javax.faces.resource/layout/layout.css?ln=primefaces&v=4.0 HTTP/1.1" 304 -
186.28.93.193 - - [07/Oct/2021:10:07:54 -0500] "GET /sipse/faces/javax.faces.resource/jquery/jquery.js?ln=primefaces&v=4.0 HTTP/1.1" 304 -
186.28.93.193 - - [07/Oct/2021:10:07:54 -0500] "GET /sipse/faces/javax.faces.resource/jquery/jquery-plugins.js?ln=primefaces&v=4.0 HTTP/1.1" 304 -
186.28.93.193 - - [07/Oct/2021:10:07:54 -0500] "GET /sipse/faces/javax.faces.resource/primefaces.css?ln=primefaces&v=4.0 HTTP/1.1" 304 -
186.28.93.193 - - [07/Oct/2021:10:07:54 -0500] "GET /sipse/faces/javax.faces.resource/layout/layout.js?ln=primefaces&v=4.0 HTTP/1.1" 304 -
186.28.93.193 - - [07/Oct/2021:10:07:54 -0500] "GET /sipse/faces/javax.faces.resource/primefaces.js?ln=primefaces&v=4.0 HTTP/1.1" 304 -
186.28.93.193 - - [07/Oct/2021:10:07:54 -0500] "GET /sipse/faces/javax.faces.resource/theme.css?ln=primefaces-sipse HTTP/1.1" 304 -
186.28.93.193 - - [07/Oct/2021:10:07:54 -0500] "GET /sipse/faces/javax.faces.resource/images/ui-icons_898989_256x240.png?ln=primefaces-aristo HTTP/1.1" 200 5355
186.84.20.251 - - [07/Oct/2021:10:07:55 -0500] "GET /galeria/nivo-slider/demo/escuadron.mp4 HTTP/1.1" 206 2
201.245.192.253 - - [07/Oct/2021:10:07:57 -0500] "POST /sipse/faces/presentacion/financiero/solicitudProceso/detalleSolicitudProcesoOtrosPagos.xhtml HTTP/1.1" 200 190
201.245.192.253 - - [07/Oct/2021:10:07:58 -0500] "GET /sipse/faces/presentacion/financiero/solicitudProceso/solicitudProcesoOtrosPagos.xhtml HTTP/1.1" 200 36888
201.245.192.253 - - [07/Oct/2021:10:07:58 -0500] "GET /sipse/faces/javax.faces.resource/theme.css?ln=primefaces-sipse HTTP/1.1" 304 -
201.245.192.253 - - [07/Oct/2021:10:07:58 -0500] "GET /sipse/faces/javax.faces.resource/primefaces.css?ln=primefaces&v=4.0 HTTP/1.1" 304 -
201.245.192.253 - - [07/Oct/2021:10:07:58 -0500] "GET /sipse/faces/javax.faces.resource/layout/layout.css?ln=primefaces&v=4.0 HTTP/1.1" 304 -
201.245.192.253 - - [07/Oct/2021:10:07:58 -0500] "GET /sipse/faces/javax.faces.resource/primefaces.js?ln=primefaces&v=4.0 HTTP/1.1" 304 -
201.245.192.253 - - [07/Oct/2021:10:07:58 -0500] "GET /sipse/faces/javax.faces.resource/jquery/jquery.js?ln=primefaces&v=4.0 HTTP/1.1" 304 -
201.245.192.253 - - [07/Oct/2021:10:07:58 -0500] "GET /sipse/faces/javax.faces.resource/layout/layout.js?ln=primefaces&v=4.0 HTTP/1.1" 304 -
201.245.192.253 - - [07/Oct/2021:10:07:58 -0500] "GET /sipse/faces/javax.faces.resource/jquery/jquery-plugins.js?ln=primefaces&v=4.0 HTTP/1.1" 304 -
201.245.192.253 - - [07/Oct/2021:10:07:58 -0500] "GET /sipse/faces/javax.faces.resource/images/ui-icons_898989_256x240.png?ln=primefaces-aristo HTTP/1.1" 304 -
201.245.192.253 - - [07/Oct/2021:10:07:58 -0500] "GET /sipse/faces/javax.faces.resource/messages/messages.png?ln=primefaces&v=4.0 HTTP/1.1" 304 -
186.84.20.251 - - [07/Oct/2021:10:08:00 -0500] "GET /galeria/nivo-slider/demo/escuadron.mp4 HTTP/1.1" 206 33664
201.245.192.253 - - [07/Oct/2021:10:08:00 -0500] "GET /sipse/faces/javax.faces.resource/images/ui-bg_flat_0_2d5972_40x100.png?ln=primefaces-aristo HTTP/1.1" 304 -
201.245.192.253 - - [07/Oct/2021:10:08:00 -0500] "POST /sipse/faces/presentacion/financiero/solicitudProceso/solicitudProcesoOtrosPagos.xhtml HTTP/1.1" 200 53328
201.245.192.253 - - [07/Oct/2021:10:08:01 -0500] "GET /sipse/faces/javax.faces.resource/fileupload/fileupload.css?ln=primefaces&v=4.0 HTTP/1.1" 304 -
201.245.192.253 - - [07/Oct/2021:10:08:01 -0500] "GET /sipse/faces/javax.faces.resource/jquery/jquery.js?ln=primefaces&v=4.0 HTTP/1.1" 304 -
201.245.192.253 - - [07/Oct/2021:10:08:01 -0500] "GET /sipse/faces/javax.faces.resource/jquery/jquery-plugins.js?ln=primefaces&v=4.0 HTTP/1.1" 304 -
201.245.192.253 - - [07/Oct/2021:10:08:01 -0500] "GET /sipse/faces/javax.faces.resource/primefaces.js?ln=primefaces&v=4.0 HTTP/1.1" 304 -
201.245.192.253 - - [07/Oct/2021:10:08:01 -0500] "GET /sipse/faces/javax.faces.resource/layout/layout.js?ln=primefaces&v=4.0 HTTP/1.1" 304 -
201.245.192.253 - - [07/Oct/2021:10:08:01 -0500] "GET /sipse/faces/javax.faces.resource/fileupload/fileupload.js?ln=primefaces&v=4.0 HTTP/1.1" 304 -
201.245.192.253 - - [07/Oct/2021:10:08:01 -0500] "GET /reportes_sipse/sdg/ServletReporte?reporte=solicitud_cdp&Solicitud=15274&pfdrid_c=false HTTP/1.1" 200 111824
186.82.148.44 - - [07/Oct/2021:10:08:03 -0500] "GET /galeria/galeria/jquery.fancybox.js?v=2.1.5 HTTP/1.1" 200 48706
186.82.148.44 - - [07/Oct/2021:10:08:03 -0500] "GET /galeria/galeria/jquery.fancybox.css?v=2.1.5 HTTP/1.1" 200 4895
186.82.148.44 - - [07/Oct/2021:10:08:03 -0500] "GET /BLA/boletinlegal/js/jquery.scrollShow.js HTTP/1.1" 200 4586
186.84.20.251 - - [07/Oct/2021:10:07:55 -0500] "GET /galeria/nivo-slider/demo/escuadron.mp4 HTTP/1.1" 206 141917477
