190.109.9.18 - - [07/Oct/2021:10:26:33 -0500] "GET /galeria/galeria/jquery.fancybox.js?v=2.1.5 HTTP/1.1" 200 48706
178.63.20.95 - - [07/Oct/2021:10:26:38 -0500] "GET /BLA/resoluciones/AUTOS%202013/1132.pdf HTTP/1.1" 200 1190858
201.245.192.253 - - [07/Oct/2021:10:26:38 -0500] "GET /galeria/galeria/jquery.fancybox.css?v=2.1.5 HTTP/1.1" 200 4895
201.245.192.253 - - [07/Oct/2021:10:26:38 -0500] "GET /galeria/galeria/jquery.fancybox.js?v=2.1.5 HTTP/1.1" 200 48706
178.63.20.95 - - [07/Oct/2021:10:26:43 -0500] "GET /BLA/resoluciones/AUTOS%202010/4857.pdf HTTP/1.1" 200 252135
190.25.204.49 - - [07/Oct/2021:10:26:43 -0500] "GET /galeria/nivo-slider/demo/images/banneraccionpopular.jpeg HTTP/1.1" 304 -
190.25.204.49 - - [07/Oct/2021:10:26:44 -0500] "GET /galeria/nivo-slider/demo/images/bannercapacitacionesbogota.jpg HTTP/1.1" 304 -
190.25.204.49 - - [07/Oct/2021:10:26:44 -0500] "GET /galeria/nivo-slider/demo/images/Bannerenvases.jpg HTTP/1.1" 304 -
186.30.3.121 - - [07/Oct/2021:10:26:46 -0500] "GET /galeria/galeria/jquery.fancybox.css?v=2.1.5 HTTP/1.1" 200 4895
186.30.3.121 - - [07/Oct/2021:10:26:46 -0500] "GET /BLA/boletinlegal/js/jquery.scrollShow.js HTTP/1.1" 200 4586
186.30.3.121 - - [07/Oct/2021:10:26:46 -0500] "GET /galeria/galeria/jquery.fancybox.js?v=2.1.5 HTTP/1.1" 200 48706
178.63.20.95 - - [07/Oct/2021:10:26:52 -0500] "GET /BLA/resoluciones/AUTOS%202013/3410.pdf HTTP/1.1" 200 590960
179.12.103.218 - - [07/Oct/2021:10:26:55 -0500] "GET /galeria/galeria/jquery.fancybox.css?v=2.1.5 HTTP/1.1" 200 4895
179.12.103.218 - - [07/Oct/2021:10:26:55 -0500] "GET /BLA/boletinlegal/js/jquery.scrollShow.js HTTP/1.1" 200 4586
179.12.103.218 - - [07/Oct/2021:10:26:55 -0500] "GET /galeria/galeria/jquery.fancybox.js?v=2.1.5 HTTP/1.1" 200 48706
178.63.20.95 - - [07/Oct/2021:10:27:00 -0500] "GET /BLA/resoluciones/AUTOS%202013/1983.pdf HTTP/1.1" 200 413942
187.147.24.29 - - [07/Oct/2021:10:27:01 -0500] "GET /galeria/galeria/jquery.fancybox.css?v=2.1.5 HTTP/1.1" 200 4895
201.245.192.253 - - [07/Oct/2021:10:27:08 -0500] "GET /catalogoisis/ HTTP/1.1" 200 8575
178.63.20.95 - - [07/Oct/2021:10:27:08 -0500] "GET /BLA/resoluciones/AUTOS%202013/0713.pdf HTTP/1.1" 200 349745
181.60.96.40 - - [07/Oct/2021:10:27:11 -0500] "GET /galeria/carrusel/Carrusel/jquery.thumbnailScroller.css HTTP/1.1" 200 2066
181.60.96.40 - - [07/Oct/2021:10:27:11 -0500] "GET /galeria/carrusel/Carrusel/jquery-ui-1.8.13.custom.min.js HTTP/1.1" 200 10800
181.60.96.40 - - [07/Oct/2021:10:27:11 -0500] "GET /galeria/carrusel/Carrusel/jquery.thumbnailScroller.js HTTP/1.1" 200 8157
181.60.96.40 - - [07/Oct/2021:10:27:11 -0500] "GET /galeria/nivo-slider/demo/banner.html HTTP/1.1" 200 5446
181.60.96.40 - - [07/Oct/2021:10:27:11 -0500] "GET /galeria/nivo-slider/themes/default/default.css HTTP/1.1" 200 1569
181.60.96.40 - - [07/Oct/2021:10:27:11 -0500] "GET /galeria/nivo-slider/themes/pascal/pascal.css HTTP/1.1" 200 2258
181.60.96.40 - - [07/Oct/2021:10:27:11 -0500] "GET /galeria/nivo-slider/themes/orman/orman.css HTTP/1.1" 200 2152
181.60.96.40 - - [07/Oct/2021:10:27:11 -0500] "GET /galeria/nivo-slider/demo/style.css HTTP/1.1" 200 2222
181.60.96.40 - - [07/Oct/2021:10:27:11 -0500] "GET /galeria/nivo-slider/nivo-slider.css HTTP/1.1" 200 1507
181.60.96.40 - - [07/Oct/2021:10:27:12 -0500] "GET /galeria/nivo-slider/demo/scripts/jquery-1.7.1.min.js HTTP/1.1" 200 93868
181.60.96.40 - - [07/Oct/2021:10:27:12 -0500] "GET /galeria/nivo-slider/jquery.nivo.slider.pack.js HTTP/1.1" 200 11561
181.60.96.40 - - [07/Oct/2021:10:27:12 -0500] "GET /galeria/nivo-slider/demo/images/bannertortuga_optimized.jpg HTTP/1.1" 200 39066
181.60.96.40 - - [07/Oct/2021:10:27:12 -0500] "GET /galeria/nivo-slider/demo/images/Bannermujeresquereverdecen.jpg HTTP/1.1" 200 46558
181.60.96.40 - - [07/Oct/2021:10:27:12 -0500] "GET /galeria/nivo-slider/demo/images/bannertrafico_optimized.jpg HTTP/1.1" 200 42578
181.60.96.40 - - [07/Oct/2021:10:27:12 -0500] "GET /galeria/nivo-slider/themes/default/loading.gif HTTP/1.1" 200 1737
181.60.96.40 - - [07/Oct/2021:10:27:12 -0500] "GET /galeria/nivo-slider/demo/images/Bannersedeelectronica.jpg HTTP/1.1" 200 40383
181.60.96.40 - - [07/Oct/2021:10:27:12 -0500] "GET /galeria/nivo-slider/demo/images/bannerrutaesperanza.jpg HTTP/1.1" 200 55560
181.60.96.40 - - [07/Oct/2021:10:27:12 -0500] "GET /galeria/nivo-slider/demo/images/banneraire2021.jpg HTTP/1.1" 200 265101
181.60.96.40 - - [07/Oct/2021:10:27:12 -0500] "GET /galeria/nivo-slider/demo/images/Bannerplasticosseptiembre.jpg HTTP/1.1" 200 45633
181.60.96.40 - - [07/Oct/2021:10:27:12 -0500] "GET /galeria/nivo-slider/demo/images/bannerresiduoshospitalariosagosto.jpg HTTP/1.1" 200 36499
181.60.96.40 - - [07/Oct/2021:10:27:12 -0500] "GET /galeria/nivo-slider/demo/images/banneraccionpopularcrr68.jpg HTTP/1.1" 200 51887
181.60.96.40 - - [07/Oct/2021:10:27:12 -0500] "GET /galeria/nivo-slider/demo/images/4Simple_Slider.png HTTP/1.1" 200 11722
181.60.96.40 - - [07/Oct/2021:10:27:12 -0500] "GET /galeria/nivo-slider/demo/images/banneraccionpopular.jpeg HTTP/1.1" 200 41707
181.60.96.40 - - [07/Oct/2021:10:27:12 -0500] "GET /galeria/nivo-slider/demo/images/bannerclases2021.jpg HTTP/1.1" 200 68230
181.60.96.40 - - [07/Oct/2021:10:27:12 -0500] "GET /galeria/nivo-slider/demo/images/bannercapacitacionesbogota.jpg HTTP/1.1" 200 42416
181.60.96.40 - - [07/Oct/2021:10:27:12 -0500] "GET /galeria/nivo-slider/demo/images/Bannerenvases.jpg HTTP/1.1" 200 37316
181.60.96.40 - - [07/Oct/2021:10:27:12 -0500] "GET /galeria/nivo-slider/demo/images/Bannervirtualescanales.jpg HTTP/1.1" 200 174544
181.60.96.40 - - [07/Oct/2021:10:27:12 -0500] "GET /galeria/nivo-slider/themes/default/bullets.png HTTP/1.1" 200 1281
181.60.96.40 - - [07/Oct/2021:10:27:12 -0500] "GET /galeria/nivo-slider/themes/default/arrows.png HTTP/1.1" 200 824
190.157.218.79 - - [07/Oct/2021:10:27:13 -0500] "GET /reportes_sipse/sdg/ServletReporte?reporte=solicitud_cdp&Solicitud=14543&pfdrid_c=false HTTP/1.1" 200 148690
178.63.20.95 - - [07/Oct/2021:10:27:18 -0500] "GET /BLA/resoluciones/AUTOS%202013/0570.pdf HTTP/1.1" 200 131497
190.249.17.101 - - [07/Oct/2021:10:27:20 -0500] "POST /sipse/faces/presentacion/financiero/solicitudProceso/listarSolicitudProceso.xhtml HTTP/1.1" 200 7939
186.102.15.222 - - [07/Oct/2021:10:27:21 -0500] "GET /kwssiamovil/sm/des/ldap/au?x=U2FsdGVkX198D4yMsgKyUB6nWusfqR2UkaF7zgzwgsiuAE9sqiJF1dhYq9AKcx+s&y=U2FsdGVkX1+NKuiUtKx29f3IVsR4JJMyvVHaLiIfFes= HTTP/1.1" 200 30
177.93.48.27 - - [07/Oct/2021:10:27:25 -0500] "GET /galeria/galeria/jquery.fancybox.css?v=2.1.5 HTTP/1.1" 200 4895
177.93.48.27 - - [07/Oct/2021:10:27:25 -0500] "GET /BLA/boletinlegal/js/jquery.scrollShow.js HTTP/1.1" 200 4586
177.93.48.27 - - [07/Oct/2021:10:27:25 -0500] "GET /galeria/galeria/jquery.fancybox.js?v=2.1.5 HTTP/1.1" 200 48706
178.63.20.95 - - [07/Oct/2021:10:27:26 -0500] "GET /BLA/resoluciones/AUTOS%202013/0032.pdf HTTP/1.1" 200 615640
178.63.20.95 - - [07/Oct/2021:10:27:35 -0500] "GET /BLA/resoluciones/AUTOS%202010/1667.pdf HTTP/1.1" 200 3056420
178.63.20.95 - - [07/Oct/2021:10:27:40 -0500] "GET /BLA/resoluciones/AUTOS%202013/1353.pdf HTTP/1.1" 200 168274
178.63.20.95 - - [07/Oct/2021:10:27:49 -0500] "GET /BLA/resoluciones/AUTOS%202013/1489.pdf HTTP/1.1" 200 2284850
201.245.192.253 - - [07/Oct/2021:10:27:51 -0500] "POST /sipse/faces/presentacion/financiero/solicitudProceso/listarSolicitudProceso.xhtml HTTP/1.1" 200 109571
201.245.192.253 - - [07/Oct/2021:10:27:52 -0500] "GET /sipse/faces/javax.faces.resource/theme.css?ln=primefaces-sipse HTTP/1.1" 304 -
201.245.192.253 - - [07/Oct/2021:10:27:52 -0500] "GET /sipse/faces/javax.faces.resource/primefaces.css?ln=primefaces&v=4.0 HTTP/1.1" 304 -
201.245.192.253 - - [07/Oct/2021:10:27:52 -0500] "GET /sipse/faces/javax.faces.resource/layout/layout.css?ln=primefaces&v=4.0 HTTP/1.1" 304 -
201.245.192.253 - - [07/Oct/2021:10:27:52 -0500] "GET /sipse/faces/javax.faces.resource/jquery/jquery.js?ln=primefaces&v=4.0 HTTP/1.1" 304 -
201.245.192.253 - - [07/Oct/2021:10:27:52 -0500] "GET /sipse/faces/javax.faces.resource/jquery/jquery-plugins.js?ln=primefaces&v=4.0 HTTP/1.1" 304 -
201.245.192.253 - - [07/Oct/2021:10:27:52 -0500] "GET /sipse/faces/javax.faces.resource/primefaces.js?ln=primefaces&v=4.0 HTTP/1.1" 304 -
201.245.192.253 - - [07/Oct/2021:10:27:52 -0500] "GET /sipse/faces/javax.faces.resource/layout/layout.js?ln=primefaces&v=4.0 HTTP/1.1" 304 -
201.245.192.253 - - [07/Oct/2021:10:27:52 -0500] "GET /sipse/css/imagen/contrasena.png HTTP/1.1" 404 383
201.245.192.253 - - [07/Oct/2021:10:27:52 -0500] "GET /reportes_sipse/sdg/ServletReporte?reporte=solicitud_cdp&Solicitud=14543&pfdrid_c=false HTTP/1.1" 200 148690
178.63.20.95 - - [07/Oct/2021:10:27:53 -0500] "GET /BLA/resoluciones/AUTOS%202013/3555.pdf HTTP/1.1" 200 431961
190.249.17.101 - - [07/Oct/2021:10:27:54 -0500] "POST /sipse/faces/presentacion/financiero/solicitudProceso/listarSolicitudProceso.xhtml HTTP/1.1" 200 7974
190.249.17.101 - - [07/Oct/2021:10:28:00 -0500] "POST /sipse/faces/presentacion/financiero/solicitudProceso/listarSolicitudProceso.xhtml HTTP/1.1" 200 133021
190.249.17.101 - - [07/Oct/2021:10:28:00 -0500] "GET /sipse/faces/javax.faces.resource/theme.css?ln=primefaces-sipse HTTP/1.1" 304 -
190.249.17.101 - - [07/Oct/2021:10:28:01 -0500] "GET /sipse/faces/javax.faces.resource/primefaces.css?ln=primefaces&v=4.0 HTTP/1.1" 304 -
190.249.17.101 - - [07/Oct/2021:10:28:01 -0500] "GET /sipse/faces/javax.faces.resource/layout/layout.css?ln=primefaces&v=4.0 HTTP/1.1" 304 -
190.249.17.101 - - [07/Oct/2021:10:28:01 -0500] "GET /sipse/faces/javax.faces.resource/jquery/jquery.js?ln=primefaces&v=4.0 HTTP/1.1" 304 -
190.249.17.101 - - [07/Oct/2021:10:28:01 -0500] "GET /sipse/faces/javax.faces.resource/jquery/jquery-plugins.js?ln=primefaces&v=4.0 HTTP/1.1" 304 -
190.249.17.101 - - [07/Oct/2021:10:28:01 -0500] "GET /sipse/faces/javax.faces.resource/primefaces.js?ln=primefaces&v=4.0 HTTP/1.1" 304 -
190.249.17.101 - - [07/Oct/2021:10:28:01 -0500] "GET /sipse/faces/javax.faces.resource/layout/layout.js?ln=primefaces&v=4.0 HTTP/1.1" 304 -
190.249.17.101 - - [07/Oct/2021:10:28:01 -0500] "GET /reportes_sipse/sdg/ServletReporte?reporte=solicitud_cdp&Solicitud=14543&pfdrid_c=false HTTP/1.1" 200 148690
178.63.20.95 - - [07/Oct/2021:10:28:02 -0500] "GET /BLA/resoluciones/AUTOS%202013/2585.pdf HTTP/1.1" 200 827192
190.106.194.118 - - [07/Oct/2021:10:28:07 -0500] "GET /galeria/galeria/jquery.fancybox.css?v=2.1.5 HTTP/1.1" 200 4895
190.106.194.118 - - [07/Oct/2021:10:28:07 -0500] "GET /BLA/boletinlegal/js/jquery.scrollShow.js HTTP/1.1" 200 4586
190.106.194.118 - - [07/Oct/2021:10:28:07 -0500] "GET /galeria/galeria/jquery.fancybox.js?v=2.1.5 HTTP/1.1" 200 48706
190.249.17.101 - - [07/Oct/2021:10:28:07 -0500] "POST /sipse/faces/presentacion/financiero/solicitudProceso/consultarSolicitudProceso.xhtml HTTP/1.1" 200 32324
190.249.17.101 - - [07/Oct/2021:10:28:08 -0500] "GET /sipse/faces/javax.faces.resource/theme.css?ln=primefaces-sipse HTTP/1.1" 304 -
190.249.17.101 - - [07/Oct/2021:10:28:08 -0500] "GET /sipse/faces/javax.faces.resource/primefaces.css?ln=primefaces&v=4.0 HTTP/1.1" 304 -
190.249.17.101 - - [07/Oct/2021:10:28:08 -0500] "GET /sipse/faces/javax.faces.resource/layout/layout.css?ln=primefaces&v=4.0 HTTP/1.1" 304 -
190.249.17.101 - - [07/Oct/2021:10:28:08 -0500] "GET /sipse/faces/javax.faces.resource/primefaces.js?ln=primefaces&v=4.0 HTTP/1.1" 304 -
190.249.17.101 - - [07/Oct/2021:10:28:08 -0500] "GET /sipse/faces/javax.faces.resource/jquery/jquery-plugins.js?ln=primefaces&v=4.0 HTTP/1.1" 304 -
190.249.17.101 - - [07/Oct/2021:10:28:08 -0500] "GET /sipse/faces/javax.faces.resource/jquery/jquery.js?ln=primefaces&v=4.0 HTTP/1.1" 304 -
190.249.17.101 - - [07/Oct/2021:10:28:08 -0500] "GET /sipse/faces/javax.faces.resource/layout/layout.js?ln=primefaces&v=4.0 HTTP/1.1" 304 -
201.245.192.253 - - [07/Oct/2021:10:28:09 -0500] "GET /catalogoisis/ HTTP/1.1" 200 8575
178.63.20.95 - - [07/Oct/2021:10:28:11 -0500] "GET /BLA/resoluciones/AUTOS%202013/1561.pdf HTTP/1.1" 200 850363
201.245.192.253 - - [07/Oct/2021:10:28:14 -0500] "POST /sipse/faces/presentacion/financiero/solicitudProceso/consultarSolicitudProceso.xhtml HTTP/1.1" 200 4625
201.245.192.253 - - [07/Oct/2021:10:28:15 -0500] "POST /sipse/faces/presentacion/financiero/solicitudProceso/consultarSolicitudProceso.xhtml HTTP/1.1" 200 38108
201.245.192.253 - - [07/Oct/2021:10:28:15 -0500] "GET /sipse/faces/javax.faces.resource/theme.css?ln=primefaces-sipse HTTP/1.1" 304 -
201.245.192.253 - - [07/Oct/2021:10:28:15 -0500] "GET /sipse/faces/javax.faces.resource/primefaces.css?ln=primefaces&v=4.0 HTTP/1.1" 304 -
201.245.192.253 - - [07/Oct/2021:10:28:15 -0500] "GET /sipse/faces/javax.faces.resource/layout/layout.css?ln=primefaces&v=4.0 HTTP/1.1" 304 -
201.245.192.253 - - [07/Oct/2021:10:28:15 -0500] "GET /sipse/css/imagen/contrasena.png HTTP/1.1" 404 383
201.245.192.253 - - [07/Oct/2021:10:28:15 -0500] "GET /sipse/faces/javax.faces.resource/jquery/jquery.js?ln=primefaces&v=4.0 HTTP/1.1" 304 -
201.245.192.253 - - [07/Oct/2021:10:28:15 -0500] "GET /sipse/faces/javax.faces.resource/jquery/jquery-plugins.js?ln=primefaces&v=4.0 HTTP/1.1" 304 -
201.245.192.253 - - [07/Oct/2021:10:28:15 -0500] "GET /sipse/faces/javax.faces.resource/primefaces.js?ln=primefaces&v=4.0 HTTP/1.1" 304 -
201.245.192.253 - - [07/Oct/2021:10:28:15 -0500] "GET /sipse/faces/javax.faces.resource/layout/layout.js?ln=primefaces&v=4.0 HTTP/1.1" 304 -
201.245.192.253 - - [07/Oct/2021:10:28:16 -0500] "POST /sipse/faces/presentacion/financiero/solicitudProceso/consultar.xhtml HTTP/1.1" 200 31399
201.245.192.253 - - [07/Oct/2021:10:28:16 -0500] "POST /sipse/faces/presentacion/financiero/solicitudProceso/consultar.xhtml HTTP/1.1" 200 31399
186.84.21.188 - - [07/Oct/2021:10:28:17 -0500] "GET /BLA/boletinlegal/js/jquery.scrollShow.js HTTP/1.1" 200 4586
186.84.21.188 - - [07/Oct/2021:10:28:17 -0500] "GET /galeria/galeria/jquery.fancybox.js?v=2.1.5 HTTP/1.1" 200 48706
186.84.21.188 - - [07/Oct/2021:10:28:17 -0500] "GET /galeria/galeria/jquery.fancybox.css?v=2.1.5 HTTP/1.1" 200 4895
201.245.192.253 - - [07/Oct/2021:10:28:18 -0500] "POST /sipse/faces/presentacion/financiero/solicitudProceso/consultar.xhtml HTTP/1.1" 200 13223
178.63.20.95 - - [07/Oct/2021:10:28:21 -0500] "GET /BLA/resoluciones/AUTOS%202013/3408.pdf HTTP/1.1" 200 715866
190.251.131.37 - - [07/Oct/2021:10:28:25 -0500] "GET /galeria/galeria/jquery.fancybox.css?v=2.1.5 HTTP/1.1" 200 4895
190.251.131.37 - - [07/Oct/2021:10:28:25 -0500] "GET /BLA/boletinlegal/js/jquery.scrollShow.js HTTP/1.1" 200 4586
190.251.131.37 - - [07/Oct/2021:10:28:25 -0500] "GET /galeria/galeria/jquery.fancybox.js?v=2.1.5 HTTP/1.1" 200 48706
190.85.163.1 - - [07/Oct/2021:10:28:26 -0500] "GET /galeria/galeria/jquery.fancybox.css?v=2.1.5 HTTP/1.1" 200 4895
190.85.163.1 - - [07/Oct/2021:10:28:26 -0500] "GET /BLA/boletinlegal/js/jquery.scrollShow.js HTTP/1.1" 200 4586
190.85.163.1 - - [07/Oct/2021:10:28:26 -0500] "GET /galeria/galeria/jquery.fancybox.js?v=2.1.5 HTTP/1.1" 200 48706
190.85.163.1 - - [07/Oct/2021:10:28:27 -0500] "GET /autoliquidacion2020 HTTP/1.1" 301 250
190.85.163.1 - - [07/Oct/2021:10:28:27 -0500] "GET /autoliquidacion2020/ HTTP/1.1" 200 6146
190.85.163.1 - - [07/Oct/2021:10:28:27 -0500] "GET /autoliquidacion2020/dlf/styles.css HTTP/1.1" 200 3045
190.85.163.1 - - [07/Oct/2021:10:28:27 -0500] "GET /autoliquidacion2020/dlf/folder.png HTTP/1.1" 200 410
190.85.163.1 - - [07/Oct/2021:10:28:27 -0500] "GET /autoliquidacion2020/dlf/bg.gif HTTP/1.1" 200 54
178.63.20.95 - - [07/Oct/2021:10:28:29 -0500] "GET /BLA/resoluciones/AUTOS%202010/1902.pdf HTTP/1.1" 200 144429
186.159.15.92 - - [07/Oct/2021:10:28:38 -0500] "GET /BLA/boletinlegal/js/jquery.scrollShow.js HTTP/1.1" 200 4586
186.159.15.92 - - [07/Oct/2021:10:28:38 -0500] "GET /galeria/galeria/jquery.fancybox.js?v=2.1.5 HTTP/1.1" 200 48706
186.159.15.92 - - [07/Oct/2021:10:28:38 -0500] "GET /galeria/galeria/jquery.fancybox.css?v=2.1.5 HTTP/1.1" 200 4895
178.63.20.95 - - [07/Oct/2021:10:28:38 -0500] "GET /BLA/resoluciones/AUTOS%202010/4612.pdf HTTP/1.1" 200 380203
190.157.218.79 - - [07/Oct/2021:10:28:40 -0500] "GET /reportes_sipse/sdg/ServletReporte?reporte=solicitud_cdp&Solicitud=14543&pfdrid_c=false HTTP/1.1" 200 148690
178.63.20.95 - - [07/Oct/2021:10:28:47 -0500] "GET /BLA/resoluciones/AUTOS%202010/2455.pdf HTTP/1.1" 200 146390
201.245.192.253 - - [07/Oct/2021:10:28:54 -0500] "POST /sipse/faces/presentacion/financiero/solicitudProceso/detalleSolicitudProcesoOtrosPagos.xhtml HTTP/1.1" 200 3497
201.245.192.253 - - [07/Oct/2021:10:28:55 -0500] "GET /reportes_sipse/sdg/ServletReporte?reporte=solicitud_cdp&Solicitud=14932&pfdrid_c=false HTTP/1.1" 200 98330
178.63.20.95 - - [07/Oct/2021:10:28:55 -0500] "GET /BLA/resoluciones/AUTOS%202010/5274.pdf HTTP/1.1" 200 252089
179.14.67.147 - - [07/Oct/2021:10:28:57 -0500] "GET /galeria/galeria/jquery.fancybox.css?v=2.1.5 HTTP/1.1" 200 4895
179.14.67.147 - - [07/Oct/2021:10:28:57 -0500] "GET /BLA/boletinlegal/js/jquery.scrollShow.js HTTP/1.1" 200 4586
179.14.67.147 - - [07/Oct/2021:10:28:57 -0500] "GET /galeria/galeria/jquery.fancybox.js?v=2.1.5 HTTP/1.1" 200 48706
186.169.195.197 - - [07/Oct/2021:10:29:00 -0500] "GET /galeria/galeria/jquery.fancybox.css?v=2.1.5 HTTP/1.1" 200 4895
186.169.195.197 - - [07/Oct/2021:10:29:00 -0500] "GET /BLA/boletinlegal/js/jquery.scrollShow.js HTTP/1.1" 200 4586
186.169.195.197 - - [07/Oct/2021:10:29:00 -0500] "GET /galeria/galeria/jquery.fancybox.js?v=2.1.5 HTTP/1.1" 200 48706
178.63.20.95 - - [07/Oct/2021:10:29:05 -0500] "GET /BLA/resoluciones/AUTOS%202013/1880.pdf HTTP/1.1" 200 420737
201.245.192.253 - - [07/Oct/2021:10:29:08 -0500] "GET /catalogoisis/ HTTP/1.1" 200 8575
201.245.192.253 - - [07/Oct/2021:10:29:11 -0500] "POST /sipse/faces/presentacion/financiero/solicitudProceso/detalleSolicitudProcesoOtrosPagos.xhtml HTTP/1.1" 200 190
201.245.192.253 - - [07/Oct/2021:10:29:11 -0500] "GET /sipse/faces/presentacion/financiero/solicitudProceso/solicitudProcesoOtrosPagos.xhtml HTTP/1.1" 200 31459
201.245.192.253 - - [07/Oct/2021:10:29:11 -0500] "GET /sipse/faces/javax.faces.resource/theme.css?ln=primefaces-sipse HTTP/1.1" 304 -
201.245.192.253 - - [07/Oct/2021:10:29:11 -0500] "GET /sipse/faces/javax.faces.resource/primefaces.css?ln=primefaces&v=4.0 HTTP/1.1" 304 -
201.245.192.253 - - [07/Oct/2021:10:29:11 -0500] "GET /sipse/faces/javax.faces.resource/layout/layout.css?ln=primefaces&v=4.0 HTTP/1.1" 304 -
201.245.192.253 - - [07/Oct/2021:10:29:11 -0500] "GET /sipse/faces/javax.faces.resource/primefaces.js?ln=primefaces&v=4.0 HTTP/1.1" 304 -
201.245.192.253 - - [07/Oct/2021:10:29:11 -0500] "GET /sipse/faces/javax.faces.resource/layout/layout.js?ln=primefaces&v=4.0 HTTP/1.1" 304 -
201.245.192.253 - - [07/Oct/2021:10:29:11 -0500] "GET /sipse/faces/javax.faces.resource/jquery/jquery.js?ln=primefaces&v=4.0 HTTP/1.1" 304 -
201.245.192.253 - - [07/Oct/2021:10:29:11 -0500] "GET /sipse/faces/javax.faces.resource/jquery/jquery-plugins.js?ln=primefaces&v=4.0 HTTP/1.1" 304 -
201.245.192.253 - - [07/Oct/2021:10:29:11 -0500] "GET /sipse/faces/javax.faces.resource/images/ui-icons_898989_256x240.png?ln=primefaces-aristo HTTP/1.1" 304 -
201.245.192.253 - - [07/Oct/2021:10:29:11 -0500] "GET /sipse/faces/javax.faces.resource/messages/messages.png?ln=primefaces&v=4.0 HTTP/1.1" 304 -
178.63.20.95 - - [07/Oct/2021:10:29:14 -0500] "GET /BLA/resoluciones/AUTOS%202010/5216.pdf HTTP/1.1" 200 161169
201.245.192.253 - - [07/Oct/2021:10:29:14 -0500] "GET /sipse/faces/javax.faces.resource/images/ui-bg_flat_0_2d5972_40x100.png?ln=primefaces-aristo HTTP/1.1" 304 -
201.245.192.253 - - [07/Oct/2021:10:29:14 -0500] "POST /sipse/faces/presentacion/financiero/solicitudProceso/solicitudProcesoOtrosPagos.xhtml HTTP/1.1" 200 1643
139.162.145.250 - - [07/Oct/2021:10:29:15 -0500] "GET /bag2 HTTP/1.1" 404 1018
190.249.17.101 - - [07/Oct/2021:10:29:16 -0500] "GET /sipse/faces/javax.faces.resource/theme.css?ln=primefaces-sipse HTTP/1.1" 304 -
190.249.17.101 - - [07/Oct/2021:10:29:16 -0500] "GET /sipse/faces/javax.faces.resource/jquery/jquery.js?ln=primefaces&v=4.0 HTTP/1.1" 304 -
190.249.17.101 - - [07/Oct/2021:10:29:16 -0500] "GET /sipse/faces/javax.faces.resource/primefaces.css?ln=primefaces&v=4.0 HTTP/1.1" 304 -
190.249.17.101 - - [07/Oct/2021:10:29:16 -0500] "GET /sipse/faces/javax.faces.resource/layout/layout.css?ln=primefaces&v=4.0 HTTP/1.1" 304 -
190.249.17.101 - - [07/Oct/2021:10:29:16 -0500] "GET /sipse/faces/javax.faces.resource/jquery/jquery-plugins.js?ln=primefaces&v=4.0 HTTP/1.1" 304 -
190.249.17.101 - - [07/Oct/2021:10:29:16 -0500] "GET /sipse/faces/javax.faces.resource/primefaces.js?ln=primefaces&v=4.0 HTTP/1.1" 304 -
190.249.17.101 - - [07/Oct/2021:10:29:16 -0500] "GET /sipse/faces/javax.faces.resource/layout/layout.js?ln=primefaces&v=4.0 HTTP/1.1" 304 -
190.249.17.101 - - [07/Oct/2021:10:29:15 -0500] "POST /sipse/faces/presentacion/financiero/solicitudProceso/consultarHistorialSolProceso.xhtml HTTP/1.1" 200 179928
190.249.17.101 - - [07/Oct/2021:10:29:17 -0500] "GET /reportes_sipse/sdg/ServletReporte?reporte=solicitud_cdp&Solicitud=14932&pfdrid_c=false HTTP/1.1" 200 98330
178.63.20.95 - - [07/Oct/2021:10:29:23 -0500] "GET /BLA/resoluciones/AUTOS%202010/1905.pdf HTTP/1.1" 200 2920
190.249.17.101 - - [07/Oct/2021:10:29:27 -0500] "POST /sipse/faces/presentacion/financiero/solicitudProceso/consultarSolicitudProceso.xhtml HTTP/1.1" 200 12155
178.63.20.95 - - [07/Oct/2021:10:29:30 -0500] "GET /BLA/resoluciones/AUTOS%202010/0378.pdf HTTP/1.1" 200 176891
170.254.230.115 - - [07/Oct/2021:10:29:30 -0500] "-" 408 -
190.249.17.101 - - [07/Oct/2021:10:29:30 -0500] "POST /sipse/faces/presentacion/financiero/solicitudProceso/consultarSolicitudProceso.xhtml HTTP/1.1" 200 1156592
190.249.17.101 - - [07/Oct/2021:10:29:31 -0500] "POST /sipse/faces/presentacion/financiero/solicitudProceso/consultarSolicitudProceso.xhtml HTTP/1.1" 200 1156592
178.63.20.95 - - [07/Oct/2021:10:29:38 -0500] "GET /BLA/resoluciones/AUTOS%202010/1427.pdf HTTP/1.1" 200 244075
178.63.20.95 - - [07/Oct/2021:10:29:47 -0500] "GET /BLA/resoluciones/AUTOS%202013/2833.pdf HTTP/1.1" 200 275379
216.245.221.92 - - [07/Oct/2021:10:29:53 -0500] "HEAD / HTTP/1.1" 200 -
178.63.20.95 - - [07/Oct/2021:10:29:56 -0500] "GET /BLA/resoluciones/AUTOS%202010/1483.pdf HTTP/1.1" 200 264191
186.102.13.218 - - [07/Oct/2021:10:30:04 -0500] "GET /kwssiamovil/sm/des/ldap/au?x=U2FsdGVkX18RQlDkENaa1bkSIdS8OrnAC9ogxAv5ZbTT9nL0gDTndQqXQhb/TkJq&y=U2FsdGVkX1+/WK0Z3WC/NQSdd3Us1YNMh+xnncbZveeu4gKgDxAcae6oOkUCjut2 HTTP/1.1" 200 30
178.63.20.95 - - [07/Oct/2021:10:30:04 -0500] "GET /BLA/resoluciones/AUTOS%202013/0352.pdf HTTP/1.1" 200 1173011
186.102.13.218 - - [07/Oct/2021:10:30:04 -0500] "GET /kwssiamovil/sm/des/acme/s?s=U2FsdGVkX1+cOmLcBOOeJt7h4elNBkYtvthi855S2FiQ36aSYU8OjgDjLgbwogK47MfYBANhsPC2mmJauobeFCeWs+UWeLho6zaxnG6b0VNBmCIjiajB+9vpHZGtwlXMx/XQDa/nlsQJ2LELVmrDbc2CXQpbPvZmuuuVKAqGmnHH21PTT42s28pvA1MRCwSsvqOzsDcGSMHcnSjwJT5khp6wfIN1VJQ7WL6LzqjNiN+FJQwPwXyGsruefCMhYMLvtIavTLj8AARU5sVDB1YzoaYkbT8jS4G1740kQKhllfpHzjxy7LfHm3sbyuFsj9fmf16b7+rJl+8h1Mf1euVNHPJWc5wm1ND6GGRSWE6KyDCZhKAkYTFMmY36lUHbwpSeLA0XdA1dtQDPbS/QAKSf6fltQEtA14+Lpub7yYlspAvDAo18uYBl5hZwRjoQgjvMyk6cajQcvA+2AXK839atJV7iwYDa4KEXRYpuw2T8sWIXR2sZqZQTi91akbr2SZXJRpPET+KHRbgC51YuFkCs9A==&u=U2FsdGVkX18+6Mr3Xu77hwXozM141EIghcvu+JQvET0=&y=U2FsdGVkX1+/WK0Z3WC/NQSdd3Us1YNMh+xnncbZveeu4gKgDxAcae6oOkUCjut2 HTTP/1.1" 200 600
186.102.13.218 - - [07/Oct/2021:10:30:04 -0500] "GET /kwssiamovil/sm/des/acme/s?s=U2FsdGVkX18EbgWoitbGKaBO51Ro+pdu2GSfKzAo8PJHtdXoCYsi7PAGRkbGDx7ZBMv8l3VTZmDv2DNm+ftjrydO1y+m4oUNL97PXCJcJOAP21D4yMZN/E/FTpzMHEkNVrxZCHvl105QWgnONcEH3ZkxivxPh03FNgQcEmOE5Hq8M2iLZMjJV2dDoE+393QY2Rt4w1qTZo4wTLUtQ9SxXtCc2WF3l60UadCo2qxcylvjLSiXuy8r/6Uw2lSwD/6PxaXgoekGKf5SqotxNJHSog==&u=U2FsdGVkX18+6Mr3Xu77hwXozM141EIghcvu+JQvET0=&y=U2FsdGVkX1+/WK0Z3WC/NQSdd3Us1YNMh+xnncbZveeu4gKgDxAcae6oOkUCjut2 HTTP/1.1" 200 176
186.102.13.218 - - [07/Oct/2021:10:30:04 -0500] "GET /kwssiamovil/sm/des/cjson/pre?f=1&x=U2FsdGVkX18RQlDkENaa1bkSIdS8OrnAC9ogxAv5ZbTT9nL0gDTndQqXQhb/TkJq HTTP/1.1" 200 30948
178.63.20.95 - - [07/Oct/2021:10:30:08 -0500] "GET /BLA/resoluciones/AUTOS%202010/0364.pdf HTTP/1.1" 200 279619
201.245.192.253 - - [07/Oct/2021:10:30:09 -0500] "GET /catalogoisis/ HTTP/1.1" 200 8575
186.84.90.107 - - [07/Oct/2021:10:30:10 -0500] "GET /galeria/galeria/jquery.fancybox.css?v=2.1.5 HTTP/1.1" 200 4895
186.84.90.107 - - [07/Oct/2021:10:30:10 -0500] "GET /BLA/boletinlegal/js/jquery.scrollShow.js HTTP/1.1" 200 4586
186.84.90.107 - - [07/Oct/2021:10:30:10 -0500] "GET /galeria/galeria/jquery.fancybox.js?v=2.1.5 HTTP/1.1" 200 48706
201.245.192.253 - - [07/Oct/2021:10:30:13 -0500] "POST /sipse/faces/presentacion/financiero/solicitudProceso/solicitudProcesoOtrosPagos.xhtml HTTP/1.1" 200 1655
178.63.20.95 - - [07/Oct/2021:10:30:22 -0500] "GET /BLA/resoluciones/AUTOS%202010/5391.pdf HTTP/1.1" 200 265401
186.28.93.193 - - [07/Oct/2021:10:30:23 -0500] "GET /sipsesda/ HTTP/1.1" 200 1477
186.28.93.193 - - [07/Oct/2021:10:30:23 -0500] "GET /css/segobdis.css HTTP/1.1" 404 1264
186.28.93.193 - - [07/Oct/2021:10:30:23 -0500] "GET /sipsesda/faces/login.jspx HTTP/1.1" 200 7861
186.28.93.193 - - [07/Oct/2021:10:30:23 -0500] "GET /sipsesda/adf/styles/cache/segobdis16-desktop-10_1_3_4_0-gecko.css;jsessionid=ac16012b22b86eb9d2a1ab8d47ff8d8fcbe5cbea2da3.e34Lc3uRbN4Oc40Pc3j0 HTTP/1.1" 200 57778
186.28.93.193 - - [07/Oct/2021:10:30:23 -0500] "GET /sipsesda/js/funciones.js;jsessionid=ac16012b22b86eb9d2a1ab8d47ff8d8fcbe5cbea2da3.e34Lc3uRbN4Oc40Pc3j0 HTTP/1.1" 200 36377
186.28.93.193 - - [07/Oct/2021:10:30:23 -0500] "GET /sipsesda/adf/jsLibs/Common10_1_3_4_0.js;jsessionid=ac16012b22b86eb9d2a1ab8d47ff8d8fcbe5cbea2da3.e34Lc3uRbN4Oc40Pc3j0 HTTP/1.1" 200 132959
186.28.93.193 - - [07/Oct/2021:10:30:24 -0500] "GET /sipsesda/js/disable_browser_buttons.js;jsessionid=ac16012b22b86eb9d2a1ab8d47ff8d8fcbe5cbea2da3.e34Lc3uRbN4Oc40Pc3j0 HTTP/1.1" 200 2767
186.28.93.193 - - [07/Oct/2021:10:30:24 -0500] "GET /sipsesda/adf/images/t.gif;jsessionid=ac16012b22b86eb9d2a1ab8d47ff8d8fcbe5cbea2da3.e34Lc3uRbN4Oc40Pc3j0 HTTP/1.1" 200 86
186.28.93.193 - - [07/Oct/2021:10:30:24 -0500] "GET /sipsesda/imagenes/encabezado.jpg;jsessionid=ac16012b22b86eb9d2a1ab8d47ff8d8fcbe5cbea2da3.e34Lc3uRbN4Oc40Pc3j0 HTTP/1.1" 200 18018
186.28.93.193 - - [07/Oct/2021:10:30:25 -0500] "POST /sipsesda/faces/login.jspx;jsessionid=ac16012b22b86eb9d2a1ab8d47ff8d8fcbe5cbea2da3.e34Lc3uRbN4Oc40Pc3j0 HTTP/1.1" 200 5600
186.28.93.193 - - [07/Oct/2021:10:30:25 -0500] "GET /sipsesda/imagenes/encabezado.jpg HTTP/1.1" 200 18018
186.28.93.193 - - [07/Oct/2021:10:30:25 -0500] "GET /sipsesda/adf/styles/cache/segobdis16-desktop-10_1_3_4_0-gecko.css HTTP/1.1" 200 57778
186.28.93.193 - - [07/Oct/2021:10:30:25 -0500] "GET /sipsesda/adf/images/t.gif HTTP/1.1" 200 86
178.63.20.95 - - [07/Oct/2021:10:30:31 -0500] "GET /BLA/resoluciones/AUTOS%202013/0173.pdf HTTP/1.1" 200 441318
186.28.93.193 - - [07/Oct/2021:10:30:33 -0500] "POST /sipsesda/faces/vista/sistema/seleccionRol.jspx HTTP/1.1" 200 32592
186.28.93.193 - - [07/Oct/2021:10:30:33 -0500] "GET /sipsesda/imagenes/logoAplicacion.jpg HTTP/1.1" 200 155084
186.28.93.193 - - [07/Oct/2021:10:30:34 -0500] "GET /sipsesda/faces/imagenes/vinetaAbajo.gif HTTP/1.1" 200 72
186.28.93.193 - - [07/Oct/2021:10:30:34 -0500] "GET /sipsesda/faces/imagenes/vinetaDerecha.gif HTTP/1.1" 200 107
190.157.218.79 - - [07/Oct/2021:10:30:36 -0500] "GET /reportes_sipse/sdg/ServletReporte?reporte=solicitud_cdp&Solicitud=14932&pfdrid_c=false HTTP/1.1" 200 98330
178.63.20.95 - - [07/Oct/2021:10:30:40 -0500] "GET /BLA/resoluciones/AUTOS%202010/2171.pdf HTTP/1.1" 200 211784
179.32.235.18 - - [07/Oct/2021:10:30:44 -0500] "GET /galeria/galeria/jquery.fancybox.css?v=2.1.5 HTTP/1.1" 200 4895
179.32.235.18 - - [07/Oct/2021:10:30:44 -0500] "GET /galeria/galeria/jquery.fancybox.js?v=2.1.5 HTTP/1.1" 200 48706
179.32.235.18 - - [07/Oct/2021:10:30:44 -0500] "GET /BLA/boletinlegal/js/jquery.scrollShow.js HTTP/1.1" 200 4586
186.28.93.193 - - [07/Oct/2021:10:30:46 -0500] "GET /sipsesda/faces/vista/sistema/cargarMenu.jspx?accionMenu=listadoConsultaSolicitudProceso&menuID=121 HTTP/1.1" 200 32799
186.28.93.193 - - [07/Oct/2021:10:30:47 -0500] "GET /sipsesda/imagenes/cargando.gif HTTP/1.1" 200 1287
186.28.93.193 - - [07/Oct/2021:10:30:47 -0500] "POST /sipsesda/faces/vista/sistema/cargarMenu.jspx HTTP/1.1" 200 40642
186.28.93.193 - - [07/Oct/2021:10:30:47 -0500] "GET /sipsesda/adf/images/dfb.gif HTTP/1.1" 200 194
178.63.20.95 - - [07/Oct/2021:10:30:49 -0500] "GET /BLA/resoluciones/AUTOS%202010/6474.pdf HTTP/1.1" 200 435130
190.157.218.79 - - [07/Oct/2021:10:30:51 -0500] "GET /reportes_sipse/sdg/ServletReporte?reporte=solicitud_cdp&Solicitud=15318&pfdrid_c=false HTTP/1.1" 200 120247
190.69.227.214 - - [07/Oct/2021:10:30:53 -0500] "GET /BLA/boletinlegal/js/jquery.scrollShow.js HTTP/1.1" 200 4586
190.69.227.214 - - [07/Oct/2021:10:30:53 -0500] "GET /galeria/galeria/jquery.fancybox.js?v=2.1.5 HTTP/1.1" 200 48706
190.69.227.214 - - [07/Oct/2021:10:30:53 -0500] "GET /galeria/galeria/jquery.fancybox.css?v=2.1.5 HTTP/1.1" 200 4895
186.28.93.193 - - [07/Oct/2021:10:30:53 -0500] "POST /sipsesda/faces/vista/financiero/solicitudProceso/listadoConsultaSolicitudProceso.jspx HTTP/1.1" 200 41258
178.63.20.95 - - [07/Oct/2021:10:30:57 -0500] "GET /BLA/resoluciones/AUTOS%202010/1512.pdf HTTP/1.1" 200 5840
186.28.93.193 - - [07/Oct/2021:10:30:56 -0500] "POST /sipsesda/faces/vista/financiero/solicitudProceso/listadoConsultaSolicitudProceso.jspx HTTP/1.1" 200 53944
178.63.20.95 - - [07/Oct/2021:10:31:05 -0500] "GET /BLA/resoluciones/AUTOS%202010/1384.pdf HTTP/1.1" 200 260219
191.102.107.234 - - [07/Oct/2021:10:31:05 -0500] "GET /documents/10184/2325415/pieza-concurso-buenas-practicas-20-septiembre.jpg HTTP/1.1" 404 1030
201.245.192.253 - - [07/Oct/2021:10:31:10 -0500] "GET /catalogoisis/ HTTP/1.1" 200 8575
186.28.93.193 - - [07/Oct/2021:10:31:12 -0500] "POST /sipsesda/faces/vista/financiero/solicitudProceso/soloconsultaSolicitudProceso.jspx?_afPfm=1 HTTP/1.1" 200 35663
186.28.93.193 - - [07/Oct/2021:10:31:12 -0500] "GET /sipsesda/adf/jsLibs/ScriptEval10_1_3_4_0.js HTTP/1.1" 200 551
191.95.63.22 - - [07/Oct/2021:10:31:13 -0500] "GET /galeria/galeria/jquery.fancybox.css?v=2.1.5 HTTP/1.1" 200 4895
191.95.63.22 - - [07/Oct/2021:10:31:13 -0500] "GET /BLA/boletinlegal/js/jquery.scrollShow.js HTTP/1.1" 200 4586
191.95.63.22 - - [07/Oct/2021:10:31:13 -0500] "GET /galeria/galeria/jquery.fancybox.js?v=2.1.5 HTTP/1.1" 200 48706
178.63.20.95 - - [07/Oct/2021:10:31:13 -0500] "GET /BLA/resoluciones/AUTOS%202010/1156.pdf HTTP/1.1" 200 147520
186.28.93.193 - - [07/Oct/2021:10:31:13 -0500] "POST /sipsesda/faces/vista/financiero/solicitudProceso/soloconsultaSolicitudProceso.jspx?_afPfm=1 HTTP/1.1" 200 35800
201.245.192.253 - - [07/Oct/2021:10:30:27 -0500] "POST /kwsrmcab/Wsrmcab HTTP/1.1" 200 47164
186.28.93.193 - - [07/Oct/2021:10:31:14 -0500] "POST /sipsesda/faces/vista/financiero/solicitudProceso/soloconsultaSolicitudProceso.jspx?_afPfm=1 HTTP/1.1" 200 36121
186.28.93.193 - - [07/Oct/2021:10:31:16 -0500] "POST /sipsesda/faces/vista/financiero/solicitudProceso/soloconsultaSolicitudProceso.jspx?_afPfm=1 HTTP/1.1" 200 41311
178.63.20.95 - - [07/Oct/2021:10:31:21 -0500] "GET /BLA/resoluciones/AUTOS%202010/5332.pdf HTTP/1.1" 200 1079712
178.63.20.95 - - [07/Oct/2021:10:31:25 -0500] "GET /BLA/resoluciones/AUTOS%202013/1984.pdf HTTP/1.1" 200 414695
178.63.20.95 - - [07/Oct/2021:10:31:33 -0500] "GET /BLA/resoluciones/AUTOS%202013/0516.pdf HTTP/1.1" 200 1132312
178.63.20.95 - - [07/Oct/2021:10:31:37 -0500] "GET /BLA/resoluciones/AUTOS%202010/5712.pdf HTTP/1.1" 200 200279
186.28.93.193 - - [07/Oct/2021:10:31:41 -0500] "GET /sipsesda/faces/vista/sistema/cargarMenu.jspx?accionMenu=listadoFuncionario&menuID=18 HTTP/1.1" 200 32915
186.28.93.193 - - [07/Oct/2021:10:31:41 -0500] "GET /favicon.ico HTTP/1.1" 200 7782
186.28.93.193 - - [07/Oct/2021:10:31:41 -0500] "POST /sipsesda/faces/vista/sistema/cargarMenu.jspx HTTP/1.1" 200 36694
201.245.192.253 - - [07/Oct/2021:10:31:46 -0500] "GET /sipse/ HTTP/1.1" 302 -
201.245.192.253 - - [07/Oct/2021:10:31:46 -0500] "GET /sipse/faces/autenticacion.xhtml HTTP/1.1" 200 12179
201.245.192.253 - - [07/Oct/2021:10:31:46 -0500] "GET /sipse/faces/javax.faces.resource/theme.css?ln=primefaces-sipse HTTP/1.1" 304 -
201.245.192.253 - - [07/Oct/2021:10:31:46 -0500] "GET /sipse/faces/javax.faces.resource/layout/layout.js?ln=primefaces&v=4.0 HTTP/1.1" 304 -
201.245.192.253 - - [07/Oct/2021:10:31:46 -0500] "GET /sipse/faces/javax.faces.resource/primefaces.js?ln=primefaces&v=4.0 HTTP/1.1" 304 -
201.245.192.253 - - [07/Oct/2021:10:31:46 -0500] "GET /sipse/faces/javax.faces.resource/jquery/jquery-plugins.js?ln=primefaces&v=4.0 HTTP/1.1" 304 -
201.245.192.253 - - [07/Oct/2021:10:31:46 -0500] "GET /sipse/faces/javax.faces.resource/layout/layout.css?ln=primefaces&v=4.0 HTTP/1.1" 304 -
201.245.192.253 - - [07/Oct/2021:10:31:46 -0500] "GET /sipse/faces/javax.faces.resource/jquery/jquery.js?ln=primefaces&v=4.0 HTTP/1.1" 304 -
201.245.192.253 - - [07/Oct/2021:10:31:46 -0500] "GET /sipse/faces/javax.faces.resource/primefaces.css?ln=primefaces&v=4.0 HTTP/1.1" 304 -
201.245.192.253 - - [07/Oct/2021:10:31:46 -0500] "GET /sipse/faces/javax.faces.resource/images/ui-icons_898989_256x240.png?ln=primefaces-aristo HTTP/1.1" 304 -
201.245.192.253 - - [07/Oct/2021:10:31:46 -0500] "GET /sipse/faces/index.xhtml HTTP/1.1" 200 677
201.245.192.253 - - [07/Oct/2021:10:31:46 -0500] "GET /sipse/faces/javax.faces.resource/theme.css?ln=primefaces-sipse HTTP/1.1" 304 -
201.245.192.253 - - [07/Oct/2021:10:31:46 -0500] "GET /sipse/faces/faces/autenticacion.xhtml HTTP/1.1" 200 12179
201.245.192.253 - - [07/Oct/2021:10:31:47 -0500] "GET /sipse/faces/javax.faces.resource/jquery/jquery-plugins.js?ln=primefaces&v=4.0 HTTP/1.1" 304 -
201.245.192.253 - - [07/Oct/2021:10:31:47 -0500] "GET /sipse/faces/javax.faces.resource/primefaces.js?ln=primefaces&v=4.0 HTTP/1.1" 304 -
201.245.192.253 - - [07/Oct/2021:10:31:47 -0500] "GET /sipse/faces/javax.faces.resource/theme.css?ln=primefaces-sipse HTTP/1.1" 304 -
201.245.192.253 - - [07/Oct/2021:10:31:47 -0500] "GET /sipse/faces/javax.faces.resource/jquery/jquery.js?ln=primefaces&v=4.0 HTTP/1.1" 304 -
201.245.192.253 - - [07/Oct/2021:10:31:47 -0500] "GET /sipse/faces/javax.faces.resource/layout/layout.css?ln=primefaces&v=4.0 HTTP/1.1" 304 -
201.245.192.253 - - [07/Oct/2021:10:31:47 -0500] "GET /sipse/faces/javax.faces.resource/layout/layout.js?ln=primefaces&v=4.0 HTTP/1.1" 304 -
178.63.20.95 - - [07/Oct/2021:10:31:47 -0500] "GET /BLA/resoluciones/AUTOS%202013/2398.pdf HTTP/1.1" 200 998161
201.245.192.253 - - [07/Oct/2021:10:31:47 -0500] "GET /sipse/faces/javax.faces.resource/primefaces.css?ln=primefaces&v=4.0 HTTP/1.1" 304 -
190.157.218.79 - - [07/Oct/2021:10:31:50 -0500] "GET /reportes_sipse/sdg/ServletReporte?reporte=solicitud_cdp&Solicitud=15318&pfdrid_c=false HTTP/1.1" 200 120247
201.245.192.253 - - [07/Oct/2021:10:31:54 -0500] "POST /sipse/faces/autenticacion.xhtml HTTP/1.1" 200 15242
201.245.192.253 - - [07/Oct/2021:10:31:55 -0500] "GET /sipse/faces/javax.faces.resource/primefaces.css?ln=primefaces&v=4.0 HTTP/1.1" 304 -
201.245.192.253 - - [07/Oct/2021:10:31:55 -0500] "GET /sipse/faces/javax.faces.resource/layout/layout.css?ln=primefaces&v=4.0 HTTP/1.1" 304 -
201.245.192.253 - - [07/Oct/2021:10:31:55 -0500] "GET /sipse/faces/javax.faces.resource/theme.css?ln=primefaces-sipse HTTP/1.1" 304 -
201.245.192.253 - - [07/Oct/2021:10:31:55 -0500] "GET /sipse/faces/javax.faces.resource/jquery/jquery.js?ln=primefaces&v=4.0 HTTP/1.1" 304 -
201.245.192.253 - - [07/Oct/2021:10:31:55 -0500] "GET /sipse/faces/javax.faces.resource/jquery/jquery-plugins.js?ln=primefaces&v=4.0 HTTP/1.1" 304 -
201.245.192.253 - - [07/Oct/2021:10:31:55 -0500] "GET /sipse/faces/javax.faces.resource/primefaces.js?ln=primefaces&v=4.0 HTTP/1.1" 304 -
201.245.192.253 - - [07/Oct/2021:10:31:55 -0500] "GET /sipse/faces/javax.faces.resource/layout/layout.js?ln=primefaces&v=4.0 HTTP/1.1" 304 -
201.245.192.253 - - [07/Oct/2021:10:31:55 -0500] "GET /sipse/css/imagen/contrasena.png HTTP/1.1" 404 383
201.245.192.253 - - [07/Oct/2021:10:31:55 -0500] "GET /sipse/faces/javax.faces.resource/messages/messages.png?ln=primefaces&v=4.0 HTTP/1.1" 304 -
178.63.20.95 - - [07/Oct/2021:10:31:56 -0500] "GET /BLA/resoluciones/AUTOS%202010/2452.pdf HTTP/1.1" 200 204543
190.25.248.157 - - [07/Oct/2021:10:31:57 -0500] "GET /galeria/galeria/jquery.fancybox.css?v=2.1.5 HTTP/1.1" 200 4895
190.25.248.157 - - [07/Oct/2021:10:31:57 -0500] "GET /BLA/boletinlegal/js/jquery.scrollShow.js HTTP/1.1" 200 4586
190.25.248.157 - - [07/Oct/2021:10:31:57 -0500] "GET /galeria/galeria/jquery.fancybox.js?v=2.1.5 HTTP/1.1" 200 48706
190.25.248.157 - - [07/Oct/2021:10:31:58 -0500] "GET /state/estado.php? HTTP/1.1" 200 8729
190.25.248.157 - - [07/Oct/2021:10:31:58 -0500] "GET /state/fonts/Linearicons-Free-v1.0.0/icon-font.min.css HTTP/1.1" 200 7354
190.25.248.157 - - [07/Oct/2021:10:31:58 -0500] "GET /state/fonts/font-awesome-4.7.0/css/font-awesome.min.css HTTP/1.1" 200 31000
190.25.248.157 - - [07/Oct/2021:10:31:58 -0500] "GET /state/vendor/select2/select2.min.css HTTP/1.1" 200 15196
190.25.248.157 - - [07/Oct/2021:10:31:58 -0500] "GET /state/vendor/css-hamburgers/hamburgers.min.css HTTP/1.1" 200 19686
190.25.248.157 - - [07/Oct/2021:10:31:58 -0500] "GET /state/vendor/animsition/css/animsition.min.css HTTP/1.1" 200 27478
190.25.248.157 - - [07/Oct/2021:10:31:58 -0500] "GET /state/vendor/bootstrap/css/bootstrap.min.css HTTP/1.1" 200 124962
190.25.248.157 - - [07/Oct/2021:10:31:58 -0500] "GET /state/css/util.css HTTP/1.1" 200 86814
190.25.248.157 - - [07/Oct/2021:10:31:58 -0500] "GET /state/css/main.css HTTP/1.1" 200 11000
190.25.248.157 - - [07/Oct/2021:10:31:58 -0500] "GET /state/vendor/animsition/js/animsition.min.js HTTP/1.1" 200 5615
190.25.248.157 - - [07/Oct/2021:10:31:58 -0500] "GET /state/vendor/daterangepicker/daterangepicker.css HTTP/1.1" 200 8163
190.25.248.157 - - [07/Oct/2021:10:31:58 -0500] "GET /state/vendor/animate/animate.css HTTP/1.1" 200 23848
190.25.248.157 - - [07/Oct/2021:10:31:58 -0500] "GET /state/vendor/bootstrap/js/bootstrap.min.js HTTP/1.1" 200 51143
190.25.248.157 - - [07/Oct/2021:10:31:58 -0500] "GET /state/vendor/jquery/jquery-3.2.1.min.js HTTP/1.1" 200 86659
190.25.248.157 - - [07/Oct/2021:10:31:58 -0500] "GET /state/vendor/bootstrap/js/popper.js HTTP/1.1" 200 81670
190.25.248.157 - - [07/Oct/2021:10:31:58 -0500] "GET /state/vendor/daterangepicker/moment.min.js HTTP/1.1" 200 46645
190.25.248.157 - - [07/Oct/2021:10:31:58 -0500] "GET /state/vendor/select2/select2.min.js HTTP/1.1" 200 66664
190.25.248.157 - - [07/Oct/2021:10:31:58 -0500] "GET /state/vendor/daterangepicker/daterangepicker.js HTTP/1.1" 200 69776
190.25.248.157 - - [07/Oct/2021:10:31:58 -0500] "GET /state/vendor/countdowntime/countdowntime.js HTTP/1.1" 200 1340
190.25.248.157 - - [07/Oct/2021:10:31:58 -0500] "GET /state/js/main.js HTTP/1.1" 200 1806
190.25.248.157 - - [07/Oct/2021:10:31:58 -0500] "GET /state/images/bg-01.jpg HTTP/1.1" 200 24337
190.25.248.157 - - [07/Oct/2021:10:31:58 -0500] "GET /state/fonts/poppins/Poppins-Bold.ttf HTTP/1.1" 200 141260
190.25.248.157 - - [07/Oct/2021:10:31:58 -0500] "GET /state/fonts/poppins/Poppins-Regular.ttf HTTP/1.1" 200 145312
201.245.192.253 - - [07/Oct/2021:10:31:15 -0500] "POST /kwsrmcab/Wsrmcab HTTP/1.1" 200 48388
178.63.20.95 - - [07/Oct/2021:10:32:04 -0500] "GET /BLA/resoluciones/AUTOS%202013/0568.pdf HTTP/1.1" 200 258418
186.154.194.25 - - [07/Oct/2021:10:32:09 -0500] "GET /BLA/boletinlegal/js/jquery.scrollShow.js HTTP/1.1" 200 4586
186.154.194.25 - - [07/Oct/2021:10:32:09 -0500] "GET /galeria/galeria/jquery.fancybox.css?v=2.1.5 HTTP/1.1" 200 4895
186.154.194.25 - - [07/Oct/2021:10:32:09 -0500] "GET /galeria/galeria/jquery.fancybox.js?v=2.1.5 HTTP/1.1" 200 48706
201.245.192.253 - - [07/Oct/2021:10:32:09 -0500] "GET /sipse/faces/index.xhtml HTTP/1.1" 200 677
201.245.192.253 - - [07/Oct/2021:10:32:09 -0500] "GET /sipse/faces/javax.faces.resource/theme.css?ln=primefaces-sipse HTTP/1.1" 304 -
201.245.192.253 - - [07/Oct/2021:10:32:09 -0500] "GET /favicon.ico HTTP/1.1" 200 7782
201.245.192.253 - - [07/Oct/2021:10:32:09 -0500] "GET /sipse/faces/faces/autenticacion.xhtml HTTP/1.1" 200 12185
201.245.192.253 - - [07/Oct/2021:10:32:09 -0500] "GET /sipse/faces/javax.faces.resource/primefaces.css?ln=primefaces&v=4.0 HTTP/1.1" 304 -
201.245.192.253 - - [07/Oct/2021:10:32:09 -0500] "GET /sipse/faces/javax.faces.resource/theme.css?ln=primefaces-sipse HTTP/1.1" 304 -
201.245.192.253 - - [07/Oct/2021:10:32:09 -0500] "GET /sipse/faces/javax.faces.resource/jquery/jquery.js?ln=primefaces&v=4.0 HTTP/1.1" 304 -
201.245.192.253 - - [07/Oct/2021:10:32:09 -0500] "GET /sipse/faces/javax.faces.resource/jquery/jquery-plugins.js?ln=primefaces&v=4.0 HTTP/1.1" 304 -
201.245.192.253 - - [07/Oct/2021:10:32:09 -0500] "GET /sipse/faces/javax.faces.resource/layout/layout.css?ln=primefaces&v=4.0 HTTP/1.1" 304 -
201.245.192.253 - - [07/Oct/2021:10:32:09 -0500] "GET /sipse/faces/javax.faces.resource/primefaces.js?ln=primefaces&v=4.0 HTTP/1.1" 304 -
201.245.192.253 - - [07/Oct/2021:10:32:09 -0500] "GET /sipse/faces/javax.faces.resource/layout/layout.js?ln=primefaces&v=4.0 HTTP/1.1" 304 -
201.245.192.253 - - [07/Oct/2021:10:32:09 -0500] "GET /sipse/faces/javax.faces.resource/images/ui-icons_898989_256x240.png?ln=primefaces-aristo HTTP/1.1" 304 -
186.28.93.193 - - [07/Oct/2021:10:32:09 -0500] "POST /sipsesda/faces/vista/administracion/funcionario/listadoFuncionario.jspx HTTP/1.1" 200 11529
201.245.192.253 - - [07/Oct/2021:10:32:11 -0500] "GET /catalogoisis/ HTTP/1.1" 200 8575
201.245.192.253 - - [07/Oct/2021:10:32:12 -0500] "POST /sipse/faces/autenticacion.xhtml HTTP/1.1" 200 11242
201.245.192.253 - - [07/Oct/2021:10:32:12 -0500] "GET /sipse/faces/javax.faces.resource/jquery/jquery.js?ln=primefaces&v=4.0 HTTP/1.1" 304 -
201.245.192.253 - - [07/Oct/2021:10:32:12 -0500] "GET /sipse/faces/javax.faces.resource/layout/layout.css?ln=primefaces&v=4.0 HTTP/1.1" 304 -
201.245.192.253 - - [07/Oct/2021:10:32:12 -0500] "GET /sipse/faces/javax.faces.resource/theme.css?ln=primefaces-sipse HTTP/1.1" 304 -
201.245.192.253 - - [07/Oct/2021:10:32:12 -0500] "GET /sipse/faces/javax.faces.resource/primefaces.css?ln=primefaces&v=4.0 HTTP/1.1" 304 -
201.245.192.253 - - [07/Oct/2021:10:32:12 -0500] "GET /sipse/faces/javax.faces.resource/jquery/jquery-plugins.js?ln=primefaces&v=4.0 HTTP/1.1" 304 -
201.245.192.253 - - [07/Oct/2021:10:32:12 -0500] "GET /sipse/faces/javax.faces.resource/primefaces.js?ln=primefaces&v=4.0 HTTP/1.1" 304 -
201.245.192.253 - - [07/Oct/2021:10:32:12 -0500] "GET /sipse/faces/javax.faces.resource/layout/layout.js?ln=primefaces&v=4.0 HTTP/1.1" 304 -
201.245.192.253 - - [07/Oct/2021:10:32:12 -0500] "GET /sipse/faces/javax.faces.resource/messages/messages.png?ln=primefaces&v=4.0 HTTP/1.1" 304 -
186.85.64.16 - - [07/Oct/2021:10:32:12 -0500] "GET /BLA/boletinlegal/js/jquery.scrollShow.js HTTP/1.1" 200 4586
186.85.64.16 - - [07/Oct/2021:10:32:12 -0500] "GET /galeria/galeria/jquery.fancybox.css?v=2.1.5 HTTP/1.1" 200 4895
186.85.64.16 - - [07/Oct/2021:10:32:12 -0500] "GET /galeria/galeria/jquery.fancybox.js?v=2.1.5 HTTP/1.1" 200 48706
178.63.20.95 - - [07/Oct/2021:10:32:12 -0500] "GET /BLA/resoluciones/AUTOS%202013/3511.pdf HTTP/1.1" 200 339410
190.130.76.165 - - [07/Oct/2021:10:32:15 -0500] "GET /galeria/galeria/jquery.fancybox.css?v=2.1.5 HTTP/1.1" 200 4895
190.130.76.165 - - [07/Oct/2021:10:32:15 -0500] "GET /BLA/boletinlegal/js/jquery.scrollShow.js HTTP/1.1" 200 4586
190.130.76.165 - - [07/Oct/2021:10:32:15 -0500] "GET /galeria/galeria/jquery.fancybox.js?v=2.1.5 HTTP/1.1" 200 48706
201.245.192.253 - - [07/Oct/2021:10:32:17 -0500] "POST /sipse/faces/presentacion/sistema/seguridad/seleccionRol.xhtml HTTP/1.1" 200 5610
201.245.192.253 - - [07/Oct/2021:10:32:19 -0500] "POST /sipse/faces/presentacion/sistema/seguridad/seleccionRol.xhtml HTTP/1.1" 200 5610
200.119.110.117 - - [07/Oct/2021:10:32:19 -0500] "-" 408 -
201.245.192.253 - - [07/Oct/2021:10:32:20 -0500] "POST /sipse/faces/presentacion/sistema/seguridad/seleccionRol.xhtml HTTP/1.1" 200 16068
201.245.192.253 - - [07/Oct/2021:10:32:20 -0500] "GET /sipse/faces/javax.faces.resource/primefaces.css?ln=primefaces&v=4.0 HTTP/1.1" 304 -
201.245.192.253 - - [07/Oct/2021:10:32:20 -0500] "GET /sipse/faces/javax.faces.resource/theme.css?ln=primefaces-sipse HTTP/1.1" 304 -
201.245.192.253 - - [07/Oct/2021:10:32:20 -0500] "GET /sipse/faces/javax.faces.resource/layout/layout.css?ln=primefaces&v=4.0 HTTP/1.1" 304 -
201.245.192.253 - - [07/Oct/2021:10:32:20 -0500] "GET /sipse/faces/javax.faces.resource/jquery/jquery.js?ln=primefaces&v=4.0 HTTP/1.1" 304 -
201.245.192.253 - - [07/Oct/2021:10:32:20 -0500] "GET /sipse/faces/javax.faces.resource/jquery/jquery-plugins.js?ln=primefaces&v=4.0 HTTP/1.1" 304 -
201.245.192.253 - - [07/Oct/2021:10:32:20 -0500] "GET /sipse/faces/javax.faces.resource/primefaces.js?ln=primefaces&v=4.0 HTTP/1.1" 304 -
201.245.192.253 - - [07/Oct/2021:10:32:20 -0500] "GET /sipse/faces/javax.faces.resource/layout/layout.js?ln=primefaces&v=4.0 HTTP/1.1" 304 -
201.245.192.253 - - [07/Oct/2021:10:32:20 -0500] "GET /sipse/css/imagen/contrasena.png HTTP/1.1" 404 383
201.245.192.253 - - [07/Oct/2021:10:32:21 -0500] "GET /sipse/faces/javax.faces.resource/images/ui-bg_flat_0_2d5972_40x100.png?ln=primefaces-aristo HTTP/1.1" 304 -
190.25.248.157 - - [07/Oct/2021:10:32:21 -0500] "POST /state/radicado.php HTTP/1.1" 200 3121
201.245.192.253 - - [07/Oct/2021:10:32:21 -0500] "POST /sipse/faces/bienvenido.xhtml HTTP/1.1" 200 1471
201.245.192.253 - - [07/Oct/2021:10:32:22 -0500] "POST /sipse/faces/bienvenido.xhtml HTTP/1.1" 200 29547
201.245.192.253 - - [07/Oct/2021:10:32:22 -0500] "GET /sipse/faces/javax.faces.resource/theme.css?ln=primefaces-sipse HTTP/1.1" 304 -
201.245.192.253 - - [07/Oct/2021:10:32:22 -0500] "GET /sipse/faces/javax.faces.resource/primefaces.css?ln=primefaces&v=4.0 HTTP/1.1" 304 -
201.245.192.253 - - [07/Oct/2021:10:32:22 -0500] "GET /sipse/faces/javax.faces.resource/layout/layout.css?ln=primefaces&v=4.0 HTTP/1.1" 304 -
201.245.192.253 - - [07/Oct/2021:10:32:22 -0500] "GET /sipse/faces/javax.faces.resource/jquery/jquery.js?ln=primefaces&v=4.0 HTTP/1.1" 304 -
201.245.192.253 - - [07/Oct/2021:10:32:22 -0500] "GET /sipse/faces/javax.faces.resource/jquery/jquery-plugins.js?ln=primefaces&v=4.0 HTTP/1.1" 304 -
201.245.192.253 - - [07/Oct/2021:10:32:22 -0500] "GET /sipse/faces/javax.faces.resource/primefaces.js?ln=primefaces&v=4.0 HTTP/1.1" 304 -
201.245.192.253 - - [07/Oct/2021:10:32:22 -0500] "GET /sipse/faces/javax.faces.resource/layout/layout.js?ln=primefaces&v=4.0 HTTP/1.1" 304 -
201.245.192.253 - - [07/Oct/2021:10:32:22 -0500] "POST /sipse/faces/presentacion/financiero/solicitudProceso/listarSolicitudProceso.xhtml HTTP/1.1" 200 1328
178.63.20.95 - - [07/Oct/2021:10:32:23 -0500] "GET /BLA/resoluciones/AUTOS%202013/0320.pdf HTTP/1.1" 200 1123898
201.245.192.253 - - [07/Oct/2021:10:32:23 -0500] "POST /sipse/faces/presentacion/financiero/solicitudProceso/listarSolicitudProceso.xhtml HTTP/1.1" 200 22291
201.245.192.253 - - [07/Oct/2021:10:32:23 -0500] "POST /sipse/faces/presentacion/financiero/solicitudProceso/listarSolicitudProceso.xhtml HTTP/1.1" 200 22295
201.245.192.253 - - [07/Oct/2021:10:32:24 -0500] "POST /sipse/faces/presentacion/financiero/solicitudProceso/listarSolicitudProceso.xhtml HTTP/1.1" 200 1376
201.245.192.253 - - [07/Oct/2021:10:32:24 -0500] "POST /sipse/faces/presentacion/financiero/solicitudProceso/listarSolicitudProceso.xhtml HTTP/1.1" 200 1376
201.245.192.253 - - [07/Oct/2021:10:32:26 -0500] "POST /sipse/faces/presentacion/financiero/solicitudProceso/listarSolicitudProceso.xhtml HTTP/1.1" 200 2029
201.245.192.253 - - [07/Oct/2021:10:32:26 -0500] "POST /sipse/faces/presentacion/financiero/solicitudProceso/listarSolicitudProceso.xhtml HTTP/1.1" 200 38164
201.245.192.253 - - [07/Oct/2021:10:32:26 -0500] "GET /sipse/faces/javax.faces.resource/primefaces.css?ln=primefaces&v=4.0 HTTP/1.1" 304 -
201.245.192.253 - - [07/Oct/2021:10:32:26 -0500] "GET /sipse/faces/javax.faces.resource/layout/layout.css?ln=primefaces&v=4.0 HTTP/1.1" 304 -
201.245.192.253 - - [07/Oct/2021:10:32:26 -0500] "GET /sipse/faces/javax.faces.resource/theme.css?ln=primefaces-sipse HTTP/1.1" 304 -
201.245.192.253 - - [07/Oct/2021:10:32:26 -0500] "GET /sipse/faces/javax.faces.resource/jquery/jquery.js?ln=primefaces&v=4.0 HTTP/1.1" 304 -
201.245.192.253 - - [07/Oct/2021:10:32:26 -0500] "GET /sipse/faces/javax.faces.resource/jquery/jquery-plugins.js?ln=primefaces&v=4.0 HTTP/1.1" 304 -
201.245.192.253 - - [07/Oct/2021:10:32:26 -0500] "GET /sipse/faces/javax.faces.resource/primefaces.js?ln=primefaces&v=4.0 HTTP/1.1" 304 -
201.245.192.253 - - [07/Oct/2021:10:32:26 -0500] "GET /sipse/faces/javax.faces.resource/layout/layout.js?ln=primefaces&v=4.0 HTTP/1.1" 304 -
178.63.20.95 - - [07/Oct/2021:10:32:26 -0500] "GET /BLA/resoluciones/AUTOS%202010/5472.pdf HTTP/1.1" 200 851028
201.245.192.253 - - [07/Oct/2021:10:32:26 -0500] "POST /sipse/faces/presentacion/financiero/solicitudProceso/consultar.xhtml HTTP/1.1" 200 31436
181.58.242.136 - - [07/Oct/2021:10:32:28 -0500] "GET /galeria/galeria/jquery.fancybox.css?v=2.1.5 HTTP/1.1" 200 4895
181.58.242.136 - - [07/Oct/2021:10:32:28 -0500] "GET /BLA/boletinlegal/js/jquery.scrollShow.js HTTP/1.1" 200 4586
181.58.242.136 - - [07/Oct/2021:10:32:28 -0500] "GET /galeria/galeria/jquery.fancybox.js?v=2.1.5 HTTP/1.1" 200 48706
201.245.192.253 - - [07/Oct/2021:10:32:29 -0500] "POST /sipse/faces/presentacion/financiero/solicitudProceso/consultar.xhtml HTTP/1.1" 200 12808
201.245.192.253 - - [07/Oct/2021:10:32:33 -0500] "POST /sipse/faces/presentacion/financiero/solicitudProceso/consultar.xhtml HTTP/1.1" 200 113919
201.245.192.253 - - [07/Oct/2021:10:32:34 -0500] "GET /sipse/faces/javax.faces.resource/theme.css?ln=primefaces-sipse HTTP/1.1" 304 -
