181.237.38.114 - - [07/Oct/2021:09:20:22 -0500] "GET /galeria/galeria/jquery.fancybox.js?v=2.1.5 HTTP/1.1" 200 48706
178.63.20.95 - - [07/Oct/2021:09:20:23 -0500] "GET /BLA/resoluciones/AUTOS%202010/0120.pdf HTTP/1.1" 200 267809
190.27.245.107 - - [07/Oct/2021:09:20:24 -0500] "GET /sipse/ HTTP/1.1" 302 -
186.85.100.42 - - [07/Oct/2021:09:20:24 -0500] "GET /sipse/faces/autenticacion.xhtml HTTP/1.1" 200 12501
186.85.100.42 - - [07/Oct/2021:09:20:24 -0500] "GET /sipse/faces/javax.faces.resource/theme.css?ln=primefaces-sipse HTTP/1.1" 304 -
186.85.100.42 - - [07/Oct/2021:09:20:24 -0500] "GET /sipse/faces/javax.faces.resource/layout/layout.css;jsessionid=BKZCAGs2vYE30fgO8JRR8FI3.undefined?ln=primefaces&v=4.0 HTTP/1.1" 200 542
186.85.100.42 - - [07/Oct/2021:09:20:24 -0500] "GET /sipse/faces/javax.faces.resource/primefaces.css;jsessionid=BKZCAGs2vYE30fgO8JRR8FI3.undefined?ln=primefaces&v=4.0 HTTP/1.1" 200 53295
186.85.100.42 - - [07/Oct/2021:09:20:24 -0500] "GET /sipse/faces/javax.faces.resource/layout/layout.js;jsessionid=BKZCAGs2vYE30fgO8JRR8FI3.undefined?ln=primefaces&v=4.0 HTTP/1.1" 200 87560
186.85.100.42 - - [07/Oct/2021:09:20:24 -0500] "GET /sipse/faces/javax.faces.resource/jquery/jquery.js;jsessionid=BKZCAGs2vYE30fgO8JRR8FI3.undefined?ln=primefaces&v=4.0 HTTP/1.1" 200 105384
186.85.100.42 - - [07/Oct/2021:09:20:24 -0500] "GET /sipse/faces/javax.faces.resource/primefaces.js;jsessionid=BKZCAGs2vYE30fgO8JRR8FI3.undefined?ln=primefaces&v=4.0 HTTP/1.1" 200 276924
186.85.100.42 - - [07/Oct/2021:09:20:24 -0500] "GET /sipse/faces/javax.faces.resource/jquery/jquery-plugins.js;jsessionid=BKZCAGs2vYE30fgO8JRR8FI3.undefined?ln=primefaces&v=4.0 HTTP/1.1" 200 220526
186.85.100.42 - - [07/Oct/2021:09:20:25 -0500] "GET /sipse/faces/javax.faces.resource/images/ui-icons_898989_256x240.png?ln=primefaces-aristo HTTP/1.1" 304 -
186.85.100.42 - - [07/Oct/2021:09:20:25 -0500] "GET /sipse/faces/index.xhtml HTTP/1.1" 200 677
186.85.100.42 - - [07/Oct/2021:09:20:25 -0500] "GET /sipse/faces/javax.faces.resource/theme.css?ln=primefaces-sipse HTTP/1.1" 304 -
186.85.100.42 - - [07/Oct/2021:09:20:26 -0500] "GET /sipse/faces/faces/autenticacion.xhtml HTTP/1.1" 200 12179
186.85.100.42 - - [07/Oct/2021:09:20:26 -0500] "GET /sipse/faces/javax.faces.resource/theme.css?ln=primefaces-sipse HTTP/1.1" 304 -
186.85.100.42 - - [07/Oct/2021:09:20:26 -0500] "GET /sipse/faces/javax.faces.resource/primefaces.css?ln=primefaces&v=4.0 HTTP/1.1" 304 -
186.85.100.42 - - [07/Oct/2021:09:20:26 -0500] "GET /sipse/faces/javax.faces.resource/layout/layout.css?ln=primefaces&v=4.0 HTTP/1.1" 304 -
186.85.100.42 - - [07/Oct/2021:09:20:26 -0500] "GET /sipse/faces/javax.faces.resource/primefaces.js?ln=primefaces&v=4.0 HTTP/1.1" 304 -
186.85.100.42 - - [07/Oct/2021:09:20:26 -0500] "GET /sipse/faces/javax.faces.resource/jquery/jquery.js?ln=primefaces&v=4.0 HTTP/1.1" 304 -
186.85.100.42 - - [07/Oct/2021:09:20:26 -0500] "GET /sipse/faces/javax.faces.resource/jquery/jquery-plugins.js?ln=primefaces&v=4.0 HTTP/1.1" 304 -
186.85.100.42 - - [07/Oct/2021:09:20:26 -0500] "GET /sipse/faces/javax.faces.resource/layout/layout.js?ln=primefaces&v=4.0 HTTP/1.1" 304 -
186.85.100.42 - - [07/Oct/2021:09:20:31 -0500] "POST /sipse/faces/autenticacion.xhtml HTTP/1.1" 200 16461
186.85.100.42 - - [07/Oct/2021:09:20:32 -0500] "GET /sipse/faces/javax.faces.resource/theme.css?ln=primefaces-sipse HTTP/1.1" 304 -
186.85.100.42 - - [07/Oct/2021:09:20:32 -0500] "GET /sipse/faces/javax.faces.resource/primefaces.css?ln=primefaces&v=4.0 HTTP/1.1" 304 -
186.85.100.42 - - [07/Oct/2021:09:20:32 -0500] "GET /sipse/faces/javax.faces.resource/layout/layout.css?ln=primefaces&v=4.0 HTTP/1.1" 304 -
186.85.100.42 - - [07/Oct/2021:09:20:32 -0500] "GET /sipse/faces/javax.faces.resource/jquery/jquery.js?ln=primefaces&v=4.0 HTTP/1.1" 304 -
186.85.100.42 - - [07/Oct/2021:09:20:32 -0500] "GET /sipse/faces/javax.faces.resource/jquery/jquery-plugins.js?ln=primefaces&v=4.0 HTTP/1.1" 304 -
186.85.100.42 - - [07/Oct/2021:09:20:32 -0500] "GET /sipse/faces/javax.faces.resource/primefaces.js?ln=primefaces&v=4.0 HTTP/1.1" 304 -
186.85.100.42 - - [07/Oct/2021:09:20:32 -0500] "GET /sipse/faces/javax.faces.resource/layout/layout.js?ln=primefaces&v=4.0 HTTP/1.1" 304 -
186.85.100.42 - - [07/Oct/2021:09:20:32 -0500] "GET /sipse/css/imagen/contrasena.png HTTP/1.1" 404 383
186.85.100.42 - - [07/Oct/2021:09:20:32 -0500] "GET /sipse/faces/javax.faces.resource/images/ui-icons_898989_256x240.png?ln=primefaces-aristo HTTP/1.1" 304 -
186.85.100.42 - - [07/Oct/2021:09:20:32 -0500] "GET /sipse/faces/javax.faces.resource/messages/messages.png?ln=primefaces&v=4.0 HTTP/1.1" 304 -
178.63.20.95 - - [07/Oct/2021:09:20:33 -0500] "GET /BLA/resoluciones/AUTOS%202010/0081.pdf HTTP/1.1" 200 261551
186.85.100.42 - - [07/Oct/2021:09:20:34 -0500] "GET /sipse/faces/javax.faces.resource/images/ui-bg_flat_0_2d5972_40x100.png?ln=primefaces-aristo HTTP/1.1" 304 -
186.85.100.42 - - [07/Oct/2021:09:20:34 -0500] "POST /sipse/faces/bienvenido.xhtml HTTP/1.1" 200 3255
186.85.100.42 - - [07/Oct/2021:09:20:35 -0500] "POST /sipse/faces/bienvenido.xhtml HTTP/1.1" 200 31316
186.85.100.42 - - [07/Oct/2021:09:20:35 -0500] "GET /sipse/faces/javax.faces.resource/theme.css?ln=primefaces-sipse HTTP/1.1" 304 -
186.85.100.42 - - [07/Oct/2021:09:20:35 -0500] "GET /sipse/faces/javax.faces.resource/layout/layout.css?ln=primefaces&v=4.0 HTTP/1.1" 304 -
186.85.100.42 - - [07/Oct/2021:09:20:35 -0500] "GET /sipse/faces/javax.faces.resource/primefaces.css?ln=primefaces&v=4.0 HTTP/1.1" 304 -
186.85.100.42 - - [07/Oct/2021:09:20:35 -0500] "GET /sipse/faces/javax.faces.resource/jquery/jquery.js?ln=primefaces&v=4.0 HTTP/1.1" 304 -
186.85.100.42 - - [07/Oct/2021:09:20:35 -0500] "GET /sipse/faces/javax.faces.resource/jquery/jquery-plugins.js?ln=primefaces&v=4.0 HTTP/1.1" 304 -
186.85.100.42 - - [07/Oct/2021:09:20:36 -0500] "GET /sipse/faces/javax.faces.resource/primefaces.js?ln=primefaces&v=4.0 HTTP/1.1" 304 -
186.85.100.42 - - [07/Oct/2021:09:20:36 -0500] "GET /sipse/faces/javax.faces.resource/layout/layout.js?ln=primefaces&v=4.0 HTTP/1.1" 304 -
186.85.100.42 - - [07/Oct/2021:09:20:36 -0500] "POST /sipse/faces/presentacion/financiero/solicitudProceso/listarSolicitudProceso.xhtml HTTP/1.1" 200 1328
186.85.100.42 - - [07/Oct/2021:09:20:39 -0500] "POST /sipse/faces/presentacion/financiero/solicitudProceso/listarSolicitudProceso.xhtml HTTP/1.1" 200 2629
186.85.100.42 - - [07/Oct/2021:09:20:41 -0500] "POST /sipse/faces/presentacion/financiero/solicitudProceso/listarSolicitudProceso.xhtml HTTP/1.1" 200 41104
186.85.100.42 - - [07/Oct/2021:09:20:41 -0500] "GET /sipse/faces/javax.faces.resource/theme.css?ln=primefaces-sipse HTTP/1.1" 304 -
186.85.100.42 - - [07/Oct/2021:09:20:41 -0500] "GET /sipse/faces/javax.faces.resource/layout/layout.css?ln=primefaces&v=4.0 HTTP/1.1" 304 -
186.85.100.42 - - [07/Oct/2021:09:20:41 -0500] "GET /sipse/faces/javax.faces.resource/primefaces.css?ln=primefaces&v=4.0 HTTP/1.1" 304 -
186.85.100.42 - - [07/Oct/2021:09:20:41 -0500] "GET /sipse/faces/javax.faces.resource/jquery/jquery.js?ln=primefaces&v=4.0 HTTP/1.1" 304 -
186.85.100.42 - - [07/Oct/2021:09:20:41 -0500] "GET /sipse/faces/javax.faces.resource/jquery/jquery-plugins.js?ln=primefaces&v=4.0 HTTP/1.1" 304 -
186.85.100.42 - - [07/Oct/2021:09:20:41 -0500] "GET /sipse/faces/javax.faces.resource/primefaces.js?ln=primefaces&v=4.0 HTTP/1.1" 304 -
186.85.100.42 - - [07/Oct/2021:09:20:41 -0500] "GET /sipse/faces/javax.faces.resource/layout/layout.js?ln=primefaces&v=4.0 HTTP/1.1" 304 -
186.85.100.42 - - [07/Oct/2021:09:20:41 -0500] "POST /sipse/faces/presentacion/financiero/solicitudProceso/consultar.xhtml HTTP/1.1" 200 34392
178.63.20.95 - - [07/Oct/2021:09:20:43 -0500] "GET /BLA/resoluciones/AUTOS%202010/5364.pdf HTTP/1.1" 200 781225
81.40.86.193 - - [07/Oct/2021:09:20:46 -0500] "GET /galeria/galeria/jquery.fancybox.css?v=2.1.5 HTTP/1.1" 200 4895
81.40.86.193 - - [07/Oct/2021:09:20:46 -0500] "GET /galeria/galeria/jquery.fancybox.js?v=2.1.5 HTTP/1.1" 200 48706
81.40.86.193 - - [07/Oct/2021:09:20:46 -0500] "GET /BLA/boletinlegal/js/jquery.scrollShow.js HTTP/1.1" 200 4586
178.63.20.95 - - [07/Oct/2021:09:20:57 -0500] "GET /BLA/resoluciones/AUTOS%202010/5454.pdf HTTP/1.1" 200 150347
186.85.100.42 - - [07/Oct/2021:09:20:59 -0500] "POST /sipse/faces/presentacion/financiero/solicitudProceso/consultar.xhtml HTTP/1.1" 200 13088
200.34.171.30 - - [07/Oct/2021:09:21:03 -0500] "GET /galeria/galeria/jquery.fancybox.css?v=2.1.5 HTTP/1.1" 200 4895
200.34.171.30 - - [07/Oct/2021:09:21:05 -0500] "GET /BLA/boletinlegal/js/jquery.scrollShow.js HTTP/1.1" 200 4586
200.34.171.30 - - [07/Oct/2021:09:21:05 -0500] "GET /galeria/galeria/jquery.fancybox.js?v=2.1.5 HTTP/1.1" 200 48706
178.63.20.95 - - [07/Oct/2021:09:21:06 -0500] "GET /BLA/resoluciones/AUTOS%202010/0349.pdf HTTP/1.1" 200 417542
201.245.192.253 - - [07/Oct/2021:09:20:28 -0500] "POST /kwsrmcab/Wsrmcab HTTP/1.1" 200 47327
178.63.20.95 - - [07/Oct/2021:09:21:16 -0500] "GET /BLA/resoluciones/AUTOS%202010/4840.pdf HTTP/1.1" 200 365959
201.245.192.253 - - [07/Oct/2021:09:21:18 -0500] "GET /catalogoisis/ HTTP/1.1" 200 8575
178.63.20.95 - - [07/Oct/2021:09:21:25 -0500] "GET /BLA/resoluciones/AUTOS%202010/1460.pdf HTTP/1.1" 200 245463
178.63.20.95 - - [07/Oct/2021:09:21:33 -0500] "GET /BLA/resoluciones/AUTOS%202010/2606.pdf HTTP/1.1" 200 158119
23.100.232.233 - - [07/Oct/2021:09:21:35 -0500] "GET /galeria/galeria/jquery.fancybox.css?v=2.1.5 HTTP/1.1" 200 4895
23.100.232.233 - - [07/Oct/2021:09:21:35 -0500] "GET /galeria/galeria/jquery.fancybox.js?v=2.1.5 HTTP/1.1" 200 48706
177.93.39.24 - - [07/Oct/2021:09:21:37 -0500] "GET /galeria/galeria/jquery.fancybox.css?v=2.1.5 HTTP/1.1" 200 4895
177.93.39.24 - - [07/Oct/2021:09:21:37 -0500] "GET /BLA/boletinlegal/js/jquery.scrollShow.js HTTP/1.1" 200 4586
177.93.39.24 - - [07/Oct/2021:09:21:37 -0500] "GET /galeria/galeria/jquery.fancybox.js?v=2.1.5 HTTP/1.1" 200 48706
178.63.20.95 - - [07/Oct/2021:09:21:43 -0500] "GET /BLA/resoluciones/AUTOS%202010/0812.pdf HTTP/1.1" 200 177307
201.245.192.253 - - [07/Oct/2021:09:21:46 -0500] "GET /sipse/faces/presentacion/financiero/solicitudProceso/consultarSolicitudProceso.xhtml HTTP/1.1" 302 -
201.245.192.253 - - [07/Oct/2021:09:21:47 -0500] "GET /sipse/faces/autenticacion.xhtml HTTP/1.1" 200 12179
201.245.192.253 - - [07/Oct/2021:09:21:47 -0500] "GET /sipse/faces/javax.faces.resource/theme.css?ln=primefaces-sipse HTTP/1.1" 304 -
201.245.192.253 - - [07/Oct/2021:09:21:47 -0500] "GET /sipse/faces/javax.faces.resource/primefaces.css?ln=primefaces&v=4.0 HTTP/1.1" 304 -
201.245.192.253 - - [07/Oct/2021:09:21:47 -0500] "GET /sipse/faces/javax.faces.resource/primefaces.js?ln=primefaces&v=4.0 HTTP/1.1" 304 -
201.245.192.253 - - [07/Oct/2021:09:21:47 -0500] "GET /sipse/faces/javax.faces.resource/layout/layout.css?ln=primefaces&v=4.0 HTTP/1.1" 304 -
201.245.192.253 - - [07/Oct/2021:09:21:47 -0500] "GET /sipse/faces/javax.faces.resource/jquery/jquery-plugins.js?ln=primefaces&v=4.0 HTTP/1.1" 304 -
201.245.192.253 - - [07/Oct/2021:09:21:47 -0500] "GET /sipse/faces/javax.faces.resource/jquery/jquery.js?ln=primefaces&v=4.0 HTTP/1.1" 304 -
201.245.192.253 - - [07/Oct/2021:09:21:47 -0500] "GET /sipse/faces/javax.faces.resource/layout/layout.js?ln=primefaces&v=4.0 HTTP/1.1" 304 -
201.245.192.253 - - [07/Oct/2021:09:21:47 -0500] "GET /sipse/faces/javax.faces.resource/images/ui-icons_898989_256x240.png?ln=primefaces-aristo HTTP/1.1" 304 -
201.245.192.253 - - [07/Oct/2021:09:21:47 -0500] "GET /sipse/faces/index.xhtml HTTP/1.1" 200 677
201.245.192.253 - - [07/Oct/2021:09:21:47 -0500] "GET /sipse/faces/javax.faces.resource/theme.css?ln=primefaces-sipse HTTP/1.1" 304 -
201.245.192.253 - - [07/Oct/2021:09:21:47 -0500] "GET /sipse/faces/faces/autenticacion.xhtml HTTP/1.1" 200 12179
201.245.192.253 - - [07/Oct/2021:09:21:48 -0500] "GET /sipse/faces/javax.faces.resource/layout/layout.css?ln=primefaces&v=4.0 HTTP/1.1" 304 -
201.245.192.253 - - [07/Oct/2021:09:21:48 -0500] "GET /sipse/faces/javax.faces.resource/primefaces.css?ln=primefaces&v=4.0 HTTP/1.1" 304 -
201.245.192.253 - - [07/Oct/2021:09:21:48 -0500] "GET /sipse/faces/javax.faces.resource/theme.css?ln=primefaces-sipse HTTP/1.1" 304 -
201.245.192.253 - - [07/Oct/2021:09:21:48 -0500] "GET /sipse/faces/javax.faces.resource/jquery/jquery.js?ln=primefaces&v=4.0 HTTP/1.1" 304 -
201.245.192.253 - - [07/Oct/2021:09:21:48 -0500] "GET /sipse/faces/javax.faces.resource/primefaces.js?ln=primefaces&v=4.0 HTTP/1.1" 304 -
201.245.192.253 - - [07/Oct/2021:09:21:48 -0500] "GET /sipse/faces/javax.faces.resource/jquery/jquery-plugins.js?ln=primefaces&v=4.0 HTTP/1.1" 304 -
201.245.192.253 - - [07/Oct/2021:09:21:48 -0500] "GET /sipse/faces/javax.faces.resource/layout/layout.js?ln=primefaces&v=4.0 HTTP/1.1" 304 -
178.63.20.95 - - [07/Oct/2021:09:21:51 -0500] "GET /BLA/resoluciones/AUTOS%202010/1380.pdf HTTP/1.1" 200 253161
201.245.192.253 - - [07/Oct/2021:09:21:51 -0500] "POST /sipse/faces/autenticacion.xhtml HTTP/1.1" 200 16483
201.245.192.253 - - [07/Oct/2021:09:21:52 -0500] "GET /sipse/faces/javax.faces.resource/theme.css?ln=primefaces-sipse HTTP/1.1" 304 -
201.245.192.253 - - [07/Oct/2021:09:21:52 -0500] "GET /sipse/faces/javax.faces.resource/layout/layout.css?ln=primefaces&v=4.0 HTTP/1.1" 304 -
201.245.192.253 - - [07/Oct/2021:09:21:52 -0500] "GET /sipse/faces/javax.faces.resource/primefaces.css?ln=primefaces&v=4.0 HTTP/1.1" 304 -
201.245.192.253 - - [07/Oct/2021:09:21:52 -0500] "GET /sipse/faces/javax.faces.resource/jquery/jquery.js?ln=primefaces&v=4.0 HTTP/1.1" 304 -
201.245.192.253 - - [07/Oct/2021:09:21:52 -0500] "GET /sipse/faces/javax.faces.resource/jquery/jquery-plugins.js?ln=primefaces&v=4.0 HTTP/1.1" 304 -
201.245.192.253 - - [07/Oct/2021:09:21:52 -0500] "GET /sipse/faces/javax.faces.resource/primefaces.js?ln=primefaces&v=4.0 HTTP/1.1" 304 -
201.245.192.253 - - [07/Oct/2021:09:21:52 -0500] "GET /sipse/faces/javax.faces.resource/layout/layout.js?ln=primefaces&v=4.0 HTTP/1.1" 304 -
201.245.192.253 - - [07/Oct/2021:09:21:52 -0500] "GET /sipse/css/imagen/contrasena.png HTTP/1.1" 404 383
201.245.192.253 - - [07/Oct/2021:09:21:52 -0500] "GET /sipse/faces/javax.faces.resource/messages/messages.png?ln=primefaces&v=4.0 HTTP/1.1" 304 -
201.245.192.253 - - [07/Oct/2021:09:21:53 -0500] "GET /sipse/faces/javax.faces.resource/images/ui-bg_flat_0_2d5972_40x100.png?ln=primefaces-aristo HTTP/1.1" 304 -
201.245.192.253 - - [07/Oct/2021:09:21:53 -0500] "POST /sipse/faces/bienvenido.xhtml HTTP/1.1" 200 2658
201.245.192.253 - - [07/Oct/2021:09:21:55 -0500] "POST /sipse/faces/bienvenido.xhtml HTTP/1.1" 200 33729
201.245.192.253 - - [07/Oct/2021:09:21:55 -0500] "GET /sipse/faces/javax.faces.resource/layout/layout.css?ln=primefaces&v=4.0 HTTP/1.1" 304 -
201.245.192.253 - - [07/Oct/2021:09:21:55 -0500] "GET /sipse/faces/javax.faces.resource/theme.css?ln=primefaces-sipse HTTP/1.1" 304 -
201.245.192.253 - - [07/Oct/2021:09:21:55 -0500] "GET /sipse/faces/javax.faces.resource/primefaces.css?ln=primefaces&v=4.0 HTTP/1.1" 304 -
201.245.192.253 - - [07/Oct/2021:09:21:55 -0500] "GET /sipse/faces/javax.faces.resource/jquery/jquery.js?ln=primefaces&v=4.0 HTTP/1.1" 304 -
201.245.192.253 - - [07/Oct/2021:09:21:55 -0500] "GET /sipse/faces/javax.faces.resource/jquery/jquery-plugins.js?ln=primefaces&v=4.0 HTTP/1.1" 304 -
201.245.192.253 - - [07/Oct/2021:09:21:55 -0500] "GET /sipse/faces/javax.faces.resource/primefaces.js?ln=primefaces&v=4.0 HTTP/1.1" 304 -
201.245.192.253 - - [07/Oct/2021:09:21:55 -0500] "GET /sipse/faces/javax.faces.resource/layout/layout.js?ln=primefaces&v=4.0 HTTP/1.1" 304 -
201.245.192.253 - - [07/Oct/2021:09:21:55 -0500] "POST /sipse/faces/presentacion/financiero/solicitudProceso/listarSolicitudProceso.xhtml HTTP/1.1" 200 1348
186.154.211.126 - - [07/Oct/2021:09:21:57 -0500] "GET /BLA/boletinlegal/js/jquery.scrollShow.js HTTP/1.1" 200 4586
186.154.211.123 - - [07/Oct/2021:09:21:57 -0500] "GET /galeria/galeria/jquery.fancybox.css?v=2.1.5 HTTP/1.1" 200 4895
186.154.211.122 - - [07/Oct/2021:09:21:57 -0500] "GET /galeria/galeria/jquery.fancybox.js?v=2.1.5 HTTP/1.1" 200 48706
201.245.192.253 - - [07/Oct/2021:09:21:59 -0500] "GET /sipse/faces/javax.faces.resource/images/ui-icons_898989_256x240.png?ln=primefaces-aristo HTTP/1.1" 304 -
178.63.20.95 - - [07/Oct/2021:09:22:00 -0500] "GET /BLA/resoluciones/AUTOS%202010/5369.pdf HTTP/1.1" 200 1541014
201.245.192.253 - - [07/Oct/2021:09:21:15 -0500] "POST /kwsrmcab/Wsrmcab HTTP/1.1" 200 48075
201.245.192.253 - - [07/Oct/2021:09:22:00 -0500] "POST /sipse/faces/presentacion/financiero/solicitudProceso/listarSolicitudProceso.xhtml HTTP/1.1" 200 135196
201.245.192.253 - - [07/Oct/2021:09:22:01 -0500] "GET /sipse/faces/javax.faces.resource/theme.css?ln=primefaces-sipse HTTP/1.1" 304 -
201.245.192.253 - - [07/Oct/2021:09:22:01 -0500] "GET /sipse/faces/javax.faces.resource/layout/layout.css?ln=primefaces&v=4.0 HTTP/1.1" 304 -
201.245.192.253 - - [07/Oct/2021:09:22:01 -0500] "GET /sipse/faces/javax.faces.resource/primefaces.css?ln=primefaces&v=4.0 HTTP/1.1" 304 -
201.245.192.253 - - [07/Oct/2021:09:22:01 -0500] "GET /sipse/css/imagen/contrasena.png HTTP/1.1" 404 383
201.245.192.253 - - [07/Oct/2021:09:22:01 -0500] "GET /sipse/faces/javax.faces.resource/jquery/jquery.js?ln=primefaces&v=4.0 HTTP/1.1" 304 -
201.245.192.253 - - [07/Oct/2021:09:22:01 -0500] "GET /sipse/faces/javax.faces.resource/jquery/jquery-plugins.js?ln=primefaces&v=4.0 HTTP/1.1" 304 -
201.245.192.253 - - [07/Oct/2021:09:22:01 -0500] "GET /sipse/faces/javax.faces.resource/primefaces.js?ln=primefaces&v=4.0 HTTP/1.1" 304 -
201.245.192.253 - - [07/Oct/2021:09:22:01 -0500] "GET /sipse/faces/javax.faces.resource/layout/layout.js?ln=primefaces&v=4.0 HTTP/1.1" 304 -
201.245.192.253 - - [07/Oct/2021:09:22:02 -0500] "GET /reportes_sipse/sdg/ServletReporte?reporte=solicitud_cdp&Solicitud=14952&pfdrid_c=false HTTP/1.1" 200 133626
178.63.20.95 - - [07/Oct/2021:09:22:05 -0500] "GET /BLA/resoluciones/AUTOS%202010/1476.pdf HTTP/1.1" 200 260655
172.22.2.1 - - [07/Oct/2021:09:22:05 -0500] "GET /reportes_sipse/sdg/ServletViabilidad?reporte=memo_viabilidad&solicitud=14952 HTTP/1.1" 200 1538
168.197.68.160 - - [07/Oct/2021:09:22:08 -0500] "GET /galeria/galeria/jquery.fancybox.css?v=2.1.5 HTTP/1.1" 200 4895
168.197.68.160 - - [07/Oct/2021:09:22:08 -0500] "GET /galeria/galeria/jquery.fancybox.js?v=2.1.5 HTTP/1.1" 200 48706
168.197.68.160 - - [07/Oct/2021:09:22:08 -0500] "GET /BLA/boletinlegal/js/jquery.scrollShow.js HTTP/1.1" 200 4586
201.245.192.253 - - [07/Oct/2021:09:22:05 -0500] "POST /sipse/faces/presentacion/financiero/solicitudProceso/consultarSolicitudProceso.xhtml HTTP/1.1" 200 35577
201.245.192.253 - - [07/Oct/2021:09:22:08 -0500] "GET /sipse/faces/javax.faces.resource/primefaces.css?ln=primefaces&v=4.0 HTTP/1.1" 304 -
201.245.192.253 - - [07/Oct/2021:09:22:08 -0500] "GET /sipse/faces/javax.faces.resource/theme.css?ln=primefaces-sipse HTTP/1.1" 304 -
201.245.192.253 - - [07/Oct/2021:09:22:08 -0500] "GET /sipse/faces/javax.faces.resource/layout/layout.css?ln=primefaces&v=4.0 HTTP/1.1" 304 -
201.245.192.253 - - [07/Oct/2021:09:22:08 -0500] "GET /sipse/faces/javax.faces.resource/jquery/jquery-plugins.js?ln=primefaces&v=4.0 HTTP/1.1" 304 -
201.245.192.253 - - [07/Oct/2021:09:22:08 -0500] "GET /sipse/faces/javax.faces.resource/jquery/jquery.js?ln=primefaces&v=4.0 HTTP/1.1" 304 -
201.245.192.253 - - [07/Oct/2021:09:22:08 -0500] "GET /sipse/faces/javax.faces.resource/primefaces.js?ln=primefaces&v=4.0 HTTP/1.1" 304 -
201.245.192.253 - - [07/Oct/2021:09:22:08 -0500] "GET /sipse/faces/javax.faces.resource/layout/layout.js?ln=primefaces&v=4.0 HTTP/1.1" 304 -
201.245.192.253 - - [07/Oct/2021:09:22:08 -0500] "GET /sipse/css/imagen/contrasena.png HTTP/1.1" 404 383
201.245.192.253 - - [07/Oct/2021:09:22:08 -0500] "GET /sipse/faces/javax.faces.resource/images/ui-icons_898989_256x240.png?ln=primefaces-aristo HTTP/1.1" 304 -
201.245.192.253 - - [07/Oct/2021:09:22:08 -0500] "GET /sipse/faces/javax.faces.resource/messages/messages.png?ln=primefaces&v=4.0 HTTP/1.1" 304 -
201.245.192.253 - - [07/Oct/2021:09:22:08 -0500] "GET /sipse/faces/javax.faces.resource/images/ui-bg_flat_0_2d5972_40x100.png?ln=primefaces-aristo HTTP/1.1" 304 -
201.245.192.253 - - [07/Oct/2021:09:22:08 -0500] "POST /sipse/faces/presentacion/financiero/solicitudProceso/listarSolicitudProceso.xhtml HTTP/1.1" 200 1328
201.245.192.253 - - [07/Oct/2021:09:22:08 -0500] "POST /sipse/faces/presentacion/financiero/solicitudProceso/listarSolicitudProceso.xhtml HTTP/1.1" 200 1324
178.63.20.95 - - [07/Oct/2021:09:22:14 -0500] "GET /BLA/resoluciones/AUTOS%202010/0984.pdf HTTP/1.1" 200 124244
201.245.192.253 - - [07/Oct/2021:09:22:15 -0500] "GET /sipse/faces/index.xhtml HTTP/1.1" 200 677
201.245.192.253 - - [07/Oct/2021:09:22:15 -0500] "GET /sipse/faces/javax.faces.resource/theme.css?ln=primefaces-sipse HTTP/1.1" 200 50058
201.245.192.253 - - [07/Oct/2021:09:22:16 -0500] "GET /favicon.ico HTTP/1.1" 200 7782
201.245.192.253 - - [07/Oct/2021:09:22:16 -0500] "GET /sipse/faces/faces/autenticacion.xhtml HTTP/1.1" 200 12179
201.245.192.253 - - [07/Oct/2021:09:22:16 -0500] "GET /sipse/css/custom_css_sg.css HTTP/1.1" 200 9694
201.245.192.253 - - [07/Oct/2021:09:22:16 -0500] "GET /sipse/css/custom_css_sg_prime_login.css HTTP/1.1" 200 443
201.245.192.253 - - [07/Oct/2021:09:22:16 -0500] "GET /sipse/faces/javax.faces.resource/theme.css?ln=primefaces-sipse HTTP/1.1" 304 -
201.245.192.253 - - [07/Oct/2021:09:22:16 -0500] "GET /sipse/faces/javax.faces.resource/layout/layout.css?ln=primefaces&v=4.0 HTTP/1.1" 200 542
201.245.192.253 - - [07/Oct/2021:09:22:16 -0500] "GET /sipse/faces/javax.faces.resource/jquery/jquery.js?ln=primefaces&v=4.0 HTTP/1.1" 304 -
201.245.192.253 - - [07/Oct/2021:09:22:16 -0500] "GET /sipse/faces/javax.faces.resource/primefaces.css?ln=primefaces&v=4.0 HTTP/1.1" 200 53295
201.245.192.253 - - [07/Oct/2021:09:22:16 -0500] "GET /sipse/faces/javax.faces.resource/jquery/jquery-plugins.js?ln=primefaces&v=4.0 HTTP/1.1" 304 -
201.245.192.253 - - [07/Oct/2021:09:22:16 -0500] "GET /sipse/faces/javax.faces.resource/primefaces.js?ln=primefaces&v=4.0 HTTP/1.1" 304 -
201.245.192.253 - - [07/Oct/2021:09:22:16 -0500] "GET /sipse/faces/javax.faces.resource/layout/layout.js?ln=primefaces&v=4.0 HTTP/1.1" 304 -
201.245.192.253 - - [07/Oct/2021:09:22:16 -0500] "GET /sipse/css/imagen/logoSDG.png HTTP/1.1" 200 53064
201.245.192.253 - - [07/Oct/2021:09:22:16 -0500] "GET /sipse/faces/javax.faces.resource/images/ui-icons_898989_256x240.png?ln=primefaces-aristo HTTP/1.1" 200 5355
201.245.192.253 - - [07/Oct/2021:09:22:16 -0500] "GET /sipse/css/imagen/loginimg.png HTTP/1.1" 200 71635
201.245.192.253 - - [07/Oct/2021:09:22:19 -0500] "GET /catalogoisis/ HTTP/1.1" 200 8575
201.245.192.253 - - [07/Oct/2021:09:22:20 -0500] "POST /sipse/faces/autenticacion.xhtml HTTP/1.1" 200 2226
201.245.192.253 - - [07/Oct/2021:09:22:20 -0500] "GET /sipse/faces/javax.faces.resource/messages/messages.png?ln=primefaces&v=4.0 HTTP/1.1" 200 27209
181.136.121.135 - - [07/Oct/2021:09:22:21 -0500] "GET /BLA/boletinlegal/js/jquery.scrollShow.js HTTP/1.1" 200 4586
181.136.121.135 - - [07/Oct/2021:09:22:21 -0500] "GET /galeria/galeria/jquery.fancybox.css?v=2.1.5 HTTP/1.1" 200 4895
181.136.121.135 - - [07/Oct/2021:09:22:21 -0500] "GET /galeria/galeria/jquery.fancybox.js?v=2.1.5 HTTP/1.1" 200 48706
201.245.192.253 - - [07/Oct/2021:09:22:21 -0500] "POST /sipse/faces/autenticacion.xhtml HTTP/1.1" 200 16035
201.245.192.253 - - [07/Oct/2021:09:22:22 -0500] "GET /sipse/css/custom_css_sg_prime.css HTTP/1.1" 200 5201
201.245.192.253 - - [07/Oct/2021:09:22:22 -0500] "GET /sipse/faces/javax.faces.resource/jquery/jquery.js?ln=primefaces&v=4.0 HTTP/1.1" 304 -
201.245.192.253 - - [07/Oct/2021:09:22:22 -0500] "GET /sipse/faces/javax.faces.resource/jquery/jquery-plugins.js?ln=primefaces&v=4.0 HTTP/1.1" 304 -
201.245.192.253 - - [07/Oct/2021:09:22:22 -0500] "GET /sipse/faces/javax.faces.resource/primefaces.js?ln=primefaces&v=4.0 HTTP/1.1" 304 -
201.245.192.253 - - [07/Oct/2021:09:22:22 -0500] "GET /sipse/faces/javax.faces.resource/layout/layout.js?ln=primefaces&v=4.0 HTTP/1.1" 304 -
201.245.192.253 - - [07/Oct/2021:09:22:22 -0500] "GET /sipse/imagenes/cargando.gif HTTP/1.1" 200 36959
201.245.192.253 - - [07/Oct/2021:09:22:22 -0500] "GET /sipse/css/imagen/contrasena.png HTTP/1.1" 404 383
201.245.192.253 - - [07/Oct/2021:09:22:22 -0500] "GET /sipse/imagenes/logoAplicacion.jpg HTTP/1.1" 200 155084
178.63.20.95 - - [07/Oct/2021:09:22:23 -0500] "GET /BLA/resoluciones/AUTOS%202010/0810.pdf HTTP/1.1" 200 180027
201.245.192.253 - - [07/Oct/2021:09:22:23 -0500] "POST /sipse/faces/presentacion/financiero/solicitudProceso/consultarSolicitudProceso.xhtml HTTP/1.1" 200 142462
201.245.192.253 - - [07/Oct/2021:09:22:23 -0500] "GET /sipse/faces/javax.faces.resource/images/ui-bg_flat_0_2d5972_40x100.png?ln=primefaces-aristo HTTP/1.1" 200 183
201.245.192.253 - - [07/Oct/2021:09:22:23 -0500] "POST /sipse/faces/bienvenido.xhtml HTTP/1.1" 200 2658
201.245.192.253 - - [07/Oct/2021:09:22:24 -0500] "POST /sipse/faces/presentacion/financiero/solicitudProceso/consultarSolicitudProceso.xhtml HTTP/1.1" 200 40482
201.245.192.253 - - [07/Oct/2021:09:22:25 -0500] "GET /sipse/faces/javax.faces.resource/primefaces.css?ln=primefaces&v=4.0 HTTP/1.1" 304 -
201.245.192.253 - - [07/Oct/2021:09:22:25 -0500] "GET /sipse/faces/javax.faces.resource/theme.css?ln=primefaces-sipse HTTP/1.1" 304 -
201.245.192.253 - - [07/Oct/2021:09:22:25 -0500] "GET /sipse/faces/javax.faces.resource/layout/layout.css?ln=primefaces&v=4.0 HTTP/1.1" 304 -
201.245.192.253 - - [07/Oct/2021:09:22:25 -0500] "GET /sipse/faces/javax.faces.resource/jquery/jquery.js?ln=primefaces&v=4.0 HTTP/1.1" 304 -
201.245.192.253 - - [07/Oct/2021:09:22:25 -0500] "GET /sipse/faces/javax.faces.resource/jquery/jquery-plugins.js?ln=primefaces&v=4.0 HTTP/1.1" 304 -
201.245.192.253 - - [07/Oct/2021:09:22:25 -0500] "GET /sipse/faces/javax.faces.resource/primefaces.js?ln=primefaces&v=4.0 HTTP/1.1" 304 -
201.245.192.253 - - [07/Oct/2021:09:22:25 -0500] "GET /sipse/faces/javax.faces.resource/layout/layout.js?ln=primefaces&v=4.0 HTTP/1.1" 304 -
201.245.192.253 - - [07/Oct/2021:09:22:25 -0500] "GET /sipse/css/imagen/contrasena.png HTTP/1.1" 404 383
201.245.192.253 - - [07/Oct/2021:09:22:25 -0500] "POST /sipse/faces/presentacion/financiero/solicitudProceso/consultar.xhtml HTTP/1.1" 200 33765
201.245.192.253 - - [07/Oct/2021:09:22:25 -0500] "POST /sipse/faces/presentacion/financiero/solicitudProceso/consultar.xhtml HTTP/1.1" 200 33765
201.245.192.253 - - [07/Oct/2021:09:22:25 -0500] "POST /sipse/faces/presentacion/financiero/solicitudProceso/consultar.xhtml HTTP/1.1" 200 33765
201.245.192.253 - - [07/Oct/2021:09:22:26 -0500] "POST /sipse/faces/presentacion/financiero/solicitudProceso/consultar.xhtml HTTP/1.1" 200 33765
201.245.192.253 - - [07/Oct/2021:09:22:26 -0500] "POST /sipse/faces/presentacion/financiero/solicitudProceso/consultar.xhtml HTTP/1.1" 200 33765
201.245.192.253 - - [07/Oct/2021:09:22:26 -0500] "POST /sipse/faces/presentacion/financiero/solicitudProceso/consultar.xhtml HTTP/1.1" 200 33765
201.245.192.253 - - [07/Oct/2021:09:22:26 -0500] "POST /sipse/faces/presentacion/financiero/solicitudProceso/consultar.xhtml HTTP/1.1" 200 33765
201.245.192.253 - - [07/Oct/2021:09:22:26 -0500] "POST /sipse/faces/presentacion/financiero/solicitudProceso/consultar.xhtml HTTP/1.1" 200 33765
201.245.192.253 - - [07/Oct/2021:09:22:27 -0500] "POST /sipse/faces/presentacion/financiero/solicitudProceso/consultar.xhtml HTTP/1.1" 200 33765
201.245.192.253 - - [07/Oct/2021:09:22:27 -0500] "POST /sipse/faces/presentacion/financiero/solicitudProceso/consultar.xhtml HTTP/1.1" 200 33765
201.245.192.253 - - [07/Oct/2021:09:22:27 -0500] "POST /sipse/faces/presentacion/financiero/solicitudProceso/consultar.xhtml HTTP/1.1" 200 33765
201.245.192.253 - - [07/Oct/2021:09:22:27 -0500] "POST /sipse/faces/presentacion/financiero/solicitudProceso/consultar.xhtml HTTP/1.1" 200 33765
201.245.192.253 - - [07/Oct/2021:09:22:30 -0500] "POST /sipse/faces/presentacion/financiero/solicitudProceso/consultar.xhtml HTTP/1.1" 200 12744
178.63.20.95 - - [07/Oct/2021:09:22:32 -0500] "GET /BLA/resoluciones/AUTOS%202010/5932.pdf HTTP/1.1" 200 163520
201.245.192.253 - - [07/Oct/2021:09:22:24 -0500] "POST /sipse/faces/bienvenido.xhtml HTTP/1.1" 200 60221
201.245.192.253 - - [07/Oct/2021:09:22:33 -0500] "GET /sipse/faces/javax.faces.resource/jquery/jquery.js?ln=primefaces&v=4.0 HTTP/1.1" 304 -
201.245.192.253 - - [07/Oct/2021:09:22:33 -0500] "GET /sipse/faces/javax.faces.resource/jquery/jquery-plugins.js?ln=primefaces&v=4.0 HTTP/1.1" 304 -
201.245.192.253 - - [07/Oct/2021:09:22:33 -0500] "GET /sipse/faces/javax.faces.resource/primefaces.js?ln=primefaces&v=4.0 HTTP/1.1" 304 -
201.245.192.253 - - [07/Oct/2021:09:22:33 -0500] "GET /sipse/faces/javax.faces.resource/layout/layout.js?ln=primefaces&v=4.0 HTTP/1.1" 304 -
66.249.66.139 - - [07/Oct/2021:09:22:33 -0500] "-" 408 -
201.245.192.253 - - [07/Oct/2021:09:22:32 -0500] "POST /sipse/faces/presentacion/financiero/solicitudProceso/consultar.xhtml HTTP/1.1" 200 149388
201.245.192.253 - - [07/Oct/2021:09:22:33 -0500] "GET /sipse/faces/javax.faces.resource/layout/layout.css?ln=primefaces&v=4.0 HTTP/1.1" 304 -
201.245.192.253 - - [07/Oct/2021:09:22:33 -0500] "GET /sipse/faces/javax.faces.resource/primefaces.css?ln=primefaces&v=4.0 HTTP/1.1" 304 -
201.245.192.253 - - [07/Oct/2021:09:22:33 -0500] "GET /sipse/faces/javax.faces.resource/theme.css?ln=primefaces-sipse HTTP/1.1" 304 -
201.245.192.253 - - [07/Oct/2021:09:22:33 -0500] "GET /sipse/faces/javax.faces.resource/jquery/jquery.js?ln=primefaces&v=4.0 HTTP/1.1" 304 -
201.245.192.253 - - [07/Oct/2021:09:22:33 -0500] "GET /sipse/faces/javax.faces.resource/jquery/jquery-plugins.js?ln=primefaces&v=4.0 HTTP/1.1" 304 -
201.245.192.253 - - [07/Oct/2021:09:22:33 -0500] "GET /sipse/faces/javax.faces.resource/primefaces.js?ln=primefaces&v=4.0 HTTP/1.1" 304 -
201.245.192.253 - - [07/Oct/2021:09:22:33 -0500] "GET /sipse/faces/javax.faces.resource/layout/layout.js?ln=primefaces&v=4.0 HTTP/1.1" 304 -
201.245.192.253 - - [07/Oct/2021:09:22:33 -0500] "GET /sipse/css/imagen/contrasena.png HTTP/1.1" 404 383
201.245.192.253 - - [07/Oct/2021:09:22:33 -0500] "POST /sipse/faces/presentacion/financiero/solicitudProceso/listarSolicitudProceso.xhtml HTTP/1.1" 200 1448
201.245.192.253 - - [07/Oct/2021:09:22:33 -0500] "GET /reportes_sipse/sdg/ServletReporte?reporte=solicitud_cdp&Solicitud=14952&pfdrid_c=false HTTP/1.1" 200 133626
186.85.100.42 - - [07/Oct/2021:09:22:34 -0500] "POST /sipse/faces/presentacion/financiero/solicitudProceso/consultar.xhtml HTTP/1.1" 200 34242
186.85.100.42 - - [07/Oct/2021:09:22:35 -0500] "POST /sipse/faces/presentacion/financiero/solicitudProceso/consultar.xhtml HTTP/1.1" 200 34234
201.245.192.253 - - [07/Oct/2021:09:22:35 -0500] "GET /galeria/galeria/jquery.fancybox.js?v=2.1.5 HTTP/1.1" 200 48706
201.245.192.253 - - [07/Oct/2021:09:22:35 -0500] "GET /galeria/galeria/jquery.fancybox.css?v=2.1.5 HTTP/1.1" 200 4895
186.85.100.42 - - [07/Oct/2021:09:22:35 -0500] "POST /sipse/faces/presentacion/financiero/solicitudProceso/consultar.xhtml HTTP/1.1" 200 34242
186.85.100.42 - - [07/Oct/2021:09:22:36 -0500] "POST /sipse/faces/presentacion/financiero/solicitudProceso/consultar.xhtml HTTP/1.1" 200 34234
186.85.100.42 - - [07/Oct/2021:09:22:37 -0500] "POST /sipse/faces/presentacion/financiero/solicitudProceso/consultar.xhtml HTTP/1.1" 200 34242
186.85.100.42 - - [07/Oct/2021:09:22:37 -0500] "POST /sipse/faces/presentacion/financiero/solicitudProceso/consultar.xhtml HTTP/1.1" 200 34234
201.245.192.253 - - [07/Oct/2021:09:22:37 -0500] "POST /sipse/faces/presentacion/financiero/solicitudProceso/consultarSolicitudProceso.xhtml HTTP/1.1" 200 240425
186.85.100.42 - - [07/Oct/2021:09:22:40 -0500] "POST /sipse/faces/presentacion/financiero/solicitudProceso/consultar.xhtml HTTP/1.1" 200 3272
178.63.20.95 - - [07/Oct/2021:09:22:40 -0500] "GET /BLA/resoluciones/AUTOS%202010/3080.pdf HTTP/1.1" 200 232409
186.85.100.42 - - [07/Oct/2021:09:22:43 -0500] "POST /sipse/faces/presentacion/financiero/solicitudProceso/consultar.xhtml HTTP/1.1" 200 4471
186.155.67.47 - - [07/Oct/2021:09:22:44 -0500] "GET /BLA/boletinlegal/js/jquery.scrollShow.js HTTP/1.1" 200 4586
186.155.67.47 - - [07/Oct/2021:09:22:44 -0500] "GET /galeria/galeria/jquery.fancybox.css?v=2.1.5 HTTP/1.1" 200 4895
186.155.67.47 - - [07/Oct/2021:09:22:44 -0500] "GET /galeria/galeria/jquery.fancybox.js?v=2.1.5 HTTP/1.1" 200 48706
186.85.100.42 - - [07/Oct/2021:09:22:44 -0500] "POST /sipse/faces/presentacion/financiero/solicitudProceso/consultar.xhtml HTTP/1.1" 200 32464
186.85.100.42 - - [07/Oct/2021:09:22:45 -0500] "GET /sipse/faces/javax.faces.resource/theme.css?ln=primefaces-sipse HTTP/1.1" 304 -
186.85.100.42 - - [07/Oct/2021:09:22:45 -0500] "GET /sipse/faces/javax.faces.resource/primefaces.css?ln=primefaces&v=4.0 HTTP/1.1" 304 -
186.85.100.42 - - [07/Oct/2021:09:22:45 -0500] "GET /sipse/faces/javax.faces.resource/layout/layout.css?ln=primefaces&v=4.0 HTTP/1.1" 304 -
186.85.100.42 - - [07/Oct/2021:09:22:45 -0500] "GET /sipse/faces/javax.faces.resource/jquery/jquery.js?ln=primefaces&v=4.0 HTTP/1.1" 304 -
186.85.100.42 - - [07/Oct/2021:09:22:45 -0500] "GET /sipse/faces/javax.faces.resource/jquery/jquery-plugins.js?ln=primefaces&v=4.0 HTTP/1.1" 304 -
186.85.100.42 - - [07/Oct/2021:09:22:45 -0500] "GET /sipse/faces/javax.faces.resource/primefaces.js?ln=primefaces&v=4.0 HTTP/1.1" 304 -
186.85.100.42 - - [07/Oct/2021:09:22:45 -0500] "GET /sipse/faces/javax.faces.resource/layout/layout.js?ln=primefaces&v=4.0 HTTP/1.1" 304 -
186.85.100.42 - - [07/Oct/2021:09:22:45 -0500] "POST /sipse/faces/presentacion/financiero/solicitudProceso/listarSolicitudProceso.xhtml HTTP/1.1" 200 25726
186.85.100.42 - - [07/Oct/2021:09:22:45 -0500] "POST /sipse/faces/presentacion/financiero/solicitudProceso/listarSolicitudProceso.xhtml HTTP/1.1" 200 25726
186.85.100.42 - - [07/Oct/2021:09:22:45 -0500] "POST /sipse/faces/presentacion/financiero/solicitudProceso/listarSolicitudProceso.xhtml HTTP/1.1" 200 1328
186.85.100.42 - - [07/Oct/2021:09:22:46 -0500] "POST /sipse/faces/presentacion/financiero/solicitudProceso/listarSolicitudProceso.xhtml HTTP/1.1" 200 1324
186.85.100.42 - - [07/Oct/2021:09:22:46 -0500] "POST /sipse/faces/presentacion/financiero/solicitudProceso/listarSolicitudProceso.xhtml HTTP/1.1" 200 1328
178.63.20.95 - - [07/Oct/2021:09:22:48 -0500] "GET /BLA/resoluciones/AUTOS%202010/5564.pdf HTTP/1.1" 200 1078234
178.63.20.95 - - [07/Oct/2021:09:22:54 -0500] "GET /BLA/resoluciones/AUTOS%202010/0783.pdf HTTP/1.1" 200 117745
186.155.19.251 - - [07/Oct/2021:09:22:55 -0500] "GET /BLA/boletinlegal/js/jquery.scrollShow.js HTTP/1.1" 200 4586
186.155.19.251 - - [07/Oct/2021:09:22:55 -0500] "GET /galeria/galeria/jquery.fancybox.css?v=2.1.5 HTTP/1.1" 200 4895
186.155.19.251 - - [07/Oct/2021:09:22:55 -0500] "GET /galeria/galeria/jquery.fancybox.js?v=2.1.5 HTTP/1.1" 200 48706
178.63.20.95 - - [07/Oct/2021:09:23:03 -0500] "GET /BLA/resoluciones/AUTOS%202010/3900.pdf HTTP/1.1" 200 90520
178.63.20.95 - - [07/Oct/2021:09:23:12 -0500] "GET /BLA/resoluciones/AUTOS%202010/1272.pdf HTTP/1.1" 200 397192
190.157.218.79 - - [07/Oct/2021:09:23:16 -0500] "GET /reportes_sipse/sdg/ServletReporte?reporte=solicitud_cdp&Solicitud=14952&pfdrid_c=false HTTP/1.1" 200 133626
201.245.192.253 - - [07/Oct/2021:09:23:16 -0500] "POST /sipse/faces/presentacion/financiero/solicitudProceso/consultarSolicitudProceso.xhtml HTTP/1.1" 200 240425
190.158.95.183 - - [07/Oct/2021:09:23:15 -0500] "POST /sipse/faces/presentacion/financiero/solicitudProceso/consultarSolicitudProceso.xhtml HTTP/1.1" 200 1641735
201.245.192.253 - - [07/Oct/2021:09:23:17 -0500] "POST /sipse/faces/presentacion/financiero/solicitudProceso/consultarSolicitudProceso.xhtml HTTP/1.1" 200 134698
201.245.192.253 - - [07/Oct/2021:09:23:17 -0500] "POST /sipse/faces/presentacion/financiero/solicitudProceso/consultarSolicitudProceso.xhtml HTTP/1.1" 200 523712
201.245.192.253 - - [07/Oct/2021:09:23:18 -0500] "POST /sipse/faces/presentacion/financiero/solicitudProceso/consultarSolicitudProceso.xhtml HTTP/1.1" 200 114896
201.245.192.253 - - [07/Oct/2021:09:23:19 -0500] "POST /sipse/faces/presentacion/financiero/solicitudProceso/consultarSolicitudProceso.xhtml HTTP/1.1" 200 2276144
186.29.103.116 - - [07/Oct/2021:09:23:19 -0500] "GET /galeria/galeria/jquery.fancybox.js?v=2.1.5 HTTP/1.1" 200 48706
201.245.192.253 - - [07/Oct/2021:09:23:20 -0500] "GET /catalogoisis/ HTTP/1.1" 200 8575
201.245.192.253 - - [07/Oct/2021:09:23:19 -0500] "POST /sipse/faces/presentacion/financiero/solicitudProceso/consultarSolicitudProceso.xhtml HTTP/1.1" 200 1158790
178.63.20.95 - - [07/Oct/2021:09:23:22 -0500] "GET /BLA/resoluciones/AUTOS%202010/6634.pdf HTTP/1.1" 200 109500
190.144.191.242 - - [07/Oct/2021:09:23:31 -0500] "GET /galeria/galeria/jquery.fancybox.css?v=2.1.5 HTTP/1.1" 200 4895
178.63.20.95 - - [07/Oct/2021:09:23:31 -0500] "GET /BLA/resoluciones/AUTOS%202010/0840.pdf HTTP/1.1" 200 185553
190.144.191.242 - - [07/Oct/2021:09:23:31 -0500] "GET /BLA/boletinlegal/js/jquery.scrollShow.js HTTP/1.1" 200 4586
190.144.191.242 - - [07/Oct/2021:09:23:31 -0500] "GET /galeria/galeria/jquery.fancybox.js?v=2.1.5 HTTP/1.1" 200 48706
181.57.30.12 - - [07/Oct/2021:09:23:36 -0500] "GET /galeria/galeria/jquery.fancybox.css?v=2.1.5 HTTP/1.1" 200 4895
181.57.30.12 - - [07/Oct/2021:09:23:36 -0500] "GET /BLA/boletinlegal/js/jquery.scrollShow.js HTTP/1.1" 200 4586
181.57.30.12 - - [07/Oct/2021:09:23:36 -0500] "GET /galeria/galeria/jquery.fancybox.js?v=2.1.5 HTTP/1.1" 200 48706
178.63.20.95 - - [07/Oct/2021:09:23:40 -0500] "GET /BLA/resoluciones/AUTOS%202010/5252.pdf HTTP/1.1" 200 164813
181.61.209.192 - - [07/Oct/2021:09:23:42 -0500] "OPTIONS /BLA/resoluciones/RESOLUCIONES%202007/RES%202007%204001%20AL%204100/ HTTP/1.1" 200 -
181.61.209.192 - - [07/Oct/2021:09:23:43 -0500] "GET /BLA/resoluciones/RESOLUCIONES%202007/RES%202007%204001%20AL%204100/RESOLUCION%204090%20DE%202007.pdf HTTP/1.1" 200 13950935
186.84.91.31 - - [07/Oct/2021:09:23:46 -0500] "GET /sipse/faces/javax.faces.resource/theme.css?ln=primefaces-sipse HTTP/1.1" 304 -
186.84.91.31 - - [07/Oct/2021:09:23:47 -0500] "GET /sipse/faces/faces/autenticacion.xhtml HTTP/1.1" 200 12179
186.84.91.31 - - [07/Oct/2021:09:23:47 -0500] "GET /sipse/js/disable_browser_buttons.js HTTP/1.1" 304 -
186.84.91.31 - - [07/Oct/2021:09:23:47 -0500] "GET /sipse/js/funciones.js HTTP/1.1" 304 -
186.84.91.31 - - [07/Oct/2021:09:23:47 -0500] "GET /sipse/css/custom_css_sg.css HTTP/1.1" 304 -
186.84.91.31 - - [07/Oct/2021:09:23:47 -0500] "GET /sipse/css/custom_css_sg_prime_login.css HTTP/1.1" 304 -
186.84.91.31 - - [07/Oct/2021:09:23:47 -0500] "GET /sipse/faces/javax.faces.resource/layout/layout.css?ln=primefaces&v=4.0 HTTP/1.1" 304 -
186.84.91.31 - - [07/Oct/2021:09:23:47 -0500] "GET /sipse/faces/javax.faces.resource/primefaces.js?ln=primefaces&v=4.0 HTTP/1.1" 304 -
186.84.91.31 - - [07/Oct/2021:09:23:47 -0500] "GET /sipse/faces/javax.faces.resource/theme.css?ln=primefaces-sipse HTTP/1.1" 304 -
186.84.91.31 - - [07/Oct/2021:09:23:47 -0500] "GET /sipse/faces/javax.faces.resource/primefaces.css?ln=primefaces&v=4.0 HTTP/1.1" 304 -
186.84.91.31 - - [07/Oct/2021:09:23:47 -0500] "GET /sipse/faces/javax.faces.resource/layout/layout.js?ln=primefaces&v=4.0 HTTP/1.1" 304 -
186.84.91.31 - - [07/Oct/2021:09:23:47 -0500] "GET /sipse/faces/javax.faces.resource/jquery/jquery-plugins.js?ln=primefaces&v=4.0 HTTP/1.1" 304 -
186.84.91.31 - - [07/Oct/2021:09:23:47 -0500] "GET /sipse/faces/javax.faces.resource/jquery/jquery.js?ln=primefaces&v=4.0 HTTP/1.1" 304 -
181.61.209.192 - - [07/Oct/2021:09:23:47 -0500] "GET /BLA/resoluciones/RESOLUCIONES%202007/RES%202007%204001%20AL%204100/RESOLUCION%204090%20DE%202007.pdf HTTP/1.1" 200 13950935
186.84.91.31 - - [07/Oct/2021:09:23:47 -0500] "GET /sipse/css/imagen/logoSDG.png HTTP/1.1" 304 -
186.84.91.31 - - [07/Oct/2021:09:23:47 -0500] "GET /sipse/css/imagen/loginimg.png HTTP/1.1" 304 -
186.84.91.31 - - [07/Oct/2021:09:23:47 -0500] "GET /sipse/faces/javax.faces.resource/images/ui-icons_898989_256x240.png?ln=primefaces-aristo HTTP/1.1" 304 -
181.61.209.192 - - [07/Oct/2021:09:23:48 -0500] "GET /BLA/resoluciones/RESOLUCIONES%202007/RES%202007%204001%20AL%204100/RESOLUCION%204090%20DE%202007.pdf HTTP/1.1" 200 13950935
178.63.20.95 - - [07/Oct/2021:09:23:48 -0500] "GET /BLA/resoluciones/AUTOS%202010/1898.pdf HTTP/1.1" 200 148345
186.84.91.31 - - [07/Oct/2021:09:23:50 -0500] "POST /sipse/faces/autenticacion.xhtml HTTP/1.1" 200 2228
186.84.91.31 - - [07/Oct/2021:09:23:51 -0500] "GET /sipse/faces/javax.faces.resource/messages/messages.png?ln=primefaces&v=4.0 HTTP/1.1" 304 -
186.84.91.31 - - [07/Oct/2021:09:23:52 -0500] "POST /sipse/faces/autenticacion.xhtml HTTP/1.1" 200 16039
186.84.91.31 - - [07/Oct/2021:09:23:52 -0500] "GET /sipse/faces/javax.faces.resource/theme.css?ln=primefaces-sipse HTTP/1.1" 304 -
186.84.91.31 - - [07/Oct/2021:09:23:52 -0500] "GET /sipse/faces/javax.faces.resource/primefaces.css?ln=primefaces&v=4.0 HTTP/1.1" 304 -
186.84.91.31 - - [07/Oct/2021:09:23:52 -0500] "GET /sipse/faces/javax.faces.resource/layout/layout.css?ln=primefaces&v=4.0 HTTP/1.1" 304 -
186.84.91.31 - - [07/Oct/2021:09:23:52 -0500] "GET /sipse/faces/javax.faces.resource/jquery/jquery.js?ln=primefaces&v=4.0 HTTP/1.1" 304 -
186.84.91.31 - - [07/Oct/2021:09:23:52 -0500] "GET /sipse/faces/javax.faces.resource/jquery/jquery-plugins.js?ln=primefaces&v=4.0 HTTP/1.1" 304 -
186.84.91.31 - - [07/Oct/2021:09:23:52 -0500] "GET /sipse/faces/javax.faces.resource/primefaces.js?ln=primefaces&v=4.0 HTTP/1.1" 304 -
186.84.91.31 - - [07/Oct/2021:09:23:52 -0500] "GET /sipse/faces/javax.faces.resource/layout/layout.js?ln=primefaces&v=4.0 HTTP/1.1" 304 -
186.84.91.31 - - [07/Oct/2021:09:23:52 -0500] "GET /sipse/css/imagen/contrasena.png HTTP/1.1" 404 383
181.67.138.248 - - [07/Oct/2021:09:23:53 -0500] "GET /BLA/boletinlegal/js/jquery.scrollShow.js HTTP/1.1" 200 4586
181.67.138.248 - - [07/Oct/2021:09:23:53 -0500] "GET /galeria/galeria/jquery.fancybox.css?v=2.1.5 HTTP/1.1" 200 4895
181.67.138.248 - - [07/Oct/2021:09:23:53 -0500] "GET /galeria/galeria/jquery.fancybox.js?v=2.1.5 HTTP/1.1" 200 48706
186.84.91.31 - - [07/Oct/2021:09:23:54 -0500] "GET /sipse/faces/javax.faces.resource/images/ui-bg_flat_0_2d5972_40x100.png?ln=primefaces-aristo HTTP/1.1" 304 -
186.84.91.31 - - [07/Oct/2021:09:23:54 -0500] "POST /sipse/faces/bienvenido.xhtml HTTP/1.1" 200 2658
186.84.91.31 - - [07/Oct/2021:09:23:55 -0500] "POST /sipse/faces/bienvenido.xhtml HTTP/1.1" 200 2073
177.241.33.65 - - [07/Oct/2021:09:23:56 -0500] "GET /galeria/galeria/jquery.fancybox.css?v=2.1.5 HTTP/1.1" 200 4895
177.241.33.65 - - [07/Oct/2021:09:23:56 -0500] "GET /BLA/boletinlegal/js/jquery.scrollShow.js HTTP/1.1" 200 4586
177.241.33.65 - - [07/Oct/2021:09:23:56 -0500] "GET /galeria/galeria/jquery.fancybox.js?v=2.1.5 HTTP/1.1" 200 48706
178.63.20.95 - - [07/Oct/2021:09:23:57 -0500] "GET /BLA/resoluciones/AUTOS%202010/1282.pdf HTTP/1.1" 200 289359
177.241.33.65 - - [07/Oct/2021:09:24:01 -0500] "GET /autoliquidacion2020 HTTP/1.1" 301 250
177.241.33.65 - - [07/Oct/2021:09:24:01 -0500] "GET /autoliquidacion2020/ HTTP/1.1" 200 6146
177.241.33.65 - - [07/Oct/2021:09:24:02 -0500] "GET /autoliquidacion2020/dlf/styles.css HTTP/1.1" 200 3045
177.241.33.65 - - [07/Oct/2021:09:24:02 -0500] "GET /autoliquidacion2020/dlf/folder.png HTTP/1.1" 200 410
177.241.33.65 - - [07/Oct/2021:09:24:02 -0500] "GET /autoliquidacion2020/dlf/bg.gif HTTP/1.1" 200 54
186.84.91.31 - - [07/Oct/2021:09:24:03 -0500] "POST /sipse/faces/bienvenido.xhtml HTTP/1.1" 200 2048
186.84.91.31 - - [07/Oct/2021:09:24:04 -0500] "POST /sipse/faces/bienvenido.xhtml HTTP/1.1" 200 9407
201.245.192.253 - - [07/Oct/2021:09:24:05 -0500] "POST /sipse/faces/presentacion/financiero/solicitudProceso/consultarSolicitudProceso.xhtml HTTP/1.1" 200 1236198
178.63.20.95 - - [07/Oct/2021:09:24:06 -0500] "GET /BLA/resoluciones/AUTOS%202010/1437.pdf HTTP/1.1" 200 167382
186.84.91.31 - - [07/Oct/2021:09:24:06 -0500] "POST /sipse/faces/bienvenido.xhtml HTTP/1.1" 200 2658
190.85.209.148 - - [07/Oct/2021:09:24:06 -0500] "GET /galeria/galeria/jquery.fancybox.css?v=2.1.5 HTTP/1.1" 200 4895
190.85.209.148 - - [07/Oct/2021:09:24:06 -0500] "GET /galeria/galeria/jquery.fancybox.js?v=2.1.5 HTTP/1.1" 200 48706
190.85.209.148 - - [07/Oct/2021:09:24:06 -0500] "GET /BLA/boletinlegal/js/jquery.scrollShow.js HTTP/1.1" 200 4586
201.245.192.253 - - [07/Oct/2021:09:24:06 -0500] "POST /sipse/faces/presentacion/financiero/solicitudProceso/consultarSolicitudProceso.xhtml HTTP/1.1" 200 2067932
186.84.91.31 - - [07/Oct/2021:09:24:07 -0500] "POST /sipse/faces/bienvenido.xhtml HTTP/1.1" 200 2073
186.84.91.31 - - [07/Oct/2021:09:24:11 -0500] "POST /sipse/faces/bienvenido.xhtml HTTP/1.1" 200 40527
186.84.91.31 - - [07/Oct/2021:09:24:12 -0500] "GET /sipse/faces/javax.faces.resource/theme.css?ln=primefaces-sipse HTTP/1.1" 304 -
186.84.91.31 - - [07/Oct/2021:09:24:12 -0500] "GET /sipse/faces/javax.faces.resource/primefaces.css?ln=primefaces&v=4.0 HTTP/1.1" 304 -
186.84.91.31 - - [07/Oct/2021:09:24:12 -0500] "GET /sipse/faces/javax.faces.resource/layout/layout.css?ln=primefaces&v=4.0 HTTP/1.1" 304 -
186.84.91.31 - - [07/Oct/2021:09:24:12 -0500] "GET /sipse/faces/javax.faces.resource/jquery/jquery.js?ln=primefaces&v=4.0 HTTP/1.1" 304 -
186.84.91.31 - - [07/Oct/2021:09:24:12 -0500] "GET /sipse/faces/javax.faces.resource/jquery/jquery-plugins.js?ln=primefaces&v=4.0 HTTP/1.1" 304 -
186.84.91.31 - - [07/Oct/2021:09:24:12 -0500] "GET /sipse/faces/javax.faces.resource/primefaces.js?ln=primefaces&v=4.0 HTTP/1.1" 304 -
186.84.91.31 - - [07/Oct/2021:09:24:12 -0500] "GET /sipse/faces/javax.faces.resource/layout/layout.js?ln=primefaces&v=4.0 HTTP/1.1" 304 -
178.63.20.95 - - [07/Oct/2021:09:24:14 -0500] "GET /BLA/resoluciones/AUTOS%202010/6560.pdf HTTP/1.1" 200 323022
201.245.192.253 - - [07/Oct/2021:09:24:21 -0500] "GET /catalogoisis/ HTTP/1.1" 200 8575
190.27.36.91 - - [07/Oct/2021:09:24:23 -0500] "GET /galeria/galeria/jquery.fancybox.css?v=2.1.5 HTTP/1.1" 200 4895
190.27.36.91 - - [07/Oct/2021:09:24:23 -0500] "GET /BLA/boletinlegal/js/jquery.scrollShow.js HTTP/1.1" 200 4586
190.27.36.91 - - [07/Oct/2021:09:24:23 -0500] "GET /galeria/galeria/jquery.fancybox.js?v=2.1.5 HTTP/1.1" 200 48706
178.63.20.95 - - [07/Oct/2021:09:24:24 -0500] "GET /BLA/resoluciones/AUTOS%202010/2272.pdf HTTP/1.1" 200 1779500
178.63.20.95 - - [07/Oct/2021:09:24:28 -0500] "GET /BLA/resoluciones/AUTOS%202010/5599.pdf HTTP/1.1" 200 195451
177.245.150.37 - - [07/Oct/2021:09:24:33 -0500] "GET /galeria/galeria/jquery.fancybox.css?v=2.1.5 HTTP/1.1" 200 4895
177.245.150.37 - - [07/Oct/2021:09:24:33 -0500] "GET /BLA/boletinlegal/js/jquery.scrollShow.js HTTP/1.1" 200 4586
177.245.150.37 - - [07/Oct/2021:09:24:33 -0500] "GET /galeria/galeria/jquery.fancybox.js?v=2.1.5 HTTP/1.1" 200 48706
190.158.95.183 - - [07/Oct/2021:09:24:33 -0500] "POST /sipse/faces/presentacion/financiero/solicitudProceso/consultarSolicitudProceso.xhtml HTTP/1.1" 200 72870
190.158.95.183 - - [07/Oct/2021:09:24:34 -0500] "GET /sipse/faces/javax.faces.resource/theme.css?ln=primefaces-sipse HTTP/1.1" 304 -
190.158.95.183 - - [07/Oct/2021:09:24:34 -0500] "GET /sipse/faces/javax.faces.resource/primefaces.css?ln=primefaces&v=4.0 HTTP/1.1" 304 -
190.158.95.183 - - [07/Oct/2021:09:24:34 -0500] "GET /sipse/faces/javax.faces.resource/layout/layout.css?ln=primefaces&v=4.0 HTTP/1.1" 304 -
190.158.95.183 - - [07/Oct/2021:09:24:34 -0500] "GET /sipse/faces/javax.faces.resource/jquery/jquery.js?ln=primefaces&v=4.0 HTTP/1.1" 304 -
190.158.95.183 - - [07/Oct/2021:09:24:34 -0500] "GET /sipse/faces/javax.faces.resource/jquery/jquery-plugins.js?ln=primefaces&v=4.0 HTTP/1.1" 304 -
190.158.95.183 - - [07/Oct/2021:09:24:34 -0500] "GET /sipse/faces/javax.faces.resource/primefaces.js?ln=primefaces&v=4.0 HTTP/1.1" 304 -
190.158.95.183 - - [07/Oct/2021:09:24:34 -0500] "GET /sipse/faces/javax.faces.resource/layout/layout.js?ln=primefaces&v=4.0 HTTP/1.1" 304 -
190.158.95.183 - - [07/Oct/2021:09:24:34 -0500] "GET /sipse/css/imagen/contrasena.png HTTP/1.1" 404 383
190.158.95.183 - - [07/Oct/2021:09:24:34 -0500] "POST /sipse/faces/presentacion/financiero/solicitudProceso/consultar.xhtml HTTP/1.1" 200 66140
190.158.95.183 - - [07/Oct/2021:09:24:34 -0500] "POST /sipse/faces/presentacion/financiero/solicitudProceso/consultar.xhtml HTTP/1.1" 200 66140
190.158.95.183 - - [07/Oct/2021:09:24:35 -0500] "POST /sipse/faces/presentacion/financiero/solicitudProceso/consultar.xhtml HTTP/1.1" 200 66140
178.63.20.95 - - [07/Oct/2021:09:24:37 -0500] "GET /BLA/resoluciones/AUTOS%202010/6153.pdf HTTP/1.1" 200 291519
190.158.95.183 - - [07/Oct/2021:09:24:37 -0500] "POST /sipse/faces/presentacion/financiero/solicitudProceso/consultar.xhtml HTTP/1.1" 200 61598
190.158.95.183 - - [07/Oct/2021:09:24:38 -0500] "GET /sipse/faces/javax.faces.resource/primefaces.css?ln=primefaces&v=4.0 HTTP/1.1" 304 -
190.158.95.183 - - [07/Oct/2021:09:24:38 -0500] "GET /sipse/faces/javax.faces.resource/theme.css?ln=primefaces-sipse HTTP/1.1" 304 -
190.158.95.183 - - [07/Oct/2021:09:24:38 -0500] "GET /sipse/faces/javax.faces.resource/layout/layout.css?ln=primefaces&v=4.0 HTTP/1.1" 304 -
190.158.95.183 - - [07/Oct/2021:09:24:38 -0500] "GET /sipse/faces/javax.faces.resource/jquery/jquery.js?ln=primefaces&v=4.0 HTTP/1.1" 304 -
190.158.95.183 - - [07/Oct/2021:09:24:38 -0500] "GET /sipse/faces/javax.faces.resource/jquery/jquery-plugins.js?ln=primefaces&v=4.0 HTTP/1.1" 304 -
190.158.95.183 - - [07/Oct/2021:09:24:38 -0500] "GET /sipse/faces/javax.faces.resource/primefaces.js?ln=primefaces&v=4.0 HTTP/1.1" 304 -
190.158.95.183 - - [07/Oct/2021:09:24:38 -0500] "GET /sipse/faces/javax.faces.resource/layout/layout.js?ln=primefaces&v=4.0 HTTP/1.1" 304 -
190.158.95.183 - - [07/Oct/2021:09:24:38 -0500] "POST /sipse/faces/presentacion/financiero/solicitudProceso/listarSolicitudProceso.xhtml HTTP/1.1" 200 54842
