178.63.20.95 - - [07/Oct/2021:09:30:33 -0500] "GET /BLA/resoluciones/AUTOS%202010/2000.pdf HTTP/1.1" 200 5373172
178.63.20.95 - - [07/Oct/2021:09:30:37 -0500] "GET /BLA/resoluciones/AUTOS%202010/1392.pdf HTTP/1.1" 200 241495
190.158.95.183 - - [07/Oct/2021:09:30:42 -0500] "GET /sipse/faces/javax.faces.resource/theme.css?ln=primefaces-sipse HTTP/1.1" 304 -
190.158.95.183 - - [07/Oct/2021:09:30:42 -0500] "GET /sipse/faces/javax.faces.resource/primefaces.css?ln=primefaces&v=4.0 HTTP/1.1" 304 -
190.158.95.183 - - [07/Oct/2021:09:30:42 -0500] "GET /sipse/faces/javax.faces.resource/layout/layout.css?ln=primefaces&v=4.0 HTTP/1.1" 304 -
190.158.95.183 - - [07/Oct/2021:09:30:42 -0500] "GET /sipse/faces/javax.faces.resource/jquery/jquery.js?ln=primefaces&v=4.0 HTTP/1.1" 304 -
190.158.95.183 - - [07/Oct/2021:09:30:42 -0500] "GET /sipse/faces/javax.faces.resource/primefaces.js?ln=primefaces&v=4.0 HTTP/1.1" 304 -
190.158.95.183 - - [07/Oct/2021:09:30:42 -0500] "GET /sipse/faces/javax.faces.resource/jquery/jquery-plugins.js?ln=primefaces&v=4.0 HTTP/1.1" 304 -
190.158.95.183 - - [07/Oct/2021:09:30:42 -0500] "GET /sipse/faces/javax.faces.resource/layout/layout.js?ln=primefaces&v=4.0 HTTP/1.1" 304 -
181.52.160.33 - - [07/Oct/2021:09:30:42 -0500] "GET /BLA/boletinlegal/js/jquery.scrollShow.js HTTP/1.1" 200 4586
181.52.160.33 - - [07/Oct/2021:09:30:42 -0500] "GET /galeria/galeria/jquery.fancybox.css?v=2.1.5 HTTP/1.1" 200 4895
181.52.160.33 - - [07/Oct/2021:09:30:42 -0500] "GET /galeria/galeria/jquery.fancybox.js?v=2.1.5 HTTP/1.1" 200 48706
190.158.95.183 - - [07/Oct/2021:09:30:41 -0500] "POST /sipse/faces/presentacion/sistema/anexos/cargarAnexoSolicitudProceso.xhtml HTTP/1.1" 200 181126
190.158.95.183 - - [07/Oct/2021:09:30:42 -0500] "GET /sipse/css/imagen/contrasena.png HTTP/1.1" 404 383
190.158.95.183 - - [07/Oct/2021:09:30:42 -0500] "GET /reportes_sipse/sdg/ServletReporte?reporte=solicitud_cdp&Solicitud=15316&pfdrid_c=false HTTP/1.1" 200 120211
190.158.95.183 - - [07/Oct/2021:09:30:47 -0500] "POST /sipse/faces/presentacion/financiero/solicitudProceso/consultarSolicitudProceso.xhtml HTTP/1.1" 200 23161
190.158.95.183 - - [07/Oct/2021:09:30:48 -0500] "GET /sipse/faces/javax.faces.resource/primefaces.css?ln=primefaces&v=4.0 HTTP/1.1" 304 -
190.158.95.183 - - [07/Oct/2021:09:30:48 -0500] "GET /sipse/faces/javax.faces.resource/jquery/jquery.js?ln=primefaces&v=4.0 HTTP/1.1" 304 -
190.158.95.183 - - [07/Oct/2021:09:30:48 -0500] "GET /sipse/faces/javax.faces.resource/primefaces.js?ln=primefaces&v=4.0 HTTP/1.1" 304 -
190.158.95.183 - - [07/Oct/2021:09:30:48 -0500] "GET /sipse/faces/javax.faces.resource/jquery/jquery-plugins.js?ln=primefaces&v=4.0 HTTP/1.1" 304 -
190.158.95.183 - - [07/Oct/2021:09:30:48 -0500] "GET /sipse/faces/javax.faces.resource/layout/layout.css?ln=primefaces&v=4.0 HTTP/1.1" 304 -
190.158.95.183 - - [07/Oct/2021:09:30:48 -0500] "GET /sipse/faces/javax.faces.resource/theme.css?ln=primefaces-sipse HTTP/1.1" 304 -
190.158.95.183 - - [07/Oct/2021:09:30:48 -0500] "GET /sipse/faces/javax.faces.resource/fileupload/fileupload.css?ln=primefaces&v=4.0 HTTP/1.1" 304 -
190.158.95.183 - - [07/Oct/2021:09:30:48 -0500] "GET /sipse/faces/javax.faces.resource/layout/layout.js?ln=primefaces&v=4.0 HTTP/1.1" 304 -
190.158.95.183 - - [07/Oct/2021:09:30:48 -0500] "GET /sipse/faces/javax.faces.resource/fileupload/fileupload.js?ln=primefaces&v=4.0 HTTP/1.1" 304 -
190.158.95.183 - - [07/Oct/2021:09:30:48 -0500] "GET /sipse/css/imagen/contrasena.png HTTP/1.1" 404 383
181.48.255.69 - - [07/Oct/2021:09:30:48 -0500] "GET /galeria/galeria/jquery.fancybox.js?v=2.1.5 HTTP/1.1" 200 48706
178.63.20.95 - - [07/Oct/2021:09:30:49 -0500] "GET /BLA/resoluciones/AUTOS%202010/1439.pdf HTTP/1.1" 200 165340
181.48.255.69 - - [07/Oct/2021:09:30:50 -0500] "GET /BLA/boletinlegal/js/jquery.scrollShow.js HTTP/1.1" 200 4586
181.48.255.69 - - [07/Oct/2021:09:30:50 -0500] "GET /galeria/galeria/jquery.fancybox.css?v=2.1.5 HTTP/1.1" 200 4895
178.63.20.95 - - [07/Oct/2021:09:30:58 -0500] "GET /BLA/resoluciones/AUTOS%202010/0174.pdf HTTP/1.1" 200 359908
201.245.192.253 - - [07/Oct/2021:09:31:05 -0500] "POST /sipse/faces/presentacion/financiero/solicitudProceso/consultarSolicitudProceso.xhtml HTTP/1.1" 200 164094
201.245.192.253 - - [07/Oct/2021:09:31:06 -0500] "POST /sipse/faces/presentacion/financiero/solicitudProceso/consultarSolicitudProceso.xhtml HTTP/1.1" 200 134329
190.158.95.183 - - [07/Oct/2021:09:31:07 -0500] "GET /sipse/faces/javax.faces.resource/theme.css?ln=primefaces-sipse HTTP/1.1" 304 -
190.158.95.183 - - [07/Oct/2021:09:31:07 -0500] "GET /sipse/faces/javax.faces.resource/primefaces.css?ln=primefaces&v=4.0 HTTP/1.1" 304 -
190.158.95.183 - - [07/Oct/2021:09:31:07 -0500] "GET /sipse/faces/javax.faces.resource/layout/layout.css?ln=primefaces&v=4.0 HTTP/1.1" 304 -
190.158.95.183 - - [07/Oct/2021:09:31:07 -0500] "GET /sipse/faces/javax.faces.resource/jquery/jquery-plugins.js?ln=primefaces&v=4.0 HTTP/1.1" 304 -
190.158.95.183 - - [07/Oct/2021:09:31:07 -0500] "GET /sipse/faces/javax.faces.resource/jquery/jquery.js?ln=primefaces&v=4.0 HTTP/1.1" 304 -
190.158.95.183 - - [07/Oct/2021:09:31:07 -0500] "GET /sipse/faces/javax.faces.resource/primefaces.js?ln=primefaces&v=4.0 HTTP/1.1" 304 -
190.158.95.183 - - [07/Oct/2021:09:31:07 -0500] "GET /sipse/faces/javax.faces.resource/layout/layout.js?ln=primefaces&v=4.0 HTTP/1.1" 304 -
201.245.192.253 - - [07/Oct/2021:09:31:07 -0500] "POST /sipse/faces/presentacion/financiero/solicitudProceso/consultarSolicitudProceso.xhtml HTTP/1.1" 200 527410
190.158.95.183 - - [07/Oct/2021:09:31:06 -0500] "POST /sipse/faces/presentacion/sistema/anexos/cargarAnexoSolicitudProceso.xhtml HTTP/1.1" 200 182940
190.158.95.183 - - [07/Oct/2021:09:31:07 -0500] "GET /sipse/css/imagen/contrasena.png HTTP/1.1" 404 383
201.245.192.253 - - [07/Oct/2021:09:31:07 -0500] "POST /sipse/faces/presentacion/financiero/solicitudProceso/consultarSolicitudProceso.xhtml HTTP/1.1" 200 118604
201.245.192.253 - - [07/Oct/2021:09:31:08 -0500] "POST /sipse/faces/presentacion/financiero/solicitudProceso/consultarSolicitudProceso.xhtml HTTP/1.1" 200 90152
190.158.95.183 - - [07/Oct/2021:09:31:07 -0500] "GET /reportes_sipse/sdg/ServletReporte?reporte=solicitud_cdp&Solicitud=15316&pfdrid_c=false HTTP/1.1" 200 120211
178.63.20.95 - - [07/Oct/2021:09:31:08 -0500] "GET /BLA/resoluciones/AUTOS%202010/0776.pdf HTTP/1.1" 200 186644
201.245.192.253 - - [07/Oct/2021:09:31:09 -0500] "POST /sipse/faces/presentacion/financiero/solicitudProceso/consultarSolicitudProceso.xhtml HTTP/1.1" 200 5437
201.245.192.253 - - [07/Oct/2021:09:31:09 -0500] "GET /reportes_sipse/sdg/ServletReporte?reporte=solicitud_cdp&Solicitud=14931&pfdrid_c=false HTTP/1.1" 200 95356
201.245.192.253 - - [07/Oct/2021:09:31:09 -0500] "POST /sipse/faces/presentacion/financiero/solicitudProceso/consultarSolicitudProceso.xhtml HTTP/1.1" 200 2484146
201.245.192.253 - - [07/Oct/2021:09:30:28 -0500] "POST /kwsrmcab/Wsrmcab HTTP/1.1" 200 47327
186.84.89.236 - - [07/Oct/2021:09:31:16 -0500] "-" 408 -
178.63.20.95 - - [07/Oct/2021:09:31:17 -0500] "GET /BLA/resoluciones/AUTOS%202010/4405.pdf HTTP/1.1" 200 1148246
178.63.20.95 - - [07/Oct/2021:09:31:22 -0500] "GET /BLA/resoluciones/AUTOS%202010/4267.pdf HTTP/1.1" 200 222733
201.245.192.253 - - [07/Oct/2021:09:31:24 -0500] "GET /catalogoisis/ HTTP/1.1" 200 8575
178.63.20.95 - - [07/Oct/2021:09:31:30 -0500] "GET /BLA/resoluciones/AUTOS%202010/1432.pdf HTTP/1.1" 200 237499
190.157.218.79 - - [07/Oct/2021:09:31:39 -0500] "GET /reportes_sipse/sdg/ServletReporte?reporte=solicitud_cdp&Solicitud=14931&pfdrid_c=false HTTP/1.1" 200 95356
178.63.20.95 - - [07/Oct/2021:09:31:40 -0500] "GET /BLA/resoluciones/AUTOS%202010/6607.pdf HTTP/1.1" 200 148421
178.63.20.95 - - [07/Oct/2021:09:31:48 -0500] "GET /BLA/resoluciones/AUTOS%202010/0176.pdf HTTP/1.1" 200 355064
201.245.192.253 - - [07/Oct/2021:09:31:51 -0500] "POST /sipse/faces/presentacion/financiero/solicitudProceso/consultarSolicitudProceso.xhtml HTTP/1.1" 200 178002
178.63.20.95 - - [07/Oct/2021:09:31:58 -0500] "GET /BLA/resoluciones/AUTOS%202010/0382.pdf HTTP/1.1" 200 184193
201.245.192.253 - - [07/Oct/2021:09:31:16 -0500] "POST /kwsrmcab/Wsrmcab HTTP/1.1" 200 48075
201.245.192.253 - - [07/Oct/2021:09:32:02 -0500] "POST /sipse/faces/presentacion/financiero/solicitudProceso/consultarSolicitudProceso.xhtml HTTP/1.1" 200 1305381
201.245.192.253 - - [07/Oct/2021:09:32:03 -0500] "POST /sipse/faces/presentacion/financiero/solicitudProceso/consultarSolicitudProceso.xhtml HTTP/1.1" 200 6869916
178.63.20.95 - - [07/Oct/2021:09:32:06 -0500] "GET /BLA/resoluciones/AUTOS%202010/4644.pdf HTTP/1.1" 200 323477
178.63.20.95 - - [07/Oct/2021:09:32:16 -0500] "GET /BLA/resoluciones/AUTOS%202010/4875.pdf HTTP/1.1" 200 351829
186.118.9.213 - - [07/Oct/2021:09:32:23 -0500] "GET /BLA/boletinlegal/js/jquery.scrollShow.js HTTP/1.1" 200 4586
186.118.9.213 - - [07/Oct/2021:09:32:23 -0500] "GET /galeria/galeria/jquery.fancybox.css?v=2.1.5 HTTP/1.1" 200 4895
186.118.9.213 - - [07/Oct/2021:09:32:23 -0500] "GET /galeria/galeria/jquery.fancybox.js?v=2.1.5 HTTP/1.1" 200 48706
201.245.192.253 - - [07/Oct/2021:09:32:25 -0500] "GET /catalogoisis/ HTTP/1.1" 200 8575
178.63.20.95 - - [07/Oct/2021:09:32:28 -0500] "GET /BLA/resoluciones/AUTOS%202010/5322.pdf HTTP/1.1" 200 2384390
178.63.20.95 - - [07/Oct/2021:09:32:32 -0500] "GET /BLA/resoluciones/AUTOS%202010/0106.pdf HTTP/1.1" 200 184143
178.63.20.95 - - [07/Oct/2021:09:32:42 -0500] "GET /BLA/resoluciones/AUTOS%202010/4361.pdf HTTP/1.1" 200 1837343
178.63.20.95 - - [07/Oct/2021:09:32:47 -0500] "GET /BLA/resoluciones/AUTOS%202010/4578.pdf HTTP/1.1" 200 239441
201.245.192.253 - - [07/Oct/2021:09:32:47 -0500] "POST /sipse/faces/presentacion/financiero/solicitudProceso/consultarSolicitudProceso.xhtml HTTP/1.1" 200 40572
201.245.192.253 - - [07/Oct/2021:09:32:47 -0500] "GET /sipse/faces/javax.faces.resource/theme.css?ln=primefaces-sipse HTTP/1.1" 304 -
201.245.192.253 - - [07/Oct/2021:09:32:47 -0500] "GET /sipse/faces/javax.faces.resource/layout/layout.css?ln=primefaces&v=4.0 HTTP/1.1" 304 -
201.245.192.253 - - [07/Oct/2021:09:32:47 -0500] "GET /sipse/faces/javax.faces.resource/primefaces.css?ln=primefaces&v=4.0 HTTP/1.1" 304 -
201.245.192.253 - - [07/Oct/2021:09:32:47 -0500] "GET /sipse/faces/javax.faces.resource/jquery/jquery.js?ln=primefaces&v=4.0 HTTP/1.1" 304 -
201.245.192.253 - - [07/Oct/2021:09:32:47 -0500] "GET /sipse/faces/javax.faces.resource/jquery/jquery-plugins.js?ln=primefaces&v=4.0 HTTP/1.1" 304 -
201.245.192.253 - - [07/Oct/2021:09:32:47 -0500] "GET /sipse/faces/javax.faces.resource/primefaces.js?ln=primefaces&v=4.0 HTTP/1.1" 304 -
201.245.192.253 - - [07/Oct/2021:09:32:47 -0500] "GET /sipse/faces/javax.faces.resource/layout/layout.js?ln=primefaces&v=4.0 HTTP/1.1" 304 -
201.245.192.253 - - [07/Oct/2021:09:32:47 -0500] "GET /sipse/css/imagen/contrasena.png HTTP/1.1" 404 383
201.245.192.253 - - [07/Oct/2021:09:32:47 -0500] "POST /sipse/faces/presentacion/financiero/solicitudProceso/consultar.xhtml HTTP/1.1" 200 33855
201.245.192.253 - - [07/Oct/2021:09:32:47 -0500] "POST /sipse/faces/presentacion/financiero/solicitudProceso/consultar.xhtml HTTP/1.1" 200 33855
201.245.192.253 - - [07/Oct/2021:09:32:47 -0500] "POST /sipse/faces/presentacion/financiero/solicitudProceso/consultar.xhtml HTTP/1.1" 200 33855
201.245.192.253 - - [07/Oct/2021:09:32:47 -0500] "POST /sipse/faces/presentacion/financiero/solicitudProceso/consultar.xhtml HTTP/1.1" 200 33855
201.245.192.253 - - [07/Oct/2021:09:32:48 -0500] "POST /sipse/faces/presentacion/financiero/solicitudProceso/consultar.xhtml HTTP/1.1" 200 33855
201.245.192.253 - - [07/Oct/2021:09:32:48 -0500] "POST /sipse/faces/presentacion/financiero/solicitudProceso/consultar.xhtml HTTP/1.1" 200 33855
186.84.91.65 - - [07/Oct/2021:09:32:48 -0500] "-" 408 -
201.245.192.253 - - [07/Oct/2021:09:32:48 -0500] "POST /sipse/faces/presentacion/financiero/solicitudProceso/consultar.xhtml HTTP/1.1" 200 33855
201.245.192.253 - - [07/Oct/2021:09:32:48 -0500] "POST /sipse/faces/presentacion/financiero/solicitudProceso/consultar.xhtml HTTP/1.1" 200 33855
201.245.192.253 - - [07/Oct/2021:09:32:48 -0500] "POST /sipse/faces/presentacion/financiero/solicitudProceso/consultar.xhtml HTTP/1.1" 200 33855
201.245.192.253 - - [07/Oct/2021:09:32:48 -0500] "POST /sipse/faces/presentacion/financiero/solicitudProceso/consultar.xhtml HTTP/1.1" 200 33855
201.245.192.253 - - [07/Oct/2021:09:32:48 -0500] "POST /sipse/faces/presentacion/financiero/solicitudProceso/consultar.xhtml HTTP/1.1" 200 33855
201.245.192.253 - - [07/Oct/2021:09:32:49 -0500] "POST /sipse/faces/presentacion/financiero/solicitudProceso/consultar.xhtml HTTP/1.1" 200 33855
201.245.192.253 - - [07/Oct/2021:09:32:49 -0500] "POST /sipse/faces/presentacion/financiero/solicitudProceso/consultar.xhtml HTTP/1.1" 200 33855
201.245.192.253 - - [07/Oct/2021:09:32:49 -0500] "POST /sipse/faces/presentacion/financiero/solicitudProceso/consultar.xhtml HTTP/1.1" 200 33855
201.245.192.253 - - [07/Oct/2021:09:32:49 -0500] "POST /sipse/faces/presentacion/financiero/solicitudProceso/consultar.xhtml HTTP/1.1" 200 33855
201.245.192.253 - - [07/Oct/2021:09:32:49 -0500] "POST /sipse/faces/presentacion/financiero/solicitudProceso/consultar.xhtml HTTP/1.1" 200 33855
201.245.192.253 - - [07/Oct/2021:09:32:49 -0500] "POST /sipse/faces/presentacion/financiero/solicitudProceso/consultar.xhtml HTTP/1.1" 200 33855
201.245.192.253 - - [07/Oct/2021:09:32:49 -0500] "POST /sipse/faces/presentacion/financiero/solicitudProceso/consultar.xhtml HTTP/1.1" 200 33855
201.245.192.253 - - [07/Oct/2021:09:32:50 -0500] "POST /sipse/faces/presentacion/financiero/solicitudProceso/consultar.xhtml HTTP/1.1" 200 33855
201.245.192.253 - - [07/Oct/2021:09:32:50 -0500] "POST /sipse/faces/presentacion/financiero/solicitudProceso/consultar.xhtml HTTP/1.1" 200 33855
201.245.192.253 - - [07/Oct/2021:09:32:50 -0500] "GET /galeria/galeria/jquery.fancybox.css?v=2.1.5 HTTP/1.1" 200 4895
201.245.192.253 - - [07/Oct/2021:09:32:50 -0500] "GET /galeria/galeria/jquery.fancybox.js?v=2.1.5 HTTP/1.1" 200 48706
201.245.192.253 - - [07/Oct/2021:09:32:54 -0500] "POST /sipse/faces/presentacion/financiero/solicitudProceso/consultar.xhtml HTTP/1.1" 200 12717
201.245.192.253 - - [07/Oct/2021:09:32:55 -0500] "POST /sipse/faces/presentacion/financiero/solicitudProceso/consultar.xhtml HTTP/1.1" 200 149380
201.245.192.253 - - [07/Oct/2021:09:32:56 -0500] "GET /sipse/faces/javax.faces.resource/theme.css?ln=primefaces-sipse HTTP/1.1" 304 -
201.245.192.253 - - [07/Oct/2021:09:32:56 -0500] "GET /sipse/faces/javax.faces.resource/primefaces.css?ln=primefaces&v=4.0 HTTP/1.1" 304 -
201.245.192.253 - - [07/Oct/2021:09:32:56 -0500] "GET /sipse/faces/javax.faces.resource/layout/layout.css?ln=primefaces&v=4.0 HTTP/1.1" 304 -
201.245.192.253 - - [07/Oct/2021:09:32:56 -0500] "GET /sipse/faces/javax.faces.resource/jquery/jquery.js?ln=primefaces&v=4.0 HTTP/1.1" 304 -
201.245.192.253 - - [07/Oct/2021:09:32:56 -0500] "GET /sipse/faces/javax.faces.resource/jquery/jquery-plugins.js?ln=primefaces&v=4.0 HTTP/1.1" 304 -
201.245.192.253 - - [07/Oct/2021:09:32:56 -0500] "GET /sipse/faces/javax.faces.resource/primefaces.js?ln=primefaces&v=4.0 HTTP/1.1" 304 -
201.245.192.253 - - [07/Oct/2021:09:32:56 -0500] "GET /sipse/faces/javax.faces.resource/layout/layout.js?ln=primefaces&v=4.0 HTTP/1.1" 304 -
201.245.192.253 - - [07/Oct/2021:09:32:56 -0500] "GET /sipse/css/imagen/contrasena.png HTTP/1.1" 404 383
178.63.20.95 - - [07/Oct/2021:09:32:56 -0500] "GET /BLA/resoluciones/AUTOS%202010/1671.pdf HTTP/1.1" 200 1350785
201.245.192.253 - - [07/Oct/2021:09:32:56 -0500] "GET /reportes_sipse/sdg/ServletReporte?reporte=solicitud_cdp&Solicitud=14931&pfdrid_c=false HTTP/1.1" 200 95356
201.245.192.253 - - [07/Oct/2021:09:32:59 -0500] "POST /sipse/faces/presentacion/financiero/solicitudProceso/consultarSolicitudProceso.xhtml HTTP/1.1" 200 112969
178.63.20.95 - - [07/Oct/2021:09:33:01 -0500] "GET /BLA/resoluciones/AUTOS%202010/3010.pdf HTTP/1.1" 200 1437028
178.63.20.95 - - [07/Oct/2021:09:33:07 -0500] "GET /BLA/resoluciones/AUTOS%202010/1117.pdf HTTP/1.1" 200 177013
178.63.20.95 - - [07/Oct/2021:09:33:16 -0500] "GET /BLA/resoluciones/AUTOS%202010/1957.pdf HTTP/1.1" 200 1050592
181.61.7.90 - - [07/Oct/2021:09:33:20 -0500] "POST /sipse/faces/presentacion/financiero/solicitudProceso/listarSolicitudProceso.xhtml HTTP/1.1" 200 21932
178.63.20.95 - - [07/Oct/2021:09:33:21 -0500] "GET /BLA/resoluciones/AUTOS%202010/3782.pdf HTTP/1.1" 200 258671
201.245.192.253 - - [07/Oct/2021:09:33:26 -0500] "GET /catalogoisis/ HTTP/1.1" 200 8575
181.61.7.90 - - [07/Oct/2021:09:33:26 -0500] "POST /sipse/faces/presentacion/financiero/solicitudProceso/listarSolicitudProceso.xhtml HTTP/1.1" 200 117049
181.61.7.90 - - [07/Oct/2021:09:33:27 -0500] "GET /sipse/faces/javax.faces.resource/jquery/jquery.js?ln=primefaces&v=4.0 HTTP/1.1" 304 -
181.61.7.90 - - [07/Oct/2021:09:33:27 -0500] "GET /sipse/faces/javax.faces.resource/jquery/jquery-plugins.js?ln=primefaces&v=4.0 HTTP/1.1" 304 -
181.61.7.90 - - [07/Oct/2021:09:33:27 -0500] "GET /sipse/faces/javax.faces.resource/primefaces.js?ln=primefaces&v=4.0 HTTP/1.1" 304 -
181.61.7.90 - - [07/Oct/2021:09:33:28 -0500] "GET /sipse/faces/javax.faces.resource/layout/layout.js?ln=primefaces&v=4.0 HTTP/1.1" 304 -
181.61.7.90 - - [07/Oct/2021:09:33:28 -0500] "GET /reportes_sipse/sdg/ServletReporte?reporte=solicitud_cdp&Solicitud=14931&pfdrid_c=false HTTP/1.1" 200 95356
178.63.20.95 - - [07/Oct/2021:09:33:31 -0500] "GET /BLA/resoluciones/AUTOS%202010/4352.pdf HTTP/1.1" 200 263285
178.63.20.95 - - [07/Oct/2021:09:33:41 -0500] "GET /BLA/resoluciones/AUTOS%202010/6438.pdf HTTP/1.1" 200 155057
181.61.7.90 - - [07/Oct/2021:09:33:41 -0500] "POST /sipse/faces/presentacion/financiero/solicitudProceso/consultarSolicitudProceso.xhtml HTTP/1.1" 200 483434
178.63.20.95 - - [07/Oct/2021:09:33:50 -0500] "GET /BLA/resoluciones/AUTOS%202010/0847.pdf HTTP/1.1" 200 185591
178.63.20.95 - - [07/Oct/2021:09:33:59 -0500] "GET /BLA/resoluciones/AUTOS%202010/0777.pdf HTTP/1.1" 200 190185
190.167.197.230 - - [07/Oct/2021:09:34:04 -0500] "GET /galeria/galeria/jquery.fancybox.js?v=2.1.5 HTTP/1.1" 200 48706
200.26.171.170 - - [07/Oct/2021:09:34:04 -0500] "GET /galeria/galeria/jquery.fancybox.css?v=2.1.5 HTTP/1.1" 200 4895
181.61.7.90 - - [07/Oct/2021:09:34:04 -0500] "POST /sipse/faces/presentacion/financiero/solicitudProceso/consultarSolicitudProceso.xhtml HTTP/1.1" 200 151470
181.57.35.119 - - [07/Oct/2021:09:34:07 -0500] "-" 408 -
186.80.52.2 - - [07/Oct/2021:09:34:07 -0500] "GET /galeria/galeria/jquery.fancybox.js?v=2.1.5 HTTP/1.1" 200 48706
178.63.20.95 - - [07/Oct/2021:09:34:09 -0500] "GET /BLA/resoluciones/AUTOS%202010/4580.pdf HTTP/1.1" 200 2143230
200.26.171.170 - - [07/Oct/2021:09:34:10 -0500] "GET /BLA/boletinlegal/js/jquery.scrollShow.js HTTP/1.1" 200 4586
186.83.90.41 - - [07/Oct/2021:09:34:10 -0500] "GET /galeria/galeria/jquery.fancybox.css?v=2.1.5 HTTP/1.1" 200 4895
186.83.90.41 - - [07/Oct/2021:09:34:10 -0500] "GET /galeria/galeria/jquery.fancybox.js?v=2.1.5 HTTP/1.1" 200 48706
186.83.90.41 - - [07/Oct/2021:09:34:10 -0500] "GET /BLA/boletinlegal/js/jquery.scrollShow.js HTTP/1.1" 200 4586
178.63.20.95 - - [07/Oct/2021:09:34:13 -0500] "GET /BLA/resoluciones/AUTOS%202010/5327.pdf HTTP/1.1" 200 183960
178.63.20.95 - - [07/Oct/2021:09:34:22 -0500] "GET /BLA/resoluciones/AUTOS%202010/1110.pdf HTTP/1.1" 200 195015
201.245.192.253 - - [07/Oct/2021:09:34:27 -0500] "GET /catalogoisis/ HTTP/1.1" 200 8575
178.63.20.95 - - [07/Oct/2021:09:34:30 -0500] "GET /BLA/resoluciones/AUTOS%202010/5880.pdf HTTP/1.1" 200 338255
190.18.87.56 - - [07/Oct/2021:09:34:36 -0500] "GET /galeria/galeria/jquery.fancybox.css?v=2.1.5 HTTP/1.1" 200 4895
190.18.87.56 - - [07/Oct/2021:09:34:36 -0500] "GET /BLA/boletinlegal/js/jquery.scrollShow.js HTTP/1.1" 200 4586
190.18.87.56 - - [07/Oct/2021:09:34:36 -0500] "GET /galeria/galeria/jquery.fancybox.js?v=2.1.5 HTTP/1.1" 200 48706
190.27.245.107 - - [07/Oct/2021:09:34:40 -0500] "GET /sipse/ HTTP/1.1" 302 -
186.85.100.42 - - [07/Oct/2021:09:34:40 -0500] "GET /sipse/faces/autenticacion.xhtml HTTP/1.1" 200 12187
178.63.20.95 - - [07/Oct/2021:09:34:40 -0500] "GET /BLA/resoluciones/AUTOS%202010/3432.pdf HTTP/1.1" 200 467879
186.85.100.42 - - [07/Oct/2021:09:34:40 -0500] "GET /sipse/faces/javax.faces.resource/theme.css?ln=primefaces-sipse HTTP/1.1" 304 -
186.85.100.42 - - [07/Oct/2021:09:34:40 -0500] "GET /sipse/faces/javax.faces.resource/jquery/jquery-plugins.js?ln=primefaces&v=4.0 HTTP/1.1" 304 -
186.85.100.42 - - [07/Oct/2021:09:34:40 -0500] "GET /sipse/faces/javax.faces.resource/jquery/jquery.js?ln=primefaces&v=4.0 HTTP/1.1" 304 -
186.85.100.42 - - [07/Oct/2021:09:34:40 -0500] "GET /sipse/faces/javax.faces.resource/layout/layout.css?ln=primefaces&v=4.0 HTTP/1.1" 304 -
186.85.100.42 - - [07/Oct/2021:09:34:40 -0500] "GET /sipse/faces/javax.faces.resource/layout/layout.js?ln=primefaces&v=4.0 HTTP/1.1" 304 -
186.85.100.42 - - [07/Oct/2021:09:34:40 -0500] "GET /sipse/faces/javax.faces.resource/primefaces.js?ln=primefaces&v=4.0 HTTP/1.1" 304 -
186.85.100.42 - - [07/Oct/2021:09:34:40 -0500] "GET /sipse/faces/javax.faces.resource/primefaces.css?ln=primefaces&v=4.0 HTTP/1.1" 304 -
186.85.100.42 - - [07/Oct/2021:09:34:41 -0500] "GET /sipse/faces/javax.faces.resource/images/ui-icons_898989_256x240.png?ln=primefaces-aristo HTTP/1.1" 304 -
186.85.100.42 - - [07/Oct/2021:09:34:41 -0500] "GET /sipse/faces/index.xhtml HTTP/1.1" 200 677
186.85.100.42 - - [07/Oct/2021:09:34:41 -0500] "GET /sipse/faces/javax.faces.resource/theme.css?ln=primefaces-sipse HTTP/1.1" 304 -
186.85.100.42 - - [07/Oct/2021:09:34:41 -0500] "GET /sipse/faces/faces/autenticacion.xhtml HTTP/1.1" 200 12187
186.85.100.42 - - [07/Oct/2021:09:34:42 -0500] "GET /sipse/faces/javax.faces.resource/theme.css?ln=primefaces-sipse HTTP/1.1" 304 -
186.85.100.42 - - [07/Oct/2021:09:34:42 -0500] "GET /sipse/faces/javax.faces.resource/layout/layout.css?ln=primefaces&v=4.0 HTTP/1.1" 304 -
186.85.100.42 - - [07/Oct/2021:09:34:42 -0500] "GET /sipse/faces/javax.faces.resource/primefaces.css?ln=primefaces&v=4.0 HTTP/1.1" 304 -
186.85.100.42 - - [07/Oct/2021:09:34:42 -0500] "GET /sipse/faces/javax.faces.resource/jquery/jquery.js?ln=primefaces&v=4.0 HTTP/1.1" 304 -
186.85.100.42 - - [07/Oct/2021:09:34:42 -0500] "GET /sipse/faces/javax.faces.resource/jquery/jquery-plugins.js?ln=primefaces&v=4.0 HTTP/1.1" 304 -
186.85.100.42 - - [07/Oct/2021:09:34:42 -0500] "GET /sipse/faces/javax.faces.resource/primefaces.js?ln=primefaces&v=4.0 HTTP/1.1" 304 -
186.85.100.42 - - [07/Oct/2021:09:34:42 -0500] "GET /sipse/faces/javax.faces.resource/layout/layout.js?ln=primefaces&v=4.0 HTTP/1.1" 304 -
186.85.100.42 - - [07/Oct/2021:09:34:44 -0500] "POST /sipse/faces/autenticacion.xhtml HTTP/1.1" 200 16493
186.85.100.42 - - [07/Oct/2021:09:34:45 -0500] "GET /sipse/faces/javax.faces.resource/theme.css?ln=primefaces-sipse HTTP/1.1" 304 -
186.85.100.42 - - [07/Oct/2021:09:34:45 -0500] "GET /sipse/faces/javax.faces.resource/layout/layout.css?ln=primefaces&v=4.0 HTTP/1.1" 304 -
186.85.100.42 - - [07/Oct/2021:09:34:45 -0500] "GET /sipse/faces/javax.faces.resource/primefaces.css?ln=primefaces&v=4.0 HTTP/1.1" 304 -
186.85.100.42 - - [07/Oct/2021:09:34:45 -0500] "GET /sipse/faces/javax.faces.resource/jquery/jquery.js?ln=primefaces&v=4.0 HTTP/1.1" 304 -
186.85.100.42 - - [07/Oct/2021:09:34:45 -0500] "GET /sipse/faces/javax.faces.resource/jquery/jquery-plugins.js?ln=primefaces&v=4.0 HTTP/1.1" 304 -
186.85.100.42 - - [07/Oct/2021:09:34:45 -0500] "GET /sipse/faces/javax.faces.resource/primefaces.js?ln=primefaces&v=4.0 HTTP/1.1" 304 -
186.85.100.42 - - [07/Oct/2021:09:34:45 -0500] "GET /sipse/faces/javax.faces.resource/layout/layout.js?ln=primefaces&v=4.0 HTTP/1.1" 304 -
186.85.100.42 - - [07/Oct/2021:09:34:45 -0500] "GET /sipse/css/imagen/contrasena.png HTTP/1.1" 404 383
186.85.100.42 - - [07/Oct/2021:09:34:45 -0500] "GET /sipse/faces/javax.faces.resource/messages/messages.png?ln=primefaces&v=4.0 HTTP/1.1" 304 -
69.63.184.7 - - [07/Oct/2021:09:34:47 -0500] "GET /images/Bogot%C3%A1-Imparable-feria-servicios.jpg HTTP/1.1" 404 1034
186.85.100.42 - - [07/Oct/2021:09:34:48 -0500] "GET /sipse/faces/javax.faces.resource/images/ui-bg_flat_0_2d5972_40x100.png?ln=primefaces-aristo HTTP/1.1" 304 -
186.85.100.42 - - [07/Oct/2021:09:34:48 -0500] "POST /sipse/faces/bienvenido.xhtml HTTP/1.1" 200 1469
178.63.20.95 - - [07/Oct/2021:09:34:49 -0500] "GET /BLA/resoluciones/AUTOS%202010/6682.pdf HTTP/1.1" 200 143533
190.145.60.11 - - [07/Oct/2021:09:34:53 -0500] "GET /BLA/boletinlegal/js/jquery.scrollShow.js HTTP/1.1" 200 4586
190.145.60.11 - - [07/Oct/2021:09:34:53 -0500] "GET /galeria/galeria/jquery.fancybox.js?v=2.1.5 HTTP/1.1" 200 48706
190.145.60.11 - - [07/Oct/2021:09:34:53 -0500] "GET /galeria/carrusel/Carrusel/jquery.thumbnailScroller.css HTTP/1.1" 200 2066
216.245.221.92 - - [07/Oct/2021:09:34:53 -0500] "HEAD / HTTP/1.1" 200 -
190.145.60.11 - - [07/Oct/2021:09:34:53 -0500] "GET /galeria/carrusel/Carrusel/jquery-ui-1.8.13.custom.min.js HTTP/1.1" 200 10800
190.145.60.11 - - [07/Oct/2021:09:34:53 -0500] "GET /galeria/carrusel/Carrusel/jquery.thumbnailScroller.js HTTP/1.1" 200 8157
190.145.60.11 - - [07/Oct/2021:09:34:54 -0500] "GET /galeria/nivo-slider/demo/banner.html HTTP/1.1" 200 5446
190.145.60.11 - - [07/Oct/2021:09:34:54 -0500] "GET /galeria/nivo-slider/themes/default/default.css HTTP/1.1" 200 1569
190.145.60.11 - - [07/Oct/2021:09:34:54 -0500] "GET /galeria/nivo-slider/themes/pascal/pascal.css HTTP/1.1" 200 2258
190.145.60.11 - - [07/Oct/2021:09:34:54 -0500] "GET /galeria/nivo-slider/themes/orman/orman.css HTTP/1.1" 200 2152
190.145.60.11 - - [07/Oct/2021:09:34:54 -0500] "GET /galeria/nivo-slider/nivo-slider.css HTTP/1.1" 200 1507
190.145.60.11 - - [07/Oct/2021:09:34:54 -0500] "GET /galeria/nivo-slider/demo/scripts/jquery-1.7.1.min.js HTTP/1.1" 200 93868
190.145.60.11 - - [07/Oct/2021:09:34:54 -0500] "GET /galeria/nivo-slider/demo/style.css HTTP/1.1" 200 2222
190.145.60.11 - - [07/Oct/2021:09:34:54 -0500] "GET /galeria/nivo-slider/jquery.nivo.slider.pack.js HTTP/1.1" 200 11561
190.145.60.11 - - [07/Oct/2021:09:34:54 -0500] "GET /galeria/nivo-slider/demo/images/bannertortuga_optimized.jpg HTTP/1.1" 200 39066
190.145.60.11 - - [07/Oct/2021:09:34:54 -0500] "GET /galeria/nivo-slider/demo/images/Bannersedeelectronica.jpg HTTP/1.1" 200 40383
190.145.60.11 - - [07/Oct/2021:09:34:54 -0500] "GET /galeria/nivo-slider/demo/images/Bannermujeresquereverdecen.jpg HTTP/1.1" 200 46558
190.145.60.11 - - [07/Oct/2021:09:34:54 -0500] "GET /galeria/nivo-slider/demo/images/bannertrafico_optimized.jpg HTTP/1.1" 200 42578
190.145.60.11 - - [07/Oct/2021:09:34:54 -0500] "GET /galeria/nivo-slider/demo/images/4Simple_Slider.png HTTP/1.1" 200 11722
190.145.60.11 - - [07/Oct/2021:09:34:54 -0500] "GET /galeria/nivo-slider/themes/default/loading.gif HTTP/1.1" 200 1737
190.145.60.11 - - [07/Oct/2021:09:34:54 -0500] "GET /galeria/nivo-slider/demo/images/bannerrutaesperanza.jpg HTTP/1.1" 200 55560
190.145.60.11 - - [07/Oct/2021:09:34:54 -0500] "GET /galeria/nivo-slider/demo/images/banneraire2021.jpg HTTP/1.1" 200 265101
190.145.60.11 - - [07/Oct/2021:09:34:55 -0500] "GET /galeria/nivo-slider/demo/images/Bannerplasticosseptiembre.jpg HTTP/1.1" 200 45633
190.145.60.11 - - [07/Oct/2021:09:34:55 -0500] "GET /galeria/nivo-slider/demo/images/bannerresiduoshospitalariosagosto.jpg HTTP/1.1" 200 36499
190.145.60.11 - - [07/Oct/2021:09:34:55 -0500] "GET /galeria/nivo-slider/demo/images/banneraccionpopularcrr68.jpg HTTP/1.1" 200 51887
190.145.60.11 - - [07/Oct/2021:09:34:55 -0500] "GET /galeria/nivo-slider/demo/images/banneraccionpopular.jpeg HTTP/1.1" 200 41707
190.145.60.11 - - [07/Oct/2021:09:34:55 -0500] "GET /galeria/nivo-slider/demo/images/bannerclases2021.jpg HTTP/1.1" 200 68230
190.145.60.11 - - [07/Oct/2021:09:34:55 -0500] "GET /galeria/nivo-slider/demo/images/bannercapacitacionesbogota.jpg HTTP/1.1" 200 42416
190.145.60.11 - - [07/Oct/2021:09:34:55 -0500] "GET /galeria/nivo-slider/demo/images/Bannerenvases.jpg HTTP/1.1" 200 37316
190.145.60.11 - - [07/Oct/2021:09:34:55 -0500] "GET /galeria/nivo-slider/demo/images/Bannervirtualescanales.jpg HTTP/1.1" 200 174544
181.61.7.90 - - [07/Oct/2021:09:34:56 -0500] "POST /sipse/faces/presentacion/financiero/solicitudProceso/consultarSolicitudProceso.xhtml HTTP/1.1" 200 30066
181.61.7.90 - - [07/Oct/2021:09:34:56 -0500] "GET /sipse/faces/javax.faces.resource/jquery/jquery.js?ln=primefaces&v=4.0 HTTP/1.1" 304 -
181.61.7.90 - - [07/Oct/2021:09:34:56 -0500] "GET /sipse/faces/javax.faces.resource/jquery/jquery-plugins.js?ln=primefaces&v=4.0 HTTP/1.1" 304 -
181.61.7.90 - - [07/Oct/2021:09:34:56 -0500] "GET /sipse/faces/javax.faces.resource/primefaces.js?ln=primefaces&v=4.0 HTTP/1.1" 304 -
181.61.7.90 - - [07/Oct/2021:09:34:56 -0500] "GET /sipse/faces/javax.faces.resource/layout/layout.js?ln=primefaces&v=4.0 HTTP/1.1" 304 -
190.145.60.11 - - [07/Oct/2021:09:34:57 -0500] "GET /galeria/nivo-slider/themes/default/arrows.png HTTP/1.1" 200 824
190.145.60.11 - - [07/Oct/2021:09:34:57 -0500] "GET /galeria/nivo-slider/themes/default/bullets.png HTTP/1.1" 200 1281
31.13.127.1 - - [07/Oct/2021:09:34:58 -0500] "GET /images/Bogot%C3%A1-Imparable-feria-servicios.jpg HTTP/1.1" 404 1034
181.61.7.90 - - [07/Oct/2021:09:34:59 -0500] "POST /sipse/faces/presentacion/financiero/solicitudProceso/asignarContratacion.xhtml HTTP/1.1" 200 3433
178.63.20.95 - - [07/Oct/2021:09:35:00 -0500] "GET /BLA/resoluciones/AUTOS%202010/0699.pdf HTTP/1.1" 200 184401
201.245.192.253 - - [07/Oct/2021:09:34:14 -0500] "POST /kwsrmcab/Wsrmcab HTTP/1.1" 200 121948
181.61.7.90 - - [07/Oct/2021:09:35:02 -0500] "POST /sipse/faces/presentacion/financiero/solicitudProceso/asignarContratacion.xhtml HTTP/1.1" 200 59495
181.61.7.90 - - [07/Oct/2021:09:35:04 -0500] "GET /sipse/faces/javax.faces.resource/jquery/jquery.js?ln=primefaces&v=4.0 HTTP/1.1" 304 -
181.61.7.90 - - [07/Oct/2021:09:35:04 -0500] "GET /sipse/faces/javax.faces.resource/jquery/jquery-plugins.js?ln=primefaces&v=4.0 HTTP/1.1" 304 -
181.61.7.90 - - [07/Oct/2021:09:35:04 -0500] "GET /sipse/faces/javax.faces.resource/primefaces.js?ln=primefaces&v=4.0 HTTP/1.1" 304 -
181.61.7.90 - - [07/Oct/2021:09:35:04 -0500] "GET /sipse/faces/javax.faces.resource/layout/layout.js?ln=primefaces&v=4.0 HTTP/1.1" 304 -
186.85.100.42 - - [07/Oct/2021:09:34:49 -0500] "POST /sipse/faces/bienvenido.xhtml HTTP/1.1" 200 65593
181.61.7.90 - - [07/Oct/2021:09:35:05 -0500] "POST /sipse/faces/presentacion/financiero/solicitudProceso/listarSolicitudProceso.xhtml HTTP/1.1" 200 1448
186.85.100.42 - - [07/Oct/2021:09:35:05 -0500] "GET /sipse/faces/javax.faces.resource/theme.css?ln=primefaces-sipse HTTP/1.1" 304 -
186.85.100.42 - - [07/Oct/2021:09:35:05 -0500] "GET /sipse/faces/javax.faces.resource/layout/layout.css?ln=primefaces&v=4.0 HTTP/1.1" 304 -
186.85.100.42 - - [07/Oct/2021:09:35:05 -0500] "GET /sipse/faces/javax.faces.resource/primefaces.css?ln=primefaces&v=4.0 HTTP/1.1" 304 -
186.85.100.42 - - [07/Oct/2021:09:35:05 -0500] "GET /sipse/faces/javax.faces.resource/jquery/jquery.js?ln=primefaces&v=4.0 HTTP/1.1" 304 -
186.85.100.42 - - [07/Oct/2021:09:35:05 -0500] "GET /sipse/faces/javax.faces.resource/jquery/jquery-plugins.js?ln=primefaces&v=4.0 HTTP/1.1" 304 -
186.85.100.42 - - [07/Oct/2021:09:35:05 -0500] "GET /sipse/faces/javax.faces.resource/primefaces.js?ln=primefaces&v=4.0 HTTP/1.1" 304 -
186.85.100.42 - - [07/Oct/2021:09:35:05 -0500] "GET /sipse/faces/javax.faces.resource/layout/layout.js?ln=primefaces&v=4.0 HTTP/1.1" 304 -
186.85.100.42 - - [07/Oct/2021:09:35:06 -0500] "GET /sipse/faces/javax.faces.resource/images/ui-icons_898989_256x240.png?ln=primefaces-aristo HTTP/1.1" 304 -
178.63.20.95 - - [07/Oct/2021:09:35:09 -0500] "GET /BLA/resoluciones/AUTOS%202010/5217.pdf HTTP/1.1" 200 162625
186.85.100.42 - - [07/Oct/2021:09:35:10 -0500] "POST /sipse/faces/presentacion/proyectos/proyecto/listarConsultarProyectos.xhtml HTTP/1.1" 200 74416
186.85.100.42 - - [07/Oct/2021:09:35:13 -0500] "GET /sipse/faces/javax.faces.resource/theme.css?ln=primefaces-sipse HTTP/1.1" 304 -
186.85.100.42 - - [07/Oct/2021:09:35:13 -0500] "GET /sipse/faces/javax.faces.resource/layout/layout.css?ln=primefaces&v=4.0 HTTP/1.1" 304 -
186.85.100.42 - - [07/Oct/2021:09:35:13 -0500] "GET /sipse/faces/javax.faces.resource/primefaces.css?ln=primefaces&v=4.0 HTTP/1.1" 304 -
186.85.100.42 - - [07/Oct/2021:09:35:13 -0500] "GET /sipse/faces/javax.faces.resource/jquery/jquery.js?ln=primefaces&v=4.0 HTTP/1.1" 304 -
186.85.100.42 - - [07/Oct/2021:09:35:13 -0500] "GET /sipse/faces/javax.faces.resource/jquery/jquery-plugins.js?ln=primefaces&v=4.0 HTTP/1.1" 304 -
186.85.100.42 - - [07/Oct/2021:09:35:13 -0500] "GET /sipse/faces/javax.faces.resource/primefaces.js?ln=primefaces&v=4.0 HTTP/1.1" 304 -
186.85.100.42 - - [07/Oct/2021:09:35:13 -0500] "GET /sipse/faces/javax.faces.resource/layout/layout.js?ln=primefaces&v=4.0 HTTP/1.1" 304 -
186.85.100.42 - - [07/Oct/2021:09:35:14 -0500] "POST /sipse/faces/presentacion/proyectos/proyecto/proyecto.xhtml HTTP/1.1" 200 3233
201.244.143.206 - - [07/Oct/2021:09:35:15 -0500] "GET /galeria/galeria/jquery.fancybox.css?v=2.1.5 HTTP/1.1" 200 4895
201.244.143.206 - - [07/Oct/2021:09:35:15 -0500] "GET /BLA/boletinlegal/js/jquery.scrollShow.js HTTP/1.1" 200 4586
201.244.143.206 - - [07/Oct/2021:09:35:15 -0500] "GET /galeria/galeria/jquery.fancybox.js?v=2.1.5 HTTP/1.1" 200 48706
178.63.20.95 - - [07/Oct/2021:09:35:17 -0500] "GET /BLA/resoluciones/AUTOS%202010/0104.pdf HTTP/1.1" 200 255747
186.85.100.42 - - [07/Oct/2021:09:35:17 -0500] "POST /sipse/faces/presentacion/proyectos/proyecto/proyecto.xhtml HTTP/1.1" 200 37013
186.85.100.42 - - [07/Oct/2021:09:35:19 -0500] "GET /sipse/faces/javax.faces.resource/spacer/dot_clear.gif?ln=primefaces&v=4.0 HTTP/1.1" 304 -
186.85.100.42 - - [07/Oct/2021:09:35:19 -0500] "POST /sipse/faces/presentacion/proyectos/proyecto/proyecto.xhtml HTTP/1.1" 200 3933
181.61.7.90 - - [07/Oct/2021:09:35:25 -0500] "POST /sipse/faces/presentacion/financiero/solicitudProceso/listarSolicitudProceso.xhtml HTTP/1.1" 200 19042
178.63.20.95 - - [07/Oct/2021:09:35:27 -0500] "GET /BLA/resoluciones/AUTOS%202010/5509.pdf HTTP/1.1" 200 244760
201.245.192.253 - - [07/Oct/2021:09:35:28 -0500] "GET /catalogoisis/ HTTP/1.1" 200 8575
178.63.20.95 - - [07/Oct/2021:09:35:36 -0500] "GET /BLA/resoluciones/AUTOS%202010/5371.pdf HTTP/1.1" 200 2053415
190.146.131.72 - - [07/Oct/2021:09:35:39 -0500] "GET /galeria/galeria/fotos/MeandrodelSay1P.jpg HTTP/1.1" 200 27908
178.63.20.95 - - [07/Oct/2021:09:35:39 -0500] "GET /BLA/resoluciones/AUTOS%202010/1900.pdf HTTP/1.1" 200 190299
190.146.131.72 - - [07/Oct/2021:09:35:40 -0500] "GET /galeria/galeria/fotos/MeandrodelSay2P.jpg HTTP/1.1" 200 30394
181.61.7.90 - - [07/Oct/2021:09:35:39 -0500] "POST /sipse/faces/presentacion/financiero/solicitudProceso/listarSolicitudProceso.xhtml HTTP/1.1" 200 112760
181.61.7.90 - - [07/Oct/2021:09:35:40 -0500] "GET /sipse/faces/javax.faces.resource/jquery/jquery.js?ln=primefaces&v=4.0 HTTP/1.1" 304 -
181.61.7.90 - - [07/Oct/2021:09:35:40 -0500] "GET /sipse/faces/javax.faces.resource/jquery/jquery-plugins.js?ln=primefaces&v=4.0 HTTP/1.1" 304 -
181.61.7.90 - - [07/Oct/2021:09:35:40 -0500] "GET /sipse/faces/javax.faces.resource/primefaces.js?ln=primefaces&v=4.0 HTTP/1.1" 304 -
181.61.7.90 - - [07/Oct/2021:09:35:40 -0500] "GET /sipse/faces/javax.faces.resource/layout/layout.js?ln=primefaces&v=4.0 HTTP/1.1" 304 -
190.146.131.72 - - [07/Oct/2021:09:35:40 -0500] "GET /galeria/galeria/fotos/MeandrodelSay3P.jpg HTTP/1.1" 200 32353
190.146.131.72 - - [07/Oct/2021:09:35:40 -0500] "GET /galeria/galeria/fotos/MeandrodelSay4P.jpg HTTP/1.1" 200 32545
181.61.7.90 - - [07/Oct/2021:09:35:40 -0500] "GET /reportes_sipse/sdg/ServletReporte?reporte=solicitud_cdp&Solicitud=14931&pfdrid_c=false HTTP/1.1" 200 95356
186.85.100.42 - - [07/Oct/2021:09:35:44 -0500] "POST /sipse/faces/presentacion/proyectos/proyecto/proyecto.xhtml HTTP/1.1" 200 31299
178.63.20.95 - - [07/Oct/2021:09:35:48 -0500] "GET /BLA/resoluciones/AUTOS%202010/0472.pdf HTTP/1.1" 200 192107
186.84.89.236 - - [07/Oct/2021:09:35:54 -0500] "-" 408 -
190.26.139.251 - - [07/Oct/2021:09:35:56 -0500] "GET /galeria/galeria/jquery.fancybox.css?v=2.1.5 HTTP/1.1" 200 4895
190.26.139.251 - - [07/Oct/2021:09:35:56 -0500] "GET /BLA/boletinlegal/js/jquery.scrollShow.js HTTP/1.1" 200 4586
190.26.139.251 - - [07/Oct/2021:09:35:56 -0500] "GET /galeria/galeria/jquery.fancybox.js?v=2.1.5 HTTP/1.1" 200 48706
178.63.20.95 - - [07/Oct/2021:09:35:58 -0500] "GET /BLA/resoluciones/AUTOS%202010/2316.pdf HTTP/1.1" 200 334549
190.144.178.74 - - [07/Oct/2021:09:36:03 -0500] "GET /galeria/galeria/jquery.fancybox.css?v=2.1.5 HTTP/1.1" 200 4895
190.144.178.74 - - [07/Oct/2021:09:36:04 -0500] "GET /BLA/boletinlegal/js/jquery.scrollShow.js HTTP/1.1" 200 4586
190.144.178.74 - - [07/Oct/2021:09:36:04 -0500] "GET /galeria/galeria/jquery.fancybox.js?v=2.1.5 HTTP/1.1" 200 48706
178.63.20.95 - - [07/Oct/2021:09:36:07 -0500] "GET /BLA/resoluciones/AUTOS%202010/1085.pdf HTTP/1.1" 200 191803
191.95.51.84 - - [07/Oct/2021:09:36:12 -0500] "GET /galeria/galeria/jquery.fancybox.css?v=2.1.5 HTTP/1.1" 200 4895
191.95.51.84 - - [07/Oct/2021:09:36:12 -0500] "GET /BLA/boletinlegal/js/jquery.scrollShow.js HTTP/1.1" 200 4586
191.95.51.84 - - [07/Oct/2021:09:36:12 -0500] "GET /galeria/galeria/jquery.fancybox.js?v=2.1.5 HTTP/1.1" 200 48706
178.63.20.95 - - [07/Oct/2021:09:36:15 -0500] "GET /BLA/resoluciones/AUTOS%202010/6626.pdf HTTP/1.1" 200 148721
178.63.20.95 - - [07/Oct/2021:09:36:25 -0500] "GET /BLA/resoluciones/AUTOS%202010/4397.pdf HTTP/1.1" 200 141403
201.245.192.253 - - [07/Oct/2021:09:36:27 -0500] "GET /catalogoisis/ HTTP/1.1" 200 8575
178.63.20.95 - - [07/Oct/2021:09:36:34 -0500] "GET /BLA/resoluciones/AUTOS%202010/6666.pdf HTTP/1.1" 200 215385
131.221.43.82 - - [07/Oct/2021:09:36:44 -0500] "GET /BLA/boletinlegal/js/jquery.scrollShow.js HTTP/1.1" 200 4586
181.61.7.90 - - [07/Oct/2021:09:36:43 -0500] "POST /sipse/faces/presentacion/financiero/solicitudProceso/consultarSolicitudProceso.xhtml HTTP/1.1" 200 165973
178.63.20.95 - - [07/Oct/2021:09:36:44 -0500] "GET /BLA/resoluciones/AUTOS%202010/5496.pdf HTTP/1.1" 200 216627
131.221.43.82 - - [07/Oct/2021:09:36:47 -0500] "GET /galeria/galeria/jquery.fancybox.js?v=2.1.5 HTTP/1.1" 200 48706
131.221.43.82 - - [07/Oct/2021:09:36:47 -0500] "GET /galeria/galeria/jquery.fancybox.css?v=2.1.5 HTTP/1.1" 200 4895
178.63.20.95 - - [07/Oct/2021:09:36:54 -0500] "GET /BLA/resoluciones/AUTOS%202010/1361.pdf HTTP/1.1" 200 256838
190.157.218.79 - - [07/Oct/2021:09:36:55 -0500] "GET /reportes_sipse/sdg/ServletReporte?reporte=solicitud_cdp&Solicitud=14931&pfdrid_c=false HTTP/1.1" 200 95356
131.221.43.82 - - [07/Oct/2021:09:37:00 -0500] "GET /galeria/galeria/jquery.fancybox.css?v=2.1.5 HTTP/1.1" 200 4895
131.221.43.82 - - [07/Oct/2021:09:37:00 -0500] "GET /galeria/galeria/jquery.fancybox.js?v=2.1.5 HTTP/1.1" 200 48706
131.221.43.82 - - [07/Oct/2021:09:37:00 -0500] "GET /BLA/boletinlegal/js/jquery.scrollShow.js HTTP/1.1" 200 4586
178.63.20.95 - - [07/Oct/2021:09:37:03 -0500] "GET /BLA/resoluciones/AUTOS%202010/1718.pdf HTTP/1.1" 200 144603
179.13.185.118 - - [07/Oct/2021:09:37:09 -0500] "-" 408 -
178.63.20.95 - - [07/Oct/2021:09:37:12 -0500] "GET /BLA/resoluciones/AUTOS%202010/0871.pdf HTTP/1.1" 200 252295
181.61.7.90 - - [07/Oct/2021:09:37:25 -0500] "POST /sipse/faces/presentacion/financiero/solicitudProceso/consultarSolicitudProceso.xhtml HTTP/1.1" 200 151284
178.63.20.95 - - [07/Oct/2021:09:37:25 -0500] "GET /BLA/resoluciones/AUTOS%202010/2297.pdf HTTP/1.1" 200 3176846
201.245.192.253 - - [07/Oct/2021:09:37:28 -0500] "GET /catalogoisis/ HTTP/1.1" 200 8575
178.63.20.95 - - [07/Oct/2021:09:37:31 -0500] "GET /BLA/resoluciones/AUTOS%202010/5383.pdf HTTP/1.1" 200 2503305
178.63.20.95 - - [07/Oct/2021:09:37:36 -0500] "GET /BLA/resoluciones/AUTOS%202010/1424.pdf HTTP/1.1" 200 267171
190.27.245.107 - - [07/Oct/2021:09:37:45 -0500] "GET /sipse/ HTTP/1.1" 302 -
186.84.91.31 - - [07/Oct/2021:09:37:45 -0500] "GET /sipse/faces/autenticacion.xhtml HTTP/1.1" 200 12188
178.63.20.95 - - [07/Oct/2021:09:37:45 -0500] "GET /BLA/resoluciones/AUTOS%202010/0556.pdf HTTP/1.1" 200 247007
186.84.91.31 - - [07/Oct/2021:09:37:45 -0500] "GET /sipse/faces/javax.faces.resource/theme.css?ln=primefaces-sipse HTTP/1.1" 304 -
186.84.91.31 - - [07/Oct/2021:09:37:45 -0500] "GET /sipse/faces/javax.faces.resource/layout/layout.css?ln=primefaces&v=4.0 HTTP/1.1" 304 -
186.84.91.31 - - [07/Oct/2021:09:37:45 -0500] "GET /sipse/faces/javax.faces.resource/primefaces.css?ln=primefaces&v=4.0 HTTP/1.1" 304 -
186.84.91.31 - - [07/Oct/2021:09:37:45 -0500] "GET /sipse/faces/javax.faces.resource/jquery/jquery.js?ln=primefaces&v=4.0 HTTP/1.1" 304 -
186.84.91.31 - - [07/Oct/2021:09:37:45 -0500] "GET /sipse/faces/javax.faces.resource/jquery/jquery-plugins.js?ln=primefaces&v=4.0 HTTP/1.1" 304 -
186.84.91.31 - - [07/Oct/2021:09:37:45 -0500] "GET /sipse/faces/javax.faces.resource/layout/layout.js?ln=primefaces&v=4.0 HTTP/1.1" 304 -
186.84.91.31 - - [07/Oct/2021:09:37:45 -0500] "GET /sipse/faces/javax.faces.resource/primefaces.js?ln=primefaces&v=4.0 HTTP/1.1" 304 -
186.84.91.31 - - [07/Oct/2021:09:37:45 -0500] "GET /sipse/faces/javax.faces.resource/images/ui-icons_898989_256x240.png?ln=primefaces-aristo HTTP/1.1" 304 -
186.84.91.31 - - [07/Oct/2021:09:37:46 -0500] "GET /sipse/faces/index.xhtml HTTP/1.1" 200 677
186.84.91.31 - - [07/Oct/2021:09:37:46 -0500] "GET /sipse/faces/javax.faces.resource/theme.css?ln=primefaces-sipse HTTP/1.1" 304 -
186.84.91.31 - - [07/Oct/2021:09:37:46 -0500] "GET /sipse/faces/faces/autenticacion.xhtml HTTP/1.1" 200 12188
186.84.91.31 - - [07/Oct/2021:09:37:46 -0500] "GET /sipse/faces/javax.faces.resource/theme.css?ln=primefaces-sipse HTTP/1.1" 304 -
186.84.91.31 - - [07/Oct/2021:09:37:46 -0500] "GET /sipse/faces/javax.faces.resource/primefaces.css?ln=primefaces&v=4.0 HTTP/1.1" 304 -
186.84.91.31 - - [07/Oct/2021:09:37:46 -0500] "GET /sipse/faces/javax.faces.resource/layout/layout.css?ln=primefaces&v=4.0 HTTP/1.1" 304 -
186.84.91.31 - - [07/Oct/2021:09:37:46 -0500] "GET /sipse/faces/javax.faces.resource/jquery/jquery-plugins.js?ln=primefaces&v=4.0 HTTP/1.1" 304 -
186.84.91.31 - - [07/Oct/2021:09:37:46 -0500] "GET /sipse/faces/javax.faces.resource/jquery/jquery.js?ln=primefaces&v=4.0 HTTP/1.1" 304 -
186.84.91.31 - - [07/Oct/2021:09:37:46 -0500] "GET /sipse/faces/javax.faces.resource/primefaces.js?ln=primefaces&v=4.0 HTTP/1.1" 304 -
186.84.91.31 - - [07/Oct/2021:09:37:46 -0500] "GET /sipse/faces/javax.faces.resource/layout/layout.js?ln=primefaces&v=4.0 HTTP/1.1" 304 -
186.84.91.31 - - [07/Oct/2021:09:37:49 -0500] "POST /sipse/faces/autenticacion.xhtml HTTP/1.1" 200 2228
186.84.91.31 - - [07/Oct/2021:09:37:49 -0500] "GET /sipse/faces/javax.faces.resource/messages/messages.png?ln=primefaces&v=4.0 HTTP/1.1" 304 -
186.84.91.31 - - [07/Oct/2021:09:37:50 -0500] "GET /sipse/faces/javax.faces.resource/images/ui-icons_898989_256x240.png?ln=primefaces-aristo HTTP/1.1" 304 -
186.84.91.31 - - [07/Oct/2021:09:37:51 -0500] "POST /sipse/faces/autenticacion.xhtml HTTP/1.1" 200 16073
186.84.91.31 - - [07/Oct/2021:09:37:51 -0500] "GET /sipse/faces/javax.faces.resource/theme.css?ln=primefaces-sipse HTTP/1.1" 304 -
186.84.91.31 - - [07/Oct/2021:09:37:51 -0500] "GET /sipse/faces/javax.faces.resource/layout/layout.css?ln=primefaces&v=4.0 HTTP/1.1" 304 -
186.84.91.31 - - [07/Oct/2021:09:37:51 -0500] "GET /sipse/faces/javax.faces.resource/primefaces.css?ln=primefaces&v=4.0 HTTP/1.1" 304 -
186.84.91.31 - - [07/Oct/2021:09:37:51 -0500] "GET /sipse/faces/javax.faces.resource/jquery/jquery.js?ln=primefaces&v=4.0 HTTP/1.1" 304 -
186.84.91.31 - - [07/Oct/2021:09:37:51 -0500] "GET /sipse/faces/javax.faces.resource/jquery/jquery-plugins.js?ln=primefaces&v=4.0 HTTP/1.1" 304 -
181.61.204.175 - - [07/Oct/2021:09:37:51 -0500] "GET /galeria/galeria/jquery.fancybox.css?v=2.1.5 HTTP/1.1" 200 4895
181.61.204.175 - - [07/Oct/2021:09:37:51 -0500] "GET /BLA/boletinlegal/js/jquery.scrollShow.js HTTP/1.1" 200 4586
181.61.204.175 - - [07/Oct/2021:09:37:51 -0500] "GET /galeria/galeria/jquery.fancybox.js?v=2.1.5 HTTP/1.1" 200 48706
186.84.91.31 - - [07/Oct/2021:09:37:51 -0500] "GET /sipse/faces/javax.faces.resource/primefaces.js?ln=primefaces&v=4.0 HTTP/1.1" 304 -
186.84.91.31 - - [07/Oct/2021:09:37:51 -0500] "GET /sipse/faces/javax.faces.resource/layout/layout.js?ln=primefaces&v=4.0 HTTP/1.1" 304 -
186.84.91.31 - - [07/Oct/2021:09:37:51 -0500] "GET /sipse/css/imagen/contrasena.png HTTP/1.1" 404 383
178.63.20.95 - - [07/Oct/2021:09:37:54 -0500] "GET /BLA/resoluciones/AUTOS%202010/2467.pdf HTTP/1.1" 200 220939
178.63.20.95 - - [07/Oct/2021:09:38:03 -0500] "GET /BLA/resoluciones/AUTOS%202010/0820.pdf HTTP/1.1" 200 175913
181.55.20.86 - - [07/Oct/2021:09:38:07 -0500] "GET /galeria/galeria/jquery.fancybox.css?v=2.1.5 HTTP/1.1" 200 4895
181.55.20.86 - - [07/Oct/2021:09:38:07 -0500] "GET /BLA/boletinlegal/js/jquery.scrollShow.js HTTP/1.1" 200 4586
181.55.20.86 - - [07/Oct/2021:09:38:07 -0500] "GET /galeria/galeria/jquery.fancybox.js?v=2.1.5 HTTP/1.1" 200 48706
186.84.91.31 - - [07/Oct/2021:09:38:09 -0500] "GET /sipse/faces/javax.faces.resource/images/ui-bg_flat_0_2d5972_40x100.png?ln=primefaces-aristo HTTP/1.1" 304 -
186.84.91.31 - - [07/Oct/2021:09:38:09 -0500] "POST /sipse/faces/bienvenido.xhtml HTTP/1.1" 200 2658
186.84.91.31 - - [07/Oct/2021:09:38:09 -0500] "POST /sipse/faces/bienvenido.xhtml HTTP/1.1" 200 62121
186.84.91.31 - - [07/Oct/2021:09:38:11 -0500] "GET /sipse/faces/javax.faces.resource/theme.css?ln=primefaces-sipse HTTP/1.1" 304 -
186.84.91.31 - - [07/Oct/2021:09:38:11 -0500] "GET /sipse/faces/javax.faces.resource/primefaces.css?ln=primefaces&v=4.0 HTTP/1.1" 304 -
186.84.91.31 - - [07/Oct/2021:09:38:11 -0500] "GET /sipse/faces/javax.faces.resource/layout/layout.css?ln=primefaces&v=4.0 HTTP/1.1" 304 -
186.84.91.31 - - [07/Oct/2021:09:38:11 -0500] "GET /sipse/css/imagen/contrasena.png HTTP/1.1" 404 383
186.84.91.31 - - [07/Oct/2021:09:38:11 -0500] "GET /sipse/faces/javax.faces.resource/jquery/jquery.js?ln=primefaces&v=4.0 HTTP/1.1" 304 -
186.84.91.31 - - [07/Oct/2021:09:38:11 -0500] "GET /sipse/faces/javax.faces.resource/jquery/jquery-plugins.js?ln=primefaces&v=4.0 HTTP/1.1" 304 -
186.84.91.31 - - [07/Oct/2021:09:38:11 -0500] "GET /sipse/faces/javax.faces.resource/primefaces.js?ln=primefaces&v=4.0 HTTP/1.1" 304 -
186.84.91.31 - - [07/Oct/2021:09:38:12 -0500] "GET /sipse/faces/javax.faces.resource/layout/layout.js?ln=primefaces&v=4.0 HTTP/1.1" 304 -
178.63.20.95 - - [07/Oct/2021:09:38:12 -0500] "GET /BLA/resoluciones/AUTOS%202010/6937.pdf HTTP/1.1" 200 307551
186.84.91.31 - - [07/Oct/2021:09:38:12 -0500] "POST /sipse/faces/presentacion/financiero/solicitudProceso/listarSolicitudProceso.xhtml HTTP/1.1" 200 1448
186.84.91.31 - - [07/Oct/2021:09:38:15 -0500] "POST /sipse/faces/presentacion/financiero/solicitudProceso/listarSolicitudProceso.xhtml HTTP/1.1" 200 33884
186.84.91.31 - - [07/Oct/2021:09:38:16 -0500] "POST /sipse/faces/presentacion/financiero/solicitudProceso/listarSolicitudProceso.xhtml HTTP/1.1" 200 33888
186.84.91.31 - - [07/Oct/2021:09:38:18 -0500] "POST /sipse/faces/presentacion/financiero/solicitudProceso/listarSolicitudProceso.xhtml HTTP/1.1" 200 33884
186.84.91.31 - - [07/Oct/2021:09:38:20 -0500] "POST /sipse/faces/presentacion/financiero/solicitudProceso/listarSolicitudProceso.xhtml HTTP/1.1" 200 33884
178.63.20.95 - - [07/Oct/2021:09:38:24 -0500] "GET /BLA/resoluciones/AUTOS%202010/5135.pdf HTTP/1.1" 200 400092
201.245.192.253 - - [07/Oct/2021:09:38:29 -0500] "GET /catalogoisis/ HTTP/1.1" 200 8575
186.84.91.31 - - [07/Oct/2021:09:38:33 -0500] "POST /sipse/faces/presentacion/financiero/solicitudProceso/listarSolicitudProceso.xhtml HTTP/1.1" 200 7856
178.63.20.95 - - [07/Oct/2021:09:38:34 -0500] "GET /BLA/resoluciones/AUTOS%202010/3113.pdf HTTP/1.1" 200 934619
186.102.4.15 - - [07/Oct/2021:09:38:35 -0500] "GET /kwssiamovil/sm/des/ldap/au?x=U2FsdGVkX198Q+l2y+6h0igEvRHQdai6IMc409tI95rIB3/OwlAEEIvlzbZhdy9l&y=U2FsdGVkX1+lvY9N/6HQ3jQiHr+9lPwJ1KktO3Jl1Mg= HTTP/1.1" 200 31
186.84.91.31 - - [07/Oct/2021:09:38:37 -0500] "POST /sipse/faces/presentacion/financiero/solicitudProceso/listarSolicitudProceso.xhtml HTTP/1.1" 200 122128
186.84.91.31 - - [07/Oct/2021:09:38:38 -0500] "GET /sipse/faces/javax.faces.resource/primefaces.css?ln=primefaces&v=4.0 HTTP/1.1" 304 -
186.84.91.31 - - [07/Oct/2021:09:38:38 -0500] "GET /sipse/faces/javax.faces.resource/theme.css?ln=primefaces-sipse HTTP/1.1" 304 -
186.84.91.31 - - [07/Oct/2021:09:38:38 -0500] "GET /sipse/faces/javax.faces.resource/layout/layout.css?ln=primefaces&v=4.0 HTTP/1.1" 304 -
186.84.91.31 - - [07/Oct/2021:09:38:38 -0500] "GET /sipse/faces/javax.faces.resource/jquery/jquery.js?ln=primefaces&v=4.0 HTTP/1.1" 304 -
186.84.91.31 - - [07/Oct/2021:09:38:38 -0500] "GET /sipse/faces/javax.faces.resource/jquery/jquery-plugins.js?ln=primefaces&v=4.0 HTTP/1.1" 304 -
186.84.91.31 - - [07/Oct/2021:09:38:38 -0500] "GET /sipse/faces/javax.faces.resource/primefaces.js?ln=primefaces&v=4.0 HTTP/1.1" 304 -
186.84.91.31 - - [07/Oct/2021:09:38:38 -0500] "GET /sipse/faces/javax.faces.resource/layout/layout.js?ln=primefaces&v=4.0 HTTP/1.1" 304 -
186.84.91.31 - - [07/Oct/2021:09:38:39 -0500] "GET /sipse/css/imagen/contrasena.png HTTP/1.1" 404 383
181.55.20.86 - - [07/Oct/2021:09:38:39 -0500] "GET /catalogoisis/ HTTP/1.1" 200 8575
186.84.91.31 - - [07/Oct/2021:09:38:39 -0500] "GET /reportes_sipse/sdg/ServletReporte?reporte=solicitud_cdp&Solicitud=14931&pfdrid_c=false HTTP/1.1" 200 95356
181.55.20.86 - - [07/Oct/2021:09:38:40 -0500] "GET /catalogoisis/Css/Busqueda.css HTTP/1.1" 200 1995
181.55.20.86 - - [07/Oct/2021:09:38:40 -0500] "GET /catalogoisis/Js/AceptarLimpiar.js HTTP/1.1" 200 331
181.55.20.86 - - [07/Oct/2021:09:38:40 -0500] "GET /catalogoisis/Js/CriterioCombinada.js HTTP/1.1" 200 1843
181.55.20.86 - - [07/Oct/2021:09:38:40 -0500] "GET /catalogoisis/Js/Cookies.js HTTP/1.1" 200 1369
