201.245.192.253 - - [07/Oct/2021:09:42:27 -0500] "POST /sipse/faces/presentacion/financiero/solicitudProceso/consultar.xhtml HTTP/1.1" 200 12848
201.245.192.253 - - [07/Oct/2021:09:42:28 -0500] "POST /sipse/faces/presentacion/financiero/solicitudProceso/consultar.xhtml HTTP/1.1" 200 151175
201.245.192.253 - - [07/Oct/2021:09:42:30 -0500] "GET /sipse/faces/javax.faces.resource/theme.css?ln=primefaces-sipse HTTP/1.1" 304 -
201.245.192.253 - - [07/Oct/2021:09:42:30 -0500] "GET /sipse/faces/javax.faces.resource/layout/layout.css?ln=primefaces&v=4.0 HTTP/1.1" 304 -
201.245.192.253 - - [07/Oct/2021:09:42:30 -0500] "GET /sipse/faces/javax.faces.resource/primefaces.css?ln=primefaces&v=4.0 HTTP/1.1" 304 -
201.245.192.253 - - [07/Oct/2021:09:42:30 -0500] "GET /sipse/faces/javax.faces.resource/jquery/jquery.js?ln=primefaces&v=4.0 HTTP/1.1" 304 -
201.245.192.253 - - [07/Oct/2021:09:42:30 -0500] "GET /sipse/faces/javax.faces.resource/jquery/jquery-plugins.js?ln=primefaces&v=4.0 HTTP/1.1" 304 -
201.245.192.253 - - [07/Oct/2021:09:42:30 -0500] "GET /sipse/faces/javax.faces.resource/primefaces.js?ln=primefaces&v=4.0 HTTP/1.1" 304 -
201.245.192.253 - - [07/Oct/2021:09:42:30 -0500] "GET /sipse/faces/javax.faces.resource/layout/layout.js?ln=primefaces&v=4.0 HTTP/1.1" 304 -
201.245.192.253 - - [07/Oct/2021:09:42:30 -0500] "GET /sipse/css/imagen/contrasena.png HTTP/1.1" 404 383
201.245.192.253 - - [07/Oct/2021:09:42:30 -0500] "GET /reportes_sipse/sdg/ServletReporte?reporte=solicitud_cdp&Solicitud=15041&pfdrid_c=false HTTP/1.1" 200 131028
201.245.192.253 - - [07/Oct/2021:09:42:31 -0500] "GET /catalogoisis/ HTTP/1.1" 200 8575
190.24.59.29 - - [07/Oct/2021:09:42:35 -0500] "GET /appsia/controlador HTTP/1.1" 200 4799
190.24.59.29 - - [07/Oct/2021:09:42:35 -0500] "GET /appsia/css/estilos.css HTTP/1.1" 200 4804
190.24.59.29 - - [07/Oct/2021:09:42:35 -0500] "GET /appsia/scripts/validarIngreso.js HTTP/1.1" 200 851
190.24.59.29 - - [07/Oct/2021:09:42:35 -0500] "GET /appsia/images/logo_bogota_p.png HTTP/1.1" 200 14951
190.24.59.29 - - [07/Oct/2021:09:42:35 -0500] "GET /appsia/images/cabezoteHojaVida.png HTTP/1.1" 200 32493
190.24.59.29 - - [07/Oct/2021:09:42:36 -0500] "GET /favicon.ico HTTP/1.1" 200 7782
178.63.20.95 - - [07/Oct/2021:09:42:40 -0500] "GET /BLA/resoluciones/AUTOS%202010/0148.pdf HTTP/1.1" 200 176115
190.24.59.29 - - [07/Oct/2021:09:42:45 -0500] "POST /appsia/controlador HTTP/1.1" 200 4621
190.24.59.29 - - [07/Oct/2021:09:42:47 -0500] "POST /appsia/controlador HTTP/1.1" 200 8515
190.24.59.29 - - [07/Oct/2021:09:42:48 -0500] "GET /appsia/images/logo_escudo.png HTTP/1.1" 200 36965
178.63.20.95 - - [07/Oct/2021:09:42:49 -0500] "GET /BLA/resoluciones/AUTOS%202010/0616.pdf HTTP/1.1" 200 162644
201.245.192.253 - - [07/Oct/2021:09:42:52 -0500] "POST /sipse/faces/presentacion/financiero/solicitudProceso/consultarSolicitudProceso.xhtml HTTP/1.1" 200 298448
178.63.20.95 - - [07/Oct/2021:09:43:00 -0500] "GET /BLA/resoluciones/AUTOS%202010/1452.pdf HTTP/1.1" 200 248459
190.244.157.78 - - [07/Oct/2021:09:43:06 -0500] "GET /galeria/galeria/jquery.fancybox.js?v=2.1.5 HTTP/1.1" 200 48706
190.244.157.78 - - [07/Oct/2021:09:43:06 -0500] "GET /galeria/galeria/jquery.fancybox.css?v=2.1.5 HTTP/1.1" 200 4895
190.244.157.78 - - [07/Oct/2021:09:43:06 -0500] "GET /BLA/boletinlegal/js/jquery.scrollShow.js HTTP/1.1" 200 4586
178.63.20.95 - - [07/Oct/2021:09:43:11 -0500] "GET /BLA/resoluciones/AUTOS%202010/6876.pdf HTTP/1.1" 200 252465
201.245.192.253 - - [07/Oct/2021:09:43:13 -0500] "GET /sipse/faces/faces/index.xhtml HTTP/1.1" 200 677
201.245.192.253 - - [07/Oct/2021:09:43:13 -0500] "GET /sipse/faces/javax.faces.resource/theme.css?ln=primefaces-sipse HTTP/1.1" 304 -
201.245.192.253 - - [07/Oct/2021:09:43:13 -0500] "GET /sipse/faces/faces/faces/autenticacion.xhtml HTTP/1.1" 200 12188
201.245.192.253 - - [07/Oct/2021:09:43:13 -0500] "GET /sipse/faces/javax.faces.resource/primefaces.css?ln=primefaces&v=4.0 HTTP/1.1" 304 -
201.245.192.253 - - [07/Oct/2021:09:43:13 -0500] "GET /sipse/faces/javax.faces.resource/theme.css?ln=primefaces-sipse HTTP/1.1" 304 -
201.245.192.253 - - [07/Oct/2021:09:43:13 -0500] "GET /sipse/faces/javax.faces.resource/layout/layout.css?ln=primefaces&v=4.0 HTTP/1.1" 304 -
201.245.192.253 - - [07/Oct/2021:09:43:13 -0500] "GET /sipse/faces/javax.faces.resource/primefaces.js?ln=primefaces&v=4.0 HTTP/1.1" 304 -
201.245.192.253 - - [07/Oct/2021:09:43:13 -0500] "GET /sipse/faces/javax.faces.resource/jquery/jquery.js?ln=primefaces&v=4.0 HTTP/1.1" 304 -
201.245.192.253 - - [07/Oct/2021:09:43:13 -0500] "GET /sipse/faces/javax.faces.resource/jquery/jquery-plugins.js?ln=primefaces&v=4.0 HTTP/1.1" 304 -
201.245.192.253 - - [07/Oct/2021:09:43:13 -0500] "GET /sipse/faces/javax.faces.resource/layout/layout.js?ln=primefaces&v=4.0 HTTP/1.1" 304 -
201.245.192.253 - - [07/Oct/2021:09:43:14 -0500] "GET /sipse/faces/javax.faces.resource/images/ui-icons_898989_256x240.png?ln=primefaces-aristo HTTP/1.1" 304 -
201.245.192.253 - - [07/Oct/2021:09:43:18 -0500] "POST /sipse/faces/autenticacion.xhtml HTTP/1.1" 200 2228
201.245.192.253 - - [07/Oct/2021:09:43:18 -0500] "GET /sipse/faces/javax.faces.resource/messages/messages.png?ln=primefaces&v=4.0 HTTP/1.1" 304 -
201.245.192.253 - - [07/Oct/2021:09:43:19 -0500] "POST /sipse/faces/autenticacion.xhtml HTTP/1.1" 200 16057
201.245.192.253 - - [07/Oct/2021:09:43:19 -0500] "GET /sipse/faces/javax.faces.resource/theme.css?ln=primefaces-sipse HTTP/1.1" 304 -
201.245.192.253 - - [07/Oct/2021:09:43:19 -0500] "GET /sipse/faces/javax.faces.resource/layout/layout.css?ln=primefaces&v=4.0 HTTP/1.1" 304 -
201.245.192.253 - - [07/Oct/2021:09:43:19 -0500] "GET /sipse/faces/javax.faces.resource/primefaces.css?ln=primefaces&v=4.0 HTTP/1.1" 304 -
201.245.192.253 - - [07/Oct/2021:09:43:19 -0500] "GET /sipse/faces/javax.faces.resource/jquery/jquery.js?ln=primefaces&v=4.0 HTTP/1.1" 304 -
201.245.192.253 - - [07/Oct/2021:09:43:19 -0500] "GET /sipse/faces/javax.faces.resource/jquery/jquery-plugins.js?ln=primefaces&v=4.0 HTTP/1.1" 304 -
201.245.192.253 - - [07/Oct/2021:09:43:19 -0500] "GET /sipse/faces/javax.faces.resource/primefaces.js?ln=primefaces&v=4.0 HTTP/1.1" 304 -
201.245.192.253 - - [07/Oct/2021:09:43:19 -0500] "GET /sipse/faces/javax.faces.resource/layout/layout.js?ln=primefaces&v=4.0 HTTP/1.1" 304 -
201.245.192.253 - - [07/Oct/2021:09:43:20 -0500] "GET /sipse/css/imagen/contrasena.png HTTP/1.1" 404 383
178.63.20.95 - - [07/Oct/2021:09:43:21 -0500] "GET /BLA/resoluciones/AUTOS%202010/0854.pdf HTTP/1.1" 200 162114
201.245.192.253 - - [07/Oct/2021:09:43:21 -0500] "GET /sipse/faces/javax.faces.resource/images/ui-bg_flat_0_2d5972_40x100.png?ln=primefaces-aristo HTTP/1.1" 304 -
201.245.192.253 - - [07/Oct/2021:09:43:21 -0500] "POST /sipse/faces/bienvenido.xhtml HTTP/1.1" 200 2658
201.245.192.253 - - [07/Oct/2021:09:43:23 -0500] "POST /sipse/faces/bienvenido.xhtml HTTP/1.1" 200 184
201.245.192.253 - - [07/Oct/2021:09:43:23 -0500] "GET /sipse/faces/presentacion/financiero/solicitudAnulacion/solicitudAnulacion.xhtml HTTP/1.1" 200 39594
201.245.192.253 - - [07/Oct/2021:09:43:24 -0500] "GET /sipse/faces/javax.faces.resource/primefaces.css?ln=primefaces&v=4.0 HTTP/1.1" 304 -
201.245.192.253 - - [07/Oct/2021:09:43:24 -0500] "GET /sipse/faces/javax.faces.resource/jquery/jquery-plugins.js?ln=primefaces&v=4.0 HTTP/1.1" 304 -
201.245.192.253 - - [07/Oct/2021:09:43:24 -0500] "GET /sipse/faces/javax.faces.resource/layout/layout.css?ln=primefaces&v=4.0 HTTP/1.1" 304 -
201.245.192.253 - - [07/Oct/2021:09:43:24 -0500] "GET /sipse/faces/javax.faces.resource/primefaces.js?ln=primefaces&v=4.0 HTTP/1.1" 304 -
201.245.192.253 - - [07/Oct/2021:09:43:24 -0500] "GET /sipse/faces/javax.faces.resource/theme.css?ln=primefaces-sipse HTTP/1.1" 304 -
201.245.192.253 - - [07/Oct/2021:09:43:24 -0500] "GET /sipse/faces/javax.faces.resource/jquery/jquery.js?ln=primefaces&v=4.0 HTTP/1.1" 304 -
201.245.192.253 - - [07/Oct/2021:09:43:24 -0500] "GET /sipse/faces/javax.faces.resource/layout/layout.js?ln=primefaces&v=4.0 HTTP/1.1" 304 -
201.245.192.253 - - [07/Oct/2021:09:43:24 -0500] "POST /sipse/faces/presentacion/financiero/solicitudAnulacion/solicitudAnulacion.xhtml HTTP/1.1" 200 17096
181.61.7.90 - - [07/Oct/2021:09:43:29 -0500] "POST /sipse/faces/presentacion/financiero/solicitudProceso/listarSolicitudProceso.xhtml HTTP/1.1" 200 13176
178.63.20.95 - - [07/Oct/2021:09:43:30 -0500] "GET /BLA/resoluciones/AUTOS%202010/4621.pdf HTTP/1.1" 200 277158
201.245.192.253 - - [07/Oct/2021:09:43:32 -0500] "GET /catalogoisis/ HTTP/1.1" 200 8575
201.245.192.253 - - [07/Oct/2021:09:43:32 -0500] "POST /sipse/faces/presentacion/financiero/solicitudProceso/listarSolicitudProceso.xhtml HTTP/1.1" 200 22968
201.245.192.253 - - [07/Oct/2021:09:43:32 -0500] "POST /sipse/faces/presentacion/financiero/solicitudProceso/listarSolicitudProceso.xhtml HTTP/1.1" 200 22968
201.245.192.253 - - [07/Oct/2021:09:43:32 -0500] "POST /sipse/faces/presentacion/financiero/solicitudProceso/listarSolicitudProceso.xhtml HTTP/1.1" 200 22968
201.245.192.253 - - [07/Oct/2021:09:43:32 -0500] "POST /sipse/faces/presentacion/financiero/solicitudProceso/listarSolicitudProceso.xhtml HTTP/1.1" 200 22968
201.245.192.253 - - [07/Oct/2021:09:43:33 -0500] "POST /sipse/faces/presentacion/financiero/solicitudProceso/listarSolicitudProceso.xhtml HTTP/1.1" 200 1328
201.245.192.253 - - [07/Oct/2021:09:43:33 -0500] "POST /sipse/faces/presentacion/financiero/solicitudProceso/listarSolicitudProceso.xhtml HTTP/1.1" 200 1324
201.245.192.253 - - [07/Oct/2021:09:43:33 -0500] "POST /sipse/faces/presentacion/financiero/solicitudProceso/listarSolicitudProceso.xhtml HTTP/1.1" 200 1328
201.245.192.253 - - [07/Oct/2021:09:43:33 -0500] "POST /sipse/faces/presentacion/financiero/solicitudProceso/listarSolicitudProceso.xhtml HTTP/1.1" 200 1324
201.245.192.253 - - [07/Oct/2021:09:43:34 -0500] "POST /sipse/faces/presentacion/financiero/solicitudProceso/consultarSolicitudProceso.xhtml HTTP/1.1" 200 298448
201.245.192.253 - - [07/Oct/2021:09:43:35 -0500] "POST /sipse/faces/presentacion/financiero/solicitudProceso/consultarSolicitudProceso.xhtml HTTP/1.1" 200 132918
181.61.7.90 - - [07/Oct/2021:09:43:34 -0500] "POST /sipse/faces/presentacion/financiero/solicitudProceso/listarSolicitudProceso.xhtml HTTP/1.1" 200 119992
181.61.7.90 - - [07/Oct/2021:09:43:35 -0500] "GET /sipse/faces/javax.faces.resource/jquery/jquery.js?ln=primefaces&v=4.0 HTTP/1.1" 304 -
181.61.7.90 - - [07/Oct/2021:09:43:35 -0500] "GET /sipse/faces/javax.faces.resource/jquery/jquery-plugins.js?ln=primefaces&v=4.0 HTTP/1.1" 304 -
181.61.7.90 - - [07/Oct/2021:09:43:35 -0500] "GET /sipse/faces/javax.faces.resource/primefaces.js?ln=primefaces&v=4.0 HTTP/1.1" 304 -
181.61.7.90 - - [07/Oct/2021:09:43:35 -0500] "GET /sipse/faces/javax.faces.resource/layout/layout.js?ln=primefaces&v=4.0 HTTP/1.1" 304 -
201.245.192.253 - - [07/Oct/2021:09:43:35 -0500] "POST /sipse/faces/presentacion/financiero/solicitudProceso/consultarSolicitudProceso.xhtml HTTP/1.1" 200 725426
181.61.7.90 - - [07/Oct/2021:09:43:35 -0500] "GET /reportes_sipse/sdg/ServletReporte?reporte=solicitud_cdp&Solicitud=15041&pfdrid_c=false HTTP/1.1" 200 131028
201.245.192.253 - - [07/Oct/2021:09:43:36 -0500] "POST /sipse/faces/presentacion/financiero/solicitudProceso/consultarSolicitudProceso.xhtml HTTP/1.1" 200 99061
157.55.39.170 - - [07/Oct/2021:09:43:36 -0500] "GET /galeria/galeria/fotos/2GuaymaralTorcaG2.jpg HTTP/1.1" 200 28916
201.245.192.253 - - [07/Oct/2021:09:43:36 -0500] "POST /sipse/faces/presentacion/financiero/solicitudProceso/consultarSolicitudProceso.xhtml HTTP/1.1" 200 617486
201.245.192.253 - - [07/Oct/2021:09:43:37 -0500] "POST /sipse/faces/presentacion/financiero/solicitudProceso/consultarSolicitudProceso.xhtml HTTP/1.1" 200 95124
178.63.20.95 - - [07/Oct/2021:09:43:39 -0500] "GET /BLA/resoluciones/AUTOS%202010/6261.pdf HTTP/1.1" 200 150243
201.245.192.253 - - [07/Oct/2021:09:43:41 -0500] "POST /sipse/faces/presentacion/financiero/solicitudProceso/listarSolicitudProceso.xhtml HTTP/1.1" 200 7247
138.121.113.239 - - [07/Oct/2021:09:43:47 -0500] "GET /galeria/galeria/jquery.fancybox.css?v=2.1.5 HTTP/1.1" 200 4895
138.121.113.239 - - [07/Oct/2021:09:43:47 -0500] "GET /BLA/boletinlegal/js/jquery.scrollShow.js HTTP/1.1" 200 4586
138.121.113.239 - - [07/Oct/2021:09:43:47 -0500] "GET /galeria/galeria/jquery.fancybox.js?v=2.1.5 HTTP/1.1" 200 48706
178.63.20.95 - - [07/Oct/2021:09:43:48 -0500] "GET /BLA/resoluciones/AUTOS%202010/0835.pdf HTTP/1.1" 200 212345
201.245.192.253 - - [07/Oct/2021:09:43:50 -0500] "POST /sipse/faces/presentacion/financiero/solicitudProceso/listarSolicitudProceso.xhtml HTTP/1.1" 200 16388
186.102.4.15 - - [07/Oct/2021:09:43:50 -0500] "OPTIONS /kwssiamovil/sm/des/setfile/f? HTTP/1.1" 200 13
186.102.4.15 - - [07/Oct/2021:09:43:52 -0500] "OPTIONS /kwssiamovil/sm/des/setfile/f? HTTP/1.1" 200 13
178.63.20.95 - - [07/Oct/2021:09:43:57 -0500] "GET /BLA/resoluciones/AUTOS%202010/1419.pdf HTTP/1.1" 200 181673
45.71.181.244 - - [07/Oct/2021:09:44:02 -0500] "GET /galeria/galeria/jquery.fancybox.css?v=2.1.5 HTTP/1.1" 200 4895
45.71.181.244 - - [07/Oct/2021:09:44:02 -0500] "GET /BLA/boletinlegal/js/jquery.scrollShow.js HTTP/1.1" 200 4586
45.71.181.244 - - [07/Oct/2021:09:44:02 -0500] "GET /galeria/galeria/jquery.fancybox.js?v=2.1.5 HTTP/1.1" 200 48706
186.81.172.11 - - [07/Oct/2021:09:44:05 -0500] "GET /galeria/galeria/jquery.fancybox.css?v=2.1.5 HTTP/1.1" 200 4895
186.81.172.11 - - [07/Oct/2021:09:44:05 -0500] "GET /BLA/boletinlegal/js/jquery.scrollShow.js HTTP/1.1" 200 4586
186.81.172.11 - - [07/Oct/2021:09:44:06 -0500] "GET /galeria/galeria/jquery.fancybox.js?v=2.1.5 HTTP/1.1" 200 48706
178.63.20.95 - - [07/Oct/2021:09:44:07 -0500] "GET /BLA/resoluciones/AUTOS%202010/4398.pdf HTTP/1.1" 200 144939
186.102.4.15 - - [07/Oct/2021:09:43:52 -0500] "POST /kwssiamovil/sm/des/setfile/f? HTTP/1.1" 200 380
201.245.192.253 - - [07/Oct/2021:09:44:06 -0500] "POST /sipse/faces/presentacion/financiero/solicitudProceso/consultarSolicitudProceso.xhtml HTTP/1.1" 200 1402322
201.245.192.253 - - [07/Oct/2021:09:44:08 -0500] "POST /sipse/faces/presentacion/financiero/solicitudProceso/consultarSolicitudProceso.xhtml HTTP/1.1" 200 1050701
201.245.192.253 - - [07/Oct/2021:09:44:09 -0500] "POST /sipse/faces/presentacion/financiero/solicitudProceso/consultarSolicitudProceso.xhtml HTTP/1.1" 200 2374540
181.205.5.226 - - [07/Oct/2021:09:44:11 -0500] "GET /galeria/galeria/jquery.fancybox.css?v=2.1.5 HTTP/1.1" 200 4895
181.205.5.226 - - [07/Oct/2021:09:44:11 -0500] "GET /BLA/boletinlegal/js/jquery.scrollShow.js HTTP/1.1" 200 4586
181.205.5.226 - - [07/Oct/2021:09:44:11 -0500] "GET /galeria/galeria/jquery.fancybox.js?v=2.1.5 HTTP/1.1" 200 48706
186.102.4.15 - - [07/Oct/2021:09:43:52 -0500] "POST /kwssiamovil/sm/des/setfile/f? HTTP/1.1" 200 380
178.63.20.95 - - [07/Oct/2021:09:44:16 -0500] "GET /BLA/resoluciones/AUTOS%202010/5579.pdf HTTP/1.1" 200 743144
186.102.4.15 - - [07/Oct/2021:09:43:51 -0500] "POST /kwssiamovil/sm/des/setfile/f? HTTP/1.1" 200 380
186.84.22.71 - - [07/Oct/2021:09:44:18 -0500] "-" 408 -
186.102.4.15 - - [07/Oct/2021:09:43:52 -0500] "POST /kwssiamovil/sm/des/setfile/f? HTTP/1.1" 200 380
186.102.4.15 - - [07/Oct/2021:09:43:51 -0500] "POST /kwssiamovil/sm/des/setfile/f? HTTP/1.1" 200 380
186.102.4.15 - - [07/Oct/2021:09:43:51 -0500] "POST /kwssiamovil/sm/des/setfile/f? HTTP/1.1" 200 380
186.102.4.15 - - [07/Oct/2021:09:44:21 -0500] "OPTIONS /kwssiamovil/sm/des/setfile/f? HTTP/1.1" 200 13
186.102.4.15 - - [07/Oct/2021:09:44:21 -0500] "POST /kwssiamovil/sm/des/setfile/f? HTTP/1.1" 200 380
186.102.4.15 - - [07/Oct/2021:09:44:22 -0500] "POST /kwssiamovil/sm/des/setfile/f? HTTP/1.1" 200 380
178.63.20.95 - - [07/Oct/2021:09:44:25 -0500] "GET /BLA/resoluciones/AUTOS%202010/5394.pdf HTTP/1.1" 200 298293
201.245.192.253 - - [07/Oct/2021:09:44:33 -0500] "GET /catalogoisis/ HTTP/1.1" 200 8575
178.63.20.95 - - [07/Oct/2021:09:44:35 -0500] "GET /BLA/resoluciones/AUTOS%202010/1784.pdf HTTP/1.1" 200 2782097
178.63.20.95 - - [07/Oct/2021:09:44:39 -0500] "GET /BLA/resoluciones/AUTOS%202010/5272.pdf HTTP/1.1" 200 1604252
178.63.20.95 - - [07/Oct/2021:09:44:45 -0500] "GET /BLA/resoluciones/AUTOS%202010/0476.pdf HTTP/1.1" 200 233117
201.245.192.253 - - [07/Oct/2021:09:44:46 -0500] "POST /sipse/faces/presentacion/financiero/solicitudProceso/listarSolicitudProceso.xhtml HTTP/1.1" 200 4546
186.1.180.34 - - [07/Oct/2021:09:44:48 -0500] "GET /BLA/boletinlegal/js/jquery.scrollShow.js HTTP/1.1" 200 4586
186.1.180.34 - - [07/Oct/2021:09:44:48 -0500] "GET /galeria/galeria/jquery.fancybox.js?v=2.1.5 HTTP/1.1" 200 48706
186.1.180.34 - - [07/Oct/2021:09:44:48 -0500] "GET /galeria/galeria/jquery.fancybox.css?v=2.1.5 HTTP/1.1" 200 4895
191.95.162.66 - - [07/Oct/2021:09:44:50 -0500] "GET /galeria/galeria/jquery.fancybox.css?v=2.1.5 HTTP/1.1" 200 4895
191.95.162.66 - - [07/Oct/2021:09:44:50 -0500] "GET /galeria/galeria/jquery.fancybox.js?v=2.1.5 HTTP/1.1" 200 48706
191.95.162.66 - - [07/Oct/2021:09:44:50 -0500] "GET /BLA/boletinlegal/js/jquery.scrollShow.js HTTP/1.1" 200 4586
216.245.221.92 - - [07/Oct/2021:09:44:53 -0500] "HEAD / HTTP/1.1" 200 -
178.63.20.95 - - [07/Oct/2021:09:44:54 -0500] "GET /BLA/resoluciones/AUTOS%202010/5465.pdf HTTP/1.1" 200 161599
201.245.179.194 - - [07/Oct/2021:09:44:57 -0500] "GET /galeria/galeria/jquery.fancybox.css?v=2.1.5 HTTP/1.1" 200 4895
201.245.179.194 - - [07/Oct/2021:09:44:58 -0500] "GET /BLA/boletinlegal/js/jquery.scrollShow.js HTTP/1.1" 200 4586
201.245.179.194 - - [07/Oct/2021:09:44:58 -0500] "GET /galeria/galeria/jquery.fancybox.js?v=2.1.5 HTTP/1.1" 200 48706
170.247.2.130 - - [07/Oct/2021:09:44:58 -0500] "GET /galeria/galeria/jquery.fancybox.css?v=2.1.5 HTTP/1.1" 200 4895
170.247.2.130 - - [07/Oct/2021:09:44:58 -0500] "GET /BLA/boletinlegal/js/jquery.scrollShow.js HTTP/1.1" 200 4586
170.247.2.130 - - [07/Oct/2021:09:44:58 -0500] "GET /galeria/galeria/jquery.fancybox.js?v=2.1.5 HTTP/1.1" 200 48706
201.245.192.253 - - [07/Oct/2021:09:44:16 -0500] "POST /kwsrmcab/Wsrmcab HTTP/1.1" 200 121948
178.63.20.95 - - [07/Oct/2021:09:45:02 -0500] "GET /BLA/resoluciones/AUTOS%202010/1309.pdf HTTP/1.1" 200 267883
201.245.192.253 - - [07/Oct/2021:09:45:09 -0500] "POST /sipse/faces/presentacion/financiero/solicitudProceso/consultarSolicitudProceso.xhtml HTTP/1.1" 200 97388
181.61.7.90 - - [07/Oct/2021:09:45:08 -0500] "POST /sipse/faces/presentacion/financiero/solicitudProceso/consultarSolicitudProceso.xhtml HTTP/1.1" 200 2703436
178.63.20.95 - - [07/Oct/2021:09:45:12 -0500] "GET /BLA/resoluciones/AUTOS%202010/0774.pdf HTTP/1.1" 200 193547
190.90.252.203 - - [07/Oct/2021:09:45:15 -0500] "GET /galeria/galeria/jquery.fancybox.css?v=2.1.5 HTTP/1.1" 200 4895
190.90.252.203 - - [07/Oct/2021:09:45:15 -0500] "GET /galeria/galeria/jquery.fancybox.js?v=2.1.5 HTTP/1.1" 200 48706
190.90.252.203 - - [07/Oct/2021:09:45:15 -0500] "GET /BLA/boletinlegal/js/jquery.scrollShow.js HTTP/1.1" 200 4586
178.63.20.95 - - [07/Oct/2021:09:45:22 -0500] "GET /BLA/resoluciones/AUTOS%202010/5360.pdf HTTP/1.1" 200 1523252
54.174.164.129 - - [07/Oct/2021:09:45:24 -0500] "GET /BLA/boletinlegal/js/jquery.scrollShow.js HTTP/1.1" 200 4586
190.24.66.173 - - [07/Oct/2021:09:45:24 -0500] "GET /galeria/galeria/jquery.fancybox.css?v=2.1.5 HTTP/1.1" 200 4895
190.24.66.173 - - [07/Oct/2021:09:45:24 -0500] "GET /BLA/boletinlegal/js/jquery.scrollShow.js HTTP/1.1" 200 4586
190.24.66.173 - - [07/Oct/2021:09:45:24 -0500] "GET /galeria/galeria/jquery.fancybox.js?v=2.1.5 HTTP/1.1" 200 48706
178.63.20.95 - - [07/Oct/2021:09:45:27 -0500] "GET /BLA/resoluciones/AUTOS%202010/0606.pdf HTTP/1.1" 200 194821
181.61.7.90 - - [07/Oct/2021:09:45:27 -0500] "POST /sipse/faces/presentacion/financiero/solicitudProceso/consultarSolicitudProceso.xhtml HTTP/1.1" 200 226401
201.245.192.253 - - [07/Oct/2021:09:45:34 -0500] "GET /catalogoisis/ HTTP/1.1" 200 8575
178.63.20.95 - - [07/Oct/2021:09:45:36 -0500] "GET /BLA/resoluciones/AUTOS%202010/4603.pdf HTTP/1.1" 200 114876
178.63.20.95 - - [07/Oct/2021:09:45:45 -0500] "GET /BLA/resoluciones/AUTOS%202010/6360.pdf HTTP/1.1" 200 114959
178.63.20.95 - - [07/Oct/2021:09:45:54 -0500] "GET /BLA/resoluciones/AUTOS%202010/6431.pdf HTTP/1.1" 200 174627
179.1.93.97 - - [07/Oct/2021:09:45:57 -0500] "GET /galeria/galeria/jquery.fancybox.css?v=2.1.5 HTTP/1.1" 200 4895
179.1.93.97 - - [07/Oct/2021:09:45:58 -0500] "GET /BLA/boletinlegal/js/jquery.scrollShow.js HTTP/1.1" 200 4586
179.1.93.97 - - [07/Oct/2021:09:45:58 -0500] "GET /galeria/galeria/jquery.fancybox.js?v=2.1.5 HTTP/1.1" 200 48706
178.63.20.95 - - [07/Oct/2021:09:46:03 -0500] "GET /BLA/resoluciones/AUTOS%202010/0838.pdf HTTP/1.1" 200 183405
186.154.221.4 - - [07/Oct/2021:09:46:04 -0500] "GET /BLA/boletinlegal/js/jquery.scrollShow.js HTTP/1.1" 200 4586
200.93.146.196 - - [07/Oct/2021:09:46:04 -0500] "GET /galeria/galeria/jquery.fancybox.css?v=2.1.5 HTTP/1.1" 200 4895
179.1.129.194 - - [07/Oct/2021:09:46:04 -0500] "GET /galeria/galeria/jquery.fancybox.js?v=2.1.5 HTTP/1.1" 200 48706
181.61.7.90 - - [07/Oct/2021:09:46:03 -0500] "POST /sipse/faces/presentacion/financiero/solicitudProceso/consultarSolicitudProceso.xhtml HTTP/1.1" 200 2703436
190.158.120.28 - - [07/Oct/2021:09:46:06 -0500] "GET /galeria/galeria/jquery.fancybox.css?v=2.1.5 HTTP/1.1" 200 4895
190.158.120.28 - - [07/Oct/2021:09:46:06 -0500] "GET /BLA/boletinlegal/js/jquery.scrollShow.js HTTP/1.1" 200 4586
190.158.120.28 - - [07/Oct/2021:09:46:06 -0500] "GET /galeria/galeria/jquery.fancybox.js?v=2.1.5 HTTP/1.1" 200 48706
23.100.232.233 - - [07/Oct/2021:09:46:09 -0500] "GET /bla/boletinlegal/directivas/2011/directiva%20no.%2010%20del%2028%20de%20septiembre%20de%202011.pdf HTTP/1.1" 200 465887
178.63.20.95 - - [07/Oct/2021:09:46:12 -0500] "GET /BLA/resoluciones/AUTOS%202010/5707.pdf HTTP/1.1" 200 232443
186.154.254.173 - - [07/Oct/2021:09:46:18 -0500] "GET /BLA/boletinlegal/js/jquery.scrollShow.js HTTP/1.1" 200 4586
186.154.254.173 - - [07/Oct/2021:09:46:18 -0500] "GET /galeria/galeria/jquery.fancybox.css?v=2.1.5 HTTP/1.1" 200 4895
186.154.254.173 - - [07/Oct/2021:09:46:18 -0500] "GET /galeria/galeria/jquery.fancybox.js?v=2.1.5 HTTP/1.1" 200 48706
181.61.7.90 - - [07/Oct/2021:09:46:20 -0500] "POST /sipse/faces/presentacion/financiero/solicitudProceso/consultarSolicitudProceso.xhtml HTTP/1.1" 200 226401
190.248.51.109 - - [07/Oct/2021:09:46:23 -0500] "GET /BLA/boletinlegal/js/jquery.scrollShow.js HTTP/1.1" 304 -
178.63.20.95 - - [07/Oct/2021:09:46:23 -0500] "GET /BLA/resoluciones/AUTOS%202010/6685.pdf HTTP/1.1" 200 142779
190.248.51.109 - - [07/Oct/2021:09:46:23 -0500] "GET /galeria/galeria/jquery.fancybox.js?v=2.1.5 HTTP/1.1" 200 48706
190.248.51.109 - - [07/Oct/2021:09:46:23 -0500] "GET /galeria/galeria/jquery.fancybox.css?v=2.1.5 HTTP/1.1" 200 4895
181.49.190.154 - - [07/Oct/2021:09:46:28 -0500] "GET /BLA/boletinlegal/js/jquery.scrollShow.js HTTP/1.1" 200 4586
181.49.190.154 - - [07/Oct/2021:09:46:28 -0500] "GET /galeria/galeria/jquery.fancybox.css?v=2.1.5 HTTP/1.1" 200 4895
181.49.190.154 - - [07/Oct/2021:09:46:28 -0500] "GET /galeria/galeria/jquery.fancybox.js?v=2.1.5 HTTP/1.1" 200 48706
178.63.20.95 - - [07/Oct/2021:09:46:32 -0500] "GET /BLA/resoluciones/AUTOS%202010/5419.pdf HTTP/1.1" 200 203074
201.245.192.253 - - [07/Oct/2021:09:46:35 -0500] "GET /catalogoisis/ HTTP/1.1" 200 8575
201.245.192.253 - - [07/Oct/2021:09:46:37 -0500] "POST /sipse/faces/presentacion/financiero/solicitudProceso/consultarSolicitudProceso.xhtml HTTP/1.1" 200 5477
201.245.192.253 - - [07/Oct/2021:09:46:38 -0500] "GET /reportes_sipse/sdg/ServletReporte?reporte=solicitud_cdp&Solicitud=15041&pfdrid_c=false HTTP/1.1" 200 131028
201.245.192.253 - - [07/Oct/2021:09:46:40 -0500] "POST /sipse/faces/presentacion/financiero/solicitudProceso/consultarSolicitudProceso.xhtml HTTP/1.1" 200 40614
201.245.192.253 - - [07/Oct/2021:09:46:40 -0500] "GET /sipse/faces/javax.faces.resource/theme.css?ln=primefaces-sipse HTTP/1.1" 304 -
201.245.192.253 - - [07/Oct/2021:09:46:40 -0500] "GET /sipse/faces/javax.faces.resource/primefaces.css?ln=primefaces&v=4.0 HTTP/1.1" 304 -
201.245.192.253 - - [07/Oct/2021:09:46:40 -0500] "GET /sipse/faces/javax.faces.resource/layout/layout.css?ln=primefaces&v=4.0 HTTP/1.1" 304 -
201.245.192.253 - - [07/Oct/2021:09:46:40 -0500] "GET /sipse/faces/javax.faces.resource/jquery/jquery.js?ln=primefaces&v=4.0 HTTP/1.1" 304 -
201.245.192.253 - - [07/Oct/2021:09:46:40 -0500] "GET /sipse/faces/javax.faces.resource/jquery/jquery-plugins.js?ln=primefaces&v=4.0 HTTP/1.1" 304 -
201.245.192.253 - - [07/Oct/2021:09:46:40 -0500] "GET /sipse/faces/javax.faces.resource/primefaces.js?ln=primefaces&v=4.0 HTTP/1.1" 304 -
201.245.192.253 - - [07/Oct/2021:09:46:40 -0500] "GET /sipse/faces/javax.faces.resource/layout/layout.js?ln=primefaces&v=4.0 HTTP/1.1" 304 -
201.245.192.253 - - [07/Oct/2021:09:46:40 -0500] "GET /sipse/css/imagen/contrasena.png HTTP/1.1" 404 383
201.245.192.253 - - [07/Oct/2021:09:46:40 -0500] "POST /sipse/faces/presentacion/financiero/solicitudProceso/consultar.xhtml HTTP/1.1" 200 33897
201.245.192.253 - - [07/Oct/2021:09:46:41 -0500] "POST /sipse/faces/presentacion/financiero/solicitudProceso/consultar.xhtml HTTP/1.1" 200 33897
178.63.20.95 - - [07/Oct/2021:09:46:41 -0500] "GET /BLA/resoluciones/AUTOS%202010/2572.pdf HTTP/1.1" 200 16060
201.245.192.253 - - [07/Oct/2021:09:46:41 -0500] "POST /sipse/faces/presentacion/financiero/solicitudProceso/consultar.xhtml HTTP/1.1" 200 33897
201.245.192.253 - - [07/Oct/2021:09:46:41 -0500] "POST /sipse/faces/presentacion/financiero/solicitudProceso/consultar.xhtml HTTP/1.1" 200 33897
201.245.192.253 - - [07/Oct/2021:09:46:41 -0500] "POST /sipse/faces/presentacion/financiero/solicitudProceso/consultar.xhtml HTTP/1.1" 200 33897
201.245.192.253 - - [07/Oct/2021:09:46:41 -0500] "POST /sipse/faces/presentacion/financiero/solicitudProceso/consultar.xhtml HTTP/1.1" 200 33897
201.245.192.253 - - [07/Oct/2021:09:46:41 -0500] "POST /sipse/faces/presentacion/financiero/solicitudProceso/consultar.xhtml HTTP/1.1" 200 33897
201.245.192.253 - - [07/Oct/2021:09:46:41 -0500] "POST /sipse/faces/presentacion/financiero/solicitudProceso/consultar.xhtml HTTP/1.1" 200 33897
201.245.192.253 - - [07/Oct/2021:09:46:41 -0500] "POST /sipse/faces/presentacion/financiero/solicitudProceso/consultar.xhtml HTTP/1.1" 200 33897
201.245.192.253 - - [07/Oct/2021:09:46:42 -0500] "POST /sipse/faces/presentacion/financiero/solicitudProceso/consultar.xhtml HTTP/1.1" 200 33897
201.245.192.253 - - [07/Oct/2021:09:46:42 -0500] "POST /sipse/faces/presentacion/financiero/solicitudProceso/consultar.xhtml HTTP/1.1" 200 33897
201.245.192.253 - - [07/Oct/2021:09:46:42 -0500] "POST /sipse/faces/presentacion/financiero/solicitudProceso/consultar.xhtml HTTP/1.1" 200 33897
201.245.192.253 - - [07/Oct/2021:09:46:42 -0500] "POST /sipse/faces/presentacion/financiero/solicitudProceso/consultar.xhtml HTTP/1.1" 200 33897
201.245.192.253 - - [07/Oct/2021:09:46:42 -0500] "POST /sipse/faces/presentacion/financiero/solicitudProceso/consultar.xhtml HTTP/1.1" 200 33897
201.245.192.253 - - [07/Oct/2021:09:46:42 -0500] "POST /sipse/faces/presentacion/financiero/solicitudProceso/consultar.xhtml HTTP/1.1" 200 33897
201.245.192.253 - - [07/Oct/2021:09:46:42 -0500] "POST /sipse/faces/presentacion/financiero/solicitudProceso/consultar.xhtml HTTP/1.1" 200 33897
201.245.192.253 - - [07/Oct/2021:09:46:43 -0500] "POST /sipse/faces/presentacion/financiero/solicitudProceso/consultar.xhtml HTTP/1.1" 200 33897
201.245.192.253 - - [07/Oct/2021:09:46:43 -0500] "POST /sipse/faces/presentacion/financiero/solicitudProceso/consultar.xhtml HTTP/1.1" 200 33897
201.245.192.253 - - [07/Oct/2021:09:46:43 -0500] "POST /sipse/faces/presentacion/financiero/solicitudProceso/consultar.xhtml HTTP/1.1" 200 33897
201.245.192.253 - - [07/Oct/2021:09:46:43 -0500] "POST /sipse/faces/presentacion/financiero/solicitudProceso/consultar.xhtml HTTP/1.1" 200 33897
201.245.192.253 - - [07/Oct/2021:09:46:43 -0500] "POST /sipse/faces/presentacion/financiero/solicitudProceso/consultar.xhtml HTTP/1.1" 200 33897
201.245.192.253 - - [07/Oct/2021:09:46:43 -0500] "POST /sipse/faces/presentacion/financiero/solicitudProceso/consultar.xhtml HTTP/1.1" 200 33897
201.245.192.253 - - [07/Oct/2021:09:46:43 -0500] "POST /sipse/faces/presentacion/financiero/solicitudProceso/consultar.xhtml HTTP/1.1" 200 33897
201.245.192.253 - - [07/Oct/2021:09:46:44 -0500] "POST /sipse/faces/presentacion/financiero/solicitudProceso/consultar.xhtml HTTP/1.1" 200 33897
201.245.192.253 - - [07/Oct/2021:09:46:46 -0500] "POST /sipse/faces/presentacion/financiero/solicitudProceso/consultar.xhtml HTTP/1.1" 200 12837
201.245.192.253 - - [07/Oct/2021:09:46:48 -0500] "POST /sipse/faces/presentacion/financiero/solicitudProceso/consultar.xhtml HTTP/1.1" 200 149414
201.245.192.253 - - [07/Oct/2021:09:46:49 -0500] "GET /sipse/faces/javax.faces.resource/theme.css?ln=primefaces-sipse HTTP/1.1" 304 -
201.245.192.253 - - [07/Oct/2021:09:46:49 -0500] "GET /sipse/faces/javax.faces.resource/layout/layout.css?ln=primefaces&v=4.0 HTTP/1.1" 304 -
201.245.192.253 - - [07/Oct/2021:09:46:49 -0500] "GET /sipse/faces/javax.faces.resource/primefaces.css?ln=primefaces&v=4.0 HTTP/1.1" 304 -
23.100.232.233 - - [07/Oct/2021:09:46:49 -0500] "GET /BLA/boletinlegal/js/jquery.scrollShow.js HTTP/1.1" 200 4586
201.245.192.253 - - [07/Oct/2021:09:46:49 -0500] "GET /sipse/faces/javax.faces.resource/jquery/jquery.js?ln=primefaces&v=4.0 HTTP/1.1" 304 -
201.245.192.253 - - [07/Oct/2021:09:46:49 -0500] "GET /sipse/faces/javax.faces.resource/jquery/jquery-plugins.js?ln=primefaces&v=4.0 HTTP/1.1" 304 -
201.245.192.253 - - [07/Oct/2021:09:46:49 -0500] "GET /sipse/faces/javax.faces.resource/primefaces.js?ln=primefaces&v=4.0 HTTP/1.1" 304 -
201.245.192.253 - - [07/Oct/2021:09:46:49 -0500] "GET /sipse/faces/javax.faces.resource/layout/layout.js?ln=primefaces&v=4.0 HTTP/1.1" 304 -
23.100.232.233 - - [07/Oct/2021:09:46:49 -0500] "GET /galeria/galeria/jquery.fancybox.js?v=2.1.5 HTTP/1.1" 200 48706
201.245.192.253 - - [07/Oct/2021:09:46:49 -0500] "GET /sipse/css/imagen/contrasena.png HTTP/1.1" 404 383
23.100.232.233 - - [07/Oct/2021:09:46:49 -0500] "GET /galeria/galeria/jquery.fancybox.css?v=2.1.5 HTTP/1.1" 200 4895
201.245.192.253 - - [07/Oct/2021:09:46:49 -0500] "GET /reportes_sipse/sdg/ServletReporte?reporte=solicitud_cdp&Solicitud=15041&pfdrid_c=false HTTP/1.1" 200 131028
178.63.20.95 - - [07/Oct/2021:09:46:50 -0500] "GET /BLA/resoluciones/AUTOS%202010/6563.pdf HTTP/1.1" 200 116800
194.199.244.74 - - [07/Oct/2021:09:46:52 -0500] "GET /BLA/boletinlegal/js/jquery.scrollShow.js HTTP/1.1" 200 4586
194.199.244.74 - - [07/Oct/2021:09:46:52 -0500] "GET /galeria/galeria/jquery.fancybox.js?v=2.1.5 HTTP/1.1" 200 48706
194.199.244.74 - - [07/Oct/2021:09:46:52 -0500] "GET /galeria/galeria/jquery.fancybox.css?v=2.1.5 HTTP/1.1" 200 4895
191.156.181.147 - - [07/Oct/2021:09:46:54 -0500] "GET /galeria/galeria/jquery.fancybox.css?v=2.1.5 HTTP/1.1" 200 4895
191.156.181.220 - - [07/Oct/2021:09:46:54 -0500] "GET /galeria/galeria/jquery.fancybox.js?v=2.1.5 HTTP/1.1" 200 48706
191.156.181.220 - - [07/Oct/2021:09:46:54 -0500] "GET /BLA/boletinlegal/js/jquery.scrollShow.js HTTP/1.1" 200 4586
201.245.192.253 - - [07/Oct/2021:09:46:55 -0500] "POST /sipse/faces/presentacion/financiero/solicitudProceso/consultarSolicitudProceso.xhtml HTTP/1.1" 200 515540
201.245.192.253 - - [07/Oct/2021:09:46:56 -0500] "POST /sipse/faces/presentacion/financiero/solicitudProceso/consultarSolicitudProceso.xhtml HTTP/1.1" 200 221209
165.225.223.50 - - [07/Oct/2021:09:46:57 -0500] "GET /galeria/galeria/jquery.fancybox.css?v=2.1.5 HTTP/1.1" 200 4895
165.225.223.50 - - [07/Oct/2021:09:46:57 -0500] "GET /galeria/galeria/jquery.fancybox.js?v=2.1.5 HTTP/1.1" 200 48706
165.225.223.50 - - [07/Oct/2021:09:46:57 -0500] "GET /BLA/boletinlegal/js/jquery.scrollShow.js HTTP/1.1" 200 4586
201.245.192.253 - - [07/Oct/2021:09:46:57 -0500] "POST /sipse/faces/presentacion/financiero/solicitudProceso/consultarSolicitudProceso.xhtml HTTP/1.1" 200 1623340
201.245.192.253 - - [07/Oct/2021:09:46:59 -0500] "POST /sipse/faces/presentacion/financiero/solicitudProceso/consultarSolicitudProceso.xhtml HTTP/1.1" 200 248738
178.63.20.95 - - [07/Oct/2021:09:46:59 -0500] "GET /BLA/resoluciones/AUTOS%202010/5510.pdf HTTP/1.1" 200 222235
178.63.20.95 - - [07/Oct/2021:09:47:08 -0500] "GET /BLA/resoluciones/AUTOS%202010/1373.pdf HTTP/1.1" 200 299102
178.63.20.95 - - [07/Oct/2021:09:47:16 -0500] "GET /BLA/resoluciones/AUTOS%202010/5342.pdf HTTP/1.1" 200 474790
178.63.20.95 - - [07/Oct/2021:09:47:26 -0500] "GET /BLA/resoluciones/AUTOS%202010/6661.pdf HTTP/1.1" 200 3691944
186.102.34.137 - - [07/Oct/2021:09:47:32 -0500] "GET /galeria/galeria/jquery.fancybox.css?v=2.1.5 HTTP/1.1" 200 4895
186.102.34.137 - - [07/Oct/2021:09:47:32 -0500] "GET /galeria/galeria/jquery.fancybox.js?v=2.1.5 HTTP/1.1" 200 48706
186.102.34.137 - - [07/Oct/2021:09:47:32 -0500] "GET /BLA/boletinlegal/js/jquery.scrollShow.js HTTP/1.1" 200 4586
178.63.20.95 - - [07/Oct/2021:09:47:35 -0500] "GET /BLA/resoluciones/AUTOS%202010/6110.pdf HTTP/1.1" 200 2104862
201.245.192.253 - - [07/Oct/2021:09:47:36 -0500] "GET /catalogoisis/ HTTP/1.1" 200 8575
181.53.12.43 - - [07/Oct/2021:09:47:36 -0500] "GET /galeria/galeria/jquery.fancybox.css?v=2.1.5 HTTP/1.1" 200 4895
181.53.12.43 - - [07/Oct/2021:09:47:36 -0500] "GET /BLA/boletinlegal/js/jquery.scrollShow.js HTTP/1.1" 200 4586
181.53.12.43 - - [07/Oct/2021:09:47:36 -0500] "GET /galeria/galeria/jquery.fancybox.js?v=2.1.5 HTTP/1.1" 200 48706
181.61.7.90 - - [07/Oct/2021:09:47:37 -0500] "POST /sipse/faces/presentacion/financiero/solicitudProceso/consultarSolicitudProceso.xhtml HTTP/1.1" 200 226401
178.63.20.95 - - [07/Oct/2021:09:47:39 -0500] "GET /BLA/resoluciones/AUTOS%202010/0167.pdf HTTP/1.1" 200 355868
191.156.183.164 - - [07/Oct/2021:09:47:40 -0500] "GET /galeria/galeria/jquery.fancybox.css?v=2.1.5 HTTP/1.1" 200 4895
191.156.190.173 - - [07/Oct/2021:09:47:40 -0500] "GET /BLA/boletinlegal/js/jquery.scrollShow.js HTTP/1.1" 200 4586
191.156.187.186 - - [07/Oct/2021:09:47:40 -0500] "GET /galeria/galeria/jquery.fancybox.js?v=2.1.5 HTTP/1.1" 200 48706
52.34.76.65 - - [07/Oct/2021:09:47:45 -0500] "GET /ISOlucionSDA/FrameSetArticulo.asp?Pagina=/IsolucionSDA/bancoconocimiento/D/Decreto371de30agostode2010/Decreto371de30agostode2010.asp?IdArticulo=3079 HTTP/1.1" 200 474
181.53.13.179 - - [07/Oct/2021:09:47:48 -0500] "GET /galeria/galeria/jquery.fancybox.css?v=2.1.5 HTTP/1.1" 200 4895
181.53.13.179 - - [07/Oct/2021:09:47:48 -0500] "GET /BLA/boletinlegal/js/jquery.scrollShow.js HTTP/1.1" 200 4586
178.63.20.95 - - [07/Oct/2021:09:47:49 -0500] "GET /BLA/resoluciones/AUTOS%202010/1490.pdf HTTP/1.1" 200 151366
181.53.13.179 - - [07/Oct/2021:09:47:49 -0500] "GET /galeria/galeria/jquery.fancybox.js?v=2.1.5 HTTP/1.1" 200 48706
52.34.76.65 - - [07/Oct/2021:09:47:51 -0500] "GET /ISOlucionSDA/FrameSetArticulo.asp?Pagina=/IsolucionSDA/bancoconocimiento/L/Ley1437del18deEnerode2011/Ley1437del18deEnerode2011.asp?IdArticulo=6483 HTTP/1.1" 200 474
181.61.7.90 - - [07/Oct/2021:09:47:53 -0500] "POST /sipse/faces/presentacion/financiero/solicitudProceso/consultarSolicitudProceso.xhtml HTTP/1.1" 200 49236
52.34.76.65 - - [07/Oct/2021:09:47:54 -0500] "GET /ISOlucionSDA/FrameSetArticulo.asp?Pagina=/IsolucionSDA/bancoconocimiento/L/Ley1474del12deJuliode2011/Ley1474del12deJuliode2011.asp?IdArticulo=6490 HTTP/1.1" 200 474
178.63.20.95 - - [07/Oct/2021:09:47:57 -0500] "GET /BLA/resoluciones/AUTOS%202010/6941.pdf HTTP/1.1" 200 260394
201.245.179.194 - - [07/Oct/2021:09:48:04 -0500] "GET /galeria/galeria/jquery.fancybox.js?v=2.1.5 HTTP/1.1" 200 48706
201.245.179.194 - - [07/Oct/2021:09:48:04 -0500] "GET /galeria/galeria/jquery.fancybox.css?v=2.1.5 HTTP/1.1" 200 4895
201.245.179.194 - - [07/Oct/2021:09:48:04 -0500] "GET /BLA/boletinlegal/js/jquery.scrollShow.js HTTP/1.1" 200 4586
178.63.20.95 - - [07/Oct/2021:09:48:09 -0500] "GET /BLA/resoluciones/AUTOS%202010/2271.pdf HTTP/1.1" 200 299815
181.61.7.90 - - [07/Oct/2021:09:48:13 -0500] "POST /sipse/faces/presentacion/financiero/solicitudProceso/consultarSolicitudProceso.xhtml HTTP/1.1" 200 155504
201.245.192.253 - - [07/Oct/2021:09:48:14 -0500] "POST /sipse/faces/presentacion/financiero/solicitudProceso/listarSolicitudProceso.xhtml HTTP/1.1" 200 16392
178.63.20.95 - - [07/Oct/2021:09:48:18 -0500] "GET /BLA/resoluciones/AUTOS%202010/5519.pdf HTTP/1.1" 200 163518
178.63.20.95 - - [07/Oct/2021:09:48:27 -0500] "GET /BLA/resoluciones/AUTOS%202010/2491.pdf HTTP/1.1" 200 223318
52.34.76.65 - - [07/Oct/2021:09:48:29 -0500] "GET /ISOlucionSDA/FrameSetArticulo.asp?Pagina=/IsolucionSDA/bancoconocimiento/D/Decreto109del16deMarzode2009/Decreto109del16deMarzode2009.asp?IdArticulo=6274 HTTP/1.1" 200 474
52.34.76.65 - - [07/Oct/2021:09:48:29 -0500] "GET /ISOlucionSDA/FrameSetArticulo.asp?Pagina=/IsolucionSDA/bancoconocimiento/L/Ley1341del30dejuliode2009/Ley1341del30dejuliode2009.asp?IdArticulo=9089 HTTP/1.1" 200 474
201.245.192.253 - - [07/Oct/2021:09:48:31 -0500] "GET /sipse/faces/faces/faces/index.xhtml HTTP/1.1" 200 677
201.245.192.253 - - [07/Oct/2021:09:48:31 -0500] "GET /sipse/faces/javax.faces.resource/theme.css?ln=primefaces-sipse HTTP/1.1" 304 -
201.245.192.253 - - [07/Oct/2021:09:48:31 -0500] "GET /sipse/faces/faces/faces/faces/autenticacion.xhtml HTTP/1.1" 200 12179
201.245.192.253 - - [07/Oct/2021:09:48:31 -0500] "GET /sipse/faces/javax.faces.resource/theme.css?ln=primefaces-sipse HTTP/1.1" 304 -
201.245.192.253 - - [07/Oct/2021:09:48:31 -0500] "GET /sipse/faces/javax.faces.resource/primefaces.css?ln=primefaces&v=4.0 HTTP/1.1" 304 -
201.245.192.253 - - [07/Oct/2021:09:48:31 -0500] "GET /sipse/faces/javax.faces.resource/layout/layout.css?ln=primefaces&v=4.0 HTTP/1.1" 304 -
201.245.192.253 - - [07/Oct/2021:09:48:31 -0500] "GET /sipse/faces/javax.faces.resource/jquery/jquery-plugins.js?ln=primefaces&v=4.0 HTTP/1.1" 304 -
201.245.192.253 - - [07/Oct/2021:09:48:31 -0500] "GET /sipse/faces/javax.faces.resource/layout/layout.js?ln=primefaces&v=4.0 HTTP/1.1" 304 -
201.245.192.253 - - [07/Oct/2021:09:48:31 -0500] "GET /sipse/faces/javax.faces.resource/jquery/jquery.js?ln=primefaces&v=4.0 HTTP/1.1" 304 -
201.245.192.253 - - [07/Oct/2021:09:48:31 -0500] "GET /sipse/faces/javax.faces.resource/primefaces.js?ln=primefaces&v=4.0 HTTP/1.1" 304 -
201.245.192.253 - - [07/Oct/2021:09:48:32 -0500] "GET /sipse/faces/javax.faces.resource/images/ui-icons_898989_256x240.png?ln=primefaces-aristo HTTP/1.1" 304 -
181.61.7.90 - - [07/Oct/2021:09:48:30 -0500] "POST /sipse/faces/presentacion/financiero/solicitudProceso/consultarSolicitudProceso.xhtml HTTP/1.1" 200 2703436
201.245.192.253 - - [07/Oct/2021:09:48:34 -0500] "POST /sipse/faces/autenticacion.xhtml HTTP/1.1" 200 11245
201.245.192.253 - - [07/Oct/2021:09:48:34 -0500] "GET /sipse/faces/javax.faces.resource/theme.css?ln=primefaces-sipse HTTP/1.1" 304 -
201.245.192.253 - - [07/Oct/2021:09:48:34 -0500] "GET /sipse/faces/javax.faces.resource/primefaces.css?ln=primefaces&v=4.0 HTTP/1.1" 304 -
201.245.192.253 - - [07/Oct/2021:09:48:34 -0500] "GET /sipse/faces/javax.faces.resource/layout/layout.css?ln=primefaces&v=4.0 HTTP/1.1" 304 -
201.245.192.253 - - [07/Oct/2021:09:48:34 -0500] "GET /sipse/faces/javax.faces.resource/jquery/jquery.js?ln=primefaces&v=4.0 HTTP/1.1" 304 -
201.245.192.253 - - [07/Oct/2021:09:48:34 -0500] "GET /sipse/faces/javax.faces.resource/jquery/jquery-plugins.js?ln=primefaces&v=4.0 HTTP/1.1" 304 -
201.245.192.253 - - [07/Oct/2021:09:48:34 -0500] "GET /sipse/faces/javax.faces.resource/primefaces.js?ln=primefaces&v=4.0 HTTP/1.1" 304 -
201.245.192.253 - - [07/Oct/2021:09:48:34 -0500] "GET /sipse/faces/javax.faces.resource/layout/layout.js?ln=primefaces&v=4.0 HTTP/1.1" 304 -
201.245.192.253 - - [07/Oct/2021:09:48:35 -0500] "GET /sipse/faces/javax.faces.resource/messages/messages.png?ln=primefaces&v=4.0 HTTP/1.1" 304 -
186.28.93.193 - - [07/Oct/2021:09:48:35 -0500] "GET /sipse/faces/index.xhtml HTTP/1.1" 200 677
186.28.93.193 - - [07/Oct/2021:09:48:35 -0500] "GET /sipse/faces/javax.faces.resource/theme.css?ln=primefaces-sipse HTTP/1.1" 304 -
186.28.93.193 - - [07/Oct/2021:09:48:35 -0500] "GET /sipse/faces/faces/autenticacion.xhtml HTTP/1.1" 200 12179
186.28.93.193 - - [07/Oct/2021:09:48:35 -0500] "GET /sipse/faces/javax.faces.resource/theme.css?ln=primefaces-sipse HTTP/1.1" 304 -
186.28.93.193 - - [07/Oct/2021:09:48:35 -0500] "GET /sipse/faces/javax.faces.resource/primefaces.css?ln=primefaces&v=4.0 HTTP/1.1" 304 -
186.28.93.193 - - [07/Oct/2021:09:48:35 -0500] "GET /sipse/faces/javax.faces.resource/layout/layout.css?ln=primefaces&v=4.0 HTTP/1.1" 304 -
186.28.93.193 - - [07/Oct/2021:09:48:35 -0500] "GET /sipse/faces/javax.faces.resource/jquery/jquery-plugins.js?ln=primefaces&v=4.0 HTTP/1.1" 304 -
186.28.93.193 - - [07/Oct/2021:09:48:35 -0500] "GET /sipse/faces/javax.faces.resource/primefaces.js?ln=primefaces&v=4.0 HTTP/1.1" 304 -
186.28.93.193 - - [07/Oct/2021:09:48:35 -0500] "GET /sipse/faces/javax.faces.resource/layout/layout.js?ln=primefaces&v=4.0 HTTP/1.1" 304 -
186.28.93.193 - - [07/Oct/2021:09:48:35 -0500] "GET /sipse/faces/javax.faces.resource/jquery/jquery.js?ln=primefaces&v=4.0 HTTP/1.1" 304 -
186.28.93.193 - - [07/Oct/2021:09:48:35 -0500] "GET /sipse/css/imagen/logoSDG.png HTTP/1.1" 200 17770
186.28.93.193 - - [07/Oct/2021:09:48:35 -0500] "GET /sipse/css/imagen/loginimg.png HTTP/1.1" 200 20242
186.28.93.193 - - [07/Oct/2021:09:48:35 -0500] "GET /sipse/faces/javax.faces.resource/images/ui-icons_898989_256x240.png?ln=primefaces-aristo HTTP/1.1" 200 5355
201.245.192.253 - - [07/Oct/2021:09:48:35 -0500] "GET /catalogoisis/ HTTP/1.1" 200 8575
201.245.192.253 - - [07/Oct/2021:09:48:37 -0500] "POST /sipse/faces/presentacion/sistema/seguridad/seleccionRol.xhtml HTTP/1.1" 200 5610
178.63.20.95 - - [07/Oct/2021:09:48:37 -0500] "GET /BLA/resoluciones/AUTOS%202010/3451.pdf HTTP/1.1" 200 466045
201.245.192.253 - - [07/Oct/2021:09:48:38 -0500] "POST /sipse/faces/presentacion/sistema/seguridad/seleccionRol.xhtml HTTP/1.1" 200 15419
201.245.192.253 - - [07/Oct/2021:09:48:38 -0500] "GET /sipse/faces/javax.faces.resource/theme.css?ln=primefaces-sipse HTTP/1.1" 304 -
201.245.192.253 - - [07/Oct/2021:09:48:38 -0500] "GET /sipse/faces/javax.faces.resource/layout/layout.css?ln=primefaces&v=4.0 HTTP/1.1" 304 -
201.245.192.253 - - [07/Oct/2021:09:48:38 -0500] "GET /sipse/faces/javax.faces.resource/primefaces.css?ln=primefaces&v=4.0 HTTP/1.1" 304 -
201.245.192.253 - - [07/Oct/2021:09:48:38 -0500] "GET /sipse/faces/javax.faces.resource/jquery/jquery.js?ln=primefaces&v=4.0 HTTP/1.1" 304 -
201.245.192.253 - - [07/Oct/2021:09:48:38 -0500] "GET /sipse/faces/javax.faces.resource/jquery/jquery-plugins.js?ln=primefaces&v=4.0 HTTP/1.1" 304 -
201.245.192.253 - - [07/Oct/2021:09:48:38 -0500] "GET /sipse/faces/javax.faces.resource/primefaces.js?ln=primefaces&v=4.0 HTTP/1.1" 304 -
201.245.192.253 - - [07/Oct/2021:09:48:38 -0500] "GET /sipse/faces/javax.faces.resource/layout/layout.js?ln=primefaces&v=4.0 HTTP/1.1" 304 -
201.245.192.253 - - [07/Oct/2021:09:48:38 -0500] "GET /sipse/css/imagen/contrasena.png HTTP/1.1" 404 383
186.28.93.193 - - [07/Oct/2021:09:48:38 -0500] "POST /sipse/faces/autenticacion.xhtml HTTP/1.1" 200 11381
186.28.93.193 - - [07/Oct/2021:09:48:38 -0500] "GET /sipse/faces/javax.faces.resource/jquery/jquery.js?ln=primefaces&v=4.0 HTTP/1.1" 304 -
186.28.93.193 - - [07/Oct/2021:09:48:38 -0500] "GET /sipse/faces/javax.faces.resource/jquery/jquery-plugins.js?ln=primefaces&v=4.0 HTTP/1.1" 304 -
186.28.93.193 - - [07/Oct/2021:09:48:38 -0500] "GET /sipse/faces/javax.faces.resource/primefaces.js?ln=primefaces&v=4.0 HTTP/1.1" 304 -
186.28.93.193 - - [07/Oct/2021:09:48:38 -0500] "GET /sipse/faces/javax.faces.resource/layout/layout.js?ln=primefaces&v=4.0 HTTP/1.1" 304 -
186.28.93.193 - - [07/Oct/2021:09:48:38 -0500] "GET /sipse/faces/javax.faces.resource/messages/messages.png?ln=primefaces&v=4.0 HTTP/1.1" 304 -
201.245.192.253 - - [07/Oct/2021:09:48:39 -0500] "GET /sipse/faces/javax.faces.resource/images/ui-bg_flat_0_2d5972_40x100.png?ln=primefaces-aristo HTTP/1.1" 304 -
201.245.192.253 - - [07/Oct/2021:09:48:39 -0500] "POST /sipse/faces/bienvenido.xhtml HTTP/1.1" 200 1471
52.34.76.65 - - [07/Oct/2021:09:48:40 -0500] "GET /ISOlucionSDA/FrameSetArticulo.asp?Pagina=/IsolucionSDA/bancoconocimiento/D/Decreto175del4deMayode2009/Decreto175del4deMayode2009.asp?IdArticulo=6338 HTTP/1.1" 200 474
201.245.192.253 - - [07/Oct/2021:09:48:40 -0500] "POST /sipse/faces/bienvenido.xhtml HTTP/1.1" 200 31911
201.245.192.253 - - [07/Oct/2021:09:48:40 -0500] "GET /sipse/faces/javax.faces.resource/theme.css?ln=primefaces-sipse HTTP/1.1" 304 -
201.245.192.253 - - [07/Oct/2021:09:48:40 -0500] "GET /sipse/faces/javax.faces.resource/layout/layout.css?ln=primefaces&v=4.0 HTTP/1.1" 304 -
201.245.192.253 - - [07/Oct/2021:09:48:40 -0500] "GET /sipse/faces/javax.faces.resource/primefaces.css?ln=primefaces&v=4.0 HTTP/1.1" 304 -
201.245.192.253 - - [07/Oct/2021:09:48:40 -0500] "GET /sipse/faces/javax.faces.resource/jquery/jquery.js?ln=primefaces&v=4.0 HTTP/1.1" 304 -
201.245.192.253 - - [07/Oct/2021:09:48:40 -0500] "GET /sipse/faces/javax.faces.resource/jquery/jquery-plugins.js?ln=primefaces&v=4.0 HTTP/1.1" 304 -
201.245.192.253 - - [07/Oct/2021:09:48:40 -0500] "GET /sipse/faces/javax.faces.resource/primefaces.js?ln=primefaces&v=4.0 HTTP/1.1" 304 -
201.245.192.253 - - [07/Oct/2021:09:48:40 -0500] "GET /sipse/faces/javax.faces.resource/layout/layout.js?ln=primefaces&v=4.0 HTTP/1.1" 304 -
201.245.192.253 - - [07/Oct/2021:09:48:40 -0500] "POST /sipse/faces/presentacion/financiero/solicitudProceso/listarSolicitudProceso.xhtml HTTP/1.1" 200 1348
186.28.93.193 - - [07/Oct/2021:09:48:41 -0500] "POST /sipse/faces/presentacion/sistema/seguridad/seleccionRol.xhtml HTTP/1.1" 200 5748
186.28.93.193 - - [07/Oct/2021:09:48:41 -0500] "POST /sipse/faces/presentacion/sistema/seguridad/seleccionRol.xhtml HTTP/1.1" 200 18459
186.28.93.193 - - [07/Oct/2021:09:48:42 -0500] "GET /sipse/faces/javax.faces.resource/jquery/jquery.js?ln=primefaces&v=4.0 HTTP/1.1" 304 -
186.28.93.193 - - [07/Oct/2021:09:48:42 -0500] "GET /sipse/faces/javax.faces.resource/jquery/jquery-plugins.js?ln=primefaces&v=4.0 HTTP/1.1" 304 -
186.28.93.193 - - [07/Oct/2021:09:48:42 -0500] "GET /sipse/faces/javax.faces.resource/primefaces.js?ln=primefaces&v=4.0 HTTP/1.1" 304 -
186.28.93.193 - - [07/Oct/2021:09:48:42 -0500] "GET /sipse/faces/javax.faces.resource/layout/layout.js?ln=primefaces&v=4.0 HTTP/1.1" 304 -
186.28.93.193 - - [07/Oct/2021:09:48:42 -0500] "GET /sipse/css/imagen/contrasena.png HTTP/1.1" 404 383
201.245.192.253 - - [07/Oct/2021:09:48:44 -0500] "POST /sipse/faces/presentacion/financiero/solicitudProceso/listarSolicitudProceso.xhtml HTTP/1.1" 200 126531
201.245.192.253 - - [07/Oct/2021:09:48:46 -0500] "GET /sipse/faces/javax.faces.resource/primefaces.css?ln=primefaces&v=4.0 HTTP/1.1" 304 -
201.245.192.253 - - [07/Oct/2021:09:48:46 -0500] "GET /sipse/faces/javax.faces.resource/theme.css?ln=primefaces-sipse HTTP/1.1" 304 -
201.245.192.253 - - [07/Oct/2021:09:48:46 -0500] "GET /sipse/faces/javax.faces.resource/layout/layout.css?ln=primefaces&v=4.0 HTTP/1.1" 304 -
201.245.192.253 - - [07/Oct/2021:09:48:46 -0500] "GET /sipse/faces/javax.faces.resource/jquery/jquery.js?ln=primefaces&v=4.0 HTTP/1.1" 304 -
201.245.192.253 - - [07/Oct/2021:09:48:46 -0500] "GET /sipse/faces/javax.faces.resource/jquery/jquery-plugins.js?ln=primefaces&v=4.0 HTTP/1.1" 304 -
201.245.192.253 - - [07/Oct/2021:09:48:46 -0500] "GET /sipse/faces/javax.faces.resource/primefaces.js?ln=primefaces&v=4.0 HTTP/1.1" 304 -
201.245.192.253 - - [07/Oct/2021:09:48:46 -0500] "GET /sipse/faces/javax.faces.resource/layout/layout.js?ln=primefaces&v=4.0 HTTP/1.1" 304 -
178.63.20.95 - - [07/Oct/2021:09:48:46 -0500] "GET /BLA/resoluciones/AUTOS%202010/5359.pdf HTTP/1.1" 200 1998462
52.34.76.65 - - [07/Oct/2021:09:48:46 -0500] "GET /ISOlucionSDA/FrameSetArticulo.asp?Pagina=/IsolucionSDA/bancoconocimiento/D/Decreto19del10deEnerode2012/Decreto19del10deEnerode2012.asp?IdArticulo=6750 HTTP/1.1" 200 474
201.245.192.253 - - [07/Oct/2021:09:48:46 -0500] "GET /reportes_sipse/sdg/ServletReporte?reporte=solicitud_cdp&Solicitud=15041&pfdrid_c=false HTTP/1.1" 200 131028
201.245.192.253 - - [07/Oct/2021:09:48:45 -0500] "POST /sipse/faces/presentacion/financiero/solicitudProceso/consultarSolicitudProceso.xhtml HTTP/1.1" 200 36998
201.245.192.253 - - [07/Oct/2021:09:48:47 -0500] "GET /sipse/faces/javax.faces.resource/jquery/jquery.js?ln=primefaces&v=4.0 HTTP/1.1" 304 -
201.245.192.253 - - [07/Oct/2021:09:48:47 -0500] "GET /sipse/faces/javax.faces.resource/jquery/jquery-plugins.js?ln=primefaces&v=4.0 HTTP/1.1" 304 -
201.245.192.253 - - [07/Oct/2021:09:48:47 -0500] "GET /sipse/faces/javax.faces.resource/primefaces.js?ln=primefaces&v=4.0 HTTP/1.1" 304 -
201.245.192.253 - - [07/Oct/2021:09:48:47 -0500] "GET /sipse/faces/javax.faces.resource/layout/layout.js?ln=primefaces&v=4.0 HTTP/1.1" 304 -
201.245.192.253 - - [07/Oct/2021:09:48:48 -0500] "GET /sipse/faces/javax.faces.resource/messages/messages.png?ln=primefaces&v=4.0 HTTP/1.1" 304 -
179.32.77.59 - - [07/Oct/2021:09:48:48 -0500] "GET /galeria/galeria/jquery.fancybox.css?v=2.1.5 HTTP/1.1" 200 4895
179.32.77.59 - - [07/Oct/2021:09:48:48 -0500] "GET /BLA/boletinlegal/js/jquery.scrollShow.js HTTP/1.1" 200 4586
179.32.77.59 - - [07/Oct/2021:09:48:48 -0500] "GET /galeria/galeria/jquery.fancybox.js?v=2.1.5 HTTP/1.1" 200 48706
201.245.192.253 - - [07/Oct/2021:09:48:48 -0500] "POST /sipse/faces/presentacion/financiero/solicitudProceso/listarSolicitudProceso.xhtml HTTP/1.1" 200 1360
178.63.20.95 - - [07/Oct/2021:09:48:50 -0500] "GET /BLA/resoluciones/AUTOS%202010/1113.pdf HTTP/1.1" 200 174493
186.28.93.193 - - [07/Oct/2021:09:48:50 -0500] "GET /sipse/faces/javax.faces.resource/images/ui-bg_flat_0_2d5972_40x100.png?ln=primefaces-aristo HTTP/1.1" 304 -
186.28.93.193 - - [07/Oct/2021:09:48:50 -0500] "POST /sipse/faces/bienvenido.xhtml HTTP/1.1" 200 4442
