200.116.104.58 - - [07/Oct/2021:09:56:55 -0500] "GET /galeria/nivo-slider/nivo-slider.css HTTP/1.1" 200 1507
200.116.104.58 - - [07/Oct/2021:09:56:55 -0500] "GET /galeria/nivo-slider/demo/style.css HTTP/1.1" 200 2222
200.116.104.58 - - [07/Oct/2021:09:56:55 -0500] "GET /galeria/nivo-slider/demo/scripts/jquery-1.7.1.min.js HTTP/1.1" 200 93868
200.116.104.58 - - [07/Oct/2021:09:56:55 -0500] "GET /galeria/nivo-slider/jquery.nivo.slider.pack.js HTTP/1.1" 200 11561
200.116.104.58 - - [07/Oct/2021:09:56:55 -0500] "GET /galeria/nivo-slider/demo/images/bannertortuga_optimized.jpg HTTP/1.1" 200 39066
200.116.104.58 - - [07/Oct/2021:09:56:55 -0500] "GET /galeria/nivo-slider/demo/images/Bannermujeresquereverdecen.jpg HTTP/1.1" 200 46558
200.116.104.58 - - [07/Oct/2021:09:56:55 -0500] "GET /galeria/nivo-slider/demo/images/bannertrafico_optimized.jpg HTTP/1.1" 200 42578
200.116.104.58 - - [07/Oct/2021:09:56:55 -0500] "GET /galeria/nivo-slider/demo/images/4Simple_Slider.png HTTP/1.1" 200 11722
200.116.104.58 - - [07/Oct/2021:09:56:55 -0500] "GET /galeria/nivo-slider/themes/default/loading.gif HTTP/1.1" 200 1737
200.116.104.58 - - [07/Oct/2021:09:56:55 -0500] "GET /galeria/nivo-slider/demo/images/Bannersedeelectronica.jpg HTTP/1.1" 200 40383
200.116.104.58 - - [07/Oct/2021:09:56:55 -0500] "GET /galeria/nivo-slider/demo/images/bannerrutaesperanza.jpg HTTP/1.1" 200 55560
200.116.104.58 - - [07/Oct/2021:09:56:55 -0500] "GET /galeria/nivo-slider/demo/images/banneraire2021.jpg HTTP/1.1" 200 265101
200.116.104.58 - - [07/Oct/2021:09:56:55 -0500] "GET /galeria/nivo-slider/demo/images/bannerresiduoshospitalariosagosto.jpg HTTP/1.1" 200 36499
200.116.104.58 - - [07/Oct/2021:09:56:55 -0500] "GET /galeria/nivo-slider/demo/images/Bannerplasticosseptiembre.jpg HTTP/1.1" 200 45633
200.116.104.58 - - [07/Oct/2021:09:56:55 -0500] "GET /galeria/nivo-slider/demo/images/banneraccionpopularcrr68.jpg HTTP/1.1" 200 51887
200.116.104.58 - - [07/Oct/2021:09:56:55 -0500] "GET /galeria/nivo-slider/demo/images/banneraccionpopular.jpeg HTTP/1.1" 200 41707
200.116.104.58 - - [07/Oct/2021:09:56:55 -0500] "GET /galeria/nivo-slider/demo/images/bannerclases2021.jpg HTTP/1.1" 200 68230
200.116.104.58 - - [07/Oct/2021:09:56:55 -0500] "GET /galeria/nivo-slider/demo/images/bannercapacitacionesbogota.jpg HTTP/1.1" 200 42416
200.116.104.58 - - [07/Oct/2021:09:56:55 -0500] "GET /galeria/nivo-slider/demo/images/Bannerenvases.jpg HTTP/1.1" 200 37316
200.116.104.58 - - [07/Oct/2021:09:56:56 -0500] "GET /galeria/nivo-slider/demo/images/Bannervirtualescanales.jpg HTTP/1.1" 200 174544
178.63.20.95 - - [07/Oct/2021:09:56:56 -0500] "GET /BLA/resoluciones/AUTOS%202010/5223.pdf HTTP/1.1" 200 162385
200.116.104.58 - - [07/Oct/2021:09:56:56 -0500] "GET /galeria/nivo-slider/themes/default/arrows.png HTTP/1.1" 200 824
200.116.104.58 - - [07/Oct/2021:09:56:56 -0500] "GET /galeria/nivo-slider/themes/default/bullets.png HTTP/1.1" 200 1281
178.63.20.95 - - [07/Oct/2021:09:57:05 -0500] "GET /BLA/resoluciones/AUTOS%202010/6070.pdf HTTP/1.1" 200 208759
181.56.87.140 - - [07/Oct/2021:09:57:06 -0500] "GET /galeria/galeria/jquery.fancybox.js?v=2.1.5 HTTP/1.1" 200 48706
181.56.87.140 - - [07/Oct/2021:09:57:06 -0500] "GET /BLA/boletinlegal/js/jquery.scrollShow.js HTTP/1.1" 200 4586
181.56.87.140 - - [07/Oct/2021:09:57:06 -0500] "GET /galeria/galeria/jquery.fancybox.css?v=2.1.5 HTTP/1.1" 200 4895
186.84.88.96 - - [07/Oct/2021:09:57:10 -0500] "GET /galeria/galeria/jquery.fancybox.css?v=2.1.5 HTTP/1.1" 200 4895
186.84.88.96 - - [07/Oct/2021:09:57:10 -0500] "GET /BLA/boletinlegal/js/jquery.scrollShow.js HTTP/1.1" 200 4586
186.84.88.96 - - [07/Oct/2021:09:57:10 -0500] "GET /galeria/galeria/jquery.fancybox.js?v=2.1.5 HTTP/1.1" 200 48706
178.63.20.95 - - [07/Oct/2021:09:57:14 -0500] "GET /BLA/resoluciones/AUTOS%202010/0346.pdf HTTP/1.1" 200 267569
181.61.7.90 - - [07/Oct/2021:09:57:12 -0500] "POST /sipse/faces/presentacion/financiero/solicitudProceso/consultarSolicitudProceso.xhtml HTTP/1.1" 200 2558714
190.27.245.107 - - [07/Oct/2021:09:57:22 -0500] "GET /sipse/ HTTP/1.1" 302 -
186.82.237.47 - - [07/Oct/2021:09:57:22 -0500] "GET /sipse/faces/autenticacion.xhtml HTTP/1.1" 200 12501
186.82.237.47 - - [07/Oct/2021:09:57:23 -0500] "GET /sipse/faces/javax.faces.resource/layout/layout.css;jsessionid=mEe0bkcIzQm85qdw46VmkIzE.undefined?ln=primefaces&v=4.0 HTTP/1.1" 200 542
186.82.237.47 - - [07/Oct/2021:09:57:23 -0500] "GET /sipse/faces/javax.faces.resource/theme.css?ln=primefaces-sipse HTTP/1.1" 304 -
186.82.237.47 - - [07/Oct/2021:09:57:23 -0500] "GET /sipse/faces/javax.faces.resource/primefaces.css;jsessionid=mEe0bkcIzQm85qdw46VmkIzE.undefined?ln=primefaces&v=4.0 HTTP/1.1" 200 53295
186.82.237.47 - - [07/Oct/2021:09:57:23 -0500] "GET /sipse/faces/javax.faces.resource/layout/layout.js;jsessionid=mEe0bkcIzQm85qdw46VmkIzE.undefined?ln=primefaces&v=4.0 HTTP/1.1" 200 87560
186.82.237.47 - - [07/Oct/2021:09:57:23 -0500] "GET /sipse/faces/javax.faces.resource/jquery/jquery.js;jsessionid=mEe0bkcIzQm85qdw46VmkIzE.undefined?ln=primefaces&v=4.0 HTTP/1.1" 200 105384
186.82.237.47 - - [07/Oct/2021:09:57:23 -0500] "GET /sipse/faces/javax.faces.resource/jquery/jquery-plugins.js;jsessionid=mEe0bkcIzQm85qdw46VmkIzE.undefined?ln=primefaces&v=4.0 HTTP/1.1" 200 220526
186.82.237.47 - - [07/Oct/2021:09:57:23 -0500] "GET /sipse/faces/javax.faces.resource/primefaces.js;jsessionid=mEe0bkcIzQm85qdw46VmkIzE.undefined?ln=primefaces&v=4.0 HTTP/1.1" 200 276924
178.63.20.95 - - [07/Oct/2021:09:57:23 -0500] "GET /BLA/resoluciones/AUTOS%202010/4408.pdf HTTP/1.1" 200 80300
186.82.237.47 - - [07/Oct/2021:09:57:24 -0500] "GET /sipse/faces/javax.faces.resource/images/ui-icons_898989_256x240.png?ln=primefaces-aristo HTTP/1.1" 304 -
186.82.237.47 - - [07/Oct/2021:09:57:24 -0500] "GET /sipse/faces/index.xhtml HTTP/1.1" 200 677
186.82.237.47 - - [07/Oct/2021:09:57:25 -0500] "GET /sipse/faces/javax.faces.resource/theme.css?ln=primefaces-sipse HTTP/1.1" 304 -
186.82.237.47 - - [07/Oct/2021:09:57:25 -0500] "GET /sipse/faces/faces/autenticacion.xhtml HTTP/1.1" 200 12179
186.82.237.47 - - [07/Oct/2021:09:57:25 -0500] "GET /sipse/faces/javax.faces.resource/theme.css?ln=primefaces-sipse HTTP/1.1" 304 -
186.82.237.47 - - [07/Oct/2021:09:57:25 -0500] "GET /sipse/faces/javax.faces.resource/primefaces.css?ln=primefaces&v=4.0 HTTP/1.1" 304 -
186.82.237.47 - - [07/Oct/2021:09:57:25 -0500] "GET /sipse/faces/javax.faces.resource/layout/layout.css?ln=primefaces&v=4.0 HTTP/1.1" 304 -
186.82.237.47 - - [07/Oct/2021:09:57:25 -0500] "GET /sipse/faces/javax.faces.resource/jquery/jquery.js?ln=primefaces&v=4.0 HTTP/1.1" 304 -
186.82.237.47 - - [07/Oct/2021:09:57:25 -0500] "GET /sipse/faces/javax.faces.resource/primefaces.js?ln=primefaces&v=4.0 HTTP/1.1" 304 -
186.82.237.47 - - [07/Oct/2021:09:57:25 -0500] "GET /sipse/faces/javax.faces.resource/jquery/jquery-plugins.js?ln=primefaces&v=4.0 HTTP/1.1" 304 -
181.62.53.28 - - [07/Oct/2021:09:57:26 -0500] "GET /galeria/galeria/jquery.fancybox.css?v=2.1.5 HTTP/1.1" 200 4895
181.62.53.28 - - [07/Oct/2021:09:57:26 -0500] "GET /BLA/boletinlegal/js/jquery.scrollShow.js HTTP/1.1" 200 4586
181.62.53.28 - - [07/Oct/2021:09:57:26 -0500] "GET /galeria/galeria/jquery.fancybox.js?v=2.1.5 HTTP/1.1" 200 48706
186.82.237.47 - - [07/Oct/2021:09:57:27 -0500] "GET /sipse/faces/javax.faces.resource/layout/layout.js?ln=primefaces&v=4.0 HTTP/1.1" 304 -
181.61.7.90 - - [07/Oct/2021:09:57:30 -0500] "POST /sipse/faces/presentacion/financiero/solicitudProceso/consultarSolicitudProceso.xhtml HTTP/1.1" 200 2584806
178.63.20.95 - - [07/Oct/2021:09:57:33 -0500] "GET /BLA/resoluciones/AUTOS%202010/3832.pdf HTTP/1.1" 200 117043
201.245.192.253 - - [07/Oct/2021:09:57:33 -0500] "POST /sipse/faces/presentacion/financiero/solicitudProceso/consultarSolicitudProceso.xhtml HTTP/1.1" 200 700938
201.245.192.253 - - [07/Oct/2021:09:57:34 -0500] "POST /sipse/faces/presentacion/financiero/solicitudProceso/consultarSolicitudProceso.xhtml HTTP/1.1" 200 1825033
201.245.192.253 - - [07/Oct/2021:09:57:35 -0500] "POST /sipse/faces/presentacion/financiero/solicitudProceso/consultarSolicitudProceso.xhtml HTTP/1.1" 200 6143026
186.82.237.47 - - [07/Oct/2021:09:57:39 -0500] "POST /sipse/faces/autenticacion.xhtml HTTP/1.1" 200 2228
186.82.237.47 - - [07/Oct/2021:09:57:39 -0500] "GET /sipse/faces/javax.faces.resource/messages/messages.png?ln=primefaces&v=4.0 HTTP/1.1" 304 -
186.82.237.47 - - [07/Oct/2021:09:57:40 -0500] "GET /sipse/faces/javax.faces.resource/images/ui-icons_898989_256x240.png?ln=primefaces-aristo HTTP/1.1" 304 -
186.82.237.47 - - [07/Oct/2021:09:57:40 -0500] "POST /sipse/faces/autenticacion.xhtml HTTP/1.1" 200 16039
186.82.237.47 - - [07/Oct/2021:09:57:40 -0500] "GET /sipse/faces/javax.faces.resource/theme.css?ln=primefaces-sipse HTTP/1.1" 304 -
186.82.237.47 - - [07/Oct/2021:09:57:40 -0500] "GET /sipse/faces/javax.faces.resource/layout/layout.css?ln=primefaces&v=4.0 HTTP/1.1" 304 -
186.82.237.47 - - [07/Oct/2021:09:57:40 -0500] "GET /sipse/faces/javax.faces.resource/primefaces.css?ln=primefaces&v=4.0 HTTP/1.1" 304 -
186.82.237.47 - - [07/Oct/2021:09:57:41 -0500] "GET /sipse/faces/javax.faces.resource/jquery/jquery.js?ln=primefaces&v=4.0 HTTP/1.1" 304 -
186.82.237.47 - - [07/Oct/2021:09:57:41 -0500] "GET /sipse/faces/javax.faces.resource/jquery/jquery-plugins.js?ln=primefaces&v=4.0 HTTP/1.1" 304 -
186.82.237.47 - - [07/Oct/2021:09:57:41 -0500] "GET /sipse/faces/javax.faces.resource/primefaces.js?ln=primefaces&v=4.0 HTTP/1.1" 304 -
186.82.237.47 - - [07/Oct/2021:09:57:41 -0500] "GET /sipse/faces/javax.faces.resource/layout/layout.js?ln=primefaces&v=4.0 HTTP/1.1" 304 -
186.82.237.47 - - [07/Oct/2021:09:57:42 -0500] "GET /sipse/css/imagen/contrasena.png HTTP/1.1" 404 383
190.27.245.107 - - [07/Oct/2021:09:57:42 -0500] "GET /sipse/ HTTP/1.1" 302 -
186.145.237.25 - - [07/Oct/2021:09:57:42 -0500] "GET /sipse/faces/autenticacion.xhtml HTTP/1.1" 200 12501
186.145.237.25 - - [07/Oct/2021:09:57:42 -0500] "GET /sipse/faces/javax.faces.resource/layout/layout.css;jsessionid=cfDQr92XkItCltGpK4LW3mcO.undefined?ln=primefaces&v=4.0 HTTP/1.1" 200 542
186.145.237.25 - - [07/Oct/2021:09:57:42 -0500] "GET /sipse/faces/javax.faces.resource/primefaces.css;jsessionid=cfDQr92XkItCltGpK4LW3mcO.undefined?ln=primefaces&v=4.0 HTTP/1.1" 200 53295
186.145.237.25 - - [07/Oct/2021:09:57:42 -0500] "GET /sipse/faces/javax.faces.resource/theme.css?ln=primefaces-sipse HTTP/1.1" 304 -
178.63.20.95 - - [07/Oct/2021:09:57:42 -0500] "GET /BLA/resoluciones/AUTOS%202010/1402.pdf HTTP/1.1" 200 250167
186.145.237.25 - - [07/Oct/2021:09:57:42 -0500] "GET /sipse/faces/javax.faces.resource/jquery/jquery.js;jsessionid=cfDQr92XkItCltGpK4LW3mcO.undefined?ln=primefaces&v=4.0 HTTP/1.1" 200 105384
186.145.237.25 - - [07/Oct/2021:09:57:42 -0500] "GET /sipse/faces/javax.faces.resource/layout/layout.js;jsessionid=cfDQr92XkItCltGpK4LW3mcO.undefined?ln=primefaces&v=4.0 HTTP/1.1" 200 87560
186.145.237.25 - - [07/Oct/2021:09:57:42 -0500] "GET /sipse/faces/javax.faces.resource/jquery/jquery-plugins.js;jsessionid=cfDQr92XkItCltGpK4LW3mcO.undefined?ln=primefaces&v=4.0 HTTP/1.1" 200 220526
186.145.237.25 - - [07/Oct/2021:09:57:42 -0500] "GET /sipse/faces/javax.faces.resource/primefaces.js;jsessionid=cfDQr92XkItCltGpK4LW3mcO.undefined?ln=primefaces&v=4.0 HTTP/1.1" 200 276924
186.145.237.25 - - [07/Oct/2021:09:57:43 -0500] "GET /sipse/faces/javax.faces.resource/images/ui-icons_898989_256x240.png?ln=primefaces-aristo HTTP/1.1" 200 5355
186.145.237.25 - - [07/Oct/2021:09:57:43 -0500] "GET /sipse/css/imagen/loginimg.png HTTP/1.1" 200 37794
186.145.237.25 - - [07/Oct/2021:09:57:43 -0500] "GET /sipse/css/imagen/logoSDG.png HTTP/1.1" 200 53064
186.145.237.25 - - [07/Oct/2021:09:57:43 -0500] "GET /favicon.ico HTTP/1.1" 200 7782
186.145.237.25 - - [07/Oct/2021:09:57:43 -0500] "GET /sipse/faces/index.xhtml HTTP/1.1" 200 677
186.145.237.25 - - [07/Oct/2021:09:57:43 -0500] "GET /sipse/faces/javax.faces.resource/theme.css?ln=primefaces-sipse HTTP/1.1" 304 -
186.145.237.25 - - [07/Oct/2021:09:57:43 -0500] "GET /sipse/faces/faces/autenticacion.xhtml HTTP/1.1" 200 12179
186.145.237.25 - - [07/Oct/2021:09:57:43 -0500] "GET /sipse/faces/javax.faces.resource/theme.css?ln=primefaces-sipse HTTP/1.1" 304 -
186.145.237.25 - - [07/Oct/2021:09:57:43 -0500] "GET /sipse/faces/javax.faces.resource/layout/layout.css?ln=primefaces&v=4.0 HTTP/1.1" 200 542
186.145.237.25 - - [07/Oct/2021:09:57:43 -0500] "GET /sipse/faces/javax.faces.resource/jquery/jquery.js?ln=primefaces&v=4.0 HTTP/1.1" 304 -
186.145.237.25 - - [07/Oct/2021:09:57:43 -0500] "GET /sipse/faces/javax.faces.resource/jquery/jquery-plugins.js?ln=primefaces&v=4.0 HTTP/1.1" 304 -
186.145.237.25 - - [07/Oct/2021:09:57:43 -0500] "GET /sipse/faces/javax.faces.resource/layout/layout.js?ln=primefaces&v=4.0 HTTP/1.1" 200 87560
186.145.237.25 - - [07/Oct/2021:09:57:44 -0500] "GET /sipse/faces/javax.faces.resource/primefaces.js?ln=primefaces&v=4.0 HTTP/1.1" 304 -
186.145.237.25 - - [07/Oct/2021:09:57:43 -0500] "GET /sipse/faces/javax.faces.resource/primefaces.css?ln=primefaces&v=4.0 HTTP/1.1" 200 53295
186.145.237.25 - - [07/Oct/2021:09:57:44 -0500] "GET /sipse/faces/javax.faces.resource/images/ui-icons_898989_256x240.png?ln=primefaces-aristo HTTP/1.1" 304 -
186.82.237.47 - - [07/Oct/2021:09:57:44 -0500] "GET /sipse/faces/javax.faces.resource/images/ui-bg_flat_0_2d5972_40x100.png?ln=primefaces-aristo HTTP/1.1" 304 -
186.82.237.47 - - [07/Oct/2021:09:57:44 -0500] "POST /sipse/faces/bienvenido.xhtml HTTP/1.1" 200 2658
201.245.192.253 - - [07/Oct/2021:09:57:46 -0500] "GET /catalogoisis/ HTTP/1.1" 200 8575
186.145.237.25 - - [07/Oct/2021:09:57:46 -0500] "POST /sipse/faces/autenticacion.xhtml HTTP/1.1" 200 16455
186.145.237.25 - - [07/Oct/2021:09:57:46 -0500] "GET /sipse/css/custom_css_sg_prime.css HTTP/1.1" 200 5201
186.145.237.25 - - [07/Oct/2021:09:57:46 -0500] "GET /sipse/faces/javax.faces.resource/jquery/jquery.js?ln=primefaces&v=4.0 HTTP/1.1" 304 -
186.145.237.25 - - [07/Oct/2021:09:57:46 -0500] "GET /sipse/js/jquery.min.js HTTP/1.1" 200 85582
186.145.237.25 - - [07/Oct/2021:09:57:46 -0500] "GET /sipse/faces/javax.faces.resource/jquery/jquery-plugins.js?ln=primefaces&v=4.0 HTTP/1.1" 304 -
186.145.237.25 - - [07/Oct/2021:09:57:46 -0500] "GET /sipse/faces/javax.faces.resource/primefaces.js?ln=primefaces&v=4.0 HTTP/1.1" 304 -
186.145.237.25 - - [07/Oct/2021:09:57:47 -0500] "GET /sipse/faces/javax.faces.resource/layout/layout.js?ln=primefaces&v=4.0 HTTP/1.1" 304 -
186.145.237.25 - - [07/Oct/2021:09:57:47 -0500] "GET /sipse/imagenes/cargando.gif HTTP/1.1" 200 20242
186.145.237.25 - - [07/Oct/2021:09:57:47 -0500] "GET /sipse/css/imagen/contrasena.png HTTP/1.1" 404 383
186.145.237.25 - - [07/Oct/2021:09:57:47 -0500] "GET /sipse/imagenes/logoAplicacion.jpg HTTP/1.1" 200 155084
186.145.237.25 - - [07/Oct/2021:09:57:47 -0500] "GET /sipse/faces/javax.faces.resource/messages/messages.png?ln=primefaces&v=4.0 HTTP/1.1" 200 27209
186.82.237.47 - - [07/Oct/2021:09:57:45 -0500] "POST /sipse/faces/bienvenido.xhtml HTTP/1.1" 200 62109
186.82.237.47 - - [07/Oct/2021:09:57:47 -0500] "GET /sipse/faces/javax.faces.resource/theme.css?ln=primefaces-sipse HTTP/1.1" 304 -
186.82.237.47 - - [07/Oct/2021:09:57:47 -0500] "GET /sipse/faces/javax.faces.resource/layout/layout.css?ln=primefaces&v=4.0 HTTP/1.1" 304 -
186.82.237.47 - - [07/Oct/2021:09:57:47 -0500] "GET /sipse/faces/javax.faces.resource/primefaces.css?ln=primefaces&v=4.0 HTTP/1.1" 304 -
186.82.237.47 - - [07/Oct/2021:09:57:47 -0500] "GET /sipse/css/imagen/contrasena.png HTTP/1.1" 404 383
186.82.237.47 - - [07/Oct/2021:09:57:48 -0500] "GET /sipse/faces/javax.faces.resource/jquery/jquery.js?ln=primefaces&v=4.0 HTTP/1.1" 304 -
186.82.237.47 - - [07/Oct/2021:09:57:48 -0500] "GET /sipse/faces/javax.faces.resource/jquery/jquery-plugins.js?ln=primefaces&v=4.0 HTTP/1.1" 304 -
186.82.237.47 - - [07/Oct/2021:09:57:48 -0500] "GET /sipse/faces/javax.faces.resource/primefaces.js?ln=primefaces&v=4.0 HTTP/1.1" 304 -
186.82.237.47 - - [07/Oct/2021:09:57:48 -0500] "GET /sipse/faces/javax.faces.resource/layout/layout.js?ln=primefaces&v=4.0 HTTP/1.1" 304 -
186.145.237.25 - - [07/Oct/2021:09:57:49 -0500] "GET /sipse/faces/javax.faces.resource/images/ui-bg_flat_0_2d5972_40x100.png?ln=primefaces-aristo HTTP/1.1" 200 183
186.145.237.25 - - [07/Oct/2021:09:57:49 -0500] "POST /sipse/faces/bienvenido.xhtml HTTP/1.1" 200 3255
189.217.192.6 - - [07/Oct/2021:09:57:50 -0500] "GET /galeria/galeria/jquery.fancybox.css?v=2.1.5 HTTP/1.1" 200 4895
189.217.192.6 - - [07/Oct/2021:09:57:50 -0500] "GET /galeria/galeria/jquery.fancybox.js?v=2.1.5 HTTP/1.1" 200 48706
189.217.192.6 - - [07/Oct/2021:09:57:50 -0500] "GET /BLA/boletinlegal/js/jquery.scrollShow.js HTTP/1.1" 200 4586
186.82.237.47 - - [07/Oct/2021:09:57:49 -0500] "POST /sipse/faces/presentacion/financiero/solicitudProceso/listarSolicitudProceso.xhtml HTTP/1.1" 200 1448
186.145.237.25 - - [07/Oct/2021:09:57:50 -0500] "POST /sipse/faces/bienvenido.xhtml HTTP/1.1" 200 34150
186.145.237.25 - - [07/Oct/2021:09:57:50 -0500] "GET /sipse/faces/javax.faces.resource/jquery/jquery.js?ln=primefaces&v=4.0 HTTP/1.1" 304 -
186.145.237.25 - - [07/Oct/2021:09:57:50 -0500] "GET /sipse/faces/javax.faces.resource/jquery/jquery-plugins.js?ln=primefaces&v=4.0 HTTP/1.1" 304 -
186.145.237.25 - - [07/Oct/2021:09:57:50 -0500] "GET /sipse/faces/javax.faces.resource/primefaces.js?ln=primefaces&v=4.0 HTTP/1.1" 304 -
186.145.237.25 - - [07/Oct/2021:09:57:50 -0500] "GET /sipse/faces/javax.faces.resource/layout/layout.js?ln=primefaces&v=4.0 HTTP/1.1" 304 -
186.145.237.25 - - [07/Oct/2021:09:57:51 -0500] "POST /sipse/faces/presentacion/financiero/solicitudProceso/listarSolicitudProceso.xhtml HTTP/1.1" 200 1348
186.82.237.47 - - [07/Oct/2021:09:57:52 -0500] "POST /sipse/faces/presentacion/financiero/solicitudProceso/listarSolicitudProceso.xhtml HTTP/1.1" 200 33931
178.63.20.95 - - [07/Oct/2021:09:57:52 -0500] "GET /BLA/resoluciones/AUTOS%202010/4392.pdf HTTP/1.1" 200 154717
186.82.237.47 - - [07/Oct/2021:09:57:54 -0500] "POST /sipse/faces/presentacion/financiero/solicitudProceso/listarSolicitudProceso.xhtml HTTP/1.1" 200 33931
186.82.237.47 - - [07/Oct/2021:09:57:56 -0500] "POST /sipse/faces/presentacion/financiero/solicitudProceso/listarSolicitudProceso.xhtml HTTP/1.1" 200 33882
186.145.237.25 - - [07/Oct/2021:09:57:57 -0500] "POST /sipse/faces/presentacion/financiero/solicitudProceso/listarSolicitudProceso.xhtml HTTP/1.1" 200 124702
186.145.237.25 - - [07/Oct/2021:09:57:58 -0500] "GET /sipse/faces/javax.faces.resource/jquery/jquery.js?ln=primefaces&v=4.0 HTTP/1.1" 304 -
186.145.237.25 - - [07/Oct/2021:09:57:58 -0500] "GET /sipse/faces/javax.faces.resource/jquery/jquery-plugins.js?ln=primefaces&v=4.0 HTTP/1.1" 304 -
186.82.237.47 - - [07/Oct/2021:09:57:58 -0500] "POST /sipse/faces/presentacion/financiero/solicitudProceso/listarSolicitudProceso.xhtml HTTP/1.1" 200 16541
186.145.237.25 - - [07/Oct/2021:09:57:58 -0500] "GET /sipse/faces/javax.faces.resource/primefaces.js?ln=primefaces&v=4.0 HTTP/1.1" 304 -
186.145.237.25 - - [07/Oct/2021:09:57:58 -0500] "GET /sipse/faces/javax.faces.resource/layout/layout.js?ln=primefaces&v=4.0 HTTP/1.1" 304 -
186.145.237.25 - - [07/Oct/2021:09:57:58 -0500] "GET /reportes_sipse/sdg/ServletReporte?reporte=solicitud_cdp&Solicitud=15041&pfdrid_c=false HTTP/1.1" 200 131028
186.82.237.47 - - [07/Oct/2021:09:58:00 -0500] "POST /sipse/faces/presentacion/financiero/solicitudProceso/listarSolicitudProceso.xhtml HTTP/1.1" 200 10860
178.63.20.95 - - [07/Oct/2021:09:58:00 -0500] "GET /BLA/resoluciones/AUTOS%202010/6566.pdf HTTP/1.1" 200 141113
186.82.237.47 - - [07/Oct/2021:09:58:01 -0500] "POST /sipse/faces/presentacion/financiero/solicitudProceso/listarSolicitudProceso.xhtml HTTP/1.1" 200 8092
181.61.7.90 - - [07/Oct/2021:09:58:04 -0500] "POST /sipse/faces/presentacion/financiero/solicitudProceso/consultarSolicitudProceso.xhtml HTTP/1.1" 200 59439
181.61.7.90 - - [07/Oct/2021:09:58:06 -0500] "GET /sipse/faces/javax.faces.resource/jquery/jquery.js?ln=primefaces&v=4.0 HTTP/1.1" 304 -
181.61.7.90 - - [07/Oct/2021:09:58:06 -0500] "GET /sipse/faces/javax.faces.resource/jquery/jquery-plugins.js?ln=primefaces&v=4.0 HTTP/1.1" 304 -
181.61.7.90 - - [07/Oct/2021:09:58:06 -0500] "GET /sipse/faces/javax.faces.resource/primefaces.js?ln=primefaces&v=4.0 HTTP/1.1" 304 -
181.61.7.90 - - [07/Oct/2021:09:58:06 -0500] "GET /sipse/faces/javax.faces.resource/layout/layout.js?ln=primefaces&v=4.0 HTTP/1.1" 304 -
181.61.7.90 - - [07/Oct/2021:09:58:06 -0500] "POST /sipse/faces/presentacion/financiero/solicitudProceso/listarSolicitudProceso.xhtml HTTP/1.1" 200 1448
186.82.237.47 - - [07/Oct/2021:09:58:06 -0500] "POST /sipse/faces/presentacion/financiero/solicitudProceso/listarSolicitudProceso.xhtml HTTP/1.1" 200 149338
186.82.237.47 - - [07/Oct/2021:09:58:07 -0500] "GET /sipse/faces/javax.faces.resource/theme.css?ln=primefaces-sipse HTTP/1.1" 304 -
186.82.237.47 - - [07/Oct/2021:09:58:07 -0500] "GET /sipse/faces/javax.faces.resource/primefaces.css?ln=primefaces&v=4.0 HTTP/1.1" 304 -
186.82.237.47 - - [07/Oct/2021:09:58:07 -0500] "GET /sipse/faces/javax.faces.resource/layout/layout.css?ln=primefaces&v=4.0 HTTP/1.1" 304 -
186.82.237.47 - - [07/Oct/2021:09:58:07 -0500] "GET /sipse/faces/javax.faces.resource/jquery/jquery.js?ln=primefaces&v=4.0 HTTP/1.1" 304 -
186.82.237.47 - - [07/Oct/2021:09:58:08 -0500] "GET /sipse/faces/javax.faces.resource/jquery/jquery-plugins.js?ln=primefaces&v=4.0 HTTP/1.1" 304 -
186.82.237.47 - - [07/Oct/2021:09:58:08 -0500] "GET /sipse/faces/javax.faces.resource/primefaces.js?ln=primefaces&v=4.0 HTTP/1.1" 304 -
186.82.237.47 - - [07/Oct/2021:09:58:08 -0500] "GET /sipse/faces/javax.faces.resource/layout/layout.js?ln=primefaces&v=4.0 HTTP/1.1" 304 -
186.82.237.47 - - [07/Oct/2021:09:58:09 -0500] "GET /sipse/css/imagen/contrasena.png HTTP/1.1" 404 383
178.63.20.95 - - [07/Oct/2021:09:58:09 -0500] "GET /BLA/resoluciones/AUTOS%202010/6910.pdf HTTP/1.1" 200 421198
186.82.237.47 - - [07/Oct/2021:09:58:10 -0500] "GET /reportes_sipse/sdg/ServletReporte?reporte=solicitud_cdp&Solicitud=15041&pfdrid_c=false HTTP/1.1" 200 131028
186.154.47.253 - - [07/Oct/2021:09:58:13 -0500] "GET /galeria/galeria/jquery.fancybox.css?v=2.1.5 HTTP/1.1" 200 4895
186.154.47.253 - - [07/Oct/2021:09:58:13 -0500] "GET /BLA/boletinlegal/js/jquery.scrollShow.js HTTP/1.1" 200 4586
186.154.47.253 - - [07/Oct/2021:09:58:13 -0500] "GET /galeria/galeria/jquery.fancybox.js?v=2.1.5 HTTP/1.1" 200 48706
178.63.20.95 - - [07/Oct/2021:09:58:18 -0500] "GET /BLA/resoluciones/AUTOS%202010/0860.pdf HTTP/1.1" 200 263501
190.157.218.79 - - [07/Oct/2021:09:58:18 -0500] "GET /reportes_sipse/sdg/ServletReporte?reporte=solicitud_cdp&Solicitud=15318&pfdrid_c=false HTTP/1.1" 200 120247
186.145.237.25 - - [07/Oct/2021:09:58:20 -0500] "POST /sipse/faces/presentacion/financiero/solicitudProceso/consultarSolicitudProceso.xhtml HTTP/1.1" 200 31817
186.145.237.25 - - [07/Oct/2021:09:58:23 -0500] "GET /sipse/faces/javax.faces.resource/jquery/jquery.js?ln=primefaces&v=4.0 HTTP/1.1" 304 -
186.145.237.25 - - [07/Oct/2021:09:58:23 -0500] "GET /sipse/faces/javax.faces.resource/jquery/jquery-plugins.js?ln=primefaces&v=4.0 HTTP/1.1" 304 -
186.145.237.25 - - [07/Oct/2021:09:58:23 -0500] "GET /sipse/faces/javax.faces.resource/primefaces.js?ln=primefaces&v=4.0 HTTP/1.1" 304 -
186.145.237.25 - - [07/Oct/2021:09:58:23 -0500] "GET /sipse/faces/javax.faces.resource/layout/layout.js?ln=primefaces&v=4.0 HTTP/1.1" 304 -
186.145.237.25 - - [07/Oct/2021:09:58:23 -0500] "POST /sipse/faces/presentacion/financiero/solicitudProceso/listarSolicitudProceso.xhtml HTTP/1.1" 200 1328
178.63.20.95 - - [07/Oct/2021:09:58:27 -0500] "GET /BLA/resoluciones/AUTOS%202010/4957.pdf HTTP/1.1" 200 243500
181.61.7.90 - - [07/Oct/2021:09:58:31 -0500] "POST /sipse/faces/presentacion/financiero/solicitudProceso/listarSolicitudProceso.xhtml HTTP/1.1" 200 7438
178.63.20.95 - - [07/Oct/2021:09:58:36 -0500] "GET /BLA/resoluciones/AUTOS%202010/5660.pdf HTTP/1.1" 200 254255
186.84.89.90 - - [07/Oct/2021:09:58:39 -0500] "GET /galeria/galeria/jquery.fancybox.js?v=2.1.5 HTTP/1.1" 200 48706
186.84.89.90 - - [07/Oct/2021:09:58:39 -0500] "GET /galeria/galeria/jquery.fancybox.css?v=2.1.5 HTTP/1.1" 200 4895
186.84.89.90 - - [07/Oct/2021:09:58:39 -0500] "GET /BLA/boletinlegal/js/jquery.scrollShow.js HTTP/1.1" 200 4586
181.61.7.90 - - [07/Oct/2021:09:58:40 -0500] "POST /sipse/faces/presentacion/financiero/solicitudProceso/listarSolicitudProceso.xhtml HTTP/1.1" 200 112646
181.61.7.90 - - [07/Oct/2021:09:58:41 -0500] "GET /sipse/faces/javax.faces.resource/jquery/jquery.js?ln=primefaces&v=4.0 HTTP/1.1" 304 -
181.61.7.90 - - [07/Oct/2021:09:58:41 -0500] "GET /sipse/faces/javax.faces.resource/jquery/jquery-plugins.js?ln=primefaces&v=4.0 HTTP/1.1" 304 -
181.61.7.90 - - [07/Oct/2021:09:58:41 -0500] "GET /sipse/faces/javax.faces.resource/primefaces.js?ln=primefaces&v=4.0 HTTP/1.1" 304 -
181.61.7.90 - - [07/Oct/2021:09:58:41 -0500] "GET /sipse/faces/javax.faces.resource/layout/layout.js?ln=primefaces&v=4.0 HTTP/1.1" 304 -
181.61.7.90 - - [07/Oct/2021:09:58:41 -0500] "GET /reportes_sipse/sdg/ServletReporte?reporte=solicitud_cdp&Solicitud=15318&pfdrid_c=false HTTP/1.1" 200 120247
181.55.204.71 - - [07/Oct/2021:09:58:43 -0500] "GET /galeria/galeria/jquery.fancybox.css?v=2.1.5 HTTP/1.1" 200 4895
181.55.204.71 - - [07/Oct/2021:09:58:43 -0500] "GET /BLA/boletinlegal/js/jquery.scrollShow.js HTTP/1.1" 200 4586
181.55.204.71 - - [07/Oct/2021:09:58:43 -0500] "GET /galeria/galeria/jquery.fancybox.js?v=2.1.5 HTTP/1.1" 200 48706
178.63.20.95 - - [07/Oct/2021:09:58:44 -0500] "GET /BLA/resoluciones/AUTOS%202010/6397.pdf HTTP/1.1" 200 169163
201.245.192.253 - - [07/Oct/2021:09:58:47 -0500] "GET /catalogoisis/ HTTP/1.1" 200 8575
190.146.176.68 - - [07/Oct/2021:09:58:48 -0500] "GET /galeria/galeria/jquery.fancybox.css?v=2.1.5 HTTP/1.1" 200 4895
190.146.176.68 - - [07/Oct/2021:09:58:48 -0500] "GET /BLA/boletinlegal/js/jquery.scrollShow.js HTTP/1.1" 200 4586
190.146.176.68 - - [07/Oct/2021:09:58:48 -0500] "GET /galeria/galeria/jquery.fancybox.js?v=2.1.5 HTTP/1.1" 200 48706
181.61.7.90 - - [07/Oct/2021:09:58:48 -0500] "POST /sipse/faces/presentacion/financiero/solicitudProceso/consultarSolicitudProceso.xhtml HTTP/1.1" 200 425379
201.245.192.253 - - [07/Oct/2021:09:58:49 -0500] "GET /sipse/faces/faces/index.xhtml HTTP/1.1" 200 677
201.245.192.253 - - [07/Oct/2021:09:58:49 -0500] "GET /sipse/faces/javax.faces.resource/theme.css?ln=primefaces-sipse HTTP/1.1" 304 -
201.245.192.253 - - [07/Oct/2021:09:58:49 -0500] "GET /sipse/faces/faces/faces/autenticacion.xhtml HTTP/1.1" 200 12188
201.245.192.253 - - [07/Oct/2021:09:58:49 -0500] "GET /sipse/faces/javax.faces.resource/theme.css?ln=primefaces-sipse HTTP/1.1" 304 -
201.245.192.253 - - [07/Oct/2021:09:58:49 -0500] "GET /sipse/faces/javax.faces.resource/primefaces.css?ln=primefaces&v=4.0 HTTP/1.1" 304 -
201.245.192.253 - - [07/Oct/2021:09:58:49 -0500] "GET /sipse/faces/javax.faces.resource/jquery/jquery.js?ln=primefaces&v=4.0 HTTP/1.1" 304 -
201.245.192.253 - - [07/Oct/2021:09:58:49 -0500] "GET /sipse/faces/javax.faces.resource/primefaces.js?ln=primefaces&v=4.0 HTTP/1.1" 304 -
201.245.192.253 - - [07/Oct/2021:09:58:49 -0500] "GET /sipse/faces/javax.faces.resource/jquery/jquery-plugins.js?ln=primefaces&v=4.0 HTTP/1.1" 304 -
201.245.192.253 - - [07/Oct/2021:09:58:49 -0500] "GET /sipse/faces/javax.faces.resource/layout/layout.js?ln=primefaces&v=4.0 HTTP/1.1" 304 -
201.245.192.253 - - [07/Oct/2021:09:58:49 -0500] "GET /sipse/faces/javax.faces.resource/layout/layout.css?ln=primefaces&v=4.0 HTTP/1.1" 304 -
201.245.192.253 - - [07/Oct/2021:09:58:50 -0500] "GET /sipse/faces/javax.faces.resource/images/ui-icons_898989_256x240.png?ln=primefaces-aristo HTTP/1.1" 304 -
161.10.109.165 - - [07/Oct/2021:09:58:51 -0500] "GET /galeria/galeria/jquery.fancybox.css?v=2.1.5 HTTP/1.1" 200 4895
161.10.109.165 - - [07/Oct/2021:09:58:51 -0500] "GET /BLA/boletinlegal/js/jquery.scrollShow.js HTTP/1.1" 200 4586
161.10.109.165 - - [07/Oct/2021:09:58:51 -0500] "GET /galeria/galeria/jquery.fancybox.js?v=2.1.5 HTTP/1.1" 200 48706
201.245.192.253 - - [07/Oct/2021:09:58:53 -0500] "POST /sipse/faces/autenticacion.xhtml HTTP/1.1" 200 2228
201.245.192.253 - - [07/Oct/2021:09:58:53 -0500] "GET /sipse/faces/javax.faces.resource/messages/messages.png?ln=primefaces&v=4.0 HTTP/1.1" 304 -
178.63.20.95 - - [07/Oct/2021:09:58:54 -0500] "GET /BLA/resoluciones/AUTOS%202010/0778.pdf HTTP/1.1" 200 193135
201.245.192.253 - - [07/Oct/2021:09:58:54 -0500] "POST /sipse/faces/autenticacion.xhtml HTTP/1.1" 200 16055
201.245.192.253 - - [07/Oct/2021:09:58:54 -0500] "GET /sipse/faces/javax.faces.resource/theme.css?ln=primefaces-sipse HTTP/1.1" 304 -
201.245.192.253 - - [07/Oct/2021:09:58:54 -0500] "GET /sipse/faces/javax.faces.resource/primefaces.css?ln=primefaces&v=4.0 HTTP/1.1" 304 -
201.245.192.253 - - [07/Oct/2021:09:58:54 -0500] "GET /sipse/faces/javax.faces.resource/layout/layout.css?ln=primefaces&v=4.0 HTTP/1.1" 304 -
201.245.192.253 - - [07/Oct/2021:09:58:54 -0500] "GET /sipse/faces/javax.faces.resource/jquery/jquery.js?ln=primefaces&v=4.0 HTTP/1.1" 304 -
181.62.53.13 - - [07/Oct/2021:09:58:54 -0500] "GET /galeria/galeria/jquery.fancybox.css?v=2.1.5 HTTP/1.1" 200 4895
201.245.192.253 - - [07/Oct/2021:09:58:54 -0500] "GET /sipse/faces/javax.faces.resource/jquery/jquery-plugins.js?ln=primefaces&v=4.0 HTTP/1.1" 304 -
201.245.192.253 - - [07/Oct/2021:09:58:54 -0500] "GET /sipse/faces/javax.faces.resource/primefaces.js?ln=primefaces&v=4.0 HTTP/1.1" 304 -
181.62.53.13 - - [07/Oct/2021:09:58:54 -0500] "GET /BLA/boletinlegal/js/jquery.scrollShow.js HTTP/1.1" 200 4586
181.62.53.13 - - [07/Oct/2021:09:58:54 -0500] "GET /galeria/galeria/jquery.fancybox.js?v=2.1.5 HTTP/1.1" 200 48706
201.245.192.253 - - [07/Oct/2021:09:58:54 -0500] "GET /sipse/faces/javax.faces.resource/layout/layout.js?ln=primefaces&v=4.0 HTTP/1.1" 304 -
201.245.192.253 - - [07/Oct/2021:09:58:55 -0500] "GET /sipse/css/imagen/contrasena.png HTTP/1.1" 404 383
201.245.192.253 - - [07/Oct/2021:09:58:56 -0500] "GET /sipse/faces/javax.faces.resource/images/ui-bg_flat_0_2d5972_40x100.png?ln=primefaces-aristo HTTP/1.1" 304 -
201.245.192.253 - - [07/Oct/2021:09:58:56 -0500] "POST /sipse/faces/bienvenido.xhtml HTTP/1.1" 200 2073
201.245.192.253 - - [07/Oct/2021:09:58:57 -0500] "POST /sipse/faces/bienvenido.xhtml HTTP/1.1" 200 38753
201.245.192.253 - - [07/Oct/2021:09:58:57 -0500] "GET /sipse/faces/javax.faces.resource/layout/layout.css?ln=primefaces&v=4.0 HTTP/1.1" 304 -
201.245.192.253 - - [07/Oct/2021:09:58:57 -0500] "GET /sipse/faces/javax.faces.resource/primefaces.css?ln=primefaces&v=4.0 HTTP/1.1" 304 -
201.245.192.253 - - [07/Oct/2021:09:58:57 -0500] "GET /sipse/faces/javax.faces.resource/theme.css?ln=primefaces-sipse HTTP/1.1" 304 -
201.245.192.253 - - [07/Oct/2021:09:58:57 -0500] "GET /sipse/faces/javax.faces.resource/jquery/jquery.js?ln=primefaces&v=4.0 HTTP/1.1" 304 -
201.245.192.253 - - [07/Oct/2021:09:58:57 -0500] "GET /sipse/faces/javax.faces.resource/jquery/jquery-plugins.js?ln=primefaces&v=4.0 HTTP/1.1" 304 -
201.245.192.253 - - [07/Oct/2021:09:58:57 -0500] "GET /sipse/faces/javax.faces.resource/primefaces.js?ln=primefaces&v=4.0 HTTP/1.1" 304 -
201.245.192.253 - - [07/Oct/2021:09:58:57 -0500] "GET /sipse/faces/javax.faces.resource/layout/layout.js?ln=primefaces&v=4.0 HTTP/1.1" 304 -
201.245.192.253 - - [07/Oct/2021:09:59:02 -0500] "POST /sipse/faces/presentacion/financiero/solicitudProceso/consultar.xhtml HTTP/1.1" 200 13088
178.63.20.95 - - [07/Oct/2021:09:59:03 -0500] "GET /BLA/resoluciones/AUTOS%202010/1468.pdf HTTP/1.1" 200 257227
181.61.7.90 - - [07/Oct/2021:09:59:05 -0500] "POST /sipse/faces/presentacion/financiero/solicitudProceso/consultarSolicitudProceso.xhtml HTTP/1.1" 200 151291
201.245.192.253 - - [07/Oct/2021:09:59:10 -0500] "POST /sipse/faces/presentacion/financiero/solicitudProceso/consultar.xhtml HTTP/1.1" 200 153469
201.245.192.253 - - [07/Oct/2021:09:59:11 -0500] "GET /sipse/faces/javax.faces.resource/theme.css?ln=primefaces-sipse HTTP/1.1" 304 -
201.245.192.253 - - [07/Oct/2021:09:59:11 -0500] "GET /sipse/faces/javax.faces.resource/primefaces.css?ln=primefaces&v=4.0 HTTP/1.1" 304 -
201.245.192.253 - - [07/Oct/2021:09:59:11 -0500] "GET /sipse/faces/javax.faces.resource/layout/layout.css?ln=primefaces&v=4.0 HTTP/1.1" 304 -
201.245.192.253 - - [07/Oct/2021:09:59:11 -0500] "GET /sipse/faces/javax.faces.resource/jquery/jquery.js?ln=primefaces&v=4.0 HTTP/1.1" 304 -
201.245.192.253 - - [07/Oct/2021:09:59:11 -0500] "GET /sipse/faces/javax.faces.resource/jquery/jquery-plugins.js?ln=primefaces&v=4.0 HTTP/1.1" 304 -
201.245.192.253 - - [07/Oct/2021:09:59:11 -0500] "GET /sipse/faces/javax.faces.resource/primefaces.js?ln=primefaces&v=4.0 HTTP/1.1" 304 -
201.245.192.253 - - [07/Oct/2021:09:59:11 -0500] "GET /sipse/faces/javax.faces.resource/layout/layout.js?ln=primefaces&v=4.0 HTTP/1.1" 304 -
178.63.20.95 - - [07/Oct/2021:09:59:12 -0500] "GET /BLA/resoluciones/AUTOS%202010/0165.pdf HTTP/1.1" 200 282821
201.245.192.253 - - [07/Oct/2021:09:59:12 -0500] "GET /reportes_sipse/sdg/ServletReporte?reporte=solicitud_cdp&Solicitud=15318&pfdrid_c=false HTTP/1.1" 200 120247
201.245.192.253 - - [07/Oct/2021:09:59:13 -0500] "POST /sipse/faces/presentacion/financiero/solicitudProceso/consultarSolicitudProceso.xhtml HTTP/1.1" 200 249715
181.61.51.125 - - [07/Oct/2021:09:59:19 -0500] "GET /galeria/galeria/jquery.fancybox.js?v=2.1.5 HTTP/1.1" 200 48706
181.61.51.125 - - [07/Oct/2021:09:59:19 -0500] "GET /BLA/boletinlegal/js/jquery.scrollShow.js HTTP/1.1" 200 4586
181.61.51.125 - - [07/Oct/2021:09:59:19 -0500] "GET /galeria/galeria/jquery.fancybox.css?v=2.1.5 HTTP/1.1" 200 4895
181.61.51.125 - - [07/Oct/2021:09:59:19 -0500] "GET /autoliquidacion2020 HTTP/1.1" 301 250
181.61.51.125 - - [07/Oct/2021:09:59:19 -0500] "GET /autoliquidacion2020/ HTTP/1.1" 200 6146
181.61.51.125 - - [07/Oct/2021:09:59:20 -0500] "GET /autoliquidacion2020/dlf/styles.css HTTP/1.1" 200 3045
181.61.51.125 - - [07/Oct/2021:09:59:20 -0500] "GET /autoliquidacion2020/dlf/folder.png HTTP/1.1" 200 410
181.61.51.125 - - [07/Oct/2021:09:59:20 -0500] "GET /autoliquidacion2020/dlf/bg.gif HTTP/1.1" 200 54
178.63.20.95 - - [07/Oct/2021:09:59:22 -0500] "GET /BLA/resoluciones/AUTOS%202010/1669.pdf HTTP/1.1" 200 3421974
178.63.20.95 - - [07/Oct/2021:09:59:27 -0500] "GET /BLA/resoluciones/AUTOS%202010/5284.pdf HTTP/1.1" 200 186357
178.63.20.95 - - [07/Oct/2021:09:59:36 -0500] "GET /BLA/resoluciones/AUTOS%202010/5455.pdf HTTP/1.1" 200 1591998
178.63.20.95 - - [07/Oct/2021:09:59:41 -0500] "GET /BLA/resoluciones/AUTOS%202010/5516.pdf HTTP/1.1" 200 237677
35.202.2.1 - - [07/Oct/2021:09:59:41 -0500] "-" 408 -
201.245.192.253 - - [07/Oct/2021:09:59:48 -0500] "GET /catalogoisis/ HTTP/1.1" 200 8575
178.63.20.95 - - [07/Oct/2021:09:59:50 -0500] "GET /BLA/resoluciones/AUTOS%202010/3472.pdf HTTP/1.1" 200 473940
165.225.222.85 - - [07/Oct/2021:09:59:52 -0500] "GET /BLA/boletinlegal/js/jquery.scrollShow.js HTTP/1.1" 200 4586
165.225.222.85 - - [07/Oct/2021:09:59:52 -0500] "GET /galeria/galeria/jquery.fancybox.css?v=2.1.5 HTTP/1.1" 200 4895
165.225.222.85 - - [07/Oct/2021:09:59:52 -0500] "GET /galeria/galeria/jquery.fancybox.js?v=2.1.5 HTTP/1.1" 200 48706
190.131.231.248 - - [07/Oct/2021:09:59:53 -0500] "GET /BLA/boletinlegal/js/jquery.scrollShow.js HTTP/1.1" 200 4586
190.131.231.248 - - [07/Oct/2021:09:59:53 -0500] "GET /galeria/galeria/jquery.fancybox.css?v=2.1.5 HTTP/1.1" 200 4895
190.131.231.248 - - [07/Oct/2021:09:59:53 -0500] "GET /galeria/galeria/jquery.fancybox.js?v=2.1.5 HTTP/1.1" 200 48706
216.245.221.92 - - [07/Oct/2021:09:59:53 -0500] "HEAD / HTTP/1.1" 200 -
165.225.222.85 - - [07/Oct/2021:09:59:53 -0500] "GET /galeria/carrusel/Carrusel/jquery.thumbnailScroller.css HTTP/1.1" 200 2066
201.245.192.253 - - [07/Oct/2021:09:59:51 -0500] "POST /sipse/faces/presentacion/financiero/solicitudProceso/consultarSolicitudProceso.xhtml HTTP/1.1" 200 29428
201.245.192.253 - - [07/Oct/2021:09:59:53 -0500] "GET /sipse/faces/javax.faces.resource/primefaces.css?ln=primefaces&v=4.0 HTTP/1.1" 304 -
201.245.192.253 - - [07/Oct/2021:09:59:53 -0500] "GET /sipse/faces/javax.faces.resource/theme.css?ln=primefaces-sipse HTTP/1.1" 304 -
201.245.192.253 - - [07/Oct/2021:09:59:53 -0500] "GET /sipse/faces/javax.faces.resource/layout/layout.css?ln=primefaces&v=4.0 HTTP/1.1" 304 -
201.245.192.253 - - [07/Oct/2021:09:59:53 -0500] "GET /sipse/faces/javax.faces.resource/jquery/jquery.js?ln=primefaces&v=4.0 HTTP/1.1" 304 -
201.245.192.253 - - [07/Oct/2021:09:59:53 -0500] "GET /sipse/faces/javax.faces.resource/jquery/jquery-plugins.js?ln=primefaces&v=4.0 HTTP/1.1" 304 -
165.225.222.85 - - [07/Oct/2021:09:59:53 -0500] "GET /galeria/carrusel/Carrusel/jquery-ui-1.8.13.custom.min.js HTTP/1.1" 200 10800
201.245.192.253 - - [07/Oct/2021:09:59:53 -0500] "GET /sipse/css/imagen/contrasena.png HTTP/1.1" 404 383
165.225.222.85 - - [07/Oct/2021:09:59:53 -0500] "GET /galeria/carrusel/Carrusel/jquery.thumbnailScroller.js HTTP/1.1" 200 8157
201.245.192.253 - - [07/Oct/2021:09:59:53 -0500] "GET /sipse/faces/javax.faces.resource/primefaces.js?ln=primefaces&v=4.0 HTTP/1.1" 304 -
201.245.192.253 - - [07/Oct/2021:09:59:53 -0500] "GET /sipse/faces/javax.faces.resource/layout/layout.js?ln=primefaces&v=4.0 HTTP/1.1" 304 -
201.245.192.253 - - [07/Oct/2021:09:59:54 -0500] "POST /sipse/faces/presentacion/financiero/solicitudProceso/listarSolicitudProceso.xhtml HTTP/1.1" 200 1328
165.225.222.85 - - [07/Oct/2021:09:59:54 -0500] "GET /galeria/nivo-slider/demo/banner.html HTTP/1.1" 200 5446
165.225.222.85 - - [07/Oct/2021:09:59:54 -0500] "GET /galeria/nivo-slider/themes/default/default.css HTTP/1.1" 200 1569
165.225.222.85 - - [07/Oct/2021:09:59:54 -0500] "GET /galeria/nivo-slider/themes/pascal/pascal.css HTTP/1.1" 200 2258
165.225.222.85 - - [07/Oct/2021:09:59:54 -0500] "GET /galeria/nivo-slider/themes/orman/orman.css HTTP/1.1" 200 2152
165.225.222.85 - - [07/Oct/2021:09:59:54 -0500] "GET /galeria/nivo-slider/nivo-slider.css HTTP/1.1" 200 1507
165.225.222.85 - - [07/Oct/2021:09:59:54 -0500] "GET /galeria/nivo-slider/demo/style.css HTTP/1.1" 200 2222
165.225.222.85 - - [07/Oct/2021:09:59:54 -0500] "GET /galeria/nivo-slider/demo/scripts/jquery-1.7.1.min.js HTTP/1.1" 200 93868
165.225.222.85 - - [07/Oct/2021:09:59:54 -0500] "GET /galeria/nivo-slider/demo/images/Bannersedeelectronica.jpg HTTP/1.1" 200 40383
165.225.222.85 - - [07/Oct/2021:09:59:54 -0500] "GET /galeria/nivo-slider/demo/images/banneraire2021.jpg HTTP/1.1" 200 265101
165.225.222.85 - - [07/Oct/2021:09:59:54 -0500] "GET /galeria/nivo-slider/demo/images/banneraccionpopularcrr68.jpg HTTP/1.1" 200 51887
165.225.222.85 - - [07/Oct/2021:09:59:54 -0500] "GET /galeria/nivo-slider/demo/images/Bannermujeresquereverdecen.jpg HTTP/1.1" 200 46558
165.225.222.85 - - [07/Oct/2021:09:59:55 -0500] "GET /galeria/nivo-slider/demo/images/Bannervirtualescanales.jpg HTTP/1.1" 200 174544
165.225.222.85 - - [07/Oct/2021:09:59:55 -0500] "GET /galeria/nivo-slider/demo/images/Bannerenvases.jpg HTTP/1.1" 200 37316
165.225.222.85 - - [07/Oct/2021:09:59:55 -0500] "GET /galeria/nivo-slider/demo/images/bannertrafico_optimized.jpg HTTP/1.1" 200 42578
165.225.222.85 - - [07/Oct/2021:09:59:55 -0500] "GET /galeria/nivo-slider/demo/images/Bannerplasticosseptiembre.jpg HTTP/1.1" 200 45633
165.225.222.85 - - [07/Oct/2021:09:59:55 -0500] "GET /galeria/nivo-slider/demo/images/bannerclases2021.jpg HTTP/1.1" 200 68230
165.225.222.85 - - [07/Oct/2021:09:59:55 -0500] "GET /galeria/nivo-slider/demo/images/bannercapacitacionesbogota.jpg HTTP/1.1" 200 42416
165.225.222.85 - - [07/Oct/2021:09:59:55 -0500] "GET /galeria/nivo-slider/demo/images/banneraccionpopular.jpeg HTTP/1.1" 200 41707
165.225.222.85 - - [07/Oct/2021:09:59:55 -0500] "GET /galeria/nivo-slider/demo/images/bannerrutaesperanza.jpg HTTP/1.1" 200 55560
165.225.222.85 - - [07/Oct/2021:09:59:55 -0500] "GET /galeria/nivo-slider/demo/images/bannerresiduoshospitalariosagosto.jpg HTTP/1.1" 200 36499
165.225.222.85 - - [07/Oct/2021:09:59:55 -0500] "GET /galeria/nivo-slider/demo/images/bannertortuga_optimized.jpg HTTP/1.1" 200 39066
165.225.222.85 - - [07/Oct/2021:09:59:55 -0500] "GET /galeria/nivo-slider/jquery.nivo.slider.pack.js HTTP/1.1" 200 11561
165.225.222.85 - - [07/Oct/2021:09:59:56 -0500] "GET /galeria/nivo-slider/demo/images/4Simple_Slider.png HTTP/1.1" 200 11722
165.225.222.85 - - [07/Oct/2021:09:59:56 -0500] "GET /galeria/nivo-slider/themes/default/loading.gif HTTP/1.1" 200 1737
165.225.222.85 - - [07/Oct/2021:09:59:56 -0500] "GET /galeria/nivo-slider/themes/default/arrows.png HTTP/1.1" 200 824
165.225.222.85 - - [07/Oct/2021:09:59:56 -0500] "GET /galeria/nivo-slider/themes/default/bullets.png HTTP/1.1" 200 1281
178.63.20.95 - - [07/Oct/2021:10:00:00 -0500] "GET /BLA/resoluciones/AUTOS%202010/0538.pdf HTTP/1.1" 200 215289
181.61.7.90 - - [07/Oct/2021:09:59:57 -0500] "POST /sipse/faces/presentacion/financiero/solicitudProceso/consultarSolicitudProceso.xhtml HTTP/1.1" 200 30009
181.61.7.90 - - [07/Oct/2021:10:00:00 -0500] "GET /sipse/faces/javax.faces.resource/jquery/jquery.js?ln=primefaces&v=4.0 HTTP/1.1" 304 -
181.61.7.90 - - [07/Oct/2021:10:00:00 -0500] "GET /sipse/faces/javax.faces.resource/jquery/jquery-plugins.js?ln=primefaces&v=4.0 HTTP/1.1" 304 -
181.61.7.90 - - [07/Oct/2021:10:00:00 -0500] "GET /sipse/faces/javax.faces.resource/primefaces.js?ln=primefaces&v=4.0 HTTP/1.1" 304 -
181.61.7.90 - - [07/Oct/2021:10:00:00 -0500] "GET /sipse/faces/javax.faces.resource/layout/layout.js?ln=primefaces&v=4.0 HTTP/1.1" 304 -
181.61.7.90 - - [07/Oct/2021:10:00:03 -0500] "POST /sipse/faces/presentacion/financiero/solicitudProceso/asignarContratacion.xhtml HTTP/1.1" 200 3490
178.63.20.95 - - [07/Oct/2021:10:00:08 -0500] "GET /BLA/resoluciones/AUTOS%202010/0375.pdf HTTP/1.1" 200 902664
201.245.192.253 - - [07/Oct/2021:10:00:10 -0500] "POST /sipse/faces/presentacion/financiero/solicitudProceso/consultarSolicitudProceso.xhtml HTTP/1.1" 200 154785
181.61.7.90 - - [07/Oct/2021:10:00:05 -0500] "POST /sipse/faces/presentacion/financiero/solicitudProceso/asignarContratacion.xhtml HTTP/1.1" 200 59495
181.61.7.90 - - [07/Oct/2021:10:00:11 -0500] "GET /sipse/faces/javax.faces.resource/jquery/jquery.js?ln=primefaces&v=4.0 HTTP/1.1" 304 -
181.61.7.90 - - [07/Oct/2021:10:00:11 -0500] "GET /sipse/faces/javax.faces.resource/jquery/jquery-plugins.js?ln=primefaces&v=4.0 HTTP/1.1" 304 -
181.61.7.90 - - [07/Oct/2021:10:00:11 -0500] "GET /sipse/faces/javax.faces.resource/primefaces.js?ln=primefaces&v=4.0 HTTP/1.1" 304 -
181.61.7.90 - - [07/Oct/2021:10:00:11 -0500] "GET /sipse/faces/javax.faces.resource/layout/layout.js?ln=primefaces&v=4.0 HTTP/1.1" 304 -
181.61.7.90 - - [07/Oct/2021:10:00:11 -0500] "POST /sipse/faces/presentacion/financiero/solicitudProceso/listarSolicitudProceso.xhtml HTTP/1.1" 200 1448
181.140.232.69 - - [07/Oct/2021:10:00:13 -0500] "GET /galeria/galeria/jquery.fancybox.css?v=2.1.5 HTTP/1.1" 200 4895
181.140.232.69 - - [07/Oct/2021:10:00:13 -0500] "GET /BLA/boletinlegal/js/jquery.scrollShow.js HTTP/1.1" 200 4586
181.140.232.69 - - [07/Oct/2021:10:00:13 -0500] "GET /galeria/galeria/jquery.fancybox.js?v=2.1.5 HTTP/1.1" 200 48706
181.61.7.90 - - [07/Oct/2021:10:00:13 -0500] "POST /sipse/faces/presentacion/financiero/solicitudProceso/listarSolicitudProceso.xhtml HTTP/1.1" 200 4473
178.63.20.95 - - [07/Oct/2021:10:00:21 -0500] "GET /BLA/resoluciones/AUTOS%202010/5659.pdf HTTP/1.1" 200 498714
181.61.7.90 - - [07/Oct/2021:10:00:29 -0500] "POST /sipse/faces/presentacion/financiero/solicitudProceso/listarSolicitudProceso.xhtml HTTP/1.1" 200 114105
181.61.7.90 - - [07/Oct/2021:10:00:30 -0500] "GET /sipse/faces/javax.faces.resource/jquery/jquery.js?ln=primefaces&v=4.0 HTTP/1.1" 304 -
181.61.7.90 - - [07/Oct/2021:10:00:30 -0500] "GET /sipse/faces/javax.faces.resource/jquery/jquery-plugins.js?ln=primefaces&v=4.0 HTTP/1.1" 304 -
181.61.7.90 - - [07/Oct/2021:10:00:30 -0500] "GET /sipse/faces/javax.faces.resource/primefaces.js?ln=primefaces&v=4.0 HTTP/1.1" 304 -
181.61.7.90 - - [07/Oct/2021:10:00:30 -0500] "GET /sipse/faces/javax.faces.resource/layout/layout.js?ln=primefaces&v=4.0 HTTP/1.1" 304 -
178.63.20.95 - - [07/Oct/2021:10:00:30 -0500] "GET /BLA/resoluciones/AUTOS%202010/5125.pdf HTTP/1.1" 200 216244
181.61.7.90 - - [07/Oct/2021:10:00:30 -0500] "GET /reportes_sipse/sdg/ServletReporte?reporte=solicitud_cdp&Solicitud=15318&pfdrid_c=false HTTP/1.1" 200 120247
178.63.20.95 - - [07/Oct/2021:10:00:40 -0500] "GET /BLA/resoluciones/AUTOS%202010/0376.pdf HTTP/1.1" 200 180667
191.156.61.255 - - [07/Oct/2021:10:00:40 -0500] "GET /galeria/galeria/jquery.fancybox.css?v=2.1.5 HTTP/1.1" 200 4895
191.156.49.29 - - [07/Oct/2021:10:00:40 -0500] "GET /BLA/boletinlegal/js/jquery.scrollShow.js HTTP/1.1" 200 4586
191.156.51.191 - - [07/Oct/2021:10:00:40 -0500] "GET /galeria/galeria/jquery.fancybox.js?v=2.1.5 HTTP/1.1" 200 48706
186.80.52.71 - - [07/Oct/2021:10:00:44 -0500] "GET /BLA/boletinlegal/js/jquery.scrollShow.js HTTP/1.1" 200 4586
186.80.52.71 - - [07/Oct/2021:10:00:44 -0500] "GET /galeria/galeria/jquery.fancybox.js?v=2.1.5 HTTP/1.1" 200 48706
186.80.52.71 - - [07/Oct/2021:10:00:44 -0500] "GET /galeria/galeria/jquery.fancybox.css?v=2.1.5 HTTP/1.1" 200 4895
181.63.132.216 - - [07/Oct/2021:10:00:45 -0500] "GET /galeria/galeria/jquery.fancybox.css?v=2.1.5 HTTP/1.1" 200 4895
181.63.132.216 - - [07/Oct/2021:10:00:45 -0500] "GET /BLA/boletinlegal/js/jquery.scrollShow.js HTTP/1.1" 200 4586
181.63.132.216 - - [07/Oct/2021:10:00:45 -0500] "GET /galeria/galeria/jquery.fancybox.js?v=2.1.5 HTTP/1.1" 200 48706
181.61.7.90 - - [07/Oct/2021:10:00:45 -0500] "POST /sipse/faces/presentacion/financiero/solicitudProceso/consultarSolicitudProceso.xhtml HTTP/1.1" 200 164031
201.245.192.253 - - [07/Oct/2021:10:00:48 -0500] "GET /catalogoisis/ HTTP/1.1" 200 8575
181.49.81.26 - - [07/Oct/2021:10:00:49 -0500] "GET /galeria/galeria/jquery.fancybox.js?v=2.1.5 HTTP/1.1" 200 48706
181.49.81.26 - - [07/Oct/2021:10:00:49 -0500] "GET /BLA/boletinlegal/js/jquery.scrollShow.js HTTP/1.1" 200 4586
66.249.66.139 - - [07/Oct/2021:10:00:49 -0500] "-" 408 -
191.108.152.208 - - [07/Oct/2021:10:00:49 -0500] "GET /BLA/boletinlegal/js/jquery.scrollShow.js HTTP/1.1" 200 4586
191.108.152.208 - - [07/Oct/2021:10:00:49 -0500] "GET /galeria/galeria/jquery.fancybox.js?v=2.1.5 HTTP/1.1" 200 48706
191.108.152.208 - - [07/Oct/2021:10:00:49 -0500] "GET /galeria/galeria/jquery.fancybox.css?v=2.1.5 HTTP/1.1" 200 4895
178.63.20.95 - - [07/Oct/2021:10:00:50 -0500] "GET /BLA/resoluciones/AUTOS%202010/3307.pdf HTTP/1.1" 200 1530459
181.49.81.26 - - [07/Oct/2021:10:00:51 -0500] "GET /galeria/galeria/jquery.fancybox.css?v=2.1.5 HTTP/1.1" 200 4895
54.161.14.27 - - [07/Oct/2021:10:00:57 -0500] "GET /galeria/galeria/jquery.fancybox.js?v=2.1.5 HTTP/1.1" 200 48706
54.161.14.27 - - [07/Oct/2021:10:00:57 -0500] "GET /galeria/galeria/jquery.fancybox.css?v=2.1.5 HTTP/1.1" 200 4895
54.161.14.27 - - [07/Oct/2021:10:00:57 -0500] "GET /BLA/boletinlegal/js/jquery.scrollShow.js HTTP/1.1" 200 4586
181.61.7.90 - - [07/Oct/2021:10:01:00 -0500] "POST /sipse/faces/presentacion/financiero/solicitudProceso/consultarSolicitudProceso.xhtml HTTP/1.1" 200 151035
190.25.96.221 - - [07/Oct/2021:10:01:04 -0500] "GET /BLA/boletinlegal/js/jquery.scrollShow.js HTTP/1.1" 200 4586
190.25.96.221 - - [07/Oct/2021:10:01:04 -0500] "GET /galeria/galeria/jquery.fancybox.js?v=2.1.5 HTTP/1.1" 200 48706
190.25.96.221 - - [07/Oct/2021:10:01:04 -0500] "GET /galeria/galeria/jquery.fancybox.css?v=2.1.5 HTTP/1.1" 200 4895
191.156.3.184 - - [07/Oct/2021:10:01:16 -0500] "GET /galeria/galeria/jquery.fancybox.css?v=2.1.5 HTTP/1.1" 200 4895
191.156.3.184 - - [07/Oct/2021:10:01:16 -0500] "GET /BLA/boletinlegal/js/jquery.scrollShow.js HTTP/1.1" 200 4586
191.156.3.184 - - [07/Oct/2021:10:01:16 -0500] "GET /galeria/galeria/jquery.fancybox.js?v=2.1.5 HTTP/1.1" 200 48706
179.1.64.231 - - [07/Oct/2021:10:01:17 -0500] "GET /galeria/galeria/jquery.fancybox.js?v=2.1.5 HTTP/1.1" 200 48706
179.1.64.231 - - [07/Oct/2021:10:01:17 -0500] "GET /galeria/galeria/jquery.fancybox.css?v=2.1.5 HTTP/1.1" 200 4895
179.1.64.231 - - [07/Oct/2021:10:01:17 -0500] "GET /BLA/boletinlegal/js/jquery.scrollShow.js HTTP/1.1" 200 4586
190.27.245.107 - - [07/Oct/2021:10:01:20 -0500] "GET /sipse/ HTTP/1.1" 302 -
201.245.192.253 - - [07/Oct/2021:10:01:20 -0500] "GET /sipse/faces/autenticacion.xhtml HTTP/1.1" 200 12501
201.245.192.253 - - [07/Oct/2021:10:01:20 -0500] "GET /sipse/js/disable_browser_buttons.js HTTP/1.1" 200 3230
201.245.192.253 - - [07/Oct/2021:10:01:20 -0500] "GET /sipse/css/custom_css_sg.css HTTP/1.1" 200 9694
201.245.192.253 - - [07/Oct/2021:10:01:20 -0500] "GET /sipse/js/funciones.js HTTP/1.1" 200 12592
201.245.192.253 - - [07/Oct/2021:10:01:20 -0500] "GET /sipse/css/custom_css_sg_prime_login.css HTTP/1.1" 200 443
201.245.192.253 - - [07/Oct/2021:10:01:20 -0500] "GET /sipse/faces/javax.faces.resource/layout/layout.css;jsessionid=Svj6a-he1hJg8SWEKnpp2Wup.undefined?ln=primefaces&v=4.0 HTTP/1.1" 200 542
201.245.192.253 - - [07/Oct/2021:10:01:20 -0500] "GET /sipse/faces/javax.faces.resource/jquery/jquery.js;jsessionid=Svj6a-he1hJg8SWEKnpp2Wup.undefined?ln=primefaces&v=4.0 HTTP/1.1" 200 105384
201.245.192.253 - - [07/Oct/2021:10:01:20 -0500] "GET /sipse/faces/javax.faces.resource/jquery/jquery-plugins.js;jsessionid=Svj6a-he1hJg8SWEKnpp2Wup.undefined?ln=primefaces&v=4.0 HTTP/1.1" 200 220526
201.245.192.253 - - [07/Oct/2021:10:01:20 -0500] "GET /sipse/faces/javax.faces.resource/layout/layout.js;jsessionid=Svj6a-he1hJg8SWEKnpp2Wup.undefined?ln=primefaces&v=4.0 HTTP/1.1" 200 87560
201.245.192.253 - - [07/Oct/2021:10:01:20 -0500] "GET /sipse/faces/javax.faces.resource/primefaces.js;jsessionid=Svj6a-he1hJg8SWEKnpp2Wup.undefined?ln=primefaces&v=4.0 HTTP/1.1" 200 276924
201.245.192.253 - - [07/Oct/2021:10:01:20 -0500] "GET /sipse/faces/javax.faces.resource/theme.css?ln=primefaces-sipse HTTP/1.1" 200 50058
