144.76.36.47 - - [10/Oct/2021:14:01:04 -0500] "GET /BLA/resoluciones/RESOLUCIONES%202010/0186.pdf HTTP/1.1" 200 536789
144.76.36.47 - - [10/Oct/2021:14:01:12 -0500] "GET /BLA/resoluciones/RESOLUCIONES%202010/3076.pdf HTTP/1.1" 200 414554
179.6.166.28 - - [10/Oct/2021:14:01:16 -0500] "GET /galeria/galeria/jquery.fancybox.css?v=2.1.5 HTTP/1.1" 200 4895
179.6.166.28 - - [10/Oct/2021:14:01:16 -0500] "GET /BLA/boletinlegal/js/jquery.scrollShow.js HTTP/1.1" 200 4586
179.6.166.28 - - [10/Oct/2021:14:01:16 -0500] "GET /galeria/galeria/jquery.fancybox.js?v=2.1.5 HTTP/1.1" 200 48706
144.76.36.47 - - [10/Oct/2021:14:01:20 -0500] "GET /BLA/resoluciones/RESOLUCIONES%202010/5892.pdf HTTP/1.1" 200 199486
201.245.192.253 - - [10/Oct/2021:14:01:22 -0500] "GET /catalogoisis/ HTTP/1.1" 200 8575
144.76.36.47 - - [10/Oct/2021:14:01:28 -0500] "GET /BLA/resoluciones/RESOLUCIONES%202010/6113.pdf HTTP/1.1" 200 691479
144.76.36.47 - - [10/Oct/2021:14:01:37 -0500] "GET /BLA/resoluciones/RESOLUCIONES%202010/6583.pdf HTTP/1.1" 200 846560
144.76.36.47 - - [10/Oct/2021:14:01:47 -0500] "GET /BLA/resoluciones/RESOLUCIONES%202010/3107.pdf HTTP/1.1" 200 543507
144.76.36.47 - - [10/Oct/2021:14:01:56 -0500] "GET /BLA/resoluciones/RESOLUCIONES%202010/0430.pdf HTTP/1.1" 200 350096
186.84.20.175 - - [10/Oct/2021:14:02:04 -0500] "GET /galeria/galeria/jquery.fancybox.css?v=2.1.5 HTTP/1.1" 200 4895
186.84.20.175 - - [10/Oct/2021:14:02:04 -0500] "GET /BLA/boletinlegal/js/jquery.scrollShow.js HTTP/1.1" 200 4586
186.84.20.175 - - [10/Oct/2021:14:02:04 -0500] "GET /galeria/galeria/jquery.fancybox.js?v=2.1.5 HTTP/1.1" 200 48706
144.76.36.47 - - [10/Oct/2021:14:02:04 -0500] "GET /BLA/resoluciones/RESOLUCIONES%202010/0591.pdf HTTP/1.1" 200 108896
144.76.36.47 - - [10/Oct/2021:14:02:12 -0500] "GET /BLA/resoluciones/RESOLUCIONES%202010/4688.pdf HTTP/1.1" 200 748413
189.252.66.59 - - [10/Oct/2021:14:02:21 -0500] "GET /galeria/galeria/jquery.fancybox.css?v=2.1.5 HTTP/1.1" 200 4895
189.252.66.59 - - [10/Oct/2021:14:02:21 -0500] "GET /galeria/galeria/jquery.fancybox.js?v=2.1.5 HTTP/1.1" 200 48706
189.252.66.59 - - [10/Oct/2021:14:02:21 -0500] "GET /BLA/boletinlegal/js/jquery.scrollShow.js HTTP/1.1" 200 4586
144.76.36.47 - - [10/Oct/2021:14:02:22 -0500] "GET /BLA/resoluciones/RESOLUCIONES%202010/7698.pdf HTTP/1.1" 200 239091
201.245.192.253 - - [10/Oct/2021:14:02:23 -0500] "GET /catalogoisis/ HTTP/1.1" 200 8575
144.76.36.47 - - [10/Oct/2021:14:02:30 -0500] "GET /BLA/resoluciones/RESOLUCIONES%202010/0746.pdf HTTP/1.1" 200 442605
66.249.66.139 - - [10/Oct/2021:14:02:30 -0500] "-" 408 -
144.76.36.47 - - [10/Oct/2021:14:02:39 -0500] "GET /BLA/resoluciones/RESOLUCIONES%202010/4805.pdf HTTP/1.1" 200 379200
144.76.36.47 - - [10/Oct/2021:14:02:48 -0500] "GET /BLA/resoluciones/RESOLUCIONES%202010/5917.pdf HTTP/1.1" 200 75540
144.76.36.47 - - [10/Oct/2021:14:02:58 -0500] "GET /BLA/resoluciones/RESOLUCIONES%202010/4297.pdf HTTP/1.1" 200 490169
144.76.36.47 - - [10/Oct/2021:14:03:07 -0500] "GET /BLA/resoluciones/RESOLUCIONES%202010/2799.pdf HTTP/1.1" 200 153832
144.76.36.47 - - [10/Oct/2021:14:03:16 -0500] "GET /BLA/resoluciones/RESOLUCIONES%202010/1582.pdf HTTP/1.1" 200 495439
201.245.192.253 - - [10/Oct/2021:14:03:24 -0500] "GET /catalogoisis/ HTTP/1.1" 200 8575
144.76.36.47 - - [10/Oct/2021:14:03:24 -0500] "GET /BLA/resoluciones/RESOLUCIONES%202010/4252.pdf HTTP/1.1" 200 419927
144.76.36.47 - - [10/Oct/2021:14:03:34 -0500] "GET /BLA/resoluciones/RESOLUCIONES%202010/2900.pdf HTTP/1.1" 200 496753
144.76.36.47 - - [10/Oct/2021:14:03:44 -0500] "GET /BLA/resoluciones/RESOLUCIONES%202010/0573.pdf HTTP/1.1" 200 136274
186.154.99.237 - - [10/Oct/2021:14:03:49 -0500] "GET /sipse/faces/index.xhtml HTTP/1.1" 200 677
186.154.99.237 - - [10/Oct/2021:14:03:49 -0500] "GET /sipse/faces/javax.faces.resource/theme.css?ln=primefaces-sipse HTTP/1.1" 304 -
186.154.99.237 - - [10/Oct/2021:14:03:50 -0500] "GET /sipse/faces/faces/autenticacion.xhtml HTTP/1.1" 200 12181
186.154.99.237 - - [10/Oct/2021:14:03:50 -0500] "GET /sipse/faces/javax.faces.resource/theme.css?ln=primefaces-sipse HTTP/1.1" 304 -
186.154.99.237 - - [10/Oct/2021:14:03:50 -0500] "GET /sipse/faces/javax.faces.resource/primefaces.css?ln=primefaces&v=4.0 HTTP/1.1" 304 -
186.154.99.237 - - [10/Oct/2021:14:03:50 -0500] "GET /sipse/faces/javax.faces.resource/layout/layout.css?ln=primefaces&v=4.0 HTTP/1.1" 304 -
186.154.99.237 - - [10/Oct/2021:14:03:50 -0500] "GET /sipse/faces/javax.faces.resource/jquery/jquery.js?ln=primefaces&v=4.0 HTTP/1.1" 304 -
186.154.99.237 - - [10/Oct/2021:14:03:50 -0500] "GET /sipse/faces/javax.faces.resource/jquery/jquery-plugins.js?ln=primefaces&v=4.0 HTTP/1.1" 304 -
186.154.99.237 - - [10/Oct/2021:14:03:50 -0500] "GET /sipse/faces/javax.faces.resource/primefaces.js?ln=primefaces&v=4.0 HTTP/1.1" 304 -
186.154.99.237 - - [10/Oct/2021:14:03:50 -0500] "GET /sipse/faces/javax.faces.resource/layout/layout.js?ln=primefaces&v=4.0 HTTP/1.1" 304 -
186.154.99.237 - - [10/Oct/2021:14:03:50 -0500] "GET /sipse/faces/javax.faces.resource/images/ui-icons_898989_256x240.png?ln=primefaces-aristo HTTP/1.1" 304 -
144.76.36.47 - - [10/Oct/2021:14:03:53 -0500] "GET /BLA/resoluciones/RESOLUCIONES%202010/3474.pdf HTTP/1.1" 200 507847
144.76.36.47 - - [10/Oct/2021:14:04:01 -0500] "GET /BLA/resoluciones/RESOLUCIONES%202010/1942.pdf HTTP/1.1" 200 790915
176.63.5.10 - - [10/Oct/2021:14:04:05 -0500] "GET /galeria/galeria/jquery.fancybox.css?v=2.1.5 HTTP/1.1" 200 4895
176.63.5.10 - - [10/Oct/2021:14:04:05 -0500] "GET /BLA/boletinlegal/js/jquery.scrollShow.js HTTP/1.1" 200 4586
176.63.5.10 - - [10/Oct/2021:14:04:05 -0500] "GET /galeria/galeria/jquery.fancybox.js?v=2.1.5 HTTP/1.1" 200 48706
144.76.36.47 - - [10/Oct/2021:14:04:10 -0500] "GET /BLA/resoluciones/RESOLUCIONES%202010/2578.pdf HTTP/1.1" 200 814085
144.76.36.47 - - [10/Oct/2021:14:04:19 -0500] "GET /BLA/resoluciones/RESOLUCIONES%202010/2327.pdf HTTP/1.1" 200 534163
201.245.192.253 - - [10/Oct/2021:14:04:25 -0500] "GET /catalogoisis/ HTTP/1.1" 200 8575
144.76.36.47 - - [10/Oct/2021:14:04:28 -0500] "GET /BLA/resoluciones/RESOLUCIONES%202010/1128.pdf HTTP/1.1" 200 113906
144.76.36.47 - - [10/Oct/2021:14:04:36 -0500] "GET /BLA/resoluciones/RESOLUCIONES%202010/6971.pdf HTTP/1.1" 200 209878
216.245.221.92 - - [10/Oct/2021:14:04:42 -0500] "HEAD / HTTP/1.1" 200 -
144.76.36.47 - - [10/Oct/2021:14:04:45 -0500] "GET /BLA/resoluciones/RESOLUCIONES%202010/7835.pdf HTTP/1.1" 200 39258
144.76.36.47 - - [10/Oct/2021:14:04:54 -0500] "GET /BLA/resoluciones/RESOLUCIONES%202010/0266.pdf HTTP/1.1" 200 501087
201.245.192.253 - - [10/Oct/2021:14:04:08 -0500] "POST /kwsrmcab/Wsrmcab HTTP/1.1" 200 213
144.76.36.47 - - [10/Oct/2021:14:05:04 -0500] "GET /BLA/resoluciones/RESOLUCIONES%202010/3226.pdf HTTP/1.1" 200 544345
144.76.36.47 - - [10/Oct/2021:14:05:13 -0500] "GET /BLA/resoluciones/RESOLUCIONES%202010/6987.pdf HTTP/1.1" 200 283250
144.76.36.47 - - [10/Oct/2021:14:05:22 -0500] "GET /BLA/resoluciones/RESOLUCIONES%202010/4207.pdf HTTP/1.1" 200 1176615
201.245.192.253 - - [10/Oct/2021:14:05:25 -0500] "GET /catalogoisis/ HTTP/1.1" 200 8575
190.128.36.111 - - [10/Oct/2021:14:05:26 -0500] "GET /galeria/galeria/jquery.fancybox.css?v=2.1.5 HTTP/1.1" 200 4895
190.128.36.111 - - [10/Oct/2021:14:05:26 -0500] "GET /BLA/boletinlegal/js/jquery.scrollShow.js HTTP/1.1" 200 4586
144.76.36.47 - - [10/Oct/2021:14:05:26 -0500] "GET /BLA/resoluciones/RESOLUCIONES%202010/5551.pdf HTTP/1.1" 200 338207
190.128.36.111 - - [10/Oct/2021:14:05:26 -0500] "GET /galeria/galeria/jquery.fancybox.js?v=2.1.5 HTTP/1.1" 200 48706
144.76.36.47 - - [10/Oct/2021:14:05:34 -0500] "GET /BLA/resoluciones/RESOLUCIONES%202010/3389.pdf HTTP/1.1" 200 550889
144.76.36.47 - - [10/Oct/2021:14:05:43 -0500] "GET /BLA/resoluciones/RESOLUCIONES%202010/4759.pdf HTTP/1.1" 200 601021
66.249.83.203 - - [10/Oct/2021:14:05:44 -0500] "GET / HTTP/1.1" 200 319
66.249.83.207 - - [10/Oct/2021:14:05:44 -0500] "GET /favicon.ico HTTP/1.1" 200 7782
144.76.36.47 - - [10/Oct/2021:14:05:52 -0500] "GET /BLA/resoluciones/RESOLUCIONES%202010/4996.pdf HTTP/1.1" 200 752339
144.76.36.47 - - [10/Oct/2021:14:06:01 -0500] "GET /BLA/resoluciones/RESOLUCIONES%202010/1847.pdf HTTP/1.1" 200 548100
144.76.36.47 - - [10/Oct/2021:14:06:10 -0500] "GET /BLA/resoluciones/RESOLUCIONES%202010/2988.pdf HTTP/1.1" 200 1129161
144.76.36.47 - - [10/Oct/2021:14:06:14 -0500] "GET /BLA/resoluciones/RESOLUCIONES%202010/1690.pdf HTTP/1.1" 200 365308
144.76.36.47 - - [10/Oct/2021:14:06:24 -0500] "GET /BLA/resoluciones/RESOLUCIONES%202010/6943.pdf HTTP/1.1" 200 687948
201.245.192.253 - - [10/Oct/2021:14:06:26 -0500] "GET /catalogoisis/ HTTP/1.1" 200 8575
186.82.86.236 - - [10/Oct/2021:14:06:32 -0500] "GET /BLA/boletinlegal/js/jquery.scrollShow.js HTTP/1.1" 200 4586
186.82.86.236 - - [10/Oct/2021:14:06:32 -0500] "GET /galeria/galeria/jquery.fancybox.css?v=2.1.5 HTTP/1.1" 200 4895
186.82.86.236 - - [10/Oct/2021:14:06:32 -0500] "GET /galeria/galeria/jquery.fancybox.js?v=2.1.5 HTTP/1.1" 200 48706
144.76.36.47 - - [10/Oct/2021:14:06:33 -0500] "GET /BLA/resoluciones/RESOLUCIONES%202010/2257.pdf HTTP/1.1" 200 397613
201.221.176.32 - - [10/Oct/2021:14:06:35 -0500] "GET /BLA/boletinlegal/js/jquery.scrollShow.js HTTP/1.1" 200 4586
201.221.176.32 - - [10/Oct/2021:14:06:35 -0500] "GET /galeria/galeria/jquery.fancybox.js?v=2.1.5 HTTP/1.1" 200 48706
201.221.176.32 - - [10/Oct/2021:14:06:35 -0500] "GET /galeria/galeria/jquery.fancybox.css?v=2.1.5 HTTP/1.1" 200 4895
186.154.99.237 - - [10/Oct/2021:14:06:41 -0500] "POST /sipse/faces/autenticacion.xhtml HTTP/1.1" 200 11234
186.154.99.237 - - [10/Oct/2021:14:06:41 -0500] "GET /sipse/faces/javax.faces.resource/theme.css?ln=primefaces-sipse HTTP/1.1" 304 -
186.154.99.237 - - [10/Oct/2021:14:06:41 -0500] "GET /sipse/faces/javax.faces.resource/primefaces.css?ln=primefaces&v=4.0 HTTP/1.1" 304 -
186.154.99.237 - - [10/Oct/2021:14:06:41 -0500] "GET /sipse/faces/javax.faces.resource/layout/layout.css?ln=primefaces&v=4.0 HTTP/1.1" 304 -
186.154.99.237 - - [10/Oct/2021:14:06:41 -0500] "GET /sipse/faces/javax.faces.resource/jquery/jquery.js?ln=primefaces&v=4.0 HTTP/1.1" 304 -
186.154.99.237 - - [10/Oct/2021:14:06:41 -0500] "GET /sipse/faces/javax.faces.resource/jquery/jquery-plugins.js?ln=primefaces&v=4.0 HTTP/1.1" 304 -
186.154.99.237 - - [10/Oct/2021:14:06:41 -0500] "GET /sipse/faces/javax.faces.resource/primefaces.js?ln=primefaces&v=4.0 HTTP/1.1" 304 -
186.154.99.237 - - [10/Oct/2021:14:06:41 -0500] "GET /sipse/faces/javax.faces.resource/layout/layout.js?ln=primefaces&v=4.0 HTTP/1.1" 304 -
186.154.99.237 - - [10/Oct/2021:14:06:41 -0500] "GET /sipse/faces/javax.faces.resource/messages/messages.png?ln=primefaces&v=4.0 HTTP/1.1" 304 -
144.76.36.47 - - [10/Oct/2021:14:06:41 -0500] "GET /BLA/resoluciones/RESOLUCIONES%202010/6863.pdf HTTP/1.1" 200 191078
186.154.99.237 - - [10/Oct/2021:14:06:49 -0500] "POST /sipse/faces/presentacion/sistema/seguridad/seleccionRol.xhtml HTTP/1.1" 200 5600
144.76.36.47 - - [10/Oct/2021:14:06:49 -0500] "GET /BLA/resoluciones/RESOLUCIONES%202010/6659.pdf HTTP/1.1" 200 375301
186.154.99.237 - - [10/Oct/2021:14:06:50 -0500] "POST /sipse/faces/presentacion/sistema/seguridad/seleccionRol.xhtml HTTP/1.1" 200 17245
186.154.99.237 - - [10/Oct/2021:14:06:51 -0500] "GET /sipse/faces/javax.faces.resource/primefaces.css?ln=primefaces&v=4.0 HTTP/1.1" 304 -
186.154.99.237 - - [10/Oct/2021:14:06:51 -0500] "GET /sipse/faces/javax.faces.resource/theme.css?ln=primefaces-sipse HTTP/1.1" 304 -
186.154.99.237 - - [10/Oct/2021:14:06:51 -0500] "GET /sipse/faces/javax.faces.resource/layout/layout.css?ln=primefaces&v=4.0 HTTP/1.1" 304 -
186.154.99.237 - - [10/Oct/2021:14:06:51 -0500] "GET /sipse/faces/javax.faces.resource/jquery/jquery.js?ln=primefaces&v=4.0 HTTP/1.1" 304 -
186.154.99.237 - - [10/Oct/2021:14:06:51 -0500] "GET /sipse/faces/javax.faces.resource/jquery/jquery-plugins.js?ln=primefaces&v=4.0 HTTP/1.1" 304 -
186.154.99.237 - - [10/Oct/2021:14:06:51 -0500] "GET /sipse/faces/javax.faces.resource/primefaces.js?ln=primefaces&v=4.0 HTTP/1.1" 304 -
186.154.99.237 - - [10/Oct/2021:14:06:51 -0500] "GET /sipse/faces/javax.faces.resource/layout/layout.js?ln=primefaces&v=4.0 HTTP/1.1" 304 -
186.154.99.237 - - [10/Oct/2021:14:06:51 -0500] "GET /sipse/css/imagen/contrasena.png HTTP/1.1" 404 383
52.205.76.129 - - [10/Oct/2021:14:06:51 -0500] "GET /galeria/galeria/jquery.fancybox.js?v=2.1.5 HTTP/1.1" 200 48706
52.205.76.129 - - [10/Oct/2021:14:06:51 -0500] "GET /galeria/galeria/jquery.fancybox.css?v=2.1.5 HTTP/1.1" 200 4895
186.154.99.237 - - [10/Oct/2021:14:06:52 -0500] "GET /sipse/faces/javax.faces.resource/images/ui-bg_flat_0_2d5972_40x100.png?ln=primefaces-aristo HTTP/1.1" 304 -
186.154.99.237 - - [10/Oct/2021:14:06:52 -0500] "POST /sipse/faces/bienvenido.xhtml HTTP/1.1" 200 2055
144.76.36.47 - - [10/Oct/2021:14:06:58 -0500] "GET /BLA/resoluciones/RESOLUCIONES%202010/5157.pdf HTTP/1.1" 200 1021789
191.106.191.125 - - [10/Oct/2021:14:07:01 -0500] "GET /galeria/galeria/jquery.fancybox.css?v=2.1.5 HTTP/1.1" 200 4895
191.106.191.125 - - [10/Oct/2021:14:07:01 -0500] "GET /BLA/boletinlegal/js/jquery.scrollShow.js HTTP/1.1" 200 4586
191.106.191.125 - - [10/Oct/2021:14:07:01 -0500] "GET /galeria/galeria/jquery.fancybox.js?v=2.1.5 HTTP/1.1" 200 48706
144.76.36.47 - - [10/Oct/2021:14:07:08 -0500] "GET /BLA/resoluciones/RESOLUCIONES%202010/2520.pdf HTTP/1.1" 200 406044
144.76.36.47 - - [10/Oct/2021:14:07:16 -0500] "GET /BLA/resoluciones/RESOLUCIONES%202010/1542.pdf HTTP/1.1" 200 470171
181.143.176.202 - - [10/Oct/2021:14:07:21 -0500] "GET /BLA/boletinlegal/js/jquery.scrollShow.js HTTP/1.1" 200 4586
181.143.176.202 - - [10/Oct/2021:14:07:21 -0500] "GET /galeria/galeria/jquery.fancybox.css?v=2.1.5 HTTP/1.1" 200 4895
181.143.176.202 - - [10/Oct/2021:14:07:21 -0500] "GET /galeria/galeria/jquery.fancybox.js?v=2.1.5 HTTP/1.1" 200 48706
186.154.99.237 - - [10/Oct/2021:14:06:53 -0500] "POST /sipse/faces/bienvenido.xhtml HTTP/1.1" 200 81371
186.154.99.237 - - [10/Oct/2021:14:07:24 -0500] "GET /sipse/faces/javax.faces.resource/primefaces.css?ln=primefaces&v=4.0 HTTP/1.1" 304 -
186.154.99.237 - - [10/Oct/2021:14:07:24 -0500] "GET /sipse/faces/javax.faces.resource/theme.css?ln=primefaces-sipse HTTP/1.1" 304 -
186.154.99.237 - - [10/Oct/2021:14:07:24 -0500] "GET /sipse/faces/javax.faces.resource/layout/layout.css?ln=primefaces&v=4.0 HTTP/1.1" 304 -
186.154.99.237 - - [10/Oct/2021:14:07:24 -0500] "GET /sipse/faces/javax.faces.resource/jquery/jquery.js?ln=primefaces&v=4.0 HTTP/1.1" 304 -
186.154.99.237 - - [10/Oct/2021:14:07:24 -0500] "GET /sipse/faces/javax.faces.resource/jquery/jquery-plugins.js?ln=primefaces&v=4.0 HTTP/1.1" 304 -
186.154.99.237 - - [10/Oct/2021:14:07:24 -0500] "GET /sipse/faces/javax.faces.resource/primefaces.js?ln=primefaces&v=4.0 HTTP/1.1" 304 -
186.154.99.237 - - [10/Oct/2021:14:07:24 -0500] "GET /sipse/faces/javax.faces.resource/layout/layout.js?ln=primefaces&v=4.0 HTTP/1.1" 304 -
144.76.36.47 - - [10/Oct/2021:14:07:25 -0500] "GET /BLA/resoluciones/RESOLUCIONES%202010/5181.pdf HTTP/1.1" 200 1411519
201.245.192.253 - - [10/Oct/2021:14:07:27 -0500] "GET /catalogoisis/ HTTP/1.1" 200 8575
144.76.36.47 - - [10/Oct/2021:14:07:30 -0500] "GET /BLA/resoluciones/RESOLUCIONES%202010/2143.pdf HTTP/1.1" 200 517039
144.76.36.47 - - [10/Oct/2021:14:07:39 -0500] "GET /BLA/resoluciones/RESOLUCIONES%202010/0933.pdf HTTP/1.1" 200 108100
186.154.99.237 - - [10/Oct/2021:14:07:45 -0500] "POST /sipse/faces/presentacion/proyectos/proyecto/listarProyecto.xhtml HTTP/1.1" 200 163
181.53.13.167 - - [10/Oct/2021:14:07:47 -0500] "-" 408 -
144.76.36.47 - - [10/Oct/2021:14:07:48 -0500] "GET /BLA/resoluciones/RESOLUCIONES%202010/0997.pdf HTTP/1.1" 200 119318
186.154.99.237 - - [10/Oct/2021:14:07:46 -0500] "GET /sipse/faces/presentacion/proyectos/proyecto/proyecto.xhtml HTTP/1.1" 200 88333
186.154.99.237 - - [10/Oct/2021:14:07:48 -0500] "GET /sipse/faces/javax.faces.resource/theme.css?ln=primefaces-sipse HTTP/1.1" 304 -
186.154.99.237 - - [10/Oct/2021:14:07:48 -0500] "GET /sipse/faces/javax.faces.resource/primefaces.css?ln=primefaces&v=4.0 HTTP/1.1" 304 -
186.154.99.237 - - [10/Oct/2021:14:07:48 -0500] "GET /sipse/faces/javax.faces.resource/layout/layout.css?ln=primefaces&v=4.0 HTTP/1.1" 304 -
186.154.99.237 - - [10/Oct/2021:14:07:48 -0500] "GET /sipse/faces/javax.faces.resource/jquery/jquery.js?ln=primefaces&v=4.0 HTTP/1.1" 304 -
186.154.99.237 - - [10/Oct/2021:14:07:48 -0500] "GET /sipse/faces/javax.faces.resource/primefaces.js?ln=primefaces&v=4.0 HTTP/1.1" 304 -
186.154.99.237 - - [10/Oct/2021:14:07:48 -0500] "GET /sipse/faces/javax.faces.resource/jquery/jquery-plugins.js?ln=primefaces&v=4.0 HTTP/1.1" 304 -
186.154.99.237 - - [10/Oct/2021:14:07:48 -0500] "GET /sipse/faces/javax.faces.resource/layout/layout.js?ln=primefaces&v=4.0 HTTP/1.1" 304 -
186.154.99.237 - - [10/Oct/2021:14:07:48 -0500] "GET /sipse/css/imagen/contrasena.png HTTP/1.1" 404 383
186.154.99.237 - - [10/Oct/2021:14:07:48 -0500] "GET /sipse/faces/javax.faces.resource/images/ui-icons_898989_256x240.png?ln=primefaces-aristo HTTP/1.1" 304 -
186.154.99.237 - - [10/Oct/2021:14:07:48 -0500] "GET /sipse/faces/javax.faces.resource/images/ui-bg_flat_0_2d5972_40x100.png?ln=primefaces-aristo HTTP/1.1" 304 -
186.154.99.237 - - [10/Oct/2021:14:07:48 -0500] "POST /sipse/faces/presentacion/proyectos/proyecto/proyecto.xhtml HTTP/1.1" 200 3261
144.76.36.47 - - [10/Oct/2021:14:07:56 -0500] "GET /BLA/resoluciones/RESOLUCIONES%202010/1376.pdf HTTP/1.1" 200 352846
144.76.36.47 - - [10/Oct/2021:14:08:04 -0500] "GET /BLA/resoluciones/RESOLUCIONES%202010/2949.pdf HTTP/1.1" 200 114470
144.76.36.47 - - [10/Oct/2021:14:08:12 -0500] "GET /BLA/resoluciones/RESOLUCIONES%202010/3440.pdf HTTP/1.1" 200 758357
186.154.99.237 - - [10/Oct/2021:14:08:13 -0500] "POST /sipse/faces/presentacion/proyectos/proyecto/proyecto.xhtml HTTP/1.1" 200 43984
186.154.99.237 - - [10/Oct/2021:14:08:17 -0500] "GET /sipse/faces/javax.faces.resource/spacer/dot_clear.gif?ln=primefaces&v=4.0 HTTP/1.1" 304 -
186.154.99.237 - - [10/Oct/2021:14:08:17 -0500] "POST /sipse/faces/presentacion/proyectos/proyecto/proyecto.xhtml HTTP/1.1" 200 3950
144.76.36.47 - - [10/Oct/2021:14:08:21 -0500] "GET /BLA/resoluciones/RESOLUCIONES%202010/7254.pdf HTTP/1.1" 200 341585
186.154.99.237 - - [10/Oct/2021:14:08:20 -0500] "POST /sipse/faces/presentacion/proyectos/proyecto/proyecto.xhtml HTTP/1.1" 200 51757
186.154.99.237 - - [10/Oct/2021:14:08:22 -0500] "GET /sipse/faces/javax.faces.resource/theme.css?ln=primefaces-sipse HTTP/1.1" 304 -
186.154.99.237 - - [10/Oct/2021:14:08:22 -0500] "GET /sipse/faces/javax.faces.resource/primefaces.css?ln=primefaces&v=4.0 HTTP/1.1" 304 -
186.154.99.237 - - [10/Oct/2021:14:08:22 -0500] "GET /sipse/faces/javax.faces.resource/layout/layout.css?ln=primefaces&v=4.0 HTTP/1.1" 304 -
186.154.99.237 - - [10/Oct/2021:14:08:22 -0500] "GET /sipse/faces/javax.faces.resource/jquery/jquery.js?ln=primefaces&v=4.0 HTTP/1.1" 304 -
186.154.99.237 - - [10/Oct/2021:14:08:23 -0500] "GET /sipse/faces/javax.faces.resource/jquery/jquery-plugins.js?ln=primefaces&v=4.0 HTTP/1.1" 304 -
186.154.99.237 - - [10/Oct/2021:14:08:23 -0500] "GET /sipse/faces/javax.faces.resource/primefaces.js?ln=primefaces&v=4.0 HTTP/1.1" 304 -
186.154.99.237 - - [10/Oct/2021:14:08:23 -0500] "GET /sipse/faces/javax.faces.resource/layout/layout.js?ln=primefaces&v=4.0 HTTP/1.1" 304 -
186.154.99.237 - - [10/Oct/2021:14:08:23 -0500] "GET /sipse/css/imagen/contrasena.png HTTP/1.1" 404 383
201.245.192.253 - - [10/Oct/2021:14:08:28 -0500] "GET /catalogoisis/ HTTP/1.1" 200 8575
144.76.36.47 - - [10/Oct/2021:14:08:31 -0500] "GET /BLA/resoluciones/RESOLUCIONES%202010/7620.pdf HTTP/1.1" 200 200907
144.76.36.47 - - [10/Oct/2021:14:08:39 -0500] "GET /BLA/resoluciones/RESOLUCIONES%202010/2687.pdf HTTP/1.1" 200 384330
186.154.99.237 - - [10/Oct/2021:14:08:48 -0500] "POST /sipse/faces/presentacion/proyectos/proyecto/presupuesto/presupuestoEntreActividades/seleccionarActividadesOrigen.xhtml HTTP/1.1" 200 1756
144.76.36.47 - - [10/Oct/2021:14:08:49 -0500] "GET /BLA/resoluciones/RESOLUCIONES%202010/4920.pdf HTTP/1.1" 200 753937
181.138.168.162 - - [10/Oct/2021:14:08:57 -0500] "GET /galeria/galeria/jquery.fancybox.css?v=2.1.5 HTTP/1.1" 200 4895
181.138.168.162 - - [10/Oct/2021:14:08:57 -0500] "GET /BLA/boletinlegal/js/jquery.scrollShow.js HTTP/1.1" 200 4586
181.138.168.162 - - [10/Oct/2021:14:08:57 -0500] "GET /galeria/galeria/jquery.fancybox.js?v=2.1.5 HTTP/1.1" 200 48706
144.76.36.47 - - [10/Oct/2021:14:08:58 -0500] "GET /BLA/resoluciones/RESOLUCIONES%202010/0503.pdf HTTP/1.1" 200 123142
190.156.157.96 - - [10/Oct/2021:14:09:01 -0500] "GET /galeria/galeria/jquery.fancybox.css?v=2.1.5 HTTP/1.1" 200 4895
190.156.157.96 - - [10/Oct/2021:14:09:01 -0500] "GET /BLA/boletinlegal/js/jquery.scrollShow.js HTTP/1.1" 200 4586
190.156.157.96 - - [10/Oct/2021:14:09:01 -0500] "GET /galeria/galeria/jquery.fancybox.js?v=2.1.5 HTTP/1.1" 200 48706
144.76.36.47 - - [10/Oct/2021:14:09:07 -0500] "GET /BLA/resoluciones/RESOLUCIONES%202010/2320.pdf HTTP/1.1" 200 408627
144.76.36.47 - - [10/Oct/2021:14:09:15 -0500] "GET /BLA/resoluciones/RESOLUCIONES%202010/0721.pdf HTTP/1.1" 200 106626
144.76.36.47 - - [10/Oct/2021:14:09:24 -0500] "GET /BLA/resoluciones/RESOLUCIONES%202010/3512.pdf HTTP/1.1" 200 358457
201.245.192.253 - - [10/Oct/2021:14:09:29 -0500] "GET /catalogoisis/ HTTP/1.1" 200 8575
144.76.36.47 - - [10/Oct/2021:14:09:32 -0500] "GET /BLA/resoluciones/RESOLUCIONES%202010/3486.pdf HTTP/1.1" 200 504693
144.76.36.47 - - [10/Oct/2021:14:09:41 -0500] "GET /BLA/resoluciones/RESOLUCIONES%202010/2054.pdf HTTP/1.1" 200 197365
216.245.221.92 - - [10/Oct/2021:14:09:42 -0500] "HEAD / HTTP/1.1" 200 -
66.249.66.139 - - [10/Oct/2021:14:09:48 -0500] "-" 408 -
144.76.36.47 - - [10/Oct/2021:14:09:49 -0500] "GET /BLA/resoluciones/RESOLUCIONES%202010/3570.pdf HTTP/1.1" 200 360054
144.76.36.47 - - [10/Oct/2021:14:09:58 -0500] "GET /BLA/resoluciones/RESOLUCIONES%202010/0599.pdf HTTP/1.1" 200 54640
144.76.36.47 - - [10/Oct/2021:14:10:07 -0500] "GET /BLA/resoluciones/RESOLUCIONES%202010/6860.pdf HTTP/1.1" 200 465566
186.154.99.237 - - [10/Oct/2021:14:10:11 -0500] "POST /sipse/faces/presentacion/proyectos/proyecto/presupuesto/presupuestoEntreActividades/seleccionarActividadesOrigen.xhtml HTTP/1.1" 200 46732
186.154.99.237 - - [10/Oct/2021:14:10:11 -0500] "GET /sipse/faces/javax.faces.resource/theme.css?ln=primefaces-sipse HTTP/1.1" 304 -
186.154.99.237 - - [10/Oct/2021:14:10:11 -0500] "GET /sipse/faces/javax.faces.resource/layout/layout.css?ln=primefaces&v=4.0 HTTP/1.1" 304 -
186.154.99.237 - - [10/Oct/2021:14:10:11 -0500] "GET /sipse/faces/javax.faces.resource/primefaces.css?ln=primefaces&v=4.0 HTTP/1.1" 304 -
186.154.99.237 - - [10/Oct/2021:14:10:11 -0500] "GET /sipse/faces/javax.faces.resource/jquery/jquery.js?ln=primefaces&v=4.0 HTTP/1.1" 304 -
186.154.99.237 - - [10/Oct/2021:14:10:11 -0500] "GET /sipse/faces/javax.faces.resource/jquery/jquery-plugins.js?ln=primefaces&v=4.0 HTTP/1.1" 304 -
186.154.99.237 - - [10/Oct/2021:14:10:11 -0500] "GET /sipse/faces/javax.faces.resource/primefaces.js?ln=primefaces&v=4.0 HTTP/1.1" 304 -
186.154.99.237 - - [10/Oct/2021:14:10:11 -0500] "GET /sipse/faces/javax.faces.resource/layout/layout.js?ln=primefaces&v=4.0 HTTP/1.1" 304 -
186.154.99.237 - - [10/Oct/2021:14:10:11 -0500] "GET /sipse/css/imagen/contrasena.png HTTP/1.1" 404 383
144.76.36.47 - - [10/Oct/2021:14:10:15 -0500] "GET /BLA/resoluciones/RESOLUCIONES%202010/0905.pdf HTTP/1.1" 200 100237
5.45.207.69 - - [10/Oct/2021:14:10:24 -0500] "-" 408 -
144.76.36.47 - - [10/Oct/2021:14:10:24 -0500] "GET /BLA/resoluciones/RESOLUCIONES%202010/7396.pdf HTTP/1.1" 200 326109
191.95.18.70 - - [10/Oct/2021:14:10:29 -0500] "GET /BLA/boletinlegal/js/jquery.scrollShow.js HTTP/1.1" 200 4586
201.245.192.253 - - [10/Oct/2021:14:10:29 -0500] "GET /catalogoisis/ HTTP/1.1" 200 8575
191.95.18.70 - - [10/Oct/2021:14:10:29 -0500] "GET /galeria/galeria/jquery.fancybox.css?v=2.1.5 HTTP/1.1" 200 4895
191.95.18.70 - - [10/Oct/2021:14:10:29 -0500] "GET /galeria/galeria/jquery.fancybox.js?v=2.1.5 HTTP/1.1" 200 48706
144.76.36.47 - - [10/Oct/2021:14:10:33 -0500] "GET /BLA/resoluciones/RESOLUCIONES%202010/0112.pdf HTTP/1.1" 200 499391
144.76.36.47 - - [10/Oct/2021:14:10:41 -0500] "GET /BLA/resoluciones/RESOLUCIONES%202010/0625.pdf HTTP/1.1" 200 528892
144.76.36.47 - - [10/Oct/2021:14:10:50 -0500] "GET /BLA/resoluciones/RESOLUCIONES%202010/0554.pdf HTTP/1.1" 200 118949
186.80.20.53 - - [10/Oct/2021:14:10:52 -0500] "GET /galeria/galeria/jquery.fancybox.css?v=2.1.5 HTTP/1.1" 200 4895
186.80.20.53 - - [10/Oct/2021:14:10:52 -0500] "GET /BLA/boletinlegal/js/jquery.scrollShow.js HTTP/1.1" 200 4586
186.80.20.53 - - [10/Oct/2021:14:10:52 -0500] "GET /galeria/galeria/jquery.fancybox.js?v=2.1.5 HTTP/1.1" 200 48706
186.154.99.237 - - [10/Oct/2021:14:10:52 -0500] "POST /sipse/faces/presentacion/proyectos/proyecto/presupuesto/presupuestoEntreActividades/seleccionarActividadesDestino.xhtml HTTP/1.1" 200 45602
186.154.99.237 - - [10/Oct/2021:14:10:53 -0500] "GET /sipse/faces/javax.faces.resource/theme.css?ln=primefaces-sipse HTTP/1.1" 304 -
186.154.99.237 - - [10/Oct/2021:14:10:53 -0500] "GET /sipse/faces/javax.faces.resource/primefaces.css?ln=primefaces&v=4.0 HTTP/1.1" 304 -
186.154.99.237 - - [10/Oct/2021:14:10:53 -0500] "GET /sipse/faces/javax.faces.resource/layout/layout.css?ln=primefaces&v=4.0 HTTP/1.1" 304 -
186.154.99.237 - - [10/Oct/2021:14:10:53 -0500] "GET /sipse/faces/javax.faces.resource/jquery/jquery.js?ln=primefaces&v=4.0 HTTP/1.1" 304 -
186.154.99.237 - - [10/Oct/2021:14:10:53 -0500] "GET /sipse/faces/javax.faces.resource/jquery/jquery-plugins.js?ln=primefaces&v=4.0 HTTP/1.1" 304 -
186.154.99.237 - - [10/Oct/2021:14:10:53 -0500] "GET /sipse/faces/javax.faces.resource/primefaces.js?ln=primefaces&v=4.0 HTTP/1.1" 304 -
186.154.99.237 - - [10/Oct/2021:14:10:53 -0500] "GET /sipse/faces/javax.faces.resource/layout/layout.js?ln=primefaces&v=4.0 HTTP/1.1" 304 -
144.76.36.47 - - [10/Oct/2021:14:10:59 -0500] "GET /BLA/resoluciones/RESOLUCIONES%202010/6824.pdf HTTP/1.1" 200 696064
144.76.36.47 - - [10/Oct/2021:14:11:07 -0500] "GET /BLA/resoluciones/RESOLUCIONES%202010/0965.pdf HTTP/1.1" 200 440395
186.154.99.237 - - [10/Oct/2021:14:11:15 -0500] "POST /sipse/faces/presentacion/proyectos/proyecto/presupuesto/presupuestoEntreActividades/resumen.xhtml HTTP/1.1" 200 3228
144.76.36.47 - - [10/Oct/2021:14:11:16 -0500] "GET /BLA/resoluciones/RESOLUCIONES%202010/7590.pdf HTTP/1.1" 200 67189
144.76.36.47 - - [10/Oct/2021:14:11:25 -0500] "GET /BLA/resoluciones/RESOLUCIONES%202010/1664.pdf HTTP/1.1" 200 718051
201.245.192.253 - - [10/Oct/2021:14:11:30 -0500] "GET /catalogoisis/ HTTP/1.1" 200 8575
144.76.36.47 - - [10/Oct/2021:14:11:33 -0500] "GET /BLA/resoluciones/RESOLUCIONES%202010/0631.pdf HTTP/1.1" 200 553639
144.76.36.47 - - [10/Oct/2021:14:11:42 -0500] "GET /BLA/resoluciones/RESOLUCIONES%202010/1807.pdf HTTP/1.1" 200 908247
144.76.36.47 - - [10/Oct/2021:14:11:51 -0500] "GET /BLA/resoluciones/RESOLUCIONES%202010/7675.pdf HTTP/1.1" 200 382837
186.154.99.237 - - [10/Oct/2021:14:11:55 -0500] "POST /sipse/faces/presentacion/proyectos/proyecto/presupuesto/presupuestoEntreActividades/resumen.xhtml HTTP/1.1" 200 2358
144.76.36.47 - - [10/Oct/2021:14:12:01 -0500] "GET /BLA/resoluciones/RESOLUCIONES%202010/5918.pdf HTTP/1.1" 200 74638
144.76.36.47 - - [10/Oct/2021:14:12:09 -0500] "GET /BLA/resoluciones/RESOLUCIONES%202010/7355.pdf HTTP/1.1" 200 343780
186.154.99.237 - - [10/Oct/2021:14:12:09 -0500] "POST /sipse/faces/presentacion/proyectos/proyecto/presupuesto/presupuestoEntreActividades/resumen.xhtml HTTP/1.1" 200 2358
144.76.36.47 - - [10/Oct/2021:14:12:17 -0500] "GET /BLA/resoluciones/RESOLUCIONES%202010/3022.pdf HTTP/1.1" 200 1214142
144.76.36.47 - - [10/Oct/2021:14:12:21 -0500] "GET /BLA/resoluciones/RESOLUCIONES%202010/4209.pdf HTTP/1.1" 200 428401
144.76.36.47 - - [10/Oct/2021:14:12:30 -0500] "GET /BLA/resoluciones/RESOLUCIONES%202010/0440.pdf HTTP/1.1" 200 492697
45.146.164.110 - - [10/Oct/2021:14:12:32 -0500] "POST /api/jsonws/invoke HTTP/1.1" 404 1018
201.245.192.253 - - [10/Oct/2021:14:12:32 -0500] "GET /catalogoisis/ HTTP/1.1" 200 8575
45.146.164.110 - - [10/Oct/2021:14:12:32 -0500] "GET /vendor/phpunit/phpunit/src/Util/PHP/eval-stdin.php HTTP/1.1" 404 1018
191.69.124.163 - - [10/Oct/2021:14:12:33 -0500] "-" 408 -
45.146.164.110 - - [10/Oct/2021:14:12:33 -0500] "GET /solr/admin/info/system?wt=json HTTP/1.1" 404 1018
45.146.164.110 - - [10/Oct/2021:14:12:33 -0500] "GET /?XDEBUG_SESSION_START=phpstorm HTTP/1.1" 200 319
45.146.164.110 - - [10/Oct/2021:14:12:34 -0500] "GET /wp-content/plugins/wp-file-manager/readme.txt HTTP/1.1" 404 1018
45.146.164.110 - - [10/Oct/2021:14:12:34 -0500] "GET /console/ HTTP/1.1" 404 1018
186.154.99.237 - - [10/Oct/2021:14:12:32 -0500] "POST /sipse/faces/presentacion/proyectos/proyecto/presupuesto/presupuestoEntreActividades/resumen.xhtml HTTP/1.1" 200 63950
186.154.99.237 - - [10/Oct/2021:14:12:35 -0500] "GET /sipse/faces/javax.faces.resource/theme.css?ln=primefaces-sipse HTTP/1.1" 304 -
186.154.99.237 - - [10/Oct/2021:14:12:35 -0500] "GET /sipse/faces/javax.faces.resource/primefaces.css?ln=primefaces&v=4.0 HTTP/1.1" 304 -
186.154.99.237 - - [10/Oct/2021:14:12:35 -0500] "GET /sipse/faces/javax.faces.resource/layout/layout.css?ln=primefaces&v=4.0 HTTP/1.1" 304 -
186.154.99.237 - - [10/Oct/2021:14:12:35 -0500] "GET /sipse/faces/javax.faces.resource/jquery/jquery.js?ln=primefaces&v=4.0 HTTP/1.1" 304 -
186.154.99.237 - - [10/Oct/2021:14:12:35 -0500] "GET /sipse/faces/javax.faces.resource/jquery/jquery-plugins.js?ln=primefaces&v=4.0 HTTP/1.1" 304 -
186.154.99.237 - - [10/Oct/2021:14:12:35 -0500] "GET /sipse/faces/javax.faces.resource/primefaces.js?ln=primefaces&v=4.0 HTTP/1.1" 304 -
186.154.99.237 - - [10/Oct/2021:14:12:35 -0500] "GET /sipse/faces/javax.faces.resource/layout/layout.js?ln=primefaces&v=4.0 HTTP/1.1" 304 -
186.154.99.237 - - [10/Oct/2021:14:12:35 -0500] "GET /sipse/faces/javax.faces.resource/messages/messages.png?ln=primefaces&v=4.0 HTTP/1.1" 304 -
186.154.99.237 - - [10/Oct/2021:14:12:35 -0500] "POST /sipse/faces/presentacion/proyectos/proyecto/proyecto.xhtml HTTP/1.1" 200 3417
45.146.164.110 - - [10/Oct/2021:14:12:38 -0500] "POST /Autodiscover/Autodiscover.xml HTTP/1.1" 404 1018
45.146.164.110 - - [10/Oct/2021:14:12:38 -0500] "GET /_ignition/execute-solution HTTP/1.1" 404 1018
45.146.164.110 - - [10/Oct/2021:14:12:39 -0500] "GET /index.php?s=/Index/\\think\\app/invokefunction&function=call_user_func_array&vars[0]=md5&vars[1][]=HelloThinkPHP21 HTTP/1.1" 404 1018
45.146.164.110 - - [10/Oct/2021:14:12:39 -0500] "GET /?a=fetch&content=<php>die(@md5(HelloThinkCMF))</php> HTTP/1.1" 200 319
45.146.164.110 - - [10/Oct/2021:14:12:39 -0500] "POST /cgi-bin/.%2e/.%2e/.%2e/.%2e/bin/sh HTTP/1.1" 400 945
144.76.36.47 - - [10/Oct/2021:14:12:40 -0500] "GET /BLA/resoluciones/RESOLUCIONES%202010/4477.pdf HTTP/1.1" 200 397362
45.146.164.110 - - [10/Oct/2021:14:12:40 -0500] "GET / HTTP/1.1" 200 319
144.76.36.47 - - [10/Oct/2021:14:12:48 -0500] "GET /BLA/resoluciones/RESOLUCIONES%202010/0849.pdf HTTP/1.1" 200 100233
191.156.189.13 - - [10/Oct/2021:14:12:50 -0500] "GET /participa-en-el-conversatorio-sobre-el-manejo-del-abasto-instalado.html HTTP/1.1" 200 959
186.84.22.168 - - [10/Oct/2021:14:12:52 -0500] "GET /galeria/galeria/jquery.fancybox.css?v=2.1.5 HTTP/1.1" 200 4895
186.84.22.168 - - [10/Oct/2021:14:12:52 -0500] "GET /BLA/boletinlegal/js/jquery.scrollShow.js HTTP/1.1" 200 4586
186.84.22.168 - - [10/Oct/2021:14:12:52 -0500] "GET /galeria/galeria/jquery.fancybox.js?v=2.1.5 HTTP/1.1" 200 48706
144.76.36.47 - - [10/Oct/2021:14:12:57 -0500] "GET /BLA/resoluciones/RESOLUCIONES%202010/1068.pdf HTTP/1.1" 200 94979
144.76.36.47 - - [10/Oct/2021:14:13:05 -0500] "GET /BLA/resoluciones/RESOLUCIONES%202010/1422.pdf HTTP/1.1" 200 409084
144.76.36.47 - - [10/Oct/2021:14:13:13 -0500] "GET /BLA/resoluciones/RESOLUCIONES%202010/5878.pdf HTTP/1.1" 200 145368
144.76.36.47 - - [10/Oct/2021:14:13:21 -0500] "GET /BLA/resoluciones/RESOLUCIONES%202010/2540.pdf HTTP/1.1" 200 488842
144.76.36.47 - - [10/Oct/2021:14:13:30 -0500] "GET /BLA/resoluciones/RESOLUCIONES%202010/1100.pdf HTTP/1.1" 200 116462
201.245.192.253 - - [10/Oct/2021:14:13:32 -0500] "GET /catalogoisis/ HTTP/1.1" 200 8575
144.76.36.47 - - [10/Oct/2021:14:13:38 -0500] "GET /BLA/resoluciones/RESOLUCIONES%202010/6791.pdf HTTP/1.1" 200 402447
144.76.36.47 - - [10/Oct/2021:14:13:48 -0500] "GET /BLA/resoluciones/RESOLUCIONES%202010/4170.pdf HTTP/1.1" 200 755935
181.51.34.158 - - [10/Oct/2021:14:13:53 -0500] "-" 408 -
144.76.36.47 - - [10/Oct/2021:14:13:56 -0500] "GET /BLA/resoluciones/RESOLUCIONES%202010/7841.pdf HTTP/1.1" 200 100668
144.76.36.47 - - [10/Oct/2021:14:14:05 -0500] "GET /BLA/resoluciones/RESOLUCIONES%202010/7347.pdf HTTP/1.1" 200 336893
144.76.36.47 - - [10/Oct/2021:14:14:13 -0500] "GET /BLA/resoluciones/RESOLUCIONES%202010/1674.pdf HTTP/1.1" 200 398082
144.76.36.47 - - [10/Oct/2021:14:14:22 -0500] "GET /BLA/resoluciones/RESOLUCIONES%202010/0512.pdf HTTP/1.1" 200 105006
157.55.39.149 - - [10/Oct/2021:14:14:26 -0500] "GET /Residuos/farmaceutica/farmaceutica.html HTTP/1.1" 200 1967
144.76.36.47 - - [10/Oct/2021:14:14:31 -0500] "GET /BLA/resoluciones/RESOLUCIONES%202010/3940.pdf HTTP/1.1" 200 515441
217.182.171.12 - - [10/Oct/2021:14:14:32 -0500] "HEAD /BLA/resoluciones/RESOLUCIONES%202009/0759.pdf HTTP/1.1" 200 -
201.245.192.253 - - [10/Oct/2021:14:14:32 -0500] "GET /catalogoisis/ HTTP/1.1" 200 8575
144.76.36.47 - - [10/Oct/2021:14:14:40 -0500] "GET /BLA/resoluciones/RESOLUCIONES%202010/7685.pdf HTTP/1.1" 200 306761
216.245.221.92 - - [10/Oct/2021:14:14:42 -0500] "HEAD / HTTP/1.1" 200 -
144.76.36.47 - - [10/Oct/2021:14:14:50 -0500] "GET /BLA/resoluciones/RESOLUCIONES%202010/3207.pdf HTTP/1.1" 200 533590
201.245.192.253 - - [10/Oct/2021:14:14:06 -0500] "POST /kwsrmcab/Wsrmcab HTTP/1.1" 200 123033
144.76.36.47 - - [10/Oct/2021:14:14:58 -0500] "GET /BLA/resoluciones/RESOLUCIONES%202010/7712.pdf HTTP/1.1" 200 559402
144.76.36.47 - - [10/Oct/2021:14:15:08 -0500] "GET /BLA/resoluciones/RESOLUCIONES%202010/1167.pdf HTTP/1.1" 200 99455
144.76.36.47 - - [10/Oct/2021:14:15:17 -0500] "GET /BLA/resoluciones/RESOLUCIONES%202010/7332.pdf HTTP/1.1" 200 517357
40.77.202.123 - - [10/Oct/2021:14:15:21 -0500] "GET /galeria/nivo-slider/themes/pascal/pascal.css HTTP/1.1" 200 2258
40.77.202.123 - - [10/Oct/2021:14:15:21 -0500] "GET /galeria/nivo-slider/demo/style.css HTTP/1.1" 200 2222
144.76.36.47 - - [10/Oct/2021:14:15:25 -0500] "GET /BLA/resoluciones/RESOLUCIONES%202010/1556.pdf HTTP/1.1" 200 334543
181.53.12.191 - - [10/Oct/2021:14:15:30 -0500] "GET /galeria/galeria/jquery.fancybox.css?v=2.1.5 HTTP/1.1" 200 4895
181.53.12.191 - - [10/Oct/2021:14:15:31 -0500] "GET /BLA/boletinlegal/js/jquery.scrollShow.js HTTP/1.1" 200 4586
181.53.12.191 - - [10/Oct/2021:14:15:31 -0500] "GET /galeria/galeria/jquery.fancybox.js?v=2.1.5 HTTP/1.1" 200 48706
181.53.12.191 - - [10/Oct/2021:14:15:31 -0500] "GET /galeria/carrusel/Carrusel/jquery.thumbnailScroller.css HTTP/1.1" 200 2066
181.53.12.191 - - [10/Oct/2021:14:15:31 -0500] "GET /galeria/carrusel/Carrusel/jquery-ui-1.8.13.custom.min.js HTTP/1.1" 200 10800
181.53.12.191 - - [10/Oct/2021:14:15:31 -0500] "GET /galeria/carrusel/Carrusel/jquery.thumbnailScroller.js HTTP/1.1" 200 8157
181.53.12.191 - - [10/Oct/2021:14:15:32 -0500] "GET /galeria/nivo-slider/demo/banner.html HTTP/1.1" 200 5446
181.53.12.191 - - [10/Oct/2021:14:15:33 -0500] "GET /galeria/nivo-slider/themes/default/default.css HTTP/1.1" 200 1569
181.53.12.191 - - [10/Oct/2021:14:15:33 -0500] "GET /galeria/nivo-slider/themes/orman/orman.css HTTP/1.1" 200 2152
181.53.12.191 - - [10/Oct/2021:14:15:33 -0500] "GET /galeria/nivo-slider/nivo-slider.css HTTP/1.1" 200 1507
181.53.12.191 - - [10/Oct/2021:14:15:33 -0500] "GET /galeria/nivo-slider/themes/pascal/pascal.css HTTP/1.1" 200 2258
181.53.12.191 - - [10/Oct/2021:14:15:33 -0500] "GET /galeria/nivo-slider/demo/style.css HTTP/1.1" 200 2222
181.53.12.191 - - [10/Oct/2021:14:15:33 -0500] "GET /galeria/nivo-slider/demo/images/bannertortuga_optimized.jpg HTTP/1.1" 200 39066
181.53.12.191 - - [10/Oct/2021:14:15:33 -0500] "GET /galeria/nivo-slider/demo/images/Bannermujeresquereverdecen.jpg HTTP/1.1" 200 46558
144.76.36.47 - - [10/Oct/2021:14:15:33 -0500] "GET /BLA/resoluciones/RESOLUCIONES%202010/6342.pdf HTTP/1.1" 200 458346
201.245.192.253 - - [10/Oct/2021:14:15:33 -0500] "GET /catalogoisis/ HTTP/1.1" 200 8575
181.53.12.191 - - [10/Oct/2021:14:15:34 -0500] "GET /galeria/nivo-slider/demo/scripts/jquery-1.7.1.min.js HTTP/1.1" 200 93868
181.53.12.191 - - [10/Oct/2021:14:15:34 -0500] "GET /galeria/nivo-slider/themes/default/loading.gif HTTP/1.1" 200 1737
181.53.12.191 - - [10/Oct/2021:14:15:34 -0500] "GET /galeria/nivo-slider/jquery.nivo.slider.pack.js HTTP/1.1" 200 11561
181.53.12.191 - - [10/Oct/2021:14:15:34 -0500] "GET /galeria/nivo-slider/demo/images/bannertrafico_optimized.jpg HTTP/1.1" 200 42578
186.82.12.30 - - [10/Oct/2021:14:15:34 -0500] "GET /galeria/galeria/jquery.fancybox.js?v=2.1.5 HTTP/1.1" 200 48706
186.82.12.30 - - [10/Oct/2021:14:15:34 -0500] "GET /galeria/galeria/jquery.fancybox.css?v=2.1.5 HTTP/1.1" 200 4895
181.53.12.191 - - [10/Oct/2021:14:15:35 -0500] "GET /galeria/nivo-slider/demo/images/Bannersedeelectronica.jpg HTTP/1.1" 200 40383
181.53.12.191 - - [10/Oct/2021:14:15:35 -0500] "GET /galeria/nivo-slider/demo/images/bannerrutaesperanza.jpg HTTP/1.1" 200 55560
181.53.12.191 - - [10/Oct/2021:14:15:36 -0500] "GET /galeria/nivo-slider/demo/images/Bannerplasticosseptiembre.jpg HTTP/1.1" 200 45633
181.53.12.191 - - [10/Oct/2021:14:15:36 -0500] "GET /galeria/nivo-slider/demo/images/banneraire2021.jpg HTTP/1.1" 200 265101
181.53.12.191 - - [10/Oct/2021:14:15:36 -0500] "GET /galeria/nivo-slider/demo/images/bannerresiduoshospitalariosagosto.jpg HTTP/1.1" 200 36499
181.53.12.191 - - [10/Oct/2021:14:15:36 -0500] "GET /galeria/nivo-slider/demo/images/banneraccionpopularcrr68.jpg HTTP/1.1" 200 51887
181.53.12.191 - - [10/Oct/2021:14:15:36 -0500] "GET /galeria/nivo-slider/demo/images/banneraccionpopular.jpeg HTTP/1.1" 200 41707
181.53.12.191 - - [10/Oct/2021:14:15:36 -0500] "GET /galeria/nivo-slider/demo/images/bannerclases2021.jpg HTTP/1.1" 200 68230
181.53.12.191 - - [10/Oct/2021:14:15:36 -0500] "GET /galeria/nivo-slider/demo/images/bannercapacitacionesbogota.jpg HTTP/1.1" 200 42416
181.53.12.191 - - [10/Oct/2021:14:15:36 -0500] "GET /galeria/nivo-slider/demo/images/Bannerenvases.jpg HTTP/1.1" 200 37316
181.53.12.191 - - [10/Oct/2021:14:15:36 -0500] "GET /galeria/nivo-slider/demo/images/Bannervirtualescanales.jpg HTTP/1.1" 200 174544
181.53.12.191 - - [10/Oct/2021:14:15:36 -0500] "GET /galeria/nivo-slider/demo/images/4Simple_Slider.png HTTP/1.1" 200 11722
181.53.12.191 - - [10/Oct/2021:14:15:37 -0500] "GET /galeria/nivo-slider/themes/default/arrows.png HTTP/1.1" 200 824
181.53.12.191 - - [10/Oct/2021:14:15:37 -0500] "GET /galeria/nivo-slider/themes/default/bullets.png HTTP/1.1" 200 1281
66.249.66.139 - - [10/Oct/2021:14:15:39 -0500] "-" 408 -
144.76.36.47 - - [10/Oct/2021:14:15:42 -0500] "GET /BLA/resoluciones/RESOLUCIONES%202010/6915.pdf HTTP/1.1" 200 67989
190.25.242.140 - - [10/Oct/2021:14:15:50 -0500] "GET /BLA/boletinlegal/js/jquery.scrollShow.js HTTP/1.1" 200 4586
190.25.242.140 - - [10/Oct/2021:14:15:50 -0500] "GET /galeria/galeria/jquery.fancybox.css?v=2.1.5 HTTP/1.1" 200 4895
190.25.242.140 - - [10/Oct/2021:14:15:50 -0500] "GET /galeria/galeria/jquery.fancybox.js?v=2.1.5 HTTP/1.1" 200 48706
144.76.36.47 - - [10/Oct/2021:14:15:50 -0500] "GET /BLA/resoluciones/RESOLUCIONES%202010/5615.pdf HTTP/1.1" 200 1322590
190.25.242.140 - - [10/Oct/2021:14:15:51 -0500] "GET /autoliquidacion2020 HTTP/1.1" 301 250
190.25.242.140 - - [10/Oct/2021:14:15:51 -0500] "GET /autoliquidacion2020/ HTTP/1.1" 200 6146
190.25.242.140 - - [10/Oct/2021:14:15:51 -0500] "GET /autoliquidacion2020/dlf/folder.png HTTP/1.1" 200 410
190.25.242.140 - - [10/Oct/2021:14:15:51 -0500] "GET /autoliquidacion2020/dlf/styles.css HTTP/1.1" 200 3045
190.25.242.140 - - [10/Oct/2021:14:15:51 -0500] "GET /autoliquidacion2020/dlf/bg.gif HTTP/1.1" 200 54
144.76.36.47 - - [10/Oct/2021:14:16:04 -0500] "GET /BLA/resoluciones/RESOLUCIONES%202010/5554.pdf HTTP/1.1" 200 340553
190.25.242.140 - - [10/Oct/2021:14:16:05 -0500] "GET /autoliquidacion2020/index.php?dir=Grupo+Forestal+-+Silvicultura%2F HTTP/1.1" 200 2799
190.25.242.140 - - [10/Oct/2021:14:16:05 -0500] "GET /autoliquidacion2020/dlf/html.gif HTTP/1.1" 200 632
190.25.242.140 - - [10/Oct/2021:14:16:05 -0500] "GET /autoliquidacion2020/dlf/dirup.png HTTP/1.1" 200 644
190.25.242.140 - - [10/Oct/2021:14:16:10 -0500] "GET /autoliquidacion2020/index.php?dir=Grupo+Forestal+-+Silvicultura%2FControl+y+Seguimiento+a+las+Actividades+Silviculturales%2F HTTP/1.1" 200 3539
190.25.242.140 - - [10/Oct/2021:14:16:10 -0500] "GET /autoliquidacion2020/dlf/unknown.png HTTP/1.1" 200 266
190.25.242.140 - - [10/Oct/2021:14:16:10 -0500] "GET /autoliquidacion2020/dlf/xls.gif HTTP/1.1" 200 636
144.76.36.47 - - [10/Oct/2021:14:16:13 -0500] "GET /BLA/resoluciones/RESOLUCIONES%202010/4299.pdf HTTP/1.1" 200 497241
181.140.66.158 - - [10/Oct/2021:14:16:13 -0500] "GET /galeria/galeria/jquery.fancybox.css?v=2.1.5 HTTP/1.1" 200 4895
181.140.66.158 - - [10/Oct/2021:14:16:13 -0500] "GET /BLA/boletinlegal/js/jquery.scrollShow.js HTTP/1.1" 200 4586
181.140.66.158 - - [10/Oct/2021:14:16:13 -0500] "GET /galeria/galeria/jquery.fancybox.js?v=2.1.5 HTTP/1.1" 200 48706
190.25.242.140 - - [10/Oct/2021:14:16:14 -0500] "GET /autoliquidacion2020/Grupo%20Forestal%20-%20Silvicultura/Control%20y%20Seguimiento%20a%20las%20Actividades%20Silviculturales/PM04-PR29-F7%20Ficha%20tecnica%20de%20registro%20de%20poda.xlsm HTTP/1.1" 200 60449
190.25.242.140 - - [10/Oct/2021:14:16:18 -0500] "GET /autoliquidacion2020/Grupo%20Forestal%20-%20Silvicultura/Control%20y%20Seguimiento%20a%20las%20Actividades%20Silviculturales/PM04-PR29-F8%20Formato%20de%20ejecuci%C3%B3n%20de%20actividades%20silviculturales.xlsx HTTP/1.1" 200 192958
144.76.36.47 - - [10/Oct/2021:14:16:23 -0500] "GET /BLA/resoluciones/RESOLUCIONES%202010/7849.pdf HTTP/1.1" 200 71953
144.76.36.47 - - [10/Oct/2021:14:16:31 -0500] "GET /BLA/resoluciones/RESOLUCIONES%202010/4303.pdf HTTP/1.1" 200 498619
201.245.192.253 - - [10/Oct/2021:14:16:34 -0500] "GET /catalogoisis/ HTTP/1.1" 200 8575
144.76.36.47 - - [10/Oct/2021:14:16:40 -0500] "GET /BLA/resoluciones/RESOLUCIONES%202010/7846.pdf HTTP/1.1" 200 37776
144.76.36.47 - - [10/Oct/2021:14:16:48 -0500] "GET /BLA/resoluciones/RESOLUCIONES%202010/5673.pdf HTTP/1.1" 200 85249
191.156.143.0 - - [10/Oct/2021:14:16:50 -0500] "GET /galeria/galeria/jquery.fancybox.css?v=2.1.5 HTTP/1.1" 200 4895
191.156.143.0 - - [10/Oct/2021:14:16:50 -0500] "GET /BLA/boletinlegal/js/jquery.scrollShow.js HTTP/1.1" 200 4586
191.156.143.0 - - [10/Oct/2021:14:16:50 -0500] "GET /galeria/galeria/jquery.fancybox.js?v=2.1.5 HTTP/1.1" 200 48706
144.76.36.47 - - [10/Oct/2021:14:16:57 -0500] "GET /BLA/resoluciones/RESOLUCIONES%202010/1111.pdf HTTP/1.1" 200 120574
144.76.36.47 - - [10/Oct/2021:14:17:06 -0500] "GET /BLA/resoluciones/RESOLUCIONES%202010/2528.pdf HTTP/1.1" 200 491991
190.25.242.140 - - [10/Oct/2021:14:17:12 -0500] "GET /autoliquidacion2020/index.php?dir=Grupo+Forestal+-+Silvicultura%2F HTTP/1.1" 200 2799
144.76.36.47 - - [10/Oct/2021:14:17:14 -0500] "GET /BLA/resoluciones/RESOLUCIONES%202010/6062.pdf HTTP/1.1" 200 641594
190.25.242.140 - - [10/Oct/2021:14:17:15 -0500] "GET /autoliquidacion2020/index.php?dir=Grupo+Forestal+-+Silvicultura%2FPermiso+o+autorizaci%F3n+para+aprovechamiento+forestal+de+%E1rboles+aislados%2F HTTP/1.1" 200 3777
190.25.242.140 - - [10/Oct/2021:14:17:18 -0500] "GET /autoliquidacion2020/Grupo%20Forestal%20-%20Silvicultura/Permiso%20o%20autorizaci%C3%B3n%20para%20aprovechamiento%20forestal%20de%20%C3%A1rboles%20aislados/PM04-PR30-F3%20Ficha%20tecnica%20de%20registro%20Ficha%202.docx HTTP/1.1" 200 44141
144.76.36.47 - - [10/Oct/2021:14:17:24 -0500] "GET /BLA/resoluciones/RESOLUCIONES%202010/2111.pdf HTTP/1.1" 200 687651
190.69.234.100 - - [10/Oct/2021:14:17:26 -0500] "GET /sipse/faces/javax.faces.resource/images/ui-icons_898989_256x240.png?ln=primefaces-aristo HTTP/1.1" 304 -
144.76.36.47 - - [10/Oct/2021:14:17:33 -0500] "GET /BLA/resoluciones/RESOLUCIONES%202010/6541.pdf HTTP/1.1" 200 351480
201.245.192.253 - - [10/Oct/2021:14:17:35 -0500] "GET /catalogoisis/ HTTP/1.1" 200 8575
144.76.36.47 - - [10/Oct/2021:14:17:42 -0500] "GET /BLA/resoluciones/RESOLUCIONES%202010/2092.pdf HTTP/1.1" 200 347720
190.69.234.100 - - [10/Oct/2021:14:17:48 -0500] "POST /sipse/faces/presentacion/financiero/solicitudProceso/listarSolicitudProceso.xhtml HTTP/1.1" 200 118781
190.69.234.100 - - [10/Oct/2021:14:17:49 -0500] "GET /sipse/faces/javax.faces.resource/theme.css?ln=primefaces-sipse HTTP/1.1" 304 -
190.69.234.100 - - [10/Oct/2021:14:17:49 -0500] "GET /sipse/faces/javax.faces.resource/layout/layout.css?ln=primefaces&v=4.0 HTTP/1.1" 304 -
190.69.234.100 - - [10/Oct/2021:14:17:49 -0500] "GET /sipse/css/imagen/contrasena.png HTTP/1.1" 404 383
190.69.234.100 - - [10/Oct/2021:14:17:49 -0500] "GET /sipse/faces/javax.faces.resource/primefaces.css?ln=primefaces&v=4.0 HTTP/1.1" 304 -
190.69.234.100 - - [10/Oct/2021:14:17:49 -0500] "GET /sipse/faces/javax.faces.resource/jquery/jquery.js?ln=primefaces&v=4.0 HTTP/1.1" 304 -
190.69.234.100 - - [10/Oct/2021:14:17:49 -0500] "GET /sipse/faces/javax.faces.resource/jquery/jquery-plugins.js?ln=primefaces&v=4.0 HTTP/1.1" 304 -
190.69.234.100 - - [10/Oct/2021:14:17:49 -0500] "GET /sipse/faces/javax.faces.resource/primefaces.js?ln=primefaces&v=4.0 HTTP/1.1" 304 -
190.69.234.100 - - [10/Oct/2021:14:17:49 -0500] "GET /sipse/faces/javax.faces.resource/layout/layout.js?ln=primefaces&v=4.0 HTTP/1.1" 304 -
190.69.234.100 - - [10/Oct/2021:14:17:49 -0500] "GET /reportes_sipse/sdg/ServletReporte?reporte=experienia_idoneidad&solicitud=15057&pfdrid_c=false HTTP/1.1" 200 168655
144.76.36.47 - - [10/Oct/2021:14:17:51 -0500] "GET /BLA/resoluciones/RESOLUCIONES%202010/5664.pdf HTTP/1.1" 200 79152
144.76.36.47 - - [10/Oct/2021:14:17:59 -0500] "GET /BLA/resoluciones/RESOLUCIONES%202010/5919.pdf HTTP/1.1" 200 79090
144.76.36.47 - - [10/Oct/2021:14:18:08 -0500] "GET /BLA/resoluciones/RESOLUCIONES%202010/2492.pdf HTTP/1.1" 200 374812
190.69.234.100 - - [10/Oct/2021:14:18:14 -0500] "POST /sipse/faces/presentacion/financiero/solicitudProceso/consultarSolicitudProceso.xhtml HTTP/1.1" 200 171827
144.76.36.47 - - [10/Oct/2021:14:18:16 -0500] "GET /BLA/resoluciones/RESOLUCIONES%202010/0123.pdf HTTP/1.1" 200 390492
144.76.36.47 - - [10/Oct/2021:14:18:25 -0500] "GET /BLA/resoluciones/RESOLUCIONES%202010/1393.pdf HTTP/1.1" 200 481127
186.80.246.200 - - [10/Oct/2021:14:18:26 -0500] "GET /galeria/galeria/fotos/Soratama1P.jpg HTTP/1.1" 200 9622
186.80.246.200 - - [10/Oct/2021:14:18:26 -0500] "GET /galeria/galeria/fotos/Soratama2P.jpg HTTP/1.1" 200 10548
186.80.246.200 - - [10/Oct/2021:14:18:26 -0500] "GET /galeria/galeria/fotos/Soratama3P.jpg HTTP/1.1" 200 11298
186.80.246.200 - - [10/Oct/2021:14:18:26 -0500] "GET /galeria/galeria/fotos/Soratama4P.jpg HTTP/1.1" 200 10482
144.76.36.47 - - [10/Oct/2021:14:18:35 -0500] "GET /BLA/resoluciones/RESOLUCIONES%202010/5762.pdf HTTP/1.1" 200 4344645
201.245.192.253 - - [10/Oct/2021:14:18:36 -0500] "GET /catalogoisis/ HTTP/1.1" 200 8575
144.76.36.47 - - [10/Oct/2021:14:18:38 -0500] "GET /BLA/resoluciones/RESOLUCIONES%202010/3787.pdf HTTP/1.1" 200 721211
177.236.3.62 - - [10/Oct/2021:14:18:45 -0500] "GET /galeria/galeria/jquery.fancybox.css?v=2.1.5 HTTP/1.1" 200 4895
177.236.3.62 - - [10/Oct/2021:14:18:45 -0500] "GET /BLA/boletinlegal/js/jquery.scrollShow.js HTTP/1.1" 200 4586
177.236.3.62 - - [10/Oct/2021:14:18:45 -0500] "GET /galeria/galeria/jquery.fancybox.js?v=2.1.5 HTTP/1.1" 200 48706
144.76.36.47 - - [10/Oct/2021:14:18:47 -0500] "GET /BLA/resoluciones/RESOLUCIONES%202010/0629.pdf HTTP/1.1" 200 538756
23.100.232.233 - - [10/Oct/2021:14:18:49 -0500] "GET /BLA/boletinlegal/js/jquery.scrollShow.js HTTP/1.1" 200 4586
23.100.232.233 - - [10/Oct/2021:14:18:49 -0500] "GET /galeria/galeria/jquery.fancybox.js?v=2.1.5 HTTP/1.1" 200 48706
23.100.232.233 - - [10/Oct/2021:14:18:49 -0500] "GET /galeria/galeria/jquery.fancybox.css?v=2.1.5 HTTP/1.1" 200 4895
144.76.36.47 - - [10/Oct/2021:14:18:57 -0500] "GET /BLA/resoluciones/RESOLUCIONES%202010/3456.pdf HTTP/1.1" 200 515137
144.76.36.47 - - [10/Oct/2021:14:19:05 -0500] "GET /BLA/resoluciones/RESOLUCIONES%202010/3090.pdf HTTP/1.1" 200 122771
144.76.36.47 - - [10/Oct/2021:14:19:13 -0500] "GET /BLA/resoluciones/RESOLUCIONES%202010/1273.pdf HTTP/1.1" 200 102440
144.76.36.47 - - [10/Oct/2021:14:19:21 -0500] "GET /BLA/resoluciones/RESOLUCIONES%202010/2817.pdf HTTP/1.1" 200 761916
144.76.36.47 - - [10/Oct/2021:14:19:31 -0500] "GET /BLA/resoluciones/RESOLUCIONES%202010/3479.pdf HTTP/1.1" 200 514091
201.245.192.253 - - [10/Oct/2021:14:19:37 -0500] "GET /catalogoisis/ HTTP/1.1" 200 8575
144.76.36.47 - - [10/Oct/2021:14:19:39 -0500] "GET /BLA/resoluciones/RESOLUCIONES%202010/4298.pdf HTTP/1.1" 200 497655
186.29.181.113 - - [10/Oct/2021:14:19:41 -0500] "GET /galeria/galeria/jquery.fancybox.css?v=2.1.5 HTTP/1.1" 200 4895
186.29.181.113 - - [10/Oct/2021:14:19:41 -0500] "GET /BLA/boletinlegal/js/jquery.scrollShow.js HTTP/1.1" 200 4586
186.29.181.113 - - [10/Oct/2021:14:19:41 -0500] "GET /galeria/galeria/jquery.fancybox.js?v=2.1.5 HTTP/1.1" 200 48706
216.245.221.92 - - [10/Oct/2021:14:19:42 -0500] "HEAD / HTTP/1.1" 200 -
144.76.36.47 - - [10/Oct/2021:14:19:48 -0500] "GET /BLA/resoluciones/RESOLUCIONES%202010/5547.pdf HTTP/1.1" 200 354063
190.25.242.140 - - [10/Oct/2021:14:19:54 -0500] "GET /autoliquidacion2020/Grupo%20Forestal%20-%20Silvicultura/Permiso%20o%20autorizaci%C3%B3n%20para%20aprovechamiento%20forestal%20de%20%C3%A1rboles%20aislados/PM04-PR30-F1%20Formulario%20de%20solicitud%20de%20manejo%20o%20aprovechamiento%20forestal.xlsx HTTP/1.1" 200 69007
