190.27.74.96 - - [17/Oct/2021:16:24:05 -0500] "POST /sipse/faces/presentacion/financiero/solicitudProceso/listarSolicitudProceso.xhtml HTTP/1.1" 200 1344
190.27.74.96 - - [17/Oct/2021:16:24:05 -0500] "POST /sipse/faces/presentacion/financiero/solicitudProceso/listarSolicitudProceso.xhtml HTTP/1.1" 200 1344
190.27.74.96 - - [17/Oct/2021:16:24:06 -0500] "POST /sipse/faces/presentacion/financiero/solicitudProceso/listarSolicitudProceso.xhtml HTTP/1.1" 200 1344
190.27.74.96 - - [17/Oct/2021:16:24:06 -0500] "POST /sipse/faces/presentacion/financiero/solicitudProceso/listarSolicitudProceso.xhtml HTTP/1.1" 200 1344
190.27.74.96 - - [17/Oct/2021:16:24:06 -0500] "POST /sipse/faces/presentacion/financiero/solicitudProceso/listarSolicitudProceso.xhtml HTTP/1.1" 200 1344
190.27.74.96 - - [17/Oct/2021:16:24:09 -0500] "POST /sipse/faces/presentacion/financiero/solicitudProceso/listarSolicitudProceso.xhtml HTTP/1.1" 200 4986
190.27.74.96 - - [17/Oct/2021:16:24:10 -0500] "POST /sipse/faces/presentacion/financiero/solicitudProceso/listarSolicitudProceso.xhtml HTTP/1.1" 200 113013
190.27.74.96 - - [17/Oct/2021:16:24:11 -0500] "GET /sipse/faces/javax.faces.resource/theme.css?ln=primefaces-sipse HTTP/1.1" 304 -
190.27.74.96 - - [17/Oct/2021:16:24:11 -0500] "GET /sipse/faces/javax.faces.resource/primefaces.css?ln=primefaces&v=4.0 HTTP/1.1" 304 -
190.27.74.96 - - [17/Oct/2021:16:24:11 -0500] "GET /sipse/faces/javax.faces.resource/layout/layout.css?ln=primefaces&v=4.0 HTTP/1.1" 304 -
190.27.74.96 - - [17/Oct/2021:16:24:11 -0500] "GET /sipse/faces/javax.faces.resource/jquery/jquery.js?ln=primefaces&v=4.0 HTTP/1.1" 304 -
190.27.74.96 - - [17/Oct/2021:16:24:11 -0500] "GET /sipse/faces/javax.faces.resource/jquery/jquery-plugins.js?ln=primefaces&v=4.0 HTTP/1.1" 304 -
190.27.74.96 - - [17/Oct/2021:16:24:11 -0500] "GET /sipse/faces/javax.faces.resource/primefaces.js?ln=primefaces&v=4.0 HTTP/1.1" 304 -
190.27.74.96 - - [17/Oct/2021:16:24:11 -0500] "GET /sipse/faces/javax.faces.resource/layout/layout.js?ln=primefaces&v=4.0 HTTP/1.1" 304 -
190.27.74.96 - - [17/Oct/2021:16:24:12 -0500] "GET /sipse/css/imagen/contrasena.png HTTP/1.1" 404 383
190.27.74.96 - - [17/Oct/2021:16:24:12 -0500] "GET /sipse/faces/javax.faces.resource/dynamiccontent.properties?ln=primefaces&pfdrid=XjOR5%2F%2FfPAZAuY9TpWQeCiM0BhlXxYRBGKi%2FQcXXfeA%3D&pfdrid_c=false HTTP/1.1" 500 383
190.27.74.96 - - [17/Oct/2021:16:24:16 -0500] "POST /sipse/faces/presentacion/financiero/solicitudProceso/consultarSolicitudProceso.xhtml HTTP/1.1" 200 255648
201.245.192.253 - - [17/Oct/2021:16:24:19 -0500] "GET /catalogoisis/ HTTP/1.1" 200 8575
186.155.14.149 - - [17/Oct/2021:16:24:31 -0500] "POST /BLA/boletinlegal/admin/actos/ingresar.php HTTP/1.1" 200 7236
168.119.138.106 - - [17/Oct/2021:16:24:46 -0500] "GET /BLA/resoluciones/RESOLUCIONES%202019/2143.pdf HTTP/1.1" 200 283469
201.245.192.253 - - [17/Oct/2021:16:25:20 -0500] "GET /catalogoisis/ HTTP/1.1" 200 8575
201.245.192.253 - - [17/Oct/2021:16:24:37 -0500] "POST /kwsrmcab/Wsrmcab HTTP/1.1" 200 111864
168.119.138.106 - - [17/Oct/2021:16:25:28 -0500] "GET /BLA/resoluciones/RESOLUCIONES%202019/0494.pdf HTTP/1.1" 200 215850
201.185.100.159 - - [17/Oct/2021:16:25:32 -0500] "GET /galeria/galeria/jquery.fancybox.css?v=2.1.5 HTTP/1.1" 200 4895
201.185.100.159 - - [17/Oct/2021:16:25:33 -0500] "GET /BLA/boletinlegal/js/jquery.scrollShow.js HTTP/1.1" 200 4586
201.185.100.159 - - [17/Oct/2021:16:25:33 -0500] "GET /galeria/galeria/jquery.fancybox.js?v=2.1.5 HTTP/1.1" 200 48706
192.141.244.138 - - [17/Oct/2021:16:25:34 -0500] "GET /galeria/galeria/jquery.fancybox.css?v=2.1.5 HTTP/1.1" 200 4895
192.141.244.138 - - [17/Oct/2021:16:25:34 -0500] "GET /BLA/boletinlegal/js/jquery.scrollShow.js HTTP/1.1" 200 4586
192.141.244.138 - - [17/Oct/2021:16:25:34 -0500] "GET /galeria/galeria/jquery.fancybox.js?v=2.1.5 HTTP/1.1" 200 48706
216.245.221.92 - - [17/Oct/2021:16:25:38 -0500] "HEAD / HTTP/1.1" 200 -
5.45.207.69 - - [17/Oct/2021:16:25:46 -0500] "-" 408 -
186.155.14.149 - - [17/Oct/2021:16:25:48 -0500] "POST /BLA/boletinlegal/admin/actos/ingresar.php HTTP/1.1" 200 2102
186.155.14.149 - - [17/Oct/2021:16:26:00 -0500] "GET /BLA/boletinlegal/admin/actos/ingresar.php HTTP/1.1" 200 7143
186.102.27.150 - - [17/Oct/2021:16:26:01 -0500] "GET /galeria/galeria/jquery.fancybox.css?v=2.1.5 HTTP/1.1" 200 4895
186.102.27.150 - - [17/Oct/2021:16:26:01 -0500] "GET /BLA/boletinlegal/js/jquery.scrollShow.js HTTP/1.1" 200 4586
186.102.27.150 - - [17/Oct/2021:16:26:01 -0500] "GET /galeria/galeria/jquery.fancybox.js?v=2.1.5 HTTP/1.1" 200 48706
186.1.185.90 - - [17/Oct/2021:16:26:04 -0500] "GET /galeria/galeria/jquery.fancybox.css?v=2.1.5 HTTP/1.1" 200 4895
186.1.185.90 - - [17/Oct/2021:16:26:04 -0500] "GET /BLA/boletinlegal/js/jquery.scrollShow.js HTTP/1.1" 200 4586
186.1.185.90 - - [17/Oct/2021:16:26:04 -0500] "GET /galeria/galeria/jquery.fancybox.js?v=2.1.5 HTTP/1.1" 200 48706
40.77.189.189 - - [17/Oct/2021:16:26:06 -0500] "GET /svr-ciudadano/css/bootstrap.min.css HTTP/1.1" 200 113498
40.77.190.176 - - [17/Oct/2021:16:26:06 -0500] "GET /svr-ciudadano/css/dataTables.bootstrap.css HTTP/1.1" 200 7678
40.77.189.64 - - [17/Oct/2021:16:26:07 -0500] "GET /svr-ciudadano/js/jquery.min.js HTTP/1.1" 200 95786
40.77.188.110 - - [17/Oct/2021:16:26:07 -0500] "GET /svr-ciudadano/js/bootstrap.min.js HTTP/1.1" 200 35601
40.77.188.202 - - [17/Oct/2021:16:26:07 -0500] "GET /svr-ciudadano/js/dataTables.bootstrap.js HTTP/1.1" 200 4287
40.77.189.189 - - [17/Oct/2021:16:26:07 -0500] "GET /svr-ciudadano/js/jquery.dataTables.min.js HTTP/1.1" 200 153451
40.77.188.149 - - [17/Oct/2021:16:26:07 -0500] "GET /svr-ciudadano/js/dataTables.bootstrap.js HTTP/1.1" 200 4287
168.119.138.106 - - [17/Oct/2021:16:26:07 -0500] "GET /BLA/resoluciones/RESOLUCIONES%202019/3643.pdf HTTP/1.1" 200 9942149
186.29.11.109 - - [17/Oct/2021:16:26:14 -0500] "GET /galeria/galeria/jquery.fancybox.css?v=2.1.5 HTTP/1.1" 200 4895
181.58.39.226 - - [17/Oct/2021:16:26:20 -0500] "GET /galeria/galeria/jquery.fancybox.css?v=2.1.5 HTTP/1.1" 200 4895
181.58.39.226 - - [17/Oct/2021:16:26:20 -0500] "GET /BLA/boletinlegal/js/jquery.scrollShow.js HTTP/1.1" 200 4586
181.58.39.226 - - [17/Oct/2021:16:26:20 -0500] "GET /galeria/galeria/jquery.fancybox.js?v=2.1.5 HTTP/1.1" 200 48706
201.245.192.253 - - [17/Oct/2021:16:26:21 -0500] "GET /catalogoisis/ HTTP/1.1" 200 8575
168.119.138.106 - - [17/Oct/2021:16:26:43 -0500] "GET /BLA/resoluciones/RESOLUCIONES%202019/2709.pdf HTTP/1.1" 200 467698
168.119.138.106 - - [17/Oct/2021:16:27:21 -0500] "GET /BLA/resoluciones/RESOLUCIONES%202019/3219.pdf HTTP/1.1" 200 386893
201.245.192.253 - - [17/Oct/2021:16:27:22 -0500] "GET /catalogoisis/ HTTP/1.1" 200 8575
186.155.14.149 - - [17/Oct/2021:16:27:28 -0500] "POST /BLA/boletinlegal/admin/actos/ingresar.php HTTP/1.1" 200 7236
189.156.227.232 - - [17/Oct/2021:16:27:53 -0500] "GET /BLA/boletinlegal/js/jquery.scrollShow.js HTTP/1.1" 200 4586
189.156.227.232 - - [17/Oct/2021:16:27:53 -0500] "GET /galeria/galeria/jquery.fancybox.js?v=2.1.5 HTTP/1.1" 200 48706
189.156.227.232 - - [17/Oct/2021:16:27:53 -0500] "GET /galeria/galeria/jquery.fancybox.css?v=2.1.5 HTTP/1.1" 200 4895
168.119.138.106 - - [17/Oct/2021:16:28:00 -0500] "GET /BLA/resoluciones/RESOLUCIONES%202019/2003.pdf HTTP/1.1" 200 709590
191.156.45.249 - - [17/Oct/2021:16:28:03 -0500] "GET /galeria/galeria/jquery.fancybox.css?v=2.1.5 HTTP/1.1" 200 4895
191.156.46.103 - - [17/Oct/2021:16:28:03 -0500] "GET /galeria/galeria/jquery.fancybox.js?v=2.1.5 HTTP/1.1" 200 48706
191.156.45.249 - - [17/Oct/2021:16:28:03 -0500] "GET /BLA/boletinlegal/js/jquery.scrollShow.js HTTP/1.1" 200 4586
201.245.192.253 - - [17/Oct/2021:16:28:21 -0500] "GET /catalogoisis/ HTTP/1.1" 200 8575
186.30.149.70 - - [17/Oct/2021:16:28:34 -0500] "GET /BLA/boletinlegal/js/jquery.scrollShow.js HTTP/1.1" 200 4586
186.30.149.70 - - [17/Oct/2021:16:28:34 -0500] "GET /galeria/galeria/jquery.fancybox.js?v=2.1.5 HTTP/1.1" 200 48706
186.30.149.70 - - [17/Oct/2021:16:28:34 -0500] "GET /galeria/galeria/jquery.fancybox.css?v=2.1.5 HTTP/1.1" 200 4895
186.30.149.70 - - [17/Oct/2021:16:28:34 -0500] "GET /galeria/carrusel/Carrusel/jquery.thumbnailScroller.css HTTP/1.1" 200 2066
186.30.149.70 - - [17/Oct/2021:16:28:34 -0500] "GET /galeria/carrusel/Carrusel/jquery-ui-1.8.13.custom.min.js HTTP/1.1" 200 10800
186.30.149.70 - - [17/Oct/2021:16:28:35 -0500] "GET /galeria/carrusel/Carrusel/jquery.thumbnailScroller.js HTTP/1.1" 200 8157
168.119.138.106 - - [17/Oct/2021:16:28:40 -0500] "GET /BLA/resoluciones/RESOLUCIONES%202019/2858.pdf HTTP/1.1" 200 472451
186.155.14.149 - - [17/Oct/2021:16:28:50 -0500] "POST /BLA/boletinlegal/admin/actos/ingresar.php HTTP/1.1" 200 7236
23.100.232.233 - - [17/Oct/2021:16:28:58 -0500] "GET /BLA/boletinlegal/js/jquery.scrollShow.js HTTP/1.1" 200 4586
23.100.232.233 - - [17/Oct/2021:16:28:58 -0500] "GET /galeria/galeria/jquery.fancybox.js?v=2.1.5 HTTP/1.1" 200 48706
23.100.232.233 - - [17/Oct/2021:16:28:59 -0500] "GET /galeria/galeria/jquery.fancybox.css?v=2.1.5 HTTP/1.1" 200 4895
66.249.66.74 - - [17/Oct/2021:16:29:04 -0500] "-" 408 -
161.18.116.246 - - [17/Oct/2021:16:29:10 -0500] "POST /sipse/faces/presentacion/financiero/solicitudProceso/listarSolicitudProceso.xhtml HTTP/1.1" 200 30389
181.139.61.146 - - [17/Oct/2021:16:29:15 -0500] "GET /BLA/boletinlegal/js/jquery.scrollShow.js HTTP/1.1" 200 4586
181.139.61.146 - - [17/Oct/2021:16:29:15 -0500] "GET /galeria/galeria/jquery.fancybox.js?v=2.1.5 HTTP/1.0" 200 48706
181.139.61.146 - - [17/Oct/2021:16:29:15 -0500] "GET /galeria/galeria/jquery.fancybox.css?v=2.1.5 HTTP/1.0" 200 4895
161.18.116.246 - - [17/Oct/2021:16:29:18 -0500] "POST /sipse/faces/presentacion/financiero/solicitudProceso/listarSolicitudProceso.xhtml HTTP/1.1" 200 29611
168.119.138.106 - - [17/Oct/2021:16:29:19 -0500] "GET /BLA/resoluciones/RESOLUCIONES%202019/2691.pdf HTTP/1.1" 200 265877
201.245.192.253 - - [17/Oct/2021:16:29:22 -0500] "GET /catalogoisis/ HTTP/1.1" 200 8575
161.18.116.246 - - [17/Oct/2021:16:29:22 -0500] "POST /sipse/faces/presentacion/financiero/solicitudProceso/listarSolicitudProceso.xhtml HTTP/1.1" 200 30389
161.18.116.246 - - [17/Oct/2021:16:29:24 -0500] "POST /sipse/faces/presentacion/financiero/solicitudProceso/listarSolicitudProceso.xhtml HTTP/1.1" 200 29800
161.18.116.246 - - [17/Oct/2021:16:29:28 -0500] "POST /sipse/faces/presentacion/financiero/solicitudProceso/listarSolicitudProceso.xhtml HTTP/1.1" 200 144761
161.18.116.246 - - [17/Oct/2021:16:29:29 -0500] "GET /sipse/faces/javax.faces.resource/theme.css?ln=primefaces-sipse HTTP/1.1" 304 -
161.18.116.246 - - [17/Oct/2021:16:29:29 -0500] "GET /sipse/faces/javax.faces.resource/primefaces.css?ln=primefaces&v=4.0 HTTP/1.1" 304 -
161.18.116.246 - - [17/Oct/2021:16:29:29 -0500] "GET /sipse/faces/javax.faces.resource/layout/layout.css?ln=primefaces&v=4.0 HTTP/1.1" 304 -
161.18.116.246 - - [17/Oct/2021:16:29:30 -0500] "GET /sipse/css/imagen/contrasena.png HTTP/1.1" 404 383
161.18.116.246 - - [17/Oct/2021:16:29:30 -0500] "GET /sipse/faces/javax.faces.resource/jquery/jquery.js?ln=primefaces&v=4.0 HTTP/1.1" 304 -
161.18.116.246 - - [17/Oct/2021:16:29:30 -0500] "GET /sipse/faces/javax.faces.resource/jquery/jquery-plugins.js?ln=primefaces&v=4.0 HTTP/1.1" 304 -
161.18.116.246 - - [17/Oct/2021:16:29:30 -0500] "GET /sipse/faces/javax.faces.resource/primefaces.js?ln=primefaces&v=4.0 HTTP/1.1" 304 -
161.18.116.246 - - [17/Oct/2021:16:29:30 -0500] "GET /sipse/faces/javax.faces.resource/layout/layout.js?ln=primefaces&v=4.0 HTTP/1.1" 304 -
161.18.116.246 - - [17/Oct/2021:16:29:30 -0500] "GET /sipse/faces/javax.faces.resource/dynamiccontent.properties?ln=primefaces&pfdrid=XjOR5%2F%2FfPAZAuY9TpWQeCiM0BhlXxYRBGKi%2FQcXXfeA%3D&pfdrid_c=false HTTP/1.1" 500 383
161.18.116.246 - - [17/Oct/2021:16:29:30 -0500] "GET /sipse/faces/javax.faces.resource/images/ui-icons_898989_256x240.png?ln=primefaces-aristo HTTP/1.1" 304 -
161.18.116.246 - - [17/Oct/2021:16:29:49 -0500] "POST /sipse/faces/presentacion/financiero/solicitudProceso/consultarSolicitudProceso.xhtml HTTP/1.1" 200 153586
168.119.138.106 - - [17/Oct/2021:16:29:59 -0500] "GET /BLA/resoluciones/RESOLUCIONES%202019/0567.pdf HTTP/1.1" 200 321283
186.155.14.149 - - [17/Oct/2021:16:30:06 -0500] "POST /BLA/boletinlegal/admin/actos/ingresar.php HTTP/1.1" 200 2102
186.155.14.149 - - [17/Oct/2021:16:30:08 -0500] "GET /BLA/boletinlegal/admin/actos/ingresar.php HTTP/1.1" 200 7143
189.217.80.120 - - [17/Oct/2021:16:30:08 -0500] "GET /BLA/boletinlegal/js/jquery.scrollShow.js HTTP/1.1" 200 4586
189.217.80.120 - - [17/Oct/2021:16:30:08 -0500] "GET /galeria/galeria/jquery.fancybox.js?v=2.1.5 HTTP/1.1" 200 48706
189.217.80.120 - - [17/Oct/2021:16:30:08 -0500] "GET /galeria/galeria/jquery.fancybox.css?v=2.1.5 HTTP/1.1" 200 4895
177.255.191.119 - - [17/Oct/2021:16:30:14 -0500] "GET /galeria/galeria/jquery.fancybox.css?v=2.1.5 HTTP/1.1" 200 4895
177.255.191.119 - - [17/Oct/2021:16:30:14 -0500] "GET /BLA/boletinlegal/js/jquery.scrollShow.js HTTP/1.1" 200 4586
177.255.191.119 - - [17/Oct/2021:16:30:14 -0500] "GET /galeria/galeria/jquery.fancybox.js?v=2.1.5 HTTP/1.1" 200 48706
201.245.192.253 - - [17/Oct/2021:16:30:23 -0500] "GET /catalogoisis/ HTTP/1.1" 200 8575
190.27.74.96 - - [17/Oct/2021:16:30:29 -0500] "POST /sipse/faces/presentacion/financiero/solicitudProceso/consultarSolicitudProceso.xhtml HTTP/1.1" 200 5441
190.27.74.96 - - [17/Oct/2021:16:30:30 -0500] "GET /sipse/faces/javax.faces.resource/dynamiccontent.properties?ln=primefaces&pfdrid=XjOR5%2F%2FfPAZAuY9TpWQeCiM0BhlXxYRBGKi%2FQcXXfeA%3D&pfdrid_c=false HTTP/1.1" 200 126441
181.245.2.185 - - [17/Oct/2021:16:30:34 -0500] "-" 408 -
168.119.138.106 - - [17/Oct/2021:16:30:35 -0500] "GET /BLA/resoluciones/RESOLUCIONES%202019/3504.pdf HTTP/1.1" 200 296882
216.245.221.92 - - [17/Oct/2021:16:30:38 -0500] "HEAD / HTTP/1.1" 200 -
114.119.141.52 - - [17/Oct/2021:16:30:40 -0500] "GET /BLA/resoluciones/AUTOS%202014/1614.pdf HTTP/1.1" 200 254666
191.156.34.11 - - [17/Oct/2021:16:30:51 -0500] "GET /galeria/galeria/jquery.fancybox.css?v=2.1.5 HTTP/1.1" 200 4895
191.156.36.95 - - [17/Oct/2021:16:30:51 -0500] "GET /BLA/boletinlegal/js/jquery.scrollShow.js HTTP/1.1" 200 4586
191.156.43.238 - - [17/Oct/2021:16:30:51 -0500] "GET /galeria/galeria/jquery.fancybox.js?v=2.1.5 HTTP/1.1" 200 48706
161.18.116.246 - - [17/Oct/2021:16:30:52 -0500] "POST /sipse/faces/presentacion/financiero/solicitudProceso/consultarSolicitudProceso.xhtml HTTP/1.1" 200 2202098
168.119.138.106 - - [17/Oct/2021:16:31:14 -0500] "GET /BLA/resoluciones/RESOLUCIONES%202019/3307.pdf HTTP/1.1" 200 432125
190.25.64.153 - - [17/Oct/2021:16:31:19 -0500] "GET /BLA/boletinlegal/js/jquery.scrollShow.js HTTP/1.1" 200 4586
190.25.64.153 - - [17/Oct/2021:16:31:19 -0500] "GET /galeria/galeria/jquery.fancybox.js?v=2.1.5 HTTP/1.1" 200 48706
190.25.64.153 - - [17/Oct/2021:16:31:19 -0500] "GET /galeria/galeria/jquery.fancybox.css?v=2.1.5 HTTP/1.1" 200 4895
190.27.74.96 - - [17/Oct/2021:16:31:22 -0500] "POST /sipse/faces/presentacion/financiero/solicitudProceso/consultarSolicitudProceso.xhtml HTTP/1.1" 200 1747841
201.245.192.253 - - [17/Oct/2021:16:31:24 -0500] "GET /catalogoisis/ HTTP/1.1" 200 8575
201.245.192.253 - - [17/Oct/2021:16:30:39 -0500] "POST /kwsrmcab/Wsrmcab HTTP/1.1" 200 48002
186.155.14.149 - - [17/Oct/2021:16:31:30 -0500] "POST /BLA/boletinlegal/admin/actos/ingresar.php HTTP/1.1" 200 7236
186.29.183.111 - - [17/Oct/2021:16:31:50 -0500] "-" 408 -
168.119.138.106 - - [17/Oct/2021:16:31:51 -0500] "GET /BLA/resoluciones/RESOLUCIONES%202019/2484.pdf HTTP/1.1" 200 287904
191.95.31.7 - - [17/Oct/2021:16:31:57 -0500] "GET /galeria/galeria/jquery.fancybox.css?v=2.1.5 HTTP/1.1" 200 4895
191.95.31.7 - - [17/Oct/2021:16:31:57 -0500] "GET /galeria/galeria/jquery.fancybox.js?v=2.1.5 HTTP/1.1" 200 48706
191.95.31.7 - - [17/Oct/2021:16:31:57 -0500] "GET /BLA/boletinlegal/js/jquery.scrollShow.js HTTP/1.1" 200 4586
161.18.116.246 - - [17/Oct/2021:16:32:02 -0500] "POST /sipse/faces/presentacion/financiero/solicitudProceso/consultarSolicitudProceso.xhtml HTTP/1.1" 200 5385473
201.245.192.253 - - [17/Oct/2021:16:31:29 -0500] "POST /kwsrmcab/Wsrmcab HTTP/1.1" 200 44309
186.28.66.83 - - [17/Oct/2021:16:32:22 -0500] "POST /sipse/faces/presentacion/financiero/solicitudProceso/consultarSolicitudProceso.xhtml HTTP/1.1" 200 5548
186.28.66.83 - - [17/Oct/2021:16:32:23 -0500] "GET /reportes_sipse/sdg/ServletReporte?reporte=experienia_idoneidad&solicitud=15375&pfdrid_c=false HTTP/1.1" 200 150883
201.245.192.253 - - [17/Oct/2021:16:32:25 -0500] "GET /catalogoisis/ HTTP/1.1" 200 8575
201.245.215.164 - - [17/Oct/2021:16:32:26 -0500] "GET /BLA/boletinlegal/js/jquery.scrollShow.js HTTP/1.1" 200 4586
201.245.215.164 - - [17/Oct/2021:16:32:26 -0500] "GET /galeria/galeria/jquery.fancybox.css?v=2.1.5 HTTP/1.1" 200 4895
201.245.215.164 - - [17/Oct/2021:16:32:26 -0500] "GET /galeria/galeria/jquery.fancybox.js?v=2.1.5 HTTP/1.1" 200 48706
168.119.138.106 - - [17/Oct/2021:16:32:30 -0500] "GET /BLA/resoluciones/RESOLUCIONES%202019/0126.pdf HTTP/1.1" 200 302354
181.55.21.236 - - [17/Oct/2021:16:32:33 -0500] "GET /BLA/boletinlegal/js/jquery.scrollShow.js HTTP/1.1" 200 4586
181.55.21.236 - - [17/Oct/2021:16:32:33 -0500] "GET /galeria/galeria/jquery.fancybox.css?v=2.1.5 HTTP/1.1" 200 4895
181.55.21.236 - - [17/Oct/2021:16:32:33 -0500] "GET /galeria/galeria/jquery.fancybox.js?v=2.1.5 HTTP/1.1" 200 48706
186.155.14.149 - - [17/Oct/2021:16:33:00 -0500] "POST /BLA/boletinlegal/admin/actos/ingresar.php HTTP/1.1" 200 7236
168.119.138.106 - - [17/Oct/2021:16:33:07 -0500] "GET /BLA/resoluciones/RESOLUCIONES%202019/1531.pdf HTTP/1.1" 200 565190
201.245.192.253 - - [17/Oct/2021:16:33:09 -0500] "POST /sipse/faces/presentacion/financiero/solicitudProceso/consultarSolicitudProceso.xhtml HTTP/1.1" 200 50901
201.245.192.253 - - [17/Oct/2021:16:33:09 -0500] "GET /sipse/faces/javax.faces.resource/theme.css?ln=primefaces-sipse HTTP/1.1" 304 -
201.245.192.253 - - [17/Oct/2021:16:33:09 -0500] "GET /sipse/faces/javax.faces.resource/primefaces.css?ln=primefaces&v=4.0 HTTP/1.1" 304 -
201.245.192.253 - - [17/Oct/2021:16:33:09 -0500] "GET /sipse/faces/javax.faces.resource/layout/layout.css?ln=primefaces&v=4.0 HTTP/1.1" 304 -
201.245.192.253 - - [17/Oct/2021:16:33:09 -0500] "GET /sipse/faces/javax.faces.resource/jquery/jquery.js?ln=primefaces&v=4.0 HTTP/1.1" 304 -
201.245.192.253 - - [17/Oct/2021:16:33:09 -0500] "GET /sipse/faces/javax.faces.resource/jquery/jquery-plugins.js?ln=primefaces&v=4.0 HTTP/1.1" 304 -
201.245.192.253 - - [17/Oct/2021:16:33:09 -0500] "GET /sipse/faces/javax.faces.resource/primefaces.js?ln=primefaces&v=4.0 HTTP/1.1" 304 -
201.245.192.253 - - [17/Oct/2021:16:33:09 -0500] "GET /sipse/faces/javax.faces.resource/layout/layout.js?ln=primefaces&v=4.0 HTTP/1.1" 304 -
201.245.192.253 - - [17/Oct/2021:16:33:09 -0500] "GET /sipse/css/imagen/contrasena.png HTTP/1.1" 404 383
201.245.192.253 - - [17/Oct/2021:16:33:09 -0500] "POST /sipse/faces/presentacion/financiero/solicitudProceso/listarSolicitudProceso.xhtml HTTP/1.1" 200 44152
201.245.192.253 - - [17/Oct/2021:16:33:10 -0500] "POST /sipse/faces/presentacion/financiero/solicitudProceso/listarSolicitudProceso.xhtml HTTP/1.1" 200 44152
201.245.192.253 - - [17/Oct/2021:16:33:10 -0500] "POST /sipse/faces/presentacion/financiero/solicitudProceso/listarSolicitudProceso.xhtml HTTP/1.1" 200 1428
201.245.192.253 - - [17/Oct/2021:16:33:10 -0500] "POST /sipse/faces/presentacion/financiero/solicitudProceso/listarSolicitudProceso.xhtml HTTP/1.1" 200 1424
201.245.192.253 - - [17/Oct/2021:16:33:10 -0500] "POST /sipse/faces/presentacion/financiero/solicitudProceso/listarSolicitudProceso.xhtml HTTP/1.1" 200 1428
201.245.192.253 - - [17/Oct/2021:16:33:14 -0500] "POST /sipse/faces/presentacion/financiero/solicitudProceso/listarSolicitudProceso.xhtml HTTP/1.1" 200 117334
201.245.192.253 - - [17/Oct/2021:16:33:14 -0500] "GET /sipse/faces/javax.faces.resource/primefaces.css?ln=primefaces&v=4.0 HTTP/1.1" 304 -
201.245.192.253 - - [17/Oct/2021:16:33:14 -0500] "GET /sipse/faces/javax.faces.resource/theme.css?ln=primefaces-sipse HTTP/1.1" 304 -
201.245.192.253 - - [17/Oct/2021:16:33:14 -0500] "GET /sipse/faces/javax.faces.resource/layout/layout.css?ln=primefaces&v=4.0 HTTP/1.1" 304 -
201.245.192.253 - - [17/Oct/2021:16:33:14 -0500] "GET /sipse/faces/javax.faces.resource/jquery/jquery.js?ln=primefaces&v=4.0 HTTP/1.1" 304 -
201.245.192.253 - - [17/Oct/2021:16:33:14 -0500] "GET /sipse/faces/javax.faces.resource/jquery/jquery-plugins.js?ln=primefaces&v=4.0 HTTP/1.1" 304 -
201.245.192.253 - - [17/Oct/2021:16:33:14 -0500] "GET /sipse/faces/javax.faces.resource/primefaces.js?ln=primefaces&v=4.0 HTTP/1.1" 304 -
201.245.192.253 - - [17/Oct/2021:16:33:14 -0500] "GET /sipse/faces/javax.faces.resource/layout/layout.js?ln=primefaces&v=4.0 HTTP/1.1" 304 -
201.245.192.253 - - [17/Oct/2021:16:33:14 -0500] "GET /sipse/css/imagen/contrasena.png HTTP/1.1" 404 383
201.245.192.253 - - [17/Oct/2021:16:33:15 -0500] "GET /reportes_sipse/sdg/ServletReporte?reporte=experienia_idoneidad&solicitud=15375&pfdrid_c=false HTTP/1.1" 200 150883
201.245.192.253 - - [17/Oct/2021:16:33:26 -0500] "GET /catalogoisis/ HTTP/1.1" 200 8575
201.245.192.253 - - [17/Oct/2021:16:33:34 -0500] "POST /sipse/faces/presentacion/financiero/solicitudProceso/consultarSolicitudProceso.xhtml HTTP/1.1" 200 224826
161.18.116.246 - - [17/Oct/2021:16:33:39 -0500] "POST /sipse/faces/presentacion/financiero/solicitudProceso/consultarSolicitudProceso.xhtml HTTP/1.1" 200 53319
168.119.138.106 - - [17/Oct/2021:16:33:44 -0500] "GET /BLA/resoluciones/RESOLUCIONES%202019/3467.pdf HTTP/1.1" 200 524611
190.156.73.203 - - [17/Oct/2021:16:34:00 -0500] "GET /BLA/boletinlegal/js/jquery.scrollShow.js HTTP/1.1" 200 4586
190.156.73.203 - - [17/Oct/2021:16:34:00 -0500] "GET /galeria/galeria/jquery.fancybox.js?v=2.1.5 HTTP/1.1" 200 48706
190.156.73.203 - - [17/Oct/2021:16:34:00 -0500] "GET /galeria/galeria/jquery.fancybox.css?v=2.1.5 HTTP/1.1" 200 4895
190.156.73.203 - - [17/Oct/2021:16:34:00 -0500] "GET /galeria/carrusel/Carrusel/jquery.thumbnailScroller.css HTTP/1.1" 200 2066
190.156.73.203 - - [17/Oct/2021:16:34:00 -0500] "GET /galeria/carrusel/Carrusel/jquery-ui-1.8.13.custom.min.js HTTP/1.1" 200 10800
190.156.73.203 - - [17/Oct/2021:16:34:00 -0500] "GET /galeria/carrusel/Carrusel/jquery.thumbnailScroller.js HTTP/1.1" 200 8157
186.84.20.70 - - [17/Oct/2021:16:34:04 -0500] "GET /galeria/galeria/jquery.fancybox.css?v=2.1.5 HTTP/1.1" 200 4895
186.84.20.70 - - [17/Oct/2021:16:34:04 -0500] "GET /galeria/galeria/jquery.fancybox.js?v=2.1.5 HTTP/1.1" 200 48706
186.84.20.70 - - [17/Oct/2021:16:34:05 -0500] "GET /galeria/galeria/fotos/Humedal-Tibanica1P.jpg HTTP/1.1" 200 26376
186.84.20.70 - - [17/Oct/2021:16:34:05 -0500] "GET /galeria/galeria/fotos/Humedal-Tibanica2P.jpg HTTP/1.1" 200 29568
186.84.20.70 - - [17/Oct/2021:16:34:05 -0500] "GET /galeria/galeria/fotos/Humedal-Tibanica3P.jpg HTTP/1.1" 200 28016
186.84.20.70 - - [17/Oct/2021:16:34:05 -0500] "GET /galeria/galeria/fotos/Humedal-Tibanica4P.jpg HTTP/1.1" 200 26708
131.221.43.74 - - [17/Oct/2021:16:34:17 -0500] "GET /BLA/boletinlegal/js/jquery.scrollShow.js HTTP/1.1" 200 4586
131.221.43.74 - - [17/Oct/2021:16:34:17 -0500] "GET /galeria/galeria/jquery.fancybox.css?v=2.1.5 HTTP/1.1" 200 4895
131.221.43.74 - - [17/Oct/2021:16:34:17 -0500] "GET /galeria/galeria/jquery.fancybox.js?v=2.1.5 HTTP/1.1" 200 48706
168.119.138.106 - - [17/Oct/2021:16:34:21 -0500] "GET /BLA/resoluciones/RESOLUCIONES%202019/1669.pdf HTTP/1.1" 200 281051
23.100.232.233 - - [17/Oct/2021:16:34:21 -0500] "GET /BLA/boletinlegal/js/jquery.scrollShow.js HTTP/1.1" 200 4586
23.100.232.233 - - [17/Oct/2021:16:34:21 -0500] "GET /galeria/galeria/jquery.fancybox.js?v=2.1.5 HTTP/1.1" 200 48706
23.100.232.233 - - [17/Oct/2021:16:34:22 -0500] "GET /galeria/galeria/jquery.fancybox.css?v=2.1.5 HTTP/1.1" 200 4895
201.245.192.253 - - [17/Oct/2021:16:34:27 -0500] "GET /catalogoisis/ HTTP/1.1" 200 8575
191.102.125.28 - - [17/Oct/2021:16:34:40 -0500] "GET /galeria/galeria/jquery.fancybox.css?v=2.1.5 HTTP/1.1" 200 4895
191.102.125.28 - - [17/Oct/2021:16:34:40 -0500] "GET /galeria/galeria/jquery.fancybox.js?v=2.1.5 HTTP/1.1" 200 48706
191.102.125.28 - - [17/Oct/2021:16:34:40 -0500] "GET /BLA/boletinlegal/js/jquery.scrollShow.js HTTP/1.1" 200 4586
66.249.66.205 - - [17/Oct/2021:16:34:49 -0500] "-" 408 -
168.119.138.106 - - [17/Oct/2021:16:34:57 -0500] "GET /BLA/resoluciones/RESOLUCIONES%202019/0459.pdf HTTP/1.1" 200 245327
186.154.121.40 - - [17/Oct/2021:16:35:07 -0500] "-" 408 -
179.14.126.225 - - [17/Oct/2021:16:35:09 -0500] "GET /galeria/galeria/jquery.fancybox.css?v=2.1.5 HTTP/1.1" 200 4895
179.14.126.225 - - [17/Oct/2021:16:35:09 -0500] "GET /BLA/boletinlegal/js/jquery.scrollShow.js HTTP/1.1" 200 4586
179.14.126.225 - - [17/Oct/2021:16:35:09 -0500] "GET /galeria/galeria/jquery.fancybox.js?v=2.1.5 HTTP/1.1" 200 48706
190.200.21.240 - - [17/Oct/2021:16:35:15 -0500] "GET /galeria/galeria/jquery.fancybox.css?v=2.1.5 HTTP/1.1" 200 4895
190.200.21.240 - - [17/Oct/2021:16:35:15 -0500] "GET /BLA/boletinlegal/js/jquery.scrollShow.js HTTP/1.1" 200 4586
190.200.21.240 - - [17/Oct/2021:16:35:15 -0500] "GET /galeria/galeria/jquery.fancybox.js?v=2.1.5 HTTP/1.1" 200 48706
201.245.192.253 - - [17/Oct/2021:16:34:38 -0500] "POST /kwsrmcab/Wsrmcab HTTP/1.1" 200 111864
201.245.192.253 - - [17/Oct/2021:16:35:27 -0500] "GET /catalogoisis/ HTTP/1.1" 200 8575
201.245.192.253 - - [17/Oct/2021:16:35:35 -0500] "POST /sipse/faces/presentacion/financiero/solicitudProceso/consultarSolicitudProceso.xhtml HTTP/1.1" 200 50901
201.245.192.253 - - [17/Oct/2021:16:35:36 -0500] "GET /sipse/faces/javax.faces.resource/theme.css?ln=primefaces-sipse HTTP/1.1" 304 -
201.245.192.253 - - [17/Oct/2021:16:35:36 -0500] "GET /sipse/faces/javax.faces.resource/layout/layout.css?ln=primefaces&v=4.0 HTTP/1.1" 304 -
201.245.192.253 - - [17/Oct/2021:16:35:36 -0500] "GET /sipse/faces/javax.faces.resource/primefaces.css?ln=primefaces&v=4.0 HTTP/1.1" 304 -
201.245.192.253 - - [17/Oct/2021:16:35:36 -0500] "GET /sipse/faces/javax.faces.resource/jquery/jquery.js?ln=primefaces&v=4.0 HTTP/1.1" 304 -
201.245.192.253 - - [17/Oct/2021:16:35:36 -0500] "GET /sipse/faces/javax.faces.resource/jquery/jquery-plugins.js?ln=primefaces&v=4.0 HTTP/1.1" 304 -
201.245.192.253 - - [17/Oct/2021:16:35:36 -0500] "GET /sipse/faces/javax.faces.resource/primefaces.js?ln=primefaces&v=4.0 HTTP/1.1" 304 -
201.245.192.253 - - [17/Oct/2021:16:35:36 -0500] "GET /sipse/faces/javax.faces.resource/layout/layout.js?ln=primefaces&v=4.0 HTTP/1.1" 304 -
201.245.192.253 - - [17/Oct/2021:16:35:36 -0500] "GET /sipse/css/imagen/contrasena.png HTTP/1.1" 404 383
201.245.192.253 - - [17/Oct/2021:16:35:36 -0500] "POST /sipse/faces/presentacion/financiero/solicitudProceso/listarSolicitudProceso.xhtml HTTP/1.1" 200 44152
201.245.192.253 - - [17/Oct/2021:16:35:36 -0500] "POST /sipse/faces/presentacion/financiero/solicitudProceso/listarSolicitudProceso.xhtml HTTP/1.1" 200 44152
168.119.138.106 - - [17/Oct/2021:16:35:36 -0500] "GET /BLA/resoluciones/RESOLUCIONES%202019/3107.pdf HTTP/1.1" 200 472671
201.245.192.253 - - [17/Oct/2021:16:35:36 -0500] "POST /sipse/faces/presentacion/financiero/solicitudProceso/listarSolicitudProceso.xhtml HTTP/1.1" 200 44152
181.137.130.223 - - [17/Oct/2021:16:35:36 -0500] "GET /se-abre-convocatoria-a-organizaciones-ambientales-para-generar-1-070-empleos-verdes-dirigidos-a-mujeres.html HTTP/1.1" 200 1128
201.245.192.253 - - [17/Oct/2021:16:35:36 -0500] "POST /sipse/faces/presentacion/financiero/solicitudProceso/listarSolicitudProceso.xhtml HTTP/1.1" 200 44152
201.245.192.253 - - [17/Oct/2021:16:35:36 -0500] "POST /sipse/faces/presentacion/financiero/solicitudProceso/listarSolicitudProceso.xhtml HTTP/1.1" 200 1428
201.245.192.253 - - [17/Oct/2021:16:35:37 -0500] "POST /sipse/faces/presentacion/financiero/solicitudProceso/listarSolicitudProceso.xhtml HTTP/1.1" 200 1424
201.245.192.253 - - [17/Oct/2021:16:35:37 -0500] "POST /sipse/faces/presentacion/financiero/solicitudProceso/listarSolicitudProceso.xhtml HTTP/1.1" 200 1428
201.245.192.253 - - [17/Oct/2021:16:35:37 -0500] "POST /sipse/faces/presentacion/financiero/solicitudProceso/listarSolicitudProceso.xhtml HTTP/1.1" 200 1424
201.245.192.253 - - [17/Oct/2021:16:35:37 -0500] "POST /sipse/faces/presentacion/financiero/solicitudProceso/listarSolicitudProceso.xhtml HTTP/1.1" 200 1428
216.245.221.92 - - [17/Oct/2021:16:35:38 -0500] "HEAD / HTTP/1.1" 200 -
201.245.192.253 - - [17/Oct/2021:16:35:42 -0500] "POST /sipse/faces/presentacion/financiero/solicitudProceso/listarSolicitudProceso.xhtml HTTP/1.1" 200 119406
201.245.192.253 - - [17/Oct/2021:16:35:43 -0500] "GET /sipse/faces/javax.faces.resource/layout/layout.css?ln=primefaces&v=4.0 HTTP/1.1" 304 -
201.245.192.253 - - [17/Oct/2021:16:35:43 -0500] "GET /sipse/faces/javax.faces.resource/primefaces.css?ln=primefaces&v=4.0 HTTP/1.1" 304 -
201.245.192.253 - - [17/Oct/2021:16:35:43 -0500] "GET /sipse/faces/javax.faces.resource/theme.css?ln=primefaces-sipse HTTP/1.1" 304 -
201.245.192.253 - - [17/Oct/2021:16:35:43 -0500] "GET /sipse/faces/javax.faces.resource/jquery/jquery.js?ln=primefaces&v=4.0 HTTP/1.1" 304 -
201.245.192.253 - - [17/Oct/2021:16:35:43 -0500] "GET /sipse/faces/javax.faces.resource/jquery/jquery-plugins.js?ln=primefaces&v=4.0 HTTP/1.1" 304 -
201.245.192.253 - - [17/Oct/2021:16:35:43 -0500] "GET /sipse/faces/javax.faces.resource/primefaces.js?ln=primefaces&v=4.0 HTTP/1.1" 304 -
201.245.192.253 - - [17/Oct/2021:16:35:43 -0500] "GET /sipse/faces/javax.faces.resource/layout/layout.js?ln=primefaces&v=4.0 HTTP/1.1" 304 -
201.245.192.253 - - [17/Oct/2021:16:35:43 -0500] "GET /sipse/css/imagen/contrasena.png HTTP/1.1" 404 383
201.245.192.253 - - [17/Oct/2021:16:35:44 -0500] "GET /reportes_sipse/sdg/ServletReporte?reporte=experienia_idoneidad&solicitud=15375&pfdrid_c=false HTTP/1.1" 200 150883
69.171.249.5 - - [17/Oct/2021:16:35:45 -0500] "GET /images/plantacion-dia-del-arbol-12-octubre.jpg HTTP/1.1" 200 149033
186.154.121.40 - - [17/Oct/2021:16:35:47 -0500] "-" 408 -
161.18.116.246 - - [17/Oct/2021:16:36:04 -0500] "GET /sipse/faces/javax.faces.resource/images/ui-bg_flat_0_2d5972_40x100.png?ln=primefaces-aristo HTTP/1.1" 304 -
161.18.116.246 - - [17/Oct/2021:16:36:04 -0500] "POST /sipse/faces/presentacion/financiero/solicitudProceso/consultarSolicitudProceso.xhtml HTTP/1.1" 200 63758
161.18.116.246 - - [17/Oct/2021:16:36:04 -0500] "GET /sipse/faces/javax.faces.resource/theme.css?ln=primefaces-sipse HTTP/1.1" 304 -
161.18.116.246 - - [17/Oct/2021:16:36:04 -0500] "GET /sipse/faces/javax.faces.resource/primefaces.css?ln=primefaces&v=4.0 HTTP/1.1" 304 -
161.18.116.246 - - [17/Oct/2021:16:36:04 -0500] "GET /sipse/faces/javax.faces.resource/layout/layout.css?ln=primefaces&v=4.0 HTTP/1.1" 304 -
161.18.116.246 - - [17/Oct/2021:16:36:04 -0500] "GET /sipse/faces/javax.faces.resource/jquery/jquery.js?ln=primefaces&v=4.0 HTTP/1.1" 304 -
161.18.116.246 - - [17/Oct/2021:16:36:04 -0500] "GET /sipse/faces/javax.faces.resource/jquery/jquery-plugins.js?ln=primefaces&v=4.0 HTTP/1.1" 304 -
161.18.116.246 - - [17/Oct/2021:16:36:05 -0500] "GET /sipse/faces/javax.faces.resource/primefaces.js?ln=primefaces&v=4.0 HTTP/1.1" 304 -
161.18.116.246 - - [17/Oct/2021:16:36:05 -0500] "GET /sipse/faces/javax.faces.resource/layout/layout.js?ln=primefaces&v=4.0 HTTP/1.1" 304 -
161.18.116.246 - - [17/Oct/2021:16:36:05 -0500] "POST /sipse/faces/presentacion/financiero/solicitudProceso/listarSolicitudProceso.xhtml HTTP/1.1" 200 57025
161.18.116.246 - - [17/Oct/2021:16:36:05 -0500] "POST /sipse/faces/presentacion/financiero/solicitudProceso/listarSolicitudProceso.xhtml HTTP/1.1" 200 57025
161.18.116.246 - - [17/Oct/2021:16:36:05 -0500] "POST /sipse/faces/presentacion/financiero/solicitudProceso/listarSolicitudProceso.xhtml HTTP/1.1" 200 1448
161.18.116.246 - - [17/Oct/2021:16:36:06 -0500] "POST /sipse/faces/presentacion/financiero/solicitudProceso/listarSolicitudProceso.xhtml HTTP/1.1" 200 1448
161.18.116.246 - - [17/Oct/2021:16:36:06 -0500] "POST /sipse/faces/presentacion/financiero/solicitudProceso/listarSolicitudProceso.xhtml HTTP/1.1" 200 1452
201.245.192.253 - - [17/Oct/2021:16:36:08 -0500] "POST /sipse/faces/presentacion/financiero/solicitudProceso/consultarSolicitudProceso.xhtml HTTP/1.1" 200 220163
114.119.132.76 - - [17/Oct/2021:16:36:09 -0500] "GET /BLA/resoluciones/RESOLUCIONES%202010/6474.pdf HTTP/1.1" 200 777593
161.18.116.246 - - [17/Oct/2021:16:36:10 -0500] "POST /sipse/faces/presentacion/financiero/solicitudProceso/listarSolicitudProceso.xhtml HTTP/1.1" 200 29684
168.119.138.106 - - [17/Oct/2021:16:36:13 -0500] "GET /BLA/resoluciones/RESOLUCIONES%202019/2859.pdf HTTP/1.1" 200 1433088
161.18.116.246 - - [17/Oct/2021:16:36:19 -0500] "POST /sipse/faces/presentacion/financiero/solicitudProceso/listarSolicitudProceso.xhtml HTTP/1.1" 200 144715
161.18.116.246 - - [17/Oct/2021:16:36:20 -0500] "GET /sipse/faces/javax.faces.resource/layout/layout.css?ln=primefaces&v=4.0 HTTP/1.1" 304 -
161.18.116.246 - - [17/Oct/2021:16:36:20 -0500] "GET /sipse/faces/javax.faces.resource/primefaces.css?ln=primefaces&v=4.0 HTTP/1.1" 304 -
161.18.116.246 - - [17/Oct/2021:16:36:20 -0500] "GET /sipse/faces/javax.faces.resource/theme.css?ln=primefaces-sipse HTTP/1.1" 304 -
161.18.116.246 - - [17/Oct/2021:16:36:20 -0500] "GET /sipse/faces/javax.faces.resource/jquery/jquery.js?ln=primefaces&v=4.0 HTTP/1.1" 304 -
161.18.116.246 - - [17/Oct/2021:16:36:20 -0500] "GET /sipse/faces/javax.faces.resource/jquery/jquery-plugins.js?ln=primefaces&v=4.0 HTTP/1.1" 304 -
161.18.116.246 - - [17/Oct/2021:16:36:20 -0500] "GET /sipse/faces/javax.faces.resource/primefaces.js?ln=primefaces&v=4.0 HTTP/1.1" 304 -
161.18.116.246 - - [17/Oct/2021:16:36:20 -0500] "GET /sipse/faces/javax.faces.resource/layout/layout.js?ln=primefaces&v=4.0 HTTP/1.1" 304 -
161.18.116.246 - - [17/Oct/2021:16:36:20 -0500] "GET /reportes_sipse/sdg/ServletReporte?reporte=experienia_idoneidad&solicitud=15375&pfdrid_c=false HTTP/1.1" 200 150883
201.245.192.253 - - [17/Oct/2021:16:36:28 -0500] "GET /catalogoisis/ HTTP/1.1" 200 8575
161.18.116.246 - - [17/Oct/2021:16:36:35 -0500] "POST /sipse/faces/presentacion/financiero/solicitudProceso/consultarSolicitudProceso.xhtml HTTP/1.1" 200 3207309
186.84.89.140 - - [17/Oct/2021:16:36:45 -0500] "GET /galeria/galeria/jquery.fancybox.css?v=2.1.5 HTTP/1.1" 200 4895
168.119.138.106 - - [17/Oct/2021:16:36:47 -0500] "GET /BLA/resoluciones/RESOLUCIONES%202019/3359.pdf HTTP/1.1" 200 295920
168.119.138.106 - - [17/Oct/2021:16:37:25 -0500] "GET /BLA/resoluciones/RESOLUCIONES%202019/2879.pdf HTTP/1.1" 200 619779
172.58.129.22 - - [17/Oct/2021:16:37:26 -0500] "GET /galeria/galeria/jquery.fancybox.js?v=2.1.5 HTTP/1.1" 200 48706
172.58.129.22 - - [17/Oct/2021:16:37:26 -0500] "GET /galeria/galeria/jquery.fancybox.css?v=2.1.5 HTTP/1.1" 200 4895
172.58.129.22 - - [17/Oct/2021:16:37:26 -0500] "GET /BLA/boletinlegal/js/jquery.scrollShow.js HTTP/1.1" 200 4586
201.245.192.253 - - [17/Oct/2021:16:37:29 -0500] "GET /catalogoisis/ HTTP/1.1" 200 8575
186.84.20.70 - - [17/Oct/2021:16:37:33 -0500] "GET /BLA/boletinlegal/js/jquery.scrollShow.js HTTP/1.1" 200 4586
161.18.116.246 - - [17/Oct/2021:16:37:31 -0500] "POST /sipse/faces/presentacion/financiero/solicitudProceso/consultarSolicitudProceso.xhtml HTTP/1.1" 200 2197865
200.68.182.145 - - [17/Oct/2021:16:37:42 -0500] "GET /galeria/galeria/jquery.fancybox.js?v=2.1.5 HTTP/1.1" 200 48706
200.68.182.145 - - [17/Oct/2021:16:37:42 -0500] "GET /BLA/boletinlegal/js/jquery.scrollShow.js HTTP/1.1" 200 4586
200.68.182.145 - - [17/Oct/2021:16:37:42 -0500] "GET /galeria/galeria/jquery.fancybox.css?v=2.1.5 HTTP/1.1" 200 4895
200.68.182.145 - - [17/Oct/2021:16:37:42 -0500] "GET /galeria/carrusel/Carrusel/jquery.thumbnailScroller.css HTTP/1.1" 200 2066
200.68.182.145 - - [17/Oct/2021:16:37:42 -0500] "GET /galeria/carrusel/Carrusel/jquery-ui-1.8.13.custom.min.js HTTP/1.1" 200 10800
200.68.182.145 - - [17/Oct/2021:16:37:43 -0500] "GET /galeria/carrusel/Carrusel/jquery.thumbnailScroller.js HTTP/1.1" 200 8157
170.78.188.111 - - [17/Oct/2021:16:37:45 -0500] "GET /BLA/boletinlegal/js/jquery.scrollShow.js HTTP/1.1" 200 4586
170.78.188.111 - - [17/Oct/2021:16:37:45 -0500] "GET /galeria/galeria/jquery.fancybox.css?v=2.1.5 HTTP/1.1" 200 4895
170.78.188.111 - - [17/Oct/2021:16:37:45 -0500] "GET /galeria/galeria/jquery.fancybox.js?v=2.1.5 HTTP/1.1" 200 48706
186.84.21.228 - - [17/Oct/2021:16:37:53 -0500] "GET /galeria/galeria/jquery.fancybox.css?v=2.1.5 HTTP/1.1" 200 4895
186.84.21.228 - - [17/Oct/2021:16:37:54 -0500] "GET /BLA/boletinlegal/js/jquery.scrollShow.js HTTP/1.1" 200 4586
186.84.21.228 - - [17/Oct/2021:16:37:54 -0500] "GET /galeria/galeria/jquery.fancybox.js?v=2.1.5 HTTP/1.1" 200 48706
181.33.144.42 - - [17/Oct/2021:16:38:00 -0500] "GET /galeria/galeria/jquery.fancybox.css?v=2.1.5 HTTP/1.1" 200 4895
181.33.144.42 - - [17/Oct/2021:16:38:01 -0500] "GET /galeria/galeria/jquery.fancybox.js?v=2.1.5 HTTP/1.1" 200 48706
207.46.13.174 - - [17/Oct/2021:16:38:03 -0500] "GET / HTTP/1.1" 200 319
168.119.138.106 - - [17/Oct/2021:16:38:04 -0500] "GET /BLA/resoluciones/RESOLUCIONES%202019/2053.pdf HTTP/1.1" 200 315259
201.245.192.253 - - [17/Oct/2021:16:38:07 -0500] "POST /sipse/faces/presentacion/financiero/solicitudProceso/consultarSolicitudProceso.xhtml HTTP/1.1" 200 50901
201.245.192.253 - - [17/Oct/2021:16:38:07 -0500] "GET /sipse/faces/javax.faces.resource/theme.css?ln=primefaces-sipse HTTP/1.1" 304 -
201.245.192.253 - - [17/Oct/2021:16:38:07 -0500] "GET /sipse/faces/javax.faces.resource/primefaces.css?ln=primefaces&v=4.0 HTTP/1.1" 304 -
201.245.192.253 - - [17/Oct/2021:16:38:07 -0500] "GET /sipse/faces/javax.faces.resource/layout/layout.css?ln=primefaces&v=4.0 HTTP/1.1" 304 -
201.245.192.253 - - [17/Oct/2021:16:38:07 -0500] "GET /sipse/faces/javax.faces.resource/jquery/jquery.js?ln=primefaces&v=4.0 HTTP/1.1" 304 -
201.245.192.253 - - [17/Oct/2021:16:38:07 -0500] "GET /sipse/faces/javax.faces.resource/jquery/jquery-plugins.js?ln=primefaces&v=4.0 HTTP/1.1" 304 -
201.245.192.253 - - [17/Oct/2021:16:38:08 -0500] "GET /sipse/faces/javax.faces.resource/primefaces.js?ln=primefaces&v=4.0 HTTP/1.1" 304 -
201.245.192.253 - - [17/Oct/2021:16:38:08 -0500] "GET /sipse/faces/javax.faces.resource/layout/layout.js?ln=primefaces&v=4.0 HTTP/1.1" 304 -
201.245.192.253 - - [17/Oct/2021:16:38:08 -0500] "GET /sipse/css/imagen/contrasena.png HTTP/1.1" 404 383
201.245.192.253 - - [17/Oct/2021:16:38:08 -0500] "POST /sipse/faces/presentacion/financiero/solicitudProceso/listarSolicitudProceso.xhtml HTTP/1.1" 200 44152
201.245.192.253 - - [17/Oct/2021:16:38:08 -0500] "POST /sipse/faces/presentacion/financiero/solicitudProceso/listarSolicitudProceso.xhtml HTTP/1.1" 200 44152
201.245.192.253 - - [17/Oct/2021:16:38:08 -0500] "POST /sipse/faces/presentacion/financiero/solicitudProceso/listarSolicitudProceso.xhtml HTTP/1.1" 200 44152
201.245.192.253 - - [17/Oct/2021:16:38:08 -0500] "POST /sipse/faces/presentacion/financiero/solicitudProceso/listarSolicitudProceso.xhtml HTTP/1.1" 200 44152
201.245.192.253 - - [17/Oct/2021:16:38:08 -0500] "POST /sipse/faces/presentacion/financiero/solicitudProceso/listarSolicitudProceso.xhtml HTTP/1.1" 200 44152
201.245.192.253 - - [17/Oct/2021:16:38:09 -0500] "POST /sipse/faces/presentacion/financiero/solicitudProceso/listarSolicitudProceso.xhtml HTTP/1.1" 200 44152
201.245.192.253 - - [17/Oct/2021:16:38:09 -0500] "POST /sipse/faces/presentacion/financiero/solicitudProceso/listarSolicitudProceso.xhtml HTTP/1.1" 200 1428
201.245.192.253 - - [17/Oct/2021:16:38:09 -0500] "POST /sipse/faces/presentacion/financiero/solicitudProceso/listarSolicitudProceso.xhtml HTTP/1.1" 200 1424
201.245.192.253 - - [17/Oct/2021:16:38:09 -0500] "POST /sipse/faces/presentacion/financiero/solicitudProceso/listarSolicitudProceso.xhtml HTTP/1.1" 200 1428
201.245.192.253 - - [17/Oct/2021:16:38:09 -0500] "POST /sipse/faces/presentacion/financiero/solicitudProceso/listarSolicitudProceso.xhtml HTTP/1.1" 200 1424
201.245.192.253 - - [17/Oct/2021:16:38:09 -0500] "POST /sipse/faces/presentacion/financiero/solicitudProceso/listarSolicitudProceso.xhtml HTTP/1.1" 200 1428
201.245.192.253 - - [17/Oct/2021:16:38:09 -0500] "POST /sipse/faces/presentacion/financiero/solicitudProceso/listarSolicitudProceso.xhtml HTTP/1.1" 200 1424
201.245.192.253 - - [17/Oct/2021:16:38:10 -0500] "POST /sipse/faces/presentacion/financiero/solicitudProceso/listarSolicitudProceso.xhtml HTTP/1.1" 200 1428
190.27.74.96 - - [17/Oct/2021:16:38:17 -0500] "POST /sipse/faces/presentacion/financiero/solicitudProceso/consultarSolicitudProceso.xhtml HTTP/1.1" 200 32118
190.27.74.96 - - [17/Oct/2021:16:38:18 -0500] "GET /sipse/faces/javax.faces.resource/theme.css?ln=primefaces-sipse HTTP/1.1" 304 -
190.27.74.96 - - [17/Oct/2021:16:38:18 -0500] "GET /sipse/faces/javax.faces.resource/primefaces.css?ln=primefaces&v=4.0 HTTP/1.1" 304 -
190.27.74.96 - - [17/Oct/2021:16:38:18 -0500] "GET /sipse/faces/javax.faces.resource/layout/layout.css?ln=primefaces&v=4.0 HTTP/1.1" 304 -
190.27.74.96 - - [17/Oct/2021:16:38:18 -0500] "GET /sipse/faces/javax.faces.resource/jquery/jquery.js?ln=primefaces&v=4.0 HTTP/1.1" 304 -
190.27.74.96 - - [17/Oct/2021:16:38:18 -0500] "GET /sipse/faces/javax.faces.resource/jquery/jquery-plugins.js?ln=primefaces&v=4.0 HTTP/1.1" 304 -
190.27.74.96 - - [17/Oct/2021:16:38:18 -0500] "GET /sipse/faces/javax.faces.resource/primefaces.js?ln=primefaces&v=4.0 HTTP/1.1" 304 -
190.27.74.96 - - [17/Oct/2021:16:38:18 -0500] "GET /sipse/faces/javax.faces.resource/layout/layout.js?ln=primefaces&v=4.0 HTTP/1.1" 304 -
190.27.74.96 - - [17/Oct/2021:16:38:18 -0500] "GET /sipse/css/imagen/contrasena.png HTTP/1.1" 404 383
190.27.74.96 - - [17/Oct/2021:16:38:18 -0500] "POST /sipse/faces/presentacion/financiero/solicitudProceso/listarSolicitudProceso.xhtml HTTP/1.1" 200 25382
190.27.74.96 - - [17/Oct/2021:16:38:18 -0500] "POST /sipse/faces/presentacion/financiero/solicitudProceso/listarSolicitudProceso.xhtml HTTP/1.1" 200 25382
190.27.74.96 - - [17/Oct/2021:16:38:18 -0500] "POST /sipse/faces/presentacion/financiero/solicitudProceso/listarSolicitudProceso.xhtml HTTP/1.1" 200 25382
190.27.74.96 - - [17/Oct/2021:16:38:19 -0500] "POST /sipse/faces/presentacion/financiero/solicitudProceso/listarSolicitudProceso.xhtml HTTP/1.1" 200 25382
190.27.74.96 - - [17/Oct/2021:16:38:19 -0500] "POST /sipse/faces/presentacion/financiero/solicitudProceso/listarSolicitudProceso.xhtml HTTP/1.1" 200 25382
201.245.192.253 - - [17/Oct/2021:16:38:18 -0500] "POST /sipse/faces/presentacion/financiero/solicitudProceso/listarSolicitudProceso.xhtml HTTP/1.1" 200 117442
201.245.192.253 - - [17/Oct/2021:16:38:20 -0500] "GET /sipse/faces/javax.faces.resource/theme.css?ln=primefaces-sipse HTTP/1.1" 304 -
201.245.192.253 - - [17/Oct/2021:16:38:20 -0500] "GET /sipse/faces/javax.faces.resource/primefaces.css?ln=primefaces&v=4.0 HTTP/1.1" 304 -
201.245.192.253 - - [17/Oct/2021:16:38:20 -0500] "GET /sipse/faces/javax.faces.resource/layout/layout.css?ln=primefaces&v=4.0 HTTP/1.1" 304 -
201.245.192.253 - - [17/Oct/2021:16:38:20 -0500] "GET /sipse/faces/javax.faces.resource/jquery/jquery.js?ln=primefaces&v=4.0 HTTP/1.1" 304 -
201.245.192.253 - - [17/Oct/2021:16:38:20 -0500] "GET /sipse/faces/javax.faces.resource/jquery/jquery-plugins.js?ln=primefaces&v=4.0 HTTP/1.1" 304 -
201.245.192.253 - - [17/Oct/2021:16:38:20 -0500] "GET /sipse/faces/javax.faces.resource/primefaces.js?ln=primefaces&v=4.0 HTTP/1.1" 304 -
201.245.192.253 - - [17/Oct/2021:16:38:20 -0500] "GET /sipse/faces/javax.faces.resource/layout/layout.js?ln=primefaces&v=4.0 HTTP/1.1" 304 -
190.27.74.96 - - [17/Oct/2021:16:38:19 -0500] "POST /sipse/faces/presentacion/financiero/solicitudProceso/listarSolicitudProceso.xhtml HTTP/1.1" 200 25382
201.245.192.253 - - [17/Oct/2021:16:38:20 -0500] "GET /sipse/css/imagen/contrasena.png HTTP/1.1" 404 383
190.27.74.96 - - [17/Oct/2021:16:38:20 -0500] "POST /sipse/faces/presentacion/financiero/solicitudProceso/listarSolicitudProceso.xhtml HTTP/1.1" 200 25382
190.27.74.96 - - [17/Oct/2021:16:38:20 -0500] "POST /sipse/faces/presentacion/financiero/solicitudProceso/listarSolicitudProceso.xhtml HTTP/1.1" 200 25382
201.245.192.253 - - [17/Oct/2021:16:38:20 -0500] "GET /reportes_sipse/sdg/ServletReporte?reporte=experienia_idoneidad&solicitud=15375&pfdrid_c=false HTTP/1.1" 200 150883
190.27.74.96 - - [17/Oct/2021:16:38:20 -0500] "POST /sipse/faces/presentacion/financiero/solicitudProceso/listarSolicitudProceso.xhtml HTTP/1.1" 200 25382
190.27.74.96 - - [17/Oct/2021:16:38:21 -0500] "POST /sipse/faces/presentacion/financiero/solicitudProceso/listarSolicitudProceso.xhtml HTTP/1.1" 200 25382
190.27.74.96 - - [17/Oct/2021:16:38:21 -0500] "POST /sipse/faces/presentacion/financiero/solicitudProceso/listarSolicitudProceso.xhtml HTTP/1.1" 200 25382
161.18.116.246 - - [17/Oct/2021:16:38:21 -0500] "POST /sipse/faces/presentacion/financiero/solicitudProceso/consultarSolicitudProceso.xhtml HTTP/1.1" 200 153573
190.27.74.96 - - [17/Oct/2021:16:38:21 -0500] "POST /sipse/faces/presentacion/financiero/solicitudProceso/listarSolicitudProceso.xhtml HTTP/1.1" 200 25382
190.27.74.96 - - [17/Oct/2021:16:38:22 -0500] "POST /sipse/faces/presentacion/financiero/solicitudProceso/listarSolicitudProceso.xhtml HTTP/1.1" 200 25382
190.27.74.96 - - [17/Oct/2021:16:38:22 -0500] "POST /sipse/faces/presentacion/financiero/solicitudProceso/listarSolicitudProceso.xhtml HTTP/1.1" 200 25382
191.156.50.90 - - [17/Oct/2021:16:38:23 -0500] "GET /se-abre-convocatoria-a-organizaciones-ambientales-para-generar-1-070-empleos-verdes-dirigidos-a-mujeres.html HTTP/1.1" 200 1128
190.27.74.96 - - [17/Oct/2021:16:38:23 -0500] "POST /sipse/faces/presentacion/financiero/solicitudProceso/listarSolicitudProceso.xhtml HTTP/1.1" 200 1348
190.27.74.96 - - [17/Oct/2021:16:38:23 -0500] "POST /sipse/faces/presentacion/financiero/solicitudProceso/listarSolicitudProceso.xhtml HTTP/1.1" 200 1344
190.27.74.96 - - [17/Oct/2021:16:38:23 -0500] "POST /sipse/faces/presentacion/financiero/solicitudProceso/listarSolicitudProceso.xhtml HTTP/1.1" 200 1344
190.27.74.96 - - [17/Oct/2021:16:38:23 -0500] "POST /sipse/faces/presentacion/financiero/solicitudProceso/listarSolicitudProceso.xhtml HTTP/1.1" 200 1344
190.27.74.96 - - [17/Oct/2021:16:38:24 -0500] "POST /sipse/faces/presentacion/financiero/solicitudProceso/listarSolicitudProceso.xhtml HTTP/1.1" 200 1344
190.27.74.96 - - [17/Oct/2021:16:38:24 -0500] "POST /sipse/faces/presentacion/financiero/solicitudProceso/listarSolicitudProceso.xhtml HTTP/1.1" 200 1344
190.27.74.96 - - [17/Oct/2021:16:38:24 -0500] "POST /sipse/faces/presentacion/financiero/solicitudProceso/listarSolicitudProceso.xhtml HTTP/1.1" 200 1344
190.27.74.96 - - [17/Oct/2021:16:38:25 -0500] "POST /sipse/faces/presentacion/financiero/solicitudProceso/listarSolicitudProceso.xhtml HTTP/1.1" 200 1344
190.27.74.96 - - [17/Oct/2021:16:38:25 -0500] "POST /sipse/faces/presentacion/financiero/solicitudProceso/listarSolicitudProceso.xhtml HTTP/1.1" 200 1344
190.27.74.96 - - [17/Oct/2021:16:38:25 -0500] "POST /sipse/faces/presentacion/financiero/solicitudProceso/listarSolicitudProceso.xhtml HTTP/1.1" 200 1344
190.27.74.96 - - [17/Oct/2021:16:38:25 -0500] "POST /sipse/faces/presentacion/financiero/solicitudProceso/listarSolicitudProceso.xhtml HTTP/1.1" 200 1344
201.245.192.253 - - [17/Oct/2021:16:38:25 -0500] "POST /sipse/faces/presentacion/financiero/solicitudProceso/consultarSolicitudProceso.xhtml HTTP/1.1" 200 200697
190.27.74.96 - - [17/Oct/2021:16:38:26 -0500] "POST /sipse/faces/presentacion/financiero/solicitudProceso/listarSolicitudProceso.xhtml HTTP/1.1" 200 1344
190.27.74.96 - - [17/Oct/2021:16:38:26 -0500] "POST /sipse/faces/presentacion/financiero/solicitudProceso/listarSolicitudProceso.xhtml HTTP/1.1" 200 1344
190.27.74.96 - - [17/Oct/2021:16:38:26 -0500] "POST /sipse/faces/presentacion/financiero/solicitudProceso/listarSolicitudProceso.xhtml HTTP/1.1" 200 1344
190.27.74.96 - - [17/Oct/2021:16:38:26 -0500] "POST /sipse/faces/presentacion/financiero/solicitudProceso/listarSolicitudProceso.xhtml HTTP/1.1" 200 1344
201.245.192.253 - - [17/Oct/2021:16:38:28 -0500] "POST /sipse/faces/presentacion/financiero/solicitudProceso/consultarSolicitudProceso.xhtml HTTP/1.1" 200 279849
190.27.74.96 - - [17/Oct/2021:16:38:29 -0500] "POST /sipse/faces/presentacion/financiero/solicitudProceso/listarSolicitudProceso.xhtml HTTP/1.1" 200 4971
201.245.192.253 - - [17/Oct/2021:16:38:30 -0500] "GET /catalogoisis/ HTTP/1.1" 200 8575
190.27.74.96 - - [17/Oct/2021:16:38:31 -0500] "POST /sipse/faces/presentacion/financiero/solicitudProceso/listarSolicitudProceso.xhtml HTTP/1.1" 200 125619
190.27.74.96 - - [17/Oct/2021:16:38:32 -0500] "GET /sipse/faces/javax.faces.resource/theme.css?ln=primefaces-sipse HTTP/1.1" 304 -
190.27.74.96 - - [17/Oct/2021:16:38:32 -0500] "GET /sipse/faces/javax.faces.resource/primefaces.css?ln=primefaces&v=4.0 HTTP/1.1" 304 -
190.27.74.96 - - [17/Oct/2021:16:38:32 -0500] "GET /sipse/faces/javax.faces.resource/layout/layout.css?ln=primefaces&v=4.0 HTTP/1.1" 304 -
190.27.74.96 - - [17/Oct/2021:16:38:32 -0500] "GET /sipse/faces/javax.faces.resource/jquery/jquery.js?ln=primefaces&v=4.0 HTTP/1.1" 304 -
190.27.74.96 - - [17/Oct/2021:16:38:32 -0500] "GET /sipse/faces/javax.faces.resource/jquery/jquery-plugins.js?ln=primefaces&v=4.0 HTTP/1.1" 304 -
190.27.74.96 - - [17/Oct/2021:16:38:32 -0500] "GET /sipse/faces/javax.faces.resource/primefaces.js?ln=primefaces&v=4.0 HTTP/1.1" 304 -
190.27.74.96 - - [17/Oct/2021:16:38:32 -0500] "GET /sipse/faces/javax.faces.resource/layout/layout.js?ln=primefaces&v=4.0 HTTP/1.1" 304 -
190.27.74.96 - - [17/Oct/2021:16:38:33 -0500] "GET /sipse/css/imagen/contrasena.png HTTP/1.1" 404 383
190.27.74.96 - - [17/Oct/2021:16:38:33 -0500] "GET /reportes_sipse/sdg/ServletReporte?reporte=experienia_idoneidad&solicitud=15375&pfdrid_c=false HTTP/1.1" 200 150883
168.119.138.106 - - [17/Oct/2021:16:38:39 -0500] "GET /BLA/resoluciones/RESOLUCIONES%202019/1769.pdf HTTP/1.1" 200 527866
