168.119.138.106 - - [17/Oct/2021:12:54:33 -0500] "GET /BLA/resoluciones/RESOLUCIONES%202019/0120.pdf HTTP/1.1" 200 278097
201.245.192.253 - - [17/Oct/2021:12:54:50 -0500] "GET /catalogoisis/ HTTP/1.1" 200 8575
186.84.23.5 - - [17/Oct/2021:12:55:05 -0500] "-" 408 -
66.249.66.139 - - [17/Oct/2021:12:55:07 -0500] "-" 408 -
168.119.138.106 - - [17/Oct/2021:12:55:11 -0500] "GET /BLA/resoluciones/RESOLUCIONES%202019/3281.pdf HTTP/1.1" 200 391476
23.100.232.233 - - [17/Oct/2021:12:55:22 -0500] "GET /galeria/galeria/jquery.fancybox.css?v=2.1.5 HTTP/1.1" 200 4895
23.100.232.233 - - [17/Oct/2021:12:55:22 -0500] "GET /galeria/galeria/jquery.fancybox.js?v=2.1.5 HTTP/1.1" 200 48706
201.245.192.253 - - [17/Oct/2021:12:54:38 -0500] "POST /kwsrmcab/Wsrmcab HTTP/1.1" 200 112269
186.86.32.65 - - [17/Oct/2021:12:55:32 -0500] "GET /galeria/galeria/jquery.fancybox.js?v=2.1.5 HTTP/1.1" 200 48706
186.86.32.65 - - [17/Oct/2021:12:55:32 -0500] "GET /galeria/galeria/fotos/Entrenube1P.jpg HTTP/1.1" 200 6959
186.86.32.65 - - [17/Oct/2021:12:55:32 -0500] "GET /galeria/galeria/jquery.fancybox.css?v=2.1.5 HTTP/1.1" 200 4895
186.86.32.65 - - [17/Oct/2021:12:55:32 -0500] "GET /galeria/galeria/fotos/Entrenube2P.jpg HTTP/1.1" 200 8416
186.86.32.65 - - [17/Oct/2021:12:55:33 -0500] "GET /galeria/galeria/fotos/Entrenube3P.jpg HTTP/1.1" 200 8487
186.86.32.65 - - [17/Oct/2021:12:55:33 -0500] "GET /galeria/galeria/fotos/Entrenube4P.jpg HTTP/1.1" 200 10881
216.245.221.92 - - [17/Oct/2021:12:55:39 -0500] "HEAD / HTTP/1.1" 200 -
168.119.138.106 - - [17/Oct/2021:12:55:47 -0500] "GET /BLA/resoluciones/RESOLUCIONES%202019/3162.pdf HTTP/1.1" 200 314537
201.245.192.253 - - [17/Oct/2021:12:55:51 -0500] "GET /catalogoisis/ HTTP/1.1" 200 8575
186.80.232.92 - - [17/Oct/2021:12:56:03 -0500] "GET /BLA/boletinlegal/js/jquery.scrollShow.js HTTP/1.1" 200 4586
186.80.232.92 - - [17/Oct/2021:12:56:03 -0500] "GET /galeria/galeria/jquery.fancybox.css?v=2.1.5 HTTP/1.1" 200 4895
186.80.232.92 - - [17/Oct/2021:12:56:03 -0500] "GET /galeria/galeria/jquery.fancybox.js?v=2.1.5 HTTP/1.1" 200 48706
23.100.232.233 - - [17/Oct/2021:12:56:08 -0500] "GET /BLA/boletinlegal/js/jquery.scrollShow.js HTTP/1.1" 200 4586
23.100.232.233 - - [17/Oct/2021:12:56:08 -0500] "GET /galeria/galeria/jquery.fancybox.js?v=2.1.5 HTTP/1.1" 200 48706
23.100.232.233 - - [17/Oct/2021:12:56:08 -0500] "GET /galeria/galeria/jquery.fancybox.css?v=2.1.5 HTTP/1.1" 200 4895
23.100.232.233 - - [17/Oct/2021:12:56:13 -0500] "GET /galeria/carrusel/Carrusel/jquery-ui-1.8.13.custom.min.js HTTP/1.1" 200 10800
23.100.232.233 - - [17/Oct/2021:12:56:13 -0500] "GET /galeria/carrusel/Carrusel/jquery.thumbnailScroller.css HTTP/1.1" 200 2066
23.100.232.233 - - [17/Oct/2021:12:56:13 -0500] "GET /galeria/carrusel/Carrusel/jquery.thumbnailScroller.js HTTP/1.1" 200 8157
23.100.232.233 - - [17/Oct/2021:12:56:13 -0500] "GET /galeria/nivo-slider/demo/banner.html HTTP/1.1" 200 5446
23.100.232.233 - - [17/Oct/2021:12:56:14 -0500] "GET /galeria/nivo-slider/themes/default/default.css HTTP/1.1" 200 1569
23.100.232.233 - - [17/Oct/2021:12:56:14 -0500] "GET /galeria/nivo-slider/themes/pascal/pascal.css HTTP/1.1" 200 2258
23.100.232.233 - - [17/Oct/2021:12:56:14 -0500] "GET /galeria/nivo-slider/themes/orman/orman.css HTTP/1.1" 200 2152
23.100.232.233 - - [17/Oct/2021:12:56:14 -0500] "GET /galeria/nivo-slider/nivo-slider.css HTTP/1.1" 200 1507
23.100.232.233 - - [17/Oct/2021:12:56:14 -0500] "GET /galeria/nivo-slider/demo/scripts/jquery-1.7.1.min.js HTTP/1.1" 200 93868
23.100.232.233 - - [17/Oct/2021:12:56:14 -0500] "GET /galeria/nivo-slider/jquery.nivo.slider.pack.js HTTP/1.1" 200 11561
23.100.232.233 - - [17/Oct/2021:12:56:14 -0500] "GET /galeria/nivo-slider/demo/style.css HTTP/1.1" 200 2222
168.119.138.106 - - [17/Oct/2021:12:56:24 -0500] "GET /BLA/resoluciones/RESOLUCIONES%202019/1888.pdf HTTP/1.1" 200 287651
84.125.81.184 - - [17/Oct/2021:12:56:25 -0500] "GET /BLA/boletinlegal/js/jquery.scrollShow.js HTTP/1.1" 200 4586
84.125.81.184 - - [17/Oct/2021:12:56:25 -0500] "GET /galeria/galeria/jquery.fancybox.css?v=2.1.5 HTTP/1.1" 200 4895
84.125.81.184 - - [17/Oct/2021:12:56:25 -0500] "GET /galeria/galeria/jquery.fancybox.js?v=2.1.5 HTTP/1.1" 200 48706
186.155.14.149 - - [17/Oct/2021:12:56:23 -0500] "POST /BLA/boletinlegal/admin/actos/ingresar.php HTTP/1.1" 200 7236
191.97.14.136 - - [17/Oct/2021:12:56:34 -0500] "GET /galeria/galeria/jquery.fancybox.css?v=2.1.5 HTTP/1.1" 200 4895
191.97.14.136 - - [17/Oct/2021:12:56:35 -0500] "GET /BLA/boletinlegal/js/jquery.scrollShow.js HTTP/1.1" 200 4586
191.97.14.136 - - [17/Oct/2021:12:56:35 -0500] "GET /galeria/galeria/jquery.fancybox.js?v=2.1.5 HTTP/1.1" 200 48706
201.245.192.253 - - [17/Oct/2021:12:56:52 -0500] "GET /catalogoisis/ HTTP/1.1" 200 8575
168.119.138.106 - - [17/Oct/2021:12:56:58 -0500] "GET /BLA/resoluciones/RESOLUCIONES%202019/1774.pdf HTTP/1.1" 200 321814
45.238.146.3 - - [17/Oct/2021:12:57:05 -0500] "GET /BLA/boletinlegal/js/jquery.scrollShow.js HTTP/1.1" 200 4586
45.238.146.3 - - [17/Oct/2021:12:57:05 -0500] "GET /galeria/galeria/jquery.fancybox.js?v=2.1.5 HTTP/1.1" 200 48706
45.238.146.3 - - [17/Oct/2021:12:57:05 -0500] "GET /galeria/galeria/jquery.fancybox.css?v=2.1.5 HTTP/1.1" 200 4895
168.119.138.106 - - [17/Oct/2021:12:57:36 -0500] "GET /BLA/resoluciones/RESOLUCIONES%202019/0302.pdf HTTP/1.1" 200 306397
161.18.116.246 - - [17/Oct/2021:12:57:39 -0500] "POST /sipse/faces/presentacion/financiero/solicitudProceso/consultarSolicitudProceso.xhtml HTTP/1.1" 200 5517
161.18.116.246 - - [17/Oct/2021:12:57:39 -0500] "GET /sipse/faces/javax.faces.resource/dynamiccontent.properties?ln=primefaces&pfdrid=XjOR5%2F%2FfPAZAuY9TpWQeCiM0BhlXxYRBGKi%2FQcXXfeA%3D&pfdrid_c=false HTTP/1.1" 200 126219
201.245.192.253 - - [17/Oct/2021:12:57:53 -0500] "GET /catalogoisis/ HTTP/1.1" 200 8575
161.18.116.246 - - [17/Oct/2021:12:58:08 -0500] "POST /sipse/faces/presentacion/financiero/solicitudProceso/consultarSolicitudProceso.xhtml HTTP/1.1" 200 5488
161.18.116.246 - - [17/Oct/2021:12:58:08 -0500] "GET /reportes_sipse/sdg/ServletReporte?reporte=experienia_idoneidad&solicitud=15373&pfdrid_c=false HTTP/1.1" 200 153174
186.167.243.184 - - [17/Oct/2021:12:58:10 -0500] "GET /galeria/galeria/jquery.fancybox.css?v=2.1.5 HTTP/1.1" 200 4895
186.167.243.184 - - [17/Oct/2021:12:58:10 -0500] "GET /BLA/boletinlegal/js/jquery.scrollShow.js HTTP/1.1" 200 4586
186.167.243.184 - - [17/Oct/2021:12:58:11 -0500] "GET /galeria/galeria/jquery.fancybox.js?v=2.1.5 HTTP/1.1" 200 48706
168.119.138.106 - - [17/Oct/2021:12:58:13 -0500] "GET /BLA/resoluciones/RESOLUCIONES%202019/1027.pdf HTTP/1.1" 200 1204658
190.206.62.44 - - [17/Oct/2021:12:58:16 -0500] "GET /galeria/galeria/jquery.fancybox.css?v=2.1.5 HTTP/1.1" 200 4895
190.206.62.44 - - [17/Oct/2021:12:58:16 -0500] "GET /galeria/galeria/jquery.fancybox.js?v=2.1.5 HTTP/1.1" 200 48706
190.206.62.44 - - [17/Oct/2021:12:58:16 -0500] "GET /BLA/boletinlegal/js/jquery.scrollShow.js HTTP/1.1" 200 4586
186.155.14.149 - - [17/Oct/2021:12:58:16 -0500] "POST /BLA/boletinlegal/admin/actos/ingresar.php HTTP/1.1" 200 7236
186.185.131.99 - - [17/Oct/2021:12:58:29 -0500] "GET /galeria/galeria/jquery.fancybox.js?v=2.1.5 HTTP/1.1" 200 48706
186.185.131.99 - - [17/Oct/2021:12:58:29 -0500] "GET /galeria/galeria/jquery.fancybox.css?v=2.1.5 HTTP/1.1" 200 4895
186.185.131.99 - - [17/Oct/2021:12:58:29 -0500] "GET /BLA/boletinlegal/js/jquery.scrollShow.js HTTP/1.1" 200 4586
168.119.138.106 - - [17/Oct/2021:12:58:42 -0500] "GET /BLA/resoluciones/RESOLUCIONES%202019/3226.pdf HTTP/1.1" 200 348050
161.18.116.246 - - [17/Oct/2021:12:58:48 -0500] "POST /sipse/faces/presentacion/financiero/solicitudProceso/consultarSolicitudProceso.xhtml HTTP/1.1" 200 33410
161.18.116.246 - - [17/Oct/2021:12:58:48 -0500] "GET /sipse/faces/javax.faces.resource/theme.css?ln=primefaces-sipse HTTP/1.1" 304 -
161.18.116.246 - - [17/Oct/2021:12:58:48 -0500] "GET /sipse/faces/javax.faces.resource/primefaces.css?ln=primefaces&v=4.0 HTTP/1.1" 304 -
161.18.116.246 - - [17/Oct/2021:12:58:48 -0500] "GET /sipse/css/imagen/contrasena.png HTTP/1.1" 404 383
161.18.116.246 - - [17/Oct/2021:12:58:48 -0500] "GET /sipse/faces/javax.faces.resource/layout/layout.css?ln=primefaces&v=4.0 HTTP/1.1" 304 -
161.18.116.246 - - [17/Oct/2021:12:58:48 -0500] "GET /sipse/faces/javax.faces.resource/jquery/jquery.js?ln=primefaces&v=4.0 HTTP/1.1" 304 -
161.18.116.246 - - [17/Oct/2021:12:58:49 -0500] "GET /sipse/faces/javax.faces.resource/jquery/jquery-plugins.js?ln=primefaces&v=4.0 HTTP/1.1" 304 -
161.18.116.246 - - [17/Oct/2021:12:58:49 -0500] "GET /sipse/faces/javax.faces.resource/primefaces.js?ln=primefaces&v=4.0 HTTP/1.1" 304 -
161.18.116.246 - - [17/Oct/2021:12:58:49 -0500] "GET /sipse/faces/javax.faces.resource/layout/layout.js?ln=primefaces&v=4.0 HTTP/1.1" 304 -
161.18.116.246 - - [17/Oct/2021:12:58:49 -0500] "GET /sipse/faces/javax.faces.resource/images/ui-icons_898989_256x240.png?ln=primefaces-aristo HTTP/1.1" 304 -
161.18.116.246 - - [17/Oct/2021:12:58:49 -0500] "POST /sipse/faces/presentacion/sistema/reporte/listarReportes.xhtml HTTP/1.1" 200 26717
161.18.116.246 - - [17/Oct/2021:12:58:49 -0500] "GET /sipse/faces/javax.faces.resource/images/ui-bg_flat_0_2d5972_40x100.png?ln=primefaces-aristo HTTP/1.1" 304 -
161.18.116.246 - - [17/Oct/2021:12:58:49 -0500] "POST /sipse/faces/presentacion/sistema/reporte/listarReportes.xhtml HTTP/1.1" 200 26717
161.18.116.246 - - [17/Oct/2021:12:58:53 -0500] "POST /sipse/faces/presentacion/sistema/reporte/listarReportes.xhtml HTTP/1.1" 200 23069
161.18.116.246 - - [17/Oct/2021:12:58:54 -0500] "GET /sipse/faces/javax.faces.resource/primefaces.css?ln=primefaces&v=4.0 HTTP/1.1" 304 -
161.18.116.246 - - [17/Oct/2021:12:58:54 -0500] "GET /sipse/faces/javax.faces.resource/theme.css?ln=primefaces-sipse HTTP/1.1" 304 -
161.18.116.246 - - [17/Oct/2021:12:58:54 -0500] "GET /sipse/faces/javax.faces.resource/layout/layout.css?ln=primefaces&v=4.0 HTTP/1.1" 304 -
161.18.116.246 - - [17/Oct/2021:12:58:54 -0500] "GET /sipse/faces/javax.faces.resource/jquery/jquery.js?ln=primefaces&v=4.0 HTTP/1.1" 304 -
161.18.116.246 - - [17/Oct/2021:12:58:54 -0500] "GET /sipse/faces/javax.faces.resource/primefaces.js?ln=primefaces&v=4.0 HTTP/1.1" 304 -
161.18.116.246 - - [17/Oct/2021:12:58:54 -0500] "GET /sipse/faces/javax.faces.resource/jquery/jquery-plugins.js?ln=primefaces&v=4.0 HTTP/1.1" 304 -
201.245.192.253 - - [17/Oct/2021:12:58:54 -0500] "GET /catalogoisis/ HTTP/1.1" 200 8575
161.18.116.246 - - [17/Oct/2021:12:58:54 -0500] "GET /sipse/faces/javax.faces.resource/layout/layout.js?ln=primefaces&v=4.0 HTTP/1.1" 304 -
161.18.116.246 - - [17/Oct/2021:12:58:54 -0500] "GET /sipse/css/imagen/contrasena.png HTTP/1.1" 404 383
161.18.116.246 - - [17/Oct/2021:12:58:54 -0500] "GET /reportes_sipse/sdg/ServletReporte?reporte=no_hay HTTP/1.1" 200 5373
186.84.91.78 - - [17/Oct/2021:12:58:57 -0500] "GET /galeria/galeria/jquery.fancybox.css?v=2.1.5 HTTP/1.1" 200 4895
186.84.91.78 - - [17/Oct/2021:12:58:57 -0500] "GET /galeria/galeria/jquery.fancybox.js?v=2.1.5 HTTP/1.1" 200 48706
186.84.91.78 - - [17/Oct/2021:12:58:57 -0500] "GET /BLA/boletinlegal/js/jquery.scrollShow.js HTTP/1.1" 200 4586
181.55.68.47 - - [17/Oct/2021:12:59:00 -0500] "GET /galeria/galeria/jquery.fancybox.css?v=2.1.5 HTTP/1.1" 200 4895
181.55.68.47 - - [17/Oct/2021:12:59:00 -0500] "GET /BLA/boletinlegal/js/jquery.scrollShow.js HTTP/1.1" 200 4586
181.55.68.47 - - [17/Oct/2021:12:59:00 -0500] "GET /galeria/galeria/jquery.fancybox.js?v=2.1.5 HTTP/1.1" 200 48706
161.18.116.246 - - [17/Oct/2021:12:59:04 -0500] "POST /reportes_sipse/sdg/ServletControlador HTTP/1.1" 200 150062
168.119.138.106 - - [17/Oct/2021:12:59:17 -0500] "GET /BLA/resoluciones/RESOLUCIONES%202019/3234.pdf HTTP/1.1" 200 339232
161.18.116.246 - - [17/Oct/2021:12:59:31 -0500] "POST /sipse/faces/presentacion/sistema/reporte/ventanaVerReporteParametros.xhtml HTTP/1.1" 200 63758
161.18.116.246 - - [17/Oct/2021:12:59:31 -0500] "GET /sipse/faces/javax.faces.resource/theme.css?ln=primefaces-sipse HTTP/1.1" 304 -
161.18.116.246 - - [17/Oct/2021:12:59:31 -0500] "GET /sipse/faces/javax.faces.resource/primefaces.css?ln=primefaces&v=4.0 HTTP/1.1" 304 -
161.18.116.246 - - [17/Oct/2021:12:59:31 -0500] "GET /sipse/faces/javax.faces.resource/layout/layout.css?ln=primefaces&v=4.0 HTTP/1.1" 304 -
161.18.116.246 - - [17/Oct/2021:12:59:31 -0500] "GET /sipse/faces/javax.faces.resource/jquery/jquery.js?ln=primefaces&v=4.0 HTTP/1.1" 304 -
161.18.116.246 - - [17/Oct/2021:12:59:31 -0500] "GET /sipse/faces/javax.faces.resource/jquery/jquery-plugins.js?ln=primefaces&v=4.0 HTTP/1.1" 304 -
161.18.116.246 - - [17/Oct/2021:12:59:31 -0500] "GET /sipse/faces/javax.faces.resource/primefaces.js?ln=primefaces&v=4.0 HTTP/1.1" 304 -
161.18.116.246 - - [17/Oct/2021:12:59:31 -0500] "GET /sipse/faces/javax.faces.resource/layout/layout.js?ln=primefaces&v=4.0 HTTP/1.1" 304 -
161.18.116.246 - - [17/Oct/2021:12:59:31 -0500] "GET /sipse/css/imagen/contrasena.png HTTP/1.1" 404 383
161.18.116.246 - - [17/Oct/2021:12:59:31 -0500] "GET /sipse/faces/javax.faces.resource/images/ui-icons_898989_256x240.png?ln=primefaces-aristo HTTP/1.1" 304 -
161.18.116.246 - - [17/Oct/2021:12:59:31 -0500] "POST /sipse/faces/presentacion/financiero/solicitudProceso/listarSolicitudProceso.xhtml HTTP/1.1" 200 1448
191.108.74.141 - - [17/Oct/2021:12:59:39 -0500] "GET /galeria/galeria/jquery.fancybox.js?v=2.1.5 HTTP/1.1" 206 1
191.108.74.141 - - [17/Oct/2021:12:59:39 -0500] "GET /galeria/galeria/jquery.fancybox.js?v=2.1.5 HTTP/1.1" 206 21851
168.119.138.106 - - [17/Oct/2021:12:59:51 -0500] "GET /BLA/resoluciones/RESOLUCIONES%202019/3127.pdf HTTP/1.1" 200 562483
201.245.192.253 - - [17/Oct/2021:12:59:54 -0500] "GET /catalogoisis/ HTTP/1.1" 200 8575
161.18.116.246 - - [17/Oct/2021:13:00:02 -0500] "POST /sipse/faces/presentacion/financiero/solicitudProceso/listarSolicitudProceso.xhtml HTTP/1.1" 200 30389
46.222.161.234 - - [17/Oct/2021:13:00:03 -0500] "GET /BLA/boletinlegal/js/jquery.scrollShow.js HTTP/1.1" 200 4586
46.222.161.234 - - [17/Oct/2021:13:00:03 -0500] "GET /galeria/galeria/jquery.fancybox.css?v=2.1.5 HTTP/1.1" 200 4895
46.222.161.234 - - [17/Oct/2021:13:00:03 -0500] "GET /galeria/galeria/jquery.fancybox.js?v=2.1.5 HTTP/1.1" 200 48706
186.155.14.149 - - [17/Oct/2021:13:00:10 -0500] "POST /BLA/boletinlegal/admin/actos/ingresar.php HTTP/1.1" 200 2102
186.155.14.149 - - [17/Oct/2021:13:00:13 -0500] "GET /BLA/boletinlegal/admin/actos/ingresar.php HTTP/1.1" 200 7143
181.61.206.152 - - [17/Oct/2021:13:00:14 -0500] "-" 408 -
168.119.138.106 - - [17/Oct/2021:13:00:26 -0500] "GET /BLA/resoluciones/RESOLUCIONES%202019/2349.pdf HTTP/1.1" 200 332418
161.18.116.246 - - [17/Oct/2021:13:00:28 -0500] "POST /sipse/faces/presentacion/financiero/solicitudProceso/listarSolicitudProceso.xhtml HTTP/1.1" 200 146779
161.18.116.246 - - [17/Oct/2021:13:00:29 -0500] "GET /sipse/faces/javax.faces.resource/theme.css?ln=primefaces-sipse HTTP/1.1" 304 -
161.18.116.246 - - [17/Oct/2021:13:00:29 -0500] "GET /sipse/faces/javax.faces.resource/layout/layout.css?ln=primefaces&v=4.0 HTTP/1.1" 304 -
161.18.116.246 - - [17/Oct/2021:13:00:29 -0500] "GET /sipse/faces/javax.faces.resource/primefaces.css?ln=primefaces&v=4.0 HTTP/1.1" 304 -
161.18.116.246 - - [17/Oct/2021:13:00:29 -0500] "GET /sipse/faces/javax.faces.resource/jquery/jquery.js?ln=primefaces&v=4.0 HTTP/1.1" 304 -
161.18.116.246 - - [17/Oct/2021:13:00:29 -0500] "GET /sipse/faces/javax.faces.resource/jquery/jquery-plugins.js?ln=primefaces&v=4.0 HTTP/1.1" 304 -
161.18.116.246 - - [17/Oct/2021:13:00:29 -0500] "GET /sipse/faces/javax.faces.resource/primefaces.js?ln=primefaces&v=4.0 HTTP/1.1" 304 -
161.18.116.246 - - [17/Oct/2021:13:00:29 -0500] "GET /sipse/faces/javax.faces.resource/layout/layout.js?ln=primefaces&v=4.0 HTTP/1.1" 304 -
161.18.116.246 - - [17/Oct/2021:13:00:29 -0500] "GET /sipse/css/imagen/contrasena.png HTTP/1.1" 404 383
161.18.116.246 - - [17/Oct/2021:13:00:29 -0500] "GET /reportes_sipse/sdg/ServletReporte?reporte=experienia_idoneidad&solicitud=15373&pfdrid_c=false HTTP/1.1" 200 153174
216.245.221.92 - - [17/Oct/2021:13:00:39 -0500] "HEAD / HTTP/1.1" 200 -
186.155.14.149 - - [17/Oct/2021:13:00:53 -0500] "GET /BLA/resoluciones/AUTOS%202018/2447.pdf HTTP/1.1" 200 339091
201.245.192.253 - - [17/Oct/2021:13:00:55 -0500] "GET /catalogoisis/ HTTP/1.1" 200 8575
168.119.138.106 - - [17/Oct/2021:13:01:02 -0500] "GET /BLA/resoluciones/RESOLUCIONES%202019/2417.pdf HTTP/1.1" 200 425541
209.97.185.16 - - [17/Oct/2021:13:01:07 -0500] "GET / HTTP/1.1" 200 319
191.156.1.39 - - [17/Oct/2021:13:01:17 -0500] "GET /galeria/galeria/jquery.fancybox.js?v=2.1.5 HTTP/1.1" 200 48706
191.156.1.39 - - [17/Oct/2021:13:01:17 -0500] "GET /galeria/galeria/jquery.fancybox.css?v=2.1.5 HTTP/1.1" 200 4895
191.156.1.39 - - [17/Oct/2021:13:01:17 -0500] "GET /BLA/boletinlegal/js/jquery.scrollShow.js HTTP/1.1" 200 4586
66.249.66.139 - - [17/Oct/2021:13:01:18 -0500] "-" 408 -
161.18.116.246 - - [17/Oct/2021:13:01:22 -0500] "POST /sipse/faces/presentacion/financiero/solicitudProceso/consultarSolicitudProceso.xhtml HTTP/1.1" 200 100641
161.18.116.246 - - [17/Oct/2021:13:01:28 -0500] "POST /sipse/faces/presentacion/financiero/solicitudProceso/consultarSolicitudProceso.xhtml HTTP/1.1" 200 284731
186.155.18.254 - - [17/Oct/2021:13:01:29 -0500] "GET /galeria/galeria/jquery.fancybox.css?v=2.1.5 HTTP/1.1" 200 4895
186.155.18.254 - - [17/Oct/2021:13:01:29 -0500] "GET /BLA/boletinlegal/js/jquery.scrollShow.js HTTP/1.1" 200 4586
186.155.18.254 - - [17/Oct/2021:13:01:29 -0500] "GET /galeria/galeria/jquery.fancybox.js?v=2.1.5 HTTP/1.1" 200 48706
190.107.233.75 - - [17/Oct/2021:13:01:29 -0500] "GET /galeria/galeria/jquery.fancybox.css?v=2.1.5 HTTP/1.1" 200 4895
190.107.233.75 - - [17/Oct/2021:13:01:29 -0500] "GET /galeria/galeria/jquery.fancybox.js?v=2.1.5 HTTP/1.1" 200 48706
190.107.233.75 - - [17/Oct/2021:13:01:29 -0500] "GET /BLA/boletinlegal/js/jquery.scrollShow.js HTTP/1.1" 200 4586
168.119.138.106 - - [17/Oct/2021:13:01:36 -0500] "GET /BLA/resoluciones/RESOLUCIONES%202019/3864.pdf HTTP/1.1" 200 317662
161.18.116.246 - - [17/Oct/2021:13:01:46 -0500] "POST /sipse/faces/presentacion/financiero/solicitudProceso/consultarSolicitudProceso.xhtml HTTP/1.1" 200 5678064
161.18.116.246 - - [17/Oct/2021:13:01:50 -0500] "POST /sipse/faces/presentacion/financiero/solicitudProceso/consultarSolicitudProceso.xhtml HTTP/1.1" 200 1533461
161.18.116.246 - - [17/Oct/2021:13:01:54 -0500] "POST /sipse/faces/presentacion/financiero/solicitudProceso/consultarSolicitudProceso.xhtml HTTP/1.1" 200 53310
201.245.192.253 - - [17/Oct/2021:13:01:56 -0500] "GET /catalogoisis/ HTTP/1.1" 200 8575
161.18.116.246 - - [17/Oct/2021:13:01:58 -0500] "POST /sipse/faces/presentacion/financiero/solicitudProceso/consultarSolicitudProceso.xhtml HTTP/1.1" 200 153577
23.100.232.233 - - [17/Oct/2021:13:02:09 -0500] "GET /BLA/boletinlegal/js/jquery.scrollShow.js HTTP/1.1" 200 4586
23.100.232.233 - - [17/Oct/2021:13:02:09 -0500] "GET /galeria/galeria/jquery.fancybox.js?v=2.1.5 HTTP/1.1" 200 48706
23.100.232.233 - - [17/Oct/2021:13:02:09 -0500] "GET /galeria/galeria/jquery.fancybox.css?v=2.1.5 HTTP/1.1" 200 4895
168.119.138.106 - - [17/Oct/2021:13:02:12 -0500] "GET /BLA/resoluciones/RESOLUCIONES%202019/0974.pdf HTTP/1.1" 200 381713
168.119.138.106 - - [17/Oct/2021:13:02:46 -0500] "GET /BLA/resoluciones/RESOLUCIONES%202019/2868.pdf HTTP/1.1" 200 269421
191.156.35.117 - - [17/Oct/2021:13:02:52 -0500] "GET /galeria/galeria/jquery.fancybox.css?v=2.1.5 HTTP/1.1" 200 4895
191.156.37.244 - - [17/Oct/2021:13:02:52 -0500] "GET /galeria/galeria/jquery.fancybox.js?v=2.1.5 HTTP/1.1" 200 48706
191.156.44.178 - - [17/Oct/2021:13:02:52 -0500] "GET /BLA/boletinlegal/js/jquery.scrollShow.js HTTP/1.1" 200 4586
201.245.192.253 - - [17/Oct/2021:13:02:57 -0500] "GET /catalogoisis/ HTTP/1.1" 200 8575
168.119.138.106 - - [17/Oct/2021:13:03:19 -0500] "GET /BLA/resoluciones/RESOLUCIONES%202019/2604.pdf HTTP/1.1" 200 282865
181.48.146.133 - - [17/Oct/2021:13:03:37 -0500] "GET /BLA/boletinlegal/js/jquery.scrollShow.js HTTP/1.1" 200 4586
181.48.146.133 - - [17/Oct/2021:13:03:38 -0500] "GET /galeria/galeria/jquery.fancybox.css?v=2.1.5 HTTP/1.1" 200 4895
181.48.146.133 - - [17/Oct/2021:13:03:38 -0500] "GET /galeria/galeria/jquery.fancybox.js?v=2.1.5 HTTP/1.1" 200 48706
168.119.138.106 - - [17/Oct/2021:13:03:48 -0500] "GET /BLA/resoluciones/RESOLUCIONES%202019/0832.pdf HTTP/1.1" 200 340581
186.155.136.243 - - [17/Oct/2021:13:03:56 -0500] "GET /se-abre-convocatoria-a-organizaciones-ambientales-para-generar-1-070-empleos-verdes-dirigidos-a-mujeres.html HTTP/1.1" 200 1128
201.245.192.253 - - [17/Oct/2021:13:03:58 -0500] "GET /catalogoisis/ HTTP/1.1" 200 8575
186.86.33.2 - - [17/Oct/2021:13:04:16 -0500] "GET /galeria/galeria/jquery.fancybox.css?v=2.1.5 HTTP/1.1" 200 4895
186.86.33.2 - - [17/Oct/2021:13:04:16 -0500] "GET /BLA/boletinlegal/js/jquery.scrollShow.js HTTP/1.1" 200 4586
186.86.33.2 - - [17/Oct/2021:13:04:16 -0500] "GET /galeria/galeria/jquery.fancybox.js?v=2.1.5 HTTP/1.1" 200 48706
168.119.138.106 - - [17/Oct/2021:13:04:17 -0500] "GET /BLA/resoluciones/RESOLUCIONES%202019/3009.pdf HTTP/1.1" 200 327611
161.18.116.246 - - [17/Oct/2021:13:04:40 -0500] "POST /sipse/faces/presentacion/financiero/solicitudProceso/consultarSolicitudProceso.xhtml HTTP/1.1" 200 5517
161.18.116.246 - - [17/Oct/2021:13:04:41 -0500] "GET /sipse/faces/javax.faces.resource/dynamiccontent.properties?ln=primefaces&pfdrid=XjOR5%2F%2FfPAZAuY9TpWQeCiM0BhlXxYRBGKi%2FQcXXfeA%3D&pfdrid_c=false HTTP/1.1" 200 126324
168.119.138.106 - - [17/Oct/2021:13:04:43 -0500] "GET /BLA/resoluciones/RESOLUCIONES%202019/1509.pdf HTTP/1.1" 200 336148
201.245.192.253 - - [17/Oct/2021:13:04:58 -0500] "GET /catalogoisis/ HTTP/1.1" 200 8575
168.119.138.106 - - [17/Oct/2021:13:05:05 -0500] "GET /BLA/resoluciones/RESOLUCIONES%202019/1554.pdf HTTP/1.1" 200 260085
161.18.116.246 - - [17/Oct/2021:13:05:12 -0500] "POST /sipse/faces/presentacion/financiero/solicitudProceso/consultarSolicitudProceso.xhtml HTTP/1.1" 200 5488
161.18.116.246 - - [17/Oct/2021:13:05:13 -0500] "GET /reportes_sipse/sdg/ServletReporte?reporte=experienia_idoneidad&solicitud=15363&pfdrid_c=false HTTP/1.1" 200 130991
190.106.222.144 - - [17/Oct/2021:13:05:17 -0500] "GET /BLA/boletinlegal/js/jquery.scrollShow.js HTTP/1.1" 200 4586
190.106.222.144 - - [17/Oct/2021:13:05:17 -0500] "GET /galeria/galeria/jquery.fancybox.css?v=2.1.5 HTTP/1.1" 200 4895
190.106.222.144 - - [17/Oct/2021:13:05:17 -0500] "GET /galeria/galeria/jquery.fancybox.js?v=2.1.5 HTTP/1.1" 200 48706
168.119.138.106 - - [17/Oct/2021:13:05:22 -0500] "GET /BLA/resoluciones/RESOLUCIONES%202019/1689.pdf HTTP/1.1" 200 283270
201.245.192.253 - - [17/Oct/2021:13:04:38 -0500] "POST /kwsrmcab/Wsrmcab HTTP/1.1" 200 213
168.119.138.106 - - [17/Oct/2021:13:05:35 -0500] "GET /BLA/resoluciones/RESOLUCIONES%202019/1995.pdf HTTP/1.1" 200 282714
216.245.221.92 - - [17/Oct/2021:13:05:38 -0500] "HEAD / HTTP/1.1" 200 -
168.119.138.106 - - [17/Oct/2021:13:05:45 -0500] "GET /BLA/resoluciones/RESOLUCIONES%202019/1038.pdf HTTP/1.1" 200 324280
161.18.116.246 - - [17/Oct/2021:13:05:46 -0500] "POST /sipse/faces/presentacion/financiero/solicitudProceso/consultarSolicitudProceso.xhtml HTTP/1.1" 200 33410
161.18.116.246 - - [17/Oct/2021:13:05:46 -0500] "GET /sipse/faces/javax.faces.resource/theme.css?ln=primefaces-sipse HTTP/1.1" 304 -
161.18.116.246 - - [17/Oct/2021:13:05:46 -0500] "GET /sipse/faces/javax.faces.resource/primefaces.css?ln=primefaces&v=4.0 HTTP/1.1" 304 -
161.18.116.246 - - [17/Oct/2021:13:05:46 -0500] "GET /sipse/faces/javax.faces.resource/layout/layout.css?ln=primefaces&v=4.0 HTTP/1.1" 304 -
161.18.116.246 - - [17/Oct/2021:13:05:46 -0500] "GET /sipse/faces/javax.faces.resource/jquery/jquery.js?ln=primefaces&v=4.0 HTTP/1.1" 304 -
161.18.116.246 - - [17/Oct/2021:13:05:46 -0500] "GET /sipse/faces/javax.faces.resource/jquery/jquery-plugins.js?ln=primefaces&v=4.0 HTTP/1.1" 304 -
161.18.116.246 - - [17/Oct/2021:13:05:46 -0500] "GET /sipse/faces/javax.faces.resource/primefaces.js?ln=primefaces&v=4.0 HTTP/1.1" 304 -
161.18.116.246 - - [17/Oct/2021:13:05:46 -0500] "GET /sipse/faces/javax.faces.resource/layout/layout.js?ln=primefaces&v=4.0 HTTP/1.1" 304 -
161.18.116.246 - - [17/Oct/2021:13:05:46 -0500] "GET /sipse/css/imagen/contrasena.png HTTP/1.1" 404 383
161.18.116.246 - - [17/Oct/2021:13:05:46 -0500] "POST /sipse/faces/presentacion/sistema/reporte/listarReportes.xhtml HTTP/1.1" 200 26717
161.18.116.246 - - [17/Oct/2021:13:05:47 -0500] "POST /sipse/faces/presentacion/sistema/reporte/listarReportes.xhtml HTTP/1.1" 200 26717
181.59.181.2 - - [17/Oct/2021:13:05:48 -0500] "GET /galeria/galeria/jquery.fancybox.js?v=2.1.5 HTTP/1.1" 200 48706
161.18.116.246 - - [17/Oct/2021:13:05:48 -0500] "POST /sipse/faces/presentacion/sistema/reporte/listarReportes.xhtml HTTP/1.1" 200 23069
161.18.116.246 - - [17/Oct/2021:13:05:49 -0500] "GET /sipse/faces/javax.faces.resource/theme.css?ln=primefaces-sipse HTTP/1.1" 304 -
161.18.116.246 - - [17/Oct/2021:13:05:49 -0500] "GET /sipse/faces/javax.faces.resource/layout/layout.css?ln=primefaces&v=4.0 HTTP/1.1" 304 -
161.18.116.246 - - [17/Oct/2021:13:05:49 -0500] "GET /sipse/faces/javax.faces.resource/primefaces.css?ln=primefaces&v=4.0 HTTP/1.1" 304 -
161.18.116.246 - - [17/Oct/2021:13:05:49 -0500] "GET /sipse/faces/javax.faces.resource/jquery/jquery.js?ln=primefaces&v=4.0 HTTP/1.1" 304 -
161.18.116.246 - - [17/Oct/2021:13:05:49 -0500] "GET /sipse/faces/javax.faces.resource/layout/layout.js?ln=primefaces&v=4.0 HTTP/1.1" 304 -
161.18.116.246 - - [17/Oct/2021:13:05:49 -0500] "GET /sipse/faces/javax.faces.resource/jquery/jquery-plugins.js?ln=primefaces&v=4.0 HTTP/1.1" 304 -
161.18.116.246 - - [17/Oct/2021:13:05:49 -0500] "GET /sipse/faces/javax.faces.resource/primefaces.js?ln=primefaces&v=4.0 HTTP/1.1" 304 -
161.18.116.246 - - [17/Oct/2021:13:05:49 -0500] "GET /sipse/css/imagen/contrasena.png HTTP/1.1" 404 383
161.18.116.246 - - [17/Oct/2021:13:05:49 -0500] "GET /reportes_sipse/sdg/ServletReporte?reporte=no_hay HTTP/1.1" 200 5373
186.102.35.213 - - [17/Oct/2021:13:05:52 -0500] "GET /galeria/galeria/jquery.fancybox.css?v=2.1.5 HTTP/1.1" 200 4895
186.102.35.213 - - [17/Oct/2021:13:05:52 -0500] "GET /BLA/boletinlegal/js/jquery.scrollShow.js HTTP/1.1" 200 4586
186.102.35.213 - - [17/Oct/2021:13:05:52 -0500] "GET /galeria/galeria/jquery.fancybox.js?v=2.1.5 HTTP/1.1" 200 48706
168.119.138.106 - - [17/Oct/2021:13:05:54 -0500] "GET /BLA/resoluciones/RESOLUCIONES%202019/0509.pdf HTTP/1.1" 200 248987
161.18.116.246 - - [17/Oct/2021:13:05:57 -0500] "POST /reportes_sipse/sdg/ServletControlador HTTP/1.1" 200 132837
201.245.192.253 - - [17/Oct/2021:13:05:59 -0500] "GET /catalogoisis/ HTTP/1.1" 200 8575
168.119.138.106 - - [17/Oct/2021:13:06:03 -0500] "GET /BLA/resoluciones/RESOLUCIONES%202019/2967.pdf HTTP/1.1" 200 296269
168.119.138.106 - - [17/Oct/2021:13:06:12 -0500] "GET /BLA/resoluciones/RESOLUCIONES%202019/2828.pdf HTTP/1.1" 200 794083
186.113.73.47 - - [17/Oct/2021:13:06:15 -0500] "GET /galeria/galeria/jquery.fancybox.css?v=2.1.5 HTTP/1.1" 200 4895
186.113.73.47 - - [17/Oct/2021:13:06:15 -0500] "GET /BLA/boletinlegal/js/jquery.scrollShow.js HTTP/1.1" 200 4586
186.113.73.47 - - [17/Oct/2021:13:06:15 -0500] "GET /galeria/galeria/jquery.fancybox.js?v=2.1.5 HTTP/1.1" 200 48706
190.159.171.10 - - [17/Oct/2021:13:06:15 -0500] "GET /galeria/galeria/jquery.fancybox.css?v=2.1.5 HTTP/1.1" 200 4895
190.159.171.10 - - [17/Oct/2021:13:06:15 -0500] "GET /BLA/boletinlegal/js/jquery.scrollShow.js HTTP/1.1" 200 4586
190.159.171.10 - - [17/Oct/2021:13:06:15 -0500] "GET /galeria/galeria/jquery.fancybox.js?v=2.1.5 HTTP/1.1" 200 48706
161.18.116.246 - - [17/Oct/2021:13:06:21 -0500] "POST /sipse/faces/presentacion/sistema/reporte/ventanaVerReporteParametros.xhtml HTTP/1.1" 200 63758
161.18.116.246 - - [17/Oct/2021:13:06:21 -0500] "GET /sipse/faces/javax.faces.resource/theme.css?ln=primefaces-sipse HTTP/1.1" 304 -
161.18.116.246 - - [17/Oct/2021:13:06:21 -0500] "GET /sipse/faces/javax.faces.resource/layout/layout.css?ln=primefaces&v=4.0 HTTP/1.1" 304 -
161.18.116.246 - - [17/Oct/2021:13:06:21 -0500] "GET /sipse/faces/javax.faces.resource/primefaces.css?ln=primefaces&v=4.0 HTTP/1.1" 304 -
161.18.116.246 - - [17/Oct/2021:13:06:21 -0500] "GET /sipse/faces/javax.faces.resource/jquery/jquery.js?ln=primefaces&v=4.0 HTTP/1.1" 304 -
161.18.116.246 - - [17/Oct/2021:13:06:21 -0500] "GET /sipse/faces/javax.faces.resource/jquery/jquery-plugins.js?ln=primefaces&v=4.0 HTTP/1.1" 304 -
161.18.116.246 - - [17/Oct/2021:13:06:21 -0500] "GET /sipse/faces/javax.faces.resource/primefaces.js?ln=primefaces&v=4.0 HTTP/1.1" 304 -
161.18.116.246 - - [17/Oct/2021:13:06:21 -0500] "GET /sipse/faces/javax.faces.resource/layout/layout.js?ln=primefaces&v=4.0 HTTP/1.1" 304 -
161.18.116.246 - - [17/Oct/2021:13:06:21 -0500] "GET /sipse/css/imagen/contrasena.png HTTP/1.1" 404 383
168.119.138.106 - - [17/Oct/2021:13:06:21 -0500] "GET /BLA/resoluciones/RESOLUCIONES%202019/3131.pdf HTTP/1.1" 200 340536
161.18.116.246 - - [17/Oct/2021:13:06:21 -0500] "POST /sipse/faces/presentacion/financiero/solicitudProceso/listarSolicitudProceso.xhtml HTTP/1.1" 200 1448
168.119.138.106 - - [17/Oct/2021:13:06:30 -0500] "GET /BLA/resoluciones/RESOLUCIONES%202019/2762.pdf HTTP/1.1" 200 348762
23.100.232.233 - - [17/Oct/2021:13:06:33 -0500] "GET /galeria/galeria/jquery.fancybox.js?v=2.1.5 HTTP/1.1" 200 48706
23.100.232.233 - - [17/Oct/2021:13:06:33 -0500] "GET /BLA/boletinlegal/js/jquery.scrollShow.js HTTP/1.1" 200 4586
23.100.232.233 - - [17/Oct/2021:13:06:33 -0500] "GET /galeria/galeria/jquery.fancybox.css?v=2.1.5 HTTP/1.1" 200 4895
168.119.138.106 - - [17/Oct/2021:13:06:39 -0500] "GET /BLA/resoluciones/RESOLUCIONES%202019/1440.pdf HTTP/1.1" 200 325912
168.119.138.106 - - [17/Oct/2021:13:06:47 -0500] "GET /BLA/resoluciones/RESOLUCIONES%202019/1367.pdf HTTP/1.1" 200 240361
168.119.138.106 - - [17/Oct/2021:13:06:55 -0500] "GET /BLA/resoluciones/RESOLUCIONES%202019/3793.pdf HTTP/1.1" 200 368047
201.245.192.253 - - [17/Oct/2021:13:06:59 -0500] "GET /catalogoisis/ HTTP/1.1" 200 8575
186.169.151.11 - - [17/Oct/2021:13:07:01 -0500] "GET /galeria/galeria/jquery.fancybox.css?v=2.1.5 HTTP/1.1" 200 4895
186.169.151.11 - - [17/Oct/2021:13:07:01 -0500] "GET /BLA/boletinlegal/js/jquery.scrollShow.js HTTP/1.1" 200 4586
186.169.151.11 - - [17/Oct/2021:13:07:01 -0500] "GET /galeria/galeria/jquery.fancybox.js?v=2.1.5 HTTP/1.1" 200 48706
161.18.116.246 - - [17/Oct/2021:13:07:05 -0500] "POST /sipse/faces/presentacion/financiero/solicitudProceso/listarSolicitudProceso.xhtml HTTP/1.1" 200 30389
66.249.66.139 - - [17/Oct/2021:13:07:07 -0500] "-" 408 -
161.18.116.246 - - [17/Oct/2021:13:07:11 -0500] "POST /sipse/faces/presentacion/financiero/solicitudProceso/listarSolicitudProceso.xhtml HTTP/1.1" 200 29804
201.245.192.253 - - [17/Oct/2021:13:08:00 -0500] "GET /catalogoisis/ HTTP/1.1" 200 8575
201.245.192.253 - - [17/Oct/2021:13:09:00 -0500] "GET /catalogoisis/ HTTP/1.1" 200 8575
54.158.30.99 - - [17/Oct/2021:13:09:09 -0500] "GET /BLA/boletinlegal/js/jquery.scrollShow.js HTTP/1.1" 200 4586
168.119.138.106 - - [17/Oct/2021:13:09:24 -0500] "GET /BLA/resoluciones/RESOLUCIONES%202019/0570.pdf HTTP/1.1" 200 311072
3.92.244.43 - - [17/Oct/2021:13:09:44 -0500] "GET /galeria/galeria/jquery.fancybox.js?v=2.1.5 HTTP/1.1" 200 48706
186.102.30.142 - - [17/Oct/2021:13:09:51 -0500] "GET /galeria/galeria/jquery.fancybox.js?v=2.1.5 HTTP/1.1" 200 48706
186.102.30.142 - - [17/Oct/2021:13:09:51 -0500] "GET /galeria/galeria/jquery.fancybox.css?v=2.1.5 HTTP/1.1" 200 4895
186.102.30.142 - - [17/Oct/2021:13:09:51 -0500] "GET /BLA/boletinlegal/js/jquery.scrollShow.js HTTP/1.1" 200 4586
201.245.192.253 - - [17/Oct/2021:13:10:01 -0500] "GET /catalogoisis/ HTTP/1.1" 200 8575
168.119.138.106 - - [17/Oct/2021:13:10:15 -0500] "GET /BLA/resoluciones/RESOLUCIONES%202019/2189.pdf HTTP/1.1" 200 238070
114.119.157.196 - - [17/Oct/2021:13:10:17 -0500] "GET /galeria/galeria/jquery.fancybox.js?v=2.1.5 HTTP/1.1" 200 48706
114.119.157.196 - - [17/Oct/2021:13:10:17 -0500] "GET /galeria/galeria/jquery.fancybox.css?v=2.1.5 HTTP/1.1" 200 4895
114.119.157.196 - - [17/Oct/2021:13:10:17 -0500] "GET /BLA/boletinlegal/js/jquery.scrollShow.js HTTP/1.1" 200 4586
216.245.221.92 - - [17/Oct/2021:13:10:38 -0500] "HEAD / HTTP/1.1" 200 -
201.245.192.253 - - [17/Oct/2021:13:11:01 -0500] "GET /catalogoisis/ HTTP/1.1" 200 8575
168.119.138.106 - - [17/Oct/2021:13:11:01 -0500] "GET /BLA/resoluciones/RESOLUCIONES%202019/0182.pdf HTTP/1.1" 200 281290
170.238.236.88 - - [17/Oct/2021:13:11:39 -0500] "GET /galeria/galeria/jquery.fancybox.css?v=2.1.5 HTTP/1.1" 200 4895
170.238.236.88 - - [17/Oct/2021:13:11:39 -0500] "GET /BLA/boletinlegal/js/jquery.scrollShow.js HTTP/1.1" 200 4586
170.238.236.88 - - [17/Oct/2021:13:11:39 -0500] "GET /galeria/galeria/jquery.fancybox.js?v=2.1.5 HTTP/1.1" 200 48706
168.119.138.106 - - [17/Oct/2021:13:11:46 -0500] "GET /BLA/resoluciones/RESOLUCIONES%202019/3179.pdf HTTP/1.1" 200 13383307
201.245.192.253 - - [17/Oct/2021:13:12:02 -0500] "GET /catalogoisis/ HTTP/1.1" 200 8575
144.217.67.28 - - [17/Oct/2021:13:12:11 -0500] "GET /se-aproxima-nueva-jornada-de-recoleccion-masiva-de-residuos-especiales-y-peligrosos-en-bogota.html HTTP/1.1" 200 1048
168.119.138.106 - - [17/Oct/2021:13:12:27 -0500] "GET /BLA/resoluciones/RESOLUCIONES%202019/1616.pdf HTTP/1.1" 200 293535
186.28.164.154 - - [17/Oct/2021:13:12:38 -0500] "-" 408 -
190.250.99.38 - - [17/Oct/2021:13:12:53 -0500] "GET /galeria/galeria/jquery.fancybox.css?v=2.1.5 HTTP/1.1" 200 4895
190.250.99.38 - - [17/Oct/2021:13:12:53 -0500] "GET /BLA/boletinlegal/js/jquery.scrollShow.js HTTP/1.1" 200 4586
190.250.99.38 - - [17/Oct/2021:13:12:53 -0500] "GET /galeria/galeria/jquery.fancybox.js?v=2.1.5 HTTP/1.1" 200 48706
201.245.192.253 - - [17/Oct/2021:13:13:04 -0500] "GET /catalogoisis/ HTTP/1.1" 200 8575
181.54.112.185 - - [17/Oct/2021:13:13:09 -0500] "GET /galeria/galeria/jquery.fancybox.css?v=2.1.5 HTTP/1.1" 200 4895
181.54.112.185 - - [17/Oct/2021:13:13:09 -0500] "GET /galeria/galeria/jquery.fancybox.js?v=2.1.5 HTTP/1.1" 200 48706
181.54.112.185 - - [17/Oct/2021:13:13:09 -0500] "GET /BLA/boletinlegal/js/jquery.scrollShow.js HTTP/1.1" 200 4586
23.100.232.233 - - [17/Oct/2021:13:13:09 -0500] "GET /BLA/boletinlegal/js/jquery.scrollShow.js HTTP/1.1" 200 4586
23.100.232.233 - - [17/Oct/2021:13:13:09 -0500] "GET /galeria/galeria/jquery.fancybox.js?v=2.1.5 HTTP/1.1" 200 48706
23.100.232.233 - - [17/Oct/2021:13:13:09 -0500] "GET /galeria/galeria/jquery.fancybox.css?v=2.1.5 HTTP/1.1" 200 4895
168.119.138.106 - - [17/Oct/2021:13:13:10 -0500] "GET /BLA/resoluciones/RESOLUCIONES%202019/3506.pdf HTTP/1.1" 200 297139
168.119.138.106 - - [17/Oct/2021:13:13:56 -0500] "GET /BLA/resoluciones/RESOLUCIONES%202019/0985.pdf HTTP/1.1" 200 448145
190.236.211.238 - - [17/Oct/2021:13:13:58 -0500] "GET /galeria/galeria/jquery.fancybox.css?v=2.1.5 HTTP/1.1" 200 4895
190.236.211.238 - - [17/Oct/2021:13:13:58 -0500] "GET /galeria/galeria/jquery.fancybox.js?v=2.1.5 HTTP/1.1" 200 48706
190.236.211.238 - - [17/Oct/2021:13:13:58 -0500] "GET /BLA/boletinlegal/js/jquery.scrollShow.js HTTP/1.1" 200 4586
201.245.192.253 - - [17/Oct/2021:13:14:06 -0500] "GET /catalogoisis/ HTTP/1.1" 200 8575
66.249.66.139 - - [17/Oct/2021:13:14:28 -0500] "-" 408 -
186.84.20.173 - - [17/Oct/2021:13:14:37 -0500] "GET /BLA/boletinlegal/js/jquery.scrollShow.js HTTP/1.1" 200 4586
186.84.20.173 - - [17/Oct/2021:13:14:37 -0500] "GET /galeria/galeria/jquery.fancybox.js?v=2.1.5 HTTP/1.1" 200 48706
186.84.20.173 - - [17/Oct/2021:13:14:37 -0500] "GET /galeria/galeria/jquery.fancybox.css?v=2.1.5 HTTP/1.1" 200 4895
186.84.20.173 - - [17/Oct/2021:13:14:37 -0500] "GET /galeria/carrusel/Carrusel/jquery.thumbnailScroller.css HTTP/1.1" 200 2066
186.84.20.173 - - [17/Oct/2021:13:14:37 -0500] "GET /galeria/carrusel/Carrusel/jquery-ui-1.8.13.custom.min.js HTTP/1.1" 200 10800
186.84.20.173 - - [17/Oct/2021:13:14:37 -0500] "GET /galeria/carrusel/Carrusel/jquery.thumbnailScroller.js HTTP/1.1" 200 8157
209.141.54.186 - - [17/Oct/2021:13:14:27 -0500] "POST /boaform/admin/formLogin HTTP/1.1" 404 1186
168.119.138.106 - - [17/Oct/2021:13:14:40 -0500] "GET /BLA/resoluciones/RESOLUCIONES%202019/3785.pdf HTTP/1.1" 200 606959
201.245.192.253 - - [17/Oct/2021:13:15:06 -0500] "GET /catalogoisis/ HTTP/1.1" 200 8575
201.245.192.253 - - [17/Oct/2021:13:14:37 -0500] "POST /kwsrmcab/Wsrmcab HTTP/1.1" 200 111864
168.119.138.106 - - [17/Oct/2021:13:15:23 -0500] "GET /BLA/resoluciones/RESOLUCIONES%202019/3158.pdf HTTP/1.1" 200 301085
216.245.221.92 - - [17/Oct/2021:13:15:38 -0500] "HEAD / HTTP/1.1" 200 -
181.53.13.106 - - [17/Oct/2021:13:15:47 -0500] "GET /BLA/boletinlegal/js/jquery.scrollShow.js HTTP/1.1" 200 4586
181.53.13.106 - - [17/Oct/2021:13:15:47 -0500] "GET /galeria/galeria/jquery.fancybox.js?v=2.1.5 HTTP/1.1" 200 48706
190.130.82.169 - - [17/Oct/2021:13:15:49 -0500] "GET /galeria/galeria/jquery.fancybox.css?v=2.1.5 HTTP/1.1" 200 4895
190.130.82.169 - - [17/Oct/2021:13:15:49 -0500] "GET /BLA/boletinlegal/js/jquery.scrollShow.js HTTP/1.1" 200 4586
190.130.82.169 - - [17/Oct/2021:13:15:49 -0500] "GET /galeria/galeria/jquery.fancybox.js?v=2.1.5 HTTP/1.1" 200 48706
181.53.13.106 - - [17/Oct/2021:13:15:51 -0500] "GET /galeria/galeria/jquery.fancybox.css?v=2.1.5 HTTP/1.1" 200 4895
168.119.138.106 - - [17/Oct/2021:13:16:04 -0500] "GET /BLA/resoluciones/RESOLUCIONES%202019/3170.pdf HTTP/1.1" 200 289799
201.245.192.253 - - [17/Oct/2021:13:16:07 -0500] "GET /catalogoisis/ HTTP/1.1" 200 8575
170.78.40.173 - - [17/Oct/2021:13:16:13 -0500] "GET /se-abre-convocatoria-a-organizaciones-ambientales-para-generar-1-070-empleos-verdes-dirigidos-a-mujeres.html HTTP/1.1" 200 1128
114.119.141.52 - - [17/Oct/2021:13:16:15 -0500] "GET /BLA/resoluciones/RESOLUCIONES%202010/0292.pdf HTTP/1.1" 200 511096
168.119.138.106 - - [17/Oct/2021:13:16:44 -0500] "GET /BLA/resoluciones/RESOLUCIONES%202019/2737.pdf HTTP/1.1" 200 393726
186.84.90.18 - - [17/Oct/2021:13:16:46 -0500] "GET /galeria/galeria/jquery.fancybox.css?v=2.1.5 HTTP/1.1" 200 4895
186.84.90.18 - - [17/Oct/2021:13:16:46 -0500] "GET /BLA/boletinlegal/js/jquery.scrollShow.js HTTP/1.1" 200 4586
186.84.90.18 - - [17/Oct/2021:13:16:46 -0500] "GET /galeria/galeria/jquery.fancybox.js?v=2.1.5 HTTP/1.1" 200 48706
186.87.200.43 - - [17/Oct/2021:13:16:51 -0500] "GET /galeria/galeria/jquery.fancybox.css?v=2.1.5 HTTP/1.1" 200 4895
186.87.200.43 - - [17/Oct/2021:13:16:51 -0500] "GET /galeria/galeria/jquery.fancybox.js?v=2.1.5 HTTP/1.1" 200 48706
186.87.200.43 - - [17/Oct/2021:13:16:51 -0500] "GET /BLA/boletinlegal/js/jquery.scrollShow.js HTTP/1.1" 200 4586
186.185.117.218 - - [17/Oct/2021:13:16:56 -0500] "GET /galeria/galeria/jquery.fancybox.js?v=2.1.5 HTTP/1.1" 200 48706
186.185.117.218 - - [17/Oct/2021:13:16:56 -0500] "GET /BLA/boletinlegal/js/jquery.scrollShow.js HTTP/1.1" 200 4586
186.185.117.218 - - [17/Oct/2021:13:16:56 -0500] "GET /galeria/galeria/jquery.fancybox.css?v=2.1.5 HTTP/1.1" 200 4895
201.245.192.253 - - [17/Oct/2021:13:17:07 -0500] "GET /catalogoisis/ HTTP/1.1" 200 8575
186.87.77.206 - - [17/Oct/2021:13:17:23 -0500] "GET /galeria/galeria/jquery.fancybox.js?v=2.1.5 HTTP/1.1" 200 48706
186.87.77.206 - - [17/Oct/2021:13:17:23 -0500] "GET /BLA/boletinlegal/js/jquery.scrollShow.js HTTP/1.1" 200 4586
186.87.77.206 - - [17/Oct/2021:13:17:23 -0500] "GET /galeria/galeria/jquery.fancybox.css?v=2.1.5 HTTP/1.1" 200 4895
168.119.138.106 - - [17/Oct/2021:13:17:25 -0500] "GET /BLA/resoluciones/RESOLUCIONES%202019/1718.pdf HTTP/1.1" 200 283984
181.53.12.90 - - [17/Oct/2021:13:17:37 -0500] "GET /se-abre-convocatoria-a-organizaciones-ambientales-para-generar-1-070-empleos-verdes-dirigidos-a-mujeres.html HTTP/1.1" 200 1128
181.115.138.78 - - [17/Oct/2021:13:17:39 -0500] "GET /galeria/galeria/jquery.fancybox.css?v=2.1.5 HTTP/1.1" 200 4895
181.115.138.78 - - [17/Oct/2021:13:17:39 -0500] "GET /galeria/galeria/jquery.fancybox.js?v=2.1.5 HTTP/1.1" 200 48706
181.115.138.78 - - [17/Oct/2021:13:17:39 -0500] "GET /BLA/boletinlegal/js/jquery.scrollShow.js HTTP/1.1" 200 4586
191.95.61.84 - - [17/Oct/2021:13:17:52 -0500] "GET /BLA/boletinlegal/js/jquery.scrollShow.js HTTP/1.1" 200 4586
191.95.61.84 - - [17/Oct/2021:13:17:52 -0500] "GET /galeria/galeria/jquery.fancybox.js?v=2.1.5 HTTP/1.1" 200 48706
191.95.61.84 - - [17/Oct/2021:13:17:52 -0500] "GET /galeria/galeria/jquery.fancybox.css?v=2.1.5 HTTP/1.1" 200 4895
168.119.138.106 - - [17/Oct/2021:13:18:05 -0500] "GET /BLA/resoluciones/RESOLUCIONES%202019/2656.pdf HTTP/1.1" 200 290808
191.95.61.84 - - [17/Oct/2021:13:18:07 -0500] "GET /BLA/boletinlegal/js/jquery.scrollShow.js HTTP/1.1" 200 4586
191.95.61.84 - - [17/Oct/2021:13:18:07 -0500] "GET /galeria/galeria/jquery.fancybox.js?v=2.1.5 HTTP/1.1" 200 48706
191.95.61.84 - - [17/Oct/2021:13:18:07 -0500] "GET /galeria/galeria/jquery.fancybox.css?v=2.1.5 HTTP/1.1" 200 4895
201.245.192.253 - - [17/Oct/2021:13:18:08 -0500] "GET /catalogoisis/ HTTP/1.1" 200 8575
191.156.61.45 - - [17/Oct/2021:13:18:15 -0500] "GET /galeria/galeria/jquery.fancybox.css?v=2.1.5 HTTP/1.1" 200 4895
168.119.138.106 - - [17/Oct/2021:13:18:48 -0500] "GET /BLA/resoluciones/RESOLUCIONES%202019/1029.pdf HTTP/1.1" 200 477659
114.119.141.52 - - [17/Oct/2021:13:19:04 -0500] "GET /BLA/resoluciones/RESOLUCIONES%202010/6136.pdf HTTP/1.1" 200 638412
201.245.192.253 - - [17/Oct/2021:13:19:09 -0500] "GET /catalogoisis/ HTTP/1.1" 200 8575
191.156.184.135 - - [17/Oct/2021:13:19:15 -0500] "GET /galeria/galeria/jquery.fancybox.css?v=2.1.5 HTTP/1.1" 200 4895
191.156.187.94 - - [17/Oct/2021:13:19:15 -0500] "GET /BLA/boletinlegal/js/jquery.scrollShow.js HTTP/1.1" 200 4586
191.156.187.87 - - [17/Oct/2021:13:19:15 -0500] "GET /galeria/galeria/jquery.fancybox.js?v=2.1.5 HTTP/1.1" 200 48706
168.119.138.106 - - [17/Oct/2021:13:19:30 -0500] "GET /BLA/resoluciones/RESOLUCIONES%202019/3792.pdf HTTP/1.1" 200 367701
201.245.192.253 - - [17/Oct/2021:13:20:10 -0500] "GET /catalogoisis/ HTTP/1.1" 200 8575
168.119.138.106 - - [17/Oct/2021:13:20:12 -0500] "GET /BLA/resoluciones/RESOLUCIONES%202019/3577.pdf HTTP/1.1" 200 357205
213.194.147.227 - - [17/Oct/2021:13:20:25 -0500] "GET /galeria/galeria/jquery.fancybox.js?v=2.1.5 HTTP/1.1" 200 48706
213.194.147.227 - - [17/Oct/2021:13:20:25 -0500] "GET /BLA/boletinlegal/js/jquery.scrollShow.js HTTP/1.1" 200 4586
213.194.147.227 - - [17/Oct/2021:13:20:25 -0500] "GET /galeria/galeria/jquery.fancybox.css?v=2.1.5 HTTP/1.1" 200 4895
216.245.221.92 - - [17/Oct/2021:13:20:38 -0500] "HEAD / HTTP/1.1" 200 -
191.102.222.177 - - [17/Oct/2021:13:20:42 -0500] "GET /galeria/galeria/jquery.fancybox.css?v=2.1.5 HTTP/1.1" 200 4895
191.102.222.177 - - [17/Oct/2021:13:20:42 -0500] "GET /BLA/boletinlegal/js/jquery.scrollShow.js HTTP/1.1" 200 4586
191.102.222.177 - - [17/Oct/2021:13:20:42 -0500] "GET /galeria/galeria/jquery.fancybox.js?v=2.1.5 HTTP/1.1" 200 48706
168.119.138.106 - - [17/Oct/2021:13:20:58 -0500] "GET /BLA/resoluciones/RESOLUCIONES%202019/0086.pdf HTTP/1.1" 200 459470
201.245.192.253 - - [17/Oct/2021:13:21:11 -0500] "GET /catalogoisis/ HTTP/1.1" 200 8575
201.245.192.253 - - [17/Oct/2021:13:20:40 -0500] "POST /kwsrmcab/Wsrmcab HTTP/1.1" 200 46413
177.225.136.219 - - [17/Oct/2021:13:21:33 -0500] "GET /BLA/boletinlegal/js/jquery.scrollShow.js HTTP/1.1" 200 4586
177.225.136.219 - - [17/Oct/2021:13:21:33 -0500] "GET /galeria/galeria/jquery.fancybox.css?v=2.1.5 HTTP/1.1" 200 4895
177.225.136.219 - - [17/Oct/2021:13:21:33 -0500] "GET /galeria/galeria/jquery.fancybox.js?v=2.1.5 HTTP/1.1" 200 48706
168.119.138.106 - - [17/Oct/2021:13:21:39 -0500] "GET /BLA/resoluciones/RESOLUCIONES%202019/3211.pdf HTTP/1.1" 200 393290
186.80.52.17 - - [17/Oct/2021:13:21:41 -0500] "GET /galeria/galeria/jquery.fancybox.js?v=2.1.5 HTTP/1.1" 200 48706
186.80.52.17 - - [17/Oct/2021:13:21:41 -0500] "GET /BLA/boletinlegal/js/jquery.scrollShow.js HTTP/1.1" 200 4586
186.80.52.17 - - [17/Oct/2021:13:21:41 -0500] "GET /galeria/galeria/jquery.fancybox.css?v=2.1.5 HTTP/1.1" 200 4895
201.245.192.253 - - [17/Oct/2021:13:22:11 -0500] "GET /catalogoisis/ HTTP/1.1" 200 8575
201.245.192.253 - - [17/Oct/2021:13:21:30 -0500] "POST /kwsrmcab/Wsrmcab HTTP/1.1" 200 44309
168.119.138.106 - - [17/Oct/2021:13:22:18 -0500] "GET /BLA/resoluciones/RESOLUCIONES%202019/3197.pdf HTTP/1.1" 200 346594
191.95.141.207 - - [17/Oct/2021:13:22:31 -0500] "GET /galeria/galeria/jquery.fancybox.css?v=2.1.5 HTTP/1.1" 200 4895
191.95.141.207 - - [17/Oct/2021:13:22:31 -0500] "GET /BLA/boletinlegal/js/jquery.scrollShow.js HTTP/1.1" 200 4586
191.95.141.207 - - [17/Oct/2021:13:22:31 -0500] "GET /galeria/galeria/jquery.fancybox.js?v=2.1.5 HTTP/1.1" 200 48706
168.119.138.106 - - [17/Oct/2021:13:22:59 -0500] "GET /BLA/resoluciones/RESOLUCIONES%202019/2832.pdf HTTP/1.1" 200 685591
201.245.192.253 - - [17/Oct/2021:13:23:12 -0500] "GET /catalogoisis/ HTTP/1.1" 200 8575
168.119.138.106 - - [17/Oct/2021:13:23:37 -0500] "GET /BLA/resoluciones/RESOLUCIONES%202019/1973.pdf HTTP/1.1" 200 1000367
201.245.192.253 - - [17/Oct/2021:13:24:12 -0500] "GET /catalogoisis/ HTTP/1.1" 200 8575
168.119.138.106 - - [17/Oct/2021:13:24:17 -0500] "GET /BLA/resoluciones/RESOLUCIONES%202019/2013.pdf HTTP/1.1" 200 305841
200.118.242.8 - - [17/Oct/2021:13:24:51 -0500] "GET /galeria/galeria/jquery.fancybox.css?v=2.1.5 HTTP/1.1" 200 4895
200.118.242.8 - - [17/Oct/2021:13:24:51 -0500] "GET /galeria/galeria/jquery.fancybox.js?v=2.1.5 HTTP/1.1" 200 48706
200.118.242.8 - - [17/Oct/2021:13:24:51 -0500] "GET /BLA/boletinlegal/js/jquery.scrollShow.js HTTP/1.1" 200 4586
168.119.138.106 - - [17/Oct/2021:13:24:55 -0500] "GET /BLA/resoluciones/RESOLUCIONES%202019/2951.pdf HTTP/1.1" 200 355336
201.245.192.253 - - [17/Oct/2021:13:25:13 -0500] "GET /catalogoisis/ HTTP/1.1" 200 8575
201.245.192.253 - - [17/Oct/2021:13:24:38 -0500] "POST /kwsrmcab/Wsrmcab HTTP/1.1" 200 111864
191.156.183.216 - - [17/Oct/2021:13:25:24 -0500] "GET /galeria/galeria/jquery.fancybox.css?v=2.1.5 HTTP/1.1" 200 4895
191.156.183.216 - - [17/Oct/2021:13:25:25 -0500] "GET /BLA/boletinlegal/js/jquery.scrollShow.js HTTP/1.1" 200 4586
191.156.182.168 - - [17/Oct/2021:13:25:25 -0500] "GET /galeria/galeria/jquery.fancybox.js?v=2.1.5 HTTP/1.1" 200 48706
168.119.138.106 - - [17/Oct/2021:13:25:35 -0500] "GET /BLA/resoluciones/RESOLUCIONES%202019/0979.pdf HTTP/1.1" 200 361401
186.155.16.211 - - [17/Oct/2021:13:25:38 -0500] "GET /se-abre-convocatoria-a-organizaciones-ambientales-para-generar-1-070-empleos-verdes-dirigidos-a-mujeres.html HTTP/1.1" 200 1128
216.245.221.92 - - [17/Oct/2021:13:25:38 -0500] "HEAD / HTTP/1.1" 200 -
209.141.56.209 - - [17/Oct/2021:13:26:03 -0500] "GET / HTTP/1.1" 200 319
66.249.66.139 - - [17/Oct/2021:13:26:14 -0500] "-" 408 -
201.245.192.253 - - [17/Oct/2021:13:26:14 -0500] "GET /catalogoisis/ HTTP/1.1" 200 8575
168.119.138.106 - - [17/Oct/2021:13:26:15 -0500] "GET /BLA/resoluciones/RESOLUCIONES%202019/0442.pdf HTTP/1.1" 200 306693
23.100.232.233 - - [17/Oct/2021:13:26:20 -0500] "GET /galeria/galeria/jquery.fancybox.js?v=2.1.5 HTTP/1.1" 200 48706
23.100.232.233 - - [17/Oct/2021:13:26:20 -0500] "GET /galeria/galeria/jquery.fancybox.css?v=2.1.5 HTTP/1.1" 200 4895
186.86.32.139 - - [17/Oct/2021:13:26:22 -0500] "GET /BLA/boletinlegal/js/jquery.scrollShow.js HTTP/1.1" 200 4586
186.86.32.139 - - [17/Oct/2021:13:26:22 -0500] "GET /galeria/galeria/jquery.fancybox.css?v=2.1.5 HTTP/1.1" 200 4895
186.86.32.139 - - [17/Oct/2021:13:26:22 -0500] "GET /galeria/galeria/jquery.fancybox.js?v=2.1.5 HTTP/1.1" 200 48706
191.95.53.105 - - [17/Oct/2021:13:26:31 -0500] "GET /galeria/galeria/jquery.fancybox.css?v=2.1.5 HTTP/1.1" 200 4895
191.95.53.105 - - [17/Oct/2021:13:26:31 -0500] "GET /BLA/boletinlegal/js/jquery.scrollShow.js HTTP/1.1" 200 4586
191.95.53.105 - - [17/Oct/2021:13:26:31 -0500] "GET /galeria/galeria/jquery.fancybox.js?v=2.1.5 HTTP/1.1" 200 48706
103.203.56.1 - - [17/Oct/2021:13:26:47 -0500] "GET / HTTP/1.1" 200 319
168.119.138.106 - - [17/Oct/2021:13:26:57 -0500] "GET /BLA/resoluciones/RESOLUCIONES%202019/0457.pdf HTTP/1.1" 200 460700
201.245.192.253 - - [17/Oct/2021:13:27:15 -0500] "GET /catalogoisis/ HTTP/1.1" 200 8575
168.119.138.106 - - [17/Oct/2021:13:27:33 -0500] "GET /BLA/resoluciones/RESOLUCIONES%202019/0414.pdf HTTP/1.1" 200 260227
168.119.138.106 - - [17/Oct/2021:13:28:13 -0500] "GET /BLA/resoluciones/RESOLUCIONES%202019/2714.pdf HTTP/1.1" 200 590731
201.245.192.253 - - [17/Oct/2021:13:28:16 -0500] "GET /catalogoisis/ HTTP/1.1" 200 8575
186.167.248.201 - - [17/Oct/2021:13:28:42 -0500] "GET /galeria/galeria/jquery.fancybox.css?v=2.1.5 HTTP/1.1" 200 4895
186.167.248.201 - - [17/Oct/2021:13:28:42 -0500] "GET /BLA/boletinlegal/js/jquery.scrollShow.js HTTP/1.1" 200 4586
137.184.140.112 - - [17/Oct/2021:13:28:45 -0500] "GET / HTTP/1.1" 200 319
168.119.138.106 - - [17/Oct/2021:13:28:51 -0500] "GET /BLA/resoluciones/RESOLUCIONES%202019/2263.pdf HTTP/1.1" 200 255743
186.84.21.159 - - [17/Oct/2021:13:28:58 -0500] "GET /se-abre-convocatoria-a-organizaciones-ambientales-para-generar-1-070-empleos-verdes-dirigidos-a-mujeres.html HTTP/1.1" 200 1128
186.167.248.201 - - [17/Oct/2021:13:29:08 -0500] "GET /galeria/galeria/jquery.fancybox.js?v=2.1.5 HTTP/1.1" 200 48706
201.245.192.253 - - [17/Oct/2021:13:29:16 -0500] "GET /catalogoisis/ HTTP/1.1" 200 8575
181.60.242.169 - - [17/Oct/2021:13:29:30 -0500] "GET /galeria/galeria/jquery.fancybox.js?v=2.1.5 HTTP/1.1" 200 48706
181.60.242.169 - - [17/Oct/2021:13:29:30 -0500] "GET /galeria/galeria/jquery.fancybox.css?v=2.1.5 HTTP/1.1" 200 4895
181.60.242.169 - - [17/Oct/2021:13:29:32 -0500] "GET /galeria/galeria/fotos/juan-amarillo1P.jpg HTTP/1.1" 200 30845
181.60.242.169 - - [17/Oct/2021:13:29:32 -0500] "GET /galeria/galeria/fotos/juan-amarillo2P.jpg HTTP/1.1" 200 32696
181.60.242.169 - - [17/Oct/2021:13:29:32 -0500] "GET /galeria/galeria/fotos/juan-amarillo3P.jpg HTTP/1.1" 200 28033
181.60.242.169 - - [17/Oct/2021:13:29:32 -0500] "GET /galeria/galeria/fotos/juan-amarillo4P.jpg HTTP/1.1" 200 23811
