161.18.116.246 - - [17/Oct/2021:12:31:40 -0500] "POST /sipse/faces/presentacion/financiero/solicitudProceso/consultarSolicitudProceso.xhtml HTTP/1.1" 200 5488
161.18.116.246 - - [17/Oct/2021:12:31:40 -0500] "GET /reportes_sipse/sdg/ServletReporte?reporte=experienia_idoneidad&solicitud=15446&pfdrid_c=false HTTP/1.1" 200 150994
168.119.138.106 - - [17/Oct/2021:12:31:43 -0500] "GET /BLA/resoluciones/RESOLUCIONES%202019/0181.pdf HTTP/1.1" 200 5375672
186.102.26.2 - - [17/Oct/2021:12:31:55 -0500] "GET /galeria/galeria/jquery.fancybox.css?v=2.1.5 HTTP/1.1" 200 4895
186.102.26.2 - - [17/Oct/2021:12:31:55 -0500] "GET /BLA/boletinlegal/js/jquery.scrollShow.js HTTP/1.1" 200 4586
186.102.26.2 - - [17/Oct/2021:12:31:55 -0500] "GET /galeria/galeria/jquery.fancybox.js?v=2.1.5 HTTP/1.1" 200 48706
186.102.26.2 - - [17/Oct/2021:12:31:56 -0500] "GET /galeria/carrusel/Carrusel/jquery.thumbnailScroller.css HTTP/1.1" 200 2066
186.102.26.2 - - [17/Oct/2021:12:31:56 -0500] "GET /galeria/carrusel/Carrusel/jquery-ui-1.8.13.custom.min.js HTTP/1.1" 200 10800
186.102.26.2 - - [17/Oct/2021:12:31:56 -0500] "GET /galeria/carrusel/Carrusel/jquery.thumbnailScroller.js HTTP/1.1" 200 8157
186.102.26.2 - - [17/Oct/2021:12:31:57 -0500] "GET /galeria/nivo-slider/demo/banner.html HTTP/1.1" 200 5446
186.102.26.2 - - [17/Oct/2021:12:31:57 -0500] "GET /galeria/nivo-slider/themes/default/default.css HTTP/1.1" 200 1569
186.102.26.2 - - [17/Oct/2021:12:31:57 -0500] "GET /galeria/nivo-slider/themes/pascal/pascal.css HTTP/1.1" 200 2258
186.102.26.2 - - [17/Oct/2021:12:31:57 -0500] "GET /galeria/nivo-slider/themes/orman/orman.css HTTP/1.1" 200 2152
186.102.26.2 - - [17/Oct/2021:12:31:57 -0500] "GET /galeria/nivo-slider/nivo-slider.css HTTP/1.1" 200 1507
186.102.26.2 - - [17/Oct/2021:12:31:57 -0500] "GET /galeria/nivo-slider/demo/scripts/jquery-1.7.1.min.js HTTP/1.1" 200 93868
186.102.26.2 - - [17/Oct/2021:12:31:57 -0500] "GET /galeria/nivo-slider/demo/style.css HTTP/1.1" 200 2222
186.102.26.2 - - [17/Oct/2021:12:31:57 -0500] "GET /galeria/nivo-slider/jquery.nivo.slider.pack.js HTTP/1.1" 200 11561
186.102.26.2 - - [17/Oct/2021:12:31:57 -0500] "GET /galeria/nivo-slider/demo/images/bannertortuga_optimized.jpg HTTP/1.1" 200 39066
186.102.26.2 - - [17/Oct/2021:12:31:57 -0500] "GET /galeria/nivo-slider/demo/images/Bannermujeresquereverdecen.jpg HTTP/1.1" 200 46558
186.102.26.2 - - [17/Oct/2021:12:31:58 -0500] "GET /galeria/nivo-slider/demo/images/bannertrafico_optimized.jpg HTTP/1.1" 200 42578
186.102.26.2 - - [17/Oct/2021:12:31:58 -0500] "GET /galeria/nivo-slider/demo/images/Bannersedeelectronica.jpg HTTP/1.1" 200 40383
186.102.26.2 - - [17/Oct/2021:12:31:58 -0500] "GET /galeria/nivo-slider/demo/images/4Simple_Slider.png HTTP/1.1" 200 11722
186.102.26.2 - - [17/Oct/2021:12:31:58 -0500] "GET /galeria/nivo-slider/themes/default/loading.gif HTTP/1.1" 200 1737
191.102.198.170 - - [17/Oct/2021:12:31:59 -0500] "GET /BLA/boletinlegal/js/jquery.scrollShow.js HTTP/1.1" 200 4586
191.102.198.170 - - [17/Oct/2021:12:31:59 -0500] "GET /galeria/galeria/jquery.fancybox.css?v=2.1.5 HTTP/1.1" 200 4895
191.102.198.170 - - [17/Oct/2021:12:31:59 -0500] "GET /galeria/galeria/jquery.fancybox.js?v=2.1.5 HTTP/1.1" 200 48706
186.102.26.2 - - [17/Oct/2021:12:31:59 -0500] "GET /galeria/nivo-slider/demo/images/bannerrutaesperanza.jpg HTTP/1.1" 200 55560
186.102.26.2 - - [17/Oct/2021:12:31:59 -0500] "GET /galeria/nivo-slider/demo/images/banneraire2021.jpg HTTP/1.1" 200 265101
186.102.26.2 - - [17/Oct/2021:12:32:00 -0500] "GET /galeria/nivo-slider/demo/images/Bannerplasticosseptiembre.jpg HTTP/1.1" 200 45633
186.102.26.2 - - [17/Oct/2021:12:32:00 -0500] "GET /galeria/nivo-slider/demo/images/bannerresiduoshospitalariosagosto.jpg HTTP/1.1" 200 36499
186.102.26.2 - - [17/Oct/2021:12:32:01 -0500] "GET /galeria/nivo-slider/demo/images/banneraccionpopularcrr68.jpg HTTP/1.1" 200 51887
186.102.26.2 - - [17/Oct/2021:12:32:01 -0500] "GET /galeria/nivo-slider/demo/images/banneraccionpopular.jpeg HTTP/1.1" 200 41707
186.102.26.2 - - [17/Oct/2021:12:32:01 -0500] "GET /galeria/nivo-slider/demo/images/bannerclases2021.jpg HTTP/1.1" 200 68230
186.102.26.2 - - [17/Oct/2021:12:32:01 -0500] "GET /galeria/nivo-slider/demo/images/bannercapacitacionesbogota.jpg HTTP/1.1" 200 42416
186.102.26.2 - - [17/Oct/2021:12:32:01 -0500] "GET /galeria/nivo-slider/demo/images/Bannerenvases.jpg HTTP/1.1" 200 37316
186.102.26.2 - - [17/Oct/2021:12:32:01 -0500] "GET /galeria/nivo-slider/demo/images/Bannervirtualescanales.jpg HTTP/1.1" 200 174544
186.102.26.2 - - [17/Oct/2021:12:32:02 -0500] "GET /galeria/nivo-slider/themes/default/arrows.png HTTP/1.1" 200 824
186.102.26.2 - - [17/Oct/2021:12:32:02 -0500] "GET /galeria/nivo-slider/themes/default/bullets.png HTTP/1.1" 200 1281
161.18.116.246 - - [17/Oct/2021:12:32:17 -0500] "POST /sipse/faces/presentacion/financiero/solicitudProceso/consultarSolicitudProceso.xhtml HTTP/1.1" 200 33410
161.18.116.246 - - [17/Oct/2021:12:32:17 -0500] "GET /sipse/faces/javax.faces.resource/theme.css?ln=primefaces-sipse HTTP/1.1" 304 -
161.18.116.246 - - [17/Oct/2021:12:32:17 -0500] "GET /sipse/css/imagen/contrasena.png HTTP/1.1" 404 383
161.18.116.246 - - [17/Oct/2021:12:32:17 -0500] "GET /sipse/faces/javax.faces.resource/layout/layout.css?ln=primefaces&v=4.0 HTTP/1.1" 304 -
161.18.116.246 - - [17/Oct/2021:12:32:17 -0500] "GET /sipse/faces/javax.faces.resource/primefaces.css?ln=primefaces&v=4.0 HTTP/1.1" 304 -
161.18.116.246 - - [17/Oct/2021:12:32:17 -0500] "GET /sipse/faces/javax.faces.resource/jquery/jquery.js?ln=primefaces&v=4.0 HTTP/1.1" 304 -
161.18.116.246 - - [17/Oct/2021:12:32:17 -0500] "GET /sipse/faces/javax.faces.resource/jquery/jquery-plugins.js?ln=primefaces&v=4.0 HTTP/1.1" 304 -
161.18.116.246 - - [17/Oct/2021:12:32:17 -0500] "GET /sipse/faces/javax.faces.resource/primefaces.js?ln=primefaces&v=4.0 HTTP/1.1" 304 -
161.18.116.246 - - [17/Oct/2021:12:32:17 -0500] "GET /sipse/faces/javax.faces.resource/layout/layout.js?ln=primefaces&v=4.0 HTTP/1.1" 304 -
161.18.116.246 - - [17/Oct/2021:12:32:17 -0500] "GET /sipse/faces/javax.faces.resource/images/ui-icons_898989_256x240.png?ln=primefaces-aristo HTTP/1.1" 304 -
161.18.116.246 - - [17/Oct/2021:12:32:17 -0500] "POST /sipse/faces/presentacion/sistema/reporte/listarReportes.xhtml HTTP/1.1" 200 26717
161.18.116.246 - - [17/Oct/2021:12:32:18 -0500] "GET /sipse/faces/javax.faces.resource/images/ui-bg_flat_0_2d5972_40x100.png?ln=primefaces-aristo HTTP/1.1" 304 -
201.245.192.253 - - [17/Oct/2021:12:31:29 -0500] "POST /kwsrmcab/Wsrmcab HTTP/1.1" 200 44471
161.18.116.246 - - [17/Oct/2021:12:32:18 -0500] "POST /sipse/faces/presentacion/sistema/reporte/listarReportes.xhtml HTTP/1.1" 200 26717
186.155.14.149 - - [17/Oct/2021:12:32:16 -0500] "POST /BLA/boletinlegal/admin/actos/ingresar.php HTTP/1.1" 200 7236
161.18.116.246 - - [17/Oct/2021:12:32:19 -0500] "POST /sipse/faces/presentacion/sistema/reporte/listarReportes.xhtml HTTP/1.1" 200 23069
161.18.116.246 - - [17/Oct/2021:12:32:20 -0500] "GET /sipse/faces/javax.faces.resource/theme.css?ln=primefaces-sipse HTTP/1.1" 304 -
161.18.116.246 - - [17/Oct/2021:12:32:20 -0500] "GET /sipse/faces/javax.faces.resource/primefaces.css?ln=primefaces&v=4.0 HTTP/1.1" 304 -
161.18.116.246 - - [17/Oct/2021:12:32:20 -0500] "GET /sipse/faces/javax.faces.resource/layout/layout.css?ln=primefaces&v=4.0 HTTP/1.1" 304 -
161.18.116.246 - - [17/Oct/2021:12:32:20 -0500] "GET /sipse/faces/javax.faces.resource/jquery/jquery.js?ln=primefaces&v=4.0 HTTP/1.1" 304 -
161.18.116.246 - - [17/Oct/2021:12:32:20 -0500] "GET /sipse/faces/javax.faces.resource/jquery/jquery-plugins.js?ln=primefaces&v=4.0 HTTP/1.1" 304 -
161.18.116.246 - - [17/Oct/2021:12:32:20 -0500] "GET /sipse/faces/javax.faces.resource/primefaces.js?ln=primefaces&v=4.0 HTTP/1.1" 304 -
161.18.116.246 - - [17/Oct/2021:12:32:20 -0500] "GET /sipse/faces/javax.faces.resource/layout/layout.js?ln=primefaces&v=4.0 HTTP/1.1" 304 -
161.18.116.246 - - [17/Oct/2021:12:32:20 -0500] "GET /reportes_sipse/sdg/ServletReporte?reporte=no_hay HTTP/1.1" 200 5373
168.119.138.106 - - [17/Oct/2021:12:32:22 -0500] "GET /BLA/resoluciones/RESOLUCIONES%202019/0661.pdf HTTP/1.1" 200 322768
201.245.192.253 - - [17/Oct/2021:12:32:30 -0500] "GET /catalogoisis/ HTTP/1.1" 200 8575
161.18.116.246 - - [17/Oct/2021:12:32:31 -0500] "POST /reportes_sipse/sdg/ServletControlador HTTP/1.1" 200 149872
170.78.40.221 - - [17/Oct/2021:12:32:51 -0500] "GET /BLA/boletinlegal/js/jquery.scrollShow.js HTTP/1.1" 200 4586
170.78.40.221 - - [17/Oct/2021:12:32:51 -0500] "GET /galeria/galeria/jquery.fancybox.css?v=2.1.5 HTTP/1.1" 200 4895
170.78.40.221 - - [17/Oct/2021:12:32:51 -0500] "GET /galeria/galeria/jquery.fancybox.js?v=2.1.5 HTTP/1.1" 200 48706
161.18.116.246 - - [17/Oct/2021:12:33:00 -0500] "POST /sipse/faces/presentacion/sistema/reporte/ventanaVerReporteParametros.xhtml HTTP/1.1" 200 63758
161.18.116.246 - - [17/Oct/2021:12:33:00 -0500] "GET /sipse/faces/javax.faces.resource/theme.css?ln=primefaces-sipse HTTP/1.1" 304 -
161.18.116.246 - - [17/Oct/2021:12:33:00 -0500] "GET /sipse/faces/javax.faces.resource/layout/layout.css?ln=primefaces&v=4.0 HTTP/1.1" 304 -
161.18.116.246 - - [17/Oct/2021:12:33:00 -0500] "GET /sipse/faces/javax.faces.resource/primefaces.css?ln=primefaces&v=4.0 HTTP/1.1" 304 -
161.18.116.246 - - [17/Oct/2021:12:33:00 -0500] "GET /sipse/faces/javax.faces.resource/jquery/jquery.js?ln=primefaces&v=4.0 HTTP/1.1" 304 -
161.18.116.246 - - [17/Oct/2021:12:33:00 -0500] "GET /sipse/faces/javax.faces.resource/jquery/jquery-plugins.js?ln=primefaces&v=4.0 HTTP/1.1" 304 -
161.18.116.246 - - [17/Oct/2021:12:33:00 -0500] "GET /sipse/faces/javax.faces.resource/primefaces.js?ln=primefaces&v=4.0 HTTP/1.1" 304 -
161.18.116.246 - - [17/Oct/2021:12:33:00 -0500] "GET /sipse/faces/javax.faces.resource/layout/layout.js?ln=primefaces&v=4.0 HTTP/1.1" 304 -
161.18.116.246 - - [17/Oct/2021:12:33:00 -0500] "GET /sipse/faces/javax.faces.resource/images/ui-icons_898989_256x240.png?ln=primefaces-aristo HTTP/1.1" 304 -
161.18.116.246 - - [17/Oct/2021:12:33:00 -0500] "POST /sipse/faces/presentacion/financiero/solicitudProceso/listarSolicitudProceso.xhtml HTTP/1.1" 200 1448
168.119.138.106 - - [17/Oct/2021:12:33:04 -0500] "GET /BLA/resoluciones/RESOLUCIONES%202019/3262.pdf HTTP/1.1" 200 337625
186.90.120.63 - - [17/Oct/2021:12:33:11 -0500] "GET /galeria/galeria/jquery.fancybox.css?v=2.1.5 HTTP/1.1" 200 4895
186.90.120.63 - - [17/Oct/2021:12:33:11 -0500] "GET /BLA/boletinlegal/js/jquery.scrollShow.js HTTP/1.1" 200 4586
186.90.120.63 - - [17/Oct/2021:12:33:11 -0500] "GET /galeria/galeria/jquery.fancybox.js?v=2.1.5 HTTP/1.1" 200 48706
186.102.26.2 - - [17/Oct/2021:12:33:15 -0500] "GET /videos/galeria-cronicas/1V3wnplaylist.htm? HTTP/1.1" 200 4013
186.102.26.2 - - [17/Oct/2021:12:33:15 -0500] "GET /videos/galeria-cronicas/skin/blue.monday/jplayer.blue.monday.css HTTP/1.1" 200 12518
186.102.26.2 - - [17/Oct/2021:12:33:15 -0500] "GET /videos/galeria-cronicas/js/jquery.jplayer.min.js HTTP/1.1" 200 43668
186.102.26.2 - - [17/Oct/2021:12:33:15 -0500] "GET /videos/galeria-cronicas/js/jplayer.playlist.min.js HTTP/1.1" 200 8608
186.102.26.2 - - [17/Oct/2021:12:33:15 -0500] "GET /videos/galeria-cronicas/skin/blue.monday/jplayer.blue.monday.video.play.png HTTP/1.1" 200 14424
186.102.26.2 - - [17/Oct/2021:12:33:15 -0500] "GET /videos/galeria-cronicas/skin/blue.monday/jplayer.blue.monday.jpg HTTP/1.1" 200 23189
186.102.26.2 - - [17/Oct/2021:12:33:15 -0500] "GET /videos/galeria-cronicas/1videos/parche.mp4video.mp4 HTTP/1.1" 206 2821840
186.102.26.2 - - [17/Oct/2021:12:33:16 -0500] "GET /videos/galeria-cronicas/1videos/parche.mp4video.mp4 HTTP/1.1" 206 36560
186.102.26.2 - - [17/Oct/2021:12:33:16 -0500] "GET /videos/galeria-cronicas/1videos/parche.mp4video.mp4 HTTP/1.1" 206 36560
186.102.26.2 - - [17/Oct/2021:12:33:16 -0500] "GET /videos/galeria-cronicas/1videos/parche.mp4video.mp4 HTTP/1.1" 206 2752289
201.245.192.253 - - [17/Oct/2021:12:33:31 -0500] "GET /catalogoisis/ HTTP/1.1" 200 8575
168.119.138.106 - - [17/Oct/2021:12:33:45 -0500] "GET /BLA/resoluciones/index.php?dir=RESOLUCIONES%202019/&sort=date&order=asc HTTP/1.1" 200 222789
161.18.116.246 - - [17/Oct/2021:12:34:06 -0500] "POST /sipse/faces/presentacion/financiero/solicitudProceso/listarSolicitudProceso.xhtml HTTP/1.1" 200 144096
161.18.116.246 - - [17/Oct/2021:12:34:07 -0500] "GET /sipse/faces/javax.faces.resource/theme.css?ln=primefaces-sipse HTTP/1.1" 304 -
161.18.116.246 - - [17/Oct/2021:12:34:07 -0500] "GET /sipse/faces/javax.faces.resource/layout/layout.css?ln=primefaces&v=4.0 HTTP/1.1" 304 -
161.18.116.246 - - [17/Oct/2021:12:34:07 -0500] "GET /sipse/faces/javax.faces.resource/primefaces.css?ln=primefaces&v=4.0 HTTP/1.1" 304 -
161.18.116.246 - - [17/Oct/2021:12:34:07 -0500] "GET /sipse/faces/javax.faces.resource/jquery/jquery.js?ln=primefaces&v=4.0 HTTP/1.1" 304 -
161.18.116.246 - - [17/Oct/2021:12:34:07 -0500] "GET /sipse/faces/javax.faces.resource/jquery/jquery-plugins.js?ln=primefaces&v=4.0 HTTP/1.1" 304 -
161.18.116.246 - - [17/Oct/2021:12:34:07 -0500] "GET /sipse/faces/javax.faces.resource/primefaces.js?ln=primefaces&v=4.0 HTTP/1.1" 304 -
161.18.116.246 - - [17/Oct/2021:12:34:07 -0500] "GET /sipse/faces/javax.faces.resource/layout/layout.js?ln=primefaces&v=4.0 HTTP/1.1" 304 -
161.18.116.246 - - [17/Oct/2021:12:34:07 -0500] "GET /reportes_sipse/sdg/ServletReporte?reporte=experienia_idoneidad&solicitud=15446&pfdrid_c=false HTTP/1.1" 200 150994
66.249.66.139 - - [17/Oct/2021:12:34:12 -0500] "-" 408 -
114.119.141.52 - - [17/Oct/2021:12:34:22 -0500] "GET /BLA/resoluciones/RESOLUCIONES%202010/6461.pdf HTTP/1.1" 200 37617
168.119.138.106 - - [17/Oct/2021:12:34:24 -0500] "GET /BLA/resoluciones/RESOLUCIONES%202019/2030.pdf HTTP/1.1" 200 256334
161.18.116.246 - - [17/Oct/2021:12:34:26 -0500] "POST /sipse/faces/presentacion/financiero/solicitudProceso/consultarSolicitudProceso.xhtml HTTP/1.1" 200 104082
201.245.192.253 - - [17/Oct/2021:12:34:32 -0500] "GET /catalogoisis/ HTTP/1.1" 200 8575
161.18.116.246 - - [17/Oct/2021:12:34:31 -0500] "POST /sipse/faces/presentacion/financiero/solicitudProceso/consultarSolicitudProceso.xhtml HTTP/1.1" 200 104082
186.31.200.78 - - [17/Oct/2021:12:34:35 -0500] "GET /BLA/boletinlegal/js/jquery.scrollShow.js HTTP/1.1" 200 4586
186.31.200.78 - - [17/Oct/2021:12:34:35 -0500] "GET /galeria/galeria/jquery.fancybox.css?v=2.1.5 HTTP/1.1" 200 4895
186.31.200.78 - - [17/Oct/2021:12:34:35 -0500] "GET /galeria/galeria/jquery.fancybox.js?v=2.1.5 HTTP/1.1" 200 48706
161.18.116.246 - - [17/Oct/2021:12:34:39 -0500] "POST /sipse/faces/presentacion/financiero/solicitudProceso/consultarSolicitudProceso.xhtml HTTP/1.1" 200 53332
161.18.116.246 - - [17/Oct/2021:12:34:45 -0500] "POST /sipse/faces/presentacion/financiero/solicitudProceso/consultarSolicitudProceso.xhtml HTTP/1.1" 200 2617576
186.155.14.149 - - [17/Oct/2021:12:34:47 -0500] "POST /BLA/boletinlegal/admin/actos/ingresar.php HTTP/1.1" 200 7236
161.18.116.246 - - [17/Oct/2021:12:34:48 -0500] "POST /sipse/faces/presentacion/financiero/solicitudProceso/consultarSolicitudProceso.xhtml HTTP/1.1" 200 10005465
168.119.138.106 - - [17/Oct/2021:12:35:06 -0500] "GET /BLA/resoluciones/RESOLUCIONES%202019/3722.pdf HTTP/1.1" 200 358272
161.10.152.129 - - [17/Oct/2021:12:35:12 -0500] "GET /galeria/galeria/jquery.fancybox.css?v=2.1.5 HTTP/1.1" 200 4895
161.10.152.129 - - [17/Oct/2021:12:35:12 -0500] "GET /BLA/boletinlegal/js/jquery.scrollShow.js HTTP/1.1" 200 4586
161.10.152.129 - - [17/Oct/2021:12:35:12 -0500] "GET /galeria/galeria/jquery.fancybox.js?v=2.1.5 HTTP/1.1" 200 48706
181.209.214.131 - - [17/Oct/2021:12:35:24 -0500] "GET /galeria/galeria/jquery.fancybox.css?v=2.1.5 HTTP/1.1" 200 4895
181.209.214.131 - - [17/Oct/2021:12:35:24 -0500] "GET /galeria/galeria/jquery.fancybox.js?v=2.1.5 HTTP/1.1" 200 48706
181.209.214.131 - - [17/Oct/2021:12:35:24 -0500] "GET /BLA/boletinlegal/js/jquery.scrollShow.js HTTP/1.1" 200 4586
201.245.192.253 - - [17/Oct/2021:12:34:38 -0500] "POST /kwsrmcab/Wsrmcab HTTP/1.1" 200 112269
201.245.192.253 - - [17/Oct/2021:12:35:32 -0500] "GET /catalogoisis/ HTTP/1.1" 200 8575
216.245.221.92 - - [17/Oct/2021:12:35:39 -0500] "HEAD / HTTP/1.1" 200 -
168.119.138.106 - - [17/Oct/2021:12:35:47 -0500] "GET /BLA/resoluciones/RESOLUCIONES%202019/1723.pdf HTTP/1.1" 200 378221
168.119.138.106 - - [17/Oct/2021:12:36:27 -0500] "GET /BLA/resoluciones/RESOLUCIONES%202019/0518.pdf HTTP/1.1" 200 232950
201.245.192.253 - - [17/Oct/2021:12:36:33 -0500] "GET /catalogoisis/ HTTP/1.1" 200 8575
161.18.116.246 - - [17/Oct/2021:12:36:36 -0500] "POST /sipse/faces/presentacion/financiero/solicitudProceso/consultarSolicitudProceso.xhtml HTTP/1.1" 200 293074
186.145.156.197 - - [17/Oct/2021:12:36:46 -0500] "-" 408 -
186.155.14.149 - - [17/Oct/2021:12:36:45 -0500] "POST /BLA/boletinlegal/admin/actos/ingresar.php HTTP/1.1" 200 7236
186.84.20.139 - - [17/Oct/2021:12:36:57 -0500] "GET /galeria/galeria/jquery.fancybox.css?v=2.1.5 HTTP/1.1" 200 4895
186.84.20.139 - - [17/Oct/2021:12:36:57 -0500] "GET /BLA/boletinlegal/js/jquery.scrollShow.js HTTP/1.1" 200 4586
186.84.20.139 - - [17/Oct/2021:12:36:57 -0500] "GET /galeria/galeria/jquery.fancybox.js?v=2.1.5 HTTP/1.1" 200 48706
168.119.138.106 - - [17/Oct/2021:12:37:09 -0500] "GET /BLA/resoluciones/RESOLUCIONES%202019/0593.pdf HTTP/1.1" 200 249396
173.252.107.15 - - [17/Oct/2021:12:37:10 -0500] "GET /images/pieza-reciclaton-11-octubre.jpg HTTP/1.1" 200 88253
173.252.107.18 - - [17/Oct/2021:12:37:11 -0500] "GET /se-aproxima-nueva-jornada-de-recoleccion-masiva-de-residuos-especiales-y-peligrosos-en-bogota.html HTTP/1.1" 206 1048
173.252.107.25 - - [17/Oct/2021:12:37:11 -0500] "GET /se-aproxima-nueva-jornada-de-recoleccion-masiva-de-residuos-especiales-y-peligrosos-en-bogota.html HTTP/1.1" 206 1048
186.85.147.45 - - [17/Oct/2021:12:37:15 -0500] "GET /galeria/galeria/jquery.fancybox.css?v=2.1.5 HTTP/1.1" 200 4895
186.85.147.45 - - [17/Oct/2021:12:37:15 -0500] "GET /BLA/boletinlegal/js/jquery.scrollShow.js HTTP/1.1" 200 4586
186.85.147.45 - - [17/Oct/2021:12:37:15 -0500] "GET /galeria/galeria/jquery.fancybox.js?v=2.1.5 HTTP/1.1" 200 48706
161.18.116.246 - - [17/Oct/2021:12:37:24 -0500] "POST /sipse/faces/presentacion/financiero/solicitudProceso/consultarSolicitudProceso.xhtml HTTP/1.1" 200 153582
201.245.192.253 - - [17/Oct/2021:12:37:33 -0500] "GET /catalogoisis/ HTTP/1.1" 200 8575
168.119.138.106 - - [17/Oct/2021:12:37:54 -0500] "GET /BLA/resoluciones/RESOLUCIONES%202019/2196.pdf HTTP/1.1" 200 443122
186.80.52.3 - - [17/Oct/2021:12:38:13 -0500] "GET /galeria/galeria/jquery.fancybox.css?v=2.1.5 HTTP/1.1" 200 4895
186.80.52.3 - - [17/Oct/2021:12:38:14 -0500] "GET /BLA/boletinlegal/js/jquery.scrollShow.js HTTP/1.1" 200 4586
186.80.52.3 - - [17/Oct/2021:12:38:15 -0500] "GET /galeria/galeria/jquery.fancybox.js?v=2.1.5 HTTP/1.1" 200 48706
83.40.199.94 - - [17/Oct/2021:12:38:16 -0500] "GET /galeria/galeria/jquery.fancybox.js?v=2.1.5 HTTP/1.1" 200 48706
83.40.199.94 - - [17/Oct/2021:12:38:16 -0500] "GET /galeria/galeria/jquery.fancybox.css?v=2.1.5 HTTP/1.1" 200 4895
83.40.199.94 - - [17/Oct/2021:12:38:16 -0500] "GET /BLA/boletinlegal/js/jquery.scrollShow.js HTTP/1.1" 200 4586
161.18.116.246 - - [17/Oct/2021:12:38:23 -0500] "POST /sipse/faces/presentacion/financiero/solicitudProceso/consultarSolicitudProceso.xhtml HTTP/1.1" 200 5517
161.18.116.246 - - [17/Oct/2021:12:38:23 -0500] "GET /sipse/faces/javax.faces.resource/dynamiccontent.properties?ln=primefaces&pfdrid=XjOR5%2F%2FfPAZAuY9TpWQeCiM0BhlXxYRBGKi%2FQcXXfeA%3D&pfdrid_c=false HTTP/1.1" 200 126219
186.155.14.149 - - [17/Oct/2021:12:38:23 -0500] "POST /BLA/boletinlegal/admin/actos/ingresar.php HTTP/1.1" 200 7236
168.119.138.106 - - [17/Oct/2021:12:38:33 -0500] "GET /BLA/resoluciones/RESOLUCIONES%202019/3496.pdf HTTP/1.1" 200 288882
201.245.192.253 - - [17/Oct/2021:12:38:34 -0500] "GET /catalogoisis/ HTTP/1.1" 200 8575
186.31.144.81 - - [17/Oct/2021:12:39:01 -0500] "GET /se-abre-convocatoria-a-organizaciones-ambientales-para-generar-1-070-empleos-verdes-dirigidos-a-mujeres.html HTTP/1.1" 200 1128
161.18.116.246 - - [17/Oct/2021:12:39:08 -0500] "POST /sipse/faces/presentacion/financiero/solicitudProceso/consultarSolicitudProceso.xhtml HTTP/1.1" 200 5488
161.18.116.246 - - [17/Oct/2021:12:39:08 -0500] "GET /reportes_sipse/sdg/ServletReporte?reporte=experienia_idoneidad&solicitud=15372&pfdrid_c=false HTTP/1.1" 200 152607
168.119.138.106 - - [17/Oct/2021:12:39:13 -0500] "GET /BLA/resoluciones/RESOLUCIONES%202019/2830.pdf HTTP/1.1" 200 752284
179.32.14.204 - - [17/Oct/2021:12:39:23 -0500] "GET /galeria/galeria/jquery.fancybox.css?v=2.1.5 HTTP/1.1" 200 4895
179.32.14.204 - - [17/Oct/2021:12:39:23 -0500] "GET /BLA/boletinlegal/js/jquery.scrollShow.js HTTP/1.1" 200 4586
179.32.14.204 - - [17/Oct/2021:12:39:23 -0500] "GET /galeria/galeria/jquery.fancybox.js?v=2.1.5 HTTP/1.1" 200 48706
201.245.192.253 - - [17/Oct/2021:12:39:35 -0500] "GET /catalogoisis/ HTTP/1.1" 200 8575
186.155.14.149 - - [17/Oct/2021:12:39:42 -0500] "POST /BLA/boletinlegal/admin/actos/ingresar.php HTTP/1.1" 200 7236
161.18.116.246 - - [17/Oct/2021:12:39:43 -0500] "POST /sipse/faces/presentacion/financiero/solicitudProceso/consultarSolicitudProceso.xhtml HTTP/1.1" 200 33410
161.18.116.246 - - [17/Oct/2021:12:39:43 -0500] "GET /sipse/faces/javax.faces.resource/theme.css?ln=primefaces-sipse HTTP/1.1" 304 -
161.18.116.246 - - [17/Oct/2021:12:39:43 -0500] "GET /sipse/faces/javax.faces.resource/layout/layout.css?ln=primefaces&v=4.0 HTTP/1.1" 304 -
161.18.116.246 - - [17/Oct/2021:12:39:43 -0500] "GET /sipse/css/imagen/contrasena.png HTTP/1.1" 404 383
161.18.116.246 - - [17/Oct/2021:12:39:43 -0500] "GET /sipse/faces/javax.faces.resource/primefaces.css?ln=primefaces&v=4.0 HTTP/1.1" 304 -
161.18.116.246 - - [17/Oct/2021:12:39:43 -0500] "GET /sipse/faces/javax.faces.resource/jquery/jquery.js?ln=primefaces&v=4.0 HTTP/1.1" 304 -
161.18.116.246 - - [17/Oct/2021:12:39:43 -0500] "GET /sipse/faces/javax.faces.resource/jquery/jquery-plugins.js?ln=primefaces&v=4.0 HTTP/1.1" 304 -
161.18.116.246 - - [17/Oct/2021:12:39:44 -0500] "GET /sipse/faces/javax.faces.resource/primefaces.js?ln=primefaces&v=4.0 HTTP/1.1" 304 -
161.18.116.246 - - [17/Oct/2021:12:39:44 -0500] "GET /sipse/faces/javax.faces.resource/layout/layout.js?ln=primefaces&v=4.0 HTTP/1.1" 304 -
161.18.116.246 - - [17/Oct/2021:12:39:44 -0500] "POST /sipse/faces/presentacion/sistema/reporte/listarReportes.xhtml HTTP/1.1" 200 26717
161.18.116.246 - - [17/Oct/2021:12:39:44 -0500] "GET /sipse/faces/javax.faces.resource/images/ui-bg_flat_0_2d5972_40x100.png?ln=primefaces-aristo HTTP/1.1" 304 -
161.18.116.246 - - [17/Oct/2021:12:39:44 -0500] "POST /sipse/faces/presentacion/sistema/reporte/listarReportes.xhtml HTTP/1.1" 200 26717
161.18.116.246 - - [17/Oct/2021:12:39:46 -0500] "POST /sipse/faces/presentacion/sistema/reporte/listarReportes.xhtml HTTP/1.1" 200 23069
161.18.116.246 - - [17/Oct/2021:12:39:46 -0500] "GET /sipse/faces/javax.faces.resource/theme.css?ln=primefaces-sipse HTTP/1.1" 304 -
161.18.116.246 - - [17/Oct/2021:12:39:46 -0500] "GET /sipse/faces/javax.faces.resource/primefaces.css?ln=primefaces&v=4.0 HTTP/1.1" 304 -
161.18.116.246 - - [17/Oct/2021:12:39:46 -0500] "GET /sipse/faces/javax.faces.resource/jquery/jquery.js?ln=primefaces&v=4.0 HTTP/1.1" 304 -
161.18.116.246 - - [17/Oct/2021:12:39:46 -0500] "GET /sipse/faces/javax.faces.resource/layout/layout.css?ln=primefaces&v=4.0 HTTP/1.1" 304 -
161.18.116.246 - - [17/Oct/2021:12:39:46 -0500] "GET /sipse/faces/javax.faces.resource/jquery/jquery-plugins.js?ln=primefaces&v=4.0 HTTP/1.1" 304 -
161.18.116.246 - - [17/Oct/2021:12:39:46 -0500] "GET /sipse/faces/javax.faces.resource/primefaces.js?ln=primefaces&v=4.0 HTTP/1.1" 304 -
161.18.116.246 - - [17/Oct/2021:12:39:46 -0500] "GET /sipse/faces/javax.faces.resource/layout/layout.js?ln=primefaces&v=4.0 HTTP/1.1" 304 -
161.18.116.246 - - [17/Oct/2021:12:39:46 -0500] "GET /sipse/css/imagen/contrasena.png HTTP/1.1" 404 383
161.18.116.246 - - [17/Oct/2021:12:39:46 -0500] "GET /reportes_sipse/sdg/ServletReporte?reporte=no_hay HTTP/1.1" 200 5373
168.119.138.106 - - [17/Oct/2021:12:39:55 -0500] "GET /BLA/resoluciones/RESOLUCIONES%202019/2250.pdf HTTP/1.1" 200 327242
66.249.66.139 - - [17/Oct/2021:12:40:18 -0500] "-" 408 -
161.18.116.246 - - [17/Oct/2021:12:40:27 -0500] "POST /reportes_sipse/sdg/ServletControlador HTTP/1.1" 200 150037
45.238.181.148 - - [17/Oct/2021:12:40:29 -0500] "GET /se-abre-convocatoria-a-organizaciones-ambientales-para-generar-1-070-empleos-verdes-dirigidos-a-mujeres.html HTTP/1.1" 200 1128
168.119.138.106 - - [17/Oct/2021:12:40:34 -0500] "GET /BLA/resoluciones/RESOLUCIONES%202019/3887.pdf HTTP/1.1" 200 302021
201.245.192.253 - - [17/Oct/2021:12:40:35 -0500] "GET /catalogoisis/ HTTP/1.1" 200 8575
216.245.221.92 - - [17/Oct/2021:12:40:39 -0500] "HEAD / HTTP/1.1" 200 -
114.119.132.76 - - [17/Oct/2021:12:40:58 -0500] "GET /BLA/resoluciones/RESOLUCIONES%202013/0003.pdf HTTP/1.1" 200 2906193
161.18.116.246 - - [17/Oct/2021:12:41:02 -0500] "POST /sipse/faces/presentacion/sistema/reporte/ventanaVerReporteParametros.xhtml HTTP/1.1" 200 63758
161.18.116.246 - - [17/Oct/2021:12:41:02 -0500] "GET /sipse/faces/javax.faces.resource/theme.css?ln=primefaces-sipse HTTP/1.1" 304 -
161.18.116.246 - - [17/Oct/2021:12:41:02 -0500] "GET /sipse/faces/javax.faces.resource/primefaces.css?ln=primefaces&v=4.0 HTTP/1.1" 304 -
161.18.116.246 - - [17/Oct/2021:12:41:02 -0500] "GET /sipse/faces/javax.faces.resource/jquery/jquery.js?ln=primefaces&v=4.0 HTTP/1.1" 304 -
161.18.116.246 - - [17/Oct/2021:12:41:02 -0500] "GET /sipse/faces/javax.faces.resource/layout/layout.css?ln=primefaces&v=4.0 HTTP/1.1" 304 -
161.18.116.246 - - [17/Oct/2021:12:41:02 -0500] "GET /sipse/faces/javax.faces.resource/jquery/jquery-plugins.js?ln=primefaces&v=4.0 HTTP/1.1" 304 -
161.18.116.246 - - [17/Oct/2021:12:41:02 -0500] "GET /sipse/faces/javax.faces.resource/primefaces.js?ln=primefaces&v=4.0 HTTP/1.1" 304 -
161.18.116.246 - - [17/Oct/2021:12:41:02 -0500] "GET /sipse/faces/javax.faces.resource/layout/layout.js?ln=primefaces&v=4.0 HTTP/1.1" 304 -
161.18.116.246 - - [17/Oct/2021:12:41:02 -0500] "GET /sipse/css/imagen/contrasena.png HTTP/1.1" 404 383
161.18.116.246 - - [17/Oct/2021:12:41:02 -0500] "GET /sipse/faces/javax.faces.resource/images/ui-icons_898989_256x240.png?ln=primefaces-aristo HTTP/1.1" 304 -
161.18.116.246 - - [17/Oct/2021:12:41:02 -0500] "POST /sipse/faces/presentacion/financiero/solicitudProceso/listarSolicitudProceso.xhtml HTTP/1.1" 200 1448
186.155.14.149 - - [17/Oct/2021:12:41:08 -0500] "POST /BLA/boletinlegal/admin/actos/ingresar.php HTTP/1.1" 200 7236
168.119.138.106 - - [17/Oct/2021:12:41:11 -0500] "GET /BLA/resoluciones/RESOLUCIONES%202019/1141.pdf HTTP/1.1" 200 263495
192.168.171.64 - - [17/Oct/2021:12:41:27 -0500] "GET /BLA/boletinlegal/actos.php HTTP/1.1" 200 9515
201.245.192.253 - - [17/Oct/2021:12:40:40 -0500] "POST /kwsrmcab/Wsrmcab HTTP/1.1" 200 45991
201.245.192.253 - - [17/Oct/2021:12:41:35 -0500] "GET /catalogoisis/ HTTP/1.1" 200 8575
168.119.138.106 - - [17/Oct/2021:12:41:50 -0500] "GET /BLA/resoluciones/RESOLUCIONES%202019/3461.pdf HTTP/1.1" 200 294322
201.245.192.253 - - [17/Oct/2021:12:41:29 -0500] "POST /kwsrmcab/Wsrmcab HTTP/1.1" 200 44471
168.119.138.106 - - [17/Oct/2021:12:42:31 -0500] "GET /BLA/resoluciones/RESOLUCIONES%202019/2215.pdf HTTP/1.1" 200 317534
186.155.14.149 - - [17/Oct/2021:12:42:34 -0500] "POST /BLA/boletinlegal/admin/actos/ingresar.php HTTP/1.1" 200 7236
201.245.192.253 - - [17/Oct/2021:12:42:36 -0500] "GET /catalogoisis/ HTTP/1.1" 200 8575
161.18.116.246 - - [17/Oct/2021:12:42:37 -0500] "POST /sipse/faces/presentacion/financiero/solicitudProceso/listarSolicitudProceso.xhtml HTTP/1.1" 200 144092
161.18.116.246 - - [17/Oct/2021:12:42:38 -0500] "GET /sipse/faces/javax.faces.resource/theme.css?ln=primefaces-sipse HTTP/1.1" 304 -
161.18.116.246 - - [17/Oct/2021:12:42:38 -0500] "GET /sipse/faces/javax.faces.resource/layout/layout.css?ln=primefaces&v=4.0 HTTP/1.1" 304 -
161.18.116.246 - - [17/Oct/2021:12:42:38 -0500] "GET /sipse/faces/javax.faces.resource/primefaces.css?ln=primefaces&v=4.0 HTTP/1.1" 304 -
161.18.116.246 - - [17/Oct/2021:12:42:38 -0500] "GET /sipse/faces/javax.faces.resource/jquery/jquery.js?ln=primefaces&v=4.0 HTTP/1.1" 304 -
161.18.116.246 - - [17/Oct/2021:12:42:38 -0500] "GET /sipse/faces/javax.faces.resource/jquery/jquery-plugins.js?ln=primefaces&v=4.0 HTTP/1.1" 304 -
161.18.116.246 - - [17/Oct/2021:12:42:38 -0500] "GET /sipse/faces/javax.faces.resource/primefaces.js?ln=primefaces&v=4.0 HTTP/1.1" 304 -
161.18.116.246 - - [17/Oct/2021:12:42:38 -0500] "GET /sipse/faces/javax.faces.resource/layout/layout.js?ln=primefaces&v=4.0 HTTP/1.1" 304 -
161.18.116.246 - - [17/Oct/2021:12:42:38 -0500] "GET /reportes_sipse/sdg/ServletReporte?reporte=experienia_idoneidad&solicitud=15372&pfdrid_c=false HTTP/1.1" 200 152607
161.18.116.246 - - [17/Oct/2021:12:42:53 -0500] "POST /sipse/faces/presentacion/financiero/solicitudProceso/consultarSolicitudProceso.xhtml HTTP/1.1" 200 104193
161.18.116.246 - - [17/Oct/2021:12:42:55 -0500] "POST /sipse/faces/presentacion/financiero/solicitudProceso/consultarSolicitudProceso.xhtml HTTP/1.1" 200 293074
168.119.138.106 - - [17/Oct/2021:12:43:09 -0500] "GET /BLA/resoluciones/RESOLUCIONES%202019/3351.pdf HTTP/1.1" 200 296792
189.176.93.8 - - [17/Oct/2021:12:43:12 -0500] "GET /galeria/galeria/jquery.fancybox.css?v=2.1.5 HTTP/1.1" 200 4895
189.176.93.8 - - [17/Oct/2021:12:43:13 -0500] "GET /BLA/boletinlegal/js/jquery.scrollShow.js HTTP/1.1" 200 4586
189.176.93.8 - - [17/Oct/2021:12:43:13 -0500] "GET /galeria/galeria/jquery.fancybox.js?v=2.1.5 HTTP/1.1" 200 48706
161.18.116.246 - - [17/Oct/2021:12:43:17 -0500] "POST /sipse/faces/presentacion/financiero/solicitudProceso/consultarSolicitudProceso.xhtml HTTP/1.1" 200 153581
181.61.113.66 - - [17/Oct/2021:12:43:19 -0500] "GET /galeria/galeria/jquery.fancybox.css?v=2.1.5 HTTP/1.1" 200 4895
181.61.113.66 - - [17/Oct/2021:12:43:19 -0500] "GET /BLA/boletinlegal/js/jquery.scrollShow.js HTTP/1.1" 200 4586
181.61.113.66 - - [17/Oct/2021:12:43:19 -0500] "GET /galeria/galeria/jquery.fancybox.js?v=2.1.5 HTTP/1.1" 200 48706
161.18.116.246 - - [17/Oct/2021:12:43:31 -0500] "POST /sipse/faces/presentacion/financiero/solicitudProceso/consultarSolicitudProceso.xhtml HTTP/1.1" 200 53306
201.245.192.253 - - [17/Oct/2021:12:43:37 -0500] "GET /catalogoisis/ HTTP/1.1" 200 8575
161.18.116.246 - - [17/Oct/2021:12:43:35 -0500] "POST /sipse/faces/presentacion/financiero/solicitudProceso/consultarSolicitudProceso.xhtml HTTP/1.1" 200 2060305
161.18.116.246 - - [17/Oct/2021:12:43:38 -0500] "POST /sipse/faces/presentacion/financiero/solicitudProceso/consultarSolicitudProceso.xhtml HTTP/1.1" 200 6086130
168.119.138.106 - - [17/Oct/2021:12:43:49 -0500] "GET /BLA/resoluciones/RESOLUCIONES%202019/3771.pdf HTTP/1.1" 200 357051
186.84.90.252 - - [17/Oct/2021:12:43:53 -0500] "GET /se-abre-convocatoria-a-organizaciones-ambientales-para-generar-1-070-empleos-verdes-dirigidos-a-mujeres.html HTTP/1.1" 200 1128
186.155.14.149 - - [17/Oct/2021:12:43:56 -0500] "POST /BLA/boletinlegal/admin/actos/ingresar.php HTTP/1.1" 200 7236
209.141.51.171 - - [17/Oct/2021:12:43:55 -0500] "POST /boaform/admin/formLogin HTTP/1.1" 404 1186
186.102.55.248 - - [17/Oct/2021:12:44:09 -0500] "GET /videos/galeria-cronicas/1videos/parche.mp4video.mp4 HTTP/1.1" 206 2454194
186.102.55.248 - - [17/Oct/2021:12:44:09 -0500] "GET /videos/galeria-cronicas/1videos/parche.mp4video.mp4 HTTP/1.1" 206 2430924
168.119.138.106 - - [17/Oct/2021:12:44:28 -0500] "GET /BLA/resoluciones/RESOLUCIONES%202019/1409.pdf HTTP/1.1" 200 264903
201.245.192.253 - - [17/Oct/2021:12:44:38 -0500] "GET /catalogoisis/ HTTP/1.1" 200 8575
191.107.179.79 - - [17/Oct/2021:12:44:42 -0500] "GET /galeria/galeria/jquery.fancybox.css?v=2.1.5 HTTP/1.1" 200 4895
191.107.179.79 - - [17/Oct/2021:12:44:42 -0500] "GET /galeria/galeria/jquery.fancybox.js?v=2.1.5 HTTP/1.1" 200 48706
191.107.179.79 - - [17/Oct/2021:12:44:42 -0500] "GET /BLA/boletinlegal/js/jquery.scrollShow.js HTTP/1.1" 200 4586
66.249.88.116 - - [17/Oct/2021:12:44:45 -0500] "GET /se-abre-convocatoria-a-organizaciones-ambientales-para-generar-1-070-empleos-verdes-dirigidos-a-mujeres.html HTTP/1.1" 200 1128
66.249.83.24 - - [17/Oct/2021:12:44:46 -0500] "GET /se-abre-convocatoria-a-organizaciones-ambientales-para-generar-1-070-empleos-verdes-dirigidos-a-mujeres.html HTTP/1.1" 200 1128
66.249.83.22 - - [17/Oct/2021:12:44:46 -0500] "GET /se-abre-convocatoria-a-organizaciones-ambientales-para-generar-1-070-empleos-verdes-dirigidos-a-mujeres.html HTTP/1.1" 200 1128
66.249.83.20 - - [17/Oct/2021:12:44:46 -0500] "GET /se-abre-convocatoria-a-organizaciones-ambientales-para-generar-1-070-empleos-verdes-dirigidos-a-mujeres.html HTTP/1.1" 200 1128
191.156.29.126 - - [17/Oct/2021:12:44:46 -0500] "GET /se-abre-convocatoria-a-organizaciones-ambientales-para-generar-1-070-empleos-verdes-dirigidos-a-mujeres.html HTTP/1.1" 200 1128
66.249.83.22 - - [17/Oct/2021:12:44:53 -0500] "GET /se-abre-convocatoria-a-organizaciones-ambientales-para-generar-1-070-empleos-verdes-dirigidos-a-mujeres.html HTTP/1.1" 200 1128
186.86.32.192 - - [17/Oct/2021:12:45:06 -0500] "GET /galeria/galeria/jquery.fancybox.css?v=2.1.5 HTTP/1.1" 200 4895
186.86.32.192 - - [17/Oct/2021:12:45:06 -0500] "GET /BLA/boletinlegal/js/jquery.scrollShow.js HTTP/1.1" 200 4586
186.86.32.192 - - [17/Oct/2021:12:45:06 -0500] "GET /galeria/galeria/jquery.fancybox.js?v=2.1.5 HTTP/1.1" 200 48706
168.119.138.106 - - [17/Oct/2021:12:45:07 -0500] "GET /BLA/resoluciones/RESOLUCIONES%202019/0221.pdf HTTP/1.1" 200 2174064
181.197.21.80 - - [17/Oct/2021:12:45:20 -0500] "GET /galeria/galeria/jquery.fancybox.css?v=2.1.5 HTTP/1.1" 200 4895
181.197.21.80 - - [17/Oct/2021:12:45:20 -0500] "GET /galeria/galeria/jquery.fancybox.js?v=2.1.5 HTTP/1.1" 200 48706
181.197.21.80 - - [17/Oct/2021:12:45:20 -0500] "GET /BLA/boletinlegal/js/jquery.scrollShow.js HTTP/1.1" 200 4586
201.245.192.253 - - [17/Oct/2021:12:44:39 -0500] "POST /kwsrmcab/Wsrmcab HTTP/1.1" 200 112269
201.245.192.253 - - [17/Oct/2021:12:45:38 -0500] "GET /catalogoisis/ HTTP/1.1" 200 8575
216.245.221.92 - - [17/Oct/2021:12:45:39 -0500] "HEAD / HTTP/1.1" 200 -
186.155.14.149 - - [17/Oct/2021:12:45:39 -0500] "POST /BLA/boletinlegal/admin/actos/ingresar.php HTTP/1.1" 200 7236
168.119.138.106 - - [17/Oct/2021:12:45:41 -0500] "GET /BLA/resoluciones/RESOLUCIONES%202019/1727.pdf HTTP/1.1" 200 283262
181.140.199.193 - - [17/Oct/2021:12:46:10 -0500] "GET /galeria/galeria/jquery.fancybox.css?v=2.1.5 HTTP/1.1" 200 4895
181.140.199.193 - - [17/Oct/2021:12:46:10 -0500] "GET /BLA/boletinlegal/js/jquery.scrollShow.js HTTP/1.1" 200 4586
181.140.199.193 - - [17/Oct/2021:12:46:10 -0500] "GET /galeria/galeria/jquery.fancybox.js?v=2.1.5 HTTP/1.1" 200 48706
186.86.32.192 - - [17/Oct/2021:12:46:16 -0500] "GET /BLA/boletinlegal/js/jquery.scrollShow.js HTTP/1.1" 200 4586
186.86.32.192 - - [17/Oct/2021:12:46:16 -0500] "GET /galeria/galeria/jquery.fancybox.css?v=2.1.5 HTTP/1.1" 200 4895
186.86.32.192 - - [17/Oct/2021:12:46:16 -0500] "GET /galeria/galeria/jquery.fancybox.js?v=2.1.5 HTTP/1.1" 200 48706
168.119.138.106 - - [17/Oct/2021:12:46:19 -0500] "GET /BLA/resoluciones/RESOLUCIONES%202019/3932.pdf HTTP/1.1" 200 346590
190.24.59.60 - - [17/Oct/2021:12:46:19 -0500] "GET /BLA/boletinlegal/js/jquery.scrollShow.js HTTP/1.1" 200 4586
190.24.59.60 - - [17/Oct/2021:12:46:19 -0500] "GET /galeria/galeria/jquery.fancybox.js?v=2.1.5 HTTP/1.1" 200 48706
190.24.59.60 - - [17/Oct/2021:12:46:19 -0500] "GET /galeria/galeria/jquery.fancybox.css?v=2.1.5 HTTP/1.1" 200 4895
191.156.63.71 - - [17/Oct/2021:12:46:36 -0500] "GET /galeria/galeria/jquery.fancybox.css?v=2.1.5 HTTP/1.1" 200 4895
191.156.63.71 - - [17/Oct/2021:12:46:37 -0500] "GET /BLA/boletinlegal/js/jquery.scrollShow.js HTTP/1.1" 200 4586
191.156.63.71 - - [17/Oct/2021:12:46:37 -0500] "GET /galeria/galeria/jquery.fancybox.js?v=2.1.5 HTTP/1.1" 200 48706
161.18.116.246 - - [17/Oct/2021:12:46:37 -0500] "POST /sipse/faces/presentacion/financiero/solicitudProceso/consultarSolicitudProceso.xhtml HTTP/1.1" 200 5517
161.18.116.246 - - [17/Oct/2021:12:46:38 -0500] "GET /sipse/faces/javax.faces.resource/dynamiccontent.properties?ln=primefaces&pfdrid=XjOR5%2F%2FfPAZAuY9TpWQeCiM0BhlXxYRBGKi%2FQcXXfeA%3D&pfdrid_c=false HTTP/1.1" 200 126219
201.245.192.253 - - [17/Oct/2021:12:46:39 -0500] "GET /catalogoisis/ HTTP/1.1" 200 8575
168.119.138.106 - - [17/Oct/2021:12:46:59 -0500] "GET /BLA/resoluciones/RESOLUCIONES%202019/2319.pdf HTTP/1.1" 200 653670
181.137.137.233 - - [17/Oct/2021:12:46:59 -0500] "GET /galeria/galeria/jquery.fancybox.css?v=2.1.5 HTTP/1.1" 200 4895
181.137.137.233 - - [17/Oct/2021:12:46:59 -0500] "GET /galeria/galeria/jquery.fancybox.js?v=2.1.5 HTTP/1.1" 200 48706
181.137.137.233 - - [17/Oct/2021:12:46:59 -0500] "GET /BLA/boletinlegal/js/jquery.scrollShow.js HTTP/1.1" 200 4586
66.249.66.139 - - [17/Oct/2021:12:47:12 -0500] "-" 408 -
186.155.14.149 - - [17/Oct/2021:12:47:29 -0500] "POST /BLA/boletinlegal/admin/actos/ingresar.php HTTP/1.1" 200 7236
186.154.38.12 - - [17/Oct/2021:12:47:33 -0500] "GET /galeria/galeria/jquery.fancybox.css?v=2.1.5 HTTP/1.1" 200 4895
186.154.38.12 - - [17/Oct/2021:12:47:33 -0500] "GET /BLA/boletinlegal/js/jquery.scrollShow.js HTTP/1.1" 200 4586
186.154.38.12 - - [17/Oct/2021:12:47:33 -0500] "GET /galeria/galeria/jquery.fancybox.js?v=2.1.5 HTTP/1.1" 200 48706
168.119.138.106 - - [17/Oct/2021:12:47:36 -0500] "GET /BLA/resoluciones/RESOLUCIONES%202019/2541.pdf HTTP/1.1" 200 493273
191.156.11.196 - - [17/Oct/2021:12:47:37 -0500] "-" 408 -
201.245.192.253 - - [17/Oct/2021:12:47:39 -0500] "GET /catalogoisis/ HTTP/1.1" 200 8575
161.18.116.246 - - [17/Oct/2021:12:47:46 -0500] "POST /sipse/faces/presentacion/financiero/solicitudProceso/consultarSolicitudProceso.xhtml HTTP/1.1" 200 5488
161.18.116.246 - - [17/Oct/2021:12:47:47 -0500] "GET /reportes_sipse/sdg/ServletReporte?reporte=experienia_idoneidad&solicitud=15367&pfdrid_c=false HTTP/1.1" 200 152594
168.119.138.106 - - [17/Oct/2021:12:48:17 -0500] "GET /BLA/resoluciones/RESOLUCIONES%202019/2059.pdf HTTP/1.1" 200 423671
161.18.116.246 - - [17/Oct/2021:12:48:19 -0500] "POST /sipse/faces/presentacion/financiero/solicitudProceso/consultarSolicitudProceso.xhtml HTTP/1.1" 200 33410
161.18.116.246 - - [17/Oct/2021:12:48:20 -0500] "GET /sipse/faces/javax.faces.resource/theme.css?ln=primefaces-sipse HTTP/1.1" 304 -
161.18.116.246 - - [17/Oct/2021:12:48:20 -0500] "GET /sipse/faces/javax.faces.resource/primefaces.css?ln=primefaces&v=4.0 HTTP/1.1" 304 -
161.18.116.246 - - [17/Oct/2021:12:48:20 -0500] "GET /sipse/faces/javax.faces.resource/layout/layout.css?ln=primefaces&v=4.0 HTTP/1.1" 304 -
161.18.116.246 - - [17/Oct/2021:12:48:20 -0500] "GET /sipse/faces/javax.faces.resource/jquery/jquery.js?ln=primefaces&v=4.0 HTTP/1.1" 304 -
161.18.116.246 - - [17/Oct/2021:12:48:20 -0500] "GET /sipse/faces/javax.faces.resource/jquery/jquery-plugins.js?ln=primefaces&v=4.0 HTTP/1.1" 304 -
161.18.116.246 - - [17/Oct/2021:12:48:20 -0500] "GET /sipse/faces/javax.faces.resource/primefaces.js?ln=primefaces&v=4.0 HTTP/1.1" 304 -
161.18.116.246 - - [17/Oct/2021:12:48:20 -0500] "GET /sipse/faces/javax.faces.resource/layout/layout.js?ln=primefaces&v=4.0 HTTP/1.1" 304 -
161.18.116.246 - - [17/Oct/2021:12:48:20 -0500] "POST /sipse/faces/presentacion/sistema/reporte/listarReportes.xhtml HTTP/1.1" 200 26717
161.18.116.246 - - [17/Oct/2021:12:48:20 -0500] "POST /sipse/faces/presentacion/sistema/reporte/listarReportes.xhtml HTTP/1.1" 200 26717
161.18.116.246 - - [17/Oct/2021:12:48:23 -0500] "POST /sipse/faces/presentacion/sistema/reporte/listarReportes.xhtml HTTP/1.1" 200 23069
161.18.116.246 - - [17/Oct/2021:12:48:23 -0500] "GET /sipse/faces/javax.faces.resource/layout/layout.css?ln=primefaces&v=4.0 HTTP/1.1" 304 -
161.18.116.246 - - [17/Oct/2021:12:48:23 -0500] "GET /sipse/faces/javax.faces.resource/primefaces.css?ln=primefaces&v=4.0 HTTP/1.1" 304 -
161.18.116.246 - - [17/Oct/2021:12:48:23 -0500] "GET /sipse/faces/javax.faces.resource/theme.css?ln=primefaces-sipse HTTP/1.1" 304 -
161.18.116.246 - - [17/Oct/2021:12:48:23 -0500] "GET /sipse/faces/javax.faces.resource/jquery/jquery.js?ln=primefaces&v=4.0 HTTP/1.1" 304 -
161.18.116.246 - - [17/Oct/2021:12:48:23 -0500] "GET /sipse/faces/javax.faces.resource/jquery/jquery-plugins.js?ln=primefaces&v=4.0 HTTP/1.1" 304 -
161.18.116.246 - - [17/Oct/2021:12:48:23 -0500] "GET /sipse/faces/javax.faces.resource/primefaces.js?ln=primefaces&v=4.0 HTTP/1.1" 304 -
161.18.116.246 - - [17/Oct/2021:12:48:23 -0500] "GET /sipse/faces/javax.faces.resource/layout/layout.js?ln=primefaces&v=4.0 HTTP/1.1" 304 -
161.18.116.246 - - [17/Oct/2021:12:48:23 -0500] "GET /reportes_sipse/sdg/ServletReporte?reporte=no_hay HTTP/1.1" 200 5373
161.18.116.246 - - [17/Oct/2021:12:48:33 -0500] "POST /reportes_sipse/sdg/ServletControlador HTTP/1.1" 200 150040
201.245.192.253 - - [17/Oct/2021:12:48:40 -0500] "GET /catalogoisis/ HTTP/1.1" 200 8575
186.154.38.12 - - [17/Oct/2021:12:48:53 -0500] "GET /silvicultura/6.pdf HTTP/1.1" 200 215404
186.154.38.12 - - [17/Oct/2021:12:48:53 -0500] "GET /favicon.ico HTTP/1.1" 200 7782
168.119.138.106 - - [17/Oct/2021:12:48:55 -0500] "GET /BLA/resoluciones/RESOLUCIONES%202019/3405.pdf HTTP/1.1" 200 294486
161.18.116.246 - - [17/Oct/2021:12:49:10 -0500] "POST /sipse/faces/presentacion/sistema/reporte/ventanaVerReporteParametros.xhtml HTTP/1.1" 200 63758
161.18.116.246 - - [17/Oct/2021:12:49:10 -0500] "GET /sipse/faces/javax.faces.resource/theme.css?ln=primefaces-sipse HTTP/1.1" 304 -
161.18.116.246 - - [17/Oct/2021:12:49:10 -0500] "GET /sipse/faces/javax.faces.resource/primefaces.css?ln=primefaces&v=4.0 HTTP/1.1" 304 -
161.18.116.246 - - [17/Oct/2021:12:49:10 -0500] "GET /sipse/faces/javax.faces.resource/layout/layout.css?ln=primefaces&v=4.0 HTTP/1.1" 304 -
161.18.116.246 - - [17/Oct/2021:12:49:10 -0500] "GET /sipse/faces/javax.faces.resource/jquery/jquery.js?ln=primefaces&v=4.0 HTTP/1.1" 304 -
161.18.116.246 - - [17/Oct/2021:12:49:10 -0500] "GET /sipse/faces/javax.faces.resource/jquery/jquery-plugins.js?ln=primefaces&v=4.0 HTTP/1.1" 304 -
161.18.116.246 - - [17/Oct/2021:12:49:10 -0500] "GET /sipse/faces/javax.faces.resource/primefaces.js?ln=primefaces&v=4.0 HTTP/1.1" 304 -
161.18.116.246 - - [17/Oct/2021:12:49:10 -0500] "GET /sipse/faces/javax.faces.resource/layout/layout.js?ln=primefaces&v=4.0 HTTP/1.1" 304 -
161.18.116.246 - - [17/Oct/2021:12:49:10 -0500] "POST /sipse/faces/presentacion/financiero/solicitudProceso/listarSolicitudProceso.xhtml HTTP/1.1" 200 1448
207.46.13.103 - - [17/Oct/2021:12:49:15 -0500] "GET /galeria/galeria/fotos/mirador4G.jpg HTTP/1.1" 200 159827
114.119.141.42 - - [17/Oct/2021:12:49:15 -0500] "GET /Autoliquidacion/index.php?dir=Solicitudes%2Brelacionadas%2Bcon%2Bcalidad%2Bdel%2Baire%2Bauditiva%2By%2Bvisual/ HTTP/1.1" 200 6973
168.119.138.106 - - [17/Oct/2021:12:49:34 -0500] "GET /BLA/resoluciones/RESOLUCIONES%202019/3178.pdf HTTP/1.1" 200 566721
201.245.192.253 - - [17/Oct/2021:12:49:47 -0500] "GET /catalogoisis/ HTTP/1.1" 200 8575
186.86.32.162 - - [17/Oct/2021:12:49:56 -0500] "GET /BLA/boletinlegal/js/jquery.scrollShow.js HTTP/1.1" 200 4586
186.86.32.162 - - [17/Oct/2021:12:49:56 -0500] "GET /galeria/galeria/jquery.fancybox.js?v=2.1.5 HTTP/1.1" 200 48706
186.86.32.162 - - [17/Oct/2021:12:49:56 -0500] "GET /galeria/galeria/jquery.fancybox.css?v=2.1.5 HTTP/1.1" 200 4895
191.156.6.25 - - [17/Oct/2021:12:49:58 -0500] "GET /BLA/boletinlegal/js/jquery.scrollShow.js HTTP/1.1" 200 4586
191.156.6.25 - - [17/Oct/2021:12:49:58 -0500] "GET /galeria/galeria/jquery.fancybox.js?v=2.1.5 HTTP/1.1" 200 48706
191.156.6.25 - - [17/Oct/2021:12:49:58 -0500] "GET /galeria/galeria/jquery.fancybox.css?v=2.1.5 HTTP/1.1" 200 4895
168.119.138.106 - - [17/Oct/2021:12:50:13 -0500] "GET /BLA/resoluciones/RESOLUCIONES%202019/3744.pdf HTTP/1.1" 200 295487
161.18.116.246 - - [17/Oct/2021:12:50:20 -0500] "POST /sipse/faces/presentacion/financiero/solicitudProceso/listarSolicitudProceso.xhtml HTTP/1.1" 200 153602
161.18.116.246 - - [17/Oct/2021:12:50:21 -0500] "GET /sipse/faces/javax.faces.resource/theme.css?ln=primefaces-sipse HTTP/1.1" 304 -
161.18.116.246 - - [17/Oct/2021:12:50:21 -0500] "GET /sipse/faces/javax.faces.resource/primefaces.css?ln=primefaces&v=4.0 HTTP/1.1" 304 -
161.18.116.246 - - [17/Oct/2021:12:50:21 -0500] "GET /sipse/faces/javax.faces.resource/layout/layout.css?ln=primefaces&v=4.0 HTTP/1.1" 304 -
161.18.116.246 - - [17/Oct/2021:12:50:21 -0500] "GET /sipse/faces/javax.faces.resource/jquery/jquery.js?ln=primefaces&v=4.0 HTTP/1.1" 304 -
161.18.116.246 - - [17/Oct/2021:12:50:21 -0500] "GET /sipse/faces/javax.faces.resource/jquery/jquery-plugins.js?ln=primefaces&v=4.0 HTTP/1.1" 304 -
161.18.116.246 - - [17/Oct/2021:12:50:21 -0500] "GET /sipse/faces/javax.faces.resource/primefaces.js?ln=primefaces&v=4.0 HTTP/1.1" 304 -
161.18.116.246 - - [17/Oct/2021:12:50:21 -0500] "GET /sipse/faces/javax.faces.resource/layout/layout.js?ln=primefaces&v=4.0 HTTP/1.1" 304 -
161.18.116.246 - - [17/Oct/2021:12:50:21 -0500] "GET /reportes_sipse/sdg/ServletReporte?reporte=experienia_idoneidad&solicitud=15367&pfdrid_c=false HTTP/1.1" 200 152594
179.33.161.11 - - [17/Oct/2021:12:50:32 -0500] "GET /galeria/galeria/jquery.fancybox.css?v=2.1.5 HTTP/1.1" 200 4895
179.33.161.11 - - [17/Oct/2021:12:50:32 -0500] "GET /BLA/boletinlegal/js/jquery.scrollShow.js HTTP/1.1" 200 4586
179.33.161.11 - - [17/Oct/2021:12:50:32 -0500] "GET /galeria/galeria/jquery.fancybox.js?v=2.1.5 HTTP/1.1" 200 48706
216.245.221.92 - - [17/Oct/2021:12:50:38 -0500] "HEAD / HTTP/1.1" 200 -
201.245.192.253 - - [17/Oct/2021:12:50:48 -0500] "GET /catalogoisis/ HTTP/1.1" 200 8575
168.119.138.106 - - [17/Oct/2021:12:50:54 -0500] "GET /BLA/resoluciones/RESOLUCIONES%202019/3221.pdf HTTP/1.1" 200 288905
161.18.116.246 - - [17/Oct/2021:12:50:56 -0500] "POST /sipse/faces/presentacion/financiero/solicitudProceso/consultarSolicitudProceso.xhtml HTTP/1.1" 200 104219
66.102.8.187 - - [17/Oct/2021:12:50:58 -0500] "GET /galeria/galeria/fotos/GuaymaralTorca4G.jpg HTTP/1.1" 200 373786
161.18.116.246 - - [17/Oct/2021:12:51:04 -0500] "POST /sipse/faces/presentacion/financiero/solicitudProceso/consultarSolicitudProceso.xhtml HTTP/1.1" 200 104219
161.18.116.246 - - [17/Oct/2021:12:51:08 -0500] "POST /sipse/faces/presentacion/financiero/solicitudProceso/consultarSolicitudProceso.xhtml HTTP/1.1" 200 293074
161.18.116.246 - - [17/Oct/2021:12:51:18 -0500] "POST /sipse/faces/presentacion/financiero/solicitudProceso/consultarSolicitudProceso.xhtml HTTP/1.1" 200 153577
161.18.116.246 - - [17/Oct/2021:12:51:29 -0500] "POST /sipse/faces/presentacion/financiero/solicitudProceso/consultarSolicitudProceso.xhtml HTTP/1.1" 200 53311
168.119.138.106 - - [17/Oct/2021:12:51:30 -0500] "GET /BLA/resoluciones/RESOLUCIONES%202019/3159.pdf HTTP/1.1" 200 2879759
161.18.116.246 - - [17/Oct/2021:12:51:35 -0500] "POST /sipse/faces/presentacion/financiero/solicitudProceso/consultarSolicitudProceso.xhtml HTTP/1.1" 200 1952485
161.18.116.246 - - [17/Oct/2021:12:51:42 -0500] "POST /sipse/faces/presentacion/financiero/solicitudProceso/consultarSolicitudProceso.xhtml HTTP/1.1" 200 762642
161.18.116.246 - - [17/Oct/2021:12:51:39 -0500] "POST /sipse/faces/presentacion/financiero/solicitudProceso/consultarSolicitudProceso.xhtml HTTP/1.1" 200 10005251
161.18.116.246 - - [17/Oct/2021:12:51:45 -0500] "POST /sipse/faces/presentacion/financiero/solicitudProceso/consultarSolicitudProceso.xhtml HTTP/1.1" 200 282660
201.245.192.253 - - [17/Oct/2021:12:51:48 -0500] "GET /catalogoisis/ HTTP/1.1" 200 8575
161.18.116.246 - - [17/Oct/2021:12:51:58 -0500] "POST /sipse/faces/presentacion/financiero/solicitudProceso/consultarSolicitudProceso.xhtml HTTP/1.1" 200 236721
168.119.138.106 - - [17/Oct/2021:12:52:06 -0500] "GET /BLA/resoluciones/RESOLUCIONES%202019/0640.pdf HTTP/1.1" 200 361312
161.18.116.246 - - [17/Oct/2021:12:52:08 -0500] "POST /sipse/faces/presentacion/financiero/solicitudProceso/consultarSolicitudProceso.xhtml HTTP/1.1" 200 123984
190.84.117.100 - - [17/Oct/2021:12:52:46 -0500] "GET /galeria/galeria/jquery.fancybox.css?v=2.1.5 HTTP/1.1" 200 4895
168.119.138.106 - - [17/Oct/2021:12:52:45 -0500] "GET /BLA/resoluciones/index.php?dir=RESOLUCIONES%202019/&sort=name&order=desc HTTP/1.1" 200 222788
190.84.117.100 - - [17/Oct/2021:12:52:47 -0500] "GET /BLA/boletinlegal/js/jquery.scrollShow.js HTTP/1.1" 200 4586
190.84.117.100 - - [17/Oct/2021:12:52:47 -0500] "GET /galeria/galeria/jquery.fancybox.js?v=2.1.5 HTTP/1.1" 200 48706
201.245.192.253 - - [17/Oct/2021:12:52:49 -0500] "GET /catalogoisis/ HTTP/1.1" 200 8575
191.156.59.45 - - [17/Oct/2021:12:52:58 -0500] "GET /galeria/galeria/jquery.fancybox.css?v=2.1.5 HTTP/1.1" 200 4895
191.156.49.188 - - [17/Oct/2021:12:52:58 -0500] "GET /BLA/boletinlegal/js/jquery.scrollShow.js HTTP/1.1" 200 4586
191.156.52.224 - - [17/Oct/2021:12:52:58 -0500] "GET /galeria/galeria/jquery.fancybox.js?v=2.1.5 HTTP/1.1" 200 48706
191.158.176.196 - - [17/Oct/2021:12:53:15 -0500] "GET /galeria/galeria/jquery.fancybox.css?v=2.1.5 HTTP/1.1" 200 4895
191.158.176.196 - - [17/Oct/2021:12:53:15 -0500] "GET /BLA/boletinlegal/js/jquery.scrollShow.js HTTP/1.1" 200 4586
191.158.176.196 - - [17/Oct/2021:12:53:15 -0500] "GET /galeria/galeria/jquery.fancybox.js?v=2.1.5 HTTP/1.1" 200 48706
168.119.138.106 - - [17/Oct/2021:12:53:19 -0500] "GET /BLA/resoluciones/RESOLUCIONES%202019/2693.pdf HTTP/1.1" 200 386076
201.245.192.253 - - [17/Oct/2021:12:53:49 -0500] "GET /catalogoisis/ HTTP/1.1" 200 8575
168.119.138.106 - - [17/Oct/2021:12:53:58 -0500] "GET /BLA/resoluciones/RESOLUCIONES%202019/0301.pdf HTTP/1.1" 200 399082
181.134.15.139 - - [17/Oct/2021:12:54:28 -0500] "GET /galeria/galeria/jquery.fancybox.css?v=2.1.5 HTTP/1.1" 200 4895
181.134.15.139 - - [17/Oct/2021:12:54:28 -0500] "GET /BLA/boletinlegal/js/jquery.scrollShow.js HTTP/1.1" 200 4586
181.134.15.139 - - [17/Oct/2021:12:54:28 -0500] "GET /galeria/galeria/jquery.fancybox.js?v=2.1.5 HTTP/1.1" 200 48706
