167.116.36.234 - - [17/Oct/2021:13:29:33 -0500] "GET /galeria/galeria/jquery.fancybox.css?v=2.1.5 HTTP/1.1" 200 4895
167.116.36.234 - - [17/Oct/2021:13:29:33 -0500] "GET /BLA/boletinlegal/js/jquery.scrollShow.js HTTP/1.1" 200 4586
167.116.36.234 - - [17/Oct/2021:13:29:33 -0500] "GET /galeria/galeria/jquery.fancybox.js?v=2.1.5 HTTP/1.1" 200 48706
168.119.138.106 - - [17/Oct/2021:13:29:34 -0500] "GET /BLA/resoluciones/RESOLUCIONES%202019/2866.pdf HTTP/1.1" 200 359064
45.173.6.9 - - [17/Oct/2021:13:30:09 -0500] "GET /galeria/galeria/jquery.fancybox.css?v=2.1.5 HTTP/1.1" 200 4895
45.173.6.9 - - [17/Oct/2021:13:30:09 -0500] "GET /galeria/galeria/jquery.fancybox.js?v=2.1.5 HTTP/1.1" 200 48706
45.173.6.9 - - [17/Oct/2021:13:30:09 -0500] "GET /BLA/boletinlegal/js/jquery.scrollShow.js HTTP/1.1" 200 4586
168.119.138.106 - - [17/Oct/2021:13:30:12 -0500] "GET /BLA/resoluciones/RESOLUCIONES%202019/3389.pdf HTTP/1.1" 200 423560
201.245.192.253 - - [17/Oct/2021:13:30:18 -0500] "GET /catalogoisis/ HTTP/1.1" 200 8575
157.55.39.54 - - [17/Oct/2021:13:30:23 -0500] "GET / HTTP/1.1" 200 319
216.245.221.92 - - [17/Oct/2021:13:30:38 -0500] "HEAD / HTTP/1.1" 200 -
190.13.83.218 - - [17/Oct/2021:13:30:39 -0500] "GET /BLA/boletinlegal/js/jquery.scrollShow.js HTTP/1.1" 200 4586
190.13.83.218 - - [17/Oct/2021:13:30:39 -0500] "GET /galeria/galeria/jquery.fancybox.css?v=2.1.5 HTTP/1.1" 200 4895
190.13.83.218 - - [17/Oct/2021:13:30:39 -0500] "GET /galeria/galeria/jquery.fancybox.js?v=2.1.5 HTTP/1.1" 200 48706
168.119.138.106 - - [17/Oct/2021:13:30:52 -0500] "GET /BLA/resoluciones/RESOLUCIONES%202019/2248.pdf HTTP/1.1" 200 319651
45.238.181.66 - - [17/Oct/2021:13:31:06 -0500] "GET /se-abre-convocatoria-a-organizaciones-ambientales-para-generar-1-070-empleos-verdes-dirigidos-a-mujeres.html HTTP/1.1" 200 1128
179.19.74.71 - - [17/Oct/2021:13:31:14 -0500] "GET /galeria/galeria/jquery.fancybox.js?v=2.1.5 HTTP/1.1" 200 48706
179.19.74.71 - - [17/Oct/2021:13:31:14 -0500] "GET /galeria/galeria/jquery.fancybox.css?v=2.1.5 HTTP/1.1" 200 4895
201.245.192.253 - - [17/Oct/2021:13:31:18 -0500] "GET /catalogoisis/ HTTP/1.1" 200 8575
201.245.192.253 - - [17/Oct/2021:13:30:39 -0500] "POST /kwsrmcab/Wsrmcab HTTP/1.1" 200 46413
168.119.138.106 - - [17/Oct/2021:13:31:29 -0500] "GET /BLA/resoluciones/RESOLUCIONES%202019/1595.pdf HTTP/1.1" 200 788346
173.252.107.8 - - [17/Oct/2021:13:31:34 -0500] "GET /lo-que-estamos-proponiendo-es-un-pot-de-equilibrios-secretaria-de-ambiente-carolina-urrutia.html HTTP/1.1" 206 922
173.252.107.16 - - [17/Oct/2021:13:31:34 -0500] "GET /lo-que-estamos-proponiendo-es-un-pot-de-equilibrios-secretaria-de-ambiente-carolina-urrutia.html HTTP/1.1" 206 922
69.171.231.2 - - [17/Oct/2021:13:31:35 -0500] "GET /images/POT%20ciudad%20bol%C3%ADvar-6%20octubre.jpg HTTP/1.1" 404 1034
137.184.140.112 - - [17/Oct/2021:13:31:39 -0500] "GET / HTTP/1.1" 200 319
114.119.141.69 - - [17/Oct/2021:13:31:39 -0500] "GET /BLA/resoluciones/RESOLUCIONES%202010/1238.pdf HTTP/1.1" 200 98975
186.112.189.62 - - [17/Oct/2021:13:32:01 -0500] "GET /galeria/galeria/jquery.fancybox.css?v=2.1.5 HTTP/1.1" 200 4895
186.112.189.62 - - [17/Oct/2021:13:32:02 -0500] "GET /BLA/boletinlegal/js/jquery.scrollShow.js HTTP/1.1" 200 4586
186.112.189.62 - - [17/Oct/2021:13:32:02 -0500] "GET /galeria/galeria/jquery.fancybox.js?v=2.1.5 HTTP/1.1" 200 48706
168.119.138.106 - - [17/Oct/2021:13:32:08 -0500] "GET /BLA/resoluciones/RESOLUCIONES%202019/2194.pdf HTTP/1.1" 200 284094
201.245.192.253 - - [17/Oct/2021:13:31:29 -0500] "POST /kwsrmcab/Wsrmcab HTTP/1.1" 200 44309
201.245.192.253 - - [17/Oct/2021:13:32:19 -0500] "GET /catalogoisis/ HTTP/1.1" 200 8575
191.95.23.167 - - [17/Oct/2021:13:32:37 -0500] "GET /galeria/galeria/jquery.fancybox.css?v=2.1.5 HTTP/1.1" 200 4895
191.95.23.167 - - [17/Oct/2021:13:32:37 -0500] "GET /BLA/boletinlegal/js/jquery.scrollShow.js HTTP/1.1" 200 4586
191.95.23.167 - - [17/Oct/2021:13:32:37 -0500] "GET /galeria/galeria/jquery.fancybox.js?v=2.1.5 HTTP/1.1" 200 48706
168.119.138.106 - - [17/Oct/2021:13:32:47 -0500] "GET /BLA/resoluciones/RESOLUCIONES%202019/0155.pdf HTTP/1.1" 200 320556
66.249.66.139 - - [17/Oct/2021:13:32:55 -0500] "-" 408 -
201.245.192.253 - - [17/Oct/2021:13:33:20 -0500] "GET /catalogoisis/ HTTP/1.1" 200 8575
168.119.138.106 - - [17/Oct/2021:13:33:25 -0500] "GET /BLA/resoluciones/RESOLUCIONES%202019/3060.pdf HTTP/1.1" 200 345259
114.119.141.73 - - [17/Oct/2021:13:33:27 -0500] "GET /BLA/resoluciones/RESOLUCIONES%202010/0420.pdf HTTP/1.1" 200 500701
190.24.59.198 - - [17/Oct/2021:13:33:32 -0500] "GET /se-abre-convocatoria-a-organizaciones-ambientales-para-generar-1-070-empleos-verdes-dirigidos-a-mujeres.html HTTP/1.1" 200 1128
186.155.111.23 - - [17/Oct/2021:13:33:33 -0500] "GET /se-abre-convocatoria-a-organizaciones-ambientales-para-generar-1-070-empleos-verdes-dirigidos-a-mujeres.html HTTP/1.1" 200 1128
186.146.179.50 - - [17/Oct/2021:13:33:39 -0500] "GET /galeria/galeria/jquery.fancybox.css?v=2.1.5 HTTP/1.1" 200 4895
186.146.179.50 - - [17/Oct/2021:13:33:39 -0500] "GET /BLA/boletinlegal/js/jquery.scrollShow.js HTTP/1.1" 200 4586
186.146.179.50 - - [17/Oct/2021:13:33:39 -0500] "GET /galeria/galeria/jquery.fancybox.js?v=2.1.5 HTTP/1.1" 200 48706
74.125.213.15 - - [17/Oct/2021:13:34:02 -0500] "GET /galeria/galeria/jquery.fancybox.css?v=2.1.5 HTTP/1.1" 200 4895
74.125.213.15 - - [17/Oct/2021:13:34:02 -0500] "GET /BLA/boletinlegal/js/jquery.scrollShow.js HTTP/1.1" 200 4586
74.125.213.17 - - [17/Oct/2021:13:34:02 -0500] "GET /galeria/galeria/jquery.fancybox.js?v=2.1.5 HTTP/1.1" 200 48706
152.206.208.191 - - [17/Oct/2021:13:34:03 -0500] "GET /galeria/galeria/jquery.fancybox.css?v=2.1.5 HTTP/1.1" 200 4895
152.206.232.191 - - [17/Oct/2021:13:34:03 -0500] "GET /BLA/boletinlegal/js/jquery.scrollShow.js HTTP/1.1" 200 4586
152.206.232.191 - - [17/Oct/2021:13:34:03 -0500] "GET /galeria/galeria/jquery.fancybox.js?v=2.1.5 HTTP/1.1" 200 48706
168.119.138.106 - - [17/Oct/2021:13:34:03 -0500] "GET /BLA/resoluciones/RESOLUCIONES%202019/1752.pdf HTTP/1.1" 200 308380
201.245.192.253 - - [17/Oct/2021:13:34:20 -0500] "GET /catalogoisis/ HTTP/1.1" 200 8575
207.46.13.102 - - [17/Oct/2021:13:34:29 -0500] "GET /galeria/galeria/fotos/JornadaG.jpg HTTP/1.1" 200 50761
168.119.138.106 - - [17/Oct/2021:13:34:40 -0500] "GET /BLA/resoluciones/RESOLUCIONES%202019/1070.pdf HTTP/1.1" 200 2897964
168.119.138.106 - - [17/Oct/2021:13:35:15 -0500] "GET /BLA/resoluciones/RESOLUCIONES%202019/3062.pdf HTTP/1.1" 200 271550
201.245.192.253 - - [17/Oct/2021:13:35:21 -0500] "GET /catalogoisis/ HTTP/1.1" 200 8575
201.245.192.253 - - [17/Oct/2021:13:34:37 -0500] "POST /kwsrmcab/Wsrmcab HTTP/1.1" 200 111864
216.245.221.92 - - [17/Oct/2021:13:35:38 -0500] "HEAD / HTTP/1.1" 200 -
179.51.120.22 - - [17/Oct/2021:13:35:44 -0500] "GET /se-abre-convocatoria-a-organizaciones-ambientales-para-generar-1-070-empleos-verdes-dirigidos-a-mujeres.html HTTP/1.1" 200 1128
168.119.138.106 - - [17/Oct/2021:13:35:50 -0500] "GET /BLA/resoluciones/RESOLUCIONES%202019/3111.pdf HTTP/1.1" 200 583489
23.100.232.233 - - [17/Oct/2021:13:36:20 -0500] "GET /BLA/boletinlegal/js/jquery.scrollShow.js HTTP/1.1" 200 4586
23.100.232.233 - - [17/Oct/2021:13:36:20 -0500] "GET /galeria/galeria/jquery.fancybox.js?v=2.1.5 HTTP/1.1" 200 48706
23.100.232.233 - - [17/Oct/2021:13:36:20 -0500] "GET /galeria/galeria/jquery.fancybox.css?v=2.1.5 HTTP/1.1" 200 4895
201.245.192.253 - - [17/Oct/2021:13:36:21 -0500] "GET /catalogoisis/ HTTP/1.1" 200 8575
168.119.138.106 - - [17/Oct/2021:13:36:26 -0500] "GET /BLA/resoluciones/RESOLUCIONES%202019/2690.pdf HTTP/1.1" 200 352478
168.119.138.106 - - [17/Oct/2021:13:37:06 -0500] "GET /BLA/resoluciones/RESOLUCIONES%202019/1260.pdf HTTP/1.1" 200 330272
114.119.141.52 - - [17/Oct/2021:13:37:10 -0500] "GET /BLA/resoluciones/RESOLUCIONES%202010/1718.pdf HTTP/1.1" 200 401836
201.245.192.253 - - [17/Oct/2021:13:37:22 -0500] "GET /catalogoisis/ HTTP/1.1" 200 8575
168.119.138.106 - - [17/Oct/2021:13:37:45 -0500] "GET /BLA/resoluciones/RESOLUCIONES%202019/3071.pdf HTTP/1.1" 200 447525
191.156.190.147 - - [17/Oct/2021:13:38:00 -0500] "GET /se-abre-convocatoria-a-organizaciones-ambientales-para-generar-1-070-empleos-verdes-dirigidos-a-mujeres.html HTTP/1.1" 304 -
168.119.138.106 - - [17/Oct/2021:13:38:21 -0500] "GET /BLA/resoluciones/RESOLUCIONES%202019/1778.pdf HTTP/1.1" 200 637429
201.245.192.253 - - [17/Oct/2021:13:38:24 -0500] "GET /catalogoisis/ HTTP/1.1" 200 8575
179.19.36.45 - - [17/Oct/2021:13:38:38 -0500] "-" 408 -
168.119.138.106 - - [17/Oct/2021:13:38:57 -0500] "GET /BLA/resoluciones/RESOLUCIONES%202019/2280.pdf HTTP/1.1" 200 338587
186.112.55.132 - - [17/Oct/2021:13:39:03 -0500] "GET /galeria/galeria/jquery.fancybox.js?v=2.1.5 HTTP/1.1" 200 48706
186.112.55.132 - - [17/Oct/2021:13:39:03 -0500] "GET /galeria/galeria/jquery.fancybox.css?v=2.1.5 HTTP/1.1" 200 4895
186.112.55.132 - - [17/Oct/2021:13:39:03 -0500] "GET /BLA/boletinlegal/js/jquery.scrollShow.js HTTP/1.1" 200 4586
201.245.192.253 - - [17/Oct/2021:13:39:24 -0500] "GET /catalogoisis/ HTTP/1.1" 200 8575
168.119.138.106 - - [17/Oct/2021:13:39:35 -0500] "GET /BLA/resoluciones/RESOLUCIONES%202019/2146.pdf HTTP/1.1" 200 312425
168.119.138.106 - - [17/Oct/2021:13:40:12 -0500] "GET /BLA/resoluciones/RESOLUCIONES%202019/2853.pdf HTTP/1.1" 200 276630
181.176.97.56 - - [17/Oct/2021:13:40:16 -0500] "GET /galeria/galeria/jquery.fancybox.css?v=2.1.5 HTTP/1.1" 200 4895
181.176.97.56 - - [17/Oct/2021:13:40:16 -0500] "GET /BLA/boletinlegal/js/jquery.scrollShow.js HTTP/1.1" 200 4586
181.176.97.56 - - [17/Oct/2021:13:40:17 -0500] "GET /galeria/galeria/jquery.fancybox.js?v=2.1.5 HTTP/1.1" 200 48706
201.245.192.253 - - [17/Oct/2021:13:40:25 -0500] "GET /catalogoisis/ HTTP/1.1" 200 8575
216.245.221.92 - - [17/Oct/2021:13:40:38 -0500] "HEAD / HTTP/1.1" 200 -
168.119.138.106 - - [17/Oct/2021:13:40:49 -0500] "GET /BLA/resoluciones/RESOLUCIONES%202019/2527.pdf HTTP/1.1" 200 291469
66.249.66.139 - - [17/Oct/2021:13:41:01 -0500] "-" 408 -
190.5.60.97 - - [17/Oct/2021:13:41:23 -0500] "GET /galeria/galeria/jquery.fancybox.css?v=2.1.5 HTTP/1.1" 200 4895
190.5.60.97 - - [17/Oct/2021:13:41:23 -0500] "GET /galeria/galeria/jquery.fancybox.js?v=2.1.5 HTTP/1.1" 200 48706
190.5.60.97 - - [17/Oct/2021:13:41:23 -0500] "GET /BLA/boletinlegal/js/jquery.scrollShow.js HTTP/1.1" 200 4586
168.119.138.106 - - [17/Oct/2021:13:41:24 -0500] "GET /BLA/resoluciones/RESOLUCIONES%202019/3561.pdf HTTP/1.1" 200 6609121
201.245.192.253 - - [17/Oct/2021:13:41:26 -0500] "GET /catalogoisis/ HTTP/1.1" 200 8575
201.245.192.253 - - [17/Oct/2021:13:40:40 -0500] "POST /kwsrmcab/Wsrmcab HTTP/1.1" 200 46413
138.94.3.70 - - [17/Oct/2021:13:41:28 -0500] "GET /galeria/galeria/jquery.fancybox.css?v=2.1.5 HTTP/1.1" 200 4895
138.94.3.70 - - [17/Oct/2021:13:41:28 -0500] "GET /BLA/boletinlegal/js/jquery.scrollShow.js HTTP/1.1" 200 4586
138.94.3.70 - - [17/Oct/2021:13:41:28 -0500] "GET /galeria/galeria/jquery.fancybox.js?v=2.1.5 HTTP/1.1" 200 48706
217.182.171.12 - - [17/Oct/2021:13:41:40 -0500] "HEAD /BLA/resoluciones/AUTOS%202014/5963.pdf HTTP/1.1" 200 -
168.119.138.106 - - [17/Oct/2021:13:41:56 -0500] "GET /BLA/resoluciones/RESOLUCIONES%202019/2969.pdf HTTP/1.1" 200 295313
201.245.192.253 - - [17/Oct/2021:13:41:29 -0500] "POST /kwsrmcab/Wsrmcab HTTP/1.1" 200 44309
201.245.192.253 - - [17/Oct/2021:13:42:27 -0500] "GET /catalogoisis/ HTTP/1.1" 200 8575
186.84.22.174 - - [17/Oct/2021:13:42:27 -0500] "GET /se-abre-convocatoria-a-organizaciones-ambientales-para-generar-1-070-empleos-verdes-dirigidos-a-mujeres.html HTTP/1.1" 200 1128
66.220.149.3 - - [17/Oct/2021:13:42:29 -0500] "GET /se-abre-convocatoria-a-organizaciones-ambientales-para-generar-1-070-empleos-verdes-dirigidos-a-mujeres.html HTTP/1.1" 206 1128
168.119.138.106 - - [17/Oct/2021:13:42:32 -0500] "GET /BLA/resoluciones/RESOLUCIONES%202019/3659.pdf HTTP/1.1" 200 487399
190.102.58.191 - - [17/Oct/2021:13:42:37 -0500] "GET /galeria/galeria/jquery.fancybox.css?v=2.1.5 HTTP/1.1" 200 4895
190.102.58.191 - - [17/Oct/2021:13:42:37 -0500] "GET /BLA/boletinlegal/js/jquery.scrollShow.js HTTP/1.1" 200 4586
190.102.58.191 - - [17/Oct/2021:13:42:37 -0500] "GET /galeria/galeria/jquery.fancybox.js?v=2.1.5 HTTP/1.1" 200 48706
181.63.115.167 - - [17/Oct/2021:13:42:39 -0500] "GET /se-abre-convocatoria-a-organizaciones-ambientales-para-generar-1-070-empleos-verdes-dirigidos-a-mujeres.html HTTP/1.1" 200 1128
168.119.138.106 - - [17/Oct/2021:13:43:08 -0500] "GET /BLA/resoluciones/RESOLUCIONES%202019/1499.pdf HTTP/1.1" 200 399069
201.245.192.253 - - [17/Oct/2021:13:43:28 -0500] "GET /catalogoisis/ HTTP/1.1" 200 8575
161.18.116.246 - - [17/Oct/2021:13:43:39 -0500] "POST /sipse/faces/presentacion/financiero/solicitudProceso/listarSolicitudProceso.xhtml HTTP/1.1" 200 149302
161.18.116.246 - - [17/Oct/2021:13:43:40 -0500] "GET /sipse/faces/javax.faces.resource/theme.css?ln=primefaces-sipse HTTP/1.1" 304 -
161.18.116.246 - - [17/Oct/2021:13:43:40 -0500] "GET /sipse/faces/javax.faces.resource/primefaces.css?ln=primefaces&v=4.0 HTTP/1.1" 304 -
161.18.116.246 - - [17/Oct/2021:13:43:40 -0500] "GET /sipse/faces/javax.faces.resource/layout/layout.css?ln=primefaces&v=4.0 HTTP/1.1" 304 -
161.18.116.246 - - [17/Oct/2021:13:43:40 -0500] "GET /sipse/faces/javax.faces.resource/jquery/jquery.js?ln=primefaces&v=4.0 HTTP/1.1" 304 -
161.18.116.246 - - [17/Oct/2021:13:43:40 -0500] "GET /sipse/faces/javax.faces.resource/jquery/jquery-plugins.js?ln=primefaces&v=4.0 HTTP/1.1" 304 -
161.18.116.246 - - [17/Oct/2021:13:43:40 -0500] "GET /sipse/faces/javax.faces.resource/primefaces.js?ln=primefaces&v=4.0 HTTP/1.1" 304 -
161.18.116.246 - - [17/Oct/2021:13:43:40 -0500] "GET /sipse/faces/javax.faces.resource/layout/layout.js?ln=primefaces&v=4.0 HTTP/1.1" 304 -
161.18.116.246 - - [17/Oct/2021:13:43:40 -0500] "GET /sipse/css/imagen/contrasena.png HTTP/1.1" 404 383
161.18.116.246 - - [17/Oct/2021:13:43:40 -0500] "GET /sipse/faces/javax.faces.resource/images/ui-icons_898989_256x240.png?ln=primefaces-aristo HTTP/1.1" 304 -
161.18.116.246 - - [17/Oct/2021:13:43:40 -0500] "GET /reportes_sipse/sdg/ServletReporte?reporte=experienia_idoneidad&solicitud=15363&pfdrid_c=false HTTP/1.1" 200 130991
168.119.138.106 - - [17/Oct/2021:13:43:48 -0500] "GET /BLA/resoluciones/RESOLUCIONES%202019/2740.pdf HTTP/1.1" 200 702744
191.156.45.249 - - [17/Oct/2021:13:44:17 -0500] "GET /galeria/galeria/jquery.fancybox.css?v=2.1.5 HTTP/1.1" 200 4895
191.156.45.249 - - [17/Oct/2021:13:44:18 -0500] "GET /BLA/boletinlegal/js/jquery.scrollShow.js HTTP/1.1" 200 4586
191.156.45.249 - - [17/Oct/2021:13:44:18 -0500] "GET /galeria/galeria/jquery.fancybox.js?v=2.1.5 HTTP/1.1" 200 48706
40.77.167.68 - - [17/Oct/2021:13:44:19 -0500] "GET /galeria/galeria/fotos/Humedal-Vaca4G.jpg HTTP/1.1" 200 375197
114.119.132.76 - - [17/Oct/2021:13:44:23 -0500] "GET /BLA/resoluciones/AUTOS%202015/1264.pdf HTTP/1.1" 200 364469
168.119.138.106 - - [17/Oct/2021:13:44:23 -0500] "GET /BLA/resoluciones/RESOLUCIONES%202019/1187.pdf HTTP/1.1" 200 285832
190.27.245.107 - - [17/Oct/2021:13:44:28 -0500] "GET /sipse/ HTTP/1.1" 302 -
190.27.74.96 - - [17/Oct/2021:13:44:28 -0500] "GET /sipse/faces/autenticacion.xhtml HTTP/1.1" 200 12503
190.27.74.96 - - [17/Oct/2021:13:44:28 -0500] "GET /sipse/faces/javax.faces.resource/layout/layout.css;jsessionid=KRfx7JVel3pUZFzNYRLskFab.undefined?ln=primefaces&v=4.0 HTTP/1.1" 200 542
190.27.74.96 - - [17/Oct/2021:13:44:28 -0500] "GET /sipse/faces/javax.faces.resource/theme.css?ln=primefaces-sipse HTTP/1.1" 304 -
190.27.74.96 - - [17/Oct/2021:13:44:28 -0500] "GET /sipse/faces/javax.faces.resource/layout/layout.js;jsessionid=KRfx7JVel3pUZFzNYRLskFab.undefined?ln=primefaces&v=4.0 HTTP/1.1" 200 87560
190.27.74.96 - - [17/Oct/2021:13:44:28 -0500] "GET /sipse/faces/javax.faces.resource/primefaces.css;jsessionid=KRfx7JVel3pUZFzNYRLskFab.undefined?ln=primefaces&v=4.0 HTTP/1.1" 200 53295
201.245.192.253 - - [17/Oct/2021:13:44:28 -0500] "GET /catalogoisis/ HTTP/1.1" 200 8575
190.27.74.96 - - [17/Oct/2021:13:44:28 -0500] "GET /sipse/faces/javax.faces.resource/jquery/jquery-plugins.js;jsessionid=KRfx7JVel3pUZFzNYRLskFab.undefined?ln=primefaces&v=4.0 HTTP/1.1" 200 220526
190.27.74.96 - - [17/Oct/2021:13:44:28 -0500] "GET /sipse/faces/javax.faces.resource/jquery/jquery.js;jsessionid=KRfx7JVel3pUZFzNYRLskFab.undefined?ln=primefaces&v=4.0 HTTP/1.1" 200 105384
190.27.74.96 - - [17/Oct/2021:13:44:28 -0500] "GET /sipse/faces/javax.faces.resource/primefaces.js;jsessionid=KRfx7JVel3pUZFzNYRLskFab.undefined?ln=primefaces&v=4.0 HTTP/1.1" 200 276924
190.27.74.96 - - [17/Oct/2021:13:44:29 -0500] "GET /sipse/faces/javax.faces.resource/images/ui-icons_898989_256x240.png?ln=primefaces-aristo HTTP/1.1" 304 -
190.27.74.96 - - [17/Oct/2021:13:44:29 -0500] "GET /sipse/faces/index.xhtml HTTP/1.1" 200 677
190.27.74.96 - - [17/Oct/2021:13:44:29 -0500] "GET /sipse/faces/javax.faces.resource/theme.css?ln=primefaces-sipse HTTP/1.1" 304 -
190.27.74.96 - - [17/Oct/2021:13:44:29 -0500] "GET /sipse/faces/faces/autenticacion.xhtml HTTP/1.1" 200 12181
190.27.74.96 - - [17/Oct/2021:13:44:29 -0500] "GET /sipse/faces/javax.faces.resource/theme.css?ln=primefaces-sipse HTTP/1.1" 304 -
190.27.74.96 - - [17/Oct/2021:13:44:29 -0500] "GET /sipse/faces/javax.faces.resource/jquery/jquery.js?ln=primefaces&v=4.0 HTTP/1.1" 304 -
190.27.74.96 - - [17/Oct/2021:13:44:29 -0500] "GET /sipse/faces/javax.faces.resource/layout/layout.css?ln=primefaces&v=4.0 HTTP/1.1" 304 -
190.27.74.96 - - [17/Oct/2021:13:44:29 -0500] "GET /sipse/faces/javax.faces.resource/primefaces.css?ln=primefaces&v=4.0 HTTP/1.1" 304 -
190.27.74.96 - - [17/Oct/2021:13:44:29 -0500] "GET /sipse/faces/javax.faces.resource/jquery/jquery-plugins.js?ln=primefaces&v=4.0 HTTP/1.1" 304 -
190.27.74.96 - - [17/Oct/2021:13:44:29 -0500] "GET /sipse/faces/javax.faces.resource/primefaces.js?ln=primefaces&v=4.0 HTTP/1.1" 304 -
190.27.74.96 - - [17/Oct/2021:13:44:29 -0500] "GET /sipse/faces/javax.faces.resource/layout/layout.js?ln=primefaces&v=4.0 HTTP/1.1" 304 -
190.27.74.96 - - [17/Oct/2021:13:44:32 -0500] "POST /sipse/faces/autenticacion.xhtml HTTP/1.1" 200 15851
190.27.74.96 - - [17/Oct/2021:13:44:32 -0500] "GET /sipse/faces/javax.faces.resource/theme.css?ln=primefaces-sipse HTTP/1.1" 304 -
190.27.74.96 - - [17/Oct/2021:13:44:32 -0500] "GET /sipse/faces/javax.faces.resource/layout/layout.css?ln=primefaces&v=4.0 HTTP/1.1" 304 -
190.27.74.96 - - [17/Oct/2021:13:44:32 -0500] "GET /sipse/faces/javax.faces.resource/primefaces.css?ln=primefaces&v=4.0 HTTP/1.1" 304 -
190.27.74.96 - - [17/Oct/2021:13:44:32 -0500] "GET /sipse/faces/javax.faces.resource/jquery/jquery.js?ln=primefaces&v=4.0 HTTP/1.1" 304 -
190.27.74.96 - - [17/Oct/2021:13:44:32 -0500] "GET /sipse/faces/javax.faces.resource/jquery/jquery-plugins.js?ln=primefaces&v=4.0 HTTP/1.1" 304 -
190.27.74.96 - - [17/Oct/2021:13:44:32 -0500] "GET /sipse/faces/javax.faces.resource/primefaces.js?ln=primefaces&v=4.0 HTTP/1.1" 304 -
190.27.74.96 - - [17/Oct/2021:13:44:32 -0500] "GET /sipse/faces/javax.faces.resource/layout/layout.js?ln=primefaces&v=4.0 HTTP/1.1" 304 -
190.27.74.96 - - [17/Oct/2021:13:44:32 -0500] "GET /sipse/css/imagen/contrasena.png HTTP/1.1" 404 383
190.27.74.96 - - [17/Oct/2021:13:44:32 -0500] "GET /sipse/faces/javax.faces.resource/messages/messages.png?ln=primefaces&v=4.0 HTTP/1.1" 304 -
181.50.102.127 - - [17/Oct/2021:13:44:44 -0500] "GET /galeria/galeria/jquery.fancybox.css?v=2.1.5 HTTP/1.1" 200 4895
181.50.102.127 - - [17/Oct/2021:13:44:44 -0500] "GET /BLA/boletinlegal/js/jquery.scrollShow.js HTTP/1.1" 200 4586
181.50.102.127 - - [17/Oct/2021:13:44:44 -0500] "GET /galeria/galeria/jquery.fancybox.js?v=2.1.5 HTTP/1.1" 200 48706
190.27.74.96 - - [17/Oct/2021:13:44:48 -0500] "GET /sipse/faces/javax.faces.resource/images/ui-bg_flat_0_2d5972_40x100.png?ln=primefaces-aristo HTTP/1.1" 304 -
190.27.74.96 - - [17/Oct/2021:13:44:48 -0500] "POST /sipse/faces/bienvenido.xhtml HTTP/1.1" 200 1471
190.27.74.96 - - [17/Oct/2021:13:44:48 -0500] "POST /sipse/faces/bienvenido.xhtml HTTP/1.1" 200 57676
190.27.74.96 - - [17/Oct/2021:13:44:49 -0500] "GET /sipse/faces/javax.faces.resource/theme.css?ln=primefaces-sipse HTTP/1.1" 304 -
190.27.74.96 - - [17/Oct/2021:13:44:49 -0500] "GET /sipse/faces/javax.faces.resource/layout/layout.css?ln=primefaces&v=4.0 HTTP/1.1" 304 -
190.27.74.96 - - [17/Oct/2021:13:44:49 -0500] "GET /sipse/faces/javax.faces.resource/primefaces.css?ln=primefaces&v=4.0 HTTP/1.1" 304 -
190.27.74.96 - - [17/Oct/2021:13:44:49 -0500] "GET /sipse/faces/javax.faces.resource/jquery/jquery.js?ln=primefaces&v=4.0 HTTP/1.1" 304 -
190.27.74.96 - - [17/Oct/2021:13:44:49 -0500] "GET /sipse/faces/javax.faces.resource/jquery/jquery-plugins.js?ln=primefaces&v=4.0 HTTP/1.1" 304 -
190.27.74.96 - - [17/Oct/2021:13:44:49 -0500] "GET /sipse/faces/javax.faces.resource/primefaces.js?ln=primefaces&v=4.0 HTTP/1.1" 304 -
190.27.74.96 - - [17/Oct/2021:13:44:49 -0500] "GET /sipse/faces/javax.faces.resource/layout/layout.js?ln=primefaces&v=4.0 HTTP/1.1" 304 -
190.27.74.96 - - [17/Oct/2021:13:44:49 -0500] "POST /sipse/faces/presentacion/financiero/solicitudProceso/listarSolicitudProceso.xhtml HTTP/1.1" 200 1448
190.27.74.96 - - [17/Oct/2021:13:44:50 -0500] "GET /sipse/faces/javax.faces.resource/images/ui-icons_898989_256x240.png?ln=primefaces-aristo HTTP/1.1" 304 -
190.27.74.96 - - [17/Oct/2021:13:44:54 -0500] "POST /sipse/faces/presentacion/financiero/solicitudProceso/listarSolicitudProceso.xhtml HTTP/1.1" 200 30976
190.27.74.96 - - [17/Oct/2021:13:44:58 -0500] "POST /sipse/faces/presentacion/financiero/solicitudProceso/listarSolicitudProceso.xhtml HTTP/1.1" 200 7900
168.119.138.106 - - [17/Oct/2021:13:44:59 -0500] "GET /BLA/resoluciones/RESOLUCIONES%202019/1151.pdf HTTP/1.1" 200 367333
190.27.74.96 - - [17/Oct/2021:13:45:00 -0500] "POST /sipse/faces/presentacion/financiero/solicitudProceso/listarSolicitudProceso.xhtml HTTP/1.1" 200 30918
186.98.236.165 - - [17/Oct/2021:13:45:05 -0500] "GET /BLA/boletinlegal/js/jquery.scrollShow.js HTTP/1.1" 200 4586
186.98.236.165 - - [17/Oct/2021:13:45:05 -0500] "GET /galeria/galeria/jquery.fancybox.js?v=2.1.5 HTTP/1.1" 200 48706
186.98.236.165 - - [17/Oct/2021:13:45:05 -0500] "GET /galeria/galeria/jquery.fancybox.css?v=2.1.5 HTTP/1.1" 200 4895
190.27.74.96 - - [17/Oct/2021:13:45:20 -0500] "POST /sipse/faces/presentacion/financiero/solicitudProceso/listarSolicitudProceso.xhtml HTTP/1.1" 200 7900
201.245.192.253 - - [17/Oct/2021:13:44:37 -0500] "POST /kwsrmcab/Wsrmcab HTTP/1.1" 200 111864
201.245.192.253 - - [17/Oct/2021:13:45:29 -0500] "GET /catalogoisis/ HTTP/1.1" 200 8575
181.59.117.67 - - [17/Oct/2021:13:45:34 -0500] "GET /galeria/galeria/jquery.fancybox.css?v=2.1.5 HTTP/1.1" 200 4895
181.59.117.67 - - [17/Oct/2021:13:45:34 -0500] "GET /galeria/galeria/jquery.fancybox.js?v=2.1.5 HTTP/1.1" 200 48706
181.59.117.67 - - [17/Oct/2021:13:45:34 -0500] "GET /BLA/boletinlegal/js/jquery.scrollShow.js HTTP/1.1" 200 4586
168.119.138.106 - - [17/Oct/2021:13:45:34 -0500] "GET /BLA/resoluciones/RESOLUCIONES%202019/2374.pdf HTTP/1.1" 200 287919
216.245.221.92 - - [17/Oct/2021:13:45:38 -0500] "HEAD / HTTP/1.1" 200 -
190.27.74.96 - - [17/Oct/2021:13:45:42 -0500] "POST /sipse/faces/presentacion/financiero/solicitudProceso/listarSolicitudProceso.xhtml HTTP/1.1" 200 30918
190.27.74.96 - - [17/Oct/2021:13:45:49 -0500] "POST /sipse/faces/presentacion/financiero/solicitudProceso/listarSolicitudProceso.xhtml HTTP/1.1" 200 121944
190.27.74.96 - - [17/Oct/2021:13:45:49 -0500] "GET /sipse/faces/javax.faces.resource/theme.css?ln=primefaces-sipse HTTP/1.1" 304 -
190.27.74.96 - - [17/Oct/2021:13:45:49 -0500] "GET /sipse/faces/javax.faces.resource/layout/layout.css?ln=primefaces&v=4.0 HTTP/1.1" 304 -
190.27.74.96 - - [17/Oct/2021:13:45:49 -0500] "GET /sipse/faces/javax.faces.resource/primefaces.css?ln=primefaces&v=4.0 HTTP/1.1" 304 -
190.27.74.96 - - [17/Oct/2021:13:45:49 -0500] "GET /sipse/faces/javax.faces.resource/jquery/jquery.js?ln=primefaces&v=4.0 HTTP/1.1" 304 -
190.27.74.96 - - [17/Oct/2021:13:45:49 -0500] "GET /sipse/faces/javax.faces.resource/jquery/jquery-plugins.js?ln=primefaces&v=4.0 HTTP/1.1" 304 -
190.27.74.96 - - [17/Oct/2021:13:45:50 -0500] "GET /sipse/faces/javax.faces.resource/primefaces.js?ln=primefaces&v=4.0 HTTP/1.1" 304 -
190.27.74.96 - - [17/Oct/2021:13:45:50 -0500] "GET /sipse/faces/javax.faces.resource/layout/layout.js?ln=primefaces&v=4.0 HTTP/1.1" 304 -
190.27.74.96 - - [17/Oct/2021:13:45:50 -0500] "POST /sipse/faces/presentacion/financiero/solicitudProceso/consultarSolicitudProceso.xhtml HTTP/1.1" 200 3824
190.27.74.96 - - [17/Oct/2021:13:45:51 -0500] "POST /sipse/faces/presentacion/financiero/solicitudProceso/consultarSolicitudProceso.xhtml HTTP/1.1" 200 3824
190.27.74.96 - - [17/Oct/2021:13:45:50 -0500] "GET /reportes_sipse/sdg/ServletReporte?reporte=experienia_idoneidad&solicitud=15363&pfdrid_c=false HTTP/1.1" 200 130991
190.27.74.96 - - [17/Oct/2021:13:45:52 -0500] "POST /sipse/faces/presentacion/financiero/solicitudProceso/consultarSolicitudProceso.xhtml HTTP/1.1" 200 58230
190.27.74.96 - - [17/Oct/2021:13:45:53 -0500] "GET /sipse/faces/javax.faces.resource/theme.css?ln=primefaces-sipse HTTP/1.1" 304 -
190.27.74.96 - - [17/Oct/2021:13:45:53 -0500] "GET /sipse/faces/javax.faces.resource/primefaces.css?ln=primefaces&v=4.0 HTTP/1.1" 304 -
190.27.74.96 - - [17/Oct/2021:13:45:53 -0500] "GET /sipse/faces/javax.faces.resource/jquery/jquery.js?ln=primefaces&v=4.0 HTTP/1.1" 304 -
190.27.74.96 - - [17/Oct/2021:13:45:53 -0500] "GET /sipse/faces/javax.faces.resource/layout/layout.css?ln=primefaces&v=4.0 HTTP/1.1" 304 -
190.27.74.96 - - [17/Oct/2021:13:45:53 -0500] "GET /sipse/faces/javax.faces.resource/jquery/jquery-plugins.js?ln=primefaces&v=4.0 HTTP/1.1" 304 -
190.27.74.96 - - [17/Oct/2021:13:45:53 -0500] "GET /sipse/faces/javax.faces.resource/primefaces.js?ln=primefaces&v=4.0 HTTP/1.1" 304 -
190.27.74.96 - - [17/Oct/2021:13:45:53 -0500] "GET /sipse/faces/javax.faces.resource/layout/layout.js?ln=primefaces&v=4.0 HTTP/1.1" 304 -
190.27.74.96 - - [17/Oct/2021:13:45:53 -0500] "POST /sipse/faces/presentacion/financiero/solicitudProceso/listarSolicitudProceso.xhtml HTTP/1.1" 200 51494
190.27.74.96 - - [17/Oct/2021:13:45:53 -0500] "POST /sipse/faces/presentacion/financiero/solicitudProceso/listarSolicitudProceso.xhtml HTTP/1.1" 200 51494
190.27.74.96 - - [17/Oct/2021:13:45:53 -0500] "POST /sipse/faces/presentacion/financiero/solicitudProceso/listarSolicitudProceso.xhtml HTTP/1.1" 200 1448
190.27.74.96 - - [17/Oct/2021:13:45:54 -0500] "POST /sipse/faces/presentacion/financiero/solicitudProceso/listarSolicitudProceso.xhtml HTTP/1.1" 200 1448
190.27.74.96 - - [17/Oct/2021:13:45:54 -0500] "POST /sipse/faces/presentacion/financiero/solicitudProceso/listarSolicitudProceso.xhtml HTTP/1.1" 200 1452
190.27.74.96 - - [17/Oct/2021:13:45:56 -0500] "POST /sipse/faces/presentacion/financiero/solicitudProceso/listarSolicitudProceso.xhtml HTTP/1.1" 200 30371
190.27.74.96 - - [17/Oct/2021:13:45:57 -0500] "POST /sipse/faces/presentacion/financiero/solicitudProceso/listarSolicitudProceso.xhtml HTTP/1.1" 200 5014
161.18.69.238 - - [17/Oct/2021:13:46:00 -0500] "GET /galeria/galeria/jquery.fancybox.css?v=2.1.5 HTTP/1.1" 200 4895
161.18.69.238 - - [17/Oct/2021:13:46:00 -0500] "GET /BLA/boletinlegal/js/jquery.scrollShow.js HTTP/1.1" 200 4586
161.18.69.238 - - [17/Oct/2021:13:46:00 -0500] "GET /galeria/galeria/jquery.fancybox.js?v=2.1.5 HTTP/1.1" 200 48706
190.27.74.96 - - [17/Oct/2021:13:45:59 -0500] "POST /sipse/faces/presentacion/financiero/solicitudProceso/listarSolicitudProceso.xhtml HTTP/1.1" 200 122464
190.27.74.96 - - [17/Oct/2021:13:46:00 -0500] "GET /sipse/faces/javax.faces.resource/theme.css?ln=primefaces-sipse HTTP/1.1" 304 -
190.27.74.96 - - [17/Oct/2021:13:46:01 -0500] "GET /sipse/faces/javax.faces.resource/primefaces.css?ln=primefaces&v=4.0 HTTP/1.1" 304 -
190.27.74.96 - - [17/Oct/2021:13:46:01 -0500] "GET /sipse/faces/javax.faces.resource/layout/layout.css?ln=primefaces&v=4.0 HTTP/1.1" 304 -
190.27.74.96 - - [17/Oct/2021:13:46:01 -0500] "GET /sipse/faces/javax.faces.resource/jquery/jquery.js?ln=primefaces&v=4.0 HTTP/1.1" 304 -
190.27.74.96 - - [17/Oct/2021:13:46:01 -0500] "GET /sipse/faces/javax.faces.resource/jquery/jquery-plugins.js?ln=primefaces&v=4.0 HTTP/1.1" 304 -
190.27.74.96 - - [17/Oct/2021:13:46:01 -0500] "GET /sipse/faces/javax.faces.resource/primefaces.js?ln=primefaces&v=4.0 HTTP/1.1" 304 -
190.27.74.96 - - [17/Oct/2021:13:46:01 -0500] "GET /sipse/faces/javax.faces.resource/layout/layout.js?ln=primefaces&v=4.0 HTTP/1.1" 304 -
190.27.74.96 - - [17/Oct/2021:13:46:01 -0500] "GET /reportes_sipse/sdg/ServletReporte?reporte=experienia_idoneidad&solicitud=15363&pfdrid_c=false HTTP/1.1" 200 130991
168.119.138.106 - - [17/Oct/2021:13:46:07 -0500] "GET /BLA/resoluciones/RESOLUCIONES%202019/0070.pdf HTTP/1.1" 200 372867
181.53.12.104 - - [17/Oct/2021:13:46:09 -0500] "-" 408 -
186.84.90.48 - - [17/Oct/2021:13:46:11 -0500] "GET /galeria/galeria/jquery.fancybox.css?v=2.1.5 HTTP/1.1" 200 4895
186.84.90.48 - - [17/Oct/2021:13:46:11 -0500] "GET /galeria/galeria/jquery.fancybox.js?v=2.1.5 HTTP/1.1" 200 48706
186.84.90.48 - - [17/Oct/2021:13:46:11 -0500] "GET /BLA/boletinlegal/js/jquery.scrollShow.js HTTP/1.1" 200 4586
190.27.74.96 - - [17/Oct/2021:13:46:15 -0500] "POST /sipse/faces/presentacion/financiero/solicitudProceso/consultarSolicitudProceso.xhtml HTTP/1.1" 200 183610
186.102.38.244 - - [17/Oct/2021:13:46:27 -0500] "GET /galeria/galeria/jquery.fancybox.css?v=2.1.5 HTTP/1.1" 200 4895
186.102.38.244 - - [17/Oct/2021:13:46:27 -0500] "GET /BLA/boletinlegal/js/jquery.scrollShow.js HTTP/1.1" 200 4586
186.102.38.244 - - [17/Oct/2021:13:46:27 -0500] "GET /galeria/galeria/jquery.fancybox.js?v=2.1.5 HTTP/1.1" 200 48706
201.245.192.253 - - [17/Oct/2021:13:46:31 -0500] "GET /catalogoisis/ HTTP/1.1" 200 8575
200.68.169.22 - - [17/Oct/2021:13:46:35 -0500] "GET /galeria/galeria/jquery.fancybox.css?v=2.1.5 HTTP/1.1" 200 4895
200.68.169.22 - - [17/Oct/2021:13:46:35 -0500] "GET /galeria/galeria/jquery.fancybox.js?v=2.1.5 HTTP/1.1" 200 48706
200.68.169.181 - - [17/Oct/2021:13:46:35 -0500] "GET /BLA/boletinlegal/js/jquery.scrollShow.js HTTP/1.1" 200 4586
168.119.138.106 - - [17/Oct/2021:13:46:39 -0500] "GET /BLA/resoluciones/RESOLUCIONES%202019/3021.pdf HTTP/1.1" 200 267130
190.24.59.173 - - [17/Oct/2021:13:46:51 -0500] "GET /galeria/galeria/jquery.fancybox.css?v=2.1.5 HTTP/1.1" 200 4895
190.24.59.173 - - [17/Oct/2021:13:46:51 -0500] "GET /BLA/boletinlegal/js/jquery.scrollShow.js HTTP/1.1" 200 4586
190.24.59.173 - - [17/Oct/2021:13:46:51 -0500] "GET /galeria/galeria/jquery.fancybox.js?v=2.1.5 HTTP/1.1" 200 48706
181.78.16.43 - - [17/Oct/2021:13:47:13 -0500] "-" 408 -
168.119.138.106 - - [17/Oct/2021:13:47:14 -0500] "GET /BLA/resoluciones/RESOLUCIONES%202019/1205.pdf HTTP/1.1" 200 351915
201.245.192.253 - - [17/Oct/2021:13:47:31 -0500] "GET /catalogoisis/ HTTP/1.1" 200 8575
190.71.64.20 - - [17/Oct/2021:13:47:36 -0500] "GET /galeria/galeria/jquery.fancybox.js?v=2.1.5 HTTP/1.1" 200 48706
190.71.64.20 - - [17/Oct/2021:13:47:36 -0500] "GET /galeria/galeria/jquery.fancybox.css?v=2.1.5 HTTP/1.1" 200 4895
168.119.138.106 - - [17/Oct/2021:13:47:47 -0500] "GET /BLA/resoluciones/RESOLUCIONES%202019/3324.pdf HTTP/1.1" 200 293973
114.119.141.42 - - [17/Oct/2021:13:48:10 -0500] "GET /BLA/resoluciones/RESOLUCIONES%202010/6943.pdf HTTP/1.1" 200 687948
168.119.138.106 - - [17/Oct/2021:13:48:18 -0500] "GET /BLA/resoluciones/RESOLUCIONES%202019/1138.pdf HTTP/1.1" 200 251202
137.184.140.112 - - [17/Oct/2021:13:48:27 -0500] "POST /_ignition/execute-solution HTTP/1.1" 406 -
137.184.140.112 - - [17/Oct/2021:13:48:27 -0500] "POST /_ignition/execute-solution HTTP/1.1" 406 -
137.184.140.112 - - [17/Oct/2021:13:48:28 -0500] "POST /_ignition/execute-solution HTTP/1.1" 406 -
137.184.140.112 - - [17/Oct/2021:13:48:28 -0500] "POST /_ignition/execute-solution HTTP/1.1" 406 -
137.184.140.112 - - [17/Oct/2021:13:48:28 -0500] "POST /_ignition/execute-solution HTTP/1.1" 406 -
137.184.140.112 - - [17/Oct/2021:13:48:28 -0500] "POST /_ignition/execute-solution HTTP/1.1" 406 -
201.245.192.253 - - [17/Oct/2021:13:48:32 -0500] "GET /catalogoisis/ HTTP/1.1" 200 8575
66.249.66.139 - - [17/Oct/2021:13:48:47 -0500] "-" 408 -
168.119.138.106 - - [17/Oct/2021:13:48:51 -0500] "GET /BLA/resoluciones/RESOLUCIONES%202019/3905.pdf HTTP/1.1" 200 340663
137.184.140.112 - - [17/Oct/2021:13:49:16 -0500] "POST /_ignition/execute-solution HTTP/1.1" 406 -
137.184.140.112 - - [17/Oct/2021:13:49:16 -0500] "POST /_ignition/execute-solution HTTP/1.1" 406 -
137.184.140.112 - - [17/Oct/2021:13:49:16 -0500] "POST /_ignition/execute-solution HTTP/1.1" 406 -
137.184.140.112 - - [17/Oct/2021:13:49:16 -0500] "POST /_ignition/execute-solution HTTP/1.1" 406 -
137.184.140.112 - - [17/Oct/2021:13:49:16 -0500] "POST /_ignition/execute-solution HTTP/1.1" 406 -
137.184.140.112 - - [17/Oct/2021:13:49:16 -0500] "POST /_ignition/execute-solution HTTP/1.1" 406 -
168.119.138.106 - - [17/Oct/2021:13:49:20 -0500] "GET /BLA/resoluciones/RESOLUCIONES%202019/2990.pdf HTTP/1.1" 200 449774
201.245.192.253 - - [17/Oct/2021:13:49:33 -0500] "GET /catalogoisis/ HTTP/1.1" 200 8575
114.119.141.52 - - [17/Oct/2021:13:49:47 -0500] "GET /BLA/resoluciones/RESOLUCIONES%202010/1291.pdf HTTP/1.1" 200 117192
168.119.138.106 - - [17/Oct/2021:13:49:51 -0500] "GET /BLA/resoluciones/RESOLUCIONES%202019/0332.pdf HTTP/1.1" 200 481499
168.119.138.106 - - [17/Oct/2021:13:50:21 -0500] "GET /BLA/resoluciones/RESOLUCIONES%202019/1828.pdf HTTP/1.1" 200 288857
201.245.192.253 - - [17/Oct/2021:13:50:33 -0500] "GET /catalogoisis/ HTTP/1.1" 200 8575
216.245.221.92 - - [17/Oct/2021:13:50:38 -0500] "HEAD / HTTP/1.1" 200 -
168.119.138.106 - - [17/Oct/2021:13:50:50 -0500] "GET /BLA/resoluciones/RESOLUCIONES%202019/3310.pdf HTTP/1.1" 200 295548
191.156.129.98 - - [17/Oct/2021:13:51:00 -0500] "GET /galeria/galeria/jquery.fancybox.css?v=2.1.5 HTTP/1.1" 200 4895
191.156.129.98 - - [17/Oct/2021:13:51:00 -0500] "GET /BLA/boletinlegal/js/jquery.scrollShow.js HTTP/1.1" 200 4586
191.156.129.98 - - [17/Oct/2021:13:51:00 -0500] "GET /galeria/galeria/jquery.fancybox.js?v=2.1.5 HTTP/1.1" 200 48706
168.119.138.106 - - [17/Oct/2021:13:51:15 -0500] "GET /BLA/resoluciones/RESOLUCIONES%202019/3597.pdf HTTP/1.1" 200 295388
190.27.74.96 - - [17/Oct/2021:13:51:20 -0500] "POST /sipse/faces/presentacion/financiero/solicitudProceso/consultarSolicitudProceso.xhtml HTTP/1.1" 200 5445
190.27.74.96 - - [17/Oct/2021:13:51:21 -0500] "GET /sipse/faces/javax.faces.resource/dynamiccontent.properties?ln=primefaces&pfdrid=XjOR5%2F%2FfPAZAuY9TpWQeCiM0BhlXxYRBGKi%2FQcXXfeA%3D&pfdrid_c=false HTTP/1.1" 200 126690
201.245.192.253 - - [17/Oct/2021:13:51:34 -0500] "GET /catalogoisis/ HTTP/1.1" 200 8575
190.67.211.96 - - [17/Oct/2021:13:51:37 -0500] "GET /BLA/boletinlegal/js/jquery.scrollShow.js HTTP/1.1" 200 4586
190.67.211.96 - - [17/Oct/2021:13:51:37 -0500] "GET /galeria/galeria/jquery.fancybox.css?v=2.1.5 HTTP/1.1" 200 4895
190.67.211.96 - - [17/Oct/2021:13:51:37 -0500] "GET /galeria/galeria/jquery.fancybox.js?v=2.1.5 HTTP/1.1" 200 48706
168.119.138.106 - - [17/Oct/2021:13:51:39 -0500] "GET /BLA/resoluciones/RESOLUCIONES%202019/0840.pdf HTTP/1.1" 200 495891
186.28.66.83 - - [17/Oct/2021:13:51:45 -0500] "GET /sipse/faces/faces/autenticacion.xhtml HTTP/1.1" 200 12503
186.28.66.83 - - [17/Oct/2021:13:51:46 -0500] "GET /sipse/faces/javax.faces.resource/layout/layout.css;jsessionid=kdiAMDU+LHcvvOUy0qEvz2zc.undefined?ln=primefaces&v=4.0 HTTP/1.1" 200 542
186.28.66.83 - - [17/Oct/2021:13:51:46 -0500] "GET /sipse/faces/javax.faces.resource/primefaces.css;jsessionid=kdiAMDU+LHcvvOUy0qEvz2zc.undefined?ln=primefaces&v=4.0 HTTP/1.1" 200 53295
186.28.66.83 - - [17/Oct/2021:13:51:46 -0500] "GET /sipse/faces/javax.faces.resource/theme.css?ln=primefaces-sipse HTTP/1.1" 304 -
186.28.66.83 - - [17/Oct/2021:13:51:46 -0500] "GET /sipse/faces/javax.faces.resource/jquery/jquery.js;jsessionid=kdiAMDU+LHcvvOUy0qEvz2zc.undefined?ln=primefaces&v=4.0 HTTP/1.1" 200 105384
186.28.66.83 - - [17/Oct/2021:13:51:46 -0500] "GET /sipse/faces/javax.faces.resource/layout/layout.js;jsessionid=kdiAMDU+LHcvvOUy0qEvz2zc.undefined?ln=primefaces&v=4.0 HTTP/1.1" 200 87560
186.28.66.83 - - [17/Oct/2021:13:51:46 -0500] "GET /sipse/faces/javax.faces.resource/jquery/jquery-plugins.js;jsessionid=kdiAMDU+LHcvvOUy0qEvz2zc.undefined?ln=primefaces&v=4.0 HTTP/1.1" 200 220526
186.28.66.83 - - [17/Oct/2021:13:51:46 -0500] "GET /sipse/faces/javax.faces.resource/primefaces.js;jsessionid=kdiAMDU+LHcvvOUy0qEvz2zc.undefined?ln=primefaces&v=4.0 HTTP/1.1" 200 276924
186.28.66.83 - - [17/Oct/2021:13:51:47 -0500] "GET /sipse/faces/javax.faces.resource/images/ui-icons_898989_256x240.png?ln=primefaces-aristo HTTP/1.1" 304 -
186.28.66.83 - - [17/Oct/2021:13:51:47 -0500] "GET /sipse/faces/faces/index.xhtml HTTP/1.1" 200 677
186.28.66.83 - - [17/Oct/2021:13:51:47 -0500] "GET /sipse/faces/javax.faces.resource/theme.css?ln=primefaces-sipse HTTP/1.1" 304 -
186.28.66.83 - - [17/Oct/2021:13:51:48 -0500] "GET /sipse/faces/faces/faces/autenticacion.xhtml HTTP/1.1" 200 12181
186.28.66.83 - - [17/Oct/2021:13:51:48 -0500] "GET /sipse/faces/javax.faces.resource/theme.css?ln=primefaces-sipse HTTP/1.1" 304 -
186.28.66.83 - - [17/Oct/2021:13:51:48 -0500] "GET /sipse/faces/javax.faces.resource/primefaces.css?ln=primefaces&v=4.0 HTTP/1.1" 304 -
186.28.66.83 - - [17/Oct/2021:13:51:48 -0500] "GET /sipse/faces/javax.faces.resource/jquery/jquery.js?ln=primefaces&v=4.0 HTTP/1.1" 304 -
186.28.66.83 - - [17/Oct/2021:13:51:48 -0500] "GET /sipse/faces/javax.faces.resource/jquery/jquery-plugins.js?ln=primefaces&v=4.0 HTTP/1.1" 304 -
186.28.66.83 - - [17/Oct/2021:13:51:48 -0500] "GET /sipse/faces/javax.faces.resource/layout/layout.css?ln=primefaces&v=4.0 HTTP/1.1" 304 -
186.28.66.83 - - [17/Oct/2021:13:51:48 -0500] "GET /sipse/faces/javax.faces.resource/primefaces.js?ln=primefaces&v=4.0 HTTP/1.1" 304 -
186.28.66.83 - - [17/Oct/2021:13:51:48 -0500] "GET /sipse/faces/javax.faces.resource/layout/layout.js?ln=primefaces&v=4.0 HTTP/1.1" 304 -
168.119.138.106 - - [17/Oct/2021:13:51:57 -0500] "GET /BLA/resoluciones/RESOLUCIONES%202019/2974.pdf HTTP/1.1" 200 316478
114.119.141.53 - - [17/Oct/2021:13:52:05 -0500] "GET /BLA/resoluciones/AUTOS%202014/5370.pdf HTTP/1.1" 200 521689
168.119.138.106 - - [17/Oct/2021:13:52:10 -0500] "GET /BLA/resoluciones/RESOLUCIONES%202019/1997.pdf HTTP/1.1" 200 986310
186.28.66.83 - - [17/Oct/2021:13:52:19 -0500] "POST /sipse/faces/autenticacion.xhtml HTTP/1.1" 200 15853
186.28.66.83 - - [17/Oct/2021:13:52:19 -0500] "GET /sipse/faces/javax.faces.resource/theme.css?ln=primefaces-sipse HTTP/1.1" 304 -
186.28.66.83 - - [17/Oct/2021:13:52:19 -0500] "GET /sipse/faces/javax.faces.resource/primefaces.css?ln=primefaces&v=4.0 HTTP/1.1" 304 -
186.28.66.83 - - [17/Oct/2021:13:52:19 -0500] "GET /sipse/faces/javax.faces.resource/layout/layout.css?ln=primefaces&v=4.0 HTTP/1.1" 304 -
186.28.66.83 - - [17/Oct/2021:13:52:19 -0500] "GET /sipse/faces/javax.faces.resource/jquery/jquery.js?ln=primefaces&v=4.0 HTTP/1.1" 304 -
186.28.66.83 - - [17/Oct/2021:13:52:19 -0500] "GET /sipse/faces/javax.faces.resource/jquery/jquery-plugins.js?ln=primefaces&v=4.0 HTTP/1.1" 304 -
186.28.66.83 - - [17/Oct/2021:13:52:20 -0500] "GET /sipse/faces/javax.faces.resource/primefaces.js?ln=primefaces&v=4.0 HTTP/1.1" 304 -
186.28.66.83 - - [17/Oct/2021:13:52:20 -0500] "GET /sipse/faces/javax.faces.resource/layout/layout.js?ln=primefaces&v=4.0 HTTP/1.1" 304 -
186.28.66.83 - - [17/Oct/2021:13:52:20 -0500] "GET /sipse/css/imagen/contrasena.png HTTP/1.1" 404 383
186.28.66.83 - - [17/Oct/2021:13:52:20 -0500] "GET /sipse/faces/javax.faces.resource/messages/messages.png?ln=primefaces&v=4.0 HTTP/1.1" 304 -
168.119.138.106 - - [17/Oct/2021:13:52:21 -0500] "GET /BLA/resoluciones/RESOLUCIONES%202019/3483.pdf HTTP/1.1" 200 252799
186.28.66.83 - - [17/Oct/2021:13:52:24 -0500] "GET /sipse/faces/javax.faces.resource/images/ui-bg_flat_0_2d5972_40x100.png?ln=primefaces-aristo HTTP/1.1" 304 -
186.28.66.83 - - [17/Oct/2021:13:52:24 -0500] "POST /sipse/faces/bienvenido.xhtml HTTP/1.1" 200 1471
186.28.66.83 - - [17/Oct/2021:13:52:26 -0500] "POST /sipse/faces/bienvenido.xhtml HTTP/1.1" 200 58505
186.28.66.83 - - [17/Oct/2021:13:52:26 -0500] "GET /sipse/faces/javax.faces.resource/theme.css?ln=primefaces-sipse HTTP/1.1" 304 -
186.28.66.83 - - [17/Oct/2021:13:52:26 -0500] "GET /sipse/faces/javax.faces.resource/primefaces.css?ln=primefaces&v=4.0 HTTP/1.1" 304 -
186.28.66.83 - - [17/Oct/2021:13:52:26 -0500] "GET /sipse/faces/javax.faces.resource/layout/layout.css?ln=primefaces&v=4.0 HTTP/1.1" 304 -
186.28.66.83 - - [17/Oct/2021:13:52:26 -0500] "GET /sipse/faces/javax.faces.resource/jquery/jquery.js?ln=primefaces&v=4.0 HTTP/1.1" 304 -
186.28.66.83 - - [17/Oct/2021:13:52:27 -0500] "GET /sipse/faces/javax.faces.resource/jquery/jquery-plugins.js?ln=primefaces&v=4.0 HTTP/1.1" 304 -
186.28.66.83 - - [17/Oct/2021:13:52:27 -0500] "GET /sipse/faces/javax.faces.resource/primefaces.js?ln=primefaces&v=4.0 HTTP/1.1" 304 -
186.28.66.83 - - [17/Oct/2021:13:52:27 -0500] "GET /sipse/faces/javax.faces.resource/layout/layout.js?ln=primefaces&v=4.0 HTTP/1.1" 304 -
186.28.66.83 - - [17/Oct/2021:13:52:27 -0500] "POST /sipse/faces/presentacion/financiero/solicitudProceso/listarSolicitudProceso.xhtml HTTP/1.1" 200 1448
168.119.138.106 - - [17/Oct/2021:13:52:33 -0500] "GET /BLA/resoluciones/RESOLUCIONES%202019/0487.pdf HTTP/1.1" 200 280626
186.28.66.83 - - [17/Oct/2021:13:52:33 -0500] "POST /sipse/faces/presentacion/financiero/solicitudProceso/listarSolicitudProceso.xhtml HTTP/1.1" 200 27333
201.245.192.253 - - [17/Oct/2021:13:52:34 -0500] "GET /catalogoisis/ HTTP/1.1" 200 8575
186.28.66.83 - - [17/Oct/2021:13:52:37 -0500] "GET /sipse/faces/javax.faces.resource/images/ui-icons_898989_256x240.png?ln=primefaces-aristo HTTP/1.1" 304 -
186.28.66.83 - - [17/Oct/2021:13:52:37 -0500] "POST /sipse/faces/presentacion/financiero/solicitudProceso/listarSolicitudProceso.xhtml HTTP/1.1" 200 138822
186.28.66.83 - - [17/Oct/2021:13:52:38 -0500] "GET /sipse/faces/javax.faces.resource/primefaces.css?ln=primefaces&v=4.0 HTTP/1.1" 304 -
186.28.66.83 - - [17/Oct/2021:13:52:38 -0500] "GET /sipse/faces/javax.faces.resource/theme.css?ln=primefaces-sipse HTTP/1.1" 304 -
186.28.66.83 - - [17/Oct/2021:13:52:38 -0500] "GET /sipse/faces/javax.faces.resource/layout/layout.css?ln=primefaces&v=4.0 HTTP/1.1" 304 -
186.28.66.83 - - [17/Oct/2021:13:52:38 -0500] "GET /sipse/faces/javax.faces.resource/jquery/jquery.js?ln=primefaces&v=4.0 HTTP/1.1" 304 -
186.28.66.83 - - [17/Oct/2021:13:52:38 -0500] "GET /sipse/faces/javax.faces.resource/jquery/jquery-plugins.js?ln=primefaces&v=4.0 HTTP/1.1" 304 -
186.28.66.83 - - [17/Oct/2021:13:52:38 -0500] "GET /sipse/faces/javax.faces.resource/primefaces.js?ln=primefaces&v=4.0 HTTP/1.1" 304 -
186.28.66.83 - - [17/Oct/2021:13:52:39 -0500] "GET /sipse/faces/javax.faces.resource/layout/layout.js?ln=primefaces&v=4.0 HTTP/1.1" 304 -
191.156.0.19 - - [17/Oct/2021:13:52:39 -0500] "-" 408 -
186.28.66.83 - - [17/Oct/2021:13:52:39 -0500] "GET /sipse/faces/javax.faces.resource/dynamiccontent.properties?ln=primefaces&pfdrid=XjOR5%2F%2FfPAZAuY9TpWQeCiM0BhlXxYRBGKi%2FQcXXfeA%3D&pfdrid_c=false HTTP/1.1" 500 383
168.119.138.106 - - [17/Oct/2021:13:52:42 -0500] "GET /BLA/resoluciones/RESOLUCIONES%202019/1826.pdf HTTP/1.1" 200 841586
186.28.66.83 - - [17/Oct/2021:13:52:46 -0500] "POST /sipse/faces/presentacion/financiero/solicitudProceso/consultarSolicitudProceso.xhtml HTTP/1.1" 200 1973099
186.87.120.66 - - [17/Oct/2021:13:52:48 -0500] "GET /BLA/boletinlegal/js/jquery.scrollShow.js HTTP/1.1" 200 4586
186.87.120.66 - - [17/Oct/2021:13:52:48 -0500] "GET /galeria/galeria/jquery.fancybox.css?v=2.1.5 HTTP/1.1" 200 4895
186.87.120.66 - - [17/Oct/2021:13:52:48 -0500] "GET /galeria/galeria/jquery.fancybox.js?v=2.1.5 HTTP/1.1" 200 48706
23.100.232.233 - - [17/Oct/2021:13:52:50 -0500] "GET /galeria/galeria/jquery.fancybox.css?v=2.1.5 HTTP/1.1" 200 4895
23.100.232.233 - - [17/Oct/2021:13:52:50 -0500] "GET /galeria/galeria/jquery.fancybox.js?v=2.1.5 HTTP/1.1" 200 48706
168.119.138.106 - - [17/Oct/2021:13:52:51 -0500] "GET /BLA/resoluciones/RESOLUCIONES%202019/3409.pdf HTTP/1.1" 200 295115
168.119.138.106 - - [17/Oct/2021:13:52:58 -0500] "GET /BLA/resoluciones/RESOLUCIONES%202019/1581.pdf HTTP/1.1" 200 271132
161.18.116.246 - - [17/Oct/2021:13:53:01 -0500] "POST /sipse/faces/presentacion/financiero/solicitudProceso/consultarSolicitudProceso.xhtml HTTP/1.1" 200 100114
161.18.116.246 - - [17/Oct/2021:13:53:06 -0500] "POST /sipse/faces/presentacion/financiero/solicitudProceso/consultarSolicitudProceso.xhtml HTTP/1.1" 200 284731
168.119.138.106 - - [17/Oct/2021:13:53:07 -0500] "GET /BLA/resoluciones/RESOLUCIONES%202019/3177.pdf HTTP/1.1" 200 641417
168.119.138.106 - - [17/Oct/2021:13:53:16 -0500] "GET /BLA/resoluciones/RESOLUCIONES%202019/3703.pdf HTTP/1.1" 200 4855722
161.18.116.246 - - [17/Oct/2021:13:53:19 -0500] "POST /sipse/faces/presentacion/financiero/solicitudProceso/consultarSolicitudProceso.xhtml HTTP/1.1" 200 153581
168.119.138.106 - - [17/Oct/2021:13:53:22 -0500] "GET /BLA/resoluciones/RESOLUCIONES%202019/3064.pdf HTTP/1.1" 200 263401
168.119.138.106 - - [17/Oct/2021:13:53:30 -0500] "GET /BLA/resoluciones/RESOLUCIONES%202019/2860.pdf HTTP/1.1" 200 297732
201.245.192.253 - - [17/Oct/2021:13:53:35 -0500] "GET /catalogoisis/ HTTP/1.1" 200 8575
161.18.116.246 - - [17/Oct/2021:13:53:34 -0500] "POST /sipse/faces/presentacion/financiero/solicitudProceso/consultarSolicitudProceso.xhtml HTTP/1.1" 200 2553811
168.119.138.106 - - [17/Oct/2021:13:53:38 -0500] "GET /BLA/resoluciones/RESOLUCIONES%202019/3640.pdf HTTP/1.1" 200 450788
161.18.116.246 - - [17/Oct/2021:13:53:39 -0500] "POST /sipse/faces/presentacion/financiero/solicitudProceso/consultarSolicitudProceso.xhtml HTTP/1.1" 200 1523667
161.18.116.246 - - [17/Oct/2021:13:53:43 -0500] "POST /sipse/faces/presentacion/financiero/solicitudProceso/consultarSolicitudProceso.xhtml HTTP/1.1" 200 2553811
161.18.116.246 - - [17/Oct/2021:13:53:47 -0500] "POST /sipse/faces/presentacion/financiero/solicitudProceso/consultarSolicitudProceso.xhtml HTTP/1.1" 200 53307
190.27.74.96 - - [17/Oct/2021:13:53:58 -0500] "POST /sipse/faces/presentacion/financiero/solicitudProceso/consultarSolicitudProceso.xhtml HTTP/1.1" 200 153971
186.169.137.97 - - [17/Oct/2021:13:54:02 -0500] "GET /galeria/galeria/jquery.fancybox.css?v=2.1.5 HTTP/1.1" 200 4895
186.169.137.97 - - [17/Oct/2021:13:54:02 -0500] "GET /BLA/boletinlegal/js/jquery.scrollShow.js HTTP/1.1" 200 4586
186.169.137.97 - - [17/Oct/2021:13:54:02 -0500] "GET /galeria/galeria/jquery.fancybox.js?v=2.1.5 HTTP/1.1" 200 48706
186.28.66.83 - - [17/Oct/2021:13:54:04 -0500] "POST /sipse/faces/presentacion/financiero/solicitudProceso/consultarSolicitudProceso.xhtml HTTP/1.1" 200 103594
114.119.141.42 - - [17/Oct/2021:13:54:17 -0500] "GET /BLA/resoluciones/RESOLUCIONES%202010/0783.pdf HTTP/1.1" 200 107072
201.245.192.253 - - [17/Oct/2021:13:54:35 -0500] "GET /catalogoisis/ HTTP/1.1" 200 8575
191.89.33.146 - - [17/Oct/2021:13:54:59 -0500] "GET /galeria/galeria/jquery.fancybox.css?v=2.1.5 HTTP/1.1" 200 4895
191.89.33.146 - - [17/Oct/2021:13:55:02 -0500] "GET /BLA/boletinlegal/js/jquery.scrollShow.js HTTP/1.1" 200 4586
191.89.33.146 - - [17/Oct/2021:13:55:02 -0500] "GET /galeria/galeria/jquery.fancybox.js?v=2.1.5 HTTP/1.1" 200 48706
186.154.34.102 - - [17/Oct/2021:13:55:05 -0500] "GET /galeria/galeria/jquery.fancybox.css?v=2.1.5 HTTP/1.1" 200 4895
186.154.34.102 - - [17/Oct/2021:13:55:05 -0500] "GET /BLA/boletinlegal/js/jquery.scrollShow.js HTTP/1.1" 200 4586
186.154.34.102 - - [17/Oct/2021:13:55:05 -0500] "GET /galeria/galeria/jquery.fancybox.js?v=2.1.5 HTTP/1.1" 200 48706
66.249.66.139 - - [17/Oct/2021:13:55:12 -0500] "-" 408 -
201.245.192.253 - - [17/Oct/2021:13:54:38 -0500] "POST /kwsrmcab/Wsrmcab HTTP/1.1" 200 111864
201.245.192.253 - - [17/Oct/2021:13:55:36 -0500] "GET /catalogoisis/ HTTP/1.1" 200 8575
216.245.221.92 - - [17/Oct/2021:13:55:38 -0500] "HEAD / HTTP/1.1" 200 -
74.125.213.15 - - [17/Oct/2021:13:55:47 -0500] "GET /galeria/galeria/jquery.fancybox.js?v=2.1.5 HTTP/1.1" 200 48706
74.125.213.15 - - [17/Oct/2021:13:55:47 -0500] "GET /galeria/galeria/jquery.fancybox.css?v=2.1.5 HTTP/1.1" 200 4895
74.125.213.15 - - [17/Oct/2021:13:55:47 -0500] "GET /BLA/boletinlegal/js/jquery.scrollShow.js HTTP/1.1" 200 4586
168.119.138.106 - - [17/Oct/2021:13:56:15 -0500] "GET /BLA/resoluciones/RESOLUCIONES%202019/2463.pdf HTTP/1.1" 200 397580
161.18.116.246 - - [17/Oct/2021:13:56:20 -0500] "GET /sipse/faces/javax.faces.resource/images/ui-bg_flat_0_2d5972_40x100.png?ln=primefaces-aristo HTTP/1.1" 304 -
161.18.116.246 - - [17/Oct/2021:13:56:20 -0500] "POST /sipse/faces/presentacion/financiero/solicitudProceso/consultarSolicitudProceso.xhtml HTTP/1.1" 200 5517
161.18.116.246 - - [17/Oct/2021:13:56:20 -0500] "GET /sipse/faces/javax.faces.resource/dynamiccontent.properties?ln=primefaces&pfdrid=XjOR5%2F%2FfPAZAuY9TpWQeCiM0BhlXxYRBGKi%2FQcXXfeA%3D&pfdrid_c=false HTTP/1.1" 200 126411
45.146.164.110 - - [17/Oct/2021:13:56:23 -0500] "POST /api/jsonws/invoke HTTP/1.1" 404 1018
45.146.164.110 - - [17/Oct/2021:13:56:23 -0500] "GET /wp-content/plugins/wp-file-manager/readme.txt HTTP/1.1" 404 1018
45.146.164.110 - - [17/Oct/2021:13:56:23 -0500] "GET /console/ HTTP/1.1" 404 1018
45.146.164.110 - - [17/Oct/2021:13:56:23 -0500] "GET /solr/admin/info/system?wt=json HTTP/1.1" 404 1018
45.146.164.110 - - [17/Oct/2021:13:56:24 -0500] "GET /vendor/phpunit/phpunit/src/Util/PHP/eval-stdin.php HTTP/1.1" 404 1018
45.146.164.110 - - [17/Oct/2021:13:56:24 -0500] "GET /index.php?s=/Index/\\think\\app/invokefunction&function=call_user_func_array&vars[0]=md5&vars[1][]=HelloThinkPHP21 HTTP/1.1" 404 1018
45.146.164.110 - - [17/Oct/2021:13:56:24 -0500] "GET / HTTP/1.1" 200 319
45.146.164.110 - - [17/Oct/2021:13:56:25 -0500] "POST /Autodiscover/Autodiscover.xml HTTP/1.1" 404 1018
