190.157.162.202 - - [22/Oct/2021:07:26:42 -0500] "GET /sipse/faces/javax.faces.resource/jquery/jquery.js?ln=primefaces&v=4.0 HTTP/1.1" 304 -
190.157.162.202 - - [22/Oct/2021:07:26:42 -0500] "GET /sipse/faces/javax.faces.resource/theme.css?ln=primefaces-sipse HTTP/1.1" 304 -
190.157.162.202 - - [22/Oct/2021:07:26:42 -0500] "GET /sipse/faces/javax.faces.resource/primefaces.css?ln=primefaces&v=4.0 HTTP/1.1" 304 -
190.157.162.202 - - [22/Oct/2021:07:26:42 -0500] "GET /sipse/faces/javax.faces.resource/layout/layout.css?ln=primefaces&v=4.0 HTTP/1.1" 304 -
190.157.162.202 - - [22/Oct/2021:07:26:42 -0500] "GET /sipse/faces/javax.faces.resource/layout/layout.js?ln=primefaces&v=4.0 HTTP/1.1" 304 -
190.157.162.202 - - [22/Oct/2021:07:26:42 -0500] "GET /sipse/faces/javax.faces.resource/primefaces.js?ln=primefaces&v=4.0 HTTP/1.1" 304 -
190.157.162.202 - - [22/Oct/2021:07:26:39 -0500] "POST /sipse/faces/presentacion/sistema/anexos/cargarAnexoSolicitudProceso.xhtml HTTP/1.1" 200 186447
188.40.75.223 - - [22/Oct/2021:07:26:44 -0500] "GET /BLA/resoluciones/AUTOS%202007/1646.pdf HTTP/1.1" 200 216973
190.157.162.202 - - [22/Oct/2021:07:26:44 -0500] "POST /sipse/faces/presentacion/financiero/solicitudProceso/consultarSolicitudProceso.xhtml HTTP/1.1" 200 23139
190.157.162.202 - - [22/Oct/2021:07:26:45 -0500] "GET /sipse/faces/javax.faces.resource/layout/layout.css?ln=primefaces&v=4.0 HTTP/1.1" 304 -
190.157.162.202 - - [22/Oct/2021:07:26:45 -0500] "GET /sipse/faces/javax.faces.resource/primefaces.css?ln=primefaces&v=4.0 HTTP/1.1" 304 -
190.157.162.202 - - [22/Oct/2021:07:26:45 -0500] "GET /sipse/faces/javax.faces.resource/jquery/jquery-plugins.js?ln=primefaces&v=4.0 HTTP/1.1" 304 -
190.157.162.202 - - [22/Oct/2021:07:26:45 -0500] "GET /sipse/faces/javax.faces.resource/theme.css?ln=primefaces-sipse HTTP/1.1" 304 -
190.157.162.202 - - [22/Oct/2021:07:26:45 -0500] "GET /sipse/faces/javax.faces.resource/jquery/jquery.js?ln=primefaces&v=4.0 HTTP/1.1" 304 -
190.157.162.202 - - [22/Oct/2021:07:26:45 -0500] "GET /sipse/faces/javax.faces.resource/fileupload/fileupload.css?ln=primefaces&v=4.0 HTTP/1.1" 304 -
190.157.162.202 - - [22/Oct/2021:07:26:45 -0500] "GET /sipse/faces/javax.faces.resource/primefaces.js?ln=primefaces&v=4.0 HTTP/1.1" 304 -
190.157.162.202 - - [22/Oct/2021:07:26:45 -0500] "GET /sipse/faces/javax.faces.resource/layout/layout.js?ln=primefaces&v=4.0 HTTP/1.1" 304 -
190.157.162.202 - - [22/Oct/2021:07:26:45 -0500] "GET /sipse/faces/javax.faces.resource/fileupload/fileupload.js?ln=primefaces&v=4.0 HTTP/1.1" 304 -
186.148.168.245 - - [22/Oct/2021:07:26:11 -0500] "GET /reportes_sipse/sdg/ServletReporte?reporte=experienia_idoneidad&solicitud=15448&pfdrid_c=false HTTP/1.1" 200 95223
190.157.162.202 - - [22/Oct/2021:07:26:47 -0500] "POST /sipse/faces/presentacion/sistema/anexos/cargarAnexoSolicitudProceso.xhtml HTTP/1.1" 200 23431
190.157.162.202 - - [22/Oct/2021:07:26:47 -0500] "GET /sipse/faces/javax.faces.resource/primefaces.css?ln=primefaces&v=4.0 HTTP/1.1" 304 -
190.157.162.202 - - [22/Oct/2021:07:26:47 -0500] "GET /sipse/faces/javax.faces.resource/theme.css?ln=primefaces-sipse HTTP/1.1" 304 -
190.157.162.202 - - [22/Oct/2021:07:26:47 -0500] "GET /sipse/faces/javax.faces.resource/layout/layout.css?ln=primefaces&v=4.0 HTTP/1.1" 304 -
190.157.162.202 - - [22/Oct/2021:07:26:47 -0500] "GET /sipse/faces/javax.faces.resource/jquery/jquery.js?ln=primefaces&v=4.0 HTTP/1.1" 304 -
190.157.162.202 - - [22/Oct/2021:07:26:47 -0500] "GET /sipse/faces/javax.faces.resource/fileupload/fileupload.css?ln=primefaces&v=4.0 HTTP/1.1" 304 -
190.157.162.202 - - [22/Oct/2021:07:26:47 -0500] "GET /sipse/faces/javax.faces.resource/jquery/jquery-plugins.js?ln=primefaces&v=4.0 HTTP/1.1" 304 -
190.157.162.202 - - [22/Oct/2021:07:26:47 -0500] "GET /sipse/faces/javax.faces.resource/primefaces.js?ln=primefaces&v=4.0 HTTP/1.1" 304 -
190.157.162.202 - - [22/Oct/2021:07:26:47 -0500] "GET /sipse/faces/javax.faces.resource/fileupload/fileupload.js?ln=primefaces&v=4.0 HTTP/1.1" 304 -
190.157.162.202 - - [22/Oct/2021:07:26:47 -0500] "GET /sipse/faces/javax.faces.resource/layout/layout.js?ln=primefaces&v=4.0 HTTP/1.1" 304 -
190.157.162.202 - - [22/Oct/2021:07:26:47 -0500] "GET /sipse/faces/javax.faces.resource/messages/messages.png?ln=primefaces&v=4.0 HTTP/1.1" 304 -
190.157.162.202 - - [22/Oct/2021:07:26:56 -0500] "GET /sipse/faces/javax.faces.resource/layout/layout.css?ln=primefaces&v=4.0 HTTP/1.1" 304 -
190.157.162.202 - - [22/Oct/2021:07:26:56 -0500] "GET /sipse/faces/javax.faces.resource/jquery/jquery.js?ln=primefaces&v=4.0 HTTP/1.1" 304 -
190.157.162.202 - - [22/Oct/2021:07:26:56 -0500] "GET /sipse/faces/javax.faces.resource/jquery/jquery-plugins.js?ln=primefaces&v=4.0 HTTP/1.1" 304 -
190.157.162.202 - - [22/Oct/2021:07:26:56 -0500] "GET /sipse/faces/javax.faces.resource/primefaces.css?ln=primefaces&v=4.0 HTTP/1.1" 304 -
190.157.162.202 - - [22/Oct/2021:07:26:56 -0500] "GET /sipse/faces/javax.faces.resource/theme.css?ln=primefaces-sipse HTTP/1.1" 304 -
190.157.162.202 - - [22/Oct/2021:07:26:56 -0500] "GET /sipse/faces/javax.faces.resource/primefaces.js?ln=primefaces&v=4.0 HTTP/1.1" 304 -
190.157.162.202 - - [22/Oct/2021:07:26:56 -0500] "GET /sipse/faces/javax.faces.resource/layout/layout.js?ln=primefaces&v=4.0 HTTP/1.1" 304 -
190.157.162.202 - - [22/Oct/2021:07:26:53 -0500] "POST /sipse/faces/presentacion/sistema/anexos/cargarAnexoSolicitudProceso.xhtml HTTP/1.1" 200 188255
201.245.192.253 - - [22/Oct/2021:07:27:01 -0500] "GET /catalogoisis/ HTTP/1.1" 200 8575
186.148.168.245 - - [22/Oct/2021:07:27:09 -0500] "GET /sipse/faces/javax.faces.resource/theme.css?ln=primefaces-sipse HTTP/1.1" 304 -
186.148.168.245 - - [22/Oct/2021:07:27:10 -0500] "GET /sipse/faces/javax.faces.resource/primefaces.css?ln=primefaces&v=4.0 HTTP/1.1" 304 -
186.148.168.245 - - [22/Oct/2021:07:27:10 -0500] "GET /sipse/faces/javax.faces.resource/layout/layout.css?ln=primefaces&v=4.0 HTTP/1.1" 304 -
186.148.168.245 - - [22/Oct/2021:07:27:10 -0500] "GET /sipse/faces/javax.faces.resource/jquery/jquery.js?ln=primefaces&v=4.0 HTTP/1.1" 304 -
186.148.168.245 - - [22/Oct/2021:07:27:10 -0500] "GET /sipse/faces/javax.faces.resource/primefaces.js?ln=primefaces&v=4.0 HTTP/1.1" 304 -
186.148.168.245 - - [22/Oct/2021:07:27:10 -0500] "GET /sipse/faces/javax.faces.resource/jquery/jquery-plugins.js?ln=primefaces&v=4.0 HTTP/1.1" 304 -
186.148.168.245 - - [22/Oct/2021:07:27:10 -0500] "GET /sipse/faces/javax.faces.resource/layout/layout.js?ln=primefaces&v=4.0 HTTP/1.1" 304 -
186.148.168.245 - - [22/Oct/2021:07:27:10 -0500] "GET /sipse/css/imagen/contrasena.png HTTP/1.1" 404 383
186.148.168.245 - - [22/Oct/2021:07:27:10 -0500] "GET /sipse/faces/javax.faces.resource/images/ui-icons_898989_256x240.png?ln=primefaces-aristo HTTP/1.1" 304 -
186.148.168.245 - - [22/Oct/2021:07:27:06 -0500] "POST /sipse/faces/presentacion/financiero/solicitudProceso/consultarSolicitudProceso.xhtml HTTP/1.1" 200 157730
188.40.75.223 - - [22/Oct/2021:07:27:18 -0500] "GET /BLA/resoluciones/AUTOS%202007/2393.pdf HTTP/1.1" 200 79151
186.148.168.245 - - [22/Oct/2021:07:27:20 -0500] "GET /sipse/faces/javax.faces.resource/images/ui-bg_flat_0_2d5972_40x100.png?ln=primefaces-aristo HTTP/1.1" 304 -
186.148.168.245 - - [22/Oct/2021:07:27:20 -0500] "POST /sipse/faces/presentacion/financiero/solicitudProceso/consultarSolicitudProceso.xhtml HTTP/1.1" 200 23721
186.148.168.245 - - [22/Oct/2021:07:27:26 -0500] "GET /sipse/faces/javax.faces.resource/jquery/jquery.js?ln=primefaces&v=4.0 HTTP/1.1" 304 -
186.148.168.245 - - [22/Oct/2021:07:27:26 -0500] "GET /sipse/faces/javax.faces.resource/jquery/jquery-plugins.js?ln=primefaces&v=4.0 HTTP/1.1" 304 -
186.148.168.245 - - [22/Oct/2021:07:27:27 -0500] "GET /sipse/faces/javax.faces.resource/primefaces.js?ln=primefaces&v=4.0 HTTP/1.1" 304 -
186.148.168.245 - - [22/Oct/2021:07:27:27 -0500] "GET /sipse/faces/javax.faces.resource/layout/layout.js?ln=primefaces&v=4.0 HTTP/1.1" 304 -
190.157.162.202 - - [22/Oct/2021:07:26:31 -0500] "GET /reportes_sipse/sdg/ServletReporte?reporte=experienia_idoneidad&solicitud=15448&pfdrid_c=false HTTP/1.1" 200 16163
190.157.162.202 - - [22/Oct/2021:07:26:56 -0500] "GET /reportes_sipse/sdg/ServletReporte?reporte=experienia_idoneidad&solicitud=15448&pfdrid_c=false HTTP/1.1" 200 95223
190.157.162.202 - - [22/Oct/2021:07:26:42 -0500] "GET /reportes_sipse/sdg/ServletReporte?reporte=experienia_idoneidad&solicitud=15448&pfdrid_c=false HTTP/1.1" 200 26863
186.148.168.245 - - [22/Oct/2021:07:27:12 -0500] "GET /reportes_sipse/sdg/ServletReporte?reporte=experienia_idoneidad&solicitud=15448&pfdrid_c=false HTTP/1.1" 200 24807
188.40.75.223 - - [22/Oct/2021:07:27:57 -0500] "GET /BLA/resoluciones/AUTOS%202007/1407.pdf HTTP/1.1" 200 32489
201.245.192.253 - - [22/Oct/2021:07:28:03 -0500] "GET /catalogoisis/ HTTP/1.1" 200 8575
207.46.13.174 - - [22/Oct/2021:07:28:09 -0500] "GET /bla/resoluciones/resoluciones%202014/2691.pdf HTTP/1.1" 200 782985
188.40.75.223 - - [22/Oct/2021:07:28:30 -0500] "GET /BLA/resoluciones/AUTOS%202007/0495.pdf HTTP/1.1" 200 17189
186.148.168.245 - - [22/Oct/2021:07:28:35 -0500] "POST /sipse/faces/presentacion/financiero/viabilidad/expedirViabilidad.xhtml HTTP/1.1" 200 112033
186.148.168.245 - - [22/Oct/2021:07:28:38 -0500] "GET /sipse/faces/javax.faces.resource/theme.css?ln=primefaces-sipse HTTP/1.1" 304 -
186.148.168.245 - - [22/Oct/2021:07:28:38 -0500] "GET /sipse/faces/javax.faces.resource/primefaces.css?ln=primefaces&v=4.0 HTTP/1.1" 304 -
186.148.168.245 - - [22/Oct/2021:07:28:38 -0500] "GET /sipse/faces/javax.faces.resource/jquery/jquery.js?ln=primefaces&v=4.0 HTTP/1.1" 304 -
186.148.168.245 - - [22/Oct/2021:07:28:38 -0500] "GET /sipse/faces/javax.faces.resource/layout/layout.css?ln=primefaces&v=4.0 HTTP/1.1" 304 -
186.148.168.245 - - [22/Oct/2021:07:28:38 -0500] "GET /sipse/css/imagen/contrasena.png HTTP/1.1" 404 383
186.148.168.245 - - [22/Oct/2021:07:28:39 -0500] "GET /sipse/faces/javax.faces.resource/jquery/jquery-plugins.js?ln=primefaces&v=4.0 HTTP/1.1" 304 -
186.148.168.245 - - [22/Oct/2021:07:28:40 -0500] "GET /sipse/faces/javax.faces.resource/primefaces.js?ln=primefaces&v=4.0 HTTP/1.1" 304 -
186.148.168.245 - - [22/Oct/2021:07:28:40 -0500] "GET /sipse/faces/javax.faces.resource/layout/layout.js?ln=primefaces&v=4.0 HTTP/1.1" 304 -
201.245.192.253 - - [22/Oct/2021:07:29:04 -0500] "GET /catalogoisis/ HTTP/1.1" 200 8575
188.40.75.223 - - [22/Oct/2021:07:29:06 -0500] "GET /BLA/resoluciones/AUTOS%202007/0935.pdf HTTP/1.1" 200 23859
186.148.168.245 - - [22/Oct/2021:07:28:41 -0500] "GET /reportes_sipse/sdg/ServletReporte?reporte=experienia_idoneidad&solicitud=15448&pfdrid_c=false HTTP/1.1" 200 95223
188.40.75.223 - - [22/Oct/2021:07:29:42 -0500] "GET /BLA/resoluciones/AUTOS%202007/2618.pdf HTTP/1.1" 200 29500
45.146.164.110 - - [22/Oct/2021:07:29:54 -0500] "POST /api/jsonws/invoke HTTP/1.1" 404 1018
45.146.164.110 - - [22/Oct/2021:07:29:55 -0500] "GET /vendor/phpunit/phpunit/src/Util/PHP/eval-stdin.php HTTP/1.1" 404 1018
45.146.164.110 - - [22/Oct/2021:07:29:55 -0500] "GET /solr/admin/info/system?wt=json HTTP/1.1" 404 1018
45.146.164.110 - - [22/Oct/2021:07:29:56 -0500] "GET /index.php?s=/Index/\\think\\app/invokefunction&function=call_user_func_array&vars[0]=md5&vars[1][]=HelloThinkPHP21 HTTP/1.1" 404 1018
45.146.164.110 - - [22/Oct/2021:07:29:56 -0500] "GET /?XDEBUG_SESSION_START=phpstorm HTTP/1.1" 200 319
45.146.164.110 - - [22/Oct/2021:07:29:57 -0500] "GET /?a=fetch&content=<php>die(@md5(HelloThinkCMF))</php> HTTP/1.1" 200 319
45.146.164.110 - - [22/Oct/2021:07:29:58 -0500] "GET /console/ HTTP/1.1" 404 1018
45.146.164.110 - - [22/Oct/2021:07:29:58 -0500] "POST /Autodiscover/Autodiscover.xml HTTP/1.1" 404 1018
45.146.164.110 - - [22/Oct/2021:07:29:58 -0500] "GET /_ignition/execute-solution HTTP/1.1" 404 1018
45.146.164.110 - - [22/Oct/2021:07:30:00 -0500] "GET /wp-content/plugins/wp-file-manager/readme.txt HTTP/1.1" 404 1018
45.146.164.110 - - [22/Oct/2021:07:30:00 -0500] "GET / HTTP/1.1" 200 319
45.146.164.110 - - [22/Oct/2021:07:30:00 -0500] "POST /cgi-bin/.%2e/.%2e/.%2e/.%2e/bin/sh HTTP/1.1" 400 945
201.245.192.253 - - [22/Oct/2021:07:30:05 -0500] "GET /catalogoisis/ HTTP/1.1" 200 8575
191.156.140.45 - - [22/Oct/2021:07:30:16 -0500] "GET /se-abre-convocatoria-a-organizaciones-ambientales-para-generar-1-070-empleos-verdes-dirigidos-a-mujeres.html HTTP/1.1" 304 -
188.40.75.223 - - [22/Oct/2021:07:30:20 -0500] "GET /BLA/resoluciones/AUTOS%202007/3334.pdf HTTP/1.1" 200 82253
216.245.221.92 - - [22/Oct/2021:07:30:22 -0500] "HEAD / HTTP/1.1" 200 -
173.252.87.7 - - [22/Oct/2021:07:30:28 -0500] "GET /secretaria-de-ambiente-abre-convocatoria-para-que-empresas-de-bogota-sean-mas-sostenibles.html?fbclid=IwAR0Ynvd35AE0X7CbptDMMr2Tt4yaPqYIMiL26B8rXM0AJeZfXBMonG5WW5Y HTTP/1.1" 200 907
186.148.168.245 - - [22/Oct/2021:07:30:41 -0500] "POST /sipse/faces/presentacion/financiero/solicitudProceso/consultarSolicitudProceso.xhtml HTTP/1.1" 200 58868
186.148.168.245 - - [22/Oct/2021:07:30:45 -0500] "GET /sipse/faces/javax.faces.resource/theme.css?ln=primefaces-sipse HTTP/1.1" 304 -
186.148.168.245 - - [22/Oct/2021:07:30:45 -0500] "GET /sipse/faces/javax.faces.resource/jquery/jquery.js?ln=primefaces&v=4.0 HTTP/1.1" 304 -
186.148.168.245 - - [22/Oct/2021:07:30:45 -0500] "GET /sipse/faces/javax.faces.resource/primefaces.css?ln=primefaces&v=4.0 HTTP/1.1" 304 -
186.148.168.245 - - [22/Oct/2021:07:30:46 -0500] "GET /sipse/faces/javax.faces.resource/jquery/jquery-plugins.js?ln=primefaces&v=4.0 HTTP/1.1" 304 -
186.148.168.245 - - [22/Oct/2021:07:30:46 -0500] "GET /sipse/faces/javax.faces.resource/primefaces.js?ln=primefaces&v=4.0 HTTP/1.1" 304 -
186.148.168.245 - - [22/Oct/2021:07:30:46 -0500] "GET /sipse/faces/javax.faces.resource/layout/layout.js?ln=primefaces&v=4.0 HTTP/1.1" 304 -
186.148.168.245 - - [22/Oct/2021:07:30:46 -0500] "GET /sipse/faces/javax.faces.resource/layout/layout.css?ln=primefaces&v=4.0 HTTP/1.1" 304 -
186.148.168.245 - - [22/Oct/2021:07:30:46 -0500] "GET /sipse/css/imagen/contrasena.png HTTP/1.1" 404 383
186.148.168.245 - - [22/Oct/2021:07:30:46 -0500] "GET /sipse/faces/javax.faces.resource/messages/messages.png?ln=primefaces&v=4.0 HTTP/1.1" 304 -
186.148.168.245 - - [22/Oct/2021:07:30:46 -0500] "POST /sipse/faces/presentacion/financiero/solicitudProceso/listarSolicitudProceso.xhtml HTTP/1.1" 200 1448
188.40.75.223 - - [22/Oct/2021:07:31:00 -0500] "GET /BLA/resoluciones/AUTOS%202007/0169.pdf HTTP/1.1" 200 48252
201.245.192.253 - - [22/Oct/2021:07:30:18 -0500] "POST /kwsrmcab/Wsrmcab HTTP/1.1" 200 43882
201.245.192.253 - - [22/Oct/2021:07:31:06 -0500] "GET /catalogoisis/ HTTP/1.1" 200 8575
188.40.75.223 - - [22/Oct/2021:07:31:39 -0500] "GET /BLA/resoluciones/AUTOS%202007/1976.pdf HTTP/1.1" 200 52486
186.148.168.245 - - [22/Oct/2021:07:31:43 -0500] "POST /sipse/faces/presentacion/financiero/solicitudProceso/listarSolicitudProceso.xhtml HTTP/1.1" 200 4340
186.148.168.245 - - [22/Oct/2021:07:00:59 -0500] "POST /reportes_sipse/sdg/ServletControlador HTTP/1.1" 200 26212
186.148.168.245 - - [22/Oct/2021:07:31:45 -0500] "POST /sipse/faces/presentacion/financiero/solicitudProceso/listarSolicitudProceso.xhtml HTTP/1.1" 200 110235
186.148.168.245 - - [22/Oct/2021:07:31:49 -0500] "GET /sipse/faces/javax.faces.resource/jquery/jquery.js?ln=primefaces&v=4.0 HTTP/1.1" 304 -
186.148.168.245 - - [22/Oct/2021:07:31:49 -0500] "GET /sipse/faces/javax.faces.resource/theme.css?ln=primefaces-sipse HTTP/1.1" 304 -
186.148.168.245 - - [22/Oct/2021:07:31:49 -0500] "GET /sipse/faces/javax.faces.resource/primefaces.css?ln=primefaces&v=4.0 HTTP/1.1" 304 -
186.148.168.245 - - [22/Oct/2021:07:31:49 -0500] "GET /sipse/faces/javax.faces.resource/jquery/jquery-plugins.js?ln=primefaces&v=4.0 HTTP/1.1" 304 -
186.84.22.180 - - [22/Oct/2021:07:31:49 -0500] "GET /BLA/resoluciones/RESOLUCIONES%202011/6971.pdf HTTP/1.1" 200 637749
186.84.22.180 - - [22/Oct/2021:07:31:49 -0500] "GET /favicon.ico HTTP/1.1" 200 7782
186.148.168.245 - - [22/Oct/2021:07:31:50 -0500] "GET /sipse/faces/javax.faces.resource/layout/layout.css?ln=primefaces&v=4.0 HTTP/1.1" 304 -
186.148.168.245 - - [22/Oct/2021:07:31:50 -0500] "GET /sipse/faces/javax.faces.resource/primefaces.js?ln=primefaces&v=4.0 HTTP/1.1" 304 -
186.148.168.245 - - [22/Oct/2021:07:31:50 -0500] "GET /sipse/faces/javax.faces.resource/layout/layout.js?ln=primefaces&v=4.0 HTTP/1.1" 304 -
201.245.192.253 - - [22/Oct/2021:07:31:06 -0500] "POST /kwsrmcab/Wsrmcab HTTP/1.1" 200 46958
186.148.168.245 - - [22/Oct/2021:07:31:58 -0500] "GET /sipse/faces/javax.faces.resource/theme.css?ln=primefaces-sipse HTTP/1.1" 304 -
186.148.168.245 - - [22/Oct/2021:07:31:58 -0500] "GET /sipse/faces/javax.faces.resource/primefaces.css?ln=primefaces&v=4.0 HTTP/1.1" 304 -
186.148.168.245 - - [22/Oct/2021:07:31:58 -0500] "GET /sipse/faces/javax.faces.resource/layout/layout.css?ln=primefaces&v=4.0 HTTP/1.1" 304 -
186.148.168.245 - - [22/Oct/2021:07:31:59 -0500] "GET /sipse/faces/javax.faces.resource/jquery/jquery.js?ln=primefaces&v=4.0 HTTP/1.1" 304 -
186.148.168.245 - - [22/Oct/2021:07:31:59 -0500] "GET /sipse/faces/javax.faces.resource/jquery/jquery-plugins.js?ln=primefaces&v=4.0 HTTP/1.1" 304 -
186.148.168.245 - - [22/Oct/2021:07:31:59 -0500] "GET /sipse/faces/javax.faces.resource/primefaces.js?ln=primefaces&v=4.0 HTTP/1.1" 304 -
186.148.168.245 - - [22/Oct/2021:07:31:59 -0500] "GET /sipse/faces/javax.faces.resource/layout/layout.js?ln=primefaces&v=4.0 HTTP/1.1" 304 -
186.148.168.245 - - [22/Oct/2021:07:31:56 -0500] "POST /sipse/faces/presentacion/financiero/solicitudProceso/consultarSolicitudProceso.xhtml HTTP/1.1" 200 157548
201.245.192.253 - - [22/Oct/2021:07:32:07 -0500] "GET /catalogoisis/ HTTP/1.1" 200 8575
186.148.168.245 - - [22/Oct/2021:07:31:51 -0500] "GET /reportes_sipse/sdg/ServletReporte?reporte=experienia_idoneidad&solicitud=15448&pfdrid_c=false HTTP/1.1" 200 24807
188.40.75.223 - - [22/Oct/2021:07:32:16 -0500] "GET /BLA/resoluciones/AUTOS%202007/3840.pdf HTTP/1.1" 200 105117
186.148.168.245 - - [22/Oct/2021:07:32:00 -0500] "GET /reportes_sipse/sdg/ServletReporte?reporte=experienia_idoneidad&solicitud=15448&pfdrid_c=false HTTP/1.1" 200 95223
66.102.8.183 - - [22/Oct/2021:07:32:30 -0500] "GET /reportes_sipse/imagenes/logoAplicacion.jpg HTTP/1.1" 200 26872
188.40.75.223 - - [22/Oct/2021:07:32:52 -0500] "GET /BLA/resoluciones/AUTOS%202007/1008.pdf HTTP/1.1" 200 119306
201.245.192.253 - - [22/Oct/2021:07:33:10 -0500] "GET /catalogoisis/ HTTP/1.1" 200 8575
188.40.75.223 - - [22/Oct/2021:07:33:28 -0500] "GET /BLA/resoluciones/AUTOS%202007/3095.pdf HTTP/1.1" 200 372168
181.131.230.234 - - [22/Oct/2021:07:33:37 -0500] "GET /galeria/galeria/jquery.fancybox.css?v=2.1.5 HTTP/1.1" 200 4895
188.40.75.223 - - [22/Oct/2021:07:34:06 -0500] "GET /BLA/resoluciones/AUTOS%202007/2125.pdf HTTP/1.1" 200 111174
201.245.192.253 - - [22/Oct/2021:07:34:11 -0500] "GET /catalogoisis/ HTTP/1.1" 200 8575
188.40.75.223 - - [22/Oct/2021:07:34:41 -0500] "GET /BLA/resoluciones/AUTOS%202007/0490.pdf HTTP/1.1" 200 45719
201.245.192.253 - - [22/Oct/2021:07:34:21 -0500] "POST /kwsrmcab/Wsrmcab HTTP/1.1" 200 119130
188.40.75.223 - - [22/Oct/2021:07:35:09 -0500] "GET /BLA/resoluciones/AUTOS%202007/3586.pdf HTTP/1.1" 200 241726
201.245.192.253 - - [22/Oct/2021:07:35:11 -0500] "GET /catalogoisis/ HTTP/1.1" 200 8575
216.245.221.92 - - [22/Oct/2021:07:35:22 -0500] "HEAD / HTTP/1.1" 200 -
186.155.42.160 - - [22/Oct/2021:07:35:25 -0500] "GET /se-abre-convocatoria-a-organizaciones-ambientales-para-generar-1-070-empleos-verdes-dirigidos-a-mujeres.html HTTP/1.1" 200 1128
186.155.42.160 - - [22/Oct/2021:07:35:28 -0500] "GET /favicon.ico HTTP/1.1" 404 1510
157.55.39.70 - - [22/Oct/2021:07:35:41 -0500] "GET /bla/resoluciones/resoluciones%202014/0533.pdf HTTP/1.1" 200 584597
201.245.192.253 - - [22/Oct/2021:07:36:11 -0500] "GET /catalogoisis/ HTTP/1.1" 200 8575
201.245.192.253 - - [22/Oct/2021:07:36:16 -0500] "GET /BLA/resoluciones/RESOLUCIONES%202015/1042.pdf HTTP/1.1" 200 486040
201.245.192.253 - - [22/Oct/2021:07:36:17 -0500] "GET /favicon.ico HTTP/1.1" 200 7782
201.245.192.253 - - [22/Oct/2021:07:36:17 -0500] "GET /BLA/resoluciones/RESOLUCIONES%202015/1042.pdf HTTP/1.1" 206 27288
201.245.192.253 - - [22/Oct/2021:07:37:12 -0500] "GET /catalogoisis/ HTTP/1.1" 200 8575
186.148.168.245 - - [22/Oct/2021:07:37:37 -0500] "POST /sipse/faces/presentacion/financiero/solicitudProceso/consultarSolicitudProceso.xhtml HTTP/1.1" 200 23721
186.148.168.245 - - [22/Oct/2021:07:37:38 -0500] "GET /sipse/faces/javax.faces.resource/theme.css?ln=primefaces-sipse HTTP/1.1" 304 -
186.148.168.245 - - [22/Oct/2021:07:37:38 -0500] "GET /sipse/faces/javax.faces.resource/jquery/jquery.js?ln=primefaces&v=4.0 HTTP/1.1" 304 -
186.148.168.245 - - [22/Oct/2021:07:37:38 -0500] "GET /sipse/faces/javax.faces.resource/layout/layout.css?ln=primefaces&v=4.0 HTTP/1.1" 304 -
186.148.168.245 - - [22/Oct/2021:07:37:38 -0500] "GET /sipse/faces/javax.faces.resource/primefaces.css?ln=primefaces&v=4.0 HTTP/1.1" 304 -
186.148.168.245 - - [22/Oct/2021:07:37:38 -0500] "GET /sipse/faces/javax.faces.resource/jquery/jquery-plugins.js?ln=primefaces&v=4.0 HTTP/1.1" 304 -
186.148.168.245 - - [22/Oct/2021:07:37:38 -0500] "GET /sipse/css/imagen/contrasena.png HTTP/1.1" 404 383
186.148.168.245 - - [22/Oct/2021:07:37:38 -0500] "GET /sipse/faces/javax.faces.resource/primefaces.js?ln=primefaces&v=4.0 HTTP/1.1" 304 -
186.148.168.245 - - [22/Oct/2021:07:37:38 -0500] "GET /sipse/faces/javax.faces.resource/layout/layout.js?ln=primefaces&v=4.0 HTTP/1.1" 304 -
186.148.168.245 - - [22/Oct/2021:07:37:39 -0500] "GET /sipse/faces/javax.faces.resource/images/ui-icons_898989_256x240.png?ln=primefaces-aristo HTTP/1.1" 304 -
186.148.168.245 - - [22/Oct/2021:07:37:46 -0500] "GET /sipse/faces/javax.faces.resource/images/ui-bg_flat_0_2d5972_40x100.png?ln=primefaces-aristo HTTP/1.1" 304 -
186.148.168.245 - - [22/Oct/2021:07:37:46 -0500] "POST /sipse/faces/presentacion/financiero/viabilidad/expedirViabilidad.xhtml HTTP/1.1" 200 111895
186.148.168.245 - - [22/Oct/2021:07:37:46 -0500] "GET /sipse/faces/javax.faces.resource/layout/layout.css?ln=primefaces&v=4.0 HTTP/1.1" 304 -
186.148.168.245 - - [22/Oct/2021:07:37:46 -0500] "GET /sipse/faces/javax.faces.resource/theme.css?ln=primefaces-sipse HTTP/1.1" 304 -
186.148.168.245 - - [22/Oct/2021:07:37:46 -0500] "GET /sipse/faces/javax.faces.resource/primefaces.css?ln=primefaces&v=4.0 HTTP/1.1" 304 -
186.148.168.245 - - [22/Oct/2021:07:37:46 -0500] "GET /sipse/faces/javax.faces.resource/jquery/jquery.js?ln=primefaces&v=4.0 HTTP/1.1" 304 -
186.148.168.245 - - [22/Oct/2021:07:37:46 -0500] "GET /sipse/faces/javax.faces.resource/jquery/jquery-plugins.js?ln=primefaces&v=4.0 HTTP/1.1" 304 -
186.148.168.245 - - [22/Oct/2021:07:37:47 -0500] "GET /sipse/faces/javax.faces.resource/primefaces.js?ln=primefaces&v=4.0 HTTP/1.1" 304 -
186.148.168.245 - - [22/Oct/2021:07:37:47 -0500] "GET /sipse/faces/javax.faces.resource/layout/layout.js?ln=primefaces&v=4.0 HTTP/1.1" 304 -
186.148.168.245 - - [22/Oct/2021:07:37:53 -0500] "POST /sipse/faces/presentacion/financiero/solicitudProceso/consultarSolicitudProceso.xhtml HTTP/1.1" 200 205643
186.148.168.245 - - [22/Oct/2021:07:37:47 -0500] "GET /reportes_sipse/sdg/ServletReporte?reporte=experienia_idoneidad&solicitud=15448&pfdrid_c=false HTTP/1.1" 200 95223
201.245.192.253 - - [22/Oct/2021:07:38:13 -0500] "GET /catalogoisis/ HTTP/1.1" 200 8575
186.148.168.245 - - [22/Oct/2021:07:38:31 -0500] "POST /sipse/faces/presentacion/financiero/solicitudProceso/consultarSolicitudProceso.xhtml HTTP/1.1" 200 58798
186.148.168.245 - - [22/Oct/2021:07:38:33 -0500] "GET /sipse/faces/javax.faces.resource/theme.css?ln=primefaces-sipse HTTP/1.1" 304 -
186.148.168.245 - - [22/Oct/2021:07:38:33 -0500] "GET /sipse/faces/javax.faces.resource/primefaces.css?ln=primefaces&v=4.0 HTTP/1.1" 304 -
186.148.168.245 - - [22/Oct/2021:07:38:34 -0500] "GET /sipse/faces/javax.faces.resource/jquery/jquery.js?ln=primefaces&v=4.0 HTTP/1.1" 304 -
186.148.168.245 - - [22/Oct/2021:07:38:34 -0500] "GET /sipse/faces/javax.faces.resource/layout/layout.css?ln=primefaces&v=4.0 HTTP/1.1" 304 -
186.148.168.245 - - [22/Oct/2021:07:38:34 -0500] "GET /sipse/faces/javax.faces.resource/jquery/jquery-plugins.js?ln=primefaces&v=4.0 HTTP/1.1" 304 -
186.148.168.245 - - [22/Oct/2021:07:38:34 -0500] "GET /sipse/faces/javax.faces.resource/primefaces.js?ln=primefaces&v=4.0 HTTP/1.1" 304 -
186.148.168.245 - - [22/Oct/2021:07:38:34 -0500] "GET /sipse/faces/javax.faces.resource/layout/layout.js?ln=primefaces&v=4.0 HTTP/1.1" 304 -
186.148.168.245 - - [22/Oct/2021:07:38:34 -0500] "GET /sipse/faces/javax.faces.resource/messages/messages.png?ln=primefaces&v=4.0 HTTP/1.1" 304 -
186.148.168.245 - - [22/Oct/2021:07:38:34 -0500] "POST /sipse/faces/presentacion/financiero/solicitudProceso/listarSolicitudProceso.xhtml HTTP/1.1" 200 1448
186.148.168.245 - - [22/Oct/2021:07:38:40 -0500] "POST /sipse/faces/presentacion/financiero/solicitudProceso/listarSolicitudProceso.xhtml HTTP/1.1" 200 110556
186.148.168.245 - - [22/Oct/2021:07:38:43 -0500] "GET /sipse/faces/javax.faces.resource/layout/layout.css?ln=primefaces&v=4.0 HTTP/1.1" 304 -
186.148.168.245 - - [22/Oct/2021:07:38:43 -0500] "GET /sipse/faces/javax.faces.resource/jquery/jquery.js?ln=primefaces&v=4.0 HTTP/1.1" 304 -
186.148.168.245 - - [22/Oct/2021:07:38:43 -0500] "GET /sipse/faces/javax.faces.resource/theme.css?ln=primefaces-sipse HTTP/1.1" 304 -
186.148.168.245 - - [22/Oct/2021:07:38:43 -0500] "GET /sipse/faces/javax.faces.resource/primefaces.css?ln=primefaces&v=4.0 HTTP/1.1" 304 -
186.148.168.245 - - [22/Oct/2021:07:38:43 -0500] "GET /sipse/faces/javax.faces.resource/jquery/jquery-plugins.js?ln=primefaces&v=4.0 HTTP/1.1" 304 -
186.148.168.245 - - [22/Oct/2021:07:38:43 -0500] "GET /sipse/faces/javax.faces.resource/primefaces.js?ln=primefaces&v=4.0 HTTP/1.1" 304 -
186.148.168.245 - - [22/Oct/2021:07:38:43 -0500] "GET /sipse/faces/javax.faces.resource/layout/layout.js?ln=primefaces&v=4.0 HTTP/1.1" 304 -
186.31.29.163 - - [22/Oct/2021:07:38:57 -0500] "GET /secretaria-de-ambiente-abre-las-votaciones-para-definir-las-mejores-practicas-ambientales-en-las-entidades-publicas.html HTTP/1.1" 200 996
186.148.168.245 - - [22/Oct/2021:07:38:44 -0500] "GET /reportes_sipse/sdg/ServletReporte?reporte=experienia_idoneidad&solicitud=15448&pfdrid_c=false HTTP/1.1" 200 95223
201.245.192.253 - - [22/Oct/2021:07:39:14 -0500] "GET /catalogoisis/ HTTP/1.1" 200 8575
186.148.168.245 - - [22/Oct/2021:07:39:01 -0500] "POST /sipse/faces/presentacion/financiero/solicitudProceso/consultarSolicitudProceso.xhtml HTTP/1.1" 200 207329
186.148.168.245 - - [22/Oct/2021:07:40:00 -0500] "POST /sipse/faces/presentacion/financiero/solicitudProceso/consultarSolicitudProceso.xhtml HTTP/1.1" 200 23721
186.148.168.245 - - [22/Oct/2021:07:40:02 -0500] "GET /sipse/faces/javax.faces.resource/theme.css?ln=primefaces-sipse HTTP/1.1" 304 -
186.148.168.245 - - [22/Oct/2021:07:40:02 -0500] "GET /sipse/faces/javax.faces.resource/jquery/jquery.js?ln=primefaces&v=4.0 HTTP/1.1" 304 -
186.148.168.245 - - [22/Oct/2021:07:40:02 -0500] "GET /sipse/faces/javax.faces.resource/layout/layout.css?ln=primefaces&v=4.0 HTTP/1.1" 304 -
186.148.168.245 - - [22/Oct/2021:07:40:02 -0500] "GET /sipse/faces/javax.faces.resource/primefaces.css?ln=primefaces&v=4.0 HTTP/1.1" 304 -
186.148.168.245 - - [22/Oct/2021:07:40:02 -0500] "GET /sipse/faces/javax.faces.resource/jquery/jquery-plugins.js?ln=primefaces&v=4.0 HTTP/1.1" 304 -
186.148.168.245 - - [22/Oct/2021:07:40:02 -0500] "GET /sipse/faces/javax.faces.resource/primefaces.js?ln=primefaces&v=4.0 HTTP/1.1" 304 -
186.148.168.245 - - [22/Oct/2021:07:40:02 -0500] "GET /sipse/faces/javax.faces.resource/layout/layout.js?ln=primefaces&v=4.0 HTTP/1.1" 304 -
201.245.192.253 - - [22/Oct/2021:07:40:15 -0500] "GET /catalogoisis/ HTTP/1.1" 200 8575
216.245.221.92 - - [22/Oct/2021:07:40:22 -0500] "HEAD / HTTP/1.1" 200 -
186.86.33.194 - - [22/Oct/2021:07:40:35 -0500] "GET /se-abre-convocatoria-a-organizaciones-ambientales-para-generar-1-070-empleos-verdes-dirigidos-a-mujeres.html HTTP/1.1" 200 1128
66.249.66.141 - - [22/Oct/2021:07:40:45 -0500] "-" 408 -
186.148.168.245 - - [22/Oct/2021:07:41:01 -0500] "POST /sipse/faces/presentacion/financiero/viabilidad/expedirViabilidad.xhtml HTTP/1.1" 200 112203
186.148.168.245 - - [22/Oct/2021:07:41:02 -0500] "GET /sipse/faces/javax.faces.resource/theme.css?ln=primefaces-sipse HTTP/1.1" 304 -
186.148.168.245 - - [22/Oct/2021:07:41:02 -0500] "GET /sipse/faces/javax.faces.resource/primefaces.css?ln=primefaces&v=4.0 HTTP/1.1" 304 -
186.148.168.245 - - [22/Oct/2021:07:41:02 -0500] "GET /sipse/faces/javax.faces.resource/layout/layout.css?ln=primefaces&v=4.0 HTTP/1.1" 304 -
186.148.168.245 - - [22/Oct/2021:07:41:02 -0500] "GET /sipse/faces/javax.faces.resource/jquery/jquery.js?ln=primefaces&v=4.0 HTTP/1.1" 304 -
186.148.168.245 - - [22/Oct/2021:07:41:02 -0500] "GET /sipse/faces/javax.faces.resource/jquery/jquery-plugins.js?ln=primefaces&v=4.0 HTTP/1.1" 304 -
186.148.168.245 - - [22/Oct/2021:07:41:02 -0500] "GET /sipse/faces/javax.faces.resource/primefaces.js?ln=primefaces&v=4.0 HTTP/1.1" 304 -
186.148.168.245 - - [22/Oct/2021:07:41:02 -0500] "GET /sipse/faces/javax.faces.resource/layout/layout.js?ln=primefaces&v=4.0 HTTP/1.1" 304 -
201.245.192.253 - - [22/Oct/2021:07:40:17 -0500] "POST /kwsrmcab/Wsrmcab HTTP/1.1" 200 43882
186.148.168.245 - - [22/Oct/2021:07:41:08 -0500] "GET /sipse/faces/javax.faces.resource/theme.css?ln=primefaces-sipse HTTP/1.1" 304 -
186.148.168.245 - - [22/Oct/2021:07:41:08 -0500] "GET /sipse/faces/javax.faces.resource/jquery/jquery-plugins.js?ln=primefaces&v=4.0 HTTP/1.1" 304 -
186.148.168.245 - - [22/Oct/2021:07:41:08 -0500] "GET /sipse/faces/javax.faces.resource/primefaces.css?ln=primefaces&v=4.0 HTTP/1.1" 304 -
186.148.168.245 - - [22/Oct/2021:07:41:08 -0500] "GET /sipse/faces/javax.faces.resource/jquery/jquery.js?ln=primefaces&v=4.0 HTTP/1.1" 304 -
186.148.168.245 - - [22/Oct/2021:07:41:08 -0500] "GET /sipse/faces/javax.faces.resource/primefaces.js?ln=primefaces&v=4.0 HTTP/1.1" 304 -
186.148.168.245 - - [22/Oct/2021:07:41:08 -0500] "GET /sipse/faces/javax.faces.resource/layout/layout.css?ln=primefaces&v=4.0 HTTP/1.1" 304 -
186.148.168.245 - - [22/Oct/2021:07:41:08 -0500] "GET /sipse/faces/javax.faces.resource/layout/layout.js?ln=primefaces&v=4.0 HTTP/1.1" 304 -
186.148.168.245 - - [22/Oct/2021:07:41:06 -0500] "POST /sipse/faces/presentacion/financiero/solicitudProceso/consultarSolicitudProceso.xhtml HTTP/1.1" 200 159560
201.245.192.253 - - [22/Oct/2021:07:41:16 -0500] "GET /catalogoisis/ HTTP/1.1" 200 8575
186.148.168.245 - - [22/Oct/2021:07:41:15 -0500] "POST /sipse/faces/presentacion/financiero/solicitudProceso/consultarSolicitudProceso.xhtml HTTP/1.1" 200 55972
186.148.168.245 - - [22/Oct/2021:07:41:20 -0500] "GET /sipse/faces/javax.faces.resource/jquery/jquery.js?ln=primefaces&v=4.0 HTTP/1.1" 304 -
186.148.168.245 - - [22/Oct/2021:07:41:20 -0500] "GET /sipse/faces/javax.faces.resource/jquery/jquery-plugins.js?ln=primefaces&v=4.0 HTTP/1.1" 304 -
186.148.168.245 - - [22/Oct/2021:07:41:20 -0500] "GET /sipse/faces/javax.faces.resource/primefaces.js?ln=primefaces&v=4.0 HTTP/1.1" 304 -
186.148.168.245 - - [22/Oct/2021:07:41:20 -0500] "GET /sipse/faces/javax.faces.resource/layout/layout.js?ln=primefaces&v=4.0 HTTP/1.1" 304 -
186.148.168.245 - - [22/Oct/2021:07:41:20 -0500] "GET /sipse/faces/javax.faces.resource/messages/messages.png?ln=primefaces&v=4.0 HTTP/1.1" 304 -
186.148.168.245 - - [22/Oct/2021:07:41:20 -0500] "POST /sipse/faces/presentacion/financiero/solicitudProceso/listarSolicitudProceso.xhtml HTTP/1.1" 200 1448
186.148.168.245 - - [22/Oct/2021:07:41:21 -0500] "POST /sipse/faces/presentacion/financiero/solicitudProceso/listarSolicitudProceso.xhtml HTTP/1.1" 200 1448
168.119.138.106 - - [22/Oct/2021:07:41:27 -0500] "GET /BLA/resoluciones/AUTOS%202007/1490.pdf HTTP/1.1" 200 40087
186.148.168.245 - - [22/Oct/2021:07:41:02 -0500] "GET /reportes_sipse/sdg/ServletReporte?reporte=experienia_idoneidad&solicitud=15448&pfdrid_c=false HTTP/1.1" 200 16163
186.148.168.245 - - [22/Oct/2021:07:41:29 -0500] "POST /sipse/faces/presentacion/financiero/solicitudProceso/listarSolicitudProceso.xhtml HTTP/1.1" 200 2753
186.148.168.245 - - [22/Oct/2021:07:41:30 -0500] "POST /sipse/faces/presentacion/financiero/solicitudProceso/listarSolicitudProceso.xhtml HTTP/1.1" 200 39926
186.148.168.245 - - [22/Oct/2021:07:41:31 -0500] "GET /sipse/faces/javax.faces.resource/theme.css?ln=primefaces-sipse HTTP/1.1" 304 -
186.148.168.245 - - [22/Oct/2021:07:41:31 -0500] "GET /sipse/faces/javax.faces.resource/layout/layout.css?ln=primefaces&v=4.0 HTTP/1.1" 304 -
186.148.168.245 - - [22/Oct/2021:07:41:31 -0500] "GET /sipse/faces/javax.faces.resource/jquery/jquery.js?ln=primefaces&v=4.0 HTTP/1.1" 304 -
186.148.168.245 - - [22/Oct/2021:07:41:31 -0500] "GET /sipse/faces/javax.faces.resource/primefaces.css?ln=primefaces&v=4.0 HTTP/1.1" 304 -
186.148.168.245 - - [22/Oct/2021:07:41:31 -0500] "GET /sipse/faces/javax.faces.resource/jquery/jquery-plugins.js?ln=primefaces&v=4.0 HTTP/1.1" 304 -
186.148.168.245 - - [22/Oct/2021:07:41:31 -0500] "GET /sipse/faces/javax.faces.resource/primefaces.js?ln=primefaces&v=4.0 HTTP/1.1" 304 -
186.148.168.245 - - [22/Oct/2021:07:41:31 -0500] "GET /sipse/faces/javax.faces.resource/layout/layout.js?ln=primefaces&v=4.0 HTTP/1.1" 304 -
186.148.168.245 - - [22/Oct/2021:07:41:31 -0500] "POST /sipse/faces/presentacion/financiero/solicitudProceso/consultar.xhtml HTTP/1.1" 200 33197
186.148.168.245 - - [22/Oct/2021:07:41:08 -0500] "GET /reportes_sipse/sdg/ServletReporte?reporte=experienia_idoneidad&solicitud=15448&pfdrid_c=false HTTP/1.1" 200 17863
186.148.168.245 - - [22/Oct/2021:07:41:33 -0500] "POST /sipse/faces/presentacion/financiero/solicitudProceso/consultar.xhtml HTTP/1.1" 200 12902
186.148.168.245 - - [22/Oct/2021:07:41:38 -0500] "POST /sipse/faces/presentacion/financiero/solicitudProceso/consultar.xhtml HTTP/1.1" 200 12904
168.119.138.106 - - [22/Oct/2021:07:41:46 -0500] "GET /BLA/resoluciones/AUTOS%202007/3176.pdf HTTP/1.1" 200 76778
186.148.168.245 - - [22/Oct/2021:07:41:47 -0500] "POST /sipse/faces/presentacion/financiero/solicitudProceso/consultar.xhtml HTTP/1.1" 200 13002
201.245.192.253 - - [22/Oct/2021:07:41:04 -0500] "POST /kwsrmcab/Wsrmcab HTTP/1.1" 200 46958
186.148.168.245 - - [22/Oct/2021:07:41:55 -0500] "POST /sipse/faces/presentacion/financiero/solicitudProceso/consultar.xhtml HTTP/1.1" 200 12899
186.148.168.245 - - [22/Oct/2021:07:42:01 -0500] "POST /sipse/faces/presentacion/financiero/solicitudProceso/consultar.xhtml HTTP/1.1" 200 12912
168.119.138.106 - - [22/Oct/2021:07:42:03 -0500] "GET /BLA/resoluciones/AUTOS%202007/3529.pdf HTTP/1.1" 200 308598
186.148.168.245 - - [22/Oct/2021:07:42:06 -0500] "POST /sipse/faces/presentacion/financiero/solicitudProceso/consultar.xhtml HTTP/1.1" 200 12914
186.148.168.245 - - [22/Oct/2021:07:42:11 -0500] "POST /sipse/faces/presentacion/financiero/solicitudProceso/consultar.xhtml HTTP/1.1" 200 12930
201.245.192.253 - - [22/Oct/2021:07:42:17 -0500] "GET /catalogoisis/ HTTP/1.1" 200 8575
168.119.138.106 - - [22/Oct/2021:07:42:20 -0500] "GET /BLA/resoluciones/AUTOS%202007/0399.pdf HTTP/1.1" 200 63773
186.148.168.245 - - [22/Oct/2021:07:42:26 -0500] "POST /sipse/faces/presentacion/financiero/solicitudProceso/consultar.xhtml HTTP/1.1" 200 56653
186.148.168.245 - - [22/Oct/2021:07:42:27 -0500] "GET /sipse/faces/javax.faces.resource/theme.css?ln=primefaces-sipse HTTP/1.1" 304 -
186.148.168.245 - - [22/Oct/2021:07:42:27 -0500] "GET /sipse/faces/javax.faces.resource/layout/layout.css?ln=primefaces&v=4.0 HTTP/1.1" 304 -
186.148.168.245 - - [22/Oct/2021:07:42:27 -0500] "GET /sipse/faces/javax.faces.resource/jquery/jquery.js?ln=primefaces&v=4.0 HTTP/1.1" 304 -
186.148.168.245 - - [22/Oct/2021:07:42:27 -0500] "GET /sipse/faces/javax.faces.resource/primefaces.css?ln=primefaces&v=4.0 HTTP/1.1" 304 -
186.148.168.245 - - [22/Oct/2021:07:42:27 -0500] "GET /sipse/faces/javax.faces.resource/jquery/jquery-plugins.js?ln=primefaces&v=4.0 HTTP/1.1" 304 -
186.148.168.245 - - [22/Oct/2021:07:42:27 -0500] "GET /sipse/faces/javax.faces.resource/primefaces.js?ln=primefaces&v=4.0 HTTP/1.1" 304 -
186.148.168.245 - - [22/Oct/2021:07:42:27 -0500] "GET /sipse/faces/javax.faces.resource/layout/layout.js?ln=primefaces&v=4.0 HTTP/1.1" 304 -
186.148.168.245 - - [22/Oct/2021:07:42:27 -0500] "POST /sipse/faces/presentacion/financiero/solicitudProceso/listarSolicitudProceso.xhtml HTTP/1.1" 200 49898
186.148.168.245 - - [22/Oct/2021:07:42:28 -0500] "POST /sipse/faces/presentacion/financiero/solicitudProceso/listarSolicitudProceso.xhtml HTTP/1.1" 200 49898
186.148.168.245 - - [22/Oct/2021:07:42:28 -0500] "POST /sipse/faces/presentacion/financiero/solicitudProceso/listarSolicitudProceso.xhtml HTTP/1.1" 200 1448
186.148.168.245 - - [22/Oct/2021:07:42:28 -0500] "POST /sipse/faces/presentacion/financiero/solicitudProceso/listarSolicitudProceso.xhtml HTTP/1.1" 200 1448
186.148.168.245 - - [22/Oct/2021:07:42:29 -0500] "POST /sipse/faces/presentacion/financiero/solicitudProceso/listarSolicitudProceso.xhtml HTTP/1.1" 200 1452
186.148.168.245 - - [22/Oct/2021:07:42:42 -0500] "POST /sipse/faces/presentacion/financiero/solicitudProceso/listarSolicitudProceso.xhtml HTTP/1.1" 200 111703
168.119.138.106 - - [22/Oct/2021:07:42:43 -0500] "GET /BLA/resoluciones/AUTOS%202007/0185.pdf HTTP/1.1" 200 137581
186.148.168.245 - - [22/Oct/2021:07:42:43 -0500] "GET /sipse/faces/javax.faces.resource/theme.css?ln=primefaces-sipse HTTP/1.1" 304 -
186.148.168.245 - - [22/Oct/2021:07:42:43 -0500] "GET /sipse/faces/javax.faces.resource/primefaces.css?ln=primefaces&v=4.0 HTTP/1.1" 304 -
186.148.168.245 - - [22/Oct/2021:07:42:43 -0500] "GET /sipse/faces/javax.faces.resource/layout/layout.css?ln=primefaces&v=4.0 HTTP/1.1" 304 -
186.148.168.245 - - [22/Oct/2021:07:42:43 -0500] "GET /sipse/faces/javax.faces.resource/jquery/jquery.js?ln=primefaces&v=4.0 HTTP/1.1" 304 -
186.148.168.245 - - [22/Oct/2021:07:42:43 -0500] "GET /sipse/faces/javax.faces.resource/jquery/jquery-plugins.js?ln=primefaces&v=4.0 HTTP/1.1" 304 -
186.148.168.245 - - [22/Oct/2021:07:42:44 -0500] "GET /sipse/faces/javax.faces.resource/primefaces.js?ln=primefaces&v=4.0 HTTP/1.1" 304 -
186.148.168.245 - - [22/Oct/2021:07:42:44 -0500] "GET /sipse/faces/javax.faces.resource/layout/layout.js?ln=primefaces&v=4.0 HTTP/1.1" 304 -
186.148.168.245 - - [22/Oct/2021:07:42:49 -0500] "GET /sipse/faces/javax.faces.resource/primefaces.css?ln=primefaces&v=4.0 HTTP/1.1" 304 -
186.148.168.245 - - [22/Oct/2021:07:42:49 -0500] "GET /sipse/faces/javax.faces.resource/theme.css?ln=primefaces-sipse HTTP/1.1" 304 -
186.148.168.245 - - [22/Oct/2021:07:42:49 -0500] "GET /sipse/faces/javax.faces.resource/primefaces.js?ln=primefaces&v=4.0 HTTP/1.1" 304 -
186.148.168.245 - - [22/Oct/2021:07:42:49 -0500] "GET /sipse/faces/javax.faces.resource/jquery/jquery-plugins.js?ln=primefaces&v=4.0 HTTP/1.1" 304 -
186.148.168.245 - - [22/Oct/2021:07:42:49 -0500] "GET /sipse/faces/javax.faces.resource/layout/layout.js?ln=primefaces&v=4.0 HTTP/1.1" 304 -
186.148.168.245 - - [22/Oct/2021:07:42:49 -0500] "GET /sipse/faces/javax.faces.resource/jquery/jquery.js?ln=primefaces&v=4.0 HTTP/1.1" 304 -
186.148.168.245 - - [22/Oct/2021:07:42:49 -0500] "GET /sipse/faces/javax.faces.resource/layout/layout.css?ln=primefaces&v=4.0 HTTP/1.1" 304 -
186.148.168.245 - - [22/Oct/2021:07:42:48 -0500] "POST /sipse/faces/presentacion/financiero/solicitudProceso/consultarSolicitudProceso.xhtml HTTP/1.1" 200 159060
168.119.138.106 - - [22/Oct/2021:07:42:56 -0500] "GET /BLA/resoluciones/AUTOS%202007/3174.pdf HTTP/1.1" 200 79664
186.148.168.245 - - [22/Oct/2021:07:42:55 -0500] "POST /sipse/faces/presentacion/financiero/solicitudProceso/consultarSolicitudProceso.xhtml HTTP/1.1" 200 24894
186.148.168.245 - - [22/Oct/2021:07:42:57 -0500] "GET /sipse/faces/javax.faces.resource/jquery/jquery.js?ln=primefaces&v=4.0 HTTP/1.1" 304 -
186.148.168.245 - - [22/Oct/2021:07:42:57 -0500] "GET /sipse/faces/javax.faces.resource/jquery/jquery-plugins.js?ln=primefaces&v=4.0 HTTP/1.1" 304 -
186.148.168.245 - - [22/Oct/2021:07:42:57 -0500] "GET /sipse/faces/javax.faces.resource/primefaces.js?ln=primefaces&v=4.0 HTTP/1.1" 304 -
186.148.168.245 - - [22/Oct/2021:07:42:58 -0500] "GET /sipse/faces/javax.faces.resource/layout/layout.js?ln=primefaces&v=4.0 HTTP/1.1" 304 -
186.148.168.245 - - [22/Oct/2021:07:43:07 -0500] "POST /sipse/faces/presentacion/financiero/viabilidad/expedirViabilidad.xhtml HTTP/1.1" 200 113363
186.148.168.245 - - [22/Oct/2021:07:43:08 -0500] "GET /sipse/faces/javax.faces.resource/theme.css?ln=primefaces-sipse HTTP/1.1" 304 -
186.148.168.245 - - [22/Oct/2021:07:43:08 -0500] "GET /sipse/faces/javax.faces.resource/jquery/jquery.js?ln=primefaces&v=4.0 HTTP/1.1" 304 -
186.148.168.245 - - [22/Oct/2021:07:43:08 -0500] "GET /sipse/faces/javax.faces.resource/primefaces.css?ln=primefaces&v=4.0 HTTP/1.1" 304 -
186.148.168.245 - - [22/Oct/2021:07:43:08 -0500] "GET /sipse/faces/javax.faces.resource/layout/layout.css?ln=primefaces&v=4.0 HTTP/1.1" 304 -
186.148.168.245 - - [22/Oct/2021:07:43:08 -0500] "GET /sipse/faces/javax.faces.resource/jquery/jquery-plugins.js?ln=primefaces&v=4.0 HTTP/1.1" 304 -
186.148.168.245 - - [22/Oct/2021:07:43:08 -0500] "GET /sipse/faces/javax.faces.resource/primefaces.js?ln=primefaces&v=4.0 HTTP/1.1" 304 -
186.148.168.245 - - [22/Oct/2021:07:43:08 -0500] "GET /sipse/faces/javax.faces.resource/layout/layout.js?ln=primefaces&v=4.0 HTTP/1.1" 304 -
186.148.168.245 - - [22/Oct/2021:07:42:44 -0500] "GET /reportes_sipse/sdg/ServletReporte?reporte=experienia_idoneidad&solicitud=15448&pfdrid_c=false HTTP/1.1" 200 24807
168.119.138.106 - - [22/Oct/2021:07:43:10 -0500] "GET /BLA/resoluciones/AUTOS%202007/2815.pdf HTTP/1.1" 200 70930
186.148.168.245 - - [22/Oct/2021:07:43:13 -0500] "POST /sipse/faces/presentacion/financiero/solicitudProceso/consultarSolicitudProceso.xhtml HTTP/1.1" 200 207329
201.245.192.253 - - [22/Oct/2021:07:43:16 -0500] "GET /catalogoisis/ HTTP/1.1" 200 8575
186.148.168.245 - - [22/Oct/2021:07:42:50 -0500] "GET /reportes_sipse/sdg/ServletReporte?reporte=experienia_idoneidad&solicitud=15448&pfdrid_c=false HTTP/1.1" 200 17863
168.119.138.106 - - [22/Oct/2021:07:43:26 -0500] "GET /BLA/resoluciones/AUTOS%202007/2401.pdf HTTP/1.1" 200 75617
186.148.168.245 - - [22/Oct/2021:07:43:09 -0500] "GET /reportes_sipse/sdg/ServletReporte?reporte=experienia_idoneidad&solicitud=15448&pfdrid_c=false HTTP/1.1" 200 95223
168.119.138.106 - - [22/Oct/2021:07:43:36 -0500] "GET /BLA/resoluciones/AUTOS%202007/3089.pdf HTTP/1.1" 200 216348
168.119.138.106 - - [22/Oct/2021:07:43:47 -0500] "GET /BLA/resoluciones/AUTOS%202007/2447.pdf HTTP/1.1" 200 185627
186.148.168.245 - - [22/Oct/2021:07:43:47 -0500] "POST /sipse/faces/presentacion/financiero/solicitudProceso/consultarSolicitudProceso.xhtml HTTP/1.1" 200 207329
168.119.138.106 - - [22/Oct/2021:07:43:57 -0500] "GET /BLA/resoluciones/AUTOS%202007/3531.pdf HTTP/1.1" 200 418120
168.119.138.106 - - [22/Oct/2021:07:44:09 -0500] "GET /BLA/resoluciones/AUTOS%202007/0129.pdf HTTP/1.1" 200 44639
181.53.13.126 - - [22/Oct/2021:07:44:15 -0500] "GET /galeria/galeria/jquery.fancybox.css?v=2.1.5 HTTP/1.1" 200 4895
201.245.192.253 - - [22/Oct/2021:07:44:17 -0500] "GET /catalogoisis/ HTTP/1.1" 200 8575
168.119.138.106 - - [22/Oct/2021:07:44:18 -0500] "GET /BLA/resoluciones/AUTOS%202007/3070.pdf HTTP/1.1" 200 116011
168.119.138.106 - - [22/Oct/2021:07:44:27 -0500] "GET /BLA/resoluciones/AUTOS%202007/2189.pdf HTTP/1.1" 200 113474
168.119.138.106 - - [22/Oct/2021:07:44:36 -0500] "GET /BLA/resoluciones/AUTOS%202007/3081.pdf HTTP/1.1" 200 55790
186.148.168.245 - - [22/Oct/2021:07:44:37 -0500] "POST /sipse/faces/presentacion/financiero/solicitudProceso/consultarSolicitudProceso.xhtml HTTP/1.1" 200 54243
186.148.168.245 - - [22/Oct/2021:07:44:40 -0500] "GET /sipse/faces/javax.faces.resource/theme.css?ln=primefaces-sipse HTTP/1.1" 304 -
186.148.168.245 - - [22/Oct/2021:07:44:41 -0500] "GET /sipse/faces/javax.faces.resource/layout/layout.css?ln=primefaces&v=4.0 HTTP/1.1" 304 -
186.148.168.245 - - [22/Oct/2021:07:44:41 -0500] "GET /sipse/faces/javax.faces.resource/primefaces.css?ln=primefaces&v=4.0 HTTP/1.1" 304 -
186.148.168.245 - - [22/Oct/2021:07:44:41 -0500] "GET /sipse/faces/javax.faces.resource/jquery/jquery.js?ln=primefaces&v=4.0 HTTP/1.1" 304 -
186.148.168.245 - - [22/Oct/2021:07:44:41 -0500] "GET /sipse/faces/javax.faces.resource/jquery/jquery-plugins.js?ln=primefaces&v=4.0 HTTP/1.1" 304 -
186.148.168.245 - - [22/Oct/2021:07:44:41 -0500] "GET /sipse/faces/javax.faces.resource/primefaces.js?ln=primefaces&v=4.0 HTTP/1.1" 304 -
186.148.168.245 - - [22/Oct/2021:07:44:41 -0500] "GET /sipse/faces/javax.faces.resource/layout/layout.js?ln=primefaces&v=4.0 HTTP/1.1" 304 -
170.78.40.67 - - [22/Oct/2021:07:44:41 -0500] "GET /se-abre-convocatoria-a-organizaciones-ambientales-para-generar-1-070-empleos-verdes-dirigidos-a-mujeres.html HTTP/1.1" 200 1128
186.148.168.245 - - [22/Oct/2021:07:44:41 -0500] "POST /sipse/faces/presentacion/financiero/solicitudProceso/listarSolicitudProceso.xhtml HTTP/1.1" 200 1440
186.148.168.245 - - [22/Oct/2021:07:44:44 -0500] "POST /sipse/faces/presentacion/financiero/solicitudProceso/listarSolicitudProceso.xhtml HTTP/1.1" 200 23865
168.119.138.106 - - [22/Oct/2021:07:44:49 -0500] "GET /BLA/resoluciones/AUTOS%202007/0462.pdf HTTP/1.1" 200 18685
186.148.168.245 - - [22/Oct/2021:07:44:50 -0500] "POST /sipse/faces/presentacion/financiero/solicitudProceso/listarSolicitudProceso.xhtml HTTP/1.1" 200 111731
186.148.168.245 - - [22/Oct/2021:07:44:51 -0500] "GET /sipse/faces/javax.faces.resource/theme.css?ln=primefaces-sipse HTTP/1.1" 304 -
186.148.168.245 - - [22/Oct/2021:07:44:51 -0500] "GET /sipse/faces/javax.faces.resource/primefaces.css?ln=primefaces&v=4.0 HTTP/1.1" 304 -
186.148.168.245 - - [22/Oct/2021:07:44:51 -0500] "GET /sipse/faces/javax.faces.resource/layout/layout.css?ln=primefaces&v=4.0 HTTP/1.1" 304 -
186.148.168.245 - - [22/Oct/2021:07:44:51 -0500] "GET /sipse/faces/javax.faces.resource/jquery/jquery.js?ln=primefaces&v=4.0 HTTP/1.1" 304 -
186.148.168.245 - - [22/Oct/2021:07:44:52 -0500] "GET /sipse/faces/javax.faces.resource/jquery/jquery-plugins.js?ln=primefaces&v=4.0 HTTP/1.1" 304 -
186.148.168.245 - - [22/Oct/2021:07:44:52 -0500] "GET /sipse/faces/javax.faces.resource/primefaces.js?ln=primefaces&v=4.0 HTTP/1.1" 304 -
186.148.168.245 - - [22/Oct/2021:07:44:52 -0500] "GET /sipse/faces/javax.faces.resource/layout/layout.js?ln=primefaces&v=4.0 HTTP/1.1" 304 -
168.119.138.106 - - [22/Oct/2021:07:45:02 -0500] "GET /BLA/resoluciones/AUTOS%202007/1683.pdf HTTP/1.1" 200 185987
186.148.168.245 - - [22/Oct/2021:07:44:52 -0500] "GET /reportes_sipse/sdg/ServletReporte?reporte=experienia_idoneidad&solicitud=15448&pfdrid_c=false HTTP/1.1" 200 95223
201.245.192.253 - - [22/Oct/2021:07:44:22 -0500] "POST /kwsrmcab/Wsrmcab HTTP/1.1" 200 119130
186.148.168.245 - - [22/Oct/2021:07:45:16 -0500] "POST /sipse/faces/presentacion/financiero/solicitudProceso/consultarSolicitudProceso.xhtml HTTP/1.1" 200 206385
201.245.192.253 - - [22/Oct/2021:07:45:18 -0500] "GET /catalogoisis/ HTTP/1.1" 200 8575
186.155.14.64 - - [22/Oct/2021:07:45:21 -0500] "GET /se-abre-convocatoria-a-organizaciones-ambientales-para-generar-1-070-empleos-verdes-dirigidos-a-mujeres.html HTTP/1.1" 200 1128
216.245.221.92 - - [22/Oct/2021:07:45:22 -0500] "HEAD / HTTP/1.1" 200 -
186.102.47.127 - - [22/Oct/2021:07:45:45 -0500] "-" 408 -
69.63.184.5 - - [22/Oct/2021:07:45:59 -0500] "GET /se-aproxima-nueva-jornada-de-recoleccion-masiva-de-residuos-especiales-y-peligrosos-en-bogota.html HTTP/1.1" 206 1048
201.245.192.253 - - [22/Oct/2021:07:46:19 -0500] "GET /catalogoisis/ HTTP/1.1" 200 8575
186.148.168.245 - - [22/Oct/2021:07:46:41 -0500] "POST /sipse/faces/presentacion/financiero/solicitudProceso/consultarSolicitudProceso.xhtml HTTP/1.1" 200 54243
186.148.168.245 - - [22/Oct/2021:07:46:43 -0500] "GET /sipse/faces/javax.faces.resource/theme.css?ln=primefaces-sipse HTTP/1.1" 304 -
186.148.168.245 - - [22/Oct/2021:07:46:43 -0500] "GET /sipse/faces/javax.faces.resource/layout/layout.css?ln=primefaces&v=4.0 HTTP/1.1" 304 -
186.148.168.245 - - [22/Oct/2021:07:46:43 -0500] "GET /sipse/faces/javax.faces.resource/jquery/jquery.js?ln=primefaces&v=4.0 HTTP/1.1" 304 -
186.148.168.245 - - [22/Oct/2021:07:46:43 -0500] "GET /sipse/faces/javax.faces.resource/primefaces.css?ln=primefaces&v=4.0 HTTP/1.1" 304 -
186.148.168.245 - - [22/Oct/2021:07:46:43 -0500] "GET /sipse/faces/javax.faces.resource/jquery/jquery-plugins.js?ln=primefaces&v=4.0 HTTP/1.1" 304 -
186.148.168.245 - - [22/Oct/2021:07:46:44 -0500] "GET /sipse/faces/javax.faces.resource/primefaces.js?ln=primefaces&v=4.0 HTTP/1.1" 304 -
186.148.168.245 - - [22/Oct/2021:07:46:44 -0500] "GET /sipse/faces/javax.faces.resource/layout/layout.js?ln=primefaces&v=4.0 HTTP/1.1" 304 -
186.148.168.245 - - [22/Oct/2021:07:46:44 -0500] "GET /sipse/faces/javax.faces.resource/images/ui-icons_898989_256x240.png?ln=primefaces-aristo HTTP/1.1" 304 -
186.148.168.245 - - [22/Oct/2021:07:46:44 -0500] "GET /sipse/faces/javax.faces.resource/images/ui-bg_flat_0_2d5972_40x100.png?ln=primefaces-aristo HTTP/1.1" 304 -
186.148.168.245 - - [22/Oct/2021:07:46:44 -0500] "GET /sipse/faces/javax.faces.resource/messages/messages.png?ln=primefaces&v=4.0 HTTP/1.1" 304 -
186.148.168.245 - - [22/Oct/2021:07:46:44 -0500] "POST /sipse/faces/presentacion/financiero/solicitudProceso/listarSolicitudProceso.xhtml HTTP/1.1" 200 1440
186.148.168.245 - - [22/Oct/2021:07:46:47 -0500] "POST /sipse/faces/presentacion/financiero/solicitudProceso/listarSolicitudProceso.xhtml HTTP/1.1" 200 21040
186.148.168.245 - - [22/Oct/2021:07:46:50 -0500] "POST /sipse/faces/presentacion/financiero/solicitudProceso/listarSolicitudProceso.xhtml HTTP/1.1" 200 111471
186.148.168.245 - - [22/Oct/2021:07:46:51 -0500] "GET /sipse/faces/javax.faces.resource/layout/layout.css?ln=primefaces&v=4.0 HTTP/1.1" 304 -
