190.14.238.27 - - [22/Oct/2021:10:10:16 -0500] "GET /sipse/faces/javax.faces.resource/images/ui-icons_898989_256x240.png?ln=primefaces-aristo HTTP/1.1" 304 -
5.9.18.30 - - [22/Oct/2021:10:10:16 -0500] "GET /BLA/resoluciones/AUTOS%202007/0441.pdf HTTP/1.1" 200 116920
201.245.192.253 - - [22/Oct/2021:10:10:17 -0500] "GET /sipse/faces/faces/faces/faces/faces/autenticacion HTTP/1.1" 302 -
201.245.192.253 - - [22/Oct/2021:10:10:17 -0500] "GET /sipse/faces/autenticacion.xhtml HTTP/1.1" 200 12181
201.245.192.253 - - [22/Oct/2021:10:10:17 -0500] "GET /sipse/faces/javax.faces.resource/theme.css?ln=primefaces-sipse HTTP/1.1" 304 -
201.245.192.253 - - [22/Oct/2021:10:10:17 -0500] "GET /sipse/faces/javax.faces.resource/jquery/jquery.js?ln=primefaces&v=4.0 HTTP/1.1" 304 -
201.245.192.253 - - [22/Oct/2021:10:10:17 -0500] "GET /sipse/faces/javax.faces.resource/jquery/jquery-plugins.js?ln=primefaces&v=4.0 HTTP/1.1" 304 -
201.245.192.253 - - [22/Oct/2021:10:10:17 -0500] "GET /sipse/faces/javax.faces.resource/layout/layout.css?ln=primefaces&v=4.0 HTTP/1.1" 304 -
201.245.192.253 - - [22/Oct/2021:10:10:17 -0500] "GET /sipse/faces/javax.faces.resource/primefaces.css?ln=primefaces&v=4.0 HTTP/1.1" 304 -
201.245.192.253 - - [22/Oct/2021:10:10:17 -0500] "GET /sipse/faces/javax.faces.resource/primefaces.js?ln=primefaces&v=4.0 HTTP/1.1" 304 -
201.245.192.253 - - [22/Oct/2021:10:10:17 -0500] "GET /sipse/faces/javax.faces.resource/layout/layout.js?ln=primefaces&v=4.0 HTTP/1.1" 304 -
201.245.192.253 - - [22/Oct/2021:10:10:17 -0500] "GET /sipse/faces/javax.faces.resource/images/ui-icons_898989_256x240.png?ln=primefaces-aristo HTTP/1.1" 304 -
190.14.238.27 - - [22/Oct/2021:10:10:18 -0500] "GET /sipse/faces/javax.faces.resource/images/ui-bg_flat_0_2d5972_40x100.png?ln=primefaces-aristo HTTP/1.1" 304 -
190.14.238.27 - - [22/Oct/2021:10:10:18 -0500] "POST /sipse/faces/presentacion/financiero/estudioPrevio/personalSolicitado/expedirExperienciaIdoneidad.xhtml HTTP/1.1" 200 22522
190.14.238.27 - - [22/Oct/2021:10:10:18 -0500] "GET /sipse/faces/javax.faces.resource/jquery/jquery.js?ln=primefaces&v=4.0 HTTP/1.1" 304 -
190.14.238.27 - - [22/Oct/2021:10:10:18 -0500] "GET /sipse/faces/javax.faces.resource/jquery/jquery-plugins.js?ln=primefaces&v=4.0 HTTP/1.1" 304 -
190.14.238.27 - - [22/Oct/2021:10:10:18 -0500] "GET /sipse/faces/javax.faces.resource/primefaces.js?ln=primefaces&v=4.0 HTTP/1.1" 304 -
190.14.238.27 - - [22/Oct/2021:10:10:18 -0500] "GET /sipse/faces/javax.faces.resource/layout/layout.js?ln=primefaces&v=4.0 HTTP/1.1" 304 -
201.245.192.253 - - [22/Oct/2021:10:10:20 -0500] "POST /sipse/faces/autenticacion.xhtml HTTP/1.1" 200 11247
201.245.192.253 - - [22/Oct/2021:10:10:20 -0500] "GET /sipse/faces/javax.faces.resource/jquery/jquery.js?ln=primefaces&v=4.0 HTTP/1.1" 304 -
201.245.192.253 - - [22/Oct/2021:10:10:20 -0500] "GET /sipse/faces/javax.faces.resource/layout/layout.css?ln=primefaces&v=4.0 HTTP/1.1" 304 -
201.245.192.253 - - [22/Oct/2021:10:10:20 -0500] "GET /sipse/faces/javax.faces.resource/theme.css?ln=primefaces-sipse HTTP/1.1" 304 -
201.245.192.253 - - [22/Oct/2021:10:10:20 -0500] "GET /sipse/faces/javax.faces.resource/primefaces.css?ln=primefaces&v=4.0 HTTP/1.1" 304 -
201.245.192.253 - - [22/Oct/2021:10:10:21 -0500] "GET /sipse/faces/javax.faces.resource/jquery/jquery-plugins.js?ln=primefaces&v=4.0 HTTP/1.1" 304 -
201.245.192.253 - - [22/Oct/2021:10:10:21 -0500] "GET /sipse/faces/javax.faces.resource/primefaces.js?ln=primefaces&v=4.0 HTTP/1.1" 304 -
201.245.192.253 - - [22/Oct/2021:10:10:21 -0500] "GET /sipse/faces/javax.faces.resource/layout/layout.js?ln=primefaces&v=4.0 HTTP/1.1" 304 -
201.245.192.253 - - [22/Oct/2021:10:10:21 -0500] "GET /sipse/faces/javax.faces.resource/messages/messages.png?ln=primefaces&v=4.0 HTTP/1.1" 304 -
216.245.221.92 - - [22/Oct/2021:10:10:21 -0500] "HEAD / HTTP/1.1" 200 -
201.245.192.253 - - [22/Oct/2021:10:10:23 -0500] "POST /sipse/faces/presentacion/sistema/seguridad/seleccionRol.xhtml HTTP/1.1" 200 5610
201.245.192.253 - - [22/Oct/2021:10:10:24 -0500] "POST /sipse/faces/presentacion/sistema/seguridad/seleccionRol.xhtml HTTP/1.1" 200 15421
201.245.192.253 - - [22/Oct/2021:10:10:24 -0500] "GET /sipse/faces/javax.faces.resource/theme.css?ln=primefaces-sipse HTTP/1.1" 304 -
201.245.192.253 - - [22/Oct/2021:10:10:24 -0500] "GET /sipse/faces/javax.faces.resource/primefaces.css?ln=primefaces&v=4.0 HTTP/1.1" 304 -
201.245.192.253 - - [22/Oct/2021:10:10:24 -0500] "GET /sipse/faces/javax.faces.resource/layout/layout.css?ln=primefaces&v=4.0 HTTP/1.1" 304 -
201.245.192.253 - - [22/Oct/2021:10:10:24 -0500] "GET /sipse/faces/javax.faces.resource/jquery/jquery.js?ln=primefaces&v=4.0 HTTP/1.1" 304 -
201.245.192.253 - - [22/Oct/2021:10:10:24 -0500] "GET /sipse/faces/javax.faces.resource/jquery/jquery-plugins.js?ln=primefaces&v=4.0 HTTP/1.1" 304 -
201.245.192.253 - - [22/Oct/2021:10:10:24 -0500] "GET /sipse/faces/javax.faces.resource/primefaces.js?ln=primefaces&v=4.0 HTTP/1.1" 304 -
201.245.192.253 - - [22/Oct/2021:10:10:24 -0500] "GET /sipse/faces/javax.faces.resource/layout/layout.js?ln=primefaces&v=4.0 HTTP/1.1" 304 -
201.245.192.253 - - [22/Oct/2021:10:10:24 -0500] "GET /sipse/css/imagen/contrasena.png HTTP/1.1" 404 383
201.245.192.253 - - [22/Oct/2021:10:10:26 -0500] "GET /sipse/faces/javax.faces.resource/images/ui-bg_flat_0_2d5972_40x100.png?ln=primefaces-aristo HTTP/1.1" 304 -
201.245.192.253 - - [22/Oct/2021:10:10:26 -0500] "POST /sipse/faces/bienvenido.xhtml HTTP/1.1" 200 1471
201.245.192.253 - - [22/Oct/2021:10:10:27 -0500] "GET /catalogoisis/ HTTP/1.1" 200 8575
201.245.192.253 - - [22/Oct/2021:10:10:27 -0500] "POST /sipse/faces/bienvenido.xhtml HTTP/1.1" 200 28934
201.245.192.253 - - [22/Oct/2021:10:10:27 -0500] "GET /sipse/faces/javax.faces.resource/primefaces.css?ln=primefaces&v=4.0 HTTP/1.1" 304 -
201.245.192.253 - - [22/Oct/2021:10:10:27 -0500] "GET /sipse/faces/javax.faces.resource/theme.css?ln=primefaces-sipse HTTP/1.1" 304 -
201.245.192.253 - - [22/Oct/2021:10:10:27 -0500] "GET /sipse/faces/javax.faces.resource/layout/layout.css?ln=primefaces&v=4.0 HTTP/1.1" 304 -
201.245.192.253 - - [22/Oct/2021:10:10:27 -0500] "GET /sipse/faces/javax.faces.resource/jquery/jquery.js?ln=primefaces&v=4.0 HTTP/1.1" 304 -
201.245.192.253 - - [22/Oct/2021:10:10:27 -0500] "GET /sipse/faces/javax.faces.resource/jquery/jquery-plugins.js?ln=primefaces&v=4.0 HTTP/1.1" 304 -
201.245.192.253 - - [22/Oct/2021:10:10:27 -0500] "GET /sipse/faces/javax.faces.resource/primefaces.js?ln=primefaces&v=4.0 HTTP/1.1" 304 -
201.245.192.253 - - [22/Oct/2021:10:10:27 -0500] "GET /sipse/faces/javax.faces.resource/layout/layout.js?ln=primefaces&v=4.0 HTTP/1.1" 304 -
201.245.192.253 - - [22/Oct/2021:10:10:27 -0500] "POST /sipse/faces/presentacion/financiero/solicitudProceso/listarSolicitudProceso.xhtml HTTP/1.1" 200 1328
190.14.238.27 - - [22/Oct/2021:10:10:40 -0500] "GET /sipse/faces/javax.faces.resource/theme.css?ln=primefaces-sipse HTTP/1.1" 304 -
190.14.238.27 - - [22/Oct/2021:10:10:40 -0500] "GET /sipse/faces/javax.faces.resource/primefaces.css?ln=primefaces&v=4.0 HTTP/1.1" 304 -
190.14.238.27 - - [22/Oct/2021:10:10:40 -0500] "POST /sipse/faces/presentacion/financiero/estudioPrevio/personalSolicitado/asociarExperienciaContratista.xhtml HTTP/1.1" 200 61677
190.14.238.27 - - [22/Oct/2021:10:10:40 -0500] "GET /sipse/faces/javax.faces.resource/jquery/jquery.js?ln=primefaces&v=4.0 HTTP/1.1" 304 -
190.14.238.27 - - [22/Oct/2021:10:10:40 -0500] "GET /sipse/faces/javax.faces.resource/primefaces.js?ln=primefaces&v=4.0 HTTP/1.1" 304 -
190.14.238.27 - - [22/Oct/2021:10:10:40 -0500] "GET /sipse/faces/javax.faces.resource/layout/layout.css?ln=primefaces&v=4.0 HTTP/1.1" 304 -
190.14.238.27 - - [22/Oct/2021:10:10:40 -0500] "GET /sipse/faces/javax.faces.resource/jquery/jquery-plugins.js?ln=primefaces&v=4.0 HTTP/1.1" 304 -
190.14.238.27 - - [22/Oct/2021:10:10:40 -0500] "GET /sipse/faces/javax.faces.resource/layout/layout.js?ln=primefaces&v=4.0 HTTP/1.1" 304 -
190.14.238.27 - - [22/Oct/2021:10:10:40 -0500] "GET /sipse/faces/javax.faces.resource/images/ui-icons_898989_256x240.png?ln=primefaces-aristo HTTP/1.1" 304 -
5.9.18.30 - - [22/Oct/2021:10:10:41 -0500] "GET /BLA/resoluciones/AUTOS%202007/1549.pdf HTTP/1.1" 200 31965
186.84.21.57 - - [22/Oct/2021:10:10:46 -0500] "POST /sipse/faces/presentacion/financiero/solicitudAnulacion/solicitudAnulacion.xhtml HTTP/1.1" 200 7221
190.14.238.27 - - [22/Oct/2021:10:10:47 -0500] "GET /sipse/faces/javax.faces.resource/images/ui-bg_flat_0_2d5972_40x100.png?ln=primefaces-aristo HTTP/1.1" 304 -
186.84.21.57 - - [22/Oct/2021:10:10:47 -0500] "POST /sipse/faces/presentacion/financiero/solicitudAnulacion/solicitudAnulacion.xhtml HTTP/1.1" 200 31708
186.84.21.57 - - [22/Oct/2021:10:10:48 -0500] "GET /sipse/faces/javax.faces.resource/theme.css?ln=primefaces-sipse HTTP/1.1" 304 -
186.84.21.57 - - [22/Oct/2021:10:10:48 -0500] "GET /sipse/faces/javax.faces.resource/jquery/jquery.js?ln=primefaces&v=4.0 HTTP/1.1" 304 -
186.84.21.57 - - [22/Oct/2021:10:10:48 -0500] "GET /sipse/css/imagen/contrasena.png HTTP/1.1" 404 383
186.84.21.57 - - [22/Oct/2021:10:10:48 -0500] "GET /sipse/faces/javax.faces.resource/layout/layout.css?ln=primefaces&v=4.0 HTTP/1.1" 304 -
186.84.21.57 - - [22/Oct/2021:10:10:48 -0500] "GET /sipse/faces/javax.faces.resource/primefaces.css?ln=primefaces&v=4.0 HTTP/1.1" 304 -
186.84.21.57 - - [22/Oct/2021:10:10:48 -0500] "GET /sipse/faces/javax.faces.resource/jquery/jquery-plugins.js?ln=primefaces&v=4.0 HTTP/1.1" 304 -
186.84.21.57 - - [22/Oct/2021:10:10:48 -0500] "GET /sipse/faces/javax.faces.resource/primefaces.js?ln=primefaces&v=4.0 HTTP/1.1" 304 -
186.84.21.57 - - [22/Oct/2021:10:10:48 -0500] "GET /sipse/faces/javax.faces.resource/layout/layout.js?ln=primefaces&v=4.0 HTTP/1.1" 304 -
186.84.21.57 - - [22/Oct/2021:10:10:48 -0500] "POST /sipse/faces/presentacion/sistema/reporte/listarReportes.xhtml HTTP/1.1" 200 24990
186.84.21.57 - - [22/Oct/2021:10:10:48 -0500] "POST /sipse/faces/presentacion/sistema/reporte/listarReportes.xhtml HTTP/1.1" 200 24990
186.84.21.57 - - [22/Oct/2021:10:10:48 -0500] "POST /sipse/faces/presentacion/sistema/reporte/listarReportes.xhtml HTTP/1.1" 200 24990
186.84.21.57 - - [22/Oct/2021:10:10:49 -0500] "POST /sipse/faces/presentacion/sistema/reporte/listarReportes.xhtml HTTP/1.1" 200 24990
186.84.21.57 - - [22/Oct/2021:10:10:49 -0500] "POST /sipse/faces/presentacion/sistema/reporte/listarReportes.xhtml HTTP/1.1" 200 24990
190.14.238.27 - - [22/Oct/2021:10:10:47 -0500] "POST /sipse/faces/presentacion/financiero/estudioPrevio/personalSolicitado/expedirExperienciaIdoneidad.xhtml HTTP/1.1" 200 144133
190.14.238.27 - - [22/Oct/2021:10:10:50 -0500] "GET /sipse/faces/javax.faces.resource/jquery/jquery.js?ln=primefaces&v=4.0 HTTP/1.1" 304 -
190.14.238.27 - - [22/Oct/2021:10:10:50 -0500] "GET /sipse/faces/javax.faces.resource/jquery/jquery-plugins.js?ln=primefaces&v=4.0 HTTP/1.1" 304 -
186.84.21.57 - - [22/Oct/2021:10:10:49 -0500] "POST /sipse/faces/presentacion/sistema/reporte/listarReportes.xhtml HTTP/1.1" 200 24990
190.14.238.27 - - [22/Oct/2021:10:10:50 -0500] "GET /sipse/faces/javax.faces.resource/primefaces.js?ln=primefaces&v=4.0 HTTP/1.1" 304 -
190.14.238.27 - - [22/Oct/2021:10:10:50 -0500] "GET /sipse/faces/javax.faces.resource/layout/layout.js?ln=primefaces&v=4.0 HTTP/1.1" 304 -
190.14.238.27 - - [22/Oct/2021:10:10:50 -0500] "GET /sipse/faces/javax.faces.resource/dynamiccontent.properties?ln=primefaces&pfdrid=XjOR5%2F%2FfPAZAuY9TpWQeCiM0BhlXxYRBGKi%2FQcXXfeA%3D&pfdrid_c=false HTTP/1.1" 500 383
201.245.192.253 - - [22/Oct/2021:10:10:49 -0500] "POST /sipse/faces/presentacion/proyectos/proyecto/meta/meta.xhtml HTTP/1.1" 200 107189
201.245.192.253 - - [22/Oct/2021:10:10:50 -0500] "GET /sipse/faces/index.xhtml HTTP/1.1" 200 677
201.245.192.253 - - [22/Oct/2021:10:10:51 -0500] "GET /sipse/faces/javax.faces.resource/theme.css?ln=primefaces-sipse HTTP/1.1" 304 -
201.245.192.253 - - [22/Oct/2021:10:10:51 -0500] "GET /sipse/faces/faces/autenticacion.xhtml HTTP/1.1" 200 12181
201.245.192.253 - - [22/Oct/2021:10:10:51 -0500] "GET /sipse/faces/javax.faces.resource/theme.css?ln=primefaces-sipse HTTP/1.1" 304 -
201.245.192.253 - - [22/Oct/2021:10:10:51 -0500] "GET /sipse/faces/javax.faces.resource/primefaces.css?ln=primefaces&v=4.0 HTTP/1.1" 304 -
201.245.192.253 - - [22/Oct/2021:10:10:51 -0500] "GET /sipse/faces/javax.faces.resource/layout/layout.css?ln=primefaces&v=4.0 HTTP/1.1" 304 -
201.245.192.253 - - [22/Oct/2021:10:10:51 -0500] "GET /sipse/faces/javax.faces.resource/layout/layout.js?ln=primefaces&v=4.0 HTTP/1.1" 304 -
201.245.192.253 - - [22/Oct/2021:10:10:51 -0500] "GET /sipse/faces/javax.faces.resource/jquery/jquery-plugins.js?ln=primefaces&v=4.0 HTTP/1.1" 304 -
201.245.192.253 - - [22/Oct/2021:10:10:51 -0500] "GET /sipse/faces/javax.faces.resource/primefaces.js?ln=primefaces&v=4.0 HTTP/1.1" 304 -
201.245.192.253 - - [22/Oct/2021:10:10:51 -0500] "GET /sipse/faces/javax.faces.resource/jquery/jquery.js?ln=primefaces&v=4.0 HTTP/1.1" 304 -
201.245.192.253 - - [22/Oct/2021:10:10:51 -0500] "GET /sipse/faces/javax.faces.resource/images/ui-icons_898989_256x240.png?ln=primefaces-aristo HTTP/1.1" 304 -
201.245.192.253 - - [22/Oct/2021:10:10:50 -0500] "POST /sipse/faces/presentacion/proyectos/proyecto/meta/meta.xhtml HTTP/1.1" 200 107185
201.245.192.253 - - [22/Oct/2021:10:10:51 -0500] "POST /sipse/faces/presentacion/proyectos/proyecto/meta/meta.xhtml HTTP/1.1" 200 107185
201.245.192.253 - - [22/Oct/2021:10:10:53 -0500] "POST /sipse/faces/autenticacion.xhtml HTTP/1.1" 200 2225
201.245.192.253 - - [22/Oct/2021:10:10:53 -0500] "GET /sipse/faces/javax.faces.resource/messages/messages.png?ln=primefaces&v=4.0 HTTP/1.1" 304 -
201.245.192.253 - - [22/Oct/2021:10:10:52 -0500] "POST /sipse/faces/presentacion/proyectos/proyecto/meta/meta.xhtml HTTP/1.1" 200 107185
201.245.192.253 - - [22/Oct/2021:10:10:54 -0500] "POST /sipse/faces/autenticacion.xhtml HTTP/1.1" 200 16049
201.245.192.253 - - [22/Oct/2021:10:10:54 -0500] "GET /sipse/faces/javax.faces.resource/primefaces.css?ln=primefaces&v=4.0 HTTP/1.1" 304 -
201.245.192.253 - - [22/Oct/2021:10:10:54 -0500] "GET /sipse/faces/javax.faces.resource/layout/layout.css?ln=primefaces&v=4.0 HTTP/1.1" 304 -
201.245.192.253 - - [22/Oct/2021:10:10:54 -0500] "GET /sipse/faces/javax.faces.resource/theme.css?ln=primefaces-sipse HTTP/1.1" 304 -
201.245.192.253 - - [22/Oct/2021:10:10:54 -0500] "GET /sipse/faces/javax.faces.resource/jquery/jquery.js?ln=primefaces&v=4.0 HTTP/1.1" 304 -
201.245.192.253 - - [22/Oct/2021:10:10:54 -0500] "GET /sipse/faces/javax.faces.resource/jquery/jquery-plugins.js?ln=primefaces&v=4.0 HTTP/1.1" 304 -
201.245.192.253 - - [22/Oct/2021:10:10:54 -0500] "GET /sipse/faces/javax.faces.resource/primefaces.js?ln=primefaces&v=4.0 HTTP/1.1" 304 -
201.245.192.253 - - [22/Oct/2021:10:10:54 -0500] "GET /sipse/faces/javax.faces.resource/layout/layout.js?ln=primefaces&v=4.0 HTTP/1.1" 304 -
201.245.192.253 - - [22/Oct/2021:10:10:54 -0500] "GET /sipse/css/imagen/contrasena.png HTTP/1.1" 404 383
201.245.192.253 - - [22/Oct/2021:10:10:53 -0500] "POST /sipse/faces/presentacion/proyectos/proyecto/meta/meta.xhtml HTTP/1.1" 200 107189
201.245.192.253 - - [22/Oct/2021:10:10:54 -0500] "POST /sipse/faces/presentacion/proyectos/proyecto/meta/meta.xhtml HTTP/1.1" 200 107185
201.245.192.253 - - [22/Oct/2021:10:10:56 -0500] "GET /sipse/faces/javax.faces.resource/images/ui-bg_flat_0_2d5972_40x100.png?ln=primefaces-aristo HTTP/1.1" 304 -
201.245.192.253 - - [22/Oct/2021:10:10:56 -0500] "POST /sipse/faces/bienvenido.xhtml HTTP/1.1" 200 2658
201.245.192.253 - - [22/Oct/2021:10:10:55 -0500] "POST /sipse/faces/presentacion/proyectos/proyecto/meta/meta.xhtml HTTP/1.1" 200 107189
190.14.238.27 - - [22/Oct/2021:10:10:56 -0500] "POST /sipse/faces/presentacion/financiero/solicitudProceso/consultarSolicitudProceso.xhtml HTTP/1.1" 200 5568
201.245.192.253 - - [22/Oct/2021:10:10:56 -0500] "POST /sipse/faces/presentacion/proyectos/proyecto/meta/meta.xhtml HTTP/1.1" 200 107185
201.245.192.253 - - [22/Oct/2021:10:10:58 -0500] "POST /sipse/faces/presentacion/proyectos/proyecto/meta/meta.xhtml HTTP/1.1" 200 107189
5.9.18.30 - - [22/Oct/2021:10:11:03 -0500] "GET /BLA/resoluciones/AUTOS%202007/1061.pdf HTTP/1.1" 200 88929
190.14.238.27 - - [22/Oct/2021:10:11:02 -0500] "POST /sipse/faces/presentacion/financiero/solicitudProceso/consultarSolicitudProceso.xhtml HTTP/1.1" 200 5568
201.245.192.253 - - [22/Oct/2021:10:11:01 -0500] "POST /sipse/faces/presentacion/proyectos/proyecto/meta/meta.xhtml HTTP/1.1" 200 107185
201.245.192.253 - - [22/Oct/2021:10:11:03 -0500] "POST /sipse/faces/presentacion/proyectos/proyecto/meta/meta.xhtml HTTP/1.1" 200 107189
201.245.192.253 - - [22/Oct/2021:10:11:06 -0500] "POST /sipse/faces/presentacion/proyectos/proyecto/meta/meta.xhtml HTTP/1.1" 200 107185
190.14.238.27 - - [22/Oct/2021:10:11:11 -0500] "POST /sipse/faces/presentacion/financiero/solicitudProceso/consultarSolicitudProceso.xhtml HTTP/1.1" 200 5568
201.245.192.253 - - [22/Oct/2021:10:11:09 -0500] "POST /sipse/faces/presentacion/proyectos/proyecto/meta/meta.xhtml HTTP/1.1" 200 107189
201.245.192.253 - - [22/Oct/2021:10:11:13 -0500] "POST /sipse/faces/presentacion/proyectos/proyecto/meta/meta.xhtml HTTP/1.1" 200 107185
190.14.238.27 - - [22/Oct/2021:10:11:16 -0500] "POST /sipse/faces/presentacion/financiero/solicitudProceso/consultarSolicitudProceso.xhtml HTTP/1.1" 200 5568
201.245.192.253 - - [22/Oct/2021:10:11:17 -0500] "POST /sipse/faces/presentacion/proyectos/proyecto/meta/meta.xhtml HTTP/1.1" 200 107189
190.14.238.27 - - [22/Oct/2021:10:11:22 -0500] "POST /sipse/faces/presentacion/financiero/solicitudProceso/consultarSolicitudProceso.xhtml HTTP/1.1" 200 5568
5.9.18.30 - - [22/Oct/2021:10:11:26 -0500] "GET /BLA/resoluciones/AUTOS%202007/2489.pdf HTTP/1.1" 200 67331
201.245.192.253 - - [22/Oct/2021:10:11:27 -0500] "GET /catalogoisis/ HTTP/1.1" 200 8575
201.245.192.253 - - [22/Oct/2021:10:11:23 -0500] "POST /sipse/faces/presentacion/proyectos/proyecto/meta/meta.xhtml HTTP/1.1" 200 107185
190.14.238.27 - - [22/Oct/2021:10:11:28 -0500] "POST /sipse/faces/presentacion/financiero/solicitudProceso/consultarSolicitudProceso.xhtml HTTP/1.1" 200 5568
201.245.192.253 - - [22/Oct/2021:10:11:28 -0500] "POST /sipse/faces/presentacion/proyectos/proyecto/meta/meta.xhtml HTTP/1.1" 200 107185
190.14.238.27 - - [22/Oct/2021:10:11:35 -0500] "POST /sipse/faces/presentacion/financiero/solicitudProceso/consultarSolicitudProceso.xhtml HTTP/1.1" 200 5568
186.84.21.57 - - [22/Oct/2021:10:11:40 -0500] "GET /sipse/faces/javax.faces.resource/theme.css?ln=primefaces-sipse HTTP/1.1" 304 -
186.84.21.57 - - [22/Oct/2021:10:11:40 -0500] "GET /sipse/faces/javax.faces.resource/primefaces.css?ln=primefaces&v=4.0 HTTP/1.1" 304 -
186.84.21.57 - - [22/Oct/2021:10:11:40 -0500] "GET /sipse/faces/javax.faces.resource/primefaces.js?ln=primefaces&v=4.0 HTTP/1.1" 304 -
186.84.21.57 - - [22/Oct/2021:10:11:40 -0500] "GET /sipse/faces/javax.faces.resource/jquery/jquery-plugins.js?ln=primefaces&v=4.0 HTTP/1.1" 304 -
186.84.21.57 - - [22/Oct/2021:10:11:38 -0500] "POST /sipse/faces/presentacion/sistema/reporte/listarReportes.xhtml HTTP/1.1" 200 24899
186.84.21.57 - - [22/Oct/2021:10:11:40 -0500] "GET /sipse/faces/javax.faces.resource/jquery/jquery.js?ln=primefaces&v=4.0 HTTP/1.1" 304 -
186.84.21.57 - - [22/Oct/2021:10:11:40 -0500] "GET /sipse/faces/javax.faces.resource/layout/layout.css?ln=primefaces&v=4.0 HTTP/1.1" 304 -
186.84.21.57 - - [22/Oct/2021:10:11:40 -0500] "GET /sipse/faces/javax.faces.resource/layout/layout.js?ln=primefaces&v=4.0 HTTP/1.1" 304 -
186.84.21.57 - - [22/Oct/2021:10:11:40 -0500] "GET /sipse/css/imagen/contrasena.png HTTP/1.1" 404 383
186.84.21.57 - - [22/Oct/2021:10:11:40 -0500] "GET /reportes_sipse/sdg/ServletReporte?reporte=saldo_actividades HTTP/1.1" 200 6255
186.84.21.57 - - [22/Oct/2021:10:11:40 -0500] "GET /reportes_sipse/js/funciones.js HTTP/1.1" 200 4709
186.84.21.57 - - [22/Oct/2021:10:11:40 -0500] "GET /reportes_sipse/css/estilos.css HTTP/1.1" 200 9135
186.84.21.57 - - [22/Oct/2021:10:11:40 -0500] "GET /reportes_sipse/js/date-picker.js HTTP/1.1" 200 16768
186.84.21.57 - - [22/Oct/2021:10:11:40 -0500] "GET /reportes_sipse/imagenes/calendario.gif HTTP/1.1" 200 1387
186.84.21.57 - - [22/Oct/2021:10:11:40 -0500] "GET /reportes_sipse/imagenes/pdf.gif HTTP/1.1" 200 598
186.84.21.57 - - [22/Oct/2021:10:11:40 -0500] "GET /reportes_sipse/imagenes/excel.gif HTTP/1.1" 200 613
186.84.21.57 - - [22/Oct/2021:10:11:40 -0500] "GET /reportes_sipse/imagenes/logoAplicacion.jpg HTTP/1.1" 200 26872
186.84.21.57 - - [22/Oct/2021:10:11:40 -0500] "GET /reportes_sipse/imagenes/fondo.jpg HTTP/1.1" 200 20235
201.245.192.253 - - [22/Oct/2021:10:11:35 -0500] "POST /sipse/faces/presentacion/proyectos/proyecto/meta/meta.xhtml HTTP/1.1" 200 107185
186.28.75.103 - - [22/Oct/2021:10:11:44 -0500] "POST /sipse/faces/presentacion/financiero/solicitudProceso/listarSolicitudProceso.xhtml HTTP/1.1" 200 6956
186.84.21.57 - - [22/Oct/2021:10:11:44 -0500] "POST /sipse/faces/presentacion/sistema/reporte/ventanaVerReporteParametros.xhtml HTTP/1.1" 200 31708
186.84.21.57 - - [22/Oct/2021:10:11:46 -0500] "GET /sipse/faces/javax.faces.resource/primefaces.css?ln=primefaces&v=4.0 HTTP/1.1" 304 -
186.84.21.57 - - [22/Oct/2021:10:11:46 -0500] "GET /sipse/faces/javax.faces.resource/layout/layout.css?ln=primefaces&v=4.0 HTTP/1.1" 304 -
186.84.21.57 - - [22/Oct/2021:10:11:46 -0500] "GET /sipse/faces/javax.faces.resource/theme.css?ln=primefaces-sipse HTTP/1.1" 304 -
186.84.21.57 - - [22/Oct/2021:10:11:46 -0500] "GET /sipse/faces/javax.faces.resource/jquery/jquery.js?ln=primefaces&v=4.0 HTTP/1.1" 304 -
186.84.21.57 - - [22/Oct/2021:10:11:46 -0500] "GET /sipse/faces/javax.faces.resource/jquery/jquery-plugins.js?ln=primefaces&v=4.0 HTTP/1.1" 304 -
186.84.21.57 - - [22/Oct/2021:10:11:46 -0500] "GET /sipse/faces/javax.faces.resource/primefaces.js?ln=primefaces&v=4.0 HTTP/1.1" 304 -
186.84.21.57 - - [22/Oct/2021:10:11:46 -0500] "GET /sipse/faces/javax.faces.resource/layout/layout.js?ln=primefaces&v=4.0 HTTP/1.1" 304 -
5.9.18.30 - - [22/Oct/2021:10:11:49 -0500] "GET /BLA/resoluciones/AUTOS%202007/1587.pdf HTTP/1.1" 200 29782
190.14.238.27 - - [22/Oct/2021:10:11:45 -0500] "POST /sipse/faces/presentacion/financiero/solicitudProceso/consultarSolicitudProceso.xhtml HTTP/1.1" 200 5568
186.28.75.103 - - [22/Oct/2021:10:11:49 -0500] "POST /sipse/faces/presentacion/financiero/solicitudProceso/listarSolicitudProceso.xhtml HTTP/1.1" 200 159896
186.28.75.103 - - [22/Oct/2021:10:12:01 -0500] "GET /sipse/faces/javax.faces.resource/primefaces.css?ln=primefaces&v=4.0 HTTP/1.1" 304 -
186.28.75.103 - - [22/Oct/2021:10:12:01 -0500] "GET /sipse/css/imagen/contrasena.png HTTP/1.1" 404 383
186.28.75.103 - - [22/Oct/2021:10:12:01 -0500] "GET /sipse/faces/javax.faces.resource/theme.css?ln=primefaces-sipse HTTP/1.1" 304 -
186.28.75.103 - - [22/Oct/2021:10:12:01 -0500] "GET /sipse/faces/javax.faces.resource/layout/layout.css?ln=primefaces&v=4.0 HTTP/1.1" 304 -
186.28.75.103 - - [22/Oct/2021:10:12:01 -0500] "GET /sipse/faces/javax.faces.resource/jquery/jquery.js?ln=primefaces&v=4.0 HTTP/1.1" 304 -
186.28.75.103 - - [22/Oct/2021:10:12:01 -0500] "GET /sipse/faces/javax.faces.resource/jquery/jquery-plugins.js?ln=primefaces&v=4.0 HTTP/1.1" 304 -
186.28.75.103 - - [22/Oct/2021:10:12:01 -0500] "GET /sipse/faces/javax.faces.resource/primefaces.js?ln=primefaces&v=4.0 HTTP/1.1" 304 -
186.28.75.103 - - [22/Oct/2021:10:12:02 -0500] "GET /sipse/faces/javax.faces.resource/layout/layout.js?ln=primefaces&v=4.0 HTTP/1.1" 304 -
190.14.238.27 - - [22/Oct/2021:10:11:56 -0500] "POST /sipse/faces/presentacion/financiero/solicitudProceso/consultarSolicitudProceso.xhtml HTTP/1.1" 200 5568
201.245.192.253 - - [22/Oct/2021:10:10:56 -0500] "POST /sipse/faces/bienvenido.xhtml HTTP/1.1" 200 61788
201.245.192.253 - - [22/Oct/2021:10:12:05 -0500] "GET /sipse/faces/javax.faces.resource/primefaces.css?ln=primefaces&v=4.0 HTTP/1.1" 304 -
201.245.192.253 - - [22/Oct/2021:10:12:05 -0500] "GET /sipse/faces/javax.faces.resource/theme.css?ln=primefaces-sipse HTTP/1.1" 304 -
201.245.192.253 - - [22/Oct/2021:10:12:05 -0500] "GET /sipse/faces/javax.faces.resource/layout/layout.css?ln=primefaces&v=4.0 HTTP/1.1" 304 -
201.245.192.253 - - [22/Oct/2021:10:12:05 -0500] "GET /sipse/faces/javax.faces.resource/jquery/jquery.js?ln=primefaces&v=4.0 HTTP/1.1" 304 -
201.245.192.253 - - [22/Oct/2021:10:12:05 -0500] "GET /sipse/faces/javax.faces.resource/jquery/jquery-plugins.js?ln=primefaces&v=4.0 HTTP/1.1" 304 -
201.245.192.253 - - [22/Oct/2021:10:12:05 -0500] "GET /sipse/faces/javax.faces.resource/primefaces.js?ln=primefaces&v=4.0 HTTP/1.1" 304 -
201.245.192.253 - - [22/Oct/2021:10:12:05 -0500] "GET /sipse/faces/javax.faces.resource/layout/layout.js?ln=primefaces&v=4.0 HTTP/1.1" 304 -
186.102.20.229 - - [22/Oct/2021:10:12:10 -0500] "GET /galeria/galeria/jquery.fancybox.css?v=2.1.5 HTTP/1.1" 200 4895
5.9.18.30 - - [22/Oct/2021:10:12:11 -0500] "GET /BLA/resoluciones/AUTOS%202007/2278.pdf HTTP/1.1" 200 328296
201.245.192.253 - - [22/Oct/2021:10:12:08 -0500] "POST /sipse/faces/presentacion/proyectos/proyecto/meta/meta.xhtml HTTP/1.1" 200 107189
190.14.238.27 - - [22/Oct/2021:10:12:16 -0500] "POST /sipse/faces/presentacion/financiero/solicitudProceso/consultarSolicitudProceso.xhtml HTTP/1.1" 200 5568
201.245.192.253 - - [22/Oct/2021:10:12:28 -0500] "GET /catalogoisis/ HTTP/1.1" 200 8575
190.14.238.27 - - [22/Oct/2021:10:10:57 -0500] "GET /reportes_sipse/sdg/ServletReporte?reporte=experienia_idoneidad&solicitud=13989&pfdrid_c=false HTTP/1.1" 200 17863
201.245.192.253 - - [22/Oct/2021:10:12:19 -0500] "POST /sipse/faces/presentacion/proyectos/proyecto/meta/meta.xhtml HTTP/1.1" 200 107185
201.245.192.253 - - [22/Oct/2021:10:12:05 -0500] "POST /sipse/faces/presentacion/financiero/solicitudProceso/listarSolicitudProceso.xhtml HTTP/1.1" 200 1448
190.14.238.27 - - [22/Oct/2021:10:12:27 -0500] "POST /sipse/faces/presentacion/financiero/solicitudProceso/consultarSolicitudProceso.xhtml HTTP/1.1" 200 5568
186.84.21.57 - - [22/Oct/2021:10:12:36 -0500] "GET /sipse/faces/javax.faces.resource/theme.css?ln=primefaces-sipse HTTP/1.1" 304 -
186.84.21.57 - - [22/Oct/2021:10:12:36 -0500] "GET /sipse/faces/javax.faces.resource/jquery/jquery-plugins.js?ln=primefaces&v=4.0 HTTP/1.1" 304 -
186.84.21.57 - - [22/Oct/2021:10:12:36 -0500] "GET /sipse/faces/javax.faces.resource/layout/layout.css?ln=primefaces&v=4.0 HTTP/1.1" 304 -
186.84.21.57 - - [22/Oct/2021:10:12:36 -0500] "GET /sipse/faces/javax.faces.resource/primefaces.css?ln=primefaces&v=4.0 HTTP/1.1" 304 -
186.84.21.57 - - [22/Oct/2021:10:12:36 -0500] "GET /sipse/faces/javax.faces.resource/jquery/jquery.js?ln=primefaces&v=4.0 HTTP/1.1" 304 -
186.84.21.57 - - [22/Oct/2021:10:12:34 -0500] "POST /sipse/faces/presentacion/sistema/reporte/listarReportes.xhtml HTTP/1.1" 200 24899
186.84.21.57 - - [22/Oct/2021:10:12:36 -0500] "GET /sipse/faces/javax.faces.resource/primefaces.js?ln=primefaces&v=4.0 HTTP/1.1" 304 -
186.84.21.57 - - [22/Oct/2021:10:12:36 -0500] "GET /sipse/faces/javax.faces.resource/layout/layout.js?ln=primefaces&v=4.0 HTTP/1.1" 304 -
5.9.18.30 - - [22/Oct/2021:10:12:36 -0500] "GET /BLA/resoluciones/AUTOS%202007/0072.pdf HTTP/1.1" 200 48179
186.84.21.57 - - [22/Oct/2021:10:12:36 -0500] "GET /reportes_sipse/sdg/ServletReporte?reporte=saldo_actividades HTTP/1.1" 200 6255
190.14.238.27 - - [22/Oct/2021:10:12:37 -0500] "POST /sipse/faces/presentacion/financiero/solicitudProceso/consultarSolicitudProceso.xhtml HTTP/1.1" 200 5568
201.245.192.253 - - [22/Oct/2021:10:12:32 -0500] "POST /sipse/faces/presentacion/proyectos/proyecto/meta/meta.xhtml HTTP/1.1" 200 107189
201.245.192.253 - - [22/Oct/2021:10:12:44 -0500] "POST /sipse/faces/presentacion/financiero/solicitudProceso/listarSolicitudProceso.xhtml HTTP/1.1" 200 30787
190.14.238.27 - - [22/Oct/2021:10:12:46 -0500] "POST /sipse/faces/presentacion/financiero/solicitudProceso/consultarSolicitudProceso.xhtml HTTP/1.1" 200 5568
201.245.192.253 - - [22/Oct/2021:10:12:44 -0500] "POST /sipse/faces/presentacion/proyectos/proyecto/meta/meta.xhtml HTTP/1.1" 200 107185
201.245.192.253 - - [22/Oct/2021:10:12:55 -0500] "POST /sipse/faces/presentacion/financiero/solicitudProceso/listarSolicitudProceso.xhtml HTTP/1.1" 200 30498
190.14.238.27 - - [22/Oct/2021:10:12:57 -0500] "POST /sipse/faces/presentacion/financiero/solicitudProceso/consultarSolicitudProceso.xhtml HTTP/1.1" 200 5568
190.14.238.27 - - [22/Oct/2021:10:11:03 -0500] "GET /reportes_sipse/sdg/ServletReporte?reporte=experienia_idoneidad&solicitud=13989&pfdrid_c=false HTTP/1.1" 200 15807
201.245.192.253 - - [22/Oct/2021:10:12:57 -0500] "POST /sipse/faces/presentacion/proyectos/proyecto/meta/meta.xhtml HTTP/1.1" 200 107189
5.9.18.30 - - [22/Oct/2021:10:13:12 -0500] "GET /BLA/resoluciones/AUTOS%202007/2135.pdf HTTP/1.1" 200 181978
201.245.192.253 - - [22/Oct/2021:10:13:04 -0500] "POST /sipse/faces/presentacion/financiero/solicitudProceso/listarSolicitudProceso.xhtml HTTP/1.1" 200 104923
201.245.192.253 - - [22/Oct/2021:10:13:19 -0500] "GET /sipse/faces/javax.faces.resource/theme.css?ln=primefaces-sipse HTTP/1.1" 304 -
201.245.192.253 - - [22/Oct/2021:10:13:19 -0500] "GET /sipse/faces/javax.faces.resource/layout/layout.css?ln=primefaces&v=4.0 HTTP/1.1" 304 -
201.245.192.253 - - [22/Oct/2021:10:13:19 -0500] "GET /sipse/faces/javax.faces.resource/primefaces.css?ln=primefaces&v=4.0 HTTP/1.1" 304 -
201.245.192.253 - - [22/Oct/2021:10:13:19 -0500] "GET /sipse/faces/javax.faces.resource/jquery/jquery.js?ln=primefaces&v=4.0 HTTP/1.1" 304 -
201.245.192.253 - - [22/Oct/2021:10:13:19 -0500] "GET /sipse/faces/javax.faces.resource/jquery/jquery-plugins.js?ln=primefaces&v=4.0 HTTP/1.1" 304 -
201.245.192.253 - - [22/Oct/2021:10:13:19 -0500] "GET /sipse/faces/javax.faces.resource/primefaces.js?ln=primefaces&v=4.0 HTTP/1.1" 304 -
201.245.192.253 - - [22/Oct/2021:10:13:19 -0500] "GET /sipse/faces/javax.faces.resource/layout/layout.js?ln=primefaces&v=4.0 HTTP/1.1" 304 -
190.14.238.27 - - [22/Oct/2021:10:13:11 -0500] "POST /sipse/faces/presentacion/financiero/solicitudProceso/consultarSolicitudProceso.xhtml HTTP/1.1" 200 54813
190.14.238.27 - - [22/Oct/2021:10:13:19 -0500] "GET /sipse/faces/javax.faces.resource/jquery/jquery.js?ln=primefaces&v=4.0 HTTP/1.1" 304 -
190.14.238.27 - - [22/Oct/2021:10:13:19 -0500] "GET /sipse/faces/javax.faces.resource/jquery/jquery-plugins.js?ln=primefaces&v=4.0 HTTP/1.1" 304 -
190.14.238.27 - - [22/Oct/2021:10:13:19 -0500] "GET /sipse/faces/javax.faces.resource/primefaces.js?ln=primefaces&v=4.0 HTTP/1.1" 304 -
190.14.238.27 - - [22/Oct/2021:10:13:19 -0500] "GET /sipse/faces/javax.faces.resource/layout/layout.js?ln=primefaces&v=4.0 HTTP/1.1" 304 -
201.245.192.253 - - [22/Oct/2021:10:13:11 -0500] "POST /sipse/faces/presentacion/proyectos/proyecto/meta/meta.xhtml HTTP/1.1" 200 107185
186.84.20.70 - - [22/Oct/2021:10:13:27 -0500] "-" 408 -
201.245.192.253 - - [22/Oct/2021:10:13:29 -0500] "GET /catalogoisis/ HTTP/1.1" 200 8575
5.9.18.30 - - [22/Oct/2021:10:13:34 -0500] "GET /BLA/resoluciones/AUTOS%202007/2324.pdf HTTP/1.1" 200 83299
201.245.192.253 - - [22/Oct/2021:10:13:25 -0500] "POST /sipse/faces/presentacion/proyectos/proyecto/meta/meta.xhtml HTTP/1.1" 200 107189
186.84.21.57 - - [22/Oct/2021:10:13:42 -0500] "GET /reportes_sipse/imagenes/avanzaMes.gif HTTP/1.1" 200 660
186.84.21.57 - - [22/Oct/2021:10:13:42 -0500] "GET /reportes_sipse/imagenes/retrocedeMes.gif HTTP/1.1" 200 459
186.84.21.57 - - [22/Oct/2021:10:13:42 -0500] "GET /reportes_sipse/imagenes/avanzaAgno.gif HTTP/1.1" 200 779
186.84.21.57 - - [22/Oct/2021:10:13:42 -0500] "GET /reportes_sipse/imagenes/retrocedeAgno.gif HTTP/1.1" 200 781
5.9.18.30 - - [22/Oct/2021:10:13:55 -0500] "GET /BLA/resoluciones/AUTOS%202007/2102.pdf HTTP/1.1" 200 82818
201.245.192.253 - - [22/Oct/2021:10:13:40 -0500] "POST /sipse/faces/presentacion/proyectos/proyecto/meta/meta.xhtml HTTP/1.1" 200 107185
191.156.155.141 - - [22/Oct/2021:10:14:00 -0500] "GET /secretaria-de-ambiente-abre-las-votaciones-para-definir-las-mejores-practicas-ambientales-en-las-entidades-publicas.html HTTP/1.1" 200 996
190.14.238.27 - - [22/Oct/2021:10:11:13 -0500] "GET /reportes_sipse/sdg/ServletReporte?reporte=experienia_idoneidad&solicitud=13989&pfdrid_c=false HTTP/1.1" 200 12335
201.245.192.253 - - [22/Oct/2021:10:14:01 -0500] "POST /sipse/faces/presentacion/financiero/solicitudProceso/detalleSolicitudProcesoOtrosPagos.xhtml HTTP/1.1" 200 172952
181.61.205.137 - - [22/Oct/2021:10:14:05 -0500] "GET /se-abre-convocatoria-a-organizaciones-ambientales-para-generar-1-070-empleos-verdes-dirigidos-a-mujeres.html HTTP/1.1" 200 1128
200.118.61.75 - - [22/Oct/2021:10:14:10 -0500] "GET /se-abre-convocatoria-a-organizaciones-ambientales-para-generar-1-070-empleos-verdes-dirigidos-a-mujeres.html HTTP/1.1" 200 1128
201.245.192.253 - - [22/Oct/2021:10:13:56 -0500] "POST /sipse/faces/presentacion/proyectos/proyecto/meta/meta.xhtml HTTP/1.1" 200 107189
5.9.18.30 - - [22/Oct/2021:10:14:17 -0500] "GET /BLA/resoluciones/AUTOS%202007/3654.pdf HTTP/1.1" 200 118079
201.245.192.253 - - [22/Oct/2021:10:13:34 -0500] "POST /sipse/faces/presentacion/financiero/solicitudProceso/consultarSolicitudProceso.xhtml HTTP/1.1" 200 66576
201.245.192.253 - - [22/Oct/2021:10:14:18 -0500] "GET /sipse/faces/javax.faces.resource/jquery/jquery.js?ln=primefaces&v=4.0 HTTP/1.1" 304 -
201.245.192.253 - - [22/Oct/2021:10:14:18 -0500] "GET /sipse/faces/javax.faces.resource/layout/layout.css?ln=primefaces&v=4.0 HTTP/1.1" 304 -
201.245.192.253 - - [22/Oct/2021:10:14:18 -0500] "GET /sipse/faces/javax.faces.resource/jquery/jquery-plugins.js?ln=primefaces&v=4.0 HTTP/1.1" 304 -
201.245.192.253 - - [22/Oct/2021:10:14:18 -0500] "GET /sipse/faces/javax.faces.resource/theme.css?ln=primefaces-sipse HTTP/1.1" 304 -
201.245.192.253 - - [22/Oct/2021:10:14:18 -0500] "GET /sipse/faces/javax.faces.resource/primefaces.css?ln=primefaces&v=4.0 HTTP/1.1" 304 -
201.245.192.253 - - [22/Oct/2021:10:14:18 -0500] "GET /sipse/faces/javax.faces.resource/layout/layout.js?ln=primefaces&v=4.0 HTTP/1.1" 304 -
201.245.192.253 - - [22/Oct/2021:10:14:18 -0500] "GET /sipse/faces/javax.faces.resource/primefaces.js?ln=primefaces&v=4.0 HTTP/1.1" 304 -
190.14.238.27 - - [22/Oct/2021:10:11:19 -0500] "GET /reportes_sipse/sdg/ServletReporte?reporte=experienia_idoneidad&solicitud=13989&pfdrid_c=false HTTP/1.1" 200 12335
201.245.192.253 - - [22/Oct/2021:10:14:29 -0500] "GET /catalogoisis/ HTTP/1.1" 200 8575
190.14.238.27 - - [22/Oct/2021:10:11:25 -0500] "GET /reportes_sipse/sdg/ServletReporte?reporte=experienia_idoneidad&solicitud=13989&pfdrid_c=false HTTP/1.1" 200 12335
5.9.18.30 - - [22/Oct/2021:10:14:38 -0500] "GET /BLA/resoluciones/AUTOS%202007/2893.pdf HTTP/1.1" 200 123734
201.245.192.253 - - [22/Oct/2021:10:14:18 -0500] "POST /sipse/faces/presentacion/financiero/solicitudProceso/listarSolicitudProceso.xhtml HTTP/1.1" 200 1448
190.14.238.27 - - [22/Oct/2021:10:11:32 -0500] "GET /reportes_sipse/sdg/ServletReporte?reporte=experienia_idoneidad&solicitud=13989&pfdrid_c=false HTTP/1.1" 200 12335
186.28.227.62 - - [22/Oct/2021:10:14:53 -0500] "GET /secretaria-de-ambiente-abre-las-votaciones-para-definir-las-mejores-practicas-ambientales-en-las-entidades-publicas.html HTTP/1.1" 200 996
5.9.18.30 - - [22/Oct/2021:10:15:01 -0500] "GET /BLA/resoluciones/AUTOS%202007/0020.pdf HTTP/1.1" 200 253441
186.154.39.118 - - [22/Oct/2021:10:15:04 -0500] "GET /secretaria-de-ambiente-abre-las-votaciones-para-definir-las-mejores-practicas-ambientales-en-las-entidades-publicas.html HTTP/1.1" 200 996
190.14.238.27 - - [22/Oct/2021:10:11:39 -0500] "GET /reportes_sipse/sdg/ServletReporte?reporte=experienia_idoneidad&solicitud=13989&pfdrid_c=false HTTP/1.1" 200 16384
201.245.192.253 - - [22/Oct/2021:10:14:24 -0500] "POST /kwsrmcab/Wsrmcab HTTP/1.1" 200 117090
201.245.192.253 - - [22/Oct/2021:10:15:11 -0500] "POST /sipse/faces/presentacion/financiero/solicitudProceso/listarSolicitudProceso.xhtml HTTP/1.1" 200 35353
201.245.192.253 - - [22/Oct/2021:10:14:49 -0500] "POST /sipse/faces/presentacion/financiero/solicitudProceso/listarSolicitudProceso.xhtml HTTP/1.1" 200 1448
201.245.192.253 - - [22/Oct/2021:10:15:07 -0500] "POST /sipse/faces/presentacion/proyectos/proyecto/meta/meta.xhtml HTTP/1.1" 200 107189
201.245.192.253 - - [22/Oct/2021:10:15:19 -0500] "POST /sipse/faces/presentacion/financiero/solicitudProceso/listarSolicitudProceso.xhtml HTTP/1.1" 200 2727
216.245.221.92 - - [22/Oct/2021:10:15:21 -0500] "HEAD / HTTP/1.1" 200 -
190.14.238.27 - - [22/Oct/2021:10:11:50 -0500] "GET /reportes_sipse/sdg/ServletReporte?reporte=experienia_idoneidad&solicitud=13989&pfdrid_c=false HTTP/1.1" 200 16384
5.9.18.30 - - [22/Oct/2021:10:15:22 -0500] "GET /BLA/resoluciones/AUTOS%202007/2148.pdf HTTP/1.1" 200 162157
201.245.192.253 - - [22/Oct/2021:10:15:23 -0500] "POST /sipse/faces/presentacion/financiero/solicitudProceso/listarSolicitudProceso.xhtml HTTP/1.1" 200 88443
201.245.192.253 - - [22/Oct/2021:10:15:25 -0500] "GET /sipse/css/imagen/contrasena.png HTTP/1.1" 404 383
201.245.192.253 - - [22/Oct/2021:10:15:25 -0500] "GET /sipse/faces/javax.faces.resource/theme.css?ln=primefaces-sipse HTTP/1.1" 304 -
201.245.192.253 - - [22/Oct/2021:10:15:25 -0500] "GET /sipse/faces/javax.faces.resource/primefaces.css?ln=primefaces&v=4.0 HTTP/1.1" 304 -
201.245.192.253 - - [22/Oct/2021:10:15:25 -0500] "GET /sipse/faces/javax.faces.resource/jquery/jquery.js?ln=primefaces&v=4.0 HTTP/1.1" 304 -
201.245.192.253 - - [22/Oct/2021:10:15:25 -0500] "GET /sipse/faces/javax.faces.resource/layout/layout.css?ln=primefaces&v=4.0 HTTP/1.1" 304 -
201.245.192.253 - - [22/Oct/2021:10:15:25 -0500] "GET /sipse/faces/javax.faces.resource/jquery/jquery-plugins.js?ln=primefaces&v=4.0 HTTP/1.1" 304 -
201.245.192.253 - - [22/Oct/2021:10:15:25 -0500] "GET /sipse/faces/javax.faces.resource/primefaces.js?ln=primefaces&v=4.0 HTTP/1.1" 304 -
201.245.192.253 - - [22/Oct/2021:10:15:25 -0500] "GET /sipse/faces/javax.faces.resource/layout/layout.js?ln=primefaces&v=4.0 HTTP/1.1" 304 -
201.245.192.253 - - [22/Oct/2021:10:15:25 -0500] "POST /sipse/faces/presentacion/proyectos/proyecto/listarProyecto.xhtml HTTP/1.1" 200 81744
201.245.192.253 - - [22/Oct/2021:10:15:30 -0500] "GET /catalogoisis/ HTTP/1.1" 200 8575
201.245.192.253 - - [22/Oct/2021:10:15:20 -0500] "POST /sipse/faces/presentacion/proyectos/proyecto/meta/meta.xhtml HTTP/1.1" 200 107189
190.14.238.27 - - [22/Oct/2021:10:12:02 -0500] "GET /reportes_sipse/sdg/ServletReporte?reporte=experienia_idoneidad&solicitud=13989&pfdrid_c=false HTTP/1.1" 200 12335
201.245.192.253 - - [22/Oct/2021:10:15:30 -0500] "POST /sipse/faces/presentacion/proyectos/proyecto/meta/meta.xhtml HTTP/1.1" 200 107189
5.9.18.30 - - [22/Oct/2021:10:15:45 -0500] "GET /BLA/resoluciones/AUTOS%202007/3597.pdf HTTP/1.1" 200 166846
201.245.192.253 - - [22/Oct/2021:10:15:35 -0500] "POST /sipse/faces/presentacion/financiero/solicitudProceso/listarSolicitudProceso.xhtml HTTP/1.1" 200 115157
201.245.192.253 - - [22/Oct/2021:10:15:46 -0500] "GET /sipse/faces/javax.faces.resource/theme.css?ln=primefaces-sipse HTTP/1.1" 304 -
201.245.192.253 - - [22/Oct/2021:10:15:46 -0500] "GET /sipse/faces/javax.faces.resource/layout/layout.css?ln=primefaces&v=4.0 HTTP/1.1" 304 -
201.245.192.253 - - [22/Oct/2021:10:15:46 -0500] "GET /sipse/css/imagen/contrasena.png HTTP/1.1" 404 383
201.245.192.253 - - [22/Oct/2021:10:15:46 -0500] "GET /sipse/faces/javax.faces.resource/primefaces.css?ln=primefaces&v=4.0 HTTP/1.1" 304 -
201.245.192.253 - - [22/Oct/2021:10:15:46 -0500] "GET /sipse/faces/javax.faces.resource/jquery/jquery.js?ln=primefaces&v=4.0 HTTP/1.1" 304 -
201.245.192.253 - - [22/Oct/2021:10:15:46 -0500] "GET /sipse/faces/javax.faces.resource/jquery/jquery-plugins.js?ln=primefaces&v=4.0 HTTP/1.1" 304 -
201.245.192.253 - - [22/Oct/2021:10:15:46 -0500] "GET /sipse/faces/javax.faces.resource/primefaces.js?ln=primefaces&v=4.0 HTTP/1.1" 304 -
201.245.192.253 - - [22/Oct/2021:10:15:46 -0500] "GET /sipse/faces/javax.faces.resource/layout/layout.js?ln=primefaces&v=4.0 HTTP/1.1" 304 -
201.245.192.253 - - [22/Oct/2021:10:15:34 -0500] "POST /sipse/faces/presentacion/proyectos/proyecto/listarProyecto.xhtml HTTP/1.1" 200 163
201.245.192.253 - - [22/Oct/2021:10:15:41 -0500] "POST /sipse/faces/presentacion/proyectos/proyecto/meta/meta.xhtml HTTP/1.1" 200 107189
201.245.192.253 - - [22/Oct/2021:10:15:39 -0500] "POST /sipse/faces/presentacion/financiero/solicitudProceso/detalleSolicitudProcesoOtrosPagos.xhtml HTTP/1.1" 200 39386
201.245.192.253 - - [22/Oct/2021:10:15:53 -0500] "GET /sipse/faces/javax.faces.resource/primefaces.css?ln=primefaces&v=4.0 HTTP/1.1" 304 -
201.245.192.253 - - [22/Oct/2021:10:15:53 -0500] "GET /sipse/faces/javax.faces.resource/theme.css?ln=primefaces-sipse HTTP/1.1" 304 -
201.245.192.253 - - [22/Oct/2021:10:15:53 -0500] "GET /sipse/faces/javax.faces.resource/layout/layout.css?ln=primefaces&v=4.0 HTTP/1.1" 304 -
201.245.192.253 - - [22/Oct/2021:10:15:53 -0500] "GET /sipse/faces/javax.faces.resource/jquery/jquery.js?ln=primefaces&v=4.0 HTTP/1.1" 304 -
201.245.192.253 - - [22/Oct/2021:10:15:53 -0500] "GET /sipse/faces/javax.faces.resource/jquery/jquery-plugins.js?ln=primefaces&v=4.0 HTTP/1.1" 304 -
201.245.192.253 - - [22/Oct/2021:10:15:53 -0500] "GET /sipse/css/imagen/contrasena.png HTTP/1.1" 404 383
201.245.192.253 - - [22/Oct/2021:10:15:53 -0500] "GET /sipse/faces/javax.faces.resource/primefaces.js?ln=primefaces&v=4.0 HTTP/1.1" 304 -
201.245.192.253 - - [22/Oct/2021:10:15:53 -0500] "GET /sipse/faces/javax.faces.resource/layout/layout.js?ln=primefaces&v=4.0 HTTP/1.1" 304 -
190.14.238.27 - - [22/Oct/2021:10:12:24 -0500] "GET /reportes_sipse/sdg/ServletReporte?reporte=experienia_idoneidad&solicitud=13989&pfdrid_c=false HTTP/1.1" 200 12335
186.28.75.103 - - [22/Oct/2021:10:12:02 -0500] "GET /reportes_sipse/sdg/ServletReporte?reporte=experienia_idoneidad&solicitud=13989&pfdrid_c=false HTTP/1.1" 200 21254
69.171.251.13 - - [22/Oct/2021:10:15:59 -0500] "GET /secretaria-de-ambiente-abre-las-votaciones-para-definir-las-mejores-practicas-ambientales-en-las-entidades-publicas.html?fbclid=IwAR1L2MiFfKkMk0ywzg2Ga-3a_gahlogzN63aUWvPi36A7MSQBr-GIAVC7-8 HTTP/1.1" 200 996
201.245.192.253 - - [22/Oct/2021:10:15:51 -0500] "POST /sipse/faces/presentacion/proyectos/proyecto/meta/meta.xhtml HTTP/1.1" 200 107185
190.14.238.27 - - [22/Oct/2021:10:12:34 -0500] "GET /reportes_sipse/sdg/ServletReporte?reporte=experienia_idoneidad&solicitud=13989&pfdrid_c=false HTTP/1.1" 200 12335
5.9.18.30 - - [22/Oct/2021:10:16:05 -0500] "GET /BLA/resoluciones/AUTOS%202007/2420.pdf HTTP/1.1" 200 33603
186.102.6.170 - - [22/Oct/2021:10:16:05 -0500] "GET /secretaria-de-ambiente-abre-las-votaciones-para-definir-las-mejores-practicas-ambientales-en-las-entidades-publicas.html HTTP/1.1" 200 996
201.245.192.253 - - [22/Oct/2021:10:15:47 -0500] "GET /sipse/faces/presentacion/proyectos/proyecto/proyecto.xhtml HTTP/1.1" 200 95163
201.245.192.253 - - [22/Oct/2021:10:16:06 -0500] "GET /sipse/faces/javax.faces.resource/primefaces.css?ln=primefaces&v=4.0 HTTP/1.1" 304 -
201.245.192.253 - - [22/Oct/2021:10:16:06 -0500] "GET /sipse/faces/javax.faces.resource/layout/layout.css?ln=primefaces&v=4.0 HTTP/1.1" 304 -
201.245.192.253 - - [22/Oct/2021:10:16:06 -0500] "GET /sipse/faces/javax.faces.resource/theme.css?ln=primefaces-sipse HTTP/1.1" 304 -
201.245.192.253 - - [22/Oct/2021:10:16:06 -0500] "GET /sipse/faces/javax.faces.resource/jquery/jquery.js?ln=primefaces&v=4.0 HTTP/1.1" 304 -
201.245.192.253 - - [22/Oct/2021:10:16:06 -0500] "GET /sipse/faces/javax.faces.resource/jquery/jquery-plugins.js?ln=primefaces&v=4.0 HTTP/1.1" 304 -
201.245.192.253 - - [22/Oct/2021:10:16:06 -0500] "GET /sipse/faces/javax.faces.resource/primefaces.js?ln=primefaces&v=4.0 HTTP/1.1" 304 -
201.245.192.253 - - [22/Oct/2021:10:16:06 -0500] "GET /sipse/faces/javax.faces.resource/layout/layout.js?ln=primefaces&v=4.0 HTTP/1.1" 304 -
190.14.238.27 - - [22/Oct/2021:10:12:43 -0500] "GET /reportes_sipse/sdg/ServletReporte?reporte=experienia_idoneidad&solicitud=13989&pfdrid_c=false HTTP/1.1" 200 12335
201.245.192.253 - - [22/Oct/2021:10:16:01 -0500] "POST /sipse/faces/presentacion/proyectos/proyecto/meta/meta.xhtml HTTP/1.1" 200 107185
201.245.192.253 - - [22/Oct/2021:10:16:06 -0500] "POST /sipse/faces/presentacion/proyectos/proyecto/proyecto.xhtml HTTP/1.1" 200 3261
190.14.238.27 - - [22/Oct/2021:10:12:54 -0500] "GET /reportes_sipse/sdg/ServletReporte?reporte=experienia_idoneidad&solicitud=13989&pfdrid_c=false HTTP/1.1" 200 12335
201.245.192.253 - - [22/Oct/2021:10:16:09 -0500] "POST /sipse/faces/presentacion/proyectos/proyecto/meta/meta.xhtml HTTP/1.1" 200 107185
190.14.238.27 - - [22/Oct/2021:10:13:05 -0500] "GET /reportes_sipse/sdg/ServletReporte?reporte=experienia_idoneidad&solicitud=13989&pfdrid_c=false HTTP/1.1" 200 12335
201.245.192.253 - - [22/Oct/2021:10:16:15 -0500] "POST /sipse/faces/presentacion/proyectos/proyecto/meta/meta.xhtml HTTP/1.1" 200 107185
201.245.192.253 - - [22/Oct/2021:10:13:19 -0500] "GET /reportes_sipse/sdg/ServletReporte?reporte=experienia_idoneidad&solicitud=13989&pfdrid_c=false HTTP/1.1" 200 16082
201.245.192.253 - - [22/Oct/2021:10:16:22 -0500] "GET /BLA/resoluciones/AUTOS%202021/4058.pdf HTTP/1.1" 200 389354
5.9.18.30 - - [22/Oct/2021:10:16:23 -0500] "GET /BLA/resoluciones/AUTOS%202007/3128.pdf HTTP/1.1" 200 311591
201.245.192.253 - - [22/Oct/2021:10:16:20 -0500] "POST /sipse/faces/presentacion/proyectos/proyecto/meta/meta.xhtml HTTP/1.1" 200 107185
201.245.192.253 - - [22/Oct/2021:10:16:24 -0500] "POST /sipse/faces/presentacion/financiero/solicitudProceso/listarSolicitudProceso.xhtml HTTP/1.1" 200 30787
201.245.192.253 - - [22/Oct/2021:10:16:29 -0500] "POST /sipse/faces/presentacion/financiero/solicitudProceso/listarSolicitudProceso.xhtml HTTP/1.1" 200 30775
201.245.192.253 - - [22/Oct/2021:10:16:31 -0500] "GET /catalogoisis/ HTTP/1.1" 200 8575
201.245.192.253 - - [22/Oct/2021:10:16:33 -0500] "POST /sipse/faces/presentacion/financiero/solicitudProceso/consultarSolicitudProceso.xhtml HTTP/1.1" 200 21985
201.245.192.253 - - [22/Oct/2021:10:16:34 -0500] "GET /sipse/faces/javax.faces.resource/fileupload/fileupload.css?ln=primefaces&v=4.0 HTTP/1.1" 304 -
201.245.192.253 - - [22/Oct/2021:10:16:34 -0500] "GET /sipse/faces/javax.faces.resource/jquery/jquery.js?ln=primefaces&v=4.0 HTTP/1.1" 304 -
201.245.192.253 - - [22/Oct/2021:10:16:34 -0500] "GET /sipse/faces/javax.faces.resource/primefaces.css?ln=primefaces&v=4.0 HTTP/1.1" 304 -
201.245.192.253 - - [22/Oct/2021:10:16:34 -0500] "GET /sipse/faces/javax.faces.resource/theme.css?ln=primefaces-sipse HTTP/1.1" 304 -
201.245.192.253 - - [22/Oct/2021:10:16:34 -0500] "GET /sipse/faces/javax.faces.resource/jquery/jquery-plugins.js?ln=primefaces&v=4.0 HTTP/1.1" 304 -
201.245.192.253 - - [22/Oct/2021:10:16:34 -0500] "GET /sipse/faces/javax.faces.resource/layout/layout.css?ln=primefaces&v=4.0 HTTP/1.1" 304 -
201.245.192.253 - - [22/Oct/2021:10:16:34 -0500] "GET /sipse/faces/javax.faces.resource/fileupload/fileupload.js?ln=primefaces&v=4.0 HTTP/1.1" 304 -
201.245.192.253 - - [22/Oct/2021:10:16:34 -0500] "GET /sipse/faces/javax.faces.resource/primefaces.js?ln=primefaces&v=4.0 HTTP/1.1" 304 -
201.245.192.253 - - [22/Oct/2021:10:16:34 -0500] "GET /sipse/faces/javax.faces.resource/layout/layout.js?ln=primefaces&v=4.0 HTTP/1.1" 304 -
201.245.192.253 - - [22/Oct/2021:10:16:34 -0500] "GET /sipse/css/imagen/contrasena.png HTTP/1.1" 404 383
201.245.192.253 - - [22/Oct/2021:10:16:34 -0500] "GET /sipse/faces/javax.faces.resource/images/ui-icons_898989_256x240.png?ln=primefaces-aristo HTTP/1.1" 304 -
186.84.21.57 - - [22/Oct/2021:10:14:31 -0500] "POST /reportes_sipse/sdg/ServletControlador HTTP/1.1" 200 101991
5.9.18.30 - - [22/Oct/2021:10:16:42 -0500] "GET /BLA/resoluciones/AUTOS%202007/3401.pdf HTTP/1.1" 200 65291
201.245.192.253 - - [22/Oct/2021:10:16:36 -0500] "POST /sipse/faces/presentacion/proyectos/proyecto/proyecto.xhtml HTTP/1.1" 200 42964
201.245.192.253 - - [22/Oct/2021:10:16:43 -0500] "GET /sipse/faces/javax.faces.resource/spacer/dot_clear.gif?ln=primefaces&v=4.0 HTTP/1.1" 304 -
201.245.192.253 - - [22/Oct/2021:10:15:46 -0500] "GET /reportes_sipse/sdg/ServletReporte?reporte=experienia_idoneidad&solicitud=13989&pfdrid_c=false HTTP/1.1" 200 26782
201.245.192.253 - - [22/Oct/2021:10:16:43 -0500] "POST /sipse/faces/presentacion/proyectos/proyecto/proyecto.xhtml HTTP/1.1" 200 3953
201.245.192.253 - - [22/Oct/2021:10:16:48 -0500] "GET /sipse/faces/javax.faces.resource/primefaces.css?ln=primefaces&v=4.0 HTTP/1.1" 304 -
201.245.192.253 - - [22/Oct/2021:10:16:48 -0500] "GET /sipse/faces/javax.faces.resource/theme.css?ln=primefaces-sipse HTTP/1.1" 304 -
201.245.192.253 - - [22/Oct/2021:10:16:48 -0500] "GET /sipse/faces/javax.faces.resource/jquery/jquery-plugins.js?ln=primefaces&v=4.0 HTTP/1.1" 304 -
201.245.192.253 - - [22/Oct/2021:10:16:48 -0500] "GET /sipse/faces/javax.faces.resource/jquery/jquery.js?ln=primefaces&v=4.0 HTTP/1.1" 304 -
201.245.192.253 - - [22/Oct/2021:10:16:48 -0500] "GET /sipse/faces/javax.faces.resource/layout/layout.css?ln=primefaces&v=4.0 HTTP/1.1" 304 -
201.245.192.253 - - [22/Oct/2021:10:16:48 -0500] "GET /sipse/faces/javax.faces.resource/layout/layout.js?ln=primefaces&v=4.0 HTTP/1.1" 304 -
201.245.192.253 - - [22/Oct/2021:10:16:48 -0500] "GET /sipse/faces/javax.faces.resource/primefaces.js?ln=primefaces&v=4.0 HTTP/1.1" 304 -
201.245.192.253 - - [22/Oct/2021:10:16:48 -0500] "GET /sipse/css/imagen/contrasena.png HTTP/1.1" 404 383
201.245.192.253 - - [22/Oct/2021:10:16:48 -0500] "GET /sipse/faces/javax.faces.resource/images/ui-icons_898989_256x240.png?ln=primefaces-aristo HTTP/1.1" 304 -
201.245.192.253 - - [22/Oct/2021:10:16:47 -0500] "POST /sipse/faces/presentacion/sistema/anexos/cargarAnexoSolicitudProceso.xhtml HTTP/1.1" 200 164470
186.84.21.57 - - [22/Oct/2021:10:13:46 -0500] "POST /reportes_sipse/sdg/ServletControlador HTTP/1.1" 200 24806
5.9.18.30 - - [22/Oct/2021:10:17:01 -0500] "GET /BLA/resoluciones/AUTOS%202007/3487.pdf HTTP/1.1" 200 471757
