186.30.68.92 - - [31/Oct/2021:14:50:42 -0500] "GET /sipse/faces/javax.faces.resource/theme.css?ln=primefaces-sipse HTTP/1.1" 304 -
186.30.68.92 - - [31/Oct/2021:14:50:42 -0500] "GET /sipse/faces/javax.faces.resource/layout/layout.css?ln=primefaces&v=4.0 HTTP/1.1" 304 -
186.30.68.92 - - [31/Oct/2021:14:50:42 -0500] "GET /sipse/faces/javax.faces.resource/jquery/jquery.js?ln=primefaces&v=4.0 HTTP/1.1" 304 -
186.30.68.92 - - [31/Oct/2021:14:50:42 -0500] "GET /sipse/faces/javax.faces.resource/jquery/jquery-plugins.js?ln=primefaces&v=4.0 HTTP/1.1" 304 -
186.30.68.92 - - [31/Oct/2021:14:50:42 -0500] "GET /sipse/faces/javax.faces.resource/primefaces.js?ln=primefaces&v=4.0 HTTP/1.1" 304 -
186.30.68.92 - - [31/Oct/2021:14:50:42 -0500] "GET /sipse/faces/javax.faces.resource/layout/layout.js?ln=primefaces&v=4.0 HTTP/1.1" 304 -
186.30.68.92 - - [31/Oct/2021:14:50:42 -0500] "GET /sipse/faces/javax.faces.resource/dynamiccontent.properties?ln=primefaces&pfdrid=XjOR5%2F%2FfPAZAuY9TpWQeCiM0BhlXxYRBGKi%2FQcXXfeA%3D&pfdrid_c=false HTTP/1.1" 500 383
186.30.68.92 - - [31/Oct/2021:14:50:49 -0500] "POST /sipse/faces/presentacion/financiero/solicitudProceso/consultarSolicitudProceso.xhtml HTTP/1.1" 200 103162
201.245.192.253 - - [31/Oct/2021:14:50:56 -0500] "GET /catalogoisis/ HTTP/1.1" 200 8575
201.245.192.253 - - [31/Oct/2021:14:51:56 -0500] "GET /catalogoisis/ HTTP/1.1" 200 8575
201.245.192.253 - - [31/Oct/2021:14:52:57 -0500] "GET /catalogoisis/ HTTP/1.1" 200 8575
34.91.220.179 - - [31/Oct/2021:14:53:39 -0500] "GET / HTTP/1.1" 200 319
201.245.192.253 - - [31/Oct/2021:14:53:58 -0500] "GET /catalogoisis/ HTTP/1.1" 200 8575
186.30.68.92 - - [31/Oct/2021:14:54:12 -0500] "POST /sipse/faces/presentacion/financiero/solicitudProceso/consultarSolicitudProceso.xhtml HTTP/1.1" 200 37600
186.30.68.92 - - [31/Oct/2021:14:54:12 -0500] "GET /sipse/faces/javax.faces.resource/theme.css?ln=primefaces-sipse HTTP/1.1" 304 -
186.30.68.92 - - [31/Oct/2021:14:54:12 -0500] "GET /sipse/faces/javax.faces.resource/primefaces.css?ln=primefaces&v=4.0 HTTP/1.1" 304 -
186.30.68.92 - - [31/Oct/2021:14:54:12 -0500] "GET /sipse/faces/javax.faces.resource/layout/layout.css?ln=primefaces&v=4.0 HTTP/1.1" 304 -
186.30.68.92 - - [31/Oct/2021:14:54:12 -0500] "GET /sipse/faces/javax.faces.resource/jquery/jquery.js?ln=primefaces&v=4.0 HTTP/1.1" 304 -
186.30.68.92 - - [31/Oct/2021:14:54:12 -0500] "GET /sipse/faces/javax.faces.resource/jquery/jquery-plugins.js?ln=primefaces&v=4.0 HTTP/1.1" 304 -
186.30.68.92 - - [31/Oct/2021:14:54:12 -0500] "GET /sipse/faces/javax.faces.resource/primefaces.js?ln=primefaces&v=4.0 HTTP/1.1" 304 -
186.30.68.92 - - [31/Oct/2021:14:54:12 -0500] "GET /sipse/faces/javax.faces.resource/layout/layout.js?ln=primefaces&v=4.0 HTTP/1.1" 304 -
186.30.68.92 - - [31/Oct/2021:14:54:12 -0500] "POST /sipse/faces/presentacion/financiero/solicitudProceso/listarSolicitudProceso.xhtml HTTP/1.1" 200 30982
186.30.68.92 - - [31/Oct/2021:14:54:12 -0500] "POST /sipse/faces/presentacion/financiero/solicitudProceso/listarSolicitudProceso.xhtml HTTP/1.1" 200 30982
186.30.68.92 - - [31/Oct/2021:14:54:13 -0500] "POST /sipse/faces/presentacion/financiero/solicitudProceso/listarSolicitudProceso.xhtml HTTP/1.1" 200 1348
186.30.68.92 - - [31/Oct/2021:14:54:13 -0500] "POST /sipse/faces/presentacion/financiero/solicitudProceso/listarSolicitudProceso.xhtml HTTP/1.1" 200 1344
186.30.68.92 - - [31/Oct/2021:14:54:13 -0500] "POST /sipse/faces/presentacion/financiero/solicitudProceso/listarSolicitudProceso.xhtml HTTP/1.1" 200 1344
66.249.66.139 - - [31/Oct/2021:14:54:26 -0500] "-" 408 -
201.245.192.253 - - [31/Oct/2021:14:53:49 -0500] "POST /kwsrmcab/Wsrmcab HTTP/1.1" 200 113481
186.30.68.92 - - [31/Oct/2021:14:54:47 -0500] "POST /sipse/faces/presentacion/financiero/solicitudProceso/listarSolicitudProceso.xhtml HTTP/1.1" 200 7762
186.30.68.92 - - [31/Oct/2021:14:54:47 -0500] "POST /sipse/faces/presentacion/financiero/solicitudProceso/listarSolicitudProceso.xhtml HTTP/1.1" 200 7762
216.245.221.92 - - [31/Oct/2021:14:54:47 -0500] "HEAD / HTTP/1.1" 200 -
186.30.68.92 - - [31/Oct/2021:14:54:49 -0500] "POST /sipse/faces/presentacion/financiero/solicitudProceso/listarSolicitudProceso.xhtml HTTP/1.1" 200 4886
186.30.68.92 - - [31/Oct/2021:14:54:51 -0500] "POST /sipse/faces/presentacion/financiero/solicitudProceso/listarSolicitudProceso.xhtml HTTP/1.1" 200 152138
186.30.68.92 - - [31/Oct/2021:14:54:52 -0500] "GET /sipse/faces/javax.faces.resource/theme.css?ln=primefaces-sipse HTTP/1.1" 304 -
186.30.68.92 - - [31/Oct/2021:14:54:52 -0500] "GET /sipse/faces/javax.faces.resource/layout/layout.css?ln=primefaces&v=4.0 HTTP/1.1" 304 -
186.30.68.92 - - [31/Oct/2021:14:54:52 -0500] "GET /sipse/faces/javax.faces.resource/primefaces.css?ln=primefaces&v=4.0 HTTP/1.1" 304 -
186.30.68.92 - - [31/Oct/2021:14:54:52 -0500] "GET /sipse/faces/javax.faces.resource/jquery/jquery.js?ln=primefaces&v=4.0 HTTP/1.1" 304 -
186.30.68.92 - - [31/Oct/2021:14:54:52 -0500] "GET /sipse/faces/javax.faces.resource/jquery/jquery-plugins.js?ln=primefaces&v=4.0 HTTP/1.1" 304 -
186.30.68.92 - - [31/Oct/2021:14:54:52 -0500] "GET /sipse/faces/javax.faces.resource/primefaces.js?ln=primefaces&v=4.0 HTTP/1.1" 304 -
186.30.68.92 - - [31/Oct/2021:14:54:52 -0500] "GET /sipse/faces/javax.faces.resource/layout/layout.js?ln=primefaces&v=4.0 HTTP/1.1" 304 -
186.30.68.92 - - [31/Oct/2021:14:54:52 -0500] "GET /sipse/faces/javax.faces.resource/dynamiccontent.properties?ln=primefaces&pfdrid=XjOR5%2F%2FfPAZAuY9TpWQeCiM0BhlXxYRBGKi%2FQcXXfeA%3D&pfdrid_c=false HTTP/1.1" 500 383
201.245.192.253 - - [31/Oct/2021:14:54:59 -0500] "GET /catalogoisis/ HTTP/1.1" 200 8575
186.30.68.92 - - [31/Oct/2021:14:55:25 -0500] "POST /sipse/faces/presentacion/financiero/solicitudProceso/consultarSolicitudProceso.xhtml HTTP/1.1" 200 43176
186.30.68.92 - - [31/Oct/2021:14:55:25 -0500] "GET /sipse/faces/javax.faces.resource/theme.css?ln=primefaces-sipse HTTP/1.1" 304 -
186.30.68.92 - - [31/Oct/2021:14:55:25 -0500] "GET /sipse/faces/javax.faces.resource/layout/layout.css?ln=primefaces&v=4.0 HTTP/1.1" 304 -
186.30.68.92 - - [31/Oct/2021:14:55:25 -0500] "GET /sipse/faces/javax.faces.resource/primefaces.css?ln=primefaces&v=4.0 HTTP/1.1" 304 -
186.30.68.92 - - [31/Oct/2021:14:55:25 -0500] "GET /sipse/faces/javax.faces.resource/jquery/jquery-plugins.js?ln=primefaces&v=4.0 HTTP/1.1" 304 -
186.30.68.92 - - [31/Oct/2021:14:55:25 -0500] "GET /sipse/faces/javax.faces.resource/primefaces.js?ln=primefaces&v=4.0 HTTP/1.1" 304 -
186.30.68.92 - - [31/Oct/2021:14:55:25 -0500] "GET /sipse/faces/javax.faces.resource/jquery/jquery.js?ln=primefaces&v=4.0 HTTP/1.1" 304 -
186.30.68.92 - - [31/Oct/2021:14:55:25 -0500] "GET /sipse/faces/javax.faces.resource/layout/layout.js?ln=primefaces&v=4.0 HTTP/1.1" 304 -
207.241.231.132 - - [31/Oct/2021:14:55:35 -0500] "GET /galeria/galeria/fancybox_sprite.png HTTP/1.0" 200 1362
201.245.192.253 - - [31/Oct/2021:14:56:00 -0500] "GET /catalogoisis/ HTTP/1.1" 200 8575
186.30.68.92 - - [31/Oct/2021:14:56:08 -0500] "POST /sipse/faces/presentacion/financiero/solicitudProceso/consultarHistorialSolProceso.xhtml HTTP/1.1" 200 199765
186.30.68.92 - - [31/Oct/2021:14:56:08 -0500] "GET /sipse/faces/javax.faces.resource/theme.css?ln=primefaces-sipse HTTP/1.1" 304 -
186.30.68.92 - - [31/Oct/2021:14:56:08 -0500] "GET /sipse/faces/javax.faces.resource/primefaces.css?ln=primefaces&v=4.0 HTTP/1.1" 304 -
186.30.68.92 - - [31/Oct/2021:14:56:08 -0500] "GET /sipse/faces/javax.faces.resource/layout/layout.css?ln=primefaces&v=4.0 HTTP/1.1" 304 -
186.30.68.92 - - [31/Oct/2021:14:56:08 -0500] "GET /sipse/faces/javax.faces.resource/jquery/jquery.js?ln=primefaces&v=4.0 HTTP/1.1" 304 -
186.30.68.92 - - [31/Oct/2021:14:56:08 -0500] "GET /sipse/faces/javax.faces.resource/jquery/jquery-plugins.js?ln=primefaces&v=4.0 HTTP/1.1" 304 -
186.30.68.92 - - [31/Oct/2021:14:56:08 -0500] "GET /sipse/faces/javax.faces.resource/primefaces.js?ln=primefaces&v=4.0 HTTP/1.1" 304 -
186.30.68.92 - - [31/Oct/2021:14:56:08 -0500] "GET /sipse/faces/javax.faces.resource/layout/layout.js?ln=primefaces&v=4.0 HTTP/1.1" 304 -
186.30.68.92 - - [31/Oct/2021:14:56:09 -0500] "GET /sipse/faces/javax.faces.resource/dynamiccontent.properties?ln=primefaces&pfdrid=XjOR5%2F%2FfPAZAuY9TpWQeCiM0BhlXxYRBGKi%2FQcXXfeA%3D&pfdrid_c=false HTTP/1.1" 500 383
186.30.68.92 - - [31/Oct/2021:14:56:36 -0500] "POST /sipse/faces/presentacion/financiero/solicitudProceso/consultarSolicitudProceso.xhtml HTTP/1.1" 200 53312
201.245.192.253 - - [31/Oct/2021:14:57:00 -0500] "GET /catalogoisis/ HTTP/1.1" 200 8575
201.245.192.253 - - [31/Oct/2021:14:58:01 -0500] "GET /catalogoisis/ HTTP/1.1" 200 8575
186.30.68.92 - - [31/Oct/2021:14:58:46 -0500] "POST /sipse/faces/presentacion/financiero/solicitudProceso/consultarSolicitudProceso.xhtml HTTP/1.1" 200 284731
201.245.192.253 - - [31/Oct/2021:14:59:01 -0500] "GET /catalogoisis/ HTTP/1.1" 200 8575
186.30.68.92 - - [31/Oct/2021:14:59:17 -0500] "POST /sipse/faces/presentacion/financiero/solicitudProceso/consultarSolicitudProceso.xhtml HTTP/1.1" 200 279549
216.245.221.92 - - [31/Oct/2021:14:59:47 -0500] "HEAD / HTTP/1.1" 200 -
201.245.192.253 - - [31/Oct/2021:15:00:02 -0500] "GET /catalogoisis/ HTTP/1.1" 200 8575
186.30.68.92 - - [31/Oct/2021:15:00:17 -0500] "POST /sipse/faces/presentacion/financiero/solicitudProceso/consultarSolicitudProceso.xhtml HTTP/1.1" 200 5541
186.30.68.92 - - [31/Oct/2021:15:00:17 -0500] "GET /sipse/faces/javax.faces.resource/dynamiccontent.properties?ln=primefaces&pfdrid=XjOR5%2F%2FfPAZAuY9TpWQeCiM0BhlXxYRBGKi%2FQcXXfeA%3D&pfdrid_c=false HTTP/1.1" 200 126500
186.30.68.92 - - [31/Oct/2021:15:00:49 -0500] "POST /sipse/faces/presentacion/financiero/solicitudProceso/consultarSolicitudProceso.xhtml HTTP/1.1" 200 33858
186.30.68.92 - - [31/Oct/2021:15:00:49 -0500] "GET /sipse/faces/javax.faces.resource/theme.css?ln=primefaces-sipse HTTP/1.1" 304 -
186.30.68.92 - - [31/Oct/2021:15:00:49 -0500] "GET /sipse/faces/javax.faces.resource/primefaces.css?ln=primefaces&v=4.0 HTTP/1.1" 304 -
186.30.68.92 - - [31/Oct/2021:15:00:49 -0500] "GET /sipse/faces/javax.faces.resource/layout/layout.css?ln=primefaces&v=4.0 HTTP/1.1" 304 -
186.30.68.92 - - [31/Oct/2021:15:00:49 -0500] "GET /sipse/faces/javax.faces.resource/jquery/jquery.js?ln=primefaces&v=4.0 HTTP/1.1" 304 -
186.30.68.92 - - [31/Oct/2021:15:00:49 -0500] "GET /sipse/faces/javax.faces.resource/jquery/jquery-plugins.js?ln=primefaces&v=4.0 HTTP/1.1" 304 -
186.30.68.92 - - [31/Oct/2021:15:00:49 -0500] "GET /sipse/faces/javax.faces.resource/primefaces.js?ln=primefaces&v=4.0 HTTP/1.1" 304 -
186.30.68.92 - - [31/Oct/2021:15:00:49 -0500] "GET /sipse/faces/javax.faces.resource/layout/layout.js?ln=primefaces&v=4.0 HTTP/1.1" 304 -
186.30.68.92 - - [31/Oct/2021:15:00:51 -0500] "POST /sipse/faces/presentacion/sistema/reporte/listarReportes.xhtml HTTP/1.1" 200 23527
186.30.68.92 - - [31/Oct/2021:15:00:51 -0500] "GET /sipse/faces/javax.faces.resource/theme.css?ln=primefaces-sipse HTTP/1.1" 304 -
186.30.68.92 - - [31/Oct/2021:15:00:51 -0500] "GET /sipse/faces/javax.faces.resource/layout/layout.css?ln=primefaces&v=4.0 HTTP/1.1" 304 -
186.30.68.92 - - [31/Oct/2021:15:00:51 -0500] "GET /sipse/faces/javax.faces.resource/primefaces.css?ln=primefaces&v=4.0 HTTP/1.1" 304 -
186.30.68.92 - - [31/Oct/2021:15:00:51 -0500] "GET /sipse/faces/javax.faces.resource/jquery/jquery-plugins.js?ln=primefaces&v=4.0 HTTP/1.1" 304 -
186.30.68.92 - - [31/Oct/2021:15:00:51 -0500] "GET /sipse/faces/javax.faces.resource/jquery/jquery.js?ln=primefaces&v=4.0 HTTP/1.1" 304 -
186.30.68.92 - - [31/Oct/2021:15:00:51 -0500] "GET /sipse/faces/javax.faces.resource/primefaces.js?ln=primefaces&v=4.0 HTTP/1.1" 304 -
186.30.68.92 - - [31/Oct/2021:15:00:51 -0500] "GET /sipse/faces/javax.faces.resource/layout/layout.js?ln=primefaces&v=4.0 HTTP/1.1" 304 -
186.30.68.92 - - [31/Oct/2021:15:00:51 -0500] "GET /reportes_sipse/sdg/ServletReporte?reporte=no_hay HTTP/1.1" 200 5373
186.30.68.92 - - [31/Oct/2021:15:00:56 -0500] "POST /reportes_sipse/sdg/ServletControlador HTTP/1.1" 200 132855
201.245.192.253 - - [31/Oct/2021:15:01:02 -0500] "GET /catalogoisis/ HTTP/1.1" 200 8575
13.92.170.148 - - [31/Oct/2021:15:01:21 -0500] "GET /.env HTTP/1.1" 404 1018
13.92.170.148 - - [31/Oct/2021:15:01:21 -0500] "POST / HTTP/1.1" 200 319
186.30.68.92 - - [31/Oct/2021:15:01:23 -0500] "POST /sipse/faces/presentacion/sistema/reporte/ventanaVerReporteParametros.xhtml HTTP/1.1" 200 37804
186.30.68.92 - - [31/Oct/2021:15:01:24 -0500] "GET /sipse/faces/javax.faces.resource/theme.css?ln=primefaces-sipse HTTP/1.1" 304 -
186.30.68.92 - - [31/Oct/2021:15:01:24 -0500] "GET /sipse/faces/javax.faces.resource/primefaces.css?ln=primefaces&v=4.0 HTTP/1.1" 304 -
186.30.68.92 - - [31/Oct/2021:15:01:24 -0500] "GET /sipse/faces/javax.faces.resource/layout/layout.css?ln=primefaces&v=4.0 HTTP/1.1" 304 -
186.30.68.92 - - [31/Oct/2021:15:01:24 -0500] "GET /sipse/faces/javax.faces.resource/jquery/jquery.js?ln=primefaces&v=4.0 HTTP/1.1" 304 -
186.30.68.92 - - [31/Oct/2021:15:01:24 -0500] "GET /sipse/faces/javax.faces.resource/jquery/jquery-plugins.js?ln=primefaces&v=4.0 HTTP/1.1" 304 -
186.30.68.92 - - [31/Oct/2021:15:01:24 -0500] "GET /sipse/faces/javax.faces.resource/primefaces.js?ln=primefaces&v=4.0 HTTP/1.1" 304 -
186.30.68.92 - - [31/Oct/2021:15:01:24 -0500] "GET /sipse/faces/javax.faces.resource/layout/layout.js?ln=primefaces&v=4.0 HTTP/1.1" 304 -
186.30.68.92 - - [31/Oct/2021:15:01:24 -0500] "POST /sipse/faces/presentacion/financiero/solicitudProceso/listarSolicitudProceso.xhtml HTTP/1.1" 200 1348
186.30.68.92 - - [31/Oct/2021:15:01:25 -0500] "POST /sipse/faces/presentacion/financiero/solicitudProceso/listarSolicitudProceso.xhtml HTTP/1.1" 200 152138
186.30.68.92 - - [31/Oct/2021:15:01:26 -0500] "GET /sipse/faces/javax.faces.resource/theme.css?ln=primefaces-sipse HTTP/1.1" 304 -
186.30.68.92 - - [31/Oct/2021:15:01:26 -0500] "GET /sipse/faces/javax.faces.resource/layout/layout.css?ln=primefaces&v=4.0 HTTP/1.1" 304 -
186.30.68.92 - - [31/Oct/2021:15:01:26 -0500] "GET /sipse/faces/javax.faces.resource/primefaces.css?ln=primefaces&v=4.0 HTTP/1.1" 304 -
186.30.68.92 - - [31/Oct/2021:15:01:26 -0500] "GET /sipse/faces/javax.faces.resource/jquery/jquery.js?ln=primefaces&v=4.0 HTTP/1.1" 304 -
186.30.68.92 - - [31/Oct/2021:15:01:26 -0500] "GET /sipse/faces/javax.faces.resource/jquery/jquery-plugins.js?ln=primefaces&v=4.0 HTTP/1.1" 304 -
186.30.68.92 - - [31/Oct/2021:15:01:27 -0500] "GET /sipse/faces/javax.faces.resource/primefaces.js?ln=primefaces&v=4.0 HTTP/1.1" 304 -
186.30.68.92 - - [31/Oct/2021:15:01:27 -0500] "GET /sipse/faces/javax.faces.resource/layout/layout.js?ln=primefaces&v=4.0 HTTP/1.1" 304 -
186.30.68.92 - - [31/Oct/2021:15:01:27 -0500] "GET /sipse/faces/javax.faces.resource/dynamiccontent.properties?ln=primefaces&pfdrid=XjOR5%2F%2FfPAZAuY9TpWQeCiM0BhlXxYRBGKi%2FQcXXfeA%3D&pfdrid_c=false HTTP/1.1" 500 383
186.30.68.92 - - [31/Oct/2021:15:01:41 -0500] "POST /sipse/faces/presentacion/financiero/solicitudProceso/consultarSolicitudProceso.xhtml HTTP/1.1" 200 4857573
201.245.192.253 - - [31/Oct/2021:15:02:03 -0500] "GET /catalogoisis/ HTTP/1.1" 200 8575
222.186.19.235 - - [31/Oct/2021:15:02:25 -0500] "GET http://fuwu.sogou.com/404/index.html HTTP/1.1" 404 1018
222.186.19.235 - - [31/Oct/2021:15:02:25 -0500] "\x16\x03\x01" 400 226
222.186.19.235 - - [31/Oct/2021:15:02:26 -0500] "GET http://fuwu.sogou.com/404/index.html HTTP/1.1" 404 1018
201.245.192.253 - - [31/Oct/2021:15:03:04 -0500] "GET /catalogoisis/ HTTP/1.1" 200 8575
186.30.68.92 - - [31/Oct/2021:15:03:51 -0500] "POST /sipse/faces/presentacion/financiero/solicitudProceso/consultarSolicitudProceso.xhtml HTTP/1.1" 200 8675995
207.241.231.132 - - [31/Oct/2021:15:04:00 -0500] "GET /galeria/galeria/fancybox_loading.gif HTTP/1.0" 200 6567
201.245.192.253 - - [31/Oct/2021:15:04:05 -0500] "GET /catalogoisis/ HTTP/1.1" 200 8575
201.245.192.253 - - [31/Oct/2021:15:03:53 -0500] "POST /kwsrmcab/Wsrmcab HTTP/1.1" 200 213
216.245.221.92 - - [31/Oct/2021:15:04:47 -0500] "HEAD / HTTP/1.1" 200 -
207.241.231.132 - - [31/Oct/2021:15:04:56 -0500] "GET /galeria/galeria/blank.gif HTTP/1.0" 200 43
201.245.192.253 - - [31/Oct/2021:15:05:05 -0500] "GET /catalogoisis/ HTTP/1.1" 200 8575
201.245.192.253 - - [31/Oct/2021:15:06:07 -0500] "GET /catalogoisis/ HTTP/1.1" 200 8575
201.245.192.253 - - [31/Oct/2021:15:07:08 -0500] "GET /catalogoisis/ HTTP/1.1" 200 8575
201.245.192.253 - - [31/Oct/2021:15:08:09 -0500] "GET /catalogoisis/ HTTP/1.1" 200 8575
168.90.14.90 - - [31/Oct/2021:15:08:52 -0500] "GET /galeria/galeria/jquery.fancybox.css?v=2.1.5 HTTP/1.1" 200 4895
201.245.192.253 - - [31/Oct/2021:15:09:09 -0500] "GET /catalogoisis/ HTTP/1.1" 200 8575
216.245.221.92 - - [31/Oct/2021:15:09:47 -0500] "HEAD / HTTP/1.1" 200 -
201.245.192.253 - - [31/Oct/2021:15:10:10 -0500] "GET /catalogoisis/ HTTP/1.1" 200 8575
201.245.192.253 - - [31/Oct/2021:15:11:11 -0500] "GET /catalogoisis/ HTTP/1.1" 200 8575
201.245.192.253 - - [31/Oct/2021:15:12:11 -0500] "GET /catalogoisis/ HTTP/1.1" 200 8575
201.245.192.253 - - [31/Oct/2021:15:13:12 -0500] "GET /catalogoisis/ HTTP/1.1" 200 8575
94.130.143.70 - - [31/Oct/2021:15:13:19 -0500] "-" 408 -
46.4.6.112 - - [31/Oct/2021:15:14:11 -0500] "-" 408 -
201.245.192.253 - - [31/Oct/2021:15:14:12 -0500] "GET /catalogoisis/ HTTP/1.1" 200 8575
207.241.231.132 - - [31/Oct/2021:15:14:13 -0500] "GET /favicon.ico HTTP/1.0" 200 7782
94.130.143.70 - - [31/Oct/2021:15:14:19 -0500] "-" 408 -
201.245.192.253 - - [31/Oct/2021:15:13:48 -0500] "POST /kwsrmcab/Wsrmcab HTTP/1.1" 200 119838
216.245.221.92 - - [31/Oct/2021:15:14:47 -0500] "HEAD / HTTP/1.1" 200 -
46.4.113.121 - - [31/Oct/2021:15:15:11 -0500] "-" 408 -
201.245.192.253 - - [31/Oct/2021:15:15:13 -0500] "GET /catalogoisis/ HTTP/1.1" 200 8575
201.245.192.253 - - [31/Oct/2021:15:16:14 -0500] "GET /catalogoisis/ HTTP/1.1" 200 8575
207.241.231.132 - - [31/Oct/2021:15:16:44 -0500] "GET /galeria/galeria/fancybox_overlay.png HTTP/1.0" 200 1003
207.241.231.132 - - [31/Oct/2021:15:16:45 -0500] "GET /galeria/galeria/fancybox_loading@2x.gif HTTP/1.0" 200 13984
201.245.192.253 - - [31/Oct/2021:15:17:15 -0500] "GET /catalogoisis/ HTTP/1.1" 200 8575
201.245.192.253 - - [31/Oct/2021:15:18:16 -0500] "GET /catalogoisis/ HTTP/1.1" 200 8575
201.245.192.253 - - [31/Oct/2021:15:19:16 -0500] "GET /catalogoisis/ HTTP/1.1" 200 8575
94.130.143.70 - - [31/Oct/2021:15:19:18 -0500] "GET /BLA/resoluciones/index.php?dir=AUTOS+2005/ HTTP/1.1" 200 2791
216.245.221.92 - - [31/Oct/2021:15:19:47 -0500] "HEAD / HTTP/1.1" 200 -
201.245.192.253 - - [31/Oct/2021:15:20:17 -0500] "GET /catalogoisis/ HTTP/1.1" 200 8575
201.245.192.253 - - [31/Oct/2021:15:19:34 -0500] "POST /kwsrmcab/Wsrmcab HTTP/1.1" 200 46782
94.130.143.70 - - [31/Oct/2021:15:20:18 -0500] "GET /BLA/resoluciones/index.php?dir=RESOLUCIONES+2010/ HTTP/1.1" 200 1307798
201.245.192.253 - - [31/Oct/2021:15:20:19 -0500] "POST /kwsrmcab/Wsrmcab HTTP/1.1" 200 47423
23.100.232.233 - - [31/Oct/2021:15:21:09 -0500] "GET /galeria/galeria/jquery.fancybox.css?v=2.1.5 HTTP/1.1" 200 4895
23.100.232.233 - - [31/Oct/2021:15:21:09 -0500] "GET /galeria/galeria/jquery.fancybox.js?v=2.1.5 HTTP/1.1" 200 48706
201.245.192.253 - - [31/Oct/2021:15:21:18 -0500] "GET /catalogoisis/ HTTP/1.1" 200 8575
94.130.143.70 - - [31/Oct/2021:15:21:19 -0500] "GET /BLA/resoluciones/index.php?dir=2018/ HTTP/1.1" 200 1608
94.130.143.70 - - [31/Oct/2021:15:21:21 -0500] "GET /portaldeninos/agua-y-estructura-ecologica-principal/ HTTP/1.1" 200 80504
94.130.143.70 - - [31/Oct/2021:15:21:25 -0500] "GET /BLA/resoluciones/index.php?dir=RESOLUCIONES+2018/ HTTP/1.1" 200 246609
191.156.134.105 - - [31/Oct/2021:15:22:15 -0500] "GET /galeria/galeria/jquery.fancybox.css?v=2.1.5 HTTP/1.1" 200 4895
201.245.192.253 - - [31/Oct/2021:15:22:18 -0500] "GET /catalogoisis/ HTTP/1.1" 200 8575
94.130.143.70 - - [31/Oct/2021:15:22:26 -0500] "GET /BLA/resoluciones/index.php?dir=RESOLUCIONES+1998/ HTTP/1.1" 200 13225
173.252.107.1 - - [31/Oct/2021:15:22:42 -0500] "GET /participa-conoce-y-comparte-experiencias-exitosas-frente-al-cambio-climatico-en-bogota.html HTTP/1.1" 206 1118
173.252.107.22 - - [31/Oct/2021:15:22:42 -0500] "GET /participa-conoce-y-comparte-experiencias-exitosas-frente-al-cambio-climatico-en-bogota.html HTTP/1.1" 206 1118
173.252.127.16 - - [31/Oct/2021:15:22:42 -0500] "GET /participa-conoce-y-comparte-experiencias-exitosas-frente-al-cambio-climatico-en-bogota.html?fbclid=IwAR1OfwS5mzv5PdIK1zDDV4cqGJtFcDbd_N4ry0DGPjUE7Xq-FYwHjqgAg5k HTTP/1.1" 200 1118
190.37.76.64 - - [31/Oct/2021:15:23:07 -0500] "GET /galeria/galeria/jquery.fancybox.css?v=2.1.5 HTTP/1.1" 200 4895
190.37.76.64 - - [31/Oct/2021:15:23:07 -0500] "GET /galeria/galeria/jquery.fancybox.js?v=2.1.5 HTTP/1.1" 200 48706
94.130.143.70 - - [31/Oct/2021:15:23:15 -0500] "GET /BLA/resoluciones/index.php?dir=RESOLUCIONES+2006/ HTTP/1.1" 200 38542
201.245.192.253 - - [31/Oct/2021:15:23:18 -0500] "GET /catalogoisis/ HTTP/1.1" 200 8575
207.241.226.109 - - [31/Oct/2021:15:23:57 -0500] "-" 408 -
94.130.143.70 - - [31/Oct/2021:15:24:10 -0500] "GET /BLA/resoluciones/index.php?dir=RESOLUCIONES+1992/ HTTP/1.1" 200 2871
201.245.192.253 - - [31/Oct/2021:15:24:19 -0500] "GET /catalogoisis/ HTTP/1.1" 200 8575
199.59.150.181 - - [31/Oct/2021:15:24:27 -0500] "GET /secretaria-de-ambiente-abre-convocatoria-para-que-empresas-de-bogota-sean-mas-sostenibles.html HTTP/1.1" 200 907
199.59.150.182 - - [31/Oct/2021:15:24:28 -0500] "GET /secretaria-de-ambiente-abre-convocatoria-para-que-empresas-de-bogota-sean-mas-sostenibles.html HTTP/1.1" 200 907
199.59.150.183 - - [31/Oct/2021:15:24:32 -0500] "GET /secretaria-de-ambiente-abre-convocatoria-para-que-empresas-de-bogota-sean-mas-sostenibles.html HTTP/1.1" 200 907
199.59.150.180 - - [31/Oct/2021:15:24:33 -0500] "GET /secretaria-de-ambiente-abre-convocatoria-para-que-empresas-de-bogota-sean-mas-sostenibles.html HTTP/1.1" 200 907
199.59.150.182 - - [31/Oct/2021:15:24:33 -0500] "GET /secretaria-de-ambiente-abre-convocatoria-para-que-empresas-de-bogota-sean-mas-sostenibles.html HTTP/1.1" 200 907
199.16.157.182 - - [31/Oct/2021:15:24:34 -0500] "GET /secretaria-de-ambiente-abre-convocatoria-para-que-empresas-de-bogota-sean-mas-sostenibles.html HTTP/1.1" 200 907
201.245.192.253 - - [31/Oct/2021:15:23:50 -0500] "POST /kwsrmcab/Wsrmcab HTTP/1.1" 200 119838
199.16.157.180 - - [31/Oct/2021:15:24:35 -0500] "GET /secretaria-de-ambiente-abre-convocatoria-para-que-empresas-de-bogota-sean-mas-sostenibles.html HTTP/1.1" 200 907
199.16.157.181 - - [31/Oct/2021:15:24:37 -0500] "GET /secretaria-de-ambiente-abre-convocatoria-para-que-empresas-de-bogota-sean-mas-sostenibles.html HTTP/1.1" 200 907
199.16.157.180 - - [31/Oct/2021:15:24:40 -0500] "GET /secretaria-de-ambiente-abre-convocatoria-para-que-empresas-de-bogota-sean-mas-sostenibles.html HTTP/1.1" 200 907
199.59.150.180 - - [31/Oct/2021:15:24:42 -0500] "GET /secretaria-de-ambiente-abre-convocatoria-para-que-empresas-de-bogota-sean-mas-sostenibles.html HTTP/1.1" 200 907
216.245.221.92 - - [31/Oct/2021:15:24:47 -0500] "HEAD / HTTP/1.1" 200 -
94.130.143.70 - - [31/Oct/2021:15:24:53 -0500] "GET /BLA/resoluciones/index.php?dir=&sort=name&order=desc HTTP/1.1" 200 12683
94.130.143.70 - - [31/Oct/2021:15:24:55 -0500] "GET /portaldeninos/que-es-cambio-climatico/ HTTP/1.1" 200 79743
94.130.143.70 - - [31/Oct/2021:15:24:58 -0500] "GET /BLA/resoluciones/index.php?dir=RESOLUCIONES+2004/ HTTP/1.1" 200 31825
157.55.39.101 - - [31/Oct/2021:15:25:19 -0500] "GET /BLA/resoluciones/index.php?dir=Notificaciones%2F HTTP/1.1" 200 9007
201.245.192.253 - - [31/Oct/2021:15:25:20 -0500] "GET /catalogoisis/ HTTP/1.1" 200 8575
94.130.143.70 - - [31/Oct/2021:15:25:53 -0500] "GET /BLA/resoluciones/index.php?dir=RESOLUCIONES+1999/ HTTP/1.1" 200 10038
201.245.192.253 - - [31/Oct/2021:15:26:22 -0500] "GET /catalogoisis/ HTTP/1.1" 200 8575
199.16.157.181 - - [31/Oct/2021:15:26:41 -0500] "GET /secretaria-de-ambiente-abre-convocatoria-para-que-empresas-de-bogota-sean-mas-sostenibles.html HTTP/1.1" 200 907
94.130.143.70 - - [31/Oct/2021:15:26:40 -0500] "GET /BLA/resoluciones/index.php?dir=RESOLUCIONES+2019/ HTTP/1.1" 200 225000
199.59.150.181 - - [31/Oct/2021:15:26:54 -0500] "GET /secretaria-de-ambiente-abre-convocatoria-para-que-empresas-de-bogota-sean-mas-sostenibles.html HTTP/1.1" 200 907
94.130.143.70 - - [31/Oct/2021:15:27:05 -0500] "GET /portaldeninos/biodiversidad/ HTTP/1.1" 200 79649
94.130.143.70 - - [31/Oct/2021:15:27:09 -0500] "GET /BLA/resoluciones/index.php?dir=AUTOS+2013/ HTTP/1.1" 200 405309
207.241.226.109 - - [31/Oct/2021:15:27:18 -0500] "-" 408 -
201.245.192.253 - - [31/Oct/2021:15:27:23 -0500] "GET /catalogoisis/ HTTP/1.1" 200 8575
201.245.192.253 - - [31/Oct/2021:15:28:05 -0500] "GET /sipse/faces/index.xhtml HTTP/1.1" 200 677
201.245.192.253 - - [31/Oct/2021:15:28:05 -0500] "GET /sipse/faces/javax.faces.resource/theme.css?ln=primefaces-sipse HTTP/1.1" 304 -
201.245.192.253 - - [31/Oct/2021:15:28:05 -0500] "GET /sipse/faces/faces/autenticacion.xhtml HTTP/1.1" 200 12181
201.245.192.253 - - [31/Oct/2021:15:28:05 -0500] "GET /sipse/js/disable_browser_buttons.js HTTP/1.1" 304 -
201.245.192.253 - - [31/Oct/2021:15:28:05 -0500] "GET /sipse/js/funciones.js HTTP/1.1" 304 -
201.245.192.253 - - [31/Oct/2021:15:28:05 -0500] "GET /sipse/css/custom_css_sg.css HTTP/1.1" 304 -
201.245.192.253 - - [31/Oct/2021:15:28:05 -0500] "GET /sipse/css/custom_css_sg_prime_login.css HTTP/1.1" 304 -
201.245.192.253 - - [31/Oct/2021:15:28:05 -0500] "GET /sipse/faces/javax.faces.resource/theme.css?ln=primefaces-sipse HTTP/1.1" 304 -
201.245.192.253 - - [31/Oct/2021:15:28:05 -0500] "GET /sipse/faces/javax.faces.resource/primefaces.css?ln=primefaces&v=4.0 HTTP/1.1" 304 -
201.245.192.253 - - [31/Oct/2021:15:28:05 -0500] "GET /sipse/faces/javax.faces.resource/jquery/jquery.js?ln=primefaces&v=4.0 HTTP/1.1" 304 -
201.245.192.253 - - [31/Oct/2021:15:28:05 -0500] "GET /sipse/faces/javax.faces.resource/layout/layout.css?ln=primefaces&v=4.0 HTTP/1.1" 304 -
201.245.192.253 - - [31/Oct/2021:15:28:05 -0500] "GET /sipse/faces/javax.faces.resource/jquery/jquery-plugins.js?ln=primefaces&v=4.0 HTTP/1.1" 304 -
201.245.192.253 - - [31/Oct/2021:15:28:05 -0500] "GET /sipse/faces/javax.faces.resource/primefaces.js?ln=primefaces&v=4.0 HTTP/1.1" 304 -
201.245.192.253 - - [31/Oct/2021:15:28:05 -0500] "GET /sipse/faces/javax.faces.resource/layout/layout.js?ln=primefaces&v=4.0 HTTP/1.1" 304 -
201.245.192.253 - - [31/Oct/2021:15:28:05 -0500] "GET /sipse/css/imagen/logoSDG.png HTTP/1.1" 304 -
201.245.192.253 - - [31/Oct/2021:15:28:05 -0500] "GET /sipse/css/imagen/loginimg.png HTTP/1.1" 304 -
201.245.192.253 - - [31/Oct/2021:15:28:05 -0500] "GET /sipse/faces/javax.faces.resource/images/ui-icons_898989_256x240.png?ln=primefaces-aristo HTTP/1.1" 304 -
201.245.192.253 - - [31/Oct/2021:15:28:08 -0500] "POST /sipse/faces/autenticacion.xhtml HTTP/1.1" 200 15134
201.245.192.253 - - [31/Oct/2021:15:28:08 -0500] "GET /sipse/css/custom_css_sg_prime.css HTTP/1.1" 304 -
201.245.192.253 - - [31/Oct/2021:15:28:08 -0500] "GET /sipse/faces/javax.faces.resource/theme.css?ln=primefaces-sipse HTTP/1.1" 304 -
201.245.192.253 - - [31/Oct/2021:15:28:08 -0500] "GET /sipse/faces/javax.faces.resource/layout/layout.css?ln=primefaces&v=4.0 HTTP/1.1" 304 -
201.245.192.253 - - [31/Oct/2021:15:28:08 -0500] "GET /sipse/faces/javax.faces.resource/primefaces.css?ln=primefaces&v=4.0 HTTP/1.1" 304 -
201.245.192.253 - - [31/Oct/2021:15:28:08 -0500] "GET /sipse/js/jquery.min.js HTTP/1.1" 304 -
201.245.192.253 - - [31/Oct/2021:15:28:08 -0500] "GET /sipse/faces/javax.faces.resource/jquery/jquery.js?ln=primefaces&v=4.0 HTTP/1.1" 304 -
201.245.192.253 - - [31/Oct/2021:15:28:08 -0500] "GET /sipse/faces/javax.faces.resource/jquery/jquery-plugins.js?ln=primefaces&v=4.0 HTTP/1.1" 304 -
201.245.192.253 - - [31/Oct/2021:15:28:08 -0500] "GET /sipse/faces/javax.faces.resource/primefaces.js?ln=primefaces&v=4.0 HTTP/1.1" 304 -
201.245.192.253 - - [31/Oct/2021:15:28:08 -0500] "GET /sipse/faces/javax.faces.resource/layout/layout.js?ln=primefaces&v=4.0 HTTP/1.1" 304 -
201.245.192.253 - - [31/Oct/2021:15:28:08 -0500] "GET /sipse/imagenes/cargando.gif HTTP/1.1" 304 -
201.245.192.253 - - [31/Oct/2021:15:28:08 -0500] "GET /sipse/css/imagen/contrasena.png HTTP/1.1" 404 383
201.245.192.253 - - [31/Oct/2021:15:28:08 -0500] "GET /sipse/imagenes/logoAplicacion.jpg HTTP/1.1" 304 -
201.245.192.253 - - [31/Oct/2021:15:28:08 -0500] "GET /sipse/faces/javax.faces.resource/messages/messages.png?ln=primefaces&v=4.0 HTTP/1.1" 304 -
201.245.192.253 - - [31/Oct/2021:15:28:10 -0500] "GET /sipse/faces/javax.faces.resource/images/ui-bg_flat_0_2d5972_40x100.png?ln=primefaces-aristo HTTP/1.1" 304 -
201.245.192.253 - - [31/Oct/2021:15:28:10 -0500] "POST /sipse/faces/bienvenido.xhtml HTTP/1.1" 200 2073
201.245.192.253 - - [31/Oct/2021:15:28:11 -0500] "POST /sipse/faces/bienvenido.xhtml HTTP/1.1" 200 37423
201.245.192.253 - - [31/Oct/2021:15:28:11 -0500] "GET /sipse/faces/javax.faces.resource/theme.css?ln=primefaces-sipse HTTP/1.1" 304 -
201.245.192.253 - - [31/Oct/2021:15:28:11 -0500] "GET /sipse/faces/javax.faces.resource/layout/layout.css?ln=primefaces&v=4.0 HTTP/1.1" 304 -
201.245.192.253 - - [31/Oct/2021:15:28:11 -0500] "GET /sipse/faces/javax.faces.resource/primefaces.css?ln=primefaces&v=4.0 HTTP/1.1" 304 -
201.245.192.253 - - [31/Oct/2021:15:28:11 -0500] "GET /sipse/faces/javax.faces.resource/jquery/jquery.js?ln=primefaces&v=4.0 HTTP/1.1" 304 -
201.245.192.253 - - [31/Oct/2021:15:28:11 -0500] "GET /sipse/faces/javax.faces.resource/jquery/jquery-plugins.js?ln=primefaces&v=4.0 HTTP/1.1" 304 -
201.245.192.253 - - [31/Oct/2021:15:28:11 -0500] "GET /sipse/faces/javax.faces.resource/primefaces.js?ln=primefaces&v=4.0 HTTP/1.1" 304 -
201.245.192.253 - - [31/Oct/2021:15:28:11 -0500] "GET /sipse/faces/javax.faces.resource/layout/layout.js?ln=primefaces&v=4.0 HTTP/1.1" 304 -
201.245.192.253 - - [31/Oct/2021:15:28:11 -0500] "POST /sipse/faces/presentacion/financiero/solicitudProceso/consultar.xhtml HTTP/1.1" 200 30815
201.245.192.253 - - [31/Oct/2021:15:28:11 -0500] "POST /sipse/faces/presentacion/financiero/solicitudProceso/consultar.xhtml HTTP/1.1" 200 30815
201.245.192.253 - - [31/Oct/2021:15:28:24 -0500] "GET /catalogoisis/ HTTP/1.1" 200 8575
199.16.157.180 - - [31/Oct/2021:15:28:44 -0500] "GET /secretaria-de-ambiente-abre-convocatoria-para-que-empresas-de-bogota-sean-mas-sostenibles.html HTTP/1.1" 200 907
94.130.143.70 - - [31/Oct/2021:15:28:51 -0500] "GET /BLA/resoluciones/index.php?dir=AUTOS+2019/ HTTP/1.1" 200 329775
199.59.150.180 - - [31/Oct/2021:15:28:55 -0500] "GET /secretaria-de-ambiente-abre-convocatoria-para-que-empresas-de-bogota-sean-mas-sostenibles.html HTTP/1.1" 200 907
199.59.150.181 - - [31/Oct/2021:15:28:55 -0500] "GET /secretaria-de-ambiente-abre-convocatoria-para-que-empresas-de-bogota-sean-mas-sostenibles.html HTTP/1.1" 200 907
201.245.192.253 - - [31/Oct/2021:15:29:24 -0500] "GET /catalogoisis/ HTTP/1.1" 200 8575
216.245.221.92 - - [31/Oct/2021:15:29:47 -0500] "HEAD / HTTP/1.1" 200 -
217.182.171.12 - - [31/Oct/2021:15:29:48 -0500] "HEAD /BLA/resoluciones/RESOLUCIONES%202011/5291.pdf HTTP/1.1" 200 -
94.130.143.70 - - [31/Oct/2021:15:29:52 -0500] "GET /BLA/resoluciones/index.php?dir=RESOLUCIONES+2017/ HTTP/1.1" 200 271183
201.245.192.253 - - [31/Oct/2021:15:29:34 -0500] "POST /kwsrmcab/Wsrmcab HTTP/1.1" 200 46782
52.42.228.209 - - [31/Oct/2021:15:30:19 -0500] "HEAD /participa-conoce-y-comparte-experiencias-exitosas-frente-al-cambio-climatico-en-bogota.html HTTP/1.1" 200 -
173.252.87.23 - - [31/Oct/2021:15:30:20 -0500] "GET /participa-conoce-y-comparte-experiencias-exitosas-frente-al-cambio-climatico-en-bogota.html HTTP/1.1" 206 1118
173.252.87.118 - - [31/Oct/2021:15:30:20 -0500] "GET /participa-conoce-y-comparte-experiencias-exitosas-frente-al-cambio-climatico-en-bogota.html HTTP/1.1" 206 1118
173.252.87.118 - - [31/Oct/2021:15:30:20 -0500] "GET /participa-conoce-y-comparte-experiencias-exitosas-frente-al-cambio-climatico-en-bogota.html HTTP/1.1" 206 1118
201.245.192.253 - - [31/Oct/2021:15:30:24 -0500] "GET /catalogoisis/ HTTP/1.1" 200 8575
207.241.226.109 - - [31/Oct/2021:15:30:38 -0500] "-" 408 -
94.130.143.70 - - [31/Oct/2021:15:30:44 -0500] "GET /BLA/resoluciones/index.php?dir=AUTOS+2008/ HTTP/1.1" 200 569644
199.16.157.180 - - [31/Oct/2021:15:30:49 -0500] "GET /secretaria-de-ambiente-abre-convocatoria-para-que-empresas-de-bogota-sean-mas-sostenibles.html HTTP/1.1" 200 907
199.59.150.182 - - [31/Oct/2021:15:30:57 -0500] "GET /secretaria-de-ambiente-abre-convocatoria-para-que-empresas-de-bogota-sean-mas-sostenibles.html HTTP/1.1" 200 907
201.245.192.253 - - [31/Oct/2021:15:30:19 -0500] "POST /kwsrmcab/Wsrmcab HTTP/1.1" 200 47423
207.46.13.171 - - [31/Oct/2021:15:31:09 -0500] "GET /BLA/resoluciones/index.php?dir=RESOLUCIONES+2013%2F HTTP/1.1" 200 236748
201.245.192.253 - - [31/Oct/2021:15:31:25 -0500] "GET /catalogoisis/ HTTP/1.1" 200 8575
94.130.143.70 - - [31/Oct/2021:15:32:02 -0500] "GET /BLA/resoluciones/index.php?dir=RESOLUCIONES+1996/ HTTP/1.1" 200 8967
201.245.192.253 - - [31/Oct/2021:15:32:26 -0500] "GET /catalogoisis/ HTTP/1.1" 200 8575
209.141.51.171 - - [31/Oct/2021:15:32:25 -0500] "POST /boaform/admin/formLogin HTTP/1.1" 404 1186
94.130.143.70 - - [31/Oct/2021:15:32:46 -0500] "GET /BLA/resoluciones/index.php?dir=Acuerdos/ HTTP/1.1" 200 3396
199.16.157.182 - - [31/Oct/2021:15:32:49 -0500] "GET /secretaria-de-ambiente-abre-convocatoria-para-que-empresas-de-bogota-sean-mas-sostenibles.html HTTP/1.1" 200 907
199.59.150.182 - - [31/Oct/2021:15:32:58 -0500] "GET /secretaria-de-ambiente-abre-convocatoria-para-que-empresas-de-bogota-sean-mas-sostenibles.html HTTP/1.1" 200 907
201.245.192.253 - - [31/Oct/2021:15:33:26 -0500] "GET /catalogoisis/ HTTP/1.1" 200 8575
94.130.143.70 - - [31/Oct/2021:15:33:28 -0500] "GET /BLA/resoluciones/index.php?dir=RESOLUCIONES+1993/ HTTP/1.1" 200 2879
181.61.205.197 - - [31/Oct/2021:15:33:48 -0500] "GET /BLA/resoluciones/RESOLUCIONES%202020/0790.pdf HTTP/1.1" 200 418741
181.61.205.197 - - [31/Oct/2021:15:33:49 -0500] "GET /favicon.ico HTTP/1.1" 200 7782
207.241.226.109 - - [31/Oct/2021:15:33:58 -0500] "-" 408 -
94.130.143.70 - - [31/Oct/2021:15:34:10 -0500] "GET /BLA/resoluciones/index.php?dir=RESOLUCIONES+2013/ HTTP/1.1" 200 236748
201.245.192.253 - - [31/Oct/2021:15:34:27 -0500] "GET /catalogoisis/ HTTP/1.1" 200 8575
201.245.192.253 - - [31/Oct/2021:15:33:48 -0500] "POST /kwsrmcab/Wsrmcab HTTP/1.1" 200 119838
199.16.157.180 - - [31/Oct/2021:15:34:32 -0500] "GET /secretaria-de-ambiente-abre-convocatoria-para-que-empresas-de-bogota-sean-mas-sostenibles.html HTTP/1.1" 200 907
199.16.157.181 - - [31/Oct/2021:15:34:32 -0500] "GET /secretaria-de-ambiente-abre-convocatoria-para-que-empresas-de-bogota-sean-mas-sostenibles.html HTTP/1.1" 200 907
216.245.221.92 - - [31/Oct/2021:15:34:47 -0500] "HEAD / HTTP/1.1" 200 -
199.16.157.181 - - [31/Oct/2021:15:34:53 -0500] "GET /secretaria-de-ambiente-abre-convocatoria-para-que-empresas-de-bogota-sean-mas-sostenibles.html HTTP/1.1" 200 907
199.59.150.183 - - [31/Oct/2021:15:35:09 -0500] "GET /secretaria-de-ambiente-abre-convocatoria-para-que-empresas-de-bogota-sean-mas-sostenibles.html HTTP/1.1" 200 907
94.130.143.70 - - [31/Oct/2021:15:35:10 -0500] "GET /BLA/resoluciones/index.php?dir=AUTOS+2014/ HTTP/1.1" 200 872270
201.245.192.253 - - [31/Oct/2021:15:35:29 -0500] "GET /catalogoisis/ HTTP/1.1" 200 8575
94.130.143.70 - - [31/Oct/2021:15:36:02 -0500] "GET /BLA/resoluciones/index.php?dir=RESOLUCIONES+2011/ HTTP/1.1" 200 744957
186.102.51.130 - - [31/Oct/2021:15:36:07 -0500] "GET /elabora-tu-jardin-vertical-y-contribuye-a-mitigar-los-efectos-del-cambio-climatico.html HTTP/1.1" 200 985
34.147.68.63 - - [31/Oct/2021:15:36:26 -0500] "GET / HTTP/1.1" 200 319
201.245.192.253 - - [31/Oct/2021:15:36:29 -0500] "GET /catalogoisis/ HTTP/1.1" 200 8575
181.53.13.49 - - [31/Oct/2021:15:36:35 -0500] "GET /BLA/resoluciones/ HTTP/1.1" 200 12684
181.53.13.49 - - [31/Oct/2021:15:36:35 -0500] "GET /BLA/resoluciones/dlf/styles.css HTTP/1.1" 200 3049
181.53.13.49 - - [31/Oct/2021:15:36:35 -0500] "GET /BLA/resoluciones/dlf/folder.png HTTP/1.1" 200 410
181.53.13.49 - - [31/Oct/2021:15:36:35 -0500] "GET /BLA/resoluciones/dlf/bg.gif HTTP/1.1" 200 54
181.53.13.49 - - [31/Oct/2021:15:36:35 -0500] "GET /favicon.ico HTTP/1.1" 200 7782
181.53.13.49 - - [31/Oct/2021:15:36:40 -0500] "GET /BLA/resoluciones/dlf/dirup.png HTTP/1.1" 200 644
181.53.13.49 - - [31/Oct/2021:15:36:40 -0500] "GET /BLA/resoluciones/dlf/pdf.gif HTTP/1.1" 200 272
181.53.13.49 - - [31/Oct/2021:15:36:40 -0500] "GET /BLA/resoluciones/index.php?dir=AUTOS+2019%2F HTTP/1.1" 200 329775
181.53.13.49 - - [31/Oct/2021:15:36:49 -0500] "GET /BLA/resoluciones/AUTOS%202019/2150.pdf HTTP/1.1" 200 343424
199.16.157.181 - - [31/Oct/2021:15:36:53 -0500] "GET /secretaria-de-ambiente-abre-convocatoria-para-que-empresas-de-bogota-sean-mas-sostenibles.html HTTP/1.1" 200 907
199.59.150.180 - - [31/Oct/2021:15:37:09 -0500] "GET /secretaria-de-ambiente-abre-convocatoria-para-que-empresas-de-bogota-sean-mas-sostenibles.html HTTP/1.1" 200 907
191.95.49.180 - - [31/Oct/2021:15:37:13 -0500] "GET /galeria/galeria/jquery.fancybox.css?v=2.1.5 HTTP/1.1" 200 4895
207.241.226.109 - - [31/Oct/2021:15:37:18 -0500] "-" 408 -
94.130.143.70 - - [31/Oct/2021:15:37:25 -0500] "GET /BLA/resoluciones/index.php?dir=RESOLUCIONES+2020/ HTTP/1.1" 200 146776
201.245.192.253 - - [31/Oct/2021:15:37:30 -0500] "GET /catalogoisis/ HTTP/1.1" 200 8575
186.84.21.28 - - [31/Oct/2021:15:38:05 -0500] "GET /sipse/faces/javax.faces.resource/theme.css?ln=primefaces-sipse HTTP/1.1" 200 50058
186.84.21.28 - - [31/Oct/2021:15:38:05 -0500] "GET /sipse/faces/faces/faces/faces/autenticacion.xhtml HTTP/1.1" 200 12181
186.84.21.28 - - [31/Oct/2021:15:38:06 -0500] "GET /sipse/css/custom_css_sg.css HTTP/1.1" 304 -
186.84.21.28 - - [31/Oct/2021:15:38:06 -0500] "GET /sipse/css/custom_css_sg_prime_login.css HTTP/1.1" 304 -
186.84.21.28 - - [31/Oct/2021:15:38:06 -0500] "GET /sipse/faces/javax.faces.resource/theme.css?ln=primefaces-sipse HTTP/1.1" 304 -
186.84.21.28 - - [31/Oct/2021:15:38:06 -0500] "GET /sipse/faces/javax.faces.resource/layout/layout.css?ln=primefaces&v=4.0 HTTP/1.1" 304 -
186.84.21.28 - - [31/Oct/2021:15:38:06 -0500] "GET /sipse/js/disable_browser_buttons.js HTTP/1.1" 304 -
186.84.21.28 - - [31/Oct/2021:15:38:06 -0500] "GET /sipse/js/funciones.js HTTP/1.1" 304 -
186.84.21.28 - - [31/Oct/2021:15:38:06 -0500] "GET /sipse/faces/javax.faces.resource/primefaces.css?ln=primefaces&v=4.0 HTTP/1.1" 200 53295
186.84.21.28 - - [31/Oct/2021:15:38:06 -0500] "GET /sipse/faces/javax.faces.resource/jquery/jquery-plugins.js?ln=primefaces&v=4.0 HTTP/1.1" 304 -
186.84.21.28 - - [31/Oct/2021:15:38:06 -0500] "GET /sipse/faces/javax.faces.resource/jquery/jquery.js?ln=primefaces&v=4.0 HTTP/1.1" 200 105384
186.84.21.28 - - [31/Oct/2021:15:38:06 -0500] "GET /sipse/faces/javax.faces.resource/layout/layout.js?ln=primefaces&v=4.0 HTTP/1.1" 200 87560
186.84.21.28 - - [31/Oct/2021:15:38:06 -0500] "GET /sipse/faces/javax.faces.resource/primefaces.js?ln=primefaces&v=4.0 HTTP/1.1" 200 276924
186.84.21.28 - - [31/Oct/2021:15:38:06 -0500] "GET /sipse/faces/javax.faces.resource/images/ui-icons_898989_256x240.png?ln=primefaces-aristo HTTP/1.1" 304 -
186.84.21.28 - - [31/Oct/2021:15:38:06 -0500] "GET /sipse/css/imagen/logoSDG.png HTTP/1.1" 200 53064
186.84.21.28 - - [31/Oct/2021:15:38:06 -0500] "GET /sipse/css/imagen/loginimg.png HTTP/1.1" 200 71635
186.84.21.28 - - [31/Oct/2021:15:38:09 -0500] "GET /sipse/faces/javax.faces.resource/theme.css?ln=primefaces-sipse HTTP/1.1" 304 -
186.84.21.28 - - [31/Oct/2021:15:38:09 -0500] "GET /sipse/faces/javax.faces.resource/layout/layout.css?ln=primefaces&v=4.0 HTTP/1.1" 304 -
186.84.21.28 - - [31/Oct/2021:15:38:09 -0500] "GET /sipse/faces/javax.faces.resource/primefaces.css?ln=primefaces&v=4.0 HTTP/1.1" 304 -
186.84.21.28 - - [31/Oct/2021:15:38:09 -0500] "GET /sipse/faces/javax.faces.resource/jquery/jquery.js?ln=primefaces&v=4.0 HTTP/1.1" 304 -
186.84.21.28 - - [31/Oct/2021:15:38:09 -0500] "GET /sipse/faces/javax.faces.resource/primefaces.js?ln=primefaces&v=4.0 HTTP/1.1" 304 -
186.84.21.28 - - [31/Oct/2021:15:38:09 -0500] "GET /sipse/faces/javax.faces.resource/jquery/jquery-plugins.js?ln=primefaces&v=4.0 HTTP/1.1" 304 -
66.249.66.13 - - [31/Oct/2021:15:38:09 -0500] "-" 408 -
186.84.21.28 - - [31/Oct/2021:15:38:09 -0500] "GET /sipse/faces/javax.faces.resource/layout/layout.js?ln=primefaces&v=4.0 HTTP/1.1" 304 -
186.84.21.28 - - [31/Oct/2021:15:38:09 -0500] "GET /sipse/faces/javax.faces.resource/images/ui-icons_898989_256x240.png?ln=primefaces-aristo HTTP/1.1" 304 -
186.84.21.28 - - [31/Oct/2021:15:38:09 -0500] "GET /sipse/faces/faces/faces/faces/index.xhtml HTTP/1.1" 200 677
186.84.21.28 - - [31/Oct/2021:15:38:09 -0500] "GET /sipse/faces/javax.faces.resource/theme.css?ln=primefaces-sipse HTTP/1.1" 304 -
201.245.192.253 - - [31/Oct/2021:15:38:31 -0500] "GET /catalogoisis/ HTTP/1.1" 200 8575
94.130.143.70 - - [31/Oct/2021:15:38:52 -0500] "GET /BLA/resoluciones/index.php?dir=RESOLUCIONES+1997/ HTTP/1.1" 200 16815
199.16.157.181 - - [31/Oct/2021:15:38:57 -0500] "GET /secretaria-de-ambiente-abre-convocatoria-para-que-empresas-de-bogota-sean-mas-sostenibles.html HTTP/1.1" 200 907
199.59.150.182 - - [31/Oct/2021:15:39:11 -0500] "GET /secretaria-de-ambiente-abre-convocatoria-para-que-empresas-de-bogota-sean-mas-sostenibles.html HTTP/1.1" 200 907
201.245.192.253 - - [31/Oct/2021:15:39:32 -0500] "GET /catalogoisis/ HTTP/1.1" 200 8575
94.130.143.70 - - [31/Oct/2021:15:39:36 -0500] "GET /BLA/resoluciones/index.php?dir=RESOLUCIONES+2021/ HTTP/1.1" 200 131481
216.245.221.92 - - [31/Oct/2021:15:39:47 -0500] "HEAD / HTTP/1.1" 200 -
201.245.192.253 - - [31/Oct/2021:15:39:34 -0500] "POST /kwsrmcab/Wsrmcab HTTP/1.1" 200 46782
207.241.231.132 - - [31/Oct/2021:15:40:24 -0500] "GET /galeria/galeria/fancybox_sprite@2x.png HTTP/1.0" 200 6553
201.245.192.253 - - [31/Oct/2021:15:40:33 -0500] "GET /catalogoisis/ HTTP/1.1" 200 8575
207.241.226.109 - - [31/Oct/2021:15:40:39 -0500] "-" 408 -
186.86.145.70 - - [31/Oct/2021:15:40:42 -0500] "GET /mesa/contrasena.pdf HTTP/1.1" 200 443199
199.16.157.180 - - [31/Oct/2021:15:40:57 -0500] "GET /secretaria-de-ambiente-abre-convocatoria-para-que-empresas-de-bogota-sean-mas-sostenibles.html HTTP/1.1" 200 907
201.245.192.253 - - [31/Oct/2021:15:40:23 -0500] "POST /kwsrmcab/Wsrmcab HTTP/1.1" 200 47423
199.59.150.182 - - [31/Oct/2021:15:41:11 -0500] "GET /secretaria-de-ambiente-abre-convocatoria-para-que-empresas-de-bogota-sean-mas-sostenibles.html HTTP/1.1" 200 907
94.130.143.70 - - [31/Oct/2021:15:41:13 -0500] "GET /BLA/resoluciones/index.php?dir=&sort=size&order=asc HTTP/1.1" 200 12684
201.245.192.253 - - [31/Oct/2021:15:41:33 -0500] "GET /catalogoisis/ HTTP/1.1" 200 8575
94.130.143.70 - - [31/Oct/2021:15:41:52 -0500] "GET /BLA/resoluciones/index.php?dir=AUTOS+2009/ HTTP/1.1" 200 399207
201.245.192.253 - - [31/Oct/2021:15:42:34 -0500] "GET /catalogoisis/ HTTP/1.1" 200 8575
40.77.167.104 - - [31/Oct/2021:15:42:46 -0500] "GET /galeria/galeria/fotos/Humedal-la-Isla4G.jpg HTTP/1.1" 200 238346
94.130.143.70 - - [31/Oct/2021:15:42:52 -0500] "GET /BLA/resoluciones/index.php?dir=RESOLUCIONES+2007/ HTTP/1.1" 200 34600
199.16.157.182 - - [31/Oct/2021:15:43:02 -0500] "GET /secretaria-de-ambiente-abre-convocatoria-para-que-empresas-de-bogota-sean-mas-sostenibles.html HTTP/1.1" 200 907
199.59.150.181 - - [31/Oct/2021:15:43:13 -0500] "GET /secretaria-de-ambiente-abre-convocatoria-para-que-empresas-de-bogota-sean-mas-sostenibles.html HTTP/1.1" 200 907
199.59.150.182 - - [31/Oct/2021:15:43:13 -0500] "GET /secretaria-de-ambiente-abre-convocatoria-para-que-empresas-de-bogota-sean-mas-sostenibles.html HTTP/1.1" 200 907
201.245.192.253 - - [31/Oct/2021:15:43:35 -0500] "GET /catalogoisis/ HTTP/1.1" 200 8575
94.130.143.70 - - [31/Oct/2021:15:43:40 -0500] "GET /BLA/resoluciones/index.php?dir=RESOLUCIONES+1995/ HTTP/1.1" 200 12327
207.241.226.109 - - [31/Oct/2021:15:43:59 -0500] "-" 408 -
23.100.232.233 - - [31/Oct/2021:15:43:59 -0500] "GET /galeria/galeria/jquery.fancybox.js?v=2.1.5 HTTP/1.1" 200 48706
23.100.232.233 - - [31/Oct/2021:15:43:59 -0500] "GET /BLA/boletinlegal/js/jquery.scrollShow.js HTTP/1.1" 200 4586
23.100.232.233 - - [31/Oct/2021:15:44:00 -0500] "GET /galeria/galeria/jquery.fancybox.css?v=2.1.5 HTTP/1.1" 200 4895
94.130.143.70 - - [31/Oct/2021:15:44:18 -0500] "GET /BLA/resoluciones/index.php?dir=AUTOS+2020/ HTTP/1.1" 200 309857
201.245.192.253 - - [31/Oct/2021:15:44:35 -0500] "GET /catalogoisis/ HTTP/1.1" 200 8575
201.245.192.253 - - [31/Oct/2021:15:43:50 -0500] "POST /kwsrmcab/Wsrmcab HTTP/1.1" 200 119838
40.77.167.104 - - [31/Oct/2021:15:44:40 -0500] "GET /BLA/resoluciones/index.php?dir=Decretos%2F HTTP/1.1" 200 6804
216.245.221.92 - - [31/Oct/2021:15:44:47 -0500] "HEAD / HTTP/1.1" 200 -
199.16.157.183 - - [31/Oct/2021:15:45:02 -0500] "GET /secretaria-de-ambiente-abre-convocatoria-para-que-empresas-de-bogota-sean-mas-sostenibles.html HTTP/1.1" 200 907
23.100.232.233 - - [31/Oct/2021:15:45:06 -0500] "GET /galeria/galeria/jquery.fancybox.css?v=2.1.5 HTTP/1.1" 200 4895
23.100.232.233 - - [31/Oct/2021:15:45:06 -0500] "GET /galeria/galeria/jquery.fancybox.js?v=2.1.5 HTTP/1.1" 200 48706
94.130.143.70 - - [31/Oct/2021:15:45:05 -0500] "GET /BLA/resoluciones/index.php?dir=AUTOS+2016/ HTTP/1.1" 200 323472
199.59.150.181 - - [31/Oct/2021:15:45:14 -0500] "GET /secretaria-de-ambiente-abre-convocatoria-para-que-empresas-de-bogota-sean-mas-sostenibles.html HTTP/1.1" 200 907
201.245.192.253 - - [31/Oct/2021:15:45:36 -0500] "GET /catalogoisis/ HTTP/1.1" 200 8575
94.130.143.70 - - [31/Oct/2021:15:46:27 -0500] "GET /BLA/resoluciones/index.php?dir=AUTOS+2012/ HTTP/1.1" 200 270447
201.245.192.253 - - [31/Oct/2021:15:46:36 -0500] "GET /catalogoisis/ HTTP/1.1" 200 8575
199.16.157.181 - - [31/Oct/2021:15:47:03 -0500] "GET /secretaria-de-ambiente-abre-convocatoria-para-que-empresas-de-bogota-sean-mas-sostenibles.html HTTP/1.1" 200 907
199.59.150.181 - - [31/Oct/2021:15:47:16 -0500] "GET /secretaria-de-ambiente-abre-convocatoria-para-que-empresas-de-bogota-sean-mas-sostenibles.html HTTP/1.1" 200 907
199.59.150.181 - - [31/Oct/2021:15:47:17 -0500] "GET /secretaria-de-ambiente-abre-convocatoria-para-que-empresas-de-bogota-sean-mas-sostenibles.html HTTP/1.1" 200 907
207.241.226.109 - - [31/Oct/2021:15:47:19 -0500] "-" 408 -
199.16.157.181 - - [31/Oct/2021:15:47:20 -0500] "GET /secretaria-de-ambiente-abre-convocatoria-para-que-empresas-de-bogota-sean-mas-sostenibles.html HTTP/1.1" 200 907
186.249.92.26 - - [31/Oct/2021:15:47:28 -0500] "GET / HTTP/1.1" 200 319
157.55.39.21 - - [31/Oct/2021:15:47:28 -0500] "GET /galeria/galeria/fotos/Entrenube4G.jpg HTTP/1.1" 200 171047
157.55.39.21 - - [31/Oct/2021:15:47:30 -0500] "GET /Residuos/metalmecanica/files/guia_metalmecanica.pdf HTTP/1.1" 304 -
201.245.192.253 - - [31/Oct/2021:15:47:37 -0500] "GET /catalogoisis/ HTTP/1.1" 200 8575
94.130.143.70 - - [31/Oct/2021:15:47:44 -0500] "GET /BLA/resoluciones/index.php?dir=AUTOS+2010/ HTTP/1.1" 200 271559
199.59.150.181 - - [31/Oct/2021:15:48:20 -0500] "GET /secretaria-de-ambiente-abre-convocatoria-para-que-empresas-de-bogota-sean-mas-sostenibles.html HTTP/1.1" 200 907
199.59.150.183 - - [31/Oct/2021:15:48:21 -0500] "GET /secretaria-de-ambiente-abre-convocatoria-para-que-empresas-de-bogota-sean-mas-sostenibles.html HTTP/1.1" 200 907
94.130.143.70 - - [31/Oct/2021:15:48:37 -0500] "GET /BLA/resoluciones/index.php?dir=RESOLUCIONES+2012/ HTTP/1.1" 200 139726
201.245.192.253 - - [31/Oct/2021:15:48:38 -0500] "GET /catalogoisis/ HTTP/1.1" 200 8575
199.16.157.182 - - [31/Oct/2021:15:49:05 -0500] "GET /secretaria-de-ambiente-abre-convocatoria-para-que-empresas-de-bogota-sean-mas-sostenibles.html HTTP/1.1" 200 907
199.16.157.182 - - [31/Oct/2021:15:49:05 -0500] "GET /secretaria-de-ambiente-abre-convocatoria-para-que-empresas-de-bogota-sean-mas-sostenibles.html HTTP/1.1" 200 907
199.59.150.181 - - [31/Oct/2021:15:49:18 -0500] "GET /secretaria-de-ambiente-abre-convocatoria-para-que-empresas-de-bogota-sean-mas-sostenibles.html HTTP/1.1" 200 907
94.130.143.70 - - [31/Oct/2021:15:49:37 -0500] "GET /BLA/resoluciones/index.php?dir=RESOLUCIONES+2016/ HTTP/1.1" 200 162117
201.245.192.253 - - [31/Oct/2021:15:49:41 -0500] "GET /catalogoisis/ HTTP/1.1" 200 8575
216.245.221.92 - - [31/Oct/2021:15:49:47 -0500] "HEAD / HTTP/1.1" 200 -
94.130.143.70 - - [31/Oct/2021:15:50:16 -0500] "GET /BLA/resoluciones/index.php?dir=&sort=date&order=asc HTTP/1.1" 200 12684
207.241.226.109 - - [31/Oct/2021:15:50:40 -0500] "-" 408 -
201.245.192.253 - - [31/Oct/2021:15:50:42 -0500] "GET /catalogoisis/ HTTP/1.1" 200 8575
94.130.143.70 - - [31/Oct/2021:15:50:54 -0500] "GET /BLA/resoluciones/index.php?dir=AUTOS+2002/ HTTP/1.1" 200 1813
181.53.13.49 - - [31/Oct/2021:15:50:56 -0500] "GET /BLA/resoluciones/ HTTP/1.1" 200 12684
181.53.13.49 - - [31/Oct/2021:15:51:00 -0500] "GET /BLA/resoluciones/dlf/unknown.png HTTP/1.1" 200 266
181.53.13.49 - - [31/Oct/2021:15:51:00 -0500] "GET /BLA/resoluciones/index.php?dir=AUTOS+2021%2F HTTP/1.1" 200 165849
199.59.150.180 - - [31/Oct/2021:15:51:22 -0500] "GET /secretaria-de-ambiente-abre-convocatoria-para-que-empresas-de-bogota-sean-mas-sostenibles.html HTTP/1.1" 200 907
199.59.150.182 - - [31/Oct/2021:15:51:22 -0500] "GET /secretaria-de-ambiente-abre-convocatoria-para-que-empresas-de-bogota-sean-mas-sostenibles.html HTTP/1.1" 200 907
199.16.157.180 - - [31/Oct/2021:15:51:22 -0500] "GET /secretaria-de-ambiente-abre-convocatoria-para-que-empresas-de-bogota-sean-mas-sostenibles.html HTTP/1.1" 200 907
94.130.143.70 - - [31/Oct/2021:15:51:28 -0500] "GET /BLA/resoluciones/index.php?dir=AUTOS+2021/ HTTP/1.1" 200 165849
201.245.192.253 - - [31/Oct/2021:15:51:42 -0500] "GET /catalogoisis/ HTTP/1.1" 200 8575
186.30.68.92 - - [31/Oct/2021:15:51:52 -0500] "POST /sipse/faces/presentacion/financiero/solicitudProceso/consultarSolicitudProceso.xhtml HTTP/1.1" 200 5504
