186.30.68.92 - - [31/Oct/2021:15:51:53 -0500] "GET /reportes_sipse/sdg/ServletReporte?reporte=experienia_idoneidad&solicitud=15514&pfdrid_c=false HTTP/1.1" 200 133602
181.53.13.49 - - [31/Oct/2021:15:52:16 -0500] "GET /BLA/resoluciones/index.php?dir=AUTOS+2021%2F HTTP/1.1" 200 165849
94.130.143.70 - - [31/Oct/2021:15:52:29 -0500] "GET /BLA/resoluciones/index.php?dir=AUTOS+2004/ HTTP/1.1" 200 2786
201.245.192.253 - - [31/Oct/2021:15:52:43 -0500] "GET /catalogoisis/ HTTP/1.1" 200 8575
94.130.143.70 - - [31/Oct/2021:15:53:06 -0500] "GET /BLA/resoluciones/index.php?dir=RESOLUCIONES+1994/ HTTP/1.1" 200 2479
199.59.150.181 - - [31/Oct/2021:15:53:22 -0500] "GET /secretaria-de-ambiente-abre-convocatoria-para-que-empresas-de-bogota-sean-mas-sostenibles.html HTTP/1.1" 200 907
199.16.157.182 - - [31/Oct/2021:15:53:22 -0500] "GET /secretaria-de-ambiente-abre-convocatoria-para-que-empresas-de-bogota-sean-mas-sostenibles.html HTTP/1.1" 200 907
94.130.143.70 - - [31/Oct/2021:15:53:40 -0500] "GET /BLA/resoluciones/index.php?dir=Notificaciones/ HTTP/1.1" 200 9007
201.245.192.253 - - [31/Oct/2021:15:53:44 -0500] "GET /catalogoisis/ HTTP/1.1" 200 8575
207.241.226.109 - - [31/Oct/2021:15:54:00 -0500] "-" 408 -
94.130.143.70 - - [31/Oct/2021:15:54:22 -0500] "GET /BLA/resoluciones/index.php?dir=AUTOS+2011/ HTTP/1.1" 200 623541
201.245.192.253 - - [31/Oct/2021:15:53:49 -0500] "POST /kwsrmcab/Wsrmcab HTTP/1.1" 200 119838
181.53.13.49 - - [31/Oct/2021:15:54:39 -0500] "GET /BLA/resoluciones/ HTTP/1.1" 200 12684
201.245.192.253 - - [31/Oct/2021:15:54:45 -0500] "GET /catalogoisis/ HTTP/1.1" 200 8575
216.245.221.92 - - [31/Oct/2021:15:54:47 -0500] "HEAD / HTTP/1.1" 200 -
66.249.66.75 - - [31/Oct/2021:15:54:54 -0500] "-" 408 -
181.53.13.49 - - [31/Oct/2021:15:54:54 -0500] "GET /BLA/resoluciones/index.php?dir=AUTOS+2021%2F HTTP/1.1" 200 165849
181.53.13.49 - - [31/Oct/2021:15:55:14 -0500] "GET /BLA/resoluciones/index.php?dir=AUTOS+2021%2F HTTP/1.1" 200 165849
199.16.157.181 - - [31/Oct/2021:15:55:23 -0500] "GET /secretaria-de-ambiente-abre-convocatoria-para-que-empresas-de-bogota-sean-mas-sostenibles.html HTTP/1.1" 200 907
199.59.150.181 - - [31/Oct/2021:15:55:23 -0500] "GET /secretaria-de-ambiente-abre-convocatoria-para-que-empresas-de-bogota-sean-mas-sostenibles.html HTTP/1.1" 200 907
94.130.143.70 - - [31/Oct/2021:15:55:23 -0500] "GET /portaldeninos/2021/04/16/secretaria-de-ambiente-apoya-el-reto-planeta-2021-e-invita-a-instituciones-educativas-a-unirse/ HTTP/1.1" 200 95283
94.130.143.70 - - [31/Oct/2021:15:55:28 -0500] "GET /BLA/resoluciones/index.php?dir=RESOLUCIONES+2014/ HTTP/1.1" 200 329421
201.245.192.253 - - [31/Oct/2021:15:55:46 -0500] "GET /catalogoisis/ HTTP/1.1" 200 8575
192.241.208.33 - - [31/Oct/2021:15:56:16 -0500] "GET /manager/text/list HTTP/1.1" 404 1018
94.130.143.70 - - [31/Oct/2021:15:56:28 -0500] "GET /BLA/resoluciones/index.php?dir=Decretos/ HTTP/1.1" 200 6804
199.59.150.182 - - [31/Oct/2021:15:56:40 -0500] "GET /secretaria-de-ambiente-abre-convocatoria-para-que-empresas-de-bogota-sean-mas-sostenibles.html HTTP/1.1" 200 907
201.245.192.253 - - [31/Oct/2021:15:56:46 -0500] "GET /catalogoisis/ HTTP/1.1" 200 8575
186.30.68.92 - - [31/Oct/2021:15:56:49 -0500] "POST /sipse/faces/presentacion/financiero/solicitudProceso/consultarSolicitudProceso.xhtml HTTP/1.1" 200 121453
199.16.157.182 - - [31/Oct/2021:15:56:51 -0500] "GET /secretaria-de-ambiente-abre-convocatoria-para-que-empresas-de-bogota-sean-mas-sostenibles.html HTTP/1.1" 200 907
190.109.7.226 - - [31/Oct/2021:15:57:01 -0500] "GET /galeria/galeria/jquery.fancybox.css?v=2.1.5 HTTP/1.1" 200 4895
94.130.143.70 - - [31/Oct/2021:15:57:07 -0500] "GET /BLA/resoluciones/index.php?dir=RESOLUCIONES+2015/ HTTP/1.1" 200 128500
207.241.226.109 - - [31/Oct/2021:15:57:20 -0500] "-" 408 -
199.16.157.181 - - [31/Oct/2021:15:57:23 -0500] "GET /secretaria-de-ambiente-abre-convocatoria-para-que-empresas-de-bogota-sean-mas-sostenibles.html HTTP/1.1" 200 907
199.59.150.180 - - [31/Oct/2021:15:57:25 -0500] "GET /secretaria-de-ambiente-abre-convocatoria-para-que-empresas-de-bogota-sean-mas-sostenibles.html HTTP/1.1" 200 907
207.46.13.63 - - [31/Oct/2021:15:57:45 -0500] "GET /se-abre-convocatoria-a-organizaciones-ambientales-para-generar-1-070-empleos-verdes-dirigidos-a-mujeres.html HTTP/1.1" 200 1128
201.245.192.253 - - [31/Oct/2021:15:57:47 -0500] "GET /catalogoisis/ HTTP/1.1" 200 8575
94.130.143.70 - - [31/Oct/2021:15:58:20 -0500] "GET /BLA/resoluciones/index.php?dir=AUTOS+2006/ HTTP/1.1" 200 9681
201.245.192.253 - - [31/Oct/2021:15:58:48 -0500] "GET /catalogoisis/ HTTP/1.1" 200 8575
186.30.68.92 - - [31/Oct/2021:15:59:00 -0500] "POST /sipse/faces/presentacion/financiero/solicitudProceso/consultarSolicitudProceso.xhtml HTTP/1.1" 200 37804
186.30.68.92 - - [31/Oct/2021:15:59:00 -0500] "GET /sipse/faces/javax.faces.resource/theme.css?ln=primefaces-sipse HTTP/1.1" 304 -
186.30.68.92 - - [31/Oct/2021:15:59:00 -0500] "GET /sipse/faces/javax.faces.resource/layout/layout.css?ln=primefaces&v=4.0 HTTP/1.1" 304 -
186.30.68.92 - - [31/Oct/2021:15:59:00 -0500] "GET /sipse/faces/javax.faces.resource/primefaces.css?ln=primefaces&v=4.0 HTTP/1.1" 304 -
186.30.68.92 - - [31/Oct/2021:15:59:00 -0500] "GET /sipse/faces/javax.faces.resource/jquery/jquery.js?ln=primefaces&v=4.0 HTTP/1.1" 304 -
186.30.68.92 - - [31/Oct/2021:15:59:00 -0500] "GET /sipse/faces/javax.faces.resource/jquery/jquery-plugins.js?ln=primefaces&v=4.0 HTTP/1.1" 304 -
186.30.68.92 - - [31/Oct/2021:15:59:00 -0500] "GET /sipse/css/imagen/contrasena.png HTTP/1.1" 404 383
186.30.68.92 - - [31/Oct/2021:15:59:00 -0500] "GET /sipse/faces/javax.faces.resource/primefaces.js?ln=primefaces&v=4.0 HTTP/1.1" 304 -
186.30.68.92 - - [31/Oct/2021:15:59:00 -0500] "GET /sipse/faces/javax.faces.resource/layout/layout.js?ln=primefaces&v=4.0 HTTP/1.1" 304 -
186.30.68.92 - - [31/Oct/2021:15:59:01 -0500] "GET /sipse/faces/javax.faces.resource/images/ui-icons_898989_256x240.png?ln=primefaces-aristo HTTP/1.1" 304 -
186.30.68.92 - - [31/Oct/2021:15:59:00 -0500] "POST /sipse/faces/presentacion/financiero/solicitudProceso/listarSolicitudProceso.xhtml HTTP/1.1" 200 31186
186.30.68.92 - - [31/Oct/2021:15:59:01 -0500] "GET /sipse/faces/javax.faces.resource/images/ui-bg_flat_0_2d5972_40x100.png?ln=primefaces-aristo HTTP/1.1" 304 -
186.30.68.92 - - [31/Oct/2021:15:59:01 -0500] "POST /sipse/faces/presentacion/financiero/solicitudProceso/listarSolicitudProceso.xhtml HTTP/1.1" 200 31186
186.30.68.92 - - [31/Oct/2021:15:59:01 -0500] "POST /sipse/faces/presentacion/financiero/solicitudProceso/listarSolicitudProceso.xhtml HTTP/1.1" 200 1348
186.30.68.92 - - [31/Oct/2021:15:59:01 -0500] "POST /sipse/faces/presentacion/financiero/solicitudProceso/listarSolicitudProceso.xhtml HTTP/1.1" 200 1344
186.30.68.92 - - [31/Oct/2021:15:59:01 -0500] "POST /sipse/faces/presentacion/financiero/solicitudProceso/listarSolicitudProceso.xhtml HTTP/1.1" 200 1344
94.130.143.70 - - [31/Oct/2021:15:59:00 -0500] "GET /BLA/resoluciones/index.php?dir=RESOLUCIONES+2008/ HTTP/1.1" 200 976272
181.53.13.49 - - [31/Oct/2021:15:59:08 -0500] "GET /BLA/resoluciones/index.php?dir=AUTOS+2020%2F HTTP/1.1" 200 309857
209.141.44.172 - - [31/Oct/2021:15:59:09 -0500] "GET / HTTP/1.1" 200 319
186.30.68.92 - - [31/Oct/2021:15:59:22 -0500] "POST /sipse/faces/presentacion/financiero/solicitudProceso/listarSolicitudProceso.xhtml HTTP/1.1" 200 2166
186.30.68.92 - - [31/Oct/2021:15:59:23 -0500] "POST /sipse/faces/presentacion/financiero/solicitudProceso/listarSolicitudProceso.xhtml HTTP/1.1" 200 30413
186.30.68.92 - - [31/Oct/2021:15:59:24 -0500] "POST /sipse/faces/presentacion/financiero/solicitudProceso/listarSolicitudProceso.xhtml HTTP/1.1" 200 7545
186.30.68.92 - - [31/Oct/2021:15:59:25 -0500] "POST /sipse/faces/presentacion/financiero/solicitudProceso/listarSolicitudProceso.xhtml HTTP/1.1" 200 4848
186.30.68.92 - - [31/Oct/2021:15:59:27 -0500] "POST /sipse/faces/presentacion/financiero/solicitudProceso/listarSolicitudProceso.xhtml HTTP/1.1" 200 145024
186.30.68.92 - - [31/Oct/2021:15:59:28 -0500] "GET /sipse/faces/javax.faces.resource/theme.css?ln=primefaces-sipse HTTP/1.1" 304 -
186.30.68.92 - - [31/Oct/2021:15:59:28 -0500] "GET /sipse/faces/javax.faces.resource/primefaces.css?ln=primefaces&v=4.0 HTTP/1.1" 304 -
186.30.68.92 - - [31/Oct/2021:15:59:28 -0500] "GET /sipse/faces/javax.faces.resource/layout/layout.css?ln=primefaces&v=4.0 HTTP/1.1" 304 -
186.30.68.92 - - [31/Oct/2021:15:59:28 -0500] "GET /sipse/faces/javax.faces.resource/jquery/jquery.js?ln=primefaces&v=4.0 HTTP/1.1" 304 -
186.30.68.92 - - [31/Oct/2021:15:59:28 -0500] "GET /sipse/faces/javax.faces.resource/jquery/jquery-plugins.js?ln=primefaces&v=4.0 HTTP/1.1" 304 -
186.30.68.92 - - [31/Oct/2021:15:59:28 -0500] "GET /sipse/faces/javax.faces.resource/primefaces.js?ln=primefaces&v=4.0 HTTP/1.1" 304 -
186.30.68.92 - - [31/Oct/2021:15:59:28 -0500] "GET /sipse/faces/javax.faces.resource/layout/layout.js?ln=primefaces&v=4.0 HTTP/1.1" 304 -
199.16.157.183 - - [31/Oct/2021:15:59:28 -0500] "GET /secretaria-de-ambiente-abre-convocatoria-para-que-empresas-de-bogota-sean-mas-sostenibles.html HTTP/1.1" 200 907
186.30.68.92 - - [31/Oct/2021:15:59:28 -0500] "GET /reportes_sipse/sdg/ServletReporte?reporte=experienia_idoneidad&solicitud=15514&pfdrid_c=false HTTP/1.1" 200 133602
199.59.150.180 - - [31/Oct/2021:15:59:29 -0500] "GET /secretaria-de-ambiente-abre-convocatoria-para-que-empresas-de-bogota-sean-mas-sostenibles.html HTTP/1.1" 200 907
199.59.150.180 - - [31/Oct/2021:15:59:29 -0500] "GET /secretaria-de-ambiente-abre-convocatoria-para-que-empresas-de-bogota-sean-mas-sostenibles.html HTTP/1.1" 200 907
186.30.68.92 - - [31/Oct/2021:15:59:42 -0500] "GET /sipse/faces/javax.faces.resource/theme.css?ln=primefaces-sipse HTTP/1.1" 304 -
186.30.68.92 - - [31/Oct/2021:15:59:42 -0500] "GET /sipse/faces/javax.faces.resource/primefaces.css?ln=primefaces&v=4.0 HTTP/1.1" 304 -
186.30.68.92 - - [31/Oct/2021:15:59:42 -0500] "GET /sipse/faces/javax.faces.resource/layout/layout.css?ln=primefaces&v=4.0 HTTP/1.1" 304 -
186.30.68.92 - - [31/Oct/2021:15:59:42 -0500] "GET /sipse/faces/javax.faces.resource/jquery/jquery.js?ln=primefaces&v=4.0 HTTP/1.1" 304 -
186.30.68.92 - - [31/Oct/2021:15:59:42 -0500] "GET /sipse/faces/javax.faces.resource/jquery/jquery-plugins.js?ln=primefaces&v=4.0 HTTP/1.1" 304 -
186.30.68.92 - - [31/Oct/2021:15:59:42 -0500] "GET /sipse/faces/javax.faces.resource/primefaces.js?ln=primefaces&v=4.0 HTTP/1.1" 304 -
186.30.68.92 - - [31/Oct/2021:15:59:42 -0500] "GET /sipse/faces/javax.faces.resource/layout/layout.js?ln=primefaces&v=4.0 HTTP/1.1" 304 -
186.30.68.92 - - [31/Oct/2021:15:59:42 -0500] "POST /sipse/faces/presentacion/financiero/solicitudProceso/consultarSolicitudProceso.xhtml HTTP/1.1" 200 40695
181.53.13.49 - - [31/Oct/2021:15:59:47 -0500] "GET /BLA/resoluciones/AUTOS%202020/4534.pdf HTTP/1.1" 200 341295
216.245.221.92 - - [31/Oct/2021:15:59:47 -0500] "HEAD / HTTP/1.1" 200 -
186.30.68.92 - - [31/Oct/2021:15:59:47 -0500] "GET /sipse/faces/javax.faces.resource/primefaces.css?ln=primefaces&v=4.0 HTTP/1.1" 304 -
186.30.68.92 - - [31/Oct/2021:15:59:47 -0500] "GET /sipse/faces/javax.faces.resource/theme.css?ln=primefaces-sipse HTTP/1.1" 304 -
186.30.68.92 - - [31/Oct/2021:15:59:47 -0500] "GET /sipse/faces/javax.faces.resource/layout/layout.css?ln=primefaces&v=4.0 HTTP/1.1" 304 -
186.30.68.92 - - [31/Oct/2021:15:59:47 -0500] "GET /sipse/faces/javax.faces.resource/jquery/jquery-plugins.js?ln=primefaces&v=4.0 HTTP/1.1" 304 -
186.30.68.92 - - [31/Oct/2021:15:59:47 -0500] "GET /sipse/faces/javax.faces.resource/jquery/jquery.js?ln=primefaces&v=4.0 HTTP/1.1" 304 -
186.30.68.92 - - [31/Oct/2021:15:59:47 -0500] "GET /sipse/faces/javax.faces.resource/primefaces.js?ln=primefaces&v=4.0 HTTP/1.1" 304 -
186.30.68.92 - - [31/Oct/2021:15:59:47 -0500] "GET /sipse/faces/javax.faces.resource/layout/layout.js?ln=primefaces&v=4.0 HTTP/1.1" 304 -
201.245.192.253 - - [31/Oct/2021:15:59:48 -0500] "GET /catalogoisis/ HTTP/1.1" 200 8575
186.30.68.92 - - [31/Oct/2021:15:59:47 -0500] "POST /sipse/faces/presentacion/financiero/solicitudProceso/consultarHistorialSolProceso.xhtml HTTP/1.1" 200 192651
186.30.68.92 - - [31/Oct/2021:15:59:48 -0500] "GET /reportes_sipse/sdg/ServletReporte?reporte=experienia_idoneidad&solicitud=15514&pfdrid_c=false HTTP/1.1" 200 133602
94.130.143.70 - - [31/Oct/2021:16:00:01 -0500] "GET /BLA/resoluciones/index.php?dir=AUTOS+2017/ HTTP/1.1" 200 453641
207.241.226.109 - - [31/Oct/2021:16:00:41 -0500] "-" 408 -
201.245.192.253 - - [31/Oct/2021:16:00:49 -0500] "GET /catalogoisis/ HTTP/1.1" 200 8575
186.30.68.92 - - [31/Oct/2021:16:01:04 -0500] "POST /sipse/faces/presentacion/financiero/solicitudProceso/consultarSolicitudProceso.xhtml HTTP/1.1" 200 53569
94.130.143.70 - - [31/Oct/2021:16:01:03 -0500] "GET /portaldeninos/residuos/ HTTP/1.1" 200 80459
94.130.143.70 - - [31/Oct/2021:16:01:12 -0500] "GET /BLA/resoluciones/index.php?dir=RESOLUCIONES+2002/ HTTP/1.1" 200 24571
179.51.119.58 - - [31/Oct/2021:16:01:14 -0500] "GET /galeria/galeria/jquery.fancybox.css?v=2.1.5 HTTP/1.1" 200 4895
199.59.150.182 - - [31/Oct/2021:16:01:29 -0500] "GET /secretaria-de-ambiente-abre-convocatoria-para-que-empresas-de-bogota-sean-mas-sostenibles.html HTTP/1.1" 200 907
199.16.157.180 - - [31/Oct/2021:16:01:31 -0500] "GET /secretaria-de-ambiente-abre-convocatoria-para-que-empresas-de-bogota-sean-mas-sostenibles.html HTTP/1.1" 200 907
201.245.192.253 - - [31/Oct/2021:16:01:49 -0500] "GET /catalogoisis/ HTTP/1.1" 200 8575
94.130.143.70 - - [31/Oct/2021:16:01:54 -0500] "GET /BLA/resoluciones/index.php?dir=RESOLUCIONES+2001/ HTTP/1.1" 200 24136
94.130.143.70 - - [31/Oct/2021:16:02:06 -0500] "GET /portaldeninos/2021/01/14/en-caso-de-encontrarte-una-tingua-azul-sigue-las-siguientes-recomendaciones/ HTTP/1.1" 200 93828
94.130.143.70 - - [31/Oct/2021:16:02:10 -0500] "GET /BLA/resoluciones/index.php?dir=RESOLUCIONES+2005/ HTTP/1.1" 200 49518
201.245.192.253 - - [31/Oct/2021:16:02:50 -0500] "GET /catalogoisis/ HTTP/1.1" 200 8575
94.130.143.70 - - [31/Oct/2021:16:02:54 -0500] "GET /BLA/resoluciones/index.php?dir=AUTOS+2018/ HTTP/1.1" 200 419645
94.130.143.70 - - [31/Oct/2021:16:03:33 -0500] "GET /portaldeninos/2020/10/06/agua/ HTTP/1.1" 200 94779
199.59.150.181 - - [31/Oct/2021:16:03:41 -0500] "GET /secretaria-de-ambiente-abre-convocatoria-para-que-empresas-de-bogota-sean-mas-sostenibles.html HTTP/1.1" 200 907
199.16.157.180 - - [31/Oct/2021:16:03:41 -0500] "GET /secretaria-de-ambiente-abre-convocatoria-para-que-empresas-de-bogota-sean-mas-sostenibles.html HTTP/1.1" 200 907
40.77.167.26 - - [31/Oct/2021:16:03:41 -0500] "GET /BLA/boletinlegal/Directivas/2011/Directiva%20No.%203%20del%2027%20de%20Mayo%20de%202011.pdf HTTP/1.1" 200 910420
186.30.68.92 - - [31/Oct/2021:16:03:41 -0500] "POST /sipse/faces/presentacion/financiero/solicitudProceso/consultarSolicitudProceso.xhtml HTTP/1.1" 200 138832
201.245.192.253 - - [31/Oct/2021:16:03:51 -0500] "GET /catalogoisis/ HTTP/1.1" 200 8575
23.100.232.233 - - [31/Oct/2021:16:03:57 -0500] "GET /BLA/boletinlegal/js/jquery.scrollShow.js HTTP/1.1" 200 4586
23.100.232.233 - - [31/Oct/2021:16:03:57 -0500] "GET /galeria/galeria/jquery.fancybox.js?v=2.1.5 HTTP/1.1" 200 48706
23.100.232.233 - - [31/Oct/2021:16:03:58 -0500] "GET /galeria/galeria/jquery.fancybox.css?v=2.1.5 HTTP/1.1" 200 4895
207.241.226.109 - - [31/Oct/2021:16:04:01 -0500] "-" 408 -
94.130.143.70 - - [31/Oct/2021:16:04:03 -0500] "GET /portaldeninos/2020/08/28/agua-2/ HTTP/1.1" 200 94040
94.130.143.70 - - [31/Oct/2021:16:04:06 -0500] "GET /BLA/resoluciones/index.php?dir=RESOLUCIONES+CONJUNTAS/ HTTP/1.1" 200 4762
186.30.68.92 - - [31/Oct/2021:16:04:10 -0500] "POST /sipse/faces/presentacion/financiero/solicitudProceso/consultarSolicitudProceso.xhtml HTTP/1.1" 200 279541
201.245.192.253 - - [31/Oct/2021:16:03:50 -0500] "POST /kwsrmcab/Wsrmcab HTTP/1.1" 200 213
94.130.143.70 - - [31/Oct/2021:16:04:35 -0500] "GET /BLA/resoluciones/index.php?dir=AUTOS+2007/ HTTP/1.1" 200 628423
186.30.68.92 - - [31/Oct/2021:16:04:42 -0500] "POST /sipse/faces/presentacion/financiero/solicitudProceso/consultarSolicitudProceso.xhtml HTTP/1.1" 200 5541
186.30.68.92 - - [31/Oct/2021:16:04:42 -0500] "GET /sipse/faces/javax.faces.resource/dynamiccontent.properties?ln=primefaces&pfdrid=XjOR5%2F%2FfPAZAuY9TpWQeCiM0BhlXxYRBGKi%2FQcXXfeA%3D&pfdrid_c=false HTTP/1.1" 200 126404
216.245.221.92 - - [31/Oct/2021:16:04:47 -0500] "HEAD / HTTP/1.1" 200 -
201.245.192.253 - - [31/Oct/2021:16:04:51 -0500] "GET /catalogoisis/ HTTP/1.1" 200 8575
181.53.13.49 - - [31/Oct/2021:16:04:51 -0500] "GET /BLA/resoluciones/ HTTP/1.1" 200 12684
181.53.13.49 - - [31/Oct/2021:16:04:54 -0500] "GET /BLA/resoluciones/index.php?dir=AUTOS+2021%2F HTTP/1.1" 200 165849
186.30.68.92 - - [31/Oct/2021:16:05:08 -0500] "POST /sipse/faces/presentacion/financiero/solicitudProceso/consultarSolicitudProceso.xhtml HTTP/1.1" 200 33858
186.30.68.92 - - [31/Oct/2021:16:05:09 -0500] "GET /sipse/faces/javax.faces.resource/theme.css?ln=primefaces-sipse HTTP/1.1" 304 -
186.30.68.92 - - [31/Oct/2021:16:05:09 -0500] "GET /sipse/faces/javax.faces.resource/layout/layout.css?ln=primefaces&v=4.0 HTTP/1.1" 304 -
186.30.68.92 - - [31/Oct/2021:16:05:09 -0500] "GET /sipse/faces/javax.faces.resource/primefaces.css?ln=primefaces&v=4.0 HTTP/1.1" 304 -
186.30.68.92 - - [31/Oct/2021:16:05:09 -0500] "GET /sipse/faces/javax.faces.resource/jquery/jquery.js?ln=primefaces&v=4.0 HTTP/1.1" 304 -
186.30.68.92 - - [31/Oct/2021:16:05:09 -0500] "GET /sipse/faces/javax.faces.resource/jquery/jquery-plugins.js?ln=primefaces&v=4.0 HTTP/1.1" 304 -
186.30.68.92 - - [31/Oct/2021:16:05:09 -0500] "GET /sipse/faces/javax.faces.resource/primefaces.js?ln=primefaces&v=4.0 HTTP/1.1" 304 -
186.30.68.92 - - [31/Oct/2021:16:05:09 -0500] "GET /sipse/faces/javax.faces.resource/layout/layout.js?ln=primefaces&v=4.0 HTTP/1.1" 304 -
186.30.68.92 - - [31/Oct/2021:16:05:10 -0500] "POST /sipse/faces/presentacion/sistema/reporte/listarReportes.xhtml HTTP/1.1" 200 23527
186.30.68.92 - - [31/Oct/2021:16:05:10 -0500] "GET /sipse/faces/javax.faces.resource/theme.css?ln=primefaces-sipse HTTP/1.1" 304 -
186.30.68.92 - - [31/Oct/2021:16:05:10 -0500] "GET /sipse/faces/javax.faces.resource/primefaces.css?ln=primefaces&v=4.0 HTTP/1.1" 304 -
186.30.68.92 - - [31/Oct/2021:16:05:10 -0500] "GET /sipse/faces/javax.faces.resource/layout/layout.css?ln=primefaces&v=4.0 HTTP/1.1" 304 -
186.30.68.92 - - [31/Oct/2021:16:05:10 -0500] "GET /sipse/faces/javax.faces.resource/jquery/jquery.js?ln=primefaces&v=4.0 HTTP/1.1" 304 -
186.30.68.92 - - [31/Oct/2021:16:05:10 -0500] "GET /sipse/faces/javax.faces.resource/primefaces.js?ln=primefaces&v=4.0 HTTP/1.1" 304 -
186.30.68.92 - - [31/Oct/2021:16:05:10 -0500] "GET /sipse/faces/javax.faces.resource/jquery/jquery-plugins.js?ln=primefaces&v=4.0 HTTP/1.1" 304 -
186.30.68.92 - - [31/Oct/2021:16:05:10 -0500] "GET /sipse/faces/javax.faces.resource/layout/layout.js?ln=primefaces&v=4.0 HTTP/1.1" 304 -
186.30.68.92 - - [31/Oct/2021:16:05:11 -0500] "GET /reportes_sipse/sdg/ServletReporte?reporte=no_hay HTTP/1.1" 200 5373
186.30.68.92 - - [31/Oct/2021:16:05:15 -0500] "POST /reportes_sipse/sdg/ServletControlador HTTP/1.1" 200 132880
181.53.13.49 - - [31/Oct/2021:16:05:36 -0500] "GET /BLA/resoluciones/index.php?dir=AUTOS+2021%2F HTTP/1.1" 200 165849
199.16.157.183 - - [31/Oct/2021:16:05:46 -0500] "GET /secretaria-de-ambiente-abre-convocatoria-para-que-empresas-de-bogota-sean-mas-sostenibles.html HTTP/1.1" 200 907
186.30.68.92 - - [31/Oct/2021:16:05:50 -0500] "POST /sipse/faces/presentacion/sistema/reporte/ventanaVerReporteParametros.xhtml HTTP/1.1" 200 37770
186.30.68.92 - - [31/Oct/2021:16:05:50 -0500] "GET /sipse/faces/javax.faces.resource/theme.css?ln=primefaces-sipse HTTP/1.1" 304 -
186.30.68.92 - - [31/Oct/2021:16:05:50 -0500] "GET /sipse/faces/javax.faces.resource/primefaces.css?ln=primefaces&v=4.0 HTTP/1.1" 304 -
186.30.68.92 - - [31/Oct/2021:16:05:50 -0500] "GET /sipse/faces/javax.faces.resource/layout/layout.css?ln=primefaces&v=4.0 HTTP/1.1" 304 -
186.30.68.92 - - [31/Oct/2021:16:05:51 -0500] "GET /sipse/faces/javax.faces.resource/jquery/jquery.js?ln=primefaces&v=4.0 HTTP/1.1" 304 -
186.30.68.92 - - [31/Oct/2021:16:05:51 -0500] "GET /sipse/faces/javax.faces.resource/jquery/jquery-plugins.js?ln=primefaces&v=4.0 HTTP/1.1" 304 -
186.30.68.92 - - [31/Oct/2021:16:05:51 -0500] "GET /sipse/faces/javax.faces.resource/primefaces.js?ln=primefaces&v=4.0 HTTP/1.1" 304 -
186.30.68.92 - - [31/Oct/2021:16:05:51 -0500] "GET /sipse/faces/javax.faces.resource/layout/layout.js?ln=primefaces&v=4.0 HTTP/1.1" 304 -
199.59.150.181 - - [31/Oct/2021:16:05:51 -0500] "GET /secretaria-de-ambiente-abre-convocatoria-para-que-empresas-de-bogota-sean-mas-sostenibles.html HTTP/1.1" 200 907
186.30.68.92 - - [31/Oct/2021:16:05:51 -0500] "POST /sipse/faces/presentacion/financiero/solicitudProceso/listarSolicitudProceso.xhtml HTTP/1.1" 200 1348
199.59.150.180 - - [31/Oct/2021:16:05:51 -0500] "GET /secretaria-de-ambiente-abre-convocatoria-para-que-empresas-de-bogota-sean-mas-sostenibles.html HTTP/1.1" 200 907
201.245.192.253 - - [31/Oct/2021:16:05:52 -0500] "GET /catalogoisis/ HTTP/1.1" 200 8575
186.30.68.92 - - [31/Oct/2021:16:05:52 -0500] "POST /sipse/faces/presentacion/financiero/solicitudProceso/listarSolicitudProceso.xhtml HTTP/1.1" 200 145057
186.30.68.92 - - [31/Oct/2021:16:05:53 -0500] "GET /sipse/faces/javax.faces.resource/primefaces.css?ln=primefaces&v=4.0 HTTP/1.1" 304 -
186.30.68.92 - - [31/Oct/2021:16:05:53 -0500] "GET /sipse/faces/javax.faces.resource/layout/layout.css?ln=primefaces&v=4.0 HTTP/1.1" 304 -
186.30.68.92 - - [31/Oct/2021:16:05:53 -0500] "GET /sipse/faces/javax.faces.resource/theme.css?ln=primefaces-sipse HTTP/1.1" 304 -
186.30.68.92 - - [31/Oct/2021:16:05:53 -0500] "GET /sipse/faces/javax.faces.resource/jquery/jquery.js?ln=primefaces&v=4.0 HTTP/1.1" 304 -
186.30.68.92 - - [31/Oct/2021:16:05:53 -0500] "GET /sipse/faces/javax.faces.resource/jquery/jquery-plugins.js?ln=primefaces&v=4.0 HTTP/1.1" 304 -
186.30.68.92 - - [31/Oct/2021:16:05:53 -0500] "GET /sipse/faces/javax.faces.resource/primefaces.js?ln=primefaces&v=4.0 HTTP/1.1" 304 -
186.30.68.92 - - [31/Oct/2021:16:05:53 -0500] "GET /sipse/faces/javax.faces.resource/layout/layout.js?ln=primefaces&v=4.0 HTTP/1.1" 304 -
186.30.68.92 - - [31/Oct/2021:16:05:53 -0500] "GET /sipse/faces/javax.faces.resource/dynamiccontent.properties?ln=primefaces&pfdrid=XjOR5%2F%2FfPAZAuY9TpWQeCiM0BhlXxYRBGKi%2FQcXXfeA%3D&pfdrid_c=false HTTP/1.1" 500 383
94.130.143.70 - - [31/Oct/2021:16:05:56 -0500] "GET /BLA/resoluciones/index.php?dir=RESOLUCIONES+2000/ HTTP/1.1" 200 26132
186.30.68.92 - - [31/Oct/2021:16:06:02 -0500] "POST /sipse/faces/presentacion/financiero/solicitudProceso/consultarSolicitudProceso.xhtml HTTP/1.1" 200 2694387
94.130.143.70 - - [31/Oct/2021:16:06:06 -0500] "-" 408 -
94.130.143.70 - - [31/Oct/2021:16:06:29 -0500] "GET /BLA/resoluciones/index.php HTTP/1.1" 200 12684
201.245.192.253 - - [31/Oct/2021:16:06:54 -0500] "GET /catalogoisis/ HTTP/1.1" 200 8575
94.130.143.70 - - [31/Oct/2021:16:06:57 -0500] "GET /BLA/resoluciones/index.php?dir=RESOLUCIONES+2003/ HTTP/1.1" 200 31404
94.130.143.70 - - [31/Oct/2021:16:07:06 -0500] "GET /BLA/resoluciones/index.php?dir=RESOLUCIONES+2009/ HTTP/1.1" 200 1694101
207.241.226.109 - - [31/Oct/2021:16:07:21 -0500] "-" 408 -
199.59.150.182 - - [31/Oct/2021:16:07:53 -0500] "GET /secretaria-de-ambiente-abre-convocatoria-para-que-empresas-de-bogota-sean-mas-sostenibles.html HTTP/1.1" 200 907
199.16.157.181 - - [31/Oct/2021:16:07:53 -0500] "GET /secretaria-de-ambiente-abre-convocatoria-para-que-empresas-de-bogota-sean-mas-sostenibles.html HTTP/1.1" 200 907
199.16.157.181 - - [31/Oct/2021:16:07:53 -0500] "GET /secretaria-de-ambiente-abre-convocatoria-para-que-empresas-de-bogota-sean-mas-sostenibles.html HTTP/1.1" 200 907
201.245.192.253 - - [31/Oct/2021:16:07:55 -0500] "GET /catalogoisis/ HTTP/1.1" 200 8575
94.130.143.70 - - [31/Oct/2021:16:08:13 -0500] "GET /BLA/resoluciones/index.php?dir=AUTOS+1997/ HTTP/1.1" 200 2025
186.30.68.92 - - [31/Oct/2021:16:08:17 -0500] "POST /sipse/faces/presentacion/financiero/solicitudProceso/consultarSolicitudProceso.xhtml HTTP/1.1" 200 7663058
94.130.143.70 - - [31/Oct/2021:16:08:32 -0500] "GET /BLA/resoluciones/index.php?dir=AUTOS+2015/ HTTP/1.1" 200 575855
201.245.192.253 - - [31/Oct/2021:16:08:56 -0500] "GET /catalogoisis/ HTTP/1.1" 200 8575
216.245.221.92 - - [31/Oct/2021:16:09:47 -0500] "HEAD / HTTP/1.1" 200 -
199.16.157.180 - - [31/Oct/2021:16:09:54 -0500] "GET /secretaria-de-ambiente-abre-convocatoria-para-que-empresas-de-bogota-sean-mas-sostenibles.html HTTP/1.1" 200 907
199.16.157.181 - - [31/Oct/2021:16:09:54 -0500] "GET /secretaria-de-ambiente-abre-convocatoria-para-que-empresas-de-bogota-sean-mas-sostenibles.html HTTP/1.1" 200 907
199.59.150.182 - - [31/Oct/2021:16:09:55 -0500] "GET /secretaria-de-ambiente-abre-convocatoria-para-que-empresas-de-bogota-sean-mas-sostenibles.html HTTP/1.1" 200 907
199.59.150.182 - - [31/Oct/2021:16:09:55 -0500] "GET /secretaria-de-ambiente-abre-convocatoria-para-que-empresas-de-bogota-sean-mas-sostenibles.html HTTP/1.1" 200 907
201.245.192.253 - - [31/Oct/2021:16:09:56 -0500] "GET /catalogoisis/ HTTP/1.1" 200 8575
199.59.150.183 - - [31/Oct/2021:16:09:59 -0500] "GET /secretaria-de-ambiente-abre-convocatoria-para-que-empresas-de-bogota-sean-mas-sostenibles.html HTTP/1.1" 200 907
207.241.226.109 - - [31/Oct/2021:16:10:42 -0500] "-" 408 -
201.245.192.253 - - [31/Oct/2021:16:10:57 -0500] "GET /catalogoisis/ HTTP/1.1" 200 8575
199.59.150.181 - - [31/Oct/2021:16:11:56 -0500] "GET /secretaria-de-ambiente-abre-convocatoria-para-que-empresas-de-bogota-sean-mas-sostenibles.html HTTP/1.1" 200 907
201.245.192.253 - - [31/Oct/2021:16:11:58 -0500] "GET /catalogoisis/ HTTP/1.1" 200 8575
199.16.157.180 - - [31/Oct/2021:16:12:00 -0500] "GET /secretaria-de-ambiente-abre-convocatoria-para-que-empresas-de-bogota-sean-mas-sostenibles.html HTTP/1.1" 200 907
186.30.68.92 - - [31/Oct/2021:16:12:16 -0500] "POST /sipse/faces/presentacion/financiero/solicitudProceso/consultarSolicitudProceso.xhtml HTTP/1.1" 200 5504
186.30.68.92 - - [31/Oct/2021:16:12:16 -0500] "GET /reportes_sipse/sdg/ServletReporte?reporte=experienia_idoneidad&solicitud=15463&pfdrid_c=false HTTP/1.1" 200 146546
201.245.192.253 - - [31/Oct/2021:16:12:59 -0500] "GET /catalogoisis/ HTTP/1.1" 200 8575
94.130.143.70 - - [31/Oct/2021:16:13:39 -0500] "GET /BLA/resoluciones/RESOLUCIONES%202018/2665.pdf HTTP/1.1" 200 360302
199.59.150.180 - - [31/Oct/2021:16:13:57 -0500] "GET /secretaria-de-ambiente-abre-convocatoria-para-que-empresas-de-bogota-sean-mas-sostenibles.html HTTP/1.1" 200 907
186.30.68.92 - - [31/Oct/2021:16:13:57 -0500] "POST /sipse/faces/presentacion/financiero/solicitudProceso/consultarSolicitudProceso.xhtml HTTP/1.1" 200 102551
201.245.192.253 - - [31/Oct/2021:16:13:58 -0500] "GET /catalogoisis/ HTTP/1.1" 200 8575
207.241.226.109 - - [31/Oct/2021:16:14:02 -0500] "-" 408 -
199.16.157.180 - - [31/Oct/2021:16:14:09 -0500] "GET /secretaria-de-ambiente-abre-convocatoria-para-que-empresas-de-bogota-sean-mas-sostenibles.html HTTP/1.1" 200 907
199.16.157.180 - - [31/Oct/2021:16:14:09 -0500] "GET /secretaria-de-ambiente-abre-convocatoria-para-que-empresas-de-bogota-sean-mas-sostenibles.html HTTP/1.1" 200 907
201.245.192.253 - - [31/Oct/2021:16:13:54 -0500] "POST /kwsrmcab/Wsrmcab HTTP/1.1" 200 119839
17.121.113.97 - - [31/Oct/2021:16:14:40 -0500] "-" 408 -
94.130.143.70 - - [31/Oct/2021:16:14:46 -0500] "GET /BLA/resoluciones/RESOLUCIONES%202018/0463.pdf HTTP/1.1" 200 237023
216.245.221.92 - - [31/Oct/2021:16:14:47 -0500] "HEAD / HTTP/1.1" 200 -
201.245.192.253 - - [31/Oct/2021:16:14:59 -0500] "GET /catalogoisis/ HTTP/1.1" 200 8575
94.130.143.70 - - [31/Oct/2021:16:15:43 -0500] "GET /BLA/resoluciones/RESOLUCIONES%202018/0345.pdf HTTP/1.1" 200 405054
199.59.150.181 - - [31/Oct/2021:16:15:59 -0500] "GET /secretaria-de-ambiente-abre-convocatoria-para-que-empresas-de-bogota-sean-mas-sostenibles.html HTTP/1.1" 200 907
199.59.150.183 - - [31/Oct/2021:16:15:59 -0500] "GET /secretaria-de-ambiente-abre-convocatoria-para-que-empresas-de-bogota-sean-mas-sostenibles.html HTTP/1.1" 200 907
199.59.150.182 - - [31/Oct/2021:16:15:59 -0500] "GET /secretaria-de-ambiente-abre-convocatoria-para-que-empresas-de-bogota-sean-mas-sostenibles.html HTTP/1.1" 200 907
199.59.150.183 - - [31/Oct/2021:16:15:59 -0500] "GET /secretaria-de-ambiente-abre-convocatoria-para-que-empresas-de-bogota-sean-mas-sostenibles.html HTTP/1.1" 200 907
201.245.192.253 - - [31/Oct/2021:16:16:00 -0500] "GET /catalogoisis/ HTTP/1.1" 200 8575
191.156.6.2 - - [31/Oct/2021:16:16:07 -0500] "GET /galeria/galeria/jquery.fancybox.css?v=2.1.5 HTTP/1.1" 200 4895
199.16.157.183 - - [31/Oct/2021:16:16:10 -0500] "GET /secretaria-de-ambiente-abre-convocatoria-para-que-empresas-de-bogota-sean-mas-sostenibles.html HTTP/1.1" 200 907
199.16.157.180 - - [31/Oct/2021:16:16:10 -0500] "GET /secretaria-de-ambiente-abre-convocatoria-para-que-empresas-de-bogota-sean-mas-sostenibles.html HTTP/1.1" 200 907
94.130.143.70 - - [31/Oct/2021:16:16:37 -0500] "GET /BLA/resoluciones/RESOLUCIONES%202018/0790.pdf HTTP/1.1" 200 373928
201.245.192.253 - - [31/Oct/2021:16:17:01 -0500] "GET /catalogoisis/ HTTP/1.1" 200 8575
207.241.226.109 - - [31/Oct/2021:16:17:22 -0500] "-" 408 -
94.130.143.70 - - [31/Oct/2021:16:17:30 -0500] "GET /BLA/resoluciones/RESOLUCIONES%202018/1565.pdf HTTP/1.1" 200 414191
199.59.150.180 - - [31/Oct/2021:16:18:02 -0500] "GET /secretaria-de-ambiente-abre-convocatoria-para-que-empresas-de-bogota-sean-mas-sostenibles.html HTTP/1.1" 200 907
199.59.150.181 - - [31/Oct/2021:16:18:02 -0500] "GET /secretaria-de-ambiente-abre-convocatoria-para-que-empresas-de-bogota-sean-mas-sostenibles.html HTTP/1.1" 200 907
201.245.192.253 - - [31/Oct/2021:16:18:02 -0500] "GET /catalogoisis/ HTTP/1.1" 200 8575
199.16.157.181 - - [31/Oct/2021:16:18:12 -0500] "GET /secretaria-de-ambiente-abre-convocatoria-para-que-empresas-de-bogota-sean-mas-sostenibles.html HTTP/1.1" 200 907
94.130.143.70 - - [31/Oct/2021:16:18:22 -0500] "GET /BLA/resoluciones/RESOLUCIONES%202018/3149.pdf HTTP/1.1" 200 370151
201.245.192.253 - - [31/Oct/2021:16:19:03 -0500] "GET /catalogoisis/ HTTP/1.1" 200 8575
94.130.143.70 - - [31/Oct/2021:16:19:13 -0500] "GET /BLA/resoluciones/RESOLUCIONES%202018/1256.pdf HTTP/1.1" 200 375907
66.249.66.143 - - [31/Oct/2021:16:19:22 -0500] "-" 408 -
216.245.221.92 - - [31/Oct/2021:16:19:47 -0500] "HEAD / HTTP/1.1" 200 -
186.30.68.92 - - [31/Oct/2021:16:19:46 -0500] "POST /sipse/faces/presentacion/financiero/solicitudProceso/consultarSolicitudProceso.xhtml HTTP/1.1" 200 38212
186.30.68.92 - - [31/Oct/2021:16:19:48 -0500] "GET /sipse/faces/javax.faces.resource/theme.css?ln=primefaces-sipse HTTP/1.1" 304 -
186.30.68.92 - - [31/Oct/2021:16:19:48 -0500] "GET /sipse/faces/javax.faces.resource/primefaces.css?ln=primefaces&v=4.0 HTTP/1.1" 304 -
186.30.68.92 - - [31/Oct/2021:16:19:48 -0500] "GET /sipse/faces/javax.faces.resource/layout/layout.css?ln=primefaces&v=4.0 HTTP/1.1" 304 -
186.30.68.92 - - [31/Oct/2021:16:19:48 -0500] "GET /sipse/faces/javax.faces.resource/jquery/jquery.js?ln=primefaces&v=4.0 HTTP/1.1" 304 -
186.30.68.92 - - [31/Oct/2021:16:19:48 -0500] "GET /sipse/faces/javax.faces.resource/jquery/jquery-plugins.js?ln=primefaces&v=4.0 HTTP/1.1" 304 -
186.30.68.92 - - [31/Oct/2021:16:19:48 -0500] "GET /sipse/css/imagen/contrasena.png HTTP/1.1" 404 383
186.30.68.92 - - [31/Oct/2021:16:19:49 -0500] "GET /sipse/faces/javax.faces.resource/primefaces.js?ln=primefaces&v=4.0 HTTP/1.1" 304 -
186.30.68.92 - - [31/Oct/2021:16:19:49 -0500] "GET /sipse/faces/javax.faces.resource/layout/layout.js?ln=primefaces&v=4.0 HTTP/1.1" 304 -
186.30.68.92 - - [31/Oct/2021:16:19:49 -0500] "POST /sipse/faces/presentacion/financiero/solicitudProceso/listarSolicitudProceso.xhtml HTTP/1.1" 200 1348
186.30.68.92 - - [31/Oct/2021:16:19:49 -0500] "GET /sipse/faces/javax.faces.resource/images/ui-icons_898989_256x240.png?ln=primefaces-aristo HTTP/1.1" 304 -
186.30.68.92 - - [31/Oct/2021:16:19:49 -0500] "GET /sipse/faces/javax.faces.resource/messages/messages.png?ln=primefaces&v=4.0 HTTP/1.1" 304 -
186.30.68.92 - - [31/Oct/2021:16:19:49 -0500] "GET /sipse/faces/javax.faces.resource/images/ui-bg_flat_0_2d5972_40x100.png?ln=primefaces-aristo HTTP/1.1" 304 -
199.59.150.183 - - [31/Oct/2021:16:20:03 -0500] "GET /secretaria-de-ambiente-abre-convocatoria-para-que-empresas-de-bogota-sean-mas-sostenibles.html HTTP/1.1" 200 907
199.59.150.181 - - [31/Oct/2021:16:20:03 -0500] "GET /secretaria-de-ambiente-abre-convocatoria-para-que-empresas-de-bogota-sean-mas-sostenibles.html HTTP/1.1" 200 907
201.245.192.253 - - [31/Oct/2021:16:20:04 -0500] "GET /catalogoisis/ HTTP/1.1" 200 8575
94.130.143.70 - - [31/Oct/2021:16:20:06 -0500] "GET /BLA/resoluciones/RESOLUCIONES%202018/1438.pdf HTTP/1.1" 200 313710
201.245.192.253 - - [31/Oct/2021:16:19:34 -0500] "POST /kwsrmcab/Wsrmcab HTTP/1.1" 200 47285
199.16.157.181 - - [31/Oct/2021:16:20:20 -0500] "GET /secretaria-de-ambiente-abre-convocatoria-para-que-empresas-de-bogota-sean-mas-sostenibles.html HTTP/1.1" 200 907
207.241.226.109 - - [31/Oct/2021:16:20:43 -0500] "-" 408 -
94.130.143.70 - - [31/Oct/2021:16:20:57 -0500] "GET /BLA/resoluciones/RESOLUCIONES%202018/2297.pdf HTTP/1.1" 200 434307
201.245.192.253 - - [31/Oct/2021:16:21:04 -0500] "GET /catalogoisis/ HTTP/1.1" 200 8575
201.245.192.253 - - [31/Oct/2021:16:20:20 -0500] "POST /kwsrmcab/Wsrmcab HTTP/1.1" 200 47424
94.130.143.70 - - [31/Oct/2021:16:21:46 -0500] "GET /BLA/resoluciones/RESOLUCIONES%202018/0573.pdf HTTP/1.1" 200 311691
201.245.192.253 - - [31/Oct/2021:16:22:04 -0500] "GET /catalogoisis/ HTTP/1.1" 200 8575
199.59.150.183 - - [31/Oct/2021:16:22:06 -0500] "GET /secretaria-de-ambiente-abre-convocatoria-para-que-empresas-de-bogota-sean-mas-sostenibles.html HTTP/1.1" 200 907
199.16.157.183 - - [31/Oct/2021:16:22:20 -0500] "GET /secretaria-de-ambiente-abre-convocatoria-para-que-empresas-de-bogota-sean-mas-sostenibles.html HTTP/1.1" 200 907
199.16.157.182 - - [31/Oct/2021:16:22:20 -0500] "GET /secretaria-de-ambiente-abre-convocatoria-para-que-empresas-de-bogota-sean-mas-sostenibles.html HTTP/1.1" 200 907
94.130.143.70 - - [31/Oct/2021:16:22:35 -0500] "GET /BLA/resoluciones/RESOLUCIONES%202018/1136.pdf HTTP/1.1" 200 367469
201.245.192.253 - - [31/Oct/2021:16:23:05 -0500] "GET /catalogoisis/ HTTP/1.1" 200 8575
94.130.143.70 - - [31/Oct/2021:16:23:24 -0500] "GET /BLA/resoluciones/RESOLUCIONES%202018/0040.pdf HTTP/1.1" 200 355991
186.30.68.92 - - [31/Oct/2021:16:23:45 -0500] "POST /sipse/faces/presentacion/financiero/solicitudProceso/listarSolicitudProceso.xhtml HTTP/1.1" 200 24027
207.241.226.109 - - [31/Oct/2021:16:24:03 -0500] "-" 408 -
186.30.68.92 - - [31/Oct/2021:16:24:04 -0500] "POST /sipse/faces/presentacion/financiero/solicitudProceso/listarSolicitudProceso.xhtml HTTP/1.1" 200 31140
201.245.192.253 - - [31/Oct/2021:16:24:06 -0500] "GET /catalogoisis/ HTTP/1.1" 200 8575
186.30.68.92 - - [31/Oct/2021:16:24:07 -0500] "POST /sipse/faces/presentacion/financiero/solicitudProceso/listarSolicitudProceso.xhtml HTTP/1.1" 200 30747
199.59.150.180 - - [31/Oct/2021:16:24:09 -0500] "GET /secretaria-de-ambiente-abre-convocatoria-para-que-empresas-de-bogota-sean-mas-sostenibles.html HTTP/1.1" 200 907
199.59.150.181 - - [31/Oct/2021:16:24:09 -0500] "GET /secretaria-de-ambiente-abre-convocatoria-para-que-empresas-de-bogota-sean-mas-sostenibles.html HTTP/1.1" 200 907
186.30.68.92 - - [31/Oct/2021:16:24:10 -0500] "POST /sipse/faces/presentacion/financiero/solicitudProceso/listarSolicitudProceso.xhtml HTTP/1.1" 200 4811
157.55.39.21 - - [31/Oct/2021:16:24:10 -0500] "GET /appsia/controlador HTTP/1.1" 200 4799
186.30.68.92 - - [31/Oct/2021:16:24:13 -0500] "POST /sipse/faces/presentacion/financiero/solicitudProceso/listarSolicitudProceso.xhtml HTTP/1.1" 200 57736
186.30.68.92 - - [31/Oct/2021:16:24:13 -0500] "POST /sipse/faces/presentacion/financiero/solicitudProceso/listarSolicitudProceso.xhtml HTTP/1.1" 200 57736
186.30.68.92 - - [31/Oct/2021:16:24:13 -0500] "POST /sipse/faces/presentacion/financiero/solicitudProceso/listarSolicitudProceso.xhtml HTTP/1.1" 200 57736
186.30.68.92 - - [31/Oct/2021:16:24:14 -0500] "POST /sipse/faces/presentacion/financiero/solicitudProceso/listarSolicitudProceso.xhtml HTTP/1.1" 200 57736
186.30.68.92 - - [31/Oct/2021:16:24:14 -0500] "POST /sipse/faces/presentacion/financiero/solicitudProceso/listarSolicitudProceso.xhtml HTTP/1.1" 200 1448
186.30.68.92 - - [31/Oct/2021:16:24:14 -0500] "POST /sipse/faces/presentacion/financiero/solicitudProceso/listarSolicitudProceso.xhtml HTTP/1.1" 200 1448
186.30.68.92 - - [31/Oct/2021:16:24:14 -0500] "POST /sipse/faces/presentacion/financiero/solicitudProceso/listarSolicitudProceso.xhtml HTTP/1.1" 200 1452
186.30.68.92 - - [31/Oct/2021:16:24:14 -0500] "POST /sipse/faces/presentacion/financiero/solicitudProceso/listarSolicitudProceso.xhtml HTTP/1.1" 200 1448
94.130.143.70 - - [31/Oct/2021:16:24:16 -0500] "GET /BLA/resoluciones/RESOLUCIONES%202018/0744.pdf HTTP/1.1" 200 6037953
186.30.68.92 - - [31/Oct/2021:16:24:17 -0500] "POST /sipse/faces/presentacion/financiero/solicitudProceso/listarSolicitudProceso.xhtml HTTP/1.1" 200 4810
157.55.39.21 - - [31/Oct/2021:16:24:21 -0500] "GET /appsia/css/estilos.css HTTP/1.1" 200 4804
157.55.39.21 - - [31/Oct/2021:16:24:21 -0500] "GET /appsia/scripts/validarIngreso.js HTTP/1.1" 200 851
201.245.192.253 - - [31/Oct/2021:16:23:50 -0500] "POST /kwsrmcab/Wsrmcab HTTP/1.1" 200 119839
199.16.157.181 - - [31/Oct/2021:16:24:41 -0500] "GET /secretaria-de-ambiente-abre-convocatoria-para-que-empresas-de-bogota-sean-mas-sostenibles.html HTTP/1.1" 200 907
216.245.221.92 - - [31/Oct/2021:16:24:47 -0500] "HEAD / HTTP/1.1" 200 -
94.130.143.70 - - [31/Oct/2021:16:24:58 -0500] "GET /BLA/resoluciones/RESOLUCIONES%202018/1065.pdf HTTP/1.1" 200 413942
201.245.192.253 - - [31/Oct/2021:16:25:07 -0500] "GET /catalogoisis/ HTTP/1.1" 200 8575
94.130.143.70 - - [31/Oct/2021:16:25:46 -0500] "GET /BLA/resoluciones/RESOLUCIONES%202018/0455.pdf HTTP/1.1" 200 632873
201.245.192.253 - - [31/Oct/2021:16:26:07 -0500] "GET /catalogoisis/ HTTP/1.1" 200 8575
199.59.150.182 - - [31/Oct/2021:16:26:17 -0500] "GET /secretaria-de-ambiente-abre-convocatoria-para-que-empresas-de-bogota-sean-mas-sostenibles.html HTTP/1.1" 200 907
199.59.150.181 - - [31/Oct/2021:16:26:17 -0500] "GET /secretaria-de-ambiente-abre-convocatoria-para-que-empresas-de-bogota-sean-mas-sostenibles.html HTTP/1.1" 200 907
179.32.226.86 - - [31/Oct/2021:16:26:22 -0500] "GET /BLA/boletinlegal/js/jquery.scrollShow.js HTTP/1.1" 200 4586
179.32.226.86 - - [31/Oct/2021:16:26:22 -0500] "GET /galeria/galeria/jquery.fancybox.css?v=2.1.5 HTTP/1.1" 200 4895
179.32.226.86 - - [31/Oct/2021:16:26:22 -0500] "GET /galeria/galeria/jquery.fancybox.js?v=2.1.5 HTTP/1.1" 200 48706
179.32.226.86 - - [31/Oct/2021:16:26:22 -0500] "GET /galeria/carrusel/Carrusel/jquery.thumbnailScroller.css HTTP/1.1" 200 2066
179.32.226.86 - - [31/Oct/2021:16:26:22 -0500] "GET /galeria/carrusel/Carrusel/jquery-ui-1.8.13.custom.min.js HTTP/1.1" 200 10800
179.32.226.86 - - [31/Oct/2021:16:26:22 -0500] "GET /galeria/carrusel/Carrusel/jquery.thumbnailScroller.js HTTP/1.1" 200 8157
179.32.226.86 - - [31/Oct/2021:16:26:23 -0500] "GET /galeria/nivo-slider/demo/banner.html HTTP/1.1" 200 5446
179.32.226.86 - - [31/Oct/2021:16:26:23 -0500] "GET /galeria/nivo-slider/nivo-slider.css HTTP/1.1" 200 1507
179.32.226.86 - - [31/Oct/2021:16:26:23 -0500] "GET /galeria/nivo-slider/themes/orman/orman.css HTTP/1.1" 200 2152
179.32.226.86 - - [31/Oct/2021:16:26:23 -0500] "GET /galeria/nivo-slider/themes/default/default.css HTTP/1.1" 200 1569
179.32.226.86 - - [31/Oct/2021:16:26:23 -0500] "GET /galeria/nivo-slider/themes/pascal/pascal.css HTTP/1.1" 200 2258
179.32.226.86 - - [31/Oct/2021:16:26:23 -0500] "GET /galeria/nivo-slider/jquery.nivo.slider.pack.js HTTP/1.1" 200 11561
179.32.226.86 - - [31/Oct/2021:16:26:23 -0500] "GET /galeria/nivo-slider/demo/style.css HTTP/1.1" 200 2222
179.32.226.86 - - [31/Oct/2021:16:26:23 -0500] "GET /galeria/nivo-slider/demo/scripts/jquery-1.7.1.min.js HTTP/1.1" 200 93868
179.32.226.86 - - [31/Oct/2021:16:26:23 -0500] "GET /galeria/nivo-slider/demo/images/bannertortuga_optimized.jpg HTTP/1.1" 200 39066
179.32.226.86 - - [31/Oct/2021:16:26:23 -0500] "GET /galeria/nivo-slider/demo/images/Bannermujeresquereverdecen.jpg HTTP/1.1" 200 46558
179.32.226.86 - - [31/Oct/2021:16:26:23 -0500] "GET /galeria/nivo-slider/demo/images/bannertrafico_optimized.jpg HTTP/1.1" 200 42578
179.32.226.86 - - [31/Oct/2021:16:26:23 -0500] "GET /galeria/nivo-slider/demo/images/Bannersedeelectronica.jpg HTTP/1.1" 200 40383
179.32.226.86 - - [31/Oct/2021:16:26:23 -0500] "GET /galeria/nivo-slider/demo/images/bannerrutaesperanza.jpg HTTP/1.1" 200 55560
179.32.226.86 - - [31/Oct/2021:16:26:23 -0500] "GET /galeria/nivo-slider/demo/images/banneraire2021.jpg HTTP/1.1" 200 265101
179.32.226.86 - - [31/Oct/2021:16:26:23 -0500] "GET /galeria/nivo-slider/demo/images/Bannerplasticosseptiembre.jpg HTTP/1.1" 200 45633
179.32.226.86 - - [31/Oct/2021:16:26:23 -0500] "GET /galeria/nivo-slider/demo/images/bannerresiduoshospitalariosagosto.jpg HTTP/1.1" 200 36499
179.32.226.86 - - [31/Oct/2021:16:26:23 -0500] "GET /galeria/nivo-slider/demo/images/banneraccionpopularcrr68.jpg HTTP/1.1" 200 51887
179.32.226.86 - - [31/Oct/2021:16:26:23 -0500] "GET /galeria/nivo-slider/demo/images/banneraccionpopular.jpeg HTTP/1.1" 200 41707
179.32.226.86 - - [31/Oct/2021:16:26:23 -0500] "GET /galeria/nivo-slider/demo/images/bannerclases2021.jpg HTTP/1.1" 200 68230
179.32.226.86 - - [31/Oct/2021:16:26:23 -0500] "GET /galeria/nivo-slider/demo/images/bannercapacitacionesbogota.jpg HTTP/1.1" 200 42416
179.32.226.86 - - [31/Oct/2021:16:26:23 -0500] "GET /galeria/nivo-slider/demo/images/Bannerenvases.jpg HTTP/1.1" 200 37316
179.32.226.86 - - [31/Oct/2021:16:26:23 -0500] "GET /galeria/nivo-slider/demo/images/4Simple_Slider.png HTTP/1.1" 200 11722
179.32.226.86 - - [31/Oct/2021:16:26:23 -0500] "GET /galeria/nivo-slider/demo/images/Bannervirtualescanales.jpg HTTP/1.1" 200 174544
179.32.226.86 - - [31/Oct/2021:16:26:23 -0500] "GET /galeria/nivo-slider/themes/default/loading.gif HTTP/1.1" 200 1737
179.32.226.86 - - [31/Oct/2021:16:26:23 -0500] "GET /galeria/nivo-slider/themes/default/bullets.png HTTP/1.1" 200 1281
179.32.226.86 - - [31/Oct/2021:16:26:23 -0500] "GET /galeria/nivo-slider/themes/default/arrows.png HTTP/1.1" 200 824
94.130.143.70 - - [31/Oct/2021:16:26:33 -0500] "GET /BLA/resoluciones/RESOLUCIONES%202018/2245.pdf HTTP/1.1" 200 3024357
199.16.157.180 - - [31/Oct/2021:16:26:52 -0500] "GET /secretaria-de-ambiente-abre-convocatoria-para-que-empresas-de-bogota-sean-mas-sostenibles.html HTTP/1.1" 200 907
34.147.83.249 - - [31/Oct/2021:16:26:53 -0500] "GET / HTTP/1.1" 200 319
201.245.192.253 - - [31/Oct/2021:16:27:07 -0500] "GET /catalogoisis/ HTTP/1.1" 200 8575
94.130.143.70 - - [31/Oct/2021:16:27:15 -0500] "GET /BLA/resoluciones/RESOLUCIONES%202018/0156.pdf HTTP/1.1" 200 523744
207.241.226.109 - - [31/Oct/2021:16:27:24 -0500] "-" 408 -
94.130.143.70 - - [31/Oct/2021:16:28:01 -0500] "GET /BLA/resoluciones/RESOLUCIONES%202018/2043.pdf HTTP/1.1" 200 335675
201.245.192.253 - - [31/Oct/2021:16:28:08 -0500] "GET /catalogoisis/ HTTP/1.1" 200 8575
199.59.150.180 - - [31/Oct/2021:16:28:37 -0500] "GET /secretaria-de-ambiente-abre-convocatoria-para-que-empresas-de-bogota-sean-mas-sostenibles.html HTTP/1.1" 200 907
94.130.143.70 - - [31/Oct/2021:16:28:48 -0500] "GET /BLA/resoluciones/RESOLUCIONES%202018/0031.pdf HTTP/1.1" 200 351034
199.16.157.183 - - [31/Oct/2021:16:28:52 -0500] "GET /secretaria-de-ambiente-abre-convocatoria-para-que-empresas-de-bogota-sean-mas-sostenibles.html HTTP/1.1" 200 907
201.245.192.253 - - [31/Oct/2021:16:29:09 -0500] "GET /catalogoisis/ HTTP/1.1" 200 8575
94.130.143.70 - - [31/Oct/2021:16:29:35 -0500] "GET /BLA/resoluciones/RESOLUCIONES%202018/2594.pdf HTTP/1.1" 200 367450
216.245.221.92 - - [31/Oct/2021:16:29:47 -0500] "HEAD / HTTP/1.1" 200 -
201.245.192.253 - - [31/Oct/2021:16:30:10 -0500] "GET /catalogoisis/ HTTP/1.1" 200 8575
94.130.143.70 - - [31/Oct/2021:16:30:20 -0500] "GET /BLA/resoluciones/RESOLUCIONES%202018/2041.pdf HTTP/1.1" 200 305527
201.245.192.253 - - [31/Oct/2021:16:29:34 -0500] "POST /kwsrmcab/Wsrmcab HTTP/1.1" 200 47285
207.241.226.109 - - [31/Oct/2021:16:30:44 -0500] "-" 408 -
199.59.150.181 - - [31/Oct/2021:16:30:44 -0500] "GET /secretaria-de-ambiente-abre-convocatoria-para-que-empresas-de-bogota-sean-mas-sostenibles.html HTTP/1.1" 200 907
199.16.157.180 - - [31/Oct/2021:16:30:57 -0500] "GET /secretaria-de-ambiente-abre-convocatoria-para-que-empresas-de-bogota-sean-mas-sostenibles.html HTTP/1.1" 200 907
201.245.192.253 - - [31/Oct/2021:16:30:22 -0500] "POST /kwsrmcab/Wsrmcab HTTP/1.1" 200 47424
94.130.143.70 - - [31/Oct/2021:16:31:06 -0500] "GET /BLA/resoluciones/RESOLUCIONES%202018/0295.pdf HTTP/1.1" 200 263456
201.245.192.253 - - [31/Oct/2021:16:31:09 -0500] "GET /catalogoisis/ HTTP/1.1" 200 8575
66.249.66.13 - - [31/Oct/2021:16:31:45 -0500] "-" 408 -
94.130.143.70 - - [31/Oct/2021:16:31:52 -0500] "GET /BLA/resoluciones/RESOLUCIONES%202018/3481.pdf HTTP/1.1" 200 379334
201.245.192.253 - - [31/Oct/2021:16:32:10 -0500] "GET /catalogoisis/ HTTP/1.1" 200 8575
94.130.143.70 - - [31/Oct/2021:16:32:38 -0500] "GET /BLA/resoluciones/RESOLUCIONES%202018/2120.pdf HTTP/1.1" 200 266994
199.59.150.183 - - [31/Oct/2021:16:32:52 -0500] "GET /secretaria-de-ambiente-abre-convocatoria-para-que-empresas-de-bogota-sean-mas-sostenibles.html HTTP/1.1" 200 907
199.16.157.180 - - [31/Oct/2021:16:32:58 -0500] "GET /secretaria-de-ambiente-abre-convocatoria-para-que-empresas-de-bogota-sean-mas-sostenibles.html HTTP/1.1" 200 907
201.245.192.253 - - [31/Oct/2021:16:33:11 -0500] "GET /catalogoisis/ HTTP/1.1" 200 8575
94.130.143.70 - - [31/Oct/2021:16:33:23 -0500] "GET /BLA/resoluciones/RESOLUCIONES%202018/0747.pdf HTTP/1.1" 200 313069
207.241.226.109 - - [31/Oct/2021:16:34:04 -0500] "-" 408 -
94.130.143.70 - - [31/Oct/2021:16:34:06 -0500] "GET /BLA/resoluciones/index.php?dir=2018/&sort=size&order=asc HTTP/1.1" 200 1608
201.245.192.253 - - [31/Oct/2021:16:34:12 -0500] "GET /catalogoisis/ HTTP/1.1" 200 8575
201.245.192.253 - - [31/Oct/2021:16:33:51 -0500] "POST /kwsrmcab/Wsrmcab HTTP/1.1" 200 119839
216.245.221.92 - - [31/Oct/2021:16:34:47 -0500] "HEAD / HTTP/1.1" 200 -
94.130.143.70 - - [31/Oct/2021:16:34:51 -0500] "GET /BLA/resoluciones/RESOLUCIONES%202018/2230.pdf HTTP/1.1" 200 5665025
199.59.150.181 - - [31/Oct/2021:16:35:00 -0500] "GET /secretaria-de-ambiente-abre-convocatoria-para-que-empresas-de-bogota-sean-mas-sostenibles.html HTTP/1.1" 200 907
199.16.157.181 - - [31/Oct/2021:16:35:02 -0500] "GET /secretaria-de-ambiente-abre-convocatoria-para-que-empresas-de-bogota-sean-mas-sostenibles.html HTTP/1.1" 200 907
201.245.192.253 - - [31/Oct/2021:16:35:13 -0500] "GET /catalogoisis/ HTTP/1.1" 200 8575
94.130.143.70 - - [31/Oct/2021:16:35:30 -0500] "GET /BLA/resoluciones/RESOLUCIONES%202018/3461.pdf HTTP/1.1" 200 241363
207.241.231.132 - - [31/Oct/2021:16:35:33 -0500] "-" 408 -
201.245.192.253 - - [31/Oct/2021:16:36:14 -0500] "GET /catalogoisis/ HTTP/1.1" 200 8575
94.130.143.70 - - [31/Oct/2021:16:36:16 -0500] "GET /BLA/resoluciones/index.php?dir= HTTP/1.1" 200 12684
94.130.143.70 - - [31/Oct/2021:16:36:55 -0500] "GET /BLA/resoluciones/RESOLUCIONES%202018/4286.pdf HTTP/1.1" 200 364234
199.59.150.180 - - [31/Oct/2021:16:37:03 -0500] "GET /secretaria-de-ambiente-abre-convocatoria-para-que-empresas-de-bogota-sean-mas-sostenibles.html HTTP/1.1" 200 907
199.16.157.181 - - [31/Oct/2021:16:37:11 -0500] "GET /secretaria-de-ambiente-abre-convocatoria-para-que-empresas-de-bogota-sean-mas-sostenibles.html HTTP/1.1" 200 907
201.245.192.253 - - [31/Oct/2021:16:37:15 -0500] "GET /catalogoisis/ HTTP/1.1" 200 8575
207.241.226.109 - - [31/Oct/2021:16:37:25 -0500] "-" 408 -
94.130.143.70 - - [31/Oct/2021:16:37:40 -0500] "GET /BLA/resoluciones/RESOLUCIONES%202018/2347.pdf HTTP/1.1" 200 380482
66.249.66.13 - - [31/Oct/2021:16:38:01 -0500] "-" 408 -
201.245.192.253 - - [31/Oct/2021:16:38:16 -0500] "GET /catalogoisis/ HTTP/1.1" 200 8575
94.130.143.70 - - [31/Oct/2021:16:38:23 -0500] "GET /BLA/resoluciones/RESOLUCIONES%202018/2097.pdf HTTP/1.1" 200 272423
20.191.45.212 - - [31/Oct/2021:16:38:24 -0500] "GET / HTTP/1.1" 200 319
20.191.45.212 - - [31/Oct/2021:16:38:24 -0500] "GET /favicon.ico HTTP/1.1" 200 7782
31.13.127.118 - - [31/Oct/2021:16:38:25 -0500] "GET /se-abre-convocatoria-a-organizaciones-ambientales-para-generar-1-070-empleos-verdes-dirigidos-a-mujeres.html?fbclid=IwAR29BvFThB8wf5FdPaa_vpocHkU_KktCeRTfIWsVRwN3SqZUCG9MP4MtADk HTTP/1.1" 200 1128
94.130.143.70 - - [31/Oct/2021:16:39:06 -0500] "GET /BLA/resoluciones/RESOLUCIONES%202018/2932.pdf HTTP/1.1" 200 258966
199.59.150.181 - - [31/Oct/2021:16:39:08 -0500] "GET /secretaria-de-ambiente-abre-convocatoria-para-que-empresas-de-bogota-sean-mas-sostenibles.html HTTP/1.1" 200 907
199.16.157.180 - - [31/Oct/2021:16:39:13 -0500] "GET /secretaria-de-ambiente-abre-convocatoria-para-que-empresas-de-bogota-sean-mas-sostenibles.html HTTP/1.1" 200 907
199.16.157.181 - - [31/Oct/2021:16:39:13 -0500] "GET /secretaria-de-ambiente-abre-convocatoria-para-que-empresas-de-bogota-sean-mas-sostenibles.html HTTP/1.1" 200 907
201.245.192.253 - - [31/Oct/2021:16:39:16 -0500] "GET /catalogoisis/ HTTP/1.1" 200 8575
216.245.221.92 - - [31/Oct/2021:16:39:47 -0500] "HEAD / HTTP/1.1" 200 -
94.130.143.70 - - [31/Oct/2021:16:39:47 -0500] "GET /BLA/resoluciones/RESOLUCIONES%202018/3148.pdf HTTP/1.1" 200 358226
181.60.80.17 - - [31/Oct/2021:16:40:12 -0500] "GET /galeria/galeria/jquery.fancybox.css?v=2.1.5 HTTP/1.1" 200 4895
201.245.192.253 - - [31/Oct/2021:16:40:17 -0500] "GET /catalogoisis/ HTTP/1.1" 200 8575
201.245.192.253 - - [31/Oct/2021:16:39:34 -0500] "POST /kwsrmcab/Wsrmcab HTTP/1.1" 200 47285
