201.244.247.62 - - [02/Nov/2021:01:07:02 -0500] "POST /sipse/faces/presentacion/financiero/solicitudProceso/listarSolicitudProceso.xhtml HTTP/1.1" 200 115714
201.244.247.62 - - [02/Nov/2021:01:07:02 -0500] "GET /sipse/faces/javax.faces.resource/theme.css?ln=primefaces-sipse HTTP/1.1" 304 -
201.244.247.62 - - [02/Nov/2021:01:07:02 -0500] "GET /sipse/faces/javax.faces.resource/primefaces.css?ln=primefaces&v=4.0 HTTP/1.1" 304 -
201.244.247.62 - - [02/Nov/2021:01:07:02 -0500] "GET /sipse/faces/javax.faces.resource/layout/layout.css?ln=primefaces&v=4.0 HTTP/1.1" 304 -
201.244.247.62 - - [02/Nov/2021:01:07:02 -0500] "GET /sipse/faces/javax.faces.resource/jquery/jquery.js?ln=primefaces&v=4.0 HTTP/1.1" 304 -
201.244.247.62 - - [02/Nov/2021:01:07:02 -0500] "GET /sipse/faces/javax.faces.resource/jquery/jquery-plugins.js?ln=primefaces&v=4.0 HTTP/1.1" 304 -
201.244.247.62 - - [02/Nov/2021:01:07:02 -0500] "GET /sipse/faces/javax.faces.resource/primefaces.js?ln=primefaces&v=4.0 HTTP/1.1" 304 -
201.244.247.62 - - [02/Nov/2021:01:07:02 -0500] "GET /sipse/faces/javax.faces.resource/layout/layout.js?ln=primefaces&v=4.0 HTTP/1.1" 304 -
201.244.247.62 - - [02/Nov/2021:01:07:03 -0500] "GET /reportes_sipse/sdg/ServletReporte?reporte=solicitud_cdp&Solicitud=15545&pfdrid_c=false HTTP/1.1" 200 114339
188.40.73.202 - - [02/Nov/2021:01:07:05 -0500] "GET /BLA/resoluciones/RESOLUCIONES%202004/0506.pdf HTTP/1.1" 200 53276
201.244.247.62 - - [02/Nov/2021:01:07:07 -0500] "POST /sipse/faces/presentacion/financiero/solicitudProceso/consultarSolicitudProceso.xhtml HTTP/1.1" 200 291051
201.245.192.253 - - [02/Nov/2021:01:07:10 -0500] "GET /catalogoisis/ HTTP/1.1" 200 8575
201.244.247.62 - - [02/Nov/2021:01:07:39 -0500] "POST /sipse/faces/presentacion/financiero/solicitudProceso/consultarSolicitudProceso.xhtml HTTP/1.1" 200 59288
201.244.247.62 - - [02/Nov/2021:01:07:40 -0500] "GET /sipse/faces/javax.faces.resource/theme.css?ln=primefaces-sipse HTTP/1.1" 304 -
201.244.247.62 - - [02/Nov/2021:01:07:40 -0500] "GET /sipse/faces/javax.faces.resource/primefaces.css?ln=primefaces&v=4.0 HTTP/1.1" 304 -
201.244.247.62 - - [02/Nov/2021:01:07:40 -0500] "GET /sipse/faces/javax.faces.resource/layout/layout.css?ln=primefaces&v=4.0 HTTP/1.1" 304 -
201.244.247.62 - - [02/Nov/2021:01:07:40 -0500] "GET /sipse/faces/javax.faces.resource/jquery/jquery.js?ln=primefaces&v=4.0 HTTP/1.1" 304 -
201.244.247.62 - - [02/Nov/2021:01:07:40 -0500] "GET /sipse/faces/javax.faces.resource/jquery/jquery-plugins.js?ln=primefaces&v=4.0 HTTP/1.1" 304 -
201.244.247.62 - - [02/Nov/2021:01:07:40 -0500] "GET /sipse/faces/javax.faces.resource/primefaces.js?ln=primefaces&v=4.0 HTTP/1.1" 304 -
201.244.247.62 - - [02/Nov/2021:01:07:40 -0500] "GET /sipse/faces/javax.faces.resource/layout/layout.js?ln=primefaces&v=4.0 HTTP/1.1" 304 -
201.244.247.62 - - [02/Nov/2021:01:07:40 -0500] "POST /sipse/faces/presentacion/financiero/solicitudProceso/listarSolicitudProceso.xhtml HTTP/1.1" 200 52666
201.244.247.62 - - [02/Nov/2021:01:07:40 -0500] "POST /sipse/faces/presentacion/financiero/solicitudProceso/listarSolicitudProceso.xhtml HTTP/1.1" 200 52666
201.244.247.62 - - [02/Nov/2021:01:07:41 -0500] "POST /sipse/faces/presentacion/financiero/solicitudProceso/listarSolicitudProceso.xhtml HTTP/1.1" 200 52666
201.244.247.62 - - [02/Nov/2021:01:07:41 -0500] "POST /sipse/faces/presentacion/financiero/solicitudProceso/listarSolicitudProceso.xhtml HTTP/1.1" 200 52666
201.244.247.62 - - [02/Nov/2021:01:07:41 -0500] "POST /sipse/faces/presentacion/financiero/solicitudProceso/listarSolicitudProceso.xhtml HTTP/1.1" 200 52666
201.244.247.62 - - [02/Nov/2021:01:07:41 -0500] "POST /sipse/faces/presentacion/financiero/solicitudProceso/listarSolicitudProceso.xhtml HTTP/1.1" 200 52666
201.244.247.62 - - [02/Nov/2021:01:07:42 -0500] "POST /sipse/faces/presentacion/financiero/solicitudProceso/listarSolicitudProceso.xhtml HTTP/1.1" 200 52666
201.244.247.62 - - [02/Nov/2021:01:07:42 -0500] "POST /sipse/faces/presentacion/financiero/solicitudProceso/listarSolicitudProceso.xhtml HTTP/1.1" 200 52666
201.244.247.62 - - [02/Nov/2021:01:07:42 -0500] "POST /sipse/faces/presentacion/financiero/solicitudProceso/listarSolicitudProceso.xhtml HTTP/1.1" 200 52666
201.244.247.62 - - [02/Nov/2021:01:07:42 -0500] "POST /sipse/faces/presentacion/financiero/solicitudProceso/listarSolicitudProceso.xhtml HTTP/1.1" 200 52666
201.244.247.62 - - [02/Nov/2021:01:07:43 -0500] "POST /sipse/faces/presentacion/financiero/solicitudProceso/listarSolicitudProceso.xhtml HTTP/1.1" 200 52666
201.244.247.62 - - [02/Nov/2021:01:07:43 -0500] "POST /sipse/faces/presentacion/financiero/solicitudProceso/listarSolicitudProceso.xhtml HTTP/1.1" 200 52666
201.244.247.62 - - [02/Nov/2021:01:07:43 -0500] "POST /sipse/faces/presentacion/financiero/solicitudProceso/listarSolicitudProceso.xhtml HTTP/1.1" 200 52666
201.244.247.62 - - [02/Nov/2021:01:07:44 -0500] "POST /sipse/faces/presentacion/financiero/solicitudProceso/listarSolicitudProceso.xhtml HTTP/1.1" 200 52666
201.244.247.62 - - [02/Nov/2021:01:07:44 -0500] "POST /sipse/faces/presentacion/financiero/solicitudProceso/listarSolicitudProceso.xhtml HTTP/1.1" 200 52666
201.244.247.62 - - [02/Nov/2021:01:07:44 -0500] "POST /sipse/faces/presentacion/financiero/solicitudProceso/listarSolicitudProceso.xhtml HTTP/1.1" 200 52666
201.244.247.62 - - [02/Nov/2021:01:07:44 -0500] "POST /sipse/faces/presentacion/financiero/solicitudProceso/listarSolicitudProceso.xhtml HTTP/1.1" 200 52666
188.40.73.202 - - [02/Nov/2021:01:07:45 -0500] "GET /BLA/resoluciones/RESOLUCIONES%202004/RESOLUCION%20991%20DE%202004.PDF HTTP/1.1" 200 374888
201.244.247.62 - - [02/Nov/2021:01:07:45 -0500] "POST /sipse/faces/presentacion/financiero/solicitudProceso/listarSolicitudProceso.xhtml HTTP/1.1" 200 52666
201.244.247.62 - - [02/Nov/2021:01:07:45 -0500] "POST /sipse/faces/presentacion/financiero/solicitudProceso/listarSolicitudProceso.xhtml HTTP/1.1" 200 52666
201.244.247.62 - - [02/Nov/2021:01:07:45 -0500] "POST /sipse/faces/presentacion/financiero/solicitudProceso/listarSolicitudProceso.xhtml HTTP/1.1" 200 52666
201.244.247.62 - - [02/Nov/2021:01:07:46 -0500] "POST /sipse/faces/presentacion/financiero/solicitudProceso/listarSolicitudProceso.xhtml HTTP/1.1" 200 52666
201.244.247.62 - - [02/Nov/2021:01:07:46 -0500] "POST /sipse/faces/presentacion/financiero/solicitudProceso/listarSolicitudProceso.xhtml HTTP/1.1" 200 52666
201.244.247.62 - - [02/Nov/2021:01:07:46 -0500] "POST /sipse/faces/presentacion/financiero/solicitudProceso/listarSolicitudProceso.xhtml HTTP/1.1" 200 52666
201.244.247.62 - - [02/Nov/2021:01:07:46 -0500] "POST /sipse/faces/presentacion/financiero/solicitudProceso/listarSolicitudProceso.xhtml HTTP/1.1" 200 52666
201.244.247.62 - - [02/Nov/2021:01:07:47 -0500] "POST /sipse/faces/presentacion/financiero/solicitudProceso/listarSolicitudProceso.xhtml HTTP/1.1" 200 52666
201.244.247.62 - - [02/Nov/2021:01:07:47 -0500] "POST /sipse/faces/presentacion/financiero/solicitudProceso/listarSolicitudProceso.xhtml HTTP/1.1" 200 52666
201.244.247.62 - - [02/Nov/2021:01:07:47 -0500] "POST /sipse/faces/presentacion/financiero/solicitudProceso/listarSolicitudProceso.xhtml HTTP/1.1" 200 52666
201.244.247.62 - - [02/Nov/2021:01:07:48 -0500] "POST /sipse/faces/presentacion/financiero/solicitudProceso/listarSolicitudProceso.xhtml HTTP/1.1" 200 52666
201.244.247.62 - - [02/Nov/2021:01:07:48 -0500] "POST /sipse/faces/presentacion/financiero/solicitudProceso/listarSolicitudProceso.xhtml HTTP/1.1" 200 52666
201.244.247.62 - - [02/Nov/2021:01:07:48 -0500] "POST /sipse/faces/presentacion/financiero/solicitudProceso/listarSolicitudProceso.xhtml HTTP/1.1" 200 52666
201.244.247.62 - - [02/Nov/2021:01:07:48 -0500] "POST /sipse/faces/presentacion/financiero/solicitudProceso/listarSolicitudProceso.xhtml HTTP/1.1" 200 52666
201.244.247.62 - - [02/Nov/2021:01:07:49 -0500] "POST /sipse/faces/presentacion/financiero/solicitudProceso/listarSolicitudProceso.xhtml HTTP/1.1" 200 52666
201.244.247.62 - - [02/Nov/2021:01:07:49 -0500] "POST /sipse/faces/presentacion/financiero/solicitudProceso/listarSolicitudProceso.xhtml HTTP/1.1" 200 1448
201.244.247.62 - - [02/Nov/2021:01:07:49 -0500] "POST /sipse/faces/presentacion/financiero/solicitudProceso/listarSolicitudProceso.xhtml HTTP/1.1" 200 1448
201.244.247.62 - - [02/Nov/2021:01:07:49 -0500] "POST /sipse/faces/presentacion/financiero/solicitudProceso/listarSolicitudProceso.xhtml HTTP/1.1" 200 1452
201.244.247.62 - - [02/Nov/2021:01:07:49 -0500] "POST /sipse/faces/presentacion/financiero/solicitudProceso/listarSolicitudProceso.xhtml HTTP/1.1" 200 1448
201.244.247.62 - - [02/Nov/2021:01:07:50 -0500] "POST /sipse/faces/presentacion/financiero/solicitudProceso/listarSolicitudProceso.xhtml HTTP/1.1" 200 1448
201.244.247.62 - - [02/Nov/2021:01:07:50 -0500] "POST /sipse/faces/presentacion/financiero/solicitudProceso/listarSolicitudProceso.xhtml HTTP/1.1" 200 1448
201.244.247.62 - - [02/Nov/2021:01:07:50 -0500] "POST /sipse/faces/presentacion/financiero/solicitudProceso/listarSolicitudProceso.xhtml HTTP/1.1" 200 1448
201.244.247.62 - - [02/Nov/2021:01:07:50 -0500] "POST /sipse/faces/presentacion/financiero/solicitudProceso/listarSolicitudProceso.xhtml HTTP/1.1" 200 1448
201.244.247.62 - - [02/Nov/2021:01:07:50 -0500] "POST /sipse/faces/presentacion/financiero/solicitudProceso/listarSolicitudProceso.xhtml HTTP/1.1" 200 1448
201.244.247.62 - - [02/Nov/2021:01:07:50 -0500] "POST /sipse/faces/presentacion/financiero/solicitudProceso/listarSolicitudProceso.xhtml HTTP/1.1" 200 1448
201.244.247.62 - - [02/Nov/2021:01:07:51 -0500] "POST /sipse/faces/presentacion/financiero/solicitudProceso/listarSolicitudProceso.xhtml HTTP/1.1" 200 1448
201.244.247.62 - - [02/Nov/2021:01:07:51 -0500] "POST /sipse/faces/presentacion/financiero/solicitudProceso/listarSolicitudProceso.xhtml HTTP/1.1" 200 1448
201.244.247.62 - - [02/Nov/2021:01:07:51 -0500] "POST /sipse/faces/presentacion/financiero/solicitudProceso/listarSolicitudProceso.xhtml HTTP/1.1" 200 1448
201.244.247.62 - - [02/Nov/2021:01:07:51 -0500] "POST /sipse/faces/presentacion/financiero/solicitudProceso/listarSolicitudProceso.xhtml HTTP/1.1" 200 1448
201.244.247.62 - - [02/Nov/2021:01:07:51 -0500] "POST /sipse/faces/presentacion/financiero/solicitudProceso/listarSolicitudProceso.xhtml HTTP/1.1" 200 1448
201.244.247.62 - - [02/Nov/2021:01:07:52 -0500] "POST /sipse/faces/presentacion/financiero/solicitudProceso/listarSolicitudProceso.xhtml HTTP/1.1" 200 1448
201.244.247.62 - - [02/Nov/2021:01:07:52 -0500] "POST /sipse/faces/presentacion/financiero/solicitudProceso/listarSolicitudProceso.xhtml HTTP/1.1" 200 1448
201.244.247.62 - - [02/Nov/2021:01:07:52 -0500] "POST /sipse/faces/presentacion/financiero/solicitudProceso/listarSolicitudProceso.xhtml HTTP/1.1" 200 1448
201.244.247.62 - - [02/Nov/2021:01:07:52 -0500] "POST /sipse/faces/presentacion/financiero/solicitudProceso/listarSolicitudProceso.xhtml HTTP/1.1" 200 1448
201.244.247.62 - - [02/Nov/2021:01:07:52 -0500] "POST /sipse/faces/presentacion/financiero/solicitudProceso/listarSolicitudProceso.xhtml HTTP/1.1" 200 1448
201.244.247.62 - - [02/Nov/2021:01:07:52 -0500] "POST /sipse/faces/presentacion/financiero/solicitudProceso/listarSolicitudProceso.xhtml HTTP/1.1" 200 1448
201.244.247.62 - - [02/Nov/2021:01:07:52 -0500] "POST /sipse/faces/presentacion/financiero/solicitudProceso/listarSolicitudProceso.xhtml HTTP/1.1" 200 1448
201.244.247.62 - - [02/Nov/2021:01:07:53 -0500] "POST /sipse/faces/presentacion/financiero/solicitudProceso/listarSolicitudProceso.xhtml HTTP/1.1" 200 1448
201.244.247.62 - - [02/Nov/2021:01:07:53 -0500] "POST /sipse/faces/presentacion/financiero/solicitudProceso/listarSolicitudProceso.xhtml HTTP/1.1" 200 1448
201.244.247.62 - - [02/Nov/2021:01:07:53 -0500] "POST /sipse/faces/presentacion/financiero/solicitudProceso/listarSolicitudProceso.xhtml HTTP/1.1" 200 1448
201.244.247.62 - - [02/Nov/2021:01:07:53 -0500] "POST /sipse/faces/presentacion/financiero/solicitudProceso/listarSolicitudProceso.xhtml HTTP/1.1" 200 1448
201.244.247.62 - - [02/Nov/2021:01:07:53 -0500] "POST /sipse/faces/presentacion/financiero/solicitudProceso/listarSolicitudProceso.xhtml HTTP/1.1" 200 1452
201.244.247.62 - - [02/Nov/2021:01:07:53 -0500] "POST /sipse/faces/presentacion/financiero/solicitudProceso/listarSolicitudProceso.xhtml HTTP/1.1" 200 1452
201.244.247.62 - - [02/Nov/2021:01:07:54 -0500] "POST /sipse/faces/presentacion/financiero/solicitudProceso/listarSolicitudProceso.xhtml HTTP/1.1" 200 1448
201.244.247.62 - - [02/Nov/2021:01:07:54 -0500] "POST /sipse/faces/presentacion/financiero/solicitudProceso/listarSolicitudProceso.xhtml HTTP/1.1" 200 1448
201.244.247.62 - - [02/Nov/2021:01:07:54 -0500] "POST /sipse/faces/presentacion/financiero/solicitudProceso/listarSolicitudProceso.xhtml HTTP/1.1" 200 1448
201.244.247.62 - - [02/Nov/2021:01:07:54 -0500] "POST /sipse/faces/presentacion/financiero/solicitudProceso/listarSolicitudProceso.xhtml HTTP/1.1" 200 1448
201.244.247.62 - - [02/Nov/2021:01:07:55 -0500] "POST /sipse/faces/presentacion/financiero/solicitudProceso/listarSolicitudProceso.xhtml HTTP/1.1" 200 1448
201.245.192.253 - - [02/Nov/2021:01:08:11 -0500] "GET /catalogoisis/ HTTP/1.1" 200 8575
201.244.247.62 - - [02/Nov/2021:01:08:13 -0500] "POST /sipse/faces/presentacion/financiero/solicitudProceso/listarSolicitudProceso.xhtml HTTP/1.1" 200 2149
201.244.247.62 - - [02/Nov/2021:01:08:14 -0500] "POST /sipse/faces/presentacion/financiero/solicitudProceso/listarSolicitudProceso.xhtml HTTP/1.1" 200 37995
201.244.247.62 - - [02/Nov/2021:01:08:14 -0500] "GET /sipse/faces/javax.faces.resource/theme.css?ln=primefaces-sipse HTTP/1.1" 304 -
201.244.247.62 - - [02/Nov/2021:01:08:14 -0500] "GET /sipse/faces/javax.faces.resource/primefaces.css?ln=primefaces&v=4.0 HTTP/1.1" 304 -
201.244.247.62 - - [02/Nov/2021:01:08:14 -0500] "GET /sipse/faces/javax.faces.resource/layout/layout.css?ln=primefaces&v=4.0 HTTP/1.1" 304 -
201.244.247.62 - - [02/Nov/2021:01:08:14 -0500] "GET /sipse/faces/javax.faces.resource/jquery/jquery.js?ln=primefaces&v=4.0 HTTP/1.1" 304 -
201.244.247.62 - - [02/Nov/2021:01:08:14 -0500] "GET /sipse/faces/javax.faces.resource/jquery/jquery-plugins.js?ln=primefaces&v=4.0 HTTP/1.1" 304 -
201.244.247.62 - - [02/Nov/2021:01:08:14 -0500] "GET /sipse/faces/javax.faces.resource/primefaces.js?ln=primefaces&v=4.0 HTTP/1.1" 304 -
201.244.247.62 - - [02/Nov/2021:01:08:14 -0500] "GET /sipse/faces/javax.faces.resource/layout/layout.js?ln=primefaces&v=4.0 HTTP/1.1" 304 -
201.244.247.62 - - [02/Nov/2021:01:08:14 -0500] "POST /sipse/faces/presentacion/financiero/solicitudProceso/consultar.xhtml HTTP/1.1" 200 31399
201.244.247.62 - - [02/Nov/2021:01:08:14 -0500] "POST /sipse/faces/presentacion/financiero/solicitudProceso/consultar.xhtml HTTP/1.1" 200 31399
201.244.247.62 - - [02/Nov/2021:01:08:15 -0500] "POST /sipse/faces/presentacion/financiero/solicitudProceso/consultar.xhtml HTTP/1.1" 200 31399
201.244.247.62 - - [02/Nov/2021:01:08:15 -0500] "POST /sipse/faces/presentacion/financiero/solicitudProceso/consultar.xhtml HTTP/1.1" 200 31399
201.244.247.62 - - [02/Nov/2021:01:08:15 -0500] "POST /sipse/faces/presentacion/financiero/solicitudProceso/consultar.xhtml HTTP/1.1" 200 31399
201.244.247.62 - - [02/Nov/2021:01:08:15 -0500] "POST /sipse/faces/presentacion/financiero/solicitudProceso/consultar.xhtml HTTP/1.1" 200 31399
201.244.247.62 - - [02/Nov/2021:01:08:15 -0500] "POST /sipse/faces/presentacion/financiero/solicitudProceso/consultar.xhtml HTTP/1.1" 200 31399
201.244.247.62 - - [02/Nov/2021:01:08:16 -0500] "POST /sipse/faces/presentacion/financiero/solicitudProceso/consultar.xhtml HTTP/1.1" 200 31399
201.244.247.62 - - [02/Nov/2021:01:08:16 -0500] "POST /sipse/faces/presentacion/financiero/solicitudProceso/consultar.xhtml HTTP/1.1" 200 31399
201.244.247.62 - - [02/Nov/2021:01:08:16 -0500] "POST /sipse/faces/presentacion/financiero/solicitudProceso/consultar.xhtml HTTP/1.1" 200 31399
201.244.247.62 - - [02/Nov/2021:01:08:16 -0500] "POST /sipse/faces/presentacion/financiero/solicitudProceso/consultar.xhtml HTTP/1.1" 200 31399
201.244.247.62 - - [02/Nov/2021:01:08:16 -0500] "POST /sipse/faces/presentacion/financiero/solicitudProceso/consultar.xhtml HTTP/1.1" 200 31399
201.244.247.62 - - [02/Nov/2021:01:08:16 -0500] "POST /sipse/faces/presentacion/financiero/solicitudProceso/consultar.xhtml HTTP/1.1" 200 31399
201.244.247.62 - - [02/Nov/2021:01:08:17 -0500] "POST /sipse/faces/presentacion/financiero/solicitudProceso/consultar.xhtml HTTP/1.1" 200 31399
201.244.247.62 - - [02/Nov/2021:01:08:17 -0500] "POST /sipse/faces/presentacion/financiero/solicitudProceso/consultar.xhtml HTTP/1.1" 200 31399
201.244.247.62 - - [02/Nov/2021:01:08:17 -0500] "POST /sipse/faces/presentacion/financiero/solicitudProceso/consultar.xhtml HTTP/1.1" 200 31399
201.244.247.62 - - [02/Nov/2021:01:08:17 -0500] "POST /sipse/faces/presentacion/financiero/solicitudProceso/consultar.xhtml HTTP/1.1" 200 31399
201.244.247.62 - - [02/Nov/2021:01:08:17 -0500] "POST /sipse/faces/presentacion/financiero/solicitudProceso/consultar.xhtml HTTP/1.1" 200 31399
201.244.247.62 - - [02/Nov/2021:01:08:18 -0500] "POST /sipse/faces/presentacion/financiero/solicitudProceso/consultar.xhtml HTTP/1.1" 200 31399
201.244.247.62 - - [02/Nov/2021:01:08:18 -0500] "POST /sipse/faces/presentacion/financiero/solicitudProceso/consultar.xhtml HTTP/1.1" 200 31399
201.244.247.62 - - [02/Nov/2021:01:08:18 -0500] "POST /sipse/faces/presentacion/financiero/solicitudProceso/consultar.xhtml HTTP/1.1" 200 31399
201.244.247.62 - - [02/Nov/2021:01:08:18 -0500] "POST /sipse/faces/presentacion/financiero/solicitudProceso/consultar.xhtml HTTP/1.1" 200 31399
201.244.247.62 - - [02/Nov/2021:01:08:18 -0500] "POST /sipse/faces/presentacion/financiero/solicitudProceso/consultar.xhtml HTTP/1.1" 200 31399
201.244.247.62 - - [02/Nov/2021:01:08:18 -0500] "POST /sipse/faces/presentacion/financiero/solicitudProceso/consultar.xhtml HTTP/1.1" 200 31399
201.244.247.62 - - [02/Nov/2021:01:08:19 -0500] "POST /sipse/faces/presentacion/financiero/solicitudProceso/consultar.xhtml HTTP/1.1" 200 31399
201.244.247.62 - - [02/Nov/2021:01:08:19 -0500] "POST /sipse/faces/presentacion/financiero/solicitudProceso/consultar.xhtml HTTP/1.1" 200 31399
201.244.247.62 - - [02/Nov/2021:01:08:19 -0500] "POST /sipse/faces/presentacion/financiero/solicitudProceso/consultar.xhtml HTTP/1.1" 200 31399
201.244.247.62 - - [02/Nov/2021:01:08:19 -0500] "POST /sipse/faces/presentacion/financiero/solicitudProceso/consultar.xhtml HTTP/1.1" 200 31399
201.244.247.62 - - [02/Nov/2021:01:08:19 -0500] "POST /sipse/faces/presentacion/financiero/solicitudProceso/consultar.xhtml HTTP/1.1" 200 31399
201.244.247.62 - - [02/Nov/2021:01:08:20 -0500] "POST /sipse/faces/presentacion/financiero/solicitudProceso/consultar.xhtml HTTP/1.1" 200 31399
201.244.247.62 - - [02/Nov/2021:01:08:20 -0500] "POST /sipse/faces/presentacion/financiero/solicitudProceso/consultar.xhtml HTTP/1.1" 200 31399
201.244.247.62 - - [02/Nov/2021:01:08:20 -0500] "POST /sipse/faces/presentacion/financiero/solicitudProceso/consultar.xhtml HTTP/1.1" 200 31399
201.244.247.62 - - [02/Nov/2021:01:08:20 -0500] "POST /sipse/faces/presentacion/financiero/solicitudProceso/consultar.xhtml HTTP/1.1" 200 31399
188.40.73.202 - - [02/Nov/2021:01:08:26 -0500] "GET /BLA/resoluciones/RESOLUCIONES%202004/0991.pdf HTTP/1.1" 200 97422
201.244.247.62 - - [02/Nov/2021:01:08:31 -0500] "POST /sipse/faces/presentacion/financiero/solicitudProceso/consultar.xhtml HTTP/1.1" 200 12857
188.40.73.202 - - [02/Nov/2021:01:09:07 -0500] "GET /BLA/resoluciones/RESOLUCIONES%202004/RESOLUCION%201467%20DE%202004.PDF HTTP/1.1" 200 256699
201.245.192.253 - - [02/Nov/2021:01:09:11 -0500] "GET /catalogoisis/ HTTP/1.1" 200 8575
188.40.73.202 - - [02/Nov/2021:01:09:47 -0500] "GET /BLA/resoluciones/RESOLUCIONES%202004/RESOLUCION%20831%20DE%202004.PDF HTTP/1.1" 200 349193
201.244.247.62 - - [02/Nov/2021:01:09:58 -0500] "POST /sipse/faces/presentacion/financiero/solicitudProceso/consultar.xhtml HTTP/1.1" 200 59861
201.244.247.62 - - [02/Nov/2021:01:09:58 -0500] "GET /sipse/faces/javax.faces.resource/theme.css?ln=primefaces-sipse HTTP/1.1" 304 -
201.244.247.62 - - [02/Nov/2021:01:09:58 -0500] "GET /sipse/faces/javax.faces.resource/primefaces.css?ln=primefaces&v=4.0 HTTP/1.1" 304 -
201.244.247.62 - - [02/Nov/2021:01:09:58 -0500] "GET /sipse/faces/javax.faces.resource/layout/layout.css?ln=primefaces&v=4.0 HTTP/1.1" 304 -
201.244.247.62 - - [02/Nov/2021:01:09:58 -0500] "GET /sipse/faces/javax.faces.resource/jquery/jquery.js?ln=primefaces&v=4.0 HTTP/1.1" 304 -
201.244.247.62 - - [02/Nov/2021:01:09:58 -0500] "GET /sipse/faces/javax.faces.resource/jquery/jquery-plugins.js?ln=primefaces&v=4.0 HTTP/1.1" 304 -
201.244.247.62 - - [02/Nov/2021:01:09:58 -0500] "GET /sipse/faces/javax.faces.resource/primefaces.js?ln=primefaces&v=4.0 HTTP/1.1" 304 -
201.244.247.62 - - [02/Nov/2021:01:09:58 -0500] "GET /sipse/faces/javax.faces.resource/layout/layout.js?ln=primefaces&v=4.0 HTTP/1.1" 304 -
201.244.247.62 - - [02/Nov/2021:01:09:58 -0500] "POST /sipse/faces/presentacion/financiero/solicitudProceso/listarSolicitudProceso.xhtml HTTP/1.1" 200 53239
201.244.247.62 - - [02/Nov/2021:01:09:58 -0500] "POST /sipse/faces/presentacion/financiero/solicitudProceso/listarSolicitudProceso.xhtml HTTP/1.1" 200 53239
201.244.247.62 - - [02/Nov/2021:01:09:59 -0500] "POST /sipse/faces/presentacion/financiero/solicitudProceso/listarSolicitudProceso.xhtml HTTP/1.1" 200 53239
201.244.247.62 - - [02/Nov/2021:01:09:59 -0500] "POST /sipse/faces/presentacion/financiero/solicitudProceso/listarSolicitudProceso.xhtml HTTP/1.1" 200 53239
201.244.247.62 - - [02/Nov/2021:01:09:59 -0500] "POST /sipse/faces/presentacion/financiero/solicitudProceso/listarSolicitudProceso.xhtml HTTP/1.1" 200 53239
201.244.247.62 - - [02/Nov/2021:01:09:59 -0500] "POST /sipse/faces/presentacion/financiero/solicitudProceso/listarSolicitudProceso.xhtml HTTP/1.1" 200 53239
201.244.247.62 - - [02/Nov/2021:01:10:00 -0500] "POST /sipse/faces/presentacion/financiero/solicitudProceso/listarSolicitudProceso.xhtml HTTP/1.1" 200 53239
201.244.247.62 - - [02/Nov/2021:01:10:00 -0500] "POST /sipse/faces/presentacion/financiero/solicitudProceso/listarSolicitudProceso.xhtml HTTP/1.1" 200 53239
201.244.247.62 - - [02/Nov/2021:01:10:01 -0500] "POST /sipse/faces/presentacion/financiero/solicitudProceso/listarSolicitudProceso.xhtml HTTP/1.1" 200 53239
201.244.247.62 - - [02/Nov/2021:01:10:01 -0500] "POST /sipse/faces/presentacion/financiero/solicitudProceso/listarSolicitudProceso.xhtml HTTP/1.1" 200 53239
201.244.247.62 - - [02/Nov/2021:01:10:01 -0500] "POST /sipse/faces/presentacion/financiero/solicitudProceso/listarSolicitudProceso.xhtml HTTP/1.1" 200 53239
201.244.247.62 - - [02/Nov/2021:01:10:02 -0500] "POST /sipse/faces/presentacion/financiero/solicitudProceso/listarSolicitudProceso.xhtml HTTP/1.1" 200 53239
201.244.247.62 - - [02/Nov/2021:01:10:02 -0500] "POST /sipse/faces/presentacion/financiero/solicitudProceso/listarSolicitudProceso.xhtml HTTP/1.1" 200 53239
201.244.247.62 - - [02/Nov/2021:01:10:02 -0500] "POST /sipse/faces/presentacion/financiero/solicitudProceso/listarSolicitudProceso.xhtml HTTP/1.1" 200 53239
201.244.247.62 - - [02/Nov/2021:01:10:03 -0500] "POST /sipse/faces/presentacion/financiero/solicitudProceso/listarSolicitudProceso.xhtml HTTP/1.1" 200 53239
201.244.247.62 - - [02/Nov/2021:01:10:03 -0500] "POST /sipse/faces/presentacion/financiero/solicitudProceso/listarSolicitudProceso.xhtml HTTP/1.1" 200 53239
201.244.247.62 - - [02/Nov/2021:01:10:03 -0500] "POST /sipse/faces/presentacion/financiero/solicitudProceso/listarSolicitudProceso.xhtml HTTP/1.1" 200 53239
201.244.247.62 - - [02/Nov/2021:01:10:03 -0500] "POST /sipse/faces/presentacion/financiero/solicitudProceso/listarSolicitudProceso.xhtml HTTP/1.1" 200 53239
201.244.247.62 - - [02/Nov/2021:01:10:04 -0500] "POST /sipse/faces/presentacion/financiero/solicitudProceso/listarSolicitudProceso.xhtml HTTP/1.1" 200 53239
201.244.247.62 - - [02/Nov/2021:01:10:04 -0500] "POST /sipse/faces/presentacion/financiero/solicitudProceso/listarSolicitudProceso.xhtml HTTP/1.1" 200 53239
201.244.247.62 - - [02/Nov/2021:01:10:04 -0500] "POST /sipse/faces/presentacion/financiero/solicitudProceso/listarSolicitudProceso.xhtml HTTP/1.1" 200 53239
201.244.247.62 - - [02/Nov/2021:01:10:04 -0500] "POST /sipse/faces/presentacion/financiero/solicitudProceso/listarSolicitudProceso.xhtml HTTP/1.1" 200 53239
201.244.247.62 - - [02/Nov/2021:01:10:05 -0500] "POST /sipse/faces/presentacion/financiero/solicitudProceso/listarSolicitudProceso.xhtml HTTP/1.1" 200 53239
201.244.247.62 - - [02/Nov/2021:01:10:05 -0500] "POST /sipse/faces/presentacion/financiero/solicitudProceso/listarSolicitudProceso.xhtml HTTP/1.1" 200 53239
201.244.247.62 - - [02/Nov/2021:01:10:05 -0500] "POST /sipse/faces/presentacion/financiero/solicitudProceso/listarSolicitudProceso.xhtml HTTP/1.1" 200 53239
201.244.247.62 - - [02/Nov/2021:01:10:06 -0500] "POST /sipse/faces/presentacion/financiero/solicitudProceso/listarSolicitudProceso.xhtml HTTP/1.1" 200 53239
201.244.247.62 - - [02/Nov/2021:01:10:06 -0500] "POST /sipse/faces/presentacion/financiero/solicitudProceso/listarSolicitudProceso.xhtml HTTP/1.1" 200 53239
201.244.247.62 - - [02/Nov/2021:01:10:06 -0500] "POST /sipse/faces/presentacion/financiero/solicitudProceso/listarSolicitudProceso.xhtml HTTP/1.1" 200 53239
201.244.247.62 - - [02/Nov/2021:01:10:06 -0500] "POST /sipse/faces/presentacion/financiero/solicitudProceso/listarSolicitudProceso.xhtml HTTP/1.1" 200 53239
201.244.247.62 - - [02/Nov/2021:01:10:07 -0500] "POST /sipse/faces/presentacion/financiero/solicitudProceso/listarSolicitudProceso.xhtml HTTP/1.1" 200 53239
201.244.247.62 - - [02/Nov/2021:01:10:07 -0500] "POST /sipse/faces/presentacion/financiero/solicitudProceso/listarSolicitudProceso.xhtml HTTP/1.1" 200 53239
201.244.247.62 - - [02/Nov/2021:01:10:08 -0500] "POST /sipse/faces/presentacion/financiero/solicitudProceso/listarSolicitudProceso.xhtml HTTP/1.1" 200 53239
201.244.247.62 - - [02/Nov/2021:01:10:08 -0500] "POST /sipse/faces/presentacion/financiero/solicitudProceso/listarSolicitudProceso.xhtml HTTP/1.1" 200 53239
201.244.247.62 - - [02/Nov/2021:01:10:08 -0500] "POST /sipse/faces/presentacion/financiero/solicitudProceso/listarSolicitudProceso.xhtml HTTP/1.1" 200 53239
201.244.247.62 - - [02/Nov/2021:01:10:09 -0500] "POST /sipse/faces/presentacion/financiero/solicitudProceso/listarSolicitudProceso.xhtml HTTP/1.1" 200 1448
201.244.247.62 - - [02/Nov/2021:01:10:09 -0500] "POST /sipse/faces/presentacion/financiero/solicitudProceso/listarSolicitudProceso.xhtml HTTP/1.1" 200 1448
201.244.247.62 - - [02/Nov/2021:01:10:09 -0500] "POST /sipse/faces/presentacion/financiero/solicitudProceso/listarSolicitudProceso.xhtml HTTP/1.1" 200 1452
201.244.247.62 - - [02/Nov/2021:01:10:09 -0500] "POST /sipse/faces/presentacion/financiero/solicitudProceso/listarSolicitudProceso.xhtml HTTP/1.1" 200 1448
201.244.247.62 - - [02/Nov/2021:01:10:10 -0500] "POST /sipse/faces/presentacion/financiero/solicitudProceso/listarSolicitudProceso.xhtml HTTP/1.1" 200 1448
201.244.247.62 - - [02/Nov/2021:01:10:10 -0500] "POST /sipse/faces/presentacion/financiero/solicitudProceso/listarSolicitudProceso.xhtml HTTP/1.1" 200 1448
201.244.247.62 - - [02/Nov/2021:01:10:10 -0500] "POST /sipse/faces/presentacion/financiero/solicitudProceso/listarSolicitudProceso.xhtml HTTP/1.1" 200 1448
201.244.247.62 - - [02/Nov/2021:01:10:10 -0500] "POST /sipse/faces/presentacion/financiero/solicitudProceso/listarSolicitudProceso.xhtml HTTP/1.1" 200 1448
201.244.247.62 - - [02/Nov/2021:01:10:10 -0500] "POST /sipse/faces/presentacion/financiero/solicitudProceso/listarSolicitudProceso.xhtml HTTP/1.1" 200 1448
201.244.247.62 - - [02/Nov/2021:01:10:10 -0500] "POST /sipse/faces/presentacion/financiero/solicitudProceso/listarSolicitudProceso.xhtml HTTP/1.1" 200 1448
201.244.247.62 - - [02/Nov/2021:01:10:11 -0500] "POST /sipse/faces/presentacion/financiero/solicitudProceso/listarSolicitudProceso.xhtml HTTP/1.1" 200 1448
201.244.247.62 - - [02/Nov/2021:01:10:11 -0500] "POST /sipse/faces/presentacion/financiero/solicitudProceso/listarSolicitudProceso.xhtml HTTP/1.1" 200 1448
201.244.247.62 - - [02/Nov/2021:01:10:11 -0500] "POST /sipse/faces/presentacion/financiero/solicitudProceso/listarSolicitudProceso.xhtml HTTP/1.1" 200 1448
201.244.247.62 - - [02/Nov/2021:01:10:11 -0500] "POST /sipse/faces/presentacion/financiero/solicitudProceso/listarSolicitudProceso.xhtml HTTP/1.1" 200 1448
201.244.247.62 - - [02/Nov/2021:01:10:11 -0500] "POST /sipse/faces/presentacion/financiero/solicitudProceso/listarSolicitudProceso.xhtml HTTP/1.1" 200 1448
201.244.247.62 - - [02/Nov/2021:01:10:11 -0500] "POST /sipse/faces/presentacion/financiero/solicitudProceso/listarSolicitudProceso.xhtml HTTP/1.1" 200 1448
201.244.247.62 - - [02/Nov/2021:01:10:12 -0500] "POST /sipse/faces/presentacion/financiero/solicitudProceso/listarSolicitudProceso.xhtml HTTP/1.1" 200 1448
201.244.247.62 - - [02/Nov/2021:01:10:12 -0500] "POST /sipse/faces/presentacion/financiero/solicitudProceso/listarSolicitudProceso.xhtml HTTP/1.1" 200 1448
201.244.247.62 - - [02/Nov/2021:01:10:12 -0500] "POST /sipse/faces/presentacion/financiero/solicitudProceso/listarSolicitudProceso.xhtml HTTP/1.1" 200 1448
201.245.192.253 - - [02/Nov/2021:01:10:12 -0500] "GET /catalogoisis/ HTTP/1.1" 200 8575
201.244.247.62 - - [02/Nov/2021:01:10:12 -0500] "POST /sipse/faces/presentacion/financiero/solicitudProceso/listarSolicitudProceso.xhtml HTTP/1.1" 200 1448
201.244.247.62 - - [02/Nov/2021:01:10:12 -0500] "POST /sipse/faces/presentacion/financiero/solicitudProceso/listarSolicitudProceso.xhtml HTTP/1.1" 200 1448
201.244.247.62 - - [02/Nov/2021:01:10:12 -0500] "POST /sipse/faces/presentacion/financiero/solicitudProceso/listarSolicitudProceso.xhtml HTTP/1.1" 200 1448
201.244.247.62 - - [02/Nov/2021:01:10:13 -0500] "POST /sipse/faces/presentacion/financiero/solicitudProceso/listarSolicitudProceso.xhtml HTTP/1.1" 200 1448
201.244.247.62 - - [02/Nov/2021:01:10:13 -0500] "POST /sipse/faces/presentacion/financiero/solicitudProceso/listarSolicitudProceso.xhtml HTTP/1.1" 200 1448
201.244.247.62 - - [02/Nov/2021:01:10:13 -0500] "POST /sipse/faces/presentacion/financiero/solicitudProceso/listarSolicitudProceso.xhtml HTTP/1.1" 200 1448
201.244.247.62 - - [02/Nov/2021:01:10:13 -0500] "POST /sipse/faces/presentacion/financiero/solicitudProceso/listarSolicitudProceso.xhtml HTTP/1.1" 200 1448
201.244.247.62 - - [02/Nov/2021:01:10:13 -0500] "POST /sipse/faces/presentacion/financiero/solicitudProceso/listarSolicitudProceso.xhtml HTTP/1.1" 200 1452
201.244.247.62 - - [02/Nov/2021:01:10:14 -0500] "POST /sipse/faces/presentacion/financiero/solicitudProceso/listarSolicitudProceso.xhtml HTTP/1.1" 200 1452
201.244.247.62 - - [02/Nov/2021:01:10:14 -0500] "POST /sipse/faces/presentacion/financiero/solicitudProceso/listarSolicitudProceso.xhtml HTTP/1.1" 200 1448
201.244.247.62 - - [02/Nov/2021:01:10:14 -0500] "POST /sipse/faces/presentacion/financiero/solicitudProceso/listarSolicitudProceso.xhtml HTTP/1.1" 200 1448
201.244.247.62 - - [02/Nov/2021:01:10:14 -0500] "POST /sipse/faces/presentacion/financiero/solicitudProceso/listarSolicitudProceso.xhtml HTTP/1.1" 200 1448
201.244.247.62 - - [02/Nov/2021:01:10:14 -0500] "POST /sipse/faces/presentacion/financiero/solicitudProceso/listarSolicitudProceso.xhtml HTTP/1.1" 200 1448
201.244.247.62 - - [02/Nov/2021:01:10:14 -0500] "POST /sipse/faces/presentacion/financiero/solicitudProceso/listarSolicitudProceso.xhtml HTTP/1.1" 200 1448
201.244.247.62 - - [02/Nov/2021:01:10:15 -0500] "POST /sipse/faces/presentacion/financiero/solicitudProceso/listarSolicitudProceso.xhtml HTTP/1.1" 200 1448
201.244.247.62 - - [02/Nov/2021:01:10:15 -0500] "POST /sipse/faces/presentacion/financiero/solicitudProceso/listarSolicitudProceso.xhtml HTTP/1.1" 200 1448
201.244.247.62 - - [02/Nov/2021:01:10:18 -0500] "POST /sipse/faces/presentacion/financiero/solicitudProceso/listarSolicitudProceso.xhtml HTTP/1.1" 200 31383
201.244.247.62 - - [02/Nov/2021:01:10:18 -0500] "POST /sipse/faces/presentacion/financiero/solicitudProceso/listarSolicitudProceso.xhtml HTTP/1.1" 200 31387
201.244.247.62 - - [02/Nov/2021:01:10:19 -0500] "POST /sipse/faces/presentacion/financiero/solicitudProceso/listarSolicitudProceso.xhtml HTTP/1.1" 200 31231
201.244.247.62 - - [02/Nov/2021:01:10:20 -0500] "POST /sipse/faces/presentacion/financiero/solicitudProceso/listarSolicitudProceso.xhtml HTTP/1.1" 200 19751
201.244.247.62 - - [02/Nov/2021:01:10:21 -0500] "POST /sipse/faces/presentacion/financiero/solicitudProceso/listarSolicitudProceso.xhtml HTTP/1.1" 200 5529
201.244.247.62 - - [02/Nov/2021:01:10:23 -0500] "POST /sipse/faces/presentacion/financiero/solicitudProceso/listarSolicitudProceso.xhtml HTTP/1.1" 200 117205
201.244.247.62 - - [02/Nov/2021:01:10:24 -0500] "GET /sipse/faces/javax.faces.resource/primefaces.css?ln=primefaces&v=4.0 HTTP/1.1" 304 -
201.244.247.62 - - [02/Nov/2021:01:10:24 -0500] "GET /sipse/faces/javax.faces.resource/theme.css?ln=primefaces-sipse HTTP/1.1" 304 -
201.244.247.62 - - [02/Nov/2021:01:10:24 -0500] "GET /sipse/faces/javax.faces.resource/layout/layout.css?ln=primefaces&v=4.0 HTTP/1.1" 304 -
201.244.247.62 - - [02/Nov/2021:01:10:24 -0500] "GET /sipse/faces/javax.faces.resource/jquery/jquery.js?ln=primefaces&v=4.0 HTTP/1.1" 304 -
201.244.247.62 - - [02/Nov/2021:01:10:24 -0500] "GET /sipse/faces/javax.faces.resource/jquery/jquery-plugins.js?ln=primefaces&v=4.0 HTTP/1.1" 304 -
201.244.247.62 - - [02/Nov/2021:01:10:24 -0500] "GET /sipse/faces/javax.faces.resource/primefaces.js?ln=primefaces&v=4.0 HTTP/1.1" 304 -
201.244.247.62 - - [02/Nov/2021:01:10:24 -0500] "GET /sipse/faces/javax.faces.resource/layout/layout.js?ln=primefaces&v=4.0 HTTP/1.1" 304 -
201.244.247.62 - - [02/Nov/2021:01:10:24 -0500] "GET /reportes_sipse/sdg/ServletReporte?reporte=solicitud_cdp&Solicitud=15545&pfdrid_c=false HTTP/1.1" 200 114339
188.40.73.202 - - [02/Nov/2021:01:10:26 -0500] "GET /BLA/resoluciones/RESOLUCIONES%202004/0448.pdf HTTP/1.1" 200 69690
201.244.247.62 - - [02/Nov/2021:01:10:29 -0500] "POST /sipse/faces/presentacion/financiero/solicitudProceso/consultarSolicitudProceso.xhtml HTTP/1.1" 200 167576
216.245.221.92 - - [02/Nov/2021:01:10:43 -0500] "HEAD / HTTP/1.1" 200 -
188.40.73.202 - - [02/Nov/2021:01:11:07 -0500] "GET /BLA/resoluciones/RESOLUCIONES%202004/RESOLUCION%20316%20DE%202004.PDF HTTP/1.1" 200 744937
201.245.192.253 - - [02/Nov/2021:01:11:14 -0500] "GET /catalogoisis/ HTTP/1.1" 200 8575
201.244.247.62 - - [02/Nov/2021:01:11:31 -0500] "POST /sipse/faces/presentacion/financiero/solicitudProceso/consultarSolicitudProceso.xhtml HTTP/1.1" 200 2446684
188.40.73.202 - - [02/Nov/2021:01:11:48 -0500] "GET /BLA/resoluciones/index.php?dir=RESOLUCIONES+2004/RES+2004+1151-1200/ HTTP/1.1" 200 12176
201.244.247.62 - - [02/Nov/2021:01:11:50 -0500] "POST /sipse/faces/presentacion/financiero/solicitudProceso/consultarSolicitudProceso.xhtml HTTP/1.1" 200 28435
201.244.247.62 - - [02/Nov/2021:01:11:52 -0500] "POST /sipse/faces/presentacion/financiero/solicitudProceso/consultarSolicitudProceso.xhtml HTTP/1.1" 200 151030
201.244.247.62 - - [02/Nov/2021:01:12:04 -0500] "POST /sipse/faces/presentacion/financiero/solicitudProceso/consultarSolicitudProceso.xhtml HTTP/1.1" 200 28435
207.46.13.95 - - [02/Nov/2021:01:12:10 -0500] "GET /bla/resoluciones/resoluciones%202002/resolucion%201039%20de%202002.pdf HTTP/1.1" 200 355193
201.245.192.253 - - [02/Nov/2021:01:12:17 -0500] "GET /catalogoisis/ HTTP/1.1" 200 8575
188.40.73.202 - - [02/Nov/2021:01:12:29 -0500] "GET /BLA/resoluciones/RESOLUCIONES%202004/RESOLUCION%20958%20DE%202004.PDF HTTP/1.1" 200 391436
188.40.73.202 - - [02/Nov/2021:01:13:09 -0500] "GET /BLA/resoluciones/RESOLUCIONES%202004/1360.pdf HTTP/1.1" 200 44687
201.245.192.253 - - [02/Nov/2021:01:13:18 -0500] "GET /catalogoisis/ HTTP/1.1" 200 8575
188.40.73.202 - - [02/Nov/2021:01:13:48 -0500] "GET /BLA/resoluciones/index.php?dir=RESOLUCIONES+2004/RES+2004+2101-2150/ HTTP/1.1" 200 12359
201.244.247.62 - - [02/Nov/2021:01:14:01 -0500] "POST /sipse/faces/presentacion/financiero/solicitudProceso/consultarSolicitudProceso.xhtml HTTP/1.1" 200 167576
201.245.192.253 - - [02/Nov/2021:01:14:18 -0500] "GET /catalogoisis/ HTTP/1.1" 200 8575
188.40.73.202 - - [02/Nov/2021:01:14:27 -0500] "GET /BLA/resoluciones/index.php?dir=RESOLUCIONES+2004/RES+2004+51-100/ HTTP/1.1" 200 11980
188.40.73.202 - - [02/Nov/2021:01:15:01 -0500] "GET /BLA/resoluciones/index.php?dir=RESOLUCIONES+2004/RES+2004+1801-1850/ HTTP/1.1" 200 12358
201.245.192.253 - - [02/Nov/2021:01:15:19 -0500] "GET /catalogoisis/ HTTP/1.1" 200 8575
201.245.192.253 - - [02/Nov/2021:01:14:45 -0500] "POST /kwsrmcab/Wsrmcab HTTP/1.1" 200 119127
188.40.73.202 - - [02/Nov/2021:01:15:38 -0500] "GET /BLA/resoluciones/RESOLUCIONES%202004/RESOLUCION%201561%20DE%202004.PDF HTTP/1.1" 200 716287
216.245.221.92 - - [02/Nov/2021:01:15:43 -0500] "HEAD / HTTP/1.1" 200 -
188.40.73.202 - - [02/Nov/2021:01:16:17 -0500] "GET /BLA/resoluciones/RESOLUCIONES%202004/0346.pdf HTTP/1.1" 200 41549
201.245.192.253 - - [02/Nov/2021:01:16:20 -0500] "GET /catalogoisis/ HTTP/1.1" 200 8575
40.77.167.30 - - [02/Nov/2021:01:16:41 -0500] "GET /galeria/bibloteca/contentflow.js HTTP/1.1" 200 42804
188.40.73.202 - - [02/Nov/2021:01:16:57 -0500] "GET /BLA/resoluciones/RESOLUCIONES%202004/0449.pdf HTTP/1.1" 200 52234
201.245.192.253 - - [02/Nov/2021:01:17:21 -0500] "GET /catalogoisis/ HTTP/1.1" 200 8575
188.40.73.202 - - [02/Nov/2021:01:17:34 -0500] "GET /BLA/resoluciones/index.php?dir=&sort=name&order=asc HTTP/1.1" 200 12684
188.40.73.202 - - [02/Nov/2021:01:18:08 -0500] "GET /BLA/resoluciones/RESOLUCIONES%202004/RESOLUCION%20113%20DE%202004.PDF HTTP/1.1" 200 772109
207.46.13.160 - - [02/Nov/2021:01:18:12 -0500] "GET /bla/resoluciones/resoluciones%202002/resolucion%201524%20de%202002.pdf HTTP/1.1" 200 93607
201.245.192.253 - - [02/Nov/2021:01:18:22 -0500] "GET /catalogoisis/ HTTP/1.1" 200 8575
188.40.73.202 - - [02/Nov/2021:01:18:48 -0500] "GET /BLA/resoluciones/RESOLUCIONES%202004/0676.pdf HTTP/1.1" 200 355479
201.245.192.253 - - [02/Nov/2021:01:19:22 -0500] "GET /catalogoisis/ HTTP/1.1" 200 8575
188.40.73.202 - - [02/Nov/2021:01:19:25 -0500] "GET /BLA/resoluciones/index.php?dir=RESOLUCIONES+2004/RES+2004+501-550/ HTTP/1.1" 200 12048
188.40.73.202 - - [02/Nov/2021:01:20:02 -0500] "GET /BLA/resoluciones/index.php?dir=RESOLUCIONES+2004/RES+2004+01-+50/ HTTP/1.1" 200 11966
201.245.192.253 - - [02/Nov/2021:01:20:23 -0500] "GET /catalogoisis/ HTTP/1.1" 200 8575
188.40.73.202 - - [02/Nov/2021:01:20:37 -0500] "GET /BLA/resoluciones/index.php?dir=RESOLUCIONES+2004/RES+2004+701-750/ HTTP/1.1" 200 12059
216.245.221.92 - - [02/Nov/2021:01:20:43 -0500] "HEAD / HTTP/1.1" 200 -
201.245.192.253 - - [02/Nov/2021:01:20:28 -0500] "POST /kwsrmcab/Wsrmcab HTTP/1.1" 200 46946
188.40.73.202 - - [02/Nov/2021:01:21:15 -0500] "GET /BLA/resoluciones/index.php?dir=RESOLUCIONES+2004/RES+2004+1551-1600/ HTTP/1.1" 200 12345
201.245.192.253 - - [02/Nov/2021:01:21:24 -0500] "GET /catalogoisis/ HTTP/1.1" 200 8575
188.40.73.202 - - [02/Nov/2021:01:21:50 -0500] "GET /BLA/resoluciones/RESOLUCIONES%202004/RESOLUCION%20004%20DE%202004.PDF HTTP/1.1" 200 974697
201.245.192.253 - - [02/Nov/2021:01:21:15 -0500] "POST /kwsrmcab/Wsrmcab HTTP/1.1" 200 46955
201.245.192.253 - - [02/Nov/2021:01:22:26 -0500] "GET /catalogoisis/ HTTP/1.1" 200 8575
188.40.73.202 - - [02/Nov/2021:01:22:30 -0500] "GET /BLA/resoluciones/RESOLUCIONES%202004/RESOLUCION%20683%20DE%202004.PDF HTTP/1.1" 200 358726
188.40.73.202 - - [02/Nov/2021:01:23:08 -0500] "GET /BLA/resoluciones/RESOLUCIONES%202004/0386.pdf HTTP/1.1" 200 203263
201.245.192.253 - - [02/Nov/2021:01:23:27 -0500] "GET /catalogoisis/ HTTP/1.1" 200 8575
188.40.73.202 - - [02/Nov/2021:01:23:46 -0500] "GET /BLA/resoluciones/index.php?dir=RESOLUCIONES+2004/RES+2004+351-400/ HTTP/1.1" 200 12050
188.40.73.202 - - [02/Nov/2021:01:24:19 -0500] "GET /BLA/resoluciones/RESOLUCIONES%202004/RESOLUCION%201075%20DE%202004.PDF HTTP/1.1" 200 370085
201.245.192.253 - - [02/Nov/2021:01:24:28 -0500] "GET /catalogoisis/ HTTP/1.1" 200 8575
188.40.73.202 - - [02/Nov/2021:01:24:56 -0500] "GET /BLA/resoluciones/RESOLUCIONES%202004/2130.pdf HTTP/1.1" 200 117301
34.147.2.124 - - [02/Nov/2021:01:24:56 -0500] "GET / HTTP/1.1" 200 319
201.245.192.253 - - [02/Nov/2021:01:25:28 -0500] "GET /catalogoisis/ HTTP/1.1" 200 8575
188.40.73.202 - - [02/Nov/2021:01:25:33 -0500] "GET /BLA/resoluciones/index.php?dir=RESOLUCIONES+2004/RES+2004+1201-1250/ HTTP/1.1" 200 12361
201.245.192.253 - - [02/Nov/2021:01:24:47 -0500] "POST /kwsrmcab/Wsrmcab HTTP/1.1" 200 119127
216.245.221.92 - - [02/Nov/2021:01:25:43 -0500] "HEAD / HTTP/1.1" 200 -
188.40.73.202 - - [02/Nov/2021:01:26:07 -0500] "GET /BLA/resoluciones/index.php?dir=RESOLUCIONES+2004/RES+2004+2051-2100/ HTTP/1.1" 200 12370
201.245.192.253 - - [02/Nov/2021:01:26:29 -0500] "GET /catalogoisis/ HTTP/1.1" 200 8575
188.40.73.202 - - [02/Nov/2021:01:26:40 -0500] "GET /BLA/resoluciones/index.php?dir=RESOLUCIONES+2004/RES+2004+2301-2350/ HTTP/1.1" 200 12356
188.40.73.202 - - [02/Nov/2021:01:27:15 -0500] "GET /BLA/resoluciones/index.php?dir=RESOLUCIONES+2004/RES+2004+1901-1950/ HTTP/1.1" 200 12350
201.245.192.253 - - [02/Nov/2021:01:27:29 -0500] "GET /catalogoisis/ HTTP/1.1" 200 8575
201.244.247.62 - - [02/Nov/2021:01:27:39 -0500] "POST /sipse/faces/presentacion/financiero/solicitudProceso/consultarSolicitudProceso.xhtml HTTP/1.1" 200 32890
201.244.247.62 - - [02/Nov/2021:01:27:42 -0500] "GET /sipse/faces/javax.faces.resource/theme.css?ln=primefaces-sipse HTTP/1.1" 304 -
201.244.247.62 - - [02/Nov/2021:01:27:42 -0500] "GET /sipse/faces/javax.faces.resource/primefaces.css?ln=primefaces&v=4.0 HTTP/1.1" 304 -
201.244.247.62 - - [02/Nov/2021:01:27:42 -0500] "GET /sipse/faces/javax.faces.resource/jquery/jquery.js?ln=primefaces&v=4.0 HTTP/1.1" 304 -
201.244.247.62 - - [02/Nov/2021:01:27:42 -0500] "GET /sipse/faces/javax.faces.resource/layout/layout.css?ln=primefaces&v=4.0 HTTP/1.1" 304 -
201.244.247.62 - - [02/Nov/2021:01:27:42 -0500] "GET /sipse/faces/javax.faces.resource/jquery/jquery-plugins.js?ln=primefaces&v=4.0 HTTP/1.1" 304 -
201.244.247.62 - - [02/Nov/2021:01:27:42 -0500] "GET /sipse/css/imagen/contrasena.png HTTP/1.1" 404 383
201.244.247.62 - - [02/Nov/2021:01:27:42 -0500] "GET /sipse/faces/javax.faces.resource/primefaces.js?ln=primefaces&v=4.0 HTTP/1.1" 304 -
201.244.247.62 - - [02/Nov/2021:01:27:42 -0500] "GET /sipse/faces/javax.faces.resource/layout/layout.js?ln=primefaces&v=4.0 HTTP/1.1" 304 -
201.244.247.62 - - [02/Nov/2021:01:27:42 -0500] "POST /sipse/faces/presentacion/financiero/solicitudProceso/listarSolicitudProceso.xhtml HTTP/1.1" 200 1348
188.40.73.202 - - [02/Nov/2021:01:27:50 -0500] "GET /BLA/resoluciones/index.php?dir=RESOLUCIONES+2004/RES+2004+1351-1400/ HTTP/1.1" 200 12359
157.55.39.3 - - [02/Nov/2021:01:28:05 -0500] "GET /portaldeninos/wp-content/plugins/smart-slider-3/library/media/dist/smartslider-frontend.min.js?1563274780 HTTP/1.1" 200 128256
188.40.73.202 - - [02/Nov/2021:01:28:24 -0500] "GET /BLA/resoluciones/index.php?dir=RESOLUCIONES+2004/RES+2004+1651-1700/ HTTP/1.1" 200 12370
201.244.247.62 - - [02/Nov/2021:01:28:29 -0500] "POST /sipse/faces/presentacion/financiero/solicitudProceso/listarSolicitudProceso.xhtml HTTP/1.1" 200 31184
201.244.247.62 - - [02/Nov/2021:01:28:30 -0500] "POST /sipse/faces/presentacion/financiero/solicitudProceso/listarSolicitudProceso.xhtml HTTP/1.1" 200 31379
201.245.192.253 - - [02/Nov/2021:01:28:30 -0500] "GET /catalogoisis/ HTTP/1.1" 200 8575
201.244.247.62 - - [02/Nov/2021:01:28:31 -0500] "POST /sipse/faces/presentacion/financiero/solicitudProceso/listarSolicitudProceso.xhtml HTTP/1.1" 200 14138
201.244.247.62 - - [02/Nov/2021:01:28:32 -0500] "POST /sipse/faces/presentacion/financiero/solicitudProceso/listarSolicitudProceso.xhtml HTTP/1.1" 200 5645
201.244.247.62 - - [02/Nov/2021:01:28:44 -0500] "POST /sipse/faces/presentacion/financiero/solicitudProceso/listarSolicitudProceso.xhtml HTTP/1.1" 200 122455
201.244.247.62 - - [02/Nov/2021:01:28:45 -0500] "GET /sipse/faces/javax.faces.resource/theme.css?ln=primefaces-sipse HTTP/1.1" 304 -
201.244.247.62 - - [02/Nov/2021:01:28:45 -0500] "GET /sipse/faces/javax.faces.resource/primefaces.css?ln=primefaces&v=4.0 HTTP/1.1" 304 -
201.244.247.62 - - [02/Nov/2021:01:28:45 -0500] "GET /sipse/faces/javax.faces.resource/layout/layout.css?ln=primefaces&v=4.0 HTTP/1.1" 304 -
201.244.247.62 - - [02/Nov/2021:01:28:45 -0500] "GET /sipse/faces/javax.faces.resource/jquery/jquery.js?ln=primefaces&v=4.0 HTTP/1.1" 304 -
201.244.247.62 - - [02/Nov/2021:01:28:45 -0500] "GET /sipse/faces/javax.faces.resource/jquery/jquery-plugins.js?ln=primefaces&v=4.0 HTTP/1.1" 304 -
201.244.247.62 - - [02/Nov/2021:01:28:45 -0500] "GET /sipse/faces/javax.faces.resource/primefaces.js?ln=primefaces&v=4.0 HTTP/1.1" 304 -
201.244.247.62 - - [02/Nov/2021:01:28:45 -0500] "GET /sipse/faces/javax.faces.resource/layout/layout.js?ln=primefaces&v=4.0 HTTP/1.1" 304 -
201.244.247.62 - - [02/Nov/2021:01:28:45 -0500] "GET /sipse/css/imagen/contrasena.png HTTP/1.1" 404 383
201.244.247.62 - - [02/Nov/2021:01:28:45 -0500] "GET /reportes_sipse/sdg/ServletReporte?reporte=solicitud_cdp&Solicitud=15545&pfdrid_c=false HTTP/1.1" 200 114339
188.40.73.202 - - [02/Nov/2021:01:28:56 -0500] "GET /BLA/resoluciones/index.php?dir=RESOLUCIONES+2004/RES+2004+901-950/ HTTP/1.1" 200 12049
201.244.247.62 - - [02/Nov/2021:01:28:57 -0500] "POST /sipse/faces/presentacion/financiero/solicitudProceso/consultarSolicitudProceso.xhtml HTTP/1.1" 200 181315
201.245.192.253 - - [02/Nov/2021:01:29:31 -0500] "GET /catalogoisis/ HTTP/1.1" 200 8575
188.40.73.202 - - [02/Nov/2021:01:29:32 -0500] "GET /BLA/resoluciones/index.php?dir=RESOLUCIONES+2004/RES+2004+801-850/ HTTP/1.1" 200 12048
201.244.247.62 - - [02/Nov/2021:01:29:50 -0500] "POST /sipse/faces/presentacion/financiero/solicitudProceso/consultarSolicitudProceso.xhtml HTTP/1.1" 200 319723
188.40.73.202 - - [02/Nov/2021:01:30:04 -0500] "GET /BLA/resoluciones/RESOLUCIONES%202004/0995.pdf HTTP/1.1" 200 88144
201.244.247.62 - - [02/Nov/2021:01:30:09 -0500] "POST /sipse/faces/presentacion/financiero/solicitudProceso/consultarSolicitudProceso.xhtml HTTP/1.1" 200 151292
201.244.247.62 - - [02/Nov/2021:01:30:19 -0500] "POST /sipse/faces/presentacion/financiero/solicitudProceso/consultarSolicitudProceso.xhtml HTTP/1.1" 200 28422
201.245.192.253 - - [02/Nov/2021:01:30:32 -0500] "GET /catalogoisis/ HTTP/1.1" 200 8575
188.40.73.202 - - [02/Nov/2021:01:30:39 -0500] "GET /BLA/resoluciones/RESOLUCIONES%202004/0297.pdf HTTP/1.1" 200 95180
216.245.221.92 - - [02/Nov/2021:01:30:43 -0500] "HEAD / HTTP/1.1" 200 -
201.245.192.253 - - [02/Nov/2021:01:30:28 -0500] "POST /kwsrmcab/Wsrmcab HTTP/1.1" 200 46946
188.40.73.202 - - [02/Nov/2021:01:31:15 -0500] "GET /BLA/resoluciones/RESOLUCIONES%202004/RESOLUCION%201378%20DE%202004.PDF HTTP/1.1" 200 741322
201.245.192.253 - - [02/Nov/2021:01:31:33 -0500] "GET /catalogoisis/ HTTP/1.1" 200 8575
188.40.73.202 - - [02/Nov/2021:01:31:51 -0500] "GET /BLA/resoluciones/RESOLUCIONES%202004/0835.pdf HTTP/1.1" 200 123248
201.245.192.253 - - [02/Nov/2021:01:31:15 -0500] "POST /kwsrmcab/Wsrmcab HTTP/1.1" 200 46955
188.40.73.202 - - [02/Nov/2021:01:32:24 -0500] "GET /BLA/resoluciones/RESOLUCIONES%202004/RESOLUCION%201580%20DE%202004.PDF HTTP/1.1" 200 542316
201.245.192.253 - - [02/Nov/2021:01:32:33 -0500] "GET /catalogoisis/ HTTP/1.1" 200 8575
188.40.73.202 - - [02/Nov/2021:01:32:57 -0500] "GET /BLA/resoluciones/RESOLUCIONES%202004/0486.pdf HTTP/1.1" 200 358997
188.40.73.202 - - [02/Nov/2021:01:33:30 -0500] "GET /BLA/resoluciones/RESOLUCIONES%202004/0685.pdf HTTP/1.1" 200 91658
201.245.192.253 - - [02/Nov/2021:01:33:34 -0500] "GET /catalogoisis/ HTTP/1.1" 200 8575
188.40.73.202 - - [02/Nov/2021:01:34:03 -0500] "GET /BLA/resoluciones/RESOLUCIONES%202004/0683.pdf HTTP/1.1" 200 74389
201.245.192.253 - - [02/Nov/2021:01:34:35 -0500] "GET /catalogoisis/ HTTP/1.1" 200 8575
188.40.73.202 - - [02/Nov/2021:01:34:35 -0500] "GET /BLA/resoluciones/index.php?dir=RESOLUCIONES+2004/RES+2004+1101-1150/ HTTP/1.1" 200 12172
188.40.73.202 - - [02/Nov/2021:01:35:07 -0500] "GET /BLA/resoluciones/index.php?dir=RESOLUCIONES+2004/RES+2004+401-450/ HTTP/1.1" 200 12039
201.245.192.253 - - [02/Nov/2021:01:34:45 -0500] "POST /kwsrmcab/Wsrmcab HTTP/1.1" 200 119127
201.245.192.253 - - [02/Nov/2021:01:35:36 -0500] "GET /catalogoisis/ HTTP/1.1" 200 8575
188.40.73.202 - - [02/Nov/2021:01:35:37 -0500] "GET /BLA/resoluciones/RESOLUCIONES%202004/RESOLUCION%2088%20DE%202004.PDF HTTP/1.1" 200 340470
216.245.221.92 - - [02/Nov/2021:01:35:43 -0500] "HEAD / HTTP/1.1" 200 -
188.40.73.202 - - [02/Nov/2021:01:36:07 -0500] "GET /BLA/resoluciones/RESOLUCIONES%202004/RESOLUCION%20272%20DE%202004.PDF HTTP/1.1" 200 2204823
188.40.73.202 - - [02/Nov/2021:01:36:33 -0500] "GET /BLA/resoluciones/index.php?dir=RESOLUCIONES+2004/RES+2004+851-900/ HTTP/1.1" 200 12040
201.245.192.253 - - [02/Nov/2021:01:36:37 -0500] "GET /catalogoisis/ HTTP/1.1" 200 8575
188.40.73.202 - - [02/Nov/2021:01:36:59 -0500] "GET /BLA/resoluciones/index.php?dir=RESOLUCIONES+2004/RES+2004+251-300/ HTTP/1.1" 200 12044
188.40.73.202 - - [02/Nov/2021:01:37:26 -0500] "GET /BLA/resoluciones/RESOLUCIONES%202004/0156.pdf HTTP/1.1" 200 356196
201.245.192.253 - - [02/Nov/2021:01:37:37 -0500] "GET /catalogoisis/ HTTP/1.1" 200 8575
188.40.73.202 - - [02/Nov/2021:01:37:47 -0500] "GET /BLA/resoluciones/RESOLUCIONES%202004/RESOLUCION%20835%20DE%202004.PDF HTTP/1.1" 200 526767
188.40.73.202 - - [02/Nov/2021:01:38:07 -0500] "GET /BLA/resoluciones/index.php?dir=RESOLUCIONES+2004/RES+2004+1301-1350/ HTTP/1.1" 200 12341
188.40.73.202 - - [02/Nov/2021:01:38:23 -0500] "GET /BLA/resoluciones/RESOLUCIONES%202004/0212.pdf HTTP/1.1" 200 367489
201.245.192.253 - - [02/Nov/2021:01:38:38 -0500] "GET /catalogoisis/ HTTP/1.1" 200 8575
