201.245.192.253 - - [11/Nov/2021:10:41:56 -0500] "GET /sipse/faces/javax.faces.resource/jquery/jquery.js?ln=primefaces&v=4.0 HTTP/1.1" 304 -
201.245.192.253 - - [11/Nov/2021:10:41:56 -0500] "GET /sipse/faces/javax.faces.resource/jquery/jquery-plugins.js?ln=primefaces&v=4.0 HTTP/1.1" 304 -
201.245.192.253 - - [11/Nov/2021:10:41:56 -0500] "GET /sipse/faces/javax.faces.resource/primefaces.js?ln=primefaces&v=4.0 HTTP/1.1" 304 -
201.245.192.253 - - [11/Nov/2021:10:41:56 -0500] "GET /sipse/faces/javax.faces.resource/layout/layout.js?ln=primefaces&v=4.0 HTTP/1.1" 304 -
186.30.30.67 - - [11/Nov/2021:10:41:55 -0500] "POST /sipse/faces/presentacion/financiero/solicitudProceso/consultarSolicitudProceso.xhtml HTTP/1.1" 200 196342
201.245.192.253 - - [11/Nov/2021:10:41:56 -0500] "POST /sipse/faces/presentacion/financiero/solicitudProceso/consultar.xhtml HTTP/1.1" 200 31999
201.245.192.253 - - [11/Nov/2021:10:42:02 -0500] "POST /sipse/faces/presentacion/financiero/solicitudProceso/consultarSolicitudProceso.xhtml HTTP/1.1" 200 1913506
201.245.192.253 - - [11/Nov/2021:10:42:03 -0500] "POST /sipse/faces/presentacion/financiero/solicitudProceso/consultarSolicitudProceso.xhtml HTTP/1.1" 200 1981774
201.245.192.253 - - [11/Nov/2021:10:42:04 -0500] "POST /sipse/faces/presentacion/financiero/solicitudProceso/consultarSolicitudProceso.xhtml HTTP/1.1" 200 1980817
201.245.192.253 - - [11/Nov/2021:10:42:09 -0500] "POST /sipse/faces/presentacion/financiero/solicitudProceso/consultar.xhtml HTTP/1.1" 200 12956
181.139.100.9 - - [11/Nov/2021:10:42:11 -0500] "POST /sipse/faces/presentacion/financiero/solicitudProceso/listarSolicitudProceso.xhtml HTTP/1.1" 200 7016
201.245.192.253 - - [11/Nov/2021:10:42:12 -0500] "POST /sipse/faces/presentacion/financiero/solicitudProceso/consultar.xhtml HTTP/1.1" 200 149855
201.245.192.253 - - [11/Nov/2021:10:42:13 -0500] "GET /sipse/faces/javax.faces.resource/jquery/jquery.js?ln=primefaces&v=4.0 HTTP/1.1" 304 -
201.245.192.253 - - [11/Nov/2021:10:42:13 -0500] "GET /sipse/faces/javax.faces.resource/jquery/jquery-plugins.js?ln=primefaces&v=4.0 HTTP/1.1" 304 -
201.245.192.253 - - [11/Nov/2021:10:42:13 -0500] "GET /sipse/faces/javax.faces.resource/primefaces.js?ln=primefaces&v=4.0 HTTP/1.1" 304 -
201.245.192.253 - - [11/Nov/2021:10:42:13 -0500] "GET /sipse/faces/javax.faces.resource/layout/layout.js?ln=primefaces&v=4.0 HTTP/1.1" 304 -
201.245.192.253 - - [11/Nov/2021:10:42:13 -0500] "GET /sipse/faces/javax.faces.resource/dynamiccontent.properties?ln=primefaces&pfdrid=XjOR5%2F%2FfPAZAuY9TpWQeCiM0BhlXxYRBGKi%2FQcXXfeA%3D&pfdrid_c=false HTTP/1.1" 500 383
201.245.192.253 - - [11/Nov/2021:10:42:16 -0500] "GET /catalogoisis/ HTTP/1.1" 200 8575
181.139.100.9 - - [11/Nov/2021:10:42:16 -0500] "POST /sipse/faces/presentacion/financiero/solicitudProceso/listarSolicitudProceso.xhtml HTTP/1.1" 200 121603
181.139.100.9 - - [11/Nov/2021:10:42:18 -0500] "GET /sipse/faces/javax.faces.resource/jquery/jquery.js?ln=primefaces&v=4.0 HTTP/1.1" 304 -
181.139.100.9 - - [11/Nov/2021:10:42:18 -0500] "GET /sipse/faces/javax.faces.resource/jquery/jquery-plugins.js?ln=primefaces&v=4.0 HTTP/1.1" 304 -
181.139.100.9 - - [11/Nov/2021:10:42:18 -0500] "GET /sipse/faces/javax.faces.resource/primefaces.js?ln=primefaces&v=4.0 HTTP/1.1" 304 -
181.139.100.9 - - [11/Nov/2021:10:42:18 -0500] "GET /sipse/faces/javax.faces.resource/layout/layout.js?ln=primefaces&v=4.0 HTTP/1.1" 304 -
181.139.100.9 - - [11/Nov/2021:10:42:18 -0500] "GET /sipse/faces/javax.faces.resource/dynamiccontent.properties?ln=primefaces&pfdrid=XjOR5%2F%2FfPAZAuY9TpWQeCiM0BhlXxYRBGKi%2FQcXXfeA%3D&pfdrid_c=false HTTP/1.1" 500 383
201.245.192.253 - - [11/Nov/2021:10:42:20 -0500] "POST /sipse/faces/presentacion/financiero/solicitudProceso/consultarSolicitudProceso.xhtml HTTP/1.1" 200 121627
186.86.33.55 - - [11/Nov/2021:10:42:34 -0500] "POST /sipse/faces/presentacion/financiero/viabilidad/expedirViabilidad.xhtml HTTP/1.1" 200 107304
186.86.33.55 - - [11/Nov/2021:10:42:35 -0500] "GET /sipse/faces/javax.faces.resource/theme.css?ln=primefaces-sipse HTTP/1.1" 304 -
186.86.33.55 - - [11/Nov/2021:10:42:35 -0500] "GET /sipse/faces/javax.faces.resource/layout/layout.css?ln=primefaces&v=4.0 HTTP/1.1" 304 -
186.86.33.55 - - [11/Nov/2021:10:42:35 -0500] "GET /sipse/faces/javax.faces.resource/primefaces.css?ln=primefaces&v=4.0 HTTP/1.1" 304 -
186.86.33.55 - - [11/Nov/2021:10:42:35 -0500] "GET /sipse/faces/javax.faces.resource/jquery/jquery.js?ln=primefaces&v=4.0 HTTP/1.1" 304 -
186.86.33.55 - - [11/Nov/2021:10:42:35 -0500] "GET /sipse/faces/javax.faces.resource/jquery/jquery-plugins.js?ln=primefaces&v=4.0 HTTP/1.1" 304 -
186.86.33.55 - - [11/Nov/2021:10:42:35 -0500] "GET /sipse/faces/javax.faces.resource/primefaces.js?ln=primefaces&v=4.0 HTTP/1.1" 304 -
186.86.33.55 - - [11/Nov/2021:10:42:35 -0500] "GET /sipse/faces/javax.faces.resource/layout/layout.js?ln=primefaces&v=4.0 HTTP/1.1" 304 -
186.86.33.55 - - [11/Nov/2021:10:42:36 -0500] "GET /sipse/faces/javax.faces.resource/dynamiccontent.properties?ln=primefaces&pfdrid=XjOR5%2F%2FfPAZAuY9TpWQeCiM0BhlXxYRBGKi%2FQcXXfeA%3D&pfdrid_c=false HTTP/1.1" 500 383
181.139.100.9 - - [11/Nov/2021:10:42:36 -0500] "POST /sipse/faces/presentacion/financiero/solicitudProceso/consultarSolicitudProceso.xhtml HTTP/1.1" 200 34943
181.139.100.9 - - [11/Nov/2021:10:42:41 -0500] "GET /sipse/faces/javax.faces.resource/jquery/jquery.js?ln=primefaces&v=4.0 HTTP/1.1" 304 -
181.139.100.9 - - [11/Nov/2021:10:42:41 -0500] "GET /sipse/faces/javax.faces.resource/jquery/jquery-plugins.js?ln=primefaces&v=4.0 HTTP/1.1" 304 -
181.139.100.9 - - [11/Nov/2021:10:42:41 -0500] "GET /sipse/faces/javax.faces.resource/primefaces.js?ln=primefaces&v=4.0 HTTP/1.1" 304 -
181.139.100.9 - - [11/Nov/2021:10:42:41 -0500] "GET /sipse/faces/javax.faces.resource/layout/layout.js?ln=primefaces&v=4.0 HTTP/1.1" 304 -
181.139.100.9 - - [11/Nov/2021:10:42:41 -0500] "GET /sipse/faces/javax.faces.resource/messages/messages.png?ln=primefaces&v=4.0 HTTP/1.1" 304 -
186.86.33.55 - - [11/Nov/2021:10:42:40 -0500] "POST /sipse/faces/presentacion/financiero/solicitudProceso/consultarSolicitudProceso.xhtml HTTP/1.1" 200 59090
186.86.33.55 - - [11/Nov/2021:10:42:43 -0500] "GET /sipse/faces/javax.faces.resource/primefaces.css?ln=primefaces&v=4.0 HTTP/1.1" 304 -
186.86.33.55 - - [11/Nov/2021:10:42:43 -0500] "GET /sipse/faces/javax.faces.resource/theme.css?ln=primefaces-sipse HTTP/1.1" 304 -
186.86.33.55 - - [11/Nov/2021:10:42:43 -0500] "GET /sipse/faces/javax.faces.resource/layout/layout.css?ln=primefaces&v=4.0 HTTP/1.1" 304 -
181.139.100.9 - - [11/Nov/2021:10:42:41 -0500] "POST /sipse/faces/presentacion/financiero/solicitudProceso/listarSolicitudProceso.xhtml HTTP/1.1" 200 1344
186.86.33.55 - - [11/Nov/2021:10:42:43 -0500] "GET /sipse/faces/javax.faces.resource/jquery/jquery.js?ln=primefaces&v=4.0 HTTP/1.1" 304 -
186.86.33.55 - - [11/Nov/2021:10:42:43 -0500] "GET /sipse/faces/javax.faces.resource/jquery/jquery-plugins.js?ln=primefaces&v=4.0 HTTP/1.1" 304 -
186.86.33.55 - - [11/Nov/2021:10:42:43 -0500] "GET /sipse/faces/javax.faces.resource/primefaces.js?ln=primefaces&v=4.0 HTTP/1.1" 304 -
186.86.33.55 - - [11/Nov/2021:10:42:43 -0500] "GET /sipse/faces/javax.faces.resource/layout/layout.js?ln=primefaces&v=4.0 HTTP/1.1" 304 -
186.86.33.55 - - [11/Nov/2021:10:42:44 -0500] "GET /sipse/faces/javax.faces.resource/messages/messages.png?ln=primefaces&v=4.0 HTTP/1.1" 304 -
186.86.33.55 - - [11/Nov/2021:10:42:44 -0500] "POST /sipse/faces/presentacion/financiero/solicitudProceso/listarSolicitudProceso.xhtml HTTP/1.1" 200 1452
181.54.166.6 - - [11/Nov/2021:10:42:44 -0500] "POST /sipse/faces/presentacion/financiero/solicitudProceso/consultarSolicitudProceso.xhtml HTTP/1.1" 200 31242
181.54.166.6 - - [11/Nov/2021:10:42:45 -0500] "GET /sipse/faces/javax.faces.resource/theme.css?ln=primefaces-sipse HTTP/1.1" 304 -
181.54.166.6 - - [11/Nov/2021:10:42:45 -0500] "GET /sipse/faces/javax.faces.resource/primefaces.css?ln=primefaces&v=4.0 HTTP/1.1" 304 -
181.54.166.6 - - [11/Nov/2021:10:42:45 -0500] "GET /sipse/faces/javax.faces.resource/layout/layout.css?ln=primefaces&v=4.0 HTTP/1.1" 304 -
181.54.166.6 - - [11/Nov/2021:10:42:45 -0500] "GET /sipse/faces/javax.faces.resource/jquery/jquery-plugins.js?ln=primefaces&v=4.0 HTTP/1.1" 304 -
181.54.166.6 - - [11/Nov/2021:10:42:45 -0500] "GET /sipse/faces/javax.faces.resource/jquery/jquery.js?ln=primefaces&v=4.0 HTTP/1.1" 304 -
181.54.166.6 - - [11/Nov/2021:10:42:45 -0500] "GET /sipse/faces/javax.faces.resource/primefaces.js?ln=primefaces&v=4.0 HTTP/1.1" 304 -
181.54.166.6 - - [11/Nov/2021:10:42:45 -0500] "GET /sipse/faces/javax.faces.resource/layout/layout.js?ln=primefaces&v=4.0 HTTP/1.1" 304 -
181.139.100.9 - - [11/Nov/2021:10:42:47 -0500] "POST /sipse/faces/presentacion/financiero/solicitudProceso/listarSolicitudProceso.xhtml HTTP/1.1" 200 7001
181.139.100.9 - - [11/Nov/2021:10:42:49 -0500] "POST /sipse/faces/presentacion/financiero/solicitudProceso/listarSolicitudProceso.xhtml HTTP/1.1" 200 27676
201.245.192.253 - - [11/Nov/2021:10:42:49 -0500] "POST /sipse/faces/presentacion/financiero/solicitudAnulacion/solicitudAnulacion.xhtml HTTP/1.1" 200 60193
201.245.192.253 - - [11/Nov/2021:10:42:50 -0500] "GET /sipse/faces/javax.faces.resource/theme.css?ln=primefaces-sipse HTTP/1.1" 304 -
201.245.192.253 - - [11/Nov/2021:10:42:50 -0500] "GET /sipse/faces/javax.faces.resource/fileupload/fileupload.css?ln=primefaces&v=4.0 HTTP/1.1" 304 -
201.245.192.253 - - [11/Nov/2021:10:42:50 -0500] "GET /sipse/css/imagen/contrasena.png HTTP/1.1" 404 383
201.245.192.253 - - [11/Nov/2021:10:42:50 -0500] "GET /sipse/faces/javax.faces.resource/primefaces.css?ln=primefaces&v=4.0 HTTP/1.1" 304 -
201.245.192.253 - - [11/Nov/2021:10:42:50 -0500] "GET /sipse/faces/javax.faces.resource/layout/layout.css?ln=primefaces&v=4.0 HTTP/1.1" 304 -
201.245.192.253 - - [11/Nov/2021:10:42:50 -0500] "GET /sipse/faces/javax.faces.resource/jquery/jquery.js?ln=primefaces&v=4.0 HTTP/1.1" 304 -
201.245.192.253 - - [11/Nov/2021:10:42:50 -0500] "GET /sipse/faces/javax.faces.resource/jquery/jquery-plugins.js?ln=primefaces&v=4.0 HTTP/1.1" 304 -
201.245.192.253 - - [11/Nov/2021:10:42:50 -0500] "GET /sipse/faces/javax.faces.resource/primefaces.js?ln=primefaces&v=4.0 HTTP/1.1" 304 -
201.245.192.253 - - [11/Nov/2021:10:42:50 -0500] "GET /sipse/faces/javax.faces.resource/layout/layout.js?ln=primefaces&v=4.0 HTTP/1.1" 304 -
201.245.192.253 - - [11/Nov/2021:10:42:50 -0500] "GET /sipse/faces/javax.faces.resource/fileupload/fileupload.js?ln=primefaces&v=4.0 HTTP/1.1" 304 -
181.139.100.9 - - [11/Nov/2021:10:42:50 -0500] "POST /sipse/faces/presentacion/financiero/solicitudProceso/listarSolicitudProceso.xhtml HTTP/1.1" 200 27676
181.139.100.9 - - [11/Nov/2021:10:42:51 -0500] "POST /sipse/faces/presentacion/financiero/solicitudProceso/listarSolicitudProceso.xhtml HTTP/1.1" 200 27676
181.139.100.9 - - [11/Nov/2021:10:42:52 -0500] "POST /sipse/faces/presentacion/financiero/solicitudProceso/listarSolicitudProceso.xhtml HTTP/1.1" 200 27676
191.102.196.185 - - [11/Nov/2021:10:42:53 -0500] "GET /BLA/resoluciones/RESOLUCIONES%202009/3957.pdf HTTP/1.1" 200 1428643
181.54.166.6 - - [11/Nov/2021:10:42:53 -0500] "GET /sipse/faces/javax.faces.resource/images/ui-bg_flat_0_2d5972_40x100.png?ln=primefaces-aristo HTTP/1.1" 304 -
181.54.166.6 - - [11/Nov/2021:10:42:53 -0500] "POST /sipse/faces/presentacion/financiero/solicitudProceso/consultarHistorialSolProceso.xhtml HTTP/1.1" 200 34690
181.54.166.6 - - [11/Nov/2021:10:42:54 -0500] "GET /sipse/faces/javax.faces.resource/layout/layout.css?ln=primefaces&v=4.0 HTTP/1.1" 304 -
181.54.166.6 - - [11/Nov/2021:10:42:54 -0500] "GET /sipse/faces/javax.faces.resource/primefaces.css?ln=primefaces&v=4.0 HTTP/1.1" 304 -
181.54.166.6 - - [11/Nov/2021:10:42:54 -0500] "GET /sipse/faces/javax.faces.resource/theme.css?ln=primefaces-sipse HTTP/1.1" 304 -
181.54.166.6 - - [11/Nov/2021:10:42:54 -0500] "GET /sipse/faces/javax.faces.resource/jquery/jquery.js?ln=primefaces&v=4.0 HTTP/1.1" 304 -
181.54.166.6 - - [11/Nov/2021:10:42:54 -0500] "GET /sipse/faces/javax.faces.resource/jquery/jquery-plugins.js?ln=primefaces&v=4.0 HTTP/1.1" 304 -
181.54.166.6 - - [11/Nov/2021:10:42:54 -0500] "GET /sipse/faces/javax.faces.resource/primefaces.js?ln=primefaces&v=4.0 HTTP/1.1" 304 -
181.139.100.9 - - [11/Nov/2021:10:42:53 -0500] "POST /sipse/faces/presentacion/financiero/solicitudProceso/listarSolicitudProceso.xhtml HTTP/1.1" 200 1344
181.54.166.6 - - [11/Nov/2021:10:42:54 -0500] "GET /sipse/faces/javax.faces.resource/layout/layout.js?ln=primefaces&v=4.0 HTTP/1.1" 304 -
181.139.100.9 - - [11/Nov/2021:10:42:55 -0500] "POST /sipse/faces/presentacion/financiero/solicitudProceso/listarSolicitudProceso.xhtml HTTP/1.1" 200 1344
181.139.100.9 - - [11/Nov/2021:10:42:57 -0500] "POST /sipse/faces/presentacion/financiero/solicitudProceso/listarSolicitudProceso.xhtml HTTP/1.1" 200 1344
186.86.33.55 - - [11/Nov/2021:10:42:56 -0500] "POST /sipse/faces/presentacion/financiero/solicitudProceso/listarSolicitudProceso.xhtml HTTP/1.1" 200 105647
186.86.33.55 - - [11/Nov/2021:10:43:01 -0500] "GET /sipse/faces/javax.faces.resource/theme.css?ln=primefaces-sipse HTTP/1.1" 304 -
186.86.33.55 - - [11/Nov/2021:10:43:01 -0500] "GET /sipse/faces/javax.faces.resource/layout/layout.css?ln=primefaces&v=4.0 HTTP/1.1" 304 -
186.86.33.55 - - [11/Nov/2021:10:43:01 -0500] "GET /sipse/faces/javax.faces.resource/primefaces.css?ln=primefaces&v=4.0 HTTP/1.1" 304 -
186.86.33.55 - - [11/Nov/2021:10:43:01 -0500] "GET /sipse/faces/javax.faces.resource/jquery/jquery.js?ln=primefaces&v=4.0 HTTP/1.1" 304 -
186.86.33.55 - - [11/Nov/2021:10:43:01 -0500] "GET /sipse/faces/javax.faces.resource/jquery/jquery-plugins.js?ln=primefaces&v=4.0 HTTP/1.1" 304 -
186.86.33.55 - - [11/Nov/2021:10:43:01 -0500] "GET /sipse/faces/javax.faces.resource/primefaces.js?ln=primefaces&v=4.0 HTTP/1.1" 304 -
186.86.33.55 - - [11/Nov/2021:10:43:01 -0500] "GET /sipse/faces/javax.faces.resource/layout/layout.js?ln=primefaces&v=4.0 HTTP/1.1" 304 -
181.54.166.6 - - [11/Nov/2021:10:42:55 -0500] "POST /sipse/faces/presentacion/financiero/solicitudProceso/listarSolicitudProceso.xhtml HTTP/1.1" 200 1344
186.86.33.55 - - [11/Nov/2021:10:43:02 -0500] "GET /sipse/faces/javax.faces.resource/dynamiccontent.properties?ln=primefaces&pfdrid=XjOR5%2F%2FfPAZAuY9TpWQeCiM0BhlXxYRBGKi%2FQcXXfeA%3D&pfdrid_c=false HTTP/1.1" 500 383
181.139.100.9 - - [11/Nov/2021:10:43:01 -0500] "POST /sipse/faces/presentacion/financiero/solicitudProceso/listarSolicitudProceso.xhtml HTTP/1.1" 200 1344
191.156.56.1 - - [11/Nov/2021:10:43:05 -0500] "GET /galeria/galeria/jquery.fancybox.css?v=2.1.5 HTTP/1.1" 200 4895
201.245.192.253 - - [11/Nov/2021:10:43:06 -0500] "POST /sipse/faces/presentacion/financiero/solicitudProceso/consultarSolicitudProceso.xhtml HTTP/1.1" 200 800454
201.245.192.253 - - [11/Nov/2021:10:43:17 -0500] "GET /catalogoisis/ HTTP/1.1" 200 8575
181.54.166.6 - - [11/Nov/2021:10:43:17 -0500] "POST /sipse/faces/presentacion/financiero/solicitudProceso/listarSolicitudProceso.xhtml HTTP/1.1" 200 10142
181.54.166.6 - - [11/Nov/2021:10:43:20 -0500] "GET /sipse/faces/javax.faces.resource/images/ui-icons_898989_256x240.png?ln=primefaces-aristo HTTP/1.1" 304 -
181.54.166.6 - - [11/Nov/2021:10:43:20 -0500] "POST /sipse/faces/presentacion/financiero/solicitudProceso/listarSolicitudProceso.xhtml HTTP/1.1" 200 104443
181.54.166.6 - - [11/Nov/2021:10:43:22 -0500] "GET /sipse/faces/javax.faces.resource/theme.css?ln=primefaces-sipse HTTP/1.1" 304 -
181.54.166.6 - - [11/Nov/2021:10:43:22 -0500] "GET /sipse/faces/javax.faces.resource/layout/layout.css?ln=primefaces&v=4.0 HTTP/1.1" 304 -
181.54.166.6 - - [11/Nov/2021:10:43:22 -0500] "GET /sipse/faces/javax.faces.resource/primefaces.css?ln=primefaces&v=4.0 HTTP/1.1" 304 -
181.54.166.6 - - [11/Nov/2021:10:43:22 -0500] "GET /sipse/faces/javax.faces.resource/jquery/jquery.js?ln=primefaces&v=4.0 HTTP/1.1" 304 -
181.54.166.6 - - [11/Nov/2021:10:43:22 -0500] "GET /sipse/faces/javax.faces.resource/jquery/jquery-plugins.js?ln=primefaces&v=4.0 HTTP/1.1" 304 -
181.54.166.6 - - [11/Nov/2021:10:43:22 -0500] "GET /sipse/faces/javax.faces.resource/primefaces.js?ln=primefaces&v=4.0 HTTP/1.1" 304 -
181.54.166.6 - - [11/Nov/2021:10:43:22 -0500] "GET /sipse/faces/javax.faces.resource/layout/layout.js?ln=primefaces&v=4.0 HTTP/1.1" 304 -
181.54.166.6 - - [11/Nov/2021:10:43:22 -0500] "GET /sipse/faces/javax.faces.resource/dynamiccontent.properties?ln=primefaces&pfdrid=XjOR5%2F%2FfPAZAuY9TpWQeCiM0BhlXxYRBGKi%2FQcXXfeA%3D&pfdrid_c=false HTTP/1.1" 500 383
190.25.108.239 - - [11/Nov/2021:10:43:23 -0500] "GET /sipsepre/faces/index.xhtml HTTP/1.1" 200 680
190.25.108.239 - - [11/Nov/2021:10:43:23 -0500] "GET /sipsepre/faces/javax.faces.resource/theme.css?ln=primefaces-sipse HTTP/1.1" 200 50106
190.25.108.239 - - [11/Nov/2021:10:43:23 -0500] "GET /sipsepre/faces/faces/autenticacion.xhtml HTTP/1.1" 200 12218
190.25.108.239 - - [11/Nov/2021:10:43:24 -0500] "GET /sipsepre/css/custom_css_sg.css HTTP/1.1" 200 9694
190.25.108.239 - - [11/Nov/2021:10:43:24 -0500] "GET /sipsepre/js/funciones.js HTTP/1.1" 304 -
190.25.108.239 - - [11/Nov/2021:10:43:24 -0500] "GET /sipsepre/css/custom_css_sg_prime_login.css HTTP/1.1" 200 443
190.25.108.239 - - [11/Nov/2021:10:43:24 -0500] "GET /sipsepre/faces/javax.faces.resource/theme.css?ln=primefaces-sipse HTTP/1.1" 304 -
190.25.108.239 - - [11/Nov/2021:10:43:24 -0500] "GET /sipsepre/js/disable_browser_buttons.js HTTP/1.1" 304 -
190.25.108.239 - - [11/Nov/2021:10:43:24 -0500] "GET /sipsepre/faces/javax.faces.resource/primefaces.js?ln=primefaces&v=4.0 HTTP/1.1" 304 -
190.25.108.239 - - [11/Nov/2021:10:43:24 -0500] "GET /sipsepre/faces/javax.faces.resource/jquery/jquery-plugins.js?ln=primefaces&v=4.0 HTTP/1.1" 304 -
190.25.108.239 - - [11/Nov/2021:10:43:24 -0500] "GET /sipsepre/faces/javax.faces.resource/jquery/jquery.js?ln=primefaces&v=4.0 HTTP/1.1" 304 -
190.25.108.239 - - [11/Nov/2021:10:43:24 -0500] "GET /sipsepre/faces/javax.faces.resource/layout/layout.js?ln=primefaces&v=4.0 HTTP/1.1" 304 -
190.25.108.239 - - [11/Nov/2021:10:43:24 -0500] "GET /sipsepre/faces/javax.faces.resource/layout/layout.css?ln=primefaces&v=4.0 HTTP/1.1" 200 542
190.25.108.239 - - [11/Nov/2021:10:43:24 -0500] "GET /sipsepre/faces/javax.faces.resource/primefaces.css?ln=primefaces&v=4.0 HTTP/1.1" 200 53325
190.25.108.239 - - [11/Nov/2021:10:43:24 -0500] "GET /sipsepre/css/imagen/logoSDG.png HTTP/1.1" 200 53064
190.25.108.239 - - [11/Nov/2021:10:43:24 -0500] "GET /sipsepre/css/imagen/loginimg.png HTTP/1.1" 200 71635
190.25.108.239 - - [11/Nov/2021:10:43:24 -0500] "GET /sipsepre/faces/javax.faces.resource/images/ui-icons_898989_256x240.png?ln=primefaces-aristo HTTP/1.1" 200 5355
181.54.166.6 - - [11/Nov/2021:10:43:27 -0500] "POST /sipse/faces/presentacion/financiero/solicitudProceso/consultarSolicitudProceso.xhtml HTTP/1.1" 200 34639
181.54.166.6 - - [11/Nov/2021:10:43:28 -0500] "GET /sipse/faces/javax.faces.resource/theme.css?ln=primefaces-sipse HTTP/1.1" 304 -
192.168.171.73 - - [11/Nov/2021:10:43:28 -0500] "GET /con-la-propuesta-de-pot-garantizamos-la-proteccion-de-los-humedales.html HTTP/1.1" 200 960
181.54.166.6 - - [11/Nov/2021:10:43:28 -0500] "GET /sipse/faces/javax.faces.resource/primefaces.css?ln=primefaces&v=4.0 HTTP/1.1" 304 -
181.54.166.6 - - [11/Nov/2021:10:43:28 -0500] "GET /sipse/faces/javax.faces.resource/layout/layout.css?ln=primefaces&v=4.0 HTTP/1.1" 304 -
181.54.166.6 - - [11/Nov/2021:10:43:28 -0500] "GET /sipse/faces/javax.faces.resource/jquery/jquery.js?ln=primefaces&v=4.0 HTTP/1.1" 304 -
181.54.166.6 - - [11/Nov/2021:10:43:28 -0500] "GET /sipse/faces/javax.faces.resource/jquery/jquery-plugins.js?ln=primefaces&v=4.0 HTTP/1.1" 304 -
181.54.166.6 - - [11/Nov/2021:10:43:28 -0500] "GET /sipse/faces/javax.faces.resource/primefaces.js?ln=primefaces&v=4.0 HTTP/1.1" 304 -
181.54.166.6 - - [11/Nov/2021:10:43:28 -0500] "GET /sipse/faces/javax.faces.resource/layout/layout.js?ln=primefaces&v=4.0 HTTP/1.1" 304 -
190.25.108.239 - - [11/Nov/2021:10:43:28 -0500] "POST /sipsepre/faces/autenticacion.xhtml HTTP/1.1" 200 11350
190.25.108.239 - - [11/Nov/2021:10:43:28 -0500] "GET /sipsepre/css/custom_css_sg_prime.css HTTP/1.1" 200 5201
190.25.108.239 - - [11/Nov/2021:10:43:28 -0500] "GET /sipsepre/faces/javax.faces.resource/jquery/jquery.js?ln=primefaces&v=4.0 HTTP/1.1" 304 -
190.25.108.239 - - [11/Nov/2021:10:43:28 -0500] "GET /sipsepre/faces/javax.faces.resource/jquery/jquery-plugins.js?ln=primefaces&v=4.0 HTTP/1.1" 304 -
190.25.108.239 - - [11/Nov/2021:10:43:28 -0500] "GET /sipsepre/faces/javax.faces.resource/primefaces.js?ln=primefaces&v=4.0 HTTP/1.1" 304 -
190.25.108.239 - - [11/Nov/2021:10:43:28 -0500] "GET /sipsepre/faces/javax.faces.resource/layout/layout.js?ln=primefaces&v=4.0 HTTP/1.1" 304 -
190.25.108.239 - - [11/Nov/2021:10:43:28 -0500] "GET /sipsepre/faces/javax.faces.resource/messages/messages.png?ln=primefaces&v=4.0 HTTP/1.1" 200 27209
181.54.166.6 - - [11/Nov/2021:10:43:28 -0500] "POST /sipse/faces/presentacion/financiero/solicitudProceso/listarSolicitudProceso.xhtml HTTP/1.1" 200 27880
181.54.166.6 - - [11/Nov/2021:10:43:29 -0500] "POST /sipse/faces/presentacion/financiero/solicitudProceso/listarSolicitudProceso.xhtml HTTP/1.1" 200 27880
190.25.108.239 - - [11/Nov/2021:10:43:30 -0500] "POST /sipsepre/faces/presentacion/sistema/seguridad/seleccionRol.xhtml HTTP/1.1" 200 5751
190.25.108.239 - - [11/Nov/2021:10:43:31 -0500] "POST /sipsepre/faces/presentacion/sistema/seguridad/seleccionRol.xhtml HTTP/1.1" 200 19351
190.25.108.239 - - [11/Nov/2021:10:43:34 -0500] "GET /sipsepre/js/jquery.min.js HTTP/1.1" 200 85582
190.25.108.239 - - [11/Nov/2021:10:43:34 -0500] "GET /sipsepre/faces/javax.faces.resource/jquery/jquery.js?ln=primefaces&v=4.0 HTTP/1.1" 304 -
190.25.108.239 - - [11/Nov/2021:10:43:34 -0500] "GET /sipsepre/faces/javax.faces.resource/jquery/jquery-plugins.js?ln=primefaces&v=4.0 HTTP/1.1" 304 -
190.25.108.239 - - [11/Nov/2021:10:43:34 -0500] "GET /sipsepre/faces/javax.faces.resource/primefaces.js?ln=primefaces&v=4.0 HTTP/1.1" 304 -
190.25.108.239 - - [11/Nov/2021:10:43:34 -0500] "GET /sipsepre/faces/javax.faces.resource/layout/layout.js?ln=primefaces&v=4.0 HTTP/1.1" 304 -
190.25.108.239 - - [11/Nov/2021:10:43:34 -0500] "GET /sipsepre/imagenes/cargando.gif HTTP/1.1" 200 36959
190.25.108.239 - - [11/Nov/2021:10:43:34 -0500] "GET /sipsepre/css/imagen/contrasena.png HTTP/1.1" 404 383
190.25.108.239 - - [11/Nov/2021:10:43:34 -0500] "GET /sipsepre/imagenes/logoAplicacion.jpg HTTP/1.1" 200 155084
181.54.166.6 - - [11/Nov/2021:10:43:29 -0500] "POST /sipse/faces/presentacion/financiero/solicitudProceso/listarSolicitudProceso.xhtml HTTP/1.1" 200 1344
181.54.166.6 - - [11/Nov/2021:10:43:34 -0500] "POST /sipse/faces/presentacion/financiero/solicitudProceso/listarSolicitudProceso.xhtml HTTP/1.1" 200 1344
181.54.166.6 - - [11/Nov/2021:10:43:37 -0500] "POST /sipse/faces/presentacion/financiero/solicitudProceso/listarSolicitudProceso.xhtml HTTP/1.1" 200 1344
190.25.108.239 - - [11/Nov/2021:10:43:40 -0500] "GET /sipsepre/faces/javax.faces.resource/images/ui-bg_flat_0_2d5972_40x100.png?ln=primefaces-aristo HTTP/1.1" 200 183
190.25.108.239 - - [11/Nov/2021:10:43:40 -0500] "POST /sipsepre/faces/bienvenido.xhtml HTTP/1.1" 200 3887
46.248.190.41 - - [11/Nov/2021:10:43:43 -0500] "GET /con-la-propuesta-de-pot-garantizamos-la-proteccion-de-los-humedales.html HTTP/1.1" 200 960
46.248.190.41 - - [11/Nov/2021:10:43:43 -0500] "GET /con-la-propuesta-de-pot-garantizamos-la-proteccion-de-los-humedales.html HTTP/1.1" 200 960
201.245.192.253 - - [11/Nov/2021:10:42:56 -0500] "POST /kwsrmcab/Wsrmcab HTTP/1.1" 200 45876
190.25.108.239 - - [11/Nov/2021:10:43:41 -0500] "POST /sipsepre/faces/bienvenido.xhtml HTTP/1.1" 200 43886
190.25.108.239 - - [11/Nov/2021:10:43:45 -0500] "GET /sipsepre/faces/javax.faces.resource/jquery/jquery.js?ln=primefaces&v=4.0 HTTP/1.1" 304 -
190.25.108.239 - - [11/Nov/2021:10:43:45 -0500] "GET /sipsepre/faces/javax.faces.resource/jquery/jquery-plugins.js?ln=primefaces&v=4.0 HTTP/1.1" 304 -
190.25.108.239 - - [11/Nov/2021:10:43:45 -0500] "GET /sipsepre/faces/javax.faces.resource/primefaces.js?ln=primefaces&v=4.0 HTTP/1.1" 304 -
190.25.108.239 - - [11/Nov/2021:10:43:45 -0500] "GET /sipsepre/faces/javax.faces.resource/layout/layout.js?ln=primefaces&v=4.0 HTTP/1.1" 304 -
190.25.108.239 - - [11/Nov/2021:10:43:47 -0500] "POST /sipsepre/faces/presentacion/financiero/solicitudProceso/consultar.xhtml HTTP/1.1" 200 12783
186.80.52.46 - - [11/Nov/2021:10:43:51 -0500] "GET /appsia/controlador HTTP/1.1" 200 4799
186.80.52.46 - - [11/Nov/2021:10:43:51 -0500] "GET /appsia/css/estilos.css HTTP/1.1" 200 4804
186.80.52.46 - - [11/Nov/2021:10:43:51 -0500] "GET /appsia/scripts/validarIngreso.js HTTP/1.1" 200 851
186.80.52.46 - - [11/Nov/2021:10:43:51 -0500] "GET /appsia/images/logo_bogota_p.png HTTP/1.1" 200 14951
186.80.52.46 - - [11/Nov/2021:10:43:51 -0500] "GET /appsia/images/cabezoteHojaVida.png HTTP/1.1" 200 32493
186.80.52.46 - - [11/Nov/2021:10:43:52 -0500] "GET /favicon.ico HTTP/1.1" 200 7782
190.25.108.239 - - [11/Nov/2021:10:43:49 -0500] "POST /sipsepre/faces/presentacion/financiero/solicitudProceso/consultar.xhtml HTTP/1.1" 200 132151
190.25.108.239 - - [11/Nov/2021:10:43:52 -0500] "GET /sipsepre/faces/javax.faces.resource/jquery/jquery.js?ln=primefaces&v=4.0 HTTP/1.1" 304 -
190.25.108.239 - - [11/Nov/2021:10:43:52 -0500] "GET /sipsepre/faces/javax.faces.resource/jquery/jquery-plugins.js?ln=primefaces&v=4.0 HTTP/1.1" 304 -
190.25.108.239 - - [11/Nov/2021:10:43:52 -0500] "GET /sipsepre/faces/javax.faces.resource/primefaces.js?ln=primefaces&v=4.0 HTTP/1.1" 304 -
190.25.108.239 - - [11/Nov/2021:10:43:52 -0500] "GET /sipsepre/faces/javax.faces.resource/layout/layout.js?ln=primefaces&v=4.0 HTTP/1.1" 304 -
66.249.66.139 - - [11/Nov/2021:10:43:53 -0500] "-" 408 -
181.139.100.9 - - [11/Nov/2021:10:43:54 -0500] "POST /sipse/faces/presentacion/financiero/solicitudProceso/listarSolicitudProceso.xhtml HTTP/1.1" 200 7033
181.54.166.6 - - [11/Nov/2021:10:43:58 -0500] "POST /sipse/faces/presentacion/financiero/solicitudProceso/listarSolicitudProceso.xhtml HTTP/1.1" 200 10157
181.139.100.9 - - [11/Nov/2021:10:43:59 -0500] "POST /sipse/faces/presentacion/financiero/solicitudProceso/listarSolicitudProceso.xhtml HTTP/1.1" 200 12742
181.139.100.9 - - [11/Nov/2021:10:44:00 -0500] "POST /sipse/faces/presentacion/financiero/solicitudProceso/listarSolicitudProceso.xhtml HTTP/1.1" 200 12738
181.139.100.9 - - [11/Nov/2021:10:44:02 -0500] "POST /sipse/faces/presentacion/financiero/solicitudProceso/listarSolicitudProceso.xhtml HTTP/1.1" 200 12742
181.139.100.9 - - [11/Nov/2021:10:44:03 -0500] "POST /sipse/faces/presentacion/financiero/solicitudProceso/listarSolicitudProceso.xhtml HTTP/1.1" 200 12738
181.139.100.9 - - [11/Nov/2021:10:44:05 -0500] "POST /sipse/faces/presentacion/financiero/solicitudProceso/listarSolicitudProceso.xhtml HTTP/1.1" 200 7049
186.80.52.46 - - [11/Nov/2021:10:44:06 -0500] "POST /appsia/controlador HTTP/1.1" 200 5437
181.54.166.6 - - [11/Nov/2021:10:44:02 -0500] "POST /sipse/faces/presentacion/financiero/solicitudProceso/listarSolicitudProceso.xhtml HTTP/1.1" 200 104436
181.54.166.6 - - [11/Nov/2021:10:44:06 -0500] "GET /sipse/faces/javax.faces.resource/theme.css?ln=primefaces-sipse HTTP/1.1" 304 -
181.54.166.6 - - [11/Nov/2021:10:44:06 -0500] "GET /sipse/faces/javax.faces.resource/primefaces.css?ln=primefaces&v=4.0 HTTP/1.1" 304 -
181.54.166.6 - - [11/Nov/2021:10:44:06 -0500] "GET /sipse/faces/javax.faces.resource/layout/layout.css?ln=primefaces&v=4.0 HTTP/1.1" 304 -
181.54.166.6 - - [11/Nov/2021:10:44:06 -0500] "GET /sipse/faces/javax.faces.resource/jquery/jquery.js?ln=primefaces&v=4.0 HTTP/1.1" 304 -
181.54.166.6 - - [11/Nov/2021:10:44:06 -0500] "GET /sipse/faces/javax.faces.resource/jquery/jquery-plugins.js?ln=primefaces&v=4.0 HTTP/1.1" 304 -
181.54.166.6 - - [11/Nov/2021:10:44:06 -0500] "GET /sipse/faces/javax.faces.resource/primefaces.js?ln=primefaces&v=4.0 HTTP/1.1" 304 -
181.54.166.6 - - [11/Nov/2021:10:44:06 -0500] "GET /sipse/faces/javax.faces.resource/layout/layout.js?ln=primefaces&v=4.0 HTTP/1.1" 304 -
181.54.166.6 - - [11/Nov/2021:10:44:06 -0500] "GET /sipse/faces/javax.faces.resource/dynamiccontent.properties?ln=primefaces&pfdrid=XjOR5%2F%2FfPAZAuY9TpWQeCiM0BhlXxYRBGKi%2FQcXXfeA%3D&pfdrid_c=false HTTP/1.1" 500 383
186.80.52.46 - - [11/Nov/2021:10:44:08 -0500] "POST /appsia/controlador HTTP/1.1" 200 7775
201.245.192.253 - - [11/Nov/2021:10:44:09 -0500] "POST /sipse/faces/presentacion/financiero/solicitudProceso/consultarSolicitudProceso.xhtml HTTP/1.1" 200 40693
201.245.192.253 - - [11/Nov/2021:10:44:10 -0500] "GET /sipse/faces/javax.faces.resource/theme.css?ln=primefaces-sipse HTTP/1.1" 304 -
201.245.192.253 - - [11/Nov/2021:10:44:10 -0500] "GET /sipse/faces/javax.faces.resource/primefaces.css?ln=primefaces&v=4.0 HTTP/1.1" 304 -
201.245.192.253 - - [11/Nov/2021:10:44:10 -0500] "GET /sipse/faces/javax.faces.resource/layout/layout.css?ln=primefaces&v=4.0 HTTP/1.1" 304 -
201.245.192.253 - - [11/Nov/2021:10:44:10 -0500] "GET /sipse/faces/javax.faces.resource/jquery/jquery.js?ln=primefaces&v=4.0 HTTP/1.1" 304 -
201.245.192.253 - - [11/Nov/2021:10:44:10 -0500] "GET /sipse/faces/javax.faces.resource/jquery/jquery-plugins.js?ln=primefaces&v=4.0 HTTP/1.1" 304 -
201.245.192.253 - - [11/Nov/2021:10:44:10 -0500] "GET /sipse/faces/javax.faces.resource/primefaces.js?ln=primefaces&v=4.0 HTTP/1.1" 304 -
201.245.192.253 - - [11/Nov/2021:10:44:10 -0500] "GET /sipse/faces/javax.faces.resource/layout/layout.js?ln=primefaces&v=4.0 HTTP/1.1" 304 -
201.245.192.253 - - [11/Nov/2021:10:44:11 -0500] "GET /sipse/css/imagen/contrasena.png HTTP/1.1" 404 383
201.245.192.253 - - [11/Nov/2021:10:44:10 -0500] "POST /sipse/faces/presentacion/financiero/solicitudProceso/consultar.xhtml HTTP/1.1" 200 33973
201.245.192.253 - - [11/Nov/2021:10:44:11 -0500] "POST /sipse/faces/presentacion/financiero/solicitudProceso/consultar.xhtml HTTP/1.1" 200 33973
181.139.100.9 - - [11/Nov/2021:10:44:11 -0500] "POST /sipse/faces/presentacion/financiero/solicitudProceso/listarSolicitudProceso.xhtml HTTP/1.1" 200 7033
201.245.192.253 - - [11/Nov/2021:10:44:12 -0500] "POST /sipse/faces/presentacion/financiero/solicitudProceso/consultar.xhtml HTTP/1.1" 200 33973
190.25.108.239 - - [11/Nov/2021:10:44:07 -0500] "POST /sipsepre/faces/presentacion/financiero/solicitudProceso/consultarSolicitudProceso.xhtml HTTP/1.1" 200 57294
190.25.108.239 - - [11/Nov/2021:10:44:13 -0500] "GET /sipsepre/faces/javax.faces.resource/jquery/jquery.js?ln=primefaces&v=4.0 HTTP/1.1" 304 -
190.25.108.239 - - [11/Nov/2021:10:44:13 -0500] "GET /sipsepre/faces/javax.faces.resource/jquery/jquery-plugins.js?ln=primefaces&v=4.0 HTTP/1.1" 304 -
190.25.108.239 - - [11/Nov/2021:10:44:13 -0500] "GET /sipsepre/faces/javax.faces.resource/primefaces.js?ln=primefaces&v=4.0 HTTP/1.1" 304 -
190.25.108.239 - - [11/Nov/2021:10:44:13 -0500] "GET /sipsepre/faces/javax.faces.resource/layout/layout.js?ln=primefaces&v=4.0 HTTP/1.1" 304 -
201.245.192.253 - - [11/Nov/2021:10:44:13 -0500] "POST /sipse/faces/presentacion/financiero/solicitudProceso/consultar.xhtml HTTP/1.1" 200 33973
173.252.107.1 - - [11/Nov/2021:10:44:14 -0500] "GET /con-la-propuesta-de-pot-garantizamos-la-proteccion-de-los-humedales.html HTTP/1.1" 206 960
35.204.37.162 - - [11/Nov/2021:10:44:14 -0500] "GET / HTTP/1.1" 200 319
186.80.52.46 - - [11/Nov/2021:10:44:14 -0500] "POST /appsia/controlador HTTP/1.1" 200 6640
201.245.192.253 - - [11/Nov/2021:10:44:14 -0500] "POST /sipse/faces/presentacion/financiero/solicitudProceso/consultar.xhtml HTTP/1.1" 200 33973
173.252.107.17 - - [11/Nov/2021:10:44:14 -0500] "GET /con-la-propuesta-de-pot-garantizamos-la-proteccion-de-los-humedales.html HTTP/1.1" 206 960
201.245.192.253 - - [11/Nov/2021:10:44:14 -0500] "POST /sipse/faces/presentacion/financiero/solicitudProceso/consultar.xhtml HTTP/1.1" 200 33973
173.252.107.120 - - [11/Nov/2021:10:44:15 -0500] "GET /images/pot-humedales-principal-11-noviembre.jpg HTTP/1.1" 200 93878
201.245.192.253 - - [11/Nov/2021:10:44:15 -0500] "POST /sipse/faces/presentacion/financiero/solicitudProceso/consultar.xhtml HTTP/1.1" 200 33973
186.80.52.46 - - [11/Nov/2021:10:44:15 -0500] "POST /appsia/controlador HTTP/1.1" 200 11280
201.245.192.253 - - [11/Nov/2021:10:44:15 -0500] "POST /sipse/faces/presentacion/financiero/solicitudProceso/consultar.xhtml HTTP/1.1" 200 33973
201.245.192.253 - - [11/Nov/2021:10:44:16 -0500] "POST /sipse/faces/presentacion/financiero/solicitudProceso/consultar.xhtml HTTP/1.1" 200 33973
181.54.166.6 - - [11/Nov/2021:10:44:15 -0500] "POST /sipse/faces/presentacion/financiero/solicitudProceso/consultarSolicitudProceso.xhtml HTTP/1.1" 200 34654
181.54.166.6 - - [11/Nov/2021:10:44:17 -0500] "GET /sipse/faces/javax.faces.resource/primefaces.css?ln=primefaces&v=4.0 HTTP/1.1" 304 -
181.54.166.6 - - [11/Nov/2021:10:44:17 -0500] "GET /sipse/faces/javax.faces.resource/theme.css?ln=primefaces-sipse HTTP/1.1" 304 -
181.54.166.6 - - [11/Nov/2021:10:44:17 -0500] "GET /sipse/faces/javax.faces.resource/layout/layout.css?ln=primefaces&v=4.0 HTTP/1.1" 304 -
181.54.166.6 - - [11/Nov/2021:10:44:17 -0500] "GET /sipse/faces/javax.faces.resource/jquery/jquery.js?ln=primefaces&v=4.0 HTTP/1.1" 304 -
181.54.166.6 - - [11/Nov/2021:10:44:17 -0500] "GET /sipse/faces/javax.faces.resource/jquery/jquery-plugins.js?ln=primefaces&v=4.0 HTTP/1.1" 304 -
181.54.166.6 - - [11/Nov/2021:10:44:17 -0500] "GET /sipse/faces/javax.faces.resource/primefaces.js?ln=primefaces&v=4.0 HTTP/1.1" 304 -
181.54.166.6 - - [11/Nov/2021:10:44:17 -0500] "GET /sipse/faces/javax.faces.resource/layout/layout.js?ln=primefaces&v=4.0 HTTP/1.1" 304 -
201.245.192.253 - - [11/Nov/2021:10:44:17 -0500] "POST /sipse/faces/presentacion/financiero/solicitudProceso/consultar.xhtml HTTP/1.1" 200 33973
173.252.107.4 - - [11/Nov/2021:10:44:17 -0500] "GET /con-la-propuesta-de-pot-garantizamos-la-proteccion-de-los-humedales.html HTTP/1.1" 206 960
173.252.107.7 - - [11/Nov/2021:10:44:17 -0500] "GET /con-la-propuesta-de-pot-garantizamos-la-proteccion-de-los-humedales.html HTTP/1.1" 206 960
173.252.107.17 - - [11/Nov/2021:10:44:17 -0500] "GET /con-la-propuesta-de-pot-garantizamos-la-proteccion-de-los-humedales.html HTTP/1.1" 206 960
201.245.192.253 - - [11/Nov/2021:10:44:18 -0500] "GET /catalogoisis/ HTTP/1.1" 200 8575
201.245.192.253 - - [11/Nov/2021:10:44:17 -0500] "POST /sipse/faces/presentacion/financiero/solicitudProceso/consultar.xhtml HTTP/1.1" 200 33973
181.54.166.6 - - [11/Nov/2021:10:44:17 -0500] "POST /sipse/faces/presentacion/financiero/solicitudProceso/listarSolicitudProceso.xhtml HTTP/1.1" 200 27895
201.245.192.253 - - [11/Nov/2021:10:44:18 -0500] "POST /sipse/faces/presentacion/financiero/solicitudProceso/consultar.xhtml HTTP/1.1" 200 33973
201.245.192.253 - - [11/Nov/2021:10:44:18 -0500] "POST /sipse/faces/presentacion/financiero/solicitudProceso/consultar.xhtml HTTP/1.1" 200 33973
181.54.166.6 - - [11/Nov/2021:10:44:18 -0500] "POST /sipse/faces/presentacion/financiero/solicitudProceso/listarSolicitudProceso.xhtml HTTP/1.1" 200 27895
201.245.192.253 - - [11/Nov/2021:10:44:19 -0500] "POST /sipse/faces/presentacion/financiero/solicitudProceso/consultar.xhtml HTTP/1.1" 200 33973
181.54.166.6 - - [11/Nov/2021:10:44:19 -0500] "POST /sipse/faces/presentacion/financiero/solicitudProceso/listarSolicitudProceso.xhtml HTTP/1.1" 200 27895
201.245.192.253 - - [11/Nov/2021:10:44:20 -0500] "POST /sipse/faces/presentacion/financiero/solicitudProceso/consultar.xhtml HTTP/1.1" 200 33973
201.245.192.253 - - [11/Nov/2021:10:44:21 -0500] "POST /sipse/faces/presentacion/financiero/solicitudProceso/consultar.xhtml HTTP/1.1" 200 33973
181.54.166.6 - - [11/Nov/2021:10:44:20 -0500] "POST /sipse/faces/presentacion/financiero/solicitudProceso/listarSolicitudProceso.xhtml HTTP/1.1" 200 27895
201.245.192.253 - - [11/Nov/2021:10:44:21 -0500] "POST /sipse/faces/presentacion/financiero/solicitudProceso/consultar.xhtml HTTP/1.1" 200 33973
201.245.192.253 - - [11/Nov/2021:10:44:22 -0500] "POST /sipse/faces/presentacion/financiero/solicitudProceso/consultar.xhtml HTTP/1.1" 200 33973
190.25.108.239 - - [11/Nov/2021:10:44:19 -0500] "POST /sipsepre/faces/presentacion/financiero/modificacionContrato/consultarModifiacion.xhtml HTTP/1.1" 200 132151
190.25.108.239 - - [11/Nov/2021:10:44:25 -0500] "GET /sipsepre/faces/javax.faces.resource/jquery/jquery.js?ln=primefaces&v=4.0 HTTP/1.1" 304 -
201.245.192.253 - - [11/Nov/2021:10:44:23 -0500] "POST /sipse/faces/presentacion/financiero/solicitudProceso/consultar.xhtml HTTP/1.1" 200 33973
190.25.108.239 - - [11/Nov/2021:10:44:25 -0500] "GET /sipsepre/faces/javax.faces.resource/jquery/jquery-plugins.js?ln=primefaces&v=4.0 HTTP/1.1" 304 -
190.25.108.239 - - [11/Nov/2021:10:44:25 -0500] "GET /sipsepre/faces/javax.faces.resource/primefaces.js?ln=primefaces&v=4.0 HTTP/1.1" 304 -
190.25.108.239 - - [11/Nov/2021:10:44:25 -0500] "GET /sipsepre/faces/javax.faces.resource/layout/layout.js?ln=primefaces&v=4.0 HTTP/1.1" 304 -
201.245.192.253 - - [11/Nov/2021:10:44:25 -0500] "POST /sipse/faces/presentacion/financiero/solicitudProceso/consultar.xhtml HTTP/1.1" 200 33973
201.245.192.253 - - [11/Nov/2021:10:44:26 -0500] "POST /sipse/faces/presentacion/financiero/solicitudProceso/consultar.xhtml HTTP/1.1" 200 33973
201.245.192.253 - - [11/Nov/2021:10:44:27 -0500] "POST /sipse/faces/presentacion/financiero/solicitudProceso/consultar.xhtml HTTP/1.1" 200 33973
201.245.192.253 - - [11/Nov/2021:10:44:27 -0500] "POST /sipse/faces/presentacion/financiero/solicitudProceso/consultarSolicitudProceso.xhtml HTTP/1.1" 200 324506
201.245.192.253 - - [11/Nov/2021:10:43:44 -0500] "POST /kwsrmcab/Wsrmcab HTTP/1.1" 200 47228
201.245.192.253 - - [11/Nov/2021:10:44:32 -0500] "POST /sipse/faces/presentacion/financiero/solicitudProceso/consultar.xhtml HTTP/1.1" 200 12710
181.54.166.6 - - [11/Nov/2021:10:44:22 -0500] "POST /sipse/faces/presentacion/financiero/solicitudProceso/listarSolicitudProceso.xhtml HTTP/1.1" 200 1344
173.252.127.18 - - [11/Nov/2021:10:44:34 -0500] "GET /con-la-propuesta-de-pot-garantizamos-la-proteccion-de-los-humedales.html?fbclid=IwAR3KD37xx26usn5wBk9LaxQCzuHTpBkB7ryHSRIzHBl2Gah3RFAFDCdvog0 HTTP/1.1" 200 960
190.25.108.239 - - [11/Nov/2021:10:43:52 -0500] "GET /reportes_sipsepre/sdg/ServletReporte?reporte=experienia_idoneidad&solicitud=14215&pfdrid_c=false HTTP/1.1" 200 16078
201.245.192.253 - - [11/Nov/2021:10:44:34 -0500] "POST /sipse/faces/presentacion/financiero/solicitudProceso/consultar.xhtml HTTP/1.1" 200 149346
201.245.192.253 - - [11/Nov/2021:10:44:41 -0500] "GET /sipse/faces/javax.faces.resource/theme.css?ln=primefaces-sipse HTTP/1.1" 304 -
201.245.192.253 - - [11/Nov/2021:10:44:41 -0500] "GET /sipse/faces/javax.faces.resource/primefaces.css?ln=primefaces&v=4.0 HTTP/1.1" 304 -
201.245.192.253 - - [11/Nov/2021:10:44:41 -0500] "GET /sipse/faces/javax.faces.resource/layout/layout.css?ln=primefaces&v=4.0 HTTP/1.1" 304 -
201.245.192.253 - - [11/Nov/2021:10:44:41 -0500] "GET /sipse/faces/javax.faces.resource/jquery/jquery.js?ln=primefaces&v=4.0 HTTP/1.1" 304 -
201.245.192.253 - - [11/Nov/2021:10:44:41 -0500] "GET /sipse/faces/javax.faces.resource/jquery/jquery-plugins.js?ln=primefaces&v=4.0 HTTP/1.1" 304 -
201.245.192.253 - - [11/Nov/2021:10:44:41 -0500] "GET /sipse/faces/javax.faces.resource/primefaces.js?ln=primefaces&v=4.0 HTTP/1.1" 304 -
201.245.192.253 - - [11/Nov/2021:10:44:41 -0500] "GET /sipse/faces/javax.faces.resource/layout/layout.js?ln=primefaces&v=4.0 HTTP/1.1" 304 -
201.245.192.253 - - [11/Nov/2021:10:44:41 -0500] "GET /sipse/css/imagen/contrasena.png HTTP/1.1" 404 383
201.245.192.253 - - [11/Nov/2021:10:44:41 -0500] "GET /sipse/faces/javax.faces.resource/dynamiccontent.properties?ln=primefaces&pfdrid=XjOR5%2F%2FfPAZAuY9TpWQeCiM0BhlXxYRBGKi%2FQcXXfeA%3D&pfdrid_c=false HTTP/1.1" 500 383
181.54.166.6 - - [11/Nov/2021:10:44:33 -0500] "POST /sipse/faces/presentacion/financiero/solicitudProceso/listarSolicitudProceso.xhtml HTTP/1.1" 200 1344
201.245.192.253 - - [11/Nov/2021:10:44:44 -0500] "POST /sipse/faces/presentacion/financiero/solicitudProceso/consultarSolicitudProceso.xhtml HTTP/1.1" 200 63214
173.252.127.28 - - [11/Nov/2021:10:44:45 -0500] "GET /con-la-propuesta-de-pot-garantizamos-la-proteccion-de-los-humedales.html?fbclid=IwAR0WEXx6ATMMj5n8jwUXdN17dGJfuQUXrsLPAlg8YFmawwVCcOQ8Zl2mL8Q HTTP/1.1" 200 960
190.25.108.239 - - [11/Nov/2021:10:44:45 -0500] "POST /sipsepre/faces/presentacion/financiero/solicitudProceso/consultarSolicitudProceso.xhtml HTTP/1.1" 200 46902
190.25.108.239 - - [11/Nov/2021:10:44:47 -0500] "GET /sipsepre/faces/javax.faces.resource/jquery/jquery.js?ln=primefaces&v=4.0 HTTP/1.1" 304 -
190.25.108.239 - - [11/Nov/2021:10:44:47 -0500] "GET /sipsepre/faces/javax.faces.resource/jquery/jquery-plugins.js?ln=primefaces&v=4.0 HTTP/1.1" 304 -
190.25.108.239 - - [11/Nov/2021:10:44:48 -0500] "GET /sipsepre/faces/javax.faces.resource/primefaces.js?ln=primefaces&v=4.0 HTTP/1.1" 304 -
190.25.108.239 - - [11/Nov/2021:10:44:48 -0500] "GET /sipsepre/faces/javax.faces.resource/layout/layout.js?ln=primefaces&v=4.0 HTTP/1.1" 304 -
190.25.108.239 - - [11/Nov/2021:10:44:48 -0500] "POST /sipsepre/faces/presentacion/financiero/solicitudProceso/consultar.xhtml HTTP/1.1" 200 40281
190.27.245.107 - - [11/Nov/2021:10:44:49 -0500] "GET /sipse/ HTTP/1.1" 302 -
186.86.152.102 - - [11/Nov/2021:10:44:49 -0500] "GET /sipse/faces/autenticacion.xhtml HTTP/1.1" 200 12504
186.86.152.102 - - [11/Nov/2021:10:44:49 -0500] "GET /sipse/css/custom_css_sg.css HTTP/1.1" 200 9694
186.86.152.102 - - [11/Nov/2021:10:44:49 -0500] "GET /sipse/faces/javax.faces.resource/primefaces.css;jsessionid=tTNUJ6DF5h0fq2Qg+FPOQOSZ.undefined?ln=primefaces&v=4.0 HTTP/1.1" 200 53295
186.86.152.102 - - [11/Nov/2021:10:44:50 -0500] "GET /sipse/css/custom_css_sg_prime_login.css HTTP/1.1" 200 443
186.86.152.102 - - [11/Nov/2021:10:44:49 -0500] "GET /sipse/faces/javax.faces.resource/jquery/jquery.js;jsessionid=tTNUJ6DF5h0fq2Qg+FPOQOSZ.undefined?ln=primefaces&v=4.0 HTTP/1.1" 200 105384
186.86.152.102 - - [11/Nov/2021:10:44:50 -0500] "GET /sipse/faces/javax.faces.resource/layout/layout.js;jsessionid=tTNUJ6DF5h0fq2Qg+FPOQOSZ.undefined?ln=primefaces&v=4.0 HTTP/1.1" 200 87560
186.86.152.102 - - [11/Nov/2021:10:44:50 -0500] "GET /sipse/faces/javax.faces.resource/layout/layout.css;jsessionid=tTNUJ6DF5h0fq2Qg+FPOQOSZ.undefined?ln=primefaces&v=4.0 HTTP/1.1" 200 542
186.86.152.102 - - [11/Nov/2021:10:44:50 -0500] "GET /sipse/faces/javax.faces.resource/theme.css?ln=primefaces-sipse HTTP/1.1" 200 50058
186.86.152.102 - - [11/Nov/2021:10:44:50 -0500] "GET /sipse/js/disable_browser_buttons.js HTTP/1.1" 304 -
186.86.152.102 - - [11/Nov/2021:10:44:49 -0500] "GET /sipse/faces/javax.faces.resource/primefaces.js;jsessionid=tTNUJ6DF5h0fq2Qg+FPOQOSZ.undefined?ln=primefaces&v=4.0 HTTP/1.1" 200 276924
186.86.152.102 - - [11/Nov/2021:10:44:50 -0500] "GET /sipse/js/funciones.js HTTP/1.1" 304 -
186.86.152.102 - - [11/Nov/2021:10:44:50 -0500] "GET /sipse/faces/javax.faces.resource/jquery/jquery-plugins.js;jsessionid=tTNUJ6DF5h0fq2Qg+FPOQOSZ.undefined?ln=primefaces&v=4.0 HTTP/1.1" 200 220526
190.25.108.239 - - [11/Nov/2021:10:44:49 -0500] "POST /sipsepre/faces/presentacion/financiero/solicitudProceso/consultar.xhtml HTTP/1.1" 200 40281
186.86.152.102 - - [11/Nov/2021:10:44:50 -0500] "GET /sipse/faces/javax.faces.resource/images/ui-icons_898989_256x240.png?ln=primefaces-aristo HTTP/1.1" 200 5355
186.86.152.102 - - [11/Nov/2021:10:44:50 -0500] "GET /sipse/css/imagen/logoSDG.png HTTP/1.1" 200 53064
186.86.152.102 - - [11/Nov/2021:10:44:50 -0500] "GET /sipse/css/imagen/loginimg.png HTTP/1.1" 200 71635
186.86.152.102 - - [11/Nov/2021:10:44:50 -0500] "GET /favicon.ico HTTP/1.1" 200 7782
186.86.152.102 - - [11/Nov/2021:10:44:50 -0500] "GET /sipse/faces/index.xhtml HTTP/1.1" 200 677
186.86.152.102 - - [11/Nov/2021:10:44:50 -0500] "GET /sipse/faces/javax.faces.resource/theme.css?ln=primefaces-sipse HTTP/1.1" 304 -
186.86.152.102 - - [11/Nov/2021:10:44:51 -0500] "GET /sipse/faces/faces/autenticacion.xhtml HTTP/1.1" 200 12182
190.25.108.239 - - [11/Nov/2021:10:44:50 -0500] "POST /sipsepre/faces/presentacion/financiero/solicitudProceso/consultar.xhtml HTTP/1.1" 200 40281
186.86.152.102 - - [11/Nov/2021:10:44:51 -0500] "GET /sipse/faces/javax.faces.resource/theme.css?ln=primefaces-sipse HTTP/1.1" 304 -
186.86.152.102 - - [11/Nov/2021:10:44:51 -0500] "GET /sipse/faces/javax.faces.resource/layout/layout.css?ln=primefaces&v=4.0 HTTP/1.1" 200 542
186.86.152.102 - - [11/Nov/2021:10:44:51 -0500] "GET /sipse/faces/javax.faces.resource/jquery/jquery.js?ln=primefaces&v=4.0 HTTP/1.1" 304 -
186.86.152.102 - - [11/Nov/2021:10:44:51 -0500] "GET /sipse/faces/javax.faces.resource/primefaces.css?ln=primefaces&v=4.0 HTTP/1.1" 200 53295
186.86.152.102 - - [11/Nov/2021:10:44:51 -0500] "GET /sipse/faces/javax.faces.resource/jquery/jquery-plugins.js?ln=primefaces&v=4.0 HTTP/1.1" 304 -
186.86.152.102 - - [11/Nov/2021:10:44:52 -0500] "GET /sipse/faces/javax.faces.resource/primefaces.js?ln=primefaces&v=4.0 HTTP/1.1" 304 -
186.86.152.102 - - [11/Nov/2021:10:44:52 -0500] "GET /sipse/faces/javax.faces.resource/layout/layout.js?ln=primefaces&v=4.0 HTTP/1.1" 304 -
186.86.152.102 - - [11/Nov/2021:10:44:52 -0500] "GET /sipse/faces/javax.faces.resource/images/ui-icons_898989_256x240.png?ln=primefaces-aristo HTTP/1.1" 304 -
190.25.108.239 - - [11/Nov/2021:10:44:51 -0500] "POST /sipsepre/faces/presentacion/financiero/solicitudProceso/consultar.xhtml HTTP/1.1" 200 40281
181.54.166.6 - - [11/Nov/2021:10:44:43 -0500] "POST /sipse/faces/presentacion/financiero/solicitudProceso/listarSolicitudProceso.xhtml HTTP/1.1" 200 1344
186.86.152.102 - - [11/Nov/2021:10:44:54 -0500] "POST /sipse/faces/autenticacion.xhtml HTTP/1.1" 200 16458
186.86.152.102 - - [11/Nov/2021:10:44:55 -0500] "GET /sipse/css/custom_css_sg_prime.css HTTP/1.1" 200 5201
186.86.152.102 - - [11/Nov/2021:10:44:55 -0500] "GET /sipse/js/jquery.min.js HTTP/1.1" 200 85582
186.86.152.102 - - [11/Nov/2021:10:44:55 -0500] "GET /sipse/faces/javax.faces.resource/jquery/jquery.js?ln=primefaces&v=4.0 HTTP/1.1" 304 -
186.86.152.102 - - [11/Nov/2021:10:44:55 -0500] "GET /sipse/faces/javax.faces.resource/jquery/jquery-plugins.js?ln=primefaces&v=4.0 HTTP/1.1" 304 -
186.86.152.102 - - [11/Nov/2021:10:44:56 -0500] "GET /sipse/faces/javax.faces.resource/primefaces.js?ln=primefaces&v=4.0 HTTP/1.1" 304 -
186.86.152.102 - - [11/Nov/2021:10:44:56 -0500] "GET /sipse/faces/javax.faces.resource/layout/layout.js?ln=primefaces&v=4.0 HTTP/1.1" 304 -
186.86.152.102 - - [11/Nov/2021:10:44:56 -0500] "GET /sipse/imagenes/cargando.gif HTTP/1.1" 200 36959
186.86.152.102 - - [11/Nov/2021:10:44:56 -0500] "GET /sipse/css/imagen/contrasena.png HTTP/1.1" 404 383
186.86.152.102 - - [11/Nov/2021:10:44:56 -0500] "GET /sipse/imagenes/logoAplicacion.jpg HTTP/1.1" 200 155084
186.86.152.102 - - [11/Nov/2021:10:44:56 -0500] "GET /sipse/faces/javax.faces.resource/messages/messages.png?ln=primefaces&v=4.0 HTTP/1.1" 200 27209
186.86.152.102 - - [11/Nov/2021:10:44:58 -0500] "GET /sipse/faces/javax.faces.resource/images/ui-bg_flat_0_2d5972_40x100.png?ln=primefaces-aristo HTTP/1.1" 200 183
186.86.152.102 - - [11/Nov/2021:10:44:58 -0500] "POST /sipse/faces/bienvenido.xhtml HTTP/1.1" 200 3255
181.54.166.6 - - [11/Nov/2021:10:44:52 -0500] "POST /sipse/faces/presentacion/financiero/solicitudProceso/listarSolicitudProceso.xhtml HTTP/1.1" 200 1344
186.86.152.102 - - [11/Nov/2021:10:44:59 -0500] "POST /sipse/faces/bienvenido.xhtml HTTP/1.1" 200 37086
186.86.152.102 - - [11/Nov/2021:10:45:01 -0500] "GET /sipse/faces/javax.faces.resource/jquery/jquery.js?ln=primefaces&v=4.0 HTTP/1.1" 304 -
186.86.152.102 - - [11/Nov/2021:10:45:01 -0500] "GET /sipse/faces/javax.faces.resource/jquery/jquery-plugins.js?ln=primefaces&v=4.0 HTTP/1.1" 304 -
186.86.152.102 - - [11/Nov/2021:10:45:01 -0500] "GET /sipse/faces/javax.faces.resource/primefaces.js?ln=primefaces&v=4.0 HTTP/1.1" 304 -
186.86.152.102 - - [11/Nov/2021:10:45:01 -0500] "GET /sipse/faces/javax.faces.resource/layout/layout.js?ln=primefaces&v=4.0 HTTP/1.1" 304 -
186.86.152.102 - - [11/Nov/2021:10:45:01 -0500] "POST /sipse/faces/presentacion/financiero/solicitudProceso/listarSolicitudProceso.xhtml HTTP/1.1" 200 1360
201.245.192.253 - - [11/Nov/2021:10:44:57 -0500] "POST /sipse/faces/presentacion/financiero/solicitudProceso/listarSolicitudProceso.xhtml HTTP/1.1" 200 116749
201.245.192.253 - - [11/Nov/2021:10:45:03 -0500] "GET /sipse/faces/javax.faces.resource/primefaces.css?ln=primefaces&v=4.0 HTTP/1.1" 304 -
201.245.192.253 - - [11/Nov/2021:10:45:03 -0500] "GET /sipse/faces/javax.faces.resource/theme.css?ln=primefaces-sipse HTTP/1.1" 304 -
201.245.192.253 - - [11/Nov/2021:10:45:03 -0500] "GET /sipse/faces/javax.faces.resource/layout/layout.css?ln=primefaces&v=4.0 HTTP/1.1" 304 -
201.245.192.253 - - [11/Nov/2021:10:45:03 -0500] "GET /sipse/faces/javax.faces.resource/jquery/jquery.js?ln=primefaces&v=4.0 HTTP/1.1" 304 -
201.245.192.253 - - [11/Nov/2021:10:45:03 -0500] "GET /sipse/faces/javax.faces.resource/jquery/jquery-plugins.js?ln=primefaces&v=4.0 HTTP/1.1" 304 -
201.245.192.253 - - [11/Nov/2021:10:45:03 -0500] "GET /sipse/faces/javax.faces.resource/primefaces.js?ln=primefaces&v=4.0 HTTP/1.1" 304 -
201.245.192.253 - - [11/Nov/2021:10:45:03 -0500] "GET /sipse/faces/javax.faces.resource/layout/layout.js?ln=primefaces&v=4.0 HTTP/1.1" 304 -
201.245.192.253 - - [11/Nov/2021:10:44:15 -0500] "POST /kwsrmcab/Wsrmcab HTTP/1.1" 200 119400
201.245.192.253 - - [11/Nov/2021:10:45:03 -0500] "GET /sipse/css/imagen/contrasena.png HTTP/1.1" 404 383
201.245.192.253 - - [11/Nov/2021:10:45:03 -0500] "GET /sipse/faces/javax.faces.resource/dynamiccontent.properties?ln=primefaces&pfdrid=XjOR5%2F%2FfPAZAuY9TpWQeCiM0BhlXxYRBGKi%2FQcXXfeA%3D&pfdrid_c=false HTTP/1.1" 500 383
181.54.166.6 - - [11/Nov/2021:10:45:00 -0500] "POST /sipse/faces/presentacion/financiero/solicitudProceso/listarSolicitudProceso.xhtml HTTP/1.1" 200 1344
