186.148.168.245 - - [12/Nov/2021:10:52:09 -0500] "GET /sipse/css/imagen/contrasena.png HTTP/1.1" 404 383
186.148.168.245 - - [12/Nov/2021:10:52:09 -0500] "GET /sipse/faces/javax.faces.resource/jquery/jquery-plugins.js?ln=primefaces&v=4.0 HTTP/1.1" 304 -
186.148.168.245 - - [12/Nov/2021:10:52:09 -0500] "GET /sipse/faces/javax.faces.resource/primefaces.js?ln=primefaces&v=4.0 HTTP/1.1" 304 -
186.148.168.245 - - [12/Nov/2021:10:52:09 -0500] "GET /sipse/faces/javax.faces.resource/layout/layout.js?ln=primefaces&v=4.0 HTTP/1.1" 304 -
181.139.100.7 - - [12/Nov/2021:10:52:09 -0500] "GET /sipse/faces/javax.faces.resource/jquery/jquery.js?ln=primefaces&v=4.0 HTTP/1.1" 304 -
190.125.150.78 - - [12/Nov/2021:10:52:09 -0500] "POST /sipse/faces/presentacion/financiero/solicitudProceso/listarSolicitudProceso.xhtml HTTP/1.1" 200 5345
181.139.100.7 - - [12/Nov/2021:10:52:09 -0500] "GET /sipse/faces/javax.faces.resource/jquery/jquery-plugins.js?ln=primefaces&v=4.0 HTTP/1.1" 304 -
181.139.100.7 - - [12/Nov/2021:10:52:09 -0500] "GET /sipse/faces/javax.faces.resource/primefaces.js?ln=primefaces&v=4.0 HTTP/1.1" 304 -
181.139.100.7 - - [12/Nov/2021:10:52:09 -0500] "GET /sipse/faces/javax.faces.resource/layout/layout.js?ln=primefaces&v=4.0 HTTP/1.1" 304 -
186.148.168.245 - - [12/Nov/2021:10:52:09 -0500] "POST /sipse/faces/presentacion/parametrica/funcionario/consultarFuncionario.xhtml HTTP/1.1" 200 62171
181.139.100.7 - - [12/Nov/2021:10:52:09 -0500] "GET /sipse/faces/javax.faces.resource/messages/messages.png?ln=primefaces&v=4.0 HTTP/1.1" 304 -
186.102.31.66 - - [12/Nov/2021:10:52:10 -0500] "GET /se-abre-proceso-de-formacion-para-aprender-sobre-especies-migratorias-y-avistamiento-de-aves.html HTTP/1.1" 200 939
181.139.100.7 - - [12/Nov/2021:10:52:10 -0500] "POST /sipse/faces/presentacion/financiero/solicitudProceso/listarSolicitudProceso.xhtml HTTP/1.1" 200 1344
186.148.168.245 - - [12/Nov/2021:10:52:12 -0500] "POST /sipse/faces/presentacion/parametrica/funcionario/consultarFuncionario.xhtml HTTP/1.1" 200 9888
190.125.150.78 - - [12/Nov/2021:10:52:11 -0500] "POST /sipse/faces/presentacion/financiero/solicitudProceso/listarSolicitudProceso.xhtml HTTP/1.1" 200 40537
190.125.150.78 - - [12/Nov/2021:10:52:13 -0500] "GET /sipse/faces/javax.faces.resource/theme.css?ln=primefaces-sipse HTTP/1.1" 304 -
190.125.150.78 - - [12/Nov/2021:10:52:13 -0500] "GET /sipse/faces/javax.faces.resource/jquery/jquery.js?ln=primefaces&v=4.0 HTTP/1.1" 304 -
190.125.150.78 - - [12/Nov/2021:10:52:13 -0500] "GET /sipse/faces/javax.faces.resource/layout/layout.css?ln=primefaces&v=4.0 HTTP/1.1" 304 -
190.125.150.78 - - [12/Nov/2021:10:52:13 -0500] "GET /sipse/faces/javax.faces.resource/primefaces.css?ln=primefaces&v=4.0 HTTP/1.1" 304 -
190.125.150.78 - - [12/Nov/2021:10:52:13 -0500] "GET /sipse/faces/javax.faces.resource/jquery/jquery-plugins.js?ln=primefaces&v=4.0 HTTP/1.1" 304 -
190.125.150.78 - - [12/Nov/2021:10:52:13 -0500] "GET /sipse/faces/javax.faces.resource/primefaces.js?ln=primefaces&v=4.0 HTTP/1.1" 304 -
190.125.150.78 - - [12/Nov/2021:10:52:14 -0500] "GET /sipse/faces/javax.faces.resource/layout/layout.js?ln=primefaces&v=4.0 HTTP/1.1" 304 -
190.125.150.78 - - [12/Nov/2021:10:52:14 -0500] "POST /sipse/faces/presentacion/financiero/solicitudProceso/consultar.xhtml HTTP/1.1" 200 33787
190.125.150.78 - - [12/Nov/2021:10:52:22 -0500] "POST /sipse/faces/presentacion/financiero/solicitudProceso/consultar.xhtml HTTP/1.1" 200 12895
186.148.168.245 - - [12/Nov/2021:10:52:23 -0500] "POST /sipse/faces/presentacion/parametrica/funcionario/consultarFuncionario.xhtml HTTP/1.1" 200 911
186.148.168.245 - - [12/Nov/2021:10:52:27 -0500] "GET /sipse/faces/faces/autenticacion HTTP/1.1" 302 -
186.148.168.245 - - [12/Nov/2021:10:52:27 -0500] "GET /sipse/faces/autenticacion.xhtml HTTP/1.1" 200 12183
186.148.168.245 - - [12/Nov/2021:10:52:27 -0500] "GET /sipse/faces/javax.faces.resource/theme.css?ln=primefaces-sipse HTTP/1.1" 304 -
186.148.168.245 - - [12/Nov/2021:10:52:27 -0500] "GET /sipse/faces/javax.faces.resource/primefaces.css?ln=primefaces&v=4.0 HTTP/1.1" 304 -
186.148.168.245 - - [12/Nov/2021:10:52:27 -0500] "GET /sipse/faces/javax.faces.resource/jquery/jquery-plugins.js?ln=primefaces&v=4.0 HTTP/1.1" 304 -
186.148.168.245 - - [12/Nov/2021:10:52:27 -0500] "GET /sipse/faces/javax.faces.resource/jquery/jquery.js?ln=primefaces&v=4.0 HTTP/1.1" 304 -
186.148.168.245 - - [12/Nov/2021:10:52:27 -0500] "GET /sipse/faces/javax.faces.resource/primefaces.js?ln=primefaces&v=4.0 HTTP/1.1" 304 -
186.148.168.245 - - [12/Nov/2021:10:52:27 -0500] "GET /sipse/faces/javax.faces.resource/layout/layout.css?ln=primefaces&v=4.0 HTTP/1.1" 304 -
186.148.168.245 - - [12/Nov/2021:10:52:27 -0500] "GET /sipse/faces/javax.faces.resource/layout/layout.js?ln=primefaces&v=4.0 HTTP/1.1" 304 -
186.148.168.245 - - [12/Nov/2021:10:52:28 -0500] "GET /sipse/faces/javax.faces.resource/images/ui-icons_898989_256x240.png?ln=primefaces-aristo HTTP/1.1" 304 -
190.125.150.78 - - [12/Nov/2021:10:52:28 -0500] "POST /sipse/faces/presentacion/financiero/solicitudProceso/consultar.xhtml HTTP/1.1" 200 62886
190.125.150.78 - - [12/Nov/2021:10:52:31 -0500] "GET /sipse/faces/javax.faces.resource/theme.css?ln=primefaces-sipse HTTP/1.1" 304 -
190.125.150.78 - - [12/Nov/2021:10:52:31 -0500] "GET /sipse/faces/javax.faces.resource/jquery/jquery.js?ln=primefaces&v=4.0 HTTP/1.1" 304 -
190.125.150.78 - - [12/Nov/2021:10:52:31 -0500] "GET /sipse/faces/javax.faces.resource/primefaces.css?ln=primefaces&v=4.0 HTTP/1.1" 304 -
190.125.150.78 - - [12/Nov/2021:10:52:31 -0500] "GET /sipse/faces/javax.faces.resource/layout/layout.css?ln=primefaces&v=4.0 HTTP/1.1" 304 -
190.125.150.78 - - [12/Nov/2021:10:52:32 -0500] "GET /sipse/faces/javax.faces.resource/jquery/jquery-plugins.js?ln=primefaces&v=4.0 HTTP/1.1" 304 -
190.125.150.78 - - [12/Nov/2021:10:52:32 -0500] "GET /sipse/faces/javax.faces.resource/primefaces.js?ln=primefaces&v=4.0 HTTP/1.1" 304 -
190.125.150.78 - - [12/Nov/2021:10:52:32 -0500] "GET /sipse/faces/javax.faces.resource/layout/layout.js?ln=primefaces&v=4.0 HTTP/1.1" 304 -
190.125.150.78 - - [12/Nov/2021:10:52:33 -0500] "POST /sipse/faces/presentacion/financiero/solicitudProceso/listarSolicitudProceso.xhtml HTTP/1.1" 200 56110
190.125.150.78 - - [12/Nov/2021:10:52:33 -0500] "POST /sipse/faces/presentacion/financiero/solicitudProceso/listarSolicitudProceso.xhtml HTTP/1.1" 200 56110
186.148.168.245 - - [12/Nov/2021:10:52:34 -0500] "POST /sipse/faces/autenticacion.xhtml HTTP/1.1" 200 2216
186.148.168.245 - - [12/Nov/2021:10:52:34 -0500] "GET /sipse/faces/javax.faces.resource/messages/messages.png?ln=primefaces&v=4.0 HTTP/1.1" 304 -
186.148.168.245 - - [12/Nov/2021:10:52:35 -0500] "POST /sipse/faces/autenticacion.xhtml HTTP/1.1" 200 16027
190.125.150.78 - - [12/Nov/2021:10:52:34 -0500] "POST /sipse/faces/presentacion/financiero/solicitudProceso/listarSolicitudProceso.xhtml HTTP/1.1" 200 1452
186.148.168.245 - - [12/Nov/2021:10:52:36 -0500] "GET /sipse/faces/javax.faces.resource/layout/layout.css?ln=primefaces&v=4.0 HTTP/1.1" 304 -
186.148.168.245 - - [12/Nov/2021:10:52:36 -0500] "GET /sipse/faces/javax.faces.resource/jquery/jquery.js?ln=primefaces&v=4.0 HTTP/1.1" 304 -
186.148.168.245 - - [12/Nov/2021:10:52:36 -0500] "GET /sipse/faces/javax.faces.resource/primefaces.css?ln=primefaces&v=4.0 HTTP/1.1" 304 -
186.148.168.245 - - [12/Nov/2021:10:52:36 -0500] "GET /sipse/faces/javax.faces.resource/theme.css?ln=primefaces-sipse HTTP/1.1" 304 -
186.148.168.245 - - [12/Nov/2021:10:52:36 -0500] "GET /sipse/faces/javax.faces.resource/jquery/jquery-plugins.js?ln=primefaces&v=4.0 HTTP/1.1" 304 -
190.125.150.78 - - [12/Nov/2021:10:52:36 -0500] "POST /sipse/faces/presentacion/financiero/solicitudProceso/listarSolicitudProceso.xhtml HTTP/1.1" 200 1452
186.148.168.245 - - [12/Nov/2021:10:52:38 -0500] "GET /sipse/faces/javax.faces.resource/primefaces.js?ln=primefaces&v=4.0 HTTP/1.1" 304 -
186.148.168.245 - - [12/Nov/2021:10:52:38 -0500] "GET /sipse/faces/javax.faces.resource/layout/layout.js?ln=primefaces&v=4.0 HTTP/1.1" 304 -
186.148.168.245 - - [12/Nov/2021:10:52:38 -0500] "GET /sipse/css/imagen/contrasena.png HTTP/1.1" 404 383
190.125.150.78 - - [12/Nov/2021:10:52:37 -0500] "POST /sipse/faces/presentacion/financiero/solicitudProceso/listarSolicitudProceso.xhtml HTTP/1.1" 200 1452
186.148.168.245 - - [12/Nov/2021:10:52:42 -0500] "POST /sipse/faces/bienvenido.xhtml HTTP/1.1" 200 2658
186.148.168.245 - - [12/Nov/2021:10:52:44 -0500] "POST /sipse/faces/bienvenido.xhtml HTTP/1.1" 200 184
186.148.168.245 - - [12/Nov/2021:10:52:45 -0500] "GET /sipse/faces/javax.faces.resource/layout/layout.css?ln=primefaces&v=4.0 HTTP/1.1" 304 -
186.148.168.245 - - [12/Nov/2021:10:52:45 -0500] "GET /sipse/faces/javax.faces.resource/jquery/jquery.js?ln=primefaces&v=4.0 HTTP/1.1" 304 -
186.148.168.245 - - [12/Nov/2021:10:52:45 -0500] "GET /sipse/faces/javax.faces.resource/primefaces.js?ln=primefaces&v=4.0 HTTP/1.1" 304 -
186.148.168.245 - - [12/Nov/2021:10:52:45 -0500] "GET /sipse/faces/javax.faces.resource/jquery/jquery-plugins.js?ln=primefaces&v=4.0 HTTP/1.1" 304 -
186.148.168.245 - - [12/Nov/2021:10:52:45 -0500] "GET /sipse/faces/javax.faces.resource/layout/layout.js?ln=primefaces&v=4.0 HTTP/1.1" 304 -
186.148.168.245 - - [12/Nov/2021:10:52:45 -0500] "GET /sipse/faces/javax.faces.resource/theme.css?ln=primefaces-sipse HTTP/1.1" 304 -
186.148.168.245 - - [12/Nov/2021:10:52:45 -0500] "GET /sipse/faces/javax.faces.resource/primefaces.css?ln=primefaces&v=4.0 HTTP/1.1" 304 -
186.148.168.245 - - [12/Nov/2021:10:52:44 -0500] "GET /sipse/faces/presentacion/financiero/solicitudAnulacion/solicitudAnulacion.xhtml HTTP/1.1" 200 37283
186.148.168.245 - - [12/Nov/2021:10:52:45 -0500] "GET /sipse/css/imagen/contrasena.png HTTP/1.1" 404 383
186.148.168.245 - - [12/Nov/2021:10:52:45 -0500] "POST /sipse/faces/presentacion/financiero/solicitudAnulacion/solicitudAnulacion.xhtml HTTP/1.1" 200 14801
181.139.100.7 - - [12/Nov/2021:10:52:47 -0500] "POST /sipse/faces/presentacion/financiero/solicitudProceso/listarSolicitudProceso.xhtml HTTP/1.1" 200 7075
201.245.192.253 - - [12/Nov/2021:10:52:48 -0500] "GET /catalogoisis/ HTTP/1.1" 200 8575
186.148.168.245 - - [12/Nov/2021:10:52:54 -0500] "POST /sipse/faces/presentacion/financiero/solicitudAnulacion/solicitudAnulacion.xhtml HTTP/1.1" 200 35895
186.148.168.245 - - [12/Nov/2021:10:52:56 -0500] "GET /sipse/faces/javax.faces.resource/jquery/jquery.js?ln=primefaces&v=4.0 HTTP/1.1" 304 -
186.148.168.245 - - [12/Nov/2021:10:52:56 -0500] "GET /sipse/faces/javax.faces.resource/primefaces.css?ln=primefaces&v=4.0 HTTP/1.1" 304 -
186.148.168.245 - - [12/Nov/2021:10:52:56 -0500] "GET /sipse/faces/javax.faces.resource/theme.css?ln=primefaces-sipse HTTP/1.1" 304 -
186.148.168.245 - - [12/Nov/2021:10:52:56 -0500] "GET /sipse/faces/javax.faces.resource/layout/layout.css?ln=primefaces&v=4.0 HTTP/1.1" 304 -
186.148.168.245 - - [12/Nov/2021:10:52:56 -0500] "GET /sipse/faces/javax.faces.resource/fileupload/fileupload.css?ln=primefaces&v=4.0 HTTP/1.1" 304 -
186.148.168.245 - - [12/Nov/2021:10:52:56 -0500] "GET /sipse/faces/javax.faces.resource/jquery/jquery-plugins.js?ln=primefaces&v=4.0 HTTP/1.1" 304 -
186.148.168.245 - - [12/Nov/2021:10:52:56 -0500] "GET /sipse/faces/javax.faces.resource/primefaces.js?ln=primefaces&v=4.0 HTTP/1.1" 304 -
186.148.168.245 - - [12/Nov/2021:10:52:56 -0500] "GET /sipse/faces/javax.faces.resource/layout/layout.js?ln=primefaces&v=4.0 HTTP/1.1" 304 -
186.148.168.245 - - [12/Nov/2021:10:52:56 -0500] "GET /sipse/faces/javax.faces.resource/fileupload/fileupload.js?ln=primefaces&v=4.0 HTTP/1.1" 304 -
186.148.168.245 - - [12/Nov/2021:10:52:56 -0500] "GET /sipse/css/imagen/contrasena.png HTTP/1.1" 404 383
201.245.192.253 - - [12/Nov/2021:10:52:57 -0500] "POST /sipse/faces/presentacion/financiero/solicitudProceso/consultarSolicitudProceso.xhtml HTTP/1.1" 200 282975
201.245.192.253 - - [12/Nov/2021:10:52:58 -0500] "POST /sipse/faces/presentacion/financiero/solicitudProceso/listarSolicitudProceso.xhtml HTTP/1.1" 200 10245
186.148.168.245 - - [12/Nov/2021:10:53:00 -0500] "POST /sipse/faces/presentacion/financiero/solicitudAnulacion/registrarSolicitudAnulacion.xhtml HTTP/1.1" 200 19501
201.245.192.253 - - [12/Nov/2021:10:52:59 -0500] "POST /sipse/faces/presentacion/financiero/solicitudProceso/listarSolicitudProceso.xhtml HTTP/1.1" 200 155206
201.245.192.253 - - [12/Nov/2021:10:53:02 -0500] "GET /sipse/faces/javax.faces.resource/primefaces.css?ln=primefaces&v=4.0 HTTP/1.1" 304 -
201.245.192.253 - - [12/Nov/2021:10:53:02 -0500] "GET /sipse/faces/javax.faces.resource/theme.css?ln=primefaces-sipse HTTP/1.1" 304 -
201.245.192.253 - - [12/Nov/2021:10:53:02 -0500] "GET /sipse/faces/javax.faces.resource/layout/layout.css?ln=primefaces&v=4.0 HTTP/1.1" 304 -
201.245.192.253 - - [12/Nov/2021:10:53:02 -0500] "GET /sipse/faces/javax.faces.resource/jquery/jquery.js?ln=primefaces&v=4.0 HTTP/1.1" 304 -
201.245.192.253 - - [12/Nov/2021:10:53:02 -0500] "GET /sipse/faces/javax.faces.resource/jquery/jquery-plugins.js?ln=primefaces&v=4.0 HTTP/1.1" 304 -
201.245.192.253 - - [12/Nov/2021:10:53:02 -0500] "GET /sipse/faces/javax.faces.resource/primefaces.js?ln=primefaces&v=4.0 HTTP/1.1" 304 -
201.245.192.253 - - [12/Nov/2021:10:53:02 -0500] "GET /sipse/faces/javax.faces.resource/layout/layout.js?ln=primefaces&v=4.0 HTTP/1.1" 304 -
201.245.192.253 - - [12/Nov/2021:10:53:02 -0500] "GET /sipse/css/imagen/contrasena.png HTTP/1.1" 404 383
181.139.100.7 - - [12/Nov/2021:10:53:02 -0500] "POST /sipse/faces/presentacion/financiero/solicitudProceso/listarSolicitudProceso.xhtml HTTP/1.1" 200 7106
201.245.192.253 - - [12/Nov/2021:10:53:02 -0500] "GET /reportes_sipse/sdg/ServletReporte?reporte=experienia_idoneidad&solicitud=15398&pfdrid_c=false HTTP/1.1" 200 195939
186.148.168.245 - - [12/Nov/2021:10:53:03 -0500] "POST /sipse/faces/presentacion/financiero/solicitudAnulacion/registrarSolicitudAnulacion.xhtml HTTP/1.1" 200 19519
201.245.192.253 - - [12/Nov/2021:10:53:05 -0500] "POST /sipse/faces/presentacion/financiero/solicitudProceso/consultarSolicitudProceso.xhtml HTTP/1.1" 200 94229
186.148.168.245 - - [12/Nov/2021:10:53:05 -0500] "POST /sipse/faces/presentacion/financiero/solicitudAnulacion/registrarSolicitudAnulacion.xhtml HTTP/1.1" 200 40527
186.148.168.245 - - [12/Nov/2021:10:53:06 -0500] "GET /sipse/faces/javax.faces.resource/jquery/jquery.js?ln=primefaces&v=4.0 HTTP/1.1" 304 -
186.148.168.245 - - [12/Nov/2021:10:53:06 -0500] "GET /sipse/faces/javax.faces.resource/layout/layout.css?ln=primefaces&v=4.0 HTTP/1.1" 304 -
186.148.168.245 - - [12/Nov/2021:10:53:06 -0500] "GET /sipse/faces/javax.faces.resource/theme.css?ln=primefaces-sipse HTTP/1.1" 304 -
186.148.168.245 - - [12/Nov/2021:10:53:06 -0500] "GET /sipse/faces/javax.faces.resource/primefaces.css?ln=primefaces&v=4.0 HTTP/1.1" 304 -
186.148.168.245 - - [12/Nov/2021:10:53:06 -0500] "GET /sipse/faces/javax.faces.resource/jquery/jquery-plugins.js?ln=primefaces&v=4.0 HTTP/1.1" 304 -
186.148.168.245 - - [12/Nov/2021:10:53:06 -0500] "GET /sipse/faces/javax.faces.resource/primefaces.js?ln=primefaces&v=4.0 HTTP/1.1" 304 -
186.148.168.245 - - [12/Nov/2021:10:53:07 -0500] "GET /sipse/faces/javax.faces.resource/layout/layout.js?ln=primefaces&v=4.0 HTTP/1.1" 304 -
201.245.192.253 - - [12/Nov/2021:10:53:06 -0500] "POST /sipse/faces/presentacion/financiero/solicitudProceso/consultarSolicitudProceso.xhtml HTTP/1.1" 200 35751
201.245.192.253 - - [12/Nov/2021:10:53:07 -0500] "GET /sipse/faces/javax.faces.resource/primefaces.css?ln=primefaces&v=4.0 HTTP/1.1" 304 -
201.245.192.253 - - [12/Nov/2021:10:53:07 -0500] "GET /sipse/faces/javax.faces.resource/theme.css?ln=primefaces-sipse HTTP/1.1" 304 -
201.245.192.253 - - [12/Nov/2021:10:53:07 -0500] "GET /sipse/faces/javax.faces.resource/layout/layout.css?ln=primefaces&v=4.0 HTTP/1.1" 304 -
201.245.192.253 - - [12/Nov/2021:10:53:07 -0500] "GET /sipse/faces/javax.faces.resource/jquery/jquery.js?ln=primefaces&v=4.0 HTTP/1.1" 304 -
201.245.192.253 - - [12/Nov/2021:10:53:07 -0500] "GET /sipse/faces/javax.faces.resource/jquery/jquery-plugins.js?ln=primefaces&v=4.0 HTTP/1.1" 304 -
201.245.192.253 - - [12/Nov/2021:10:53:07 -0500] "GET /sipse/faces/javax.faces.resource/primefaces.js?ln=primefaces&v=4.0 HTTP/1.1" 304 -
201.245.192.253 - - [12/Nov/2021:10:53:07 -0500] "GET /sipse/faces/javax.faces.resource/layout/layout.js?ln=primefaces&v=4.0 HTTP/1.1" 304 -
201.245.192.253 - - [12/Nov/2021:10:53:07 -0500] "GET /sipse/css/imagen/contrasena.png HTTP/1.1" 404 383
201.245.192.253 - - [12/Nov/2021:10:53:07 -0500] "POST /sipse/faces/presentacion/financiero/solicitudProceso/listarSolicitudProceso.xhtml HTTP/1.1" 200 28991
201.245.192.253 - - [12/Nov/2021:10:53:08 -0500] "POST /sipse/faces/presentacion/financiero/solicitudProceso/listarSolicitudProceso.xhtml HTTP/1.1" 200 28991
201.245.192.253 - - [12/Nov/2021:10:53:08 -0500] "POST /sipse/faces/presentacion/financiero/solicitudProceso/listarSolicitudProceso.xhtml HTTP/1.1" 200 28991
201.245.192.253 - - [12/Nov/2021:10:53:09 -0500] "POST /sipse/faces/presentacion/financiero/solicitudProceso/listarSolicitudProceso.xhtml HTTP/1.1" 200 28991
186.148.168.245 - - [12/Nov/2021:10:53:09 -0500] "POST /sipse/faces/presentacion/financiero/solicitudProceso/consultar.xhtml HTTP/1.1" 200 12801
201.245.192.253 - - [12/Nov/2021:10:53:09 -0500] "POST /sipse/faces/presentacion/financiero/solicitudProceso/listarSolicitudProceso.xhtml HTTP/1.1" 200 28991
201.245.192.253 - - [12/Nov/2021:10:53:10 -0500] "POST /sipse/faces/presentacion/financiero/solicitudProceso/listarSolicitudProceso.xhtml HTTP/1.1" 200 28991
201.245.192.253 - - [12/Nov/2021:10:53:10 -0500] "POST /sipse/faces/presentacion/financiero/solicitudProceso/listarSolicitudProceso.xhtml HTTP/1.1" 200 28991
201.245.192.253 - - [12/Nov/2021:10:53:11 -0500] "POST /sipse/faces/presentacion/financiero/solicitudProceso/listarSolicitudProceso.xhtml HTTP/1.1" 200 28991
201.245.192.253 - - [12/Nov/2021:10:53:12 -0500] "POST /sipse/faces/presentacion/financiero/solicitudProceso/listarSolicitudProceso.xhtml HTTP/1.1" 200 28991
201.245.192.253 - - [12/Nov/2021:10:53:12 -0500] "POST /sipse/faces/presentacion/financiero/solicitudProceso/listarSolicitudProceso.xhtml HTTP/1.1" 200 28991
186.148.168.245 - - [12/Nov/2021:10:53:12 -0500] "POST /sipse/faces/presentacion/financiero/solicitudProceso/consultar.xhtml HTTP/1.1" 200 45090
186.148.168.245 - - [12/Nov/2021:10:53:13 -0500] "GET /sipse/faces/javax.faces.resource/layout/layout.css?ln=primefaces&v=4.0 HTTP/1.1" 304 -
186.148.168.245 - - [12/Nov/2021:10:53:13 -0500] "GET /sipse/faces/javax.faces.resource/primefaces.css?ln=primefaces&v=4.0 HTTP/1.1" 304 -
186.148.168.245 - - [12/Nov/2021:10:53:13 -0500] "GET /sipse/faces/javax.faces.resource/fileupload/fileupload.css?ln=primefaces&v=4.0 HTTP/1.1" 304 -
186.148.168.245 - - [12/Nov/2021:10:53:13 -0500] "GET /sipse/faces/javax.faces.resource/theme.css?ln=primefaces-sipse HTTP/1.1" 304 -
186.148.168.245 - - [12/Nov/2021:10:53:13 -0500] "GET /sipse/faces/javax.faces.resource/jquery/jquery.js?ln=primefaces&v=4.0 HTTP/1.1" 304 -
186.148.168.245 - - [12/Nov/2021:10:53:13 -0500] "GET /sipse/faces/javax.faces.resource/jquery/jquery-plugins.js?ln=primefaces&v=4.0 HTTP/1.1" 304 -
201.245.192.253 - - [12/Nov/2021:10:53:13 -0500] "POST /sipse/faces/presentacion/financiero/solicitudProceso/listarSolicitudProceso.xhtml HTTP/1.1" 200 28991
186.148.168.245 - - [12/Nov/2021:10:53:13 -0500] "GET /sipse/faces/javax.faces.resource/primefaces.js?ln=primefaces&v=4.0 HTTP/1.1" 304 -
186.148.168.245 - - [12/Nov/2021:10:53:13 -0500] "GET /sipse/faces/javax.faces.resource/layout/layout.js?ln=primefaces&v=4.0 HTTP/1.1" 304 -
186.148.168.245 - - [12/Nov/2021:10:53:13 -0500] "GET /sipse/faces/javax.faces.resource/fileupload/fileupload.js?ln=primefaces&v=4.0 HTTP/1.1" 304 -
201.245.192.253 - - [12/Nov/2021:10:53:13 -0500] "POST /sipse/faces/presentacion/financiero/solicitudProceso/listarSolicitudProceso.xhtml HTTP/1.1" 200 28991
201.245.192.253 - - [12/Nov/2021:10:53:14 -0500] "POST /sipse/faces/presentacion/financiero/solicitudProceso/listarSolicitudProceso.xhtml HTTP/1.1" 200 28991
201.245.192.253 - - [12/Nov/2021:10:53:14 -0500] "POST /sipse/faces/presentacion/financiero/solicitudProceso/listarSolicitudProceso.xhtml HTTP/1.1" 200 28991
201.245.192.253 - - [12/Nov/2021:10:53:15 -0500] "POST /sipse/faces/presentacion/financiero/solicitudProceso/listarSolicitudProceso.xhtml HTTP/1.1" 200 28991
201.245.192.253 - - [12/Nov/2021:10:53:16 -0500] "POST /sipse/faces/presentacion/financiero/solicitudProceso/listarSolicitudProceso.xhtml HTTP/1.1" 200 28991
201.245.192.253 - - [12/Nov/2021:10:53:16 -0500] "POST /sipse/faces/presentacion/financiero/solicitudProceso/listarSolicitudProceso.xhtml HTTP/1.1" 200 28991
201.245.192.253 - - [12/Nov/2021:10:53:17 -0500] "POST /sipse/faces/presentacion/financiero/solicitudProceso/listarSolicitudProceso.xhtml HTTP/1.1" 200 28991
201.245.192.253 - - [12/Nov/2021:10:53:17 -0500] "POST /sipse/faces/presentacion/financiero/solicitudProceso/listarSolicitudProceso.xhtml HTTP/1.1" 200 28991
190.27.245.107 - - [12/Nov/2021:10:53:18 -0500] "GET /sipse/ HTTP/1.1" 302 -
201.245.192.253 - - [12/Nov/2021:10:53:18 -0500] "POST /sipse/faces/presentacion/financiero/solicitudProceso/listarSolicitudProceso.xhtml HTTP/1.1" 200 28991
191.156.225.150 - - [12/Nov/2021:10:53:19 -0500] "GET /sipse/faces/autenticacion.xhtml HTTP/1.1" 200 12505
201.245.192.253 - - [12/Nov/2021:10:53:18 -0500] "POST /sipse/faces/presentacion/financiero/solicitudProceso/listarSolicitudProceso.xhtml HTTP/1.1" 200 28991
201.245.192.253 - - [12/Nov/2021:10:53:19 -0500] "POST /sipse/faces/presentacion/financiero/solicitudProceso/listarSolicitudProceso.xhtml HTTP/1.1" 200 28991
191.156.225.150 - - [12/Nov/2021:10:53:20 -0500] "GET /sipse/js/disable_browser_buttons.js HTTP/1.1" 200 3230
191.156.225.150 - - [12/Nov/2021:10:53:20 -0500] "GET /sipse/css/custom_css_sg.css HTTP/1.1" 200 9694
191.156.225.150 - - [12/Nov/2021:10:53:20 -0500] "GET /sipse/css/custom_css_sg_prime_login.css HTTP/1.1" 200 443
191.156.225.150 - - [12/Nov/2021:10:53:20 -0500] "GET /sipse/js/funciones.js HTTP/1.1" 200 12592
191.156.225.150 - - [12/Nov/2021:10:53:20 -0500] "GET /sipse/faces/javax.faces.resource/theme.css?ln=primefaces-sipse HTTP/1.1" 200 50058
191.156.225.150 - - [12/Nov/2021:10:53:20 -0500] "GET /sipse/faces/javax.faces.resource/layout/layout.css;jsessionid=wXPXtEiuQnh-TWYEuzCh-6wn.undefined?ln=primefaces&v=4.0 HTTP/1.1" 200 542
191.156.225.150 - - [12/Nov/2021:10:53:20 -0500] "GET /sipse/faces/javax.faces.resource/primefaces.css;jsessionid=wXPXtEiuQnh-TWYEuzCh-6wn.undefined?ln=primefaces&v=4.0 HTTP/1.1" 200 53295
191.156.225.150 - - [12/Nov/2021:10:53:20 -0500] "GET /sipse/faces/javax.faces.resource/jquery/jquery.js;jsessionid=wXPXtEiuQnh-TWYEuzCh-6wn.undefined?ln=primefaces&v=4.0 HTTP/1.1" 200 105384
191.156.225.150 - - [12/Nov/2021:10:53:21 -0500] "GET /sipse/faces/javax.faces.resource/layout/layout.js;jsessionid=wXPXtEiuQnh-TWYEuzCh-6wn.undefined?ln=primefaces&v=4.0 HTTP/1.1" 200 87560
191.156.225.150 - - [12/Nov/2021:10:53:20 -0500] "GET /sipse/faces/javax.faces.resource/primefaces.js;jsessionid=wXPXtEiuQnh-TWYEuzCh-6wn.undefined?ln=primefaces&v=4.0 HTTP/1.1" 200 276924
191.156.225.150 - - [12/Nov/2021:10:53:20 -0500] "GET /sipse/faces/javax.faces.resource/jquery/jquery-plugins.js;jsessionid=wXPXtEiuQnh-TWYEuzCh-6wn.undefined?ln=primefaces&v=4.0 HTTP/1.1" 200 220526
191.156.225.150 - - [12/Nov/2021:10:53:22 -0500] "GET /sipse/faces/javax.faces.resource/images/ui-icons_898989_256x240.png?ln=primefaces-aristo HTTP/1.1" 200 5355
191.156.225.150 - - [12/Nov/2021:10:53:22 -0500] "GET /favicon.ico HTTP/1.1" 200 7782
201.245.192.253 - - [12/Nov/2021:10:53:19 -0500] "POST /sipse/faces/presentacion/financiero/solicitudProceso/listarSolicitudProceso.xhtml HTTP/1.1" 200 1344
191.156.225.150 - - [12/Nov/2021:10:53:22 -0500] "GET /sipse/css/imagen/loginimg.png HTTP/1.1" 200 71635
191.156.225.150 - - [12/Nov/2021:10:53:22 -0500] "GET /sipse/css/imagen/logoSDG.png HTTP/1.1" 200 53064
181.139.100.7 - - [12/Nov/2021:10:53:23 -0500] "POST /sipse/faces/presentacion/financiero/solicitudProceso/listarSolicitudProceso.xhtml HTTP/1.1" 200 7080
191.156.225.150 - - [12/Nov/2021:10:53:24 -0500] "GET /sipse/faces/index.xhtml HTTP/1.1" 200 677
191.156.225.150 - - [12/Nov/2021:10:53:25 -0500] "GET /sipse/faces/javax.faces.resource/theme.css?ln=primefaces-sipse HTTP/1.1" 304 -
201.245.192.253 - - [12/Nov/2021:10:53:22 -0500] "POST /sipse/faces/presentacion/financiero/solicitudProceso/listarSolicitudProceso.xhtml HTTP/1.1" 200 1344
201.245.192.253 - - [12/Nov/2021:10:53:26 -0500] "POST /sipse/faces/presentacion/financiero/solicitudProceso/listarSolicitudProceso.xhtml HTTP/1.1" 200 1344
201.245.192.253 - - [12/Nov/2021:10:53:29 -0500] "POST /sipse/faces/presentacion/financiero/solicitudProceso/listarSolicitudProceso.xhtml HTTP/1.1" 200 1344
201.245.192.253 - - [12/Nov/2021:10:53:32 -0500] "POST /sipse/faces/presentacion/financiero/solicitudProceso/listarSolicitudProceso.xhtml HTTP/1.1" 200 1344
186.148.168.245 - - [12/Nov/2021:10:53:37 -0500] "POST /sipse/faces/presentacion/financiero/solicitudAnulacion/registrarSolicitudAnulacion.xhtml HTTP/1.1" 200 10204
201.245.192.253 - - [12/Nov/2021:10:53:35 -0500] "POST /sipse/faces/presentacion/financiero/solicitudProceso/listarSolicitudProceso.xhtml HTTP/1.1" 200 1344
190.27.245.107 - - [12/Nov/2021:10:53:39 -0500] "GET /sipse/ HTTP/1.1" 302 -
191.156.225.150 - - [12/Nov/2021:10:53:39 -0500] "GET /sipse/faces/autenticacion.xhtml HTTP/1.1" 200 12183
191.156.225.150 - - [12/Nov/2021:10:53:40 -0500] "GET /sipse/faces/javax.faces.resource/layout/layout.css?ln=primefaces&v=4.0 HTTP/1.1" 200 542
181.139.100.7 - - [12/Nov/2021:10:53:40 -0500] "POST /sipse/faces/presentacion/financiero/solicitudProceso/listarSolicitudProceso.xhtml HTTP/1.1" 200 7074
191.156.225.150 - - [12/Nov/2021:10:53:40 -0500] "GET /sipse/faces/javax.faces.resource/primefaces.css?ln=primefaces&v=4.0 HTTP/1.1" 200 53295
191.156.225.150 - - [12/Nov/2021:10:53:41 -0500] "GET /sipse/faces/javax.faces.resource/layout/layout.js?ln=primefaces&v=4.0 HTTP/1.1" 200 87560
191.156.225.150 - - [12/Nov/2021:10:53:40 -0500] "GET /sipse/faces/javax.faces.resource/jquery/jquery.js?ln=primefaces&v=4.0 HTTP/1.1" 200 105384
191.156.225.150 - - [12/Nov/2021:10:53:42 -0500] "GET /sipse/faces/javax.faces.resource/theme.css?ln=primefaces-sipse HTTP/1.1" 304 -
201.245.192.253 - - [12/Nov/2021:10:53:39 -0500] "POST /sipse/faces/presentacion/financiero/solicitudProceso/listarSolicitudProceso.xhtml HTTP/1.1" 200 1344
191.156.225.150 - - [12/Nov/2021:10:53:40 -0500] "GET /sipse/faces/javax.faces.resource/primefaces.js?ln=primefaces&v=4.0 HTTP/1.1" 200 276924
191.156.225.150 - - [12/Nov/2021:10:53:40 -0500] "GET /sipse/faces/javax.faces.resource/jquery/jquery-plugins.js?ln=primefaces&v=4.0 HTTP/1.1" 200 220526
191.156.225.150 - - [12/Nov/2021:10:53:44 -0500] "GET /sipse/faces/javax.faces.resource/images/ui-icons_898989_256x240.png?ln=primefaces-aristo HTTP/1.1" 304 -
191.156.225.150 - - [12/Nov/2021:10:53:44 -0500] "GET /sipse/faces/index.xhtml HTTP/1.1" 200 677
191.156.225.150 - - [12/Nov/2021:10:53:44 -0500] "GET /sipse/faces/javax.faces.resource/theme.css?ln=primefaces-sipse HTTP/1.1" 304 -
201.245.192.253 - - [12/Nov/2021:10:53:42 -0500] "POST /sipse/faces/presentacion/financiero/solicitudProceso/listarSolicitudProceso.xhtml HTTP/1.1" 200 1344
201.245.192.253 - - [12/Nov/2021:10:53:46 -0500] "POST /sipse/faces/presentacion/financiero/solicitudProceso/consultarSolicitudProceso.xhtml HTTP/1.1" 200 9585
161.18.117.68 - - [12/Nov/2021:10:53:47 -0500] "POST /sipse/faces/presentacion/financiero/solicitudProceso/consultarSolicitudProceso.xhtml HTTP/1.1" 200 21978
191.156.225.150 - - [12/Nov/2021:10:53:47 -0500] "GET /sipse/faces/faces/autenticacion.xhtml HTTP/1.1" 200 12183
161.18.117.68 - - [12/Nov/2021:10:53:48 -0500] "GET /sipse/faces/javax.faces.resource/theme.css?ln=primefaces-sipse HTTP/1.1" 304 -
161.18.117.68 - - [12/Nov/2021:10:53:48 -0500] "GET /sipse/faces/javax.faces.resource/primefaces.css?ln=primefaces&v=4.0 HTTP/1.1" 304 -
161.18.117.68 - - [12/Nov/2021:10:53:48 -0500] "GET /sipse/faces/javax.faces.resource/fileupload/fileupload.css?ln=primefaces&v=4.0 HTTP/1.1" 304 -
161.18.117.68 - - [12/Nov/2021:10:53:48 -0500] "GET /sipse/faces/javax.faces.resource/layout/layout.css?ln=primefaces&v=4.0 HTTP/1.1" 304 -
161.18.117.68 - - [12/Nov/2021:10:53:48 -0500] "GET /sipse/faces/javax.faces.resource/jquery/jquery-plugins.js?ln=primefaces&v=4.0 HTTP/1.1" 304 -
161.18.117.68 - - [12/Nov/2021:10:53:48 -0500] "GET /sipse/faces/javax.faces.resource/jquery/jquery.js?ln=primefaces&v=4.0 HTTP/1.1" 304 -
161.18.117.68 - - [12/Nov/2021:10:53:48 -0500] "GET /sipse/faces/javax.faces.resource/primefaces.js?ln=primefaces&v=4.0 HTTP/1.1" 304 -
161.18.117.68 - - [12/Nov/2021:10:53:48 -0500] "GET /sipse/faces/javax.faces.resource/layout/layout.js?ln=primefaces&v=4.0 HTTP/1.1" 304 -
161.18.117.68 - - [12/Nov/2021:10:53:48 -0500] "GET /sipse/faces/javax.faces.resource/fileupload/fileupload.js?ln=primefaces&v=4.0 HTTP/1.1" 304 -
161.18.117.68 - - [12/Nov/2021:10:53:48 -0500] "GET /sipse/css/imagen/contrasena.png HTTP/1.1" 404 383
161.18.117.68 - - [12/Nov/2021:10:53:48 -0500] "GET /sipse/faces/javax.faces.resource/images/ui-icons_898989_256x240.png?ln=primefaces-aristo HTTP/1.1" 304 -
191.156.225.150 - - [12/Nov/2021:10:53:49 -0500] "GET /sipse/faces/javax.faces.resource/theme.css?ln=primefaces-sipse HTTP/1.1" 304 -
191.156.225.150 - - [12/Nov/2021:10:53:49 -0500] "GET /sipse/faces/javax.faces.resource/layout/layout.css?ln=primefaces&v=4.0 HTTP/1.1" 304 -
191.156.225.150 - - [12/Nov/2021:10:53:49 -0500] "GET /sipse/faces/javax.faces.resource/jquery/jquery-plugins.js?ln=primefaces&v=4.0 HTTP/1.1" 304 -
191.156.225.150 - - [12/Nov/2021:10:53:49 -0500] "GET /sipse/faces/javax.faces.resource/primefaces.css?ln=primefaces&v=4.0 HTTP/1.1" 304 -
191.156.225.150 - - [12/Nov/2021:10:53:49 -0500] "GET /sipse/faces/javax.faces.resource/jquery/jquery.js?ln=primefaces&v=4.0 HTTP/1.1" 304 -
191.156.225.150 - - [12/Nov/2021:10:53:49 -0500] "GET /sipse/faces/javax.faces.resource/primefaces.js?ln=primefaces&v=4.0 HTTP/1.1" 304 -
191.156.225.150 - - [12/Nov/2021:10:53:49 -0500] "GET /sipse/faces/javax.faces.resource/layout/layout.js?ln=primefaces&v=4.0 HTTP/1.1" 304 -
201.245.192.253 - - [12/Nov/2021:10:53:49 -0500] "GET /catalogoisis/ HTTP/1.1" 200 8575
191.156.225.150 - - [12/Nov/2021:10:53:49 -0500] "GET /sipse/faces/javax.faces.resource/images/ui-icons_898989_256x240.png?ln=primefaces-aristo HTTP/1.1" 304 -
191.156.225.150 - - [12/Nov/2021:10:53:49 -0500] "GET /sipse/faces/faces/index.xhtml HTTP/1.1" 200 677
201.245.192.253 - - [12/Nov/2021:10:53:45 -0500] "POST /sipse/faces/presentacion/financiero/solicitudProceso/listarSolicitudProceso.xhtml HTTP/1.1" 200 1344
201.245.192.253 - - [12/Nov/2021:10:53:49 -0500] "POST /sipse/faces/presentacion/financiero/solicitudProceso/consultarSolicitudProceso.xhtml HTTP/1.1" 200 33415
201.245.192.253 - - [12/Nov/2021:10:53:50 -0500] "GET /sipse/faces/javax.faces.resource/theme.css?ln=primefaces-sipse HTTP/1.1" 304 -
201.245.192.253 - - [12/Nov/2021:10:53:50 -0500] "GET /sipse/faces/javax.faces.resource/primefaces.css?ln=primefaces&v=4.0 HTTP/1.1" 304 -
201.245.192.253 - - [12/Nov/2021:10:53:50 -0500] "GET /sipse/faces/javax.faces.resource/layout/layout.css?ln=primefaces&v=4.0 HTTP/1.1" 304 -
201.245.192.253 - - [12/Nov/2021:10:53:50 -0500] "GET /sipse/faces/javax.faces.resource/jquery/jquery.js?ln=primefaces&v=4.0 HTTP/1.1" 304 -
201.245.192.253 - - [12/Nov/2021:10:53:50 -0500] "GET /sipse/faces/javax.faces.resource/jquery/jquery-plugins.js?ln=primefaces&v=4.0 HTTP/1.1" 304 -
201.245.192.253 - - [12/Nov/2021:10:53:50 -0500] "GET /sipse/faces/javax.faces.resource/primefaces.js?ln=primefaces&v=4.0 HTTP/1.1" 304 -
201.245.192.253 - - [12/Nov/2021:10:53:50 -0500] "GET /sipse/faces/javax.faces.resource/layout/layout.js?ln=primefaces&v=4.0 HTTP/1.1" 304 -
201.245.192.253 - - [12/Nov/2021:10:53:50 -0500] "GET /sipse/css/imagen/contrasena.png HTTP/1.1" 404 383
201.245.192.253 - - [12/Nov/2021:10:53:50 -0500] "POST /sipse/faces/presentacion/sistema/reporte/listarReportes.xhtml HTTP/1.1" 200 26717
191.156.225.150 - - [12/Nov/2021:10:53:51 -0500] "GET /sipse/faces/javax.faces.resource/theme.css?ln=primefaces-sipse HTTP/1.1" 304 -
201.245.192.253 - - [12/Nov/2021:10:53:51 -0500] "POST /sipse/faces/presentacion/sistema/reporte/listarReportes.xhtml HTTP/1.1" 200 26717
191.156.225.150 - - [12/Nov/2021:10:53:51 -0500] "GET /sipse/faces/faces/faces/autenticacion.xhtml HTTP/1.1" 200 12183
201.245.192.253 - - [12/Nov/2021:10:53:51 -0500] "POST /sipse/faces/presentacion/sistema/reporte/listarReportes.xhtml HTTP/1.1" 200 26717
201.245.192.253 - - [12/Nov/2021:10:53:51 -0500] "POST /sipse/faces/presentacion/sistema/reporte/listarReportes.xhtml HTTP/1.1" 200 26717
191.156.225.150 - - [12/Nov/2021:10:53:52 -0500] "GET /sipse/faces/javax.faces.resource/theme.css?ln=primefaces-sipse HTTP/1.1" 304 -
191.156.225.150 - - [12/Nov/2021:10:53:52 -0500] "GET /sipse/faces/javax.faces.resource/primefaces.css?ln=primefaces&v=4.0 HTTP/1.1" 304 -
191.156.225.150 - - [12/Nov/2021:10:53:52 -0500] "GET /sipse/faces/javax.faces.resource/layout/layout.css?ln=primefaces&v=4.0 HTTP/1.1" 304 -
191.156.225.150 - - [12/Nov/2021:10:53:52 -0500] "GET /sipse/faces/javax.faces.resource/jquery/jquery.js?ln=primefaces&v=4.0 HTTP/1.1" 304 -
191.156.225.150 - - [12/Nov/2021:10:53:52 -0500] "GET /sipse/faces/javax.faces.resource/jquery/jquery-plugins.js?ln=primefaces&v=4.0 HTTP/1.1" 304 -
201.245.192.253 - - [12/Nov/2021:10:53:52 -0500] "POST /sipse/faces/presentacion/sistema/reporte/listarReportes.xhtml HTTP/1.1" 200 26717
191.156.225.150 - - [12/Nov/2021:10:53:52 -0500] "GET /sipse/faces/javax.faces.resource/primefaces.js?ln=primefaces&v=4.0 HTTP/1.1" 304 -
191.156.225.150 - - [12/Nov/2021:10:53:52 -0500] "GET /sipse/faces/javax.faces.resource/layout/layout.js?ln=primefaces&v=4.0 HTTP/1.1" 304 -
191.156.225.150 - - [12/Nov/2021:10:53:53 -0500] "GET /sipse/faces/javax.faces.resource/images/ui-icons_898989_256x240.png?ln=primefaces-aristo HTTP/1.1" 304 -
201.245.192.253 - - [12/Nov/2021:10:53:49 -0500] "POST /sipse/faces/presentacion/financiero/solicitudProceso/listarSolicitudProceso.xhtml HTTP/1.1" 200 1344
201.245.192.253 - - [12/Nov/2021:10:53:54 -0500] "POST /sipse/faces/presentacion/financiero/solicitudProceso/listarSolicitudProceso.xhtml HTTP/1.1" 200 1344
201.245.192.253 - - [12/Nov/2021:10:53:57 -0500] "POST /sipse/faces/presentacion/sistema/reporte/listarReportes.xhtml HTTP/1.1" 200 23074
201.245.192.253 - - [12/Nov/2021:10:53:57 -0500] "GET /sipse/faces/javax.faces.resource/theme.css?ln=primefaces-sipse HTTP/1.1" 304 -
201.245.192.253 - - [12/Nov/2021:10:53:57 -0500] "GET /sipse/faces/javax.faces.resource/layout/layout.css?ln=primefaces&v=4.0 HTTP/1.1" 304 -
201.245.192.253 - - [12/Nov/2021:10:53:57 -0500] "GET /sipse/faces/javax.faces.resource/primefaces.css?ln=primefaces&v=4.0 HTTP/1.1" 304 -
201.245.192.253 - - [12/Nov/2021:10:53:57 -0500] "GET /sipse/faces/javax.faces.resource/jquery/jquery.js?ln=primefaces&v=4.0 HTTP/1.1" 304 -
201.245.192.253 - - [12/Nov/2021:10:53:57 -0500] "GET /sipse/faces/javax.faces.resource/jquery/jquery-plugins.js?ln=primefaces&v=4.0 HTTP/1.1" 304 -
201.245.192.253 - - [12/Nov/2021:10:53:57 -0500] "GET /sipse/faces/javax.faces.resource/primefaces.js?ln=primefaces&v=4.0 HTTP/1.1" 304 -
201.245.192.253 - - [12/Nov/2021:10:53:57 -0500] "GET /sipse/faces/javax.faces.resource/layout/layout.js?ln=primefaces&v=4.0 HTTP/1.1" 304 -
201.245.192.253 - - [12/Nov/2021:10:53:57 -0500] "GET /reportes_sipse/sdg/ServletReporte?reporte=no_hay HTTP/1.1" 200 5373
201.245.192.253 - - [12/Nov/2021:10:53:57 -0500] "GET /reportes_sipse/css/estilos.css HTTP/1.1" 304 -
201.245.192.253 - - [12/Nov/2021:10:53:57 -0500] "GET /reportes_sipse/js/date-picker.js HTTP/1.1" 304 -
201.245.192.253 - - [12/Nov/2021:10:53:57 -0500] "GET /reportes_sipse/js/funciones.js HTTP/1.1" 304 -
201.245.192.253 - - [12/Nov/2021:10:53:57 -0500] "GET /reportes_sipse/imagenes/logoAplicacion.jpg HTTP/1.1" 304 -
201.245.192.253 - - [12/Nov/2021:10:53:57 -0500] "GET /reportes_sipse/imagenes/pdf.gif HTTP/1.1" 304 -
201.245.192.253 - - [12/Nov/2021:10:53:57 -0500] "GET /reportes_sipse/imagenes/excel.gif HTTP/1.1" 304 -
201.245.192.253 - - [12/Nov/2021:10:53:57 -0500] "GET /reportes_sipse/imagenes/fondo.jpg HTTP/1.1" 304 -
201.245.192.253 - - [12/Nov/2021:10:53:57 -0500] "POST /sipse/faces/presentacion/financiero/solicitudProceso/listarSolicitudProceso.xhtml HTTP/1.1" 200 1344
201.245.192.253 - - [12/Nov/2021:10:54:00 -0500] "POST /sipse/faces/presentacion/financiero/solicitudProceso/listarSolicitudProceso.xhtml HTTP/1.1" 200 1344
201.245.192.253 - - [12/Nov/2021:10:54:04 -0500] "POST /reportes_sipse/sdg/ServletControlador HTTP/1.1" 200 149833
201.245.192.253 - - [12/Nov/2021:10:54:04 -0500] "POST /sipse/faces/presentacion/financiero/solicitudProceso/listarSolicitudProceso.xhtml HTTP/1.1" 200 1344
201.245.192.253 - - [12/Nov/2021:10:54:07 -0500] "POST /sipse/faces/presentacion/financiero/solicitudProceso/listarSolicitudProceso.xhtml HTTP/1.1" 200 1344
201.245.192.253 - - [12/Nov/2021:10:54:10 -0500] "POST /sipse/faces/presentacion/financiero/solicitudProceso/listarSolicitudProceso.xhtml HTTP/1.1" 200 1344
201.245.192.253 - - [12/Nov/2021:10:54:13 -0500] "POST /sipse/faces/presentacion/financiero/solicitudProceso/listarSolicitudProceso.xhtml HTTP/1.1" 200 1344
191.156.225.150 - - [12/Nov/2021:10:54:17 -0500] "POST /sipse/faces/autenticacion.xhtml HTTP/1.1" 200 11236
191.156.225.150 - - [12/Nov/2021:10:54:18 -0500] "GET /sipse/css/custom_css_sg_prime.css HTTP/1.1" 200 5201
181.49.187.134 - - [12/Nov/2021:10:54:18 -0500] "GET /sipse/faces/faces/faces/autenticacion.xhtml HTTP/1.1" 200 12505
191.156.225.150 - - [12/Nov/2021:10:54:18 -0500] "GET /sipse/faces/javax.faces.resource/layout/layout.css?ln=primefaces&v=4.0 HTTP/1.1" 304 -
191.156.225.150 - - [12/Nov/2021:10:54:18 -0500] "GET /sipse/faces/javax.faces.resource/theme.css?ln=primefaces-sipse HTTP/1.1" 304 -
191.156.225.150 - - [12/Nov/2021:10:54:18 -0500] "GET /sipse/faces/javax.faces.resource/primefaces.css?ln=primefaces&v=4.0 HTTP/1.1" 304 -
191.156.225.150 - - [12/Nov/2021:10:54:18 -0500] "GET /sipse/faces/javax.faces.resource/jquery/jquery.js?ln=primefaces&v=4.0 HTTP/1.1" 304 -
181.49.187.134 - - [12/Nov/2021:10:54:18 -0500] "GET /sipse/js/funciones.js HTTP/1.1" 200 12592
181.49.187.134 - - [12/Nov/2021:10:54:18 -0500] "GET /sipse/css/custom_css_sg_prime_login.css HTTP/1.1" 200 443
181.49.187.134 - - [12/Nov/2021:10:54:18 -0500] "GET /sipse/js/disable_browser_buttons.js HTTP/1.1" 200 3230
181.49.187.134 - - [12/Nov/2021:10:54:18 -0500] "GET /sipse/css/custom_css_sg.css HTTP/1.1" 200 9694
181.49.187.134 - - [12/Nov/2021:10:54:18 -0500] "GET /sipse/faces/javax.faces.resource/primefaces.css;jsessionid=3YL4hVlQoOvNIivrVTxbPqG3.undefined?ln=primefaces&v=4.0 HTTP/1.1" 200 53295
181.49.187.134 - - [12/Nov/2021:10:54:19 -0500] "GET /sipse/faces/javax.faces.resource/theme.css?ln=primefaces-sipse HTTP/1.1" 200 50058
181.49.187.134 - - [12/Nov/2021:10:54:19 -0500] "GET /sipse/faces/javax.faces.resource/jquery/jquery.js;jsessionid=3YL4hVlQoOvNIivrVTxbPqG3.undefined?ln=primefaces&v=4.0 HTTP/1.1" 200 105384
191.156.225.150 - - [12/Nov/2021:10:54:19 -0500] "GET /sipse/faces/javax.faces.resource/jquery/jquery-plugins.js?ln=primefaces&v=4.0 HTTP/1.1" 304 -
181.49.187.134 - - [12/Nov/2021:10:54:19 -0500] "GET /sipse/faces/javax.faces.resource/layout/layout.css;jsessionid=3YL4hVlQoOvNIivrVTxbPqG3.undefined?ln=primefaces&v=4.0 HTTP/1.1" 200 542
181.49.187.134 - - [12/Nov/2021:10:54:19 -0500] "GET /sipse/faces/javax.faces.resource/jquery/jquery-plugins.js;jsessionid=3YL4hVlQoOvNIivrVTxbPqG3.undefined?ln=primefaces&v=4.0 HTTP/1.1" 200 220526
181.49.187.134 - - [12/Nov/2021:10:54:19 -0500] "GET /sipse/faces/javax.faces.resource/layout/layout.js;jsessionid=3YL4hVlQoOvNIivrVTxbPqG3.undefined?ln=primefaces&v=4.0 HTTP/1.1" 200 87560
181.49.187.134 - - [12/Nov/2021:10:54:19 -0500] "GET /sipse/faces/javax.faces.resource/primefaces.js;jsessionid=3YL4hVlQoOvNIivrVTxbPqG3.undefined?ln=primefaces&v=4.0 HTTP/1.1" 200 276924
191.156.225.150 - - [12/Nov/2021:10:54:19 -0500] "GET /sipse/faces/javax.faces.resource/primefaces.js?ln=primefaces&v=4.0 HTTP/1.1" 304 -
191.156.225.150 - - [12/Nov/2021:10:54:19 -0500] "GET /sipse/faces/javax.faces.resource/layout/layout.js?ln=primefaces&v=4.0 HTTP/1.1" 304 -
181.49.187.134 - - [12/Nov/2021:10:54:19 -0500] "GET /sipse/faces/javax.faces.resource/images/ui-icons_898989_256x240.png?ln=primefaces-aristo HTTP/1.1" 200 5355
181.49.187.134 - - [12/Nov/2021:10:54:19 -0500] "GET /sipse/css/imagen/logoSDG.png HTTP/1.1" 200 53064
181.49.187.134 - - [12/Nov/2021:10:54:19 -0500] "GET /sipse/css/imagen/loginimg.png HTTP/1.1" 200 71635
191.156.225.150 - - [12/Nov/2021:10:54:20 -0500] "GET /sipse/faces/javax.faces.resource/images/ui-icons_898989_256x240.png?ln=primefaces-aristo HTTP/1.1" 304 -
201.245.192.253 - - [12/Nov/2021:10:54:17 -0500] "POST /sipse/faces/presentacion/financiero/solicitudProceso/listarSolicitudProceso.xhtml HTTP/1.1" 200 1344
181.49.187.134 - - [12/Nov/2021:10:54:20 -0500] "GET /sipse/faces/faces/faces/index.xhtml HTTP/1.1" 200 677
191.156.225.150 - - [12/Nov/2021:10:54:20 -0500] "GET /sipse/faces/javax.faces.resource/messages/messages.png?ln=primefaces&v=4.0 HTTP/1.1" 200 27209
181.49.187.134 - - [12/Nov/2021:10:54:21 -0500] "GET /sipse/faces/faces/faces/faces/autenticacion.xhtml HTTP/1.1" 200 12183
181.49.187.134 - - [12/Nov/2021:10:54:22 -0500] "GET /sipse/faces/javax.faces.resource/layout/layout.css?ln=primefaces&v=4.0 HTTP/1.1" 200 542
181.49.187.134 - - [12/Nov/2021:10:54:22 -0500] "GET /sipse/faces/javax.faces.resource/jquery/jquery-plugins.js?ln=primefaces&v=4.0 HTTP/1.1" 200 220526
181.49.187.134 - - [12/Nov/2021:10:54:22 -0500] "GET /sipse/faces/javax.faces.resource/primefaces.js?ln=primefaces&v=4.0 HTTP/1.1" 200 276924
181.49.187.134 - - [12/Nov/2021:10:54:22 -0500] "GET /sipse/faces/javax.faces.resource/primefaces.css?ln=primefaces&v=4.0 HTTP/1.1" 200 53295
181.49.187.134 - - [12/Nov/2021:10:54:22 -0500] "GET /sipse/faces/javax.faces.resource/layout/layout.js?ln=primefaces&v=4.0 HTTP/1.1" 200 87560
181.49.187.134 - - [12/Nov/2021:10:54:22 -0500] "GET /sipse/faces/javax.faces.resource/jquery/jquery.js?ln=primefaces&v=4.0 HTTP/1.1" 200 105384
201.245.192.253 - - [12/Nov/2021:10:54:20 -0500] "POST /sipse/faces/presentacion/financiero/solicitudProceso/listarSolicitudProceso.xhtml HTTP/1.1" 200 1344
181.49.187.134 - - [12/Nov/2021:10:54:24 -0500] "GET /sipse/faces/faces/faces/faces/index.xhtml HTTP/1.1" 200 677
181.49.187.134 - - [12/Nov/2021:10:54:25 -0500] "GET /sipse/faces/faces/faces/faces/faces/autenticacion.xhtml HTTP/1.1" 200 12183
191.156.225.150 - - [12/Nov/2021:10:54:26 -0500] "GET /sipse/faces/javax.faces.resource/images/ui-icons_898989_256x240.png?ln=primefaces-aristo HTTP/1.1" 304 -
201.245.192.253 - - [12/Nov/2021:10:54:23 -0500] "POST /sipse/faces/presentacion/financiero/solicitudProceso/listarSolicitudProceso.xhtml HTTP/1.1" 200 1344
181.49.187.134 - - [12/Nov/2021:10:54:27 -0500] "GET /sipse/faces/faces/faces/faces/faces/index.xhtml HTTP/1.1" 200 677
191.156.225.150 - - [12/Nov/2021:10:54:27 -0500] "POST /sipse/faces/presentacion/sistema/seguridad/seleccionRol.xhtml HTTP/1.1" 200 5600
181.49.187.134 - - [12/Nov/2021:10:54:28 -0500] "GET /sipse/faces/faces/faces/faces/faces/faces/autenticacion.xhtml HTTP/1.1" 200 12183
181.49.187.134 - - [12/Nov/2021:10:54:29 -0500] "GET /sipse/faces/faces/faces/faces/faces/faces/index.xhtml HTTP/1.1" 200 677
161.18.117.68 - - [12/Nov/2021:10:54:30 -0500] "GET /sipse/faces/javax.faces.resource/theme.css?ln=primefaces-sipse HTTP/1.1" 304 -
161.18.117.68 - - [12/Nov/2021:10:54:30 -0500] "GET /sipse/faces/javax.faces.resource/primefaces.css?ln=primefaces&v=4.0 HTTP/1.1" 304 -
161.18.117.68 - - [12/Nov/2021:10:54:30 -0500] "GET /sipse/faces/javax.faces.resource/layout/layout.css?ln=primefaces&v=4.0 HTTP/1.1" 304 -
161.18.117.68 - - [12/Nov/2021:10:54:30 -0500] "GET /sipse/faces/javax.faces.resource/jquery/jquery.js?ln=primefaces&v=4.0 HTTP/1.1" 304 -
161.18.117.68 - - [12/Nov/2021:10:54:30 -0500] "GET /sipse/faces/javax.faces.resource/jquery/jquery-plugins.js?ln=primefaces&v=4.0 HTTP/1.1" 304 -
161.18.117.68 - - [12/Nov/2021:10:54:30 -0500] "GET /sipse/faces/javax.faces.resource/primefaces.js?ln=primefaces&v=4.0 HTTP/1.1" 304 -
161.18.117.68 - - [12/Nov/2021:10:54:30 -0500] "GET /sipse/faces/javax.faces.resource/layout/layout.js?ln=primefaces&v=4.0 HTTP/1.1" 304 -
161.18.117.68 - - [12/Nov/2021:10:54:30 -0500] "GET /sipse/faces/javax.faces.resource/images/ui-icons_898989_256x240.png?ln=primefaces-aristo HTTP/1.1" 304 -
161.18.117.68 - - [12/Nov/2021:10:54:30 -0500] "GET /sipse/css/imagen/contrasena.png HTTP/1.1" 404 383
181.49.187.134 - - [12/Nov/2021:10:54:30 -0500] "GET /sipse/faces/faces/faces/faces/faces/faces/faces/autenticacion.xhtml HTTP/1.1" 200 12183
161.18.117.68 - - [12/Nov/2021:10:54:26 -0500] "POST /sipse/faces/presentacion/sistema/anexos/cargarAnexoSolicitudProceso.xhtml HTTP/1.1" 200 208744
201.245.192.253 - - [12/Nov/2021:10:54:27 -0500] "POST /sipse/faces/presentacion/financiero/solicitudProceso/listarSolicitudProceso.xhtml HTTP/1.1" 200 1344
161.18.117.68 - - [12/Nov/2021:10:54:31 -0500] "GET /reportes_sipse/sdg/ServletReporte?reporte=experienia_idoneidad&solicitud=15398&pfdrid_c=false HTTP/1.1" 200 195939
181.49.187.134 - - [12/Nov/2021:10:54:32 -0500] "GET /sipse/faces/faces/faces/faces/faces/faces/faces/index.xhtml HTTP/1.1" 200 677
191.156.225.150 - - [12/Nov/2021:10:54:30 -0500] "POST /sipse/faces/presentacion/sistema/seguridad/seleccionRol.xhtml HTTP/1.1" 200 17247
191.156.225.150 - - [12/Nov/2021:10:54:33 -0500] "GET /sipse/faces/javax.faces.resource/theme.css?ln=primefaces-sipse HTTP/1.1" 304 -
191.156.225.150 - - [12/Nov/2021:10:54:33 -0500] "GET /sipse/faces/javax.faces.resource/primefaces.css?ln=primefaces&v=4.0 HTTP/1.1" 304 -
191.156.225.150 - - [12/Nov/2021:10:54:33 -0500] "GET /sipse/faces/javax.faces.resource/layout/layout.css?ln=primefaces&v=4.0 HTTP/1.1" 304 -
181.139.100.7 - - [12/Nov/2021:10:54:33 -0500] "POST /sipse/faces/presentacion/financiero/solicitudProceso/listarSolicitudProceso.xhtml HTTP/1.1" 200 7075
181.49.187.134 - - [12/Nov/2021:10:54:33 -0500] "GET /sipse/faces/faces/faces/faces/faces/faces/faces/faces/autenticacion.xhtml HTTP/1.1" 200 12183
181.49.187.134 - - [12/Nov/2021:10:54:34 -0500] "GET /sipse/faces/faces/faces/faces/faces/faces/faces/faces/index.xhtml HTTP/1.1" 200 677
201.245.192.253 - - [12/Nov/2021:10:54:31 -0500] "POST /sipse/faces/presentacion/financiero/solicitudProceso/listarSolicitudProceso.xhtml HTTP/1.1" 200 1344
191.156.225.150 - - [12/Nov/2021:10:54:33 -0500] "GET /sipse/js/jquery.min.js HTTP/1.1" 200 85582
181.49.187.134 - - [12/Nov/2021:10:54:35 -0500] "GET /sipse/faces/faces/faces/faces/faces/faces/faces/faces/faces/autenticacion.xhtml HTTP/1.1" 200 12183
190.125.150.78 - - [12/Nov/2021:10:54:34 -0500] "POST /sipse/faces/presentacion/financiero/solicitudProceso/listarSolicitudProceso.xhtml HTTP/1.1" 200 12827
181.49.187.134 - - [12/Nov/2021:10:54:36 -0500] "GET /sipse/faces/faces/faces/faces/faces/faces/faces/faces/faces/index.xhtml HTTP/1.1" 200 677
190.125.150.78 - - [12/Nov/2021:10:54:36 -0500] "POST /sipse/faces/presentacion/financiero/solicitudProceso/listarSolicitudProceso.xhtml HTTP/1.1" 200 12827
181.49.187.134 - - [12/Nov/2021:10:54:37 -0500] "GET /sipse/faces/faces/faces/faces/faces/faces/faces/faces/faces/faces/autenticacion.xhtml HTTP/1.1" 200 12183
190.125.150.78 - - [12/Nov/2021:10:54:37 -0500] "POST /sipse/faces/presentacion/financiero/solicitudProceso/listarSolicitudProceso.xhtml HTTP/1.1" 200 12827
201.245.192.253 - - [12/Nov/2021:10:54:35 -0500] "POST /sipse/faces/presentacion/financiero/solicitudProceso/listarSolicitudProceso.xhtml HTTP/1.1" 200 1344
181.49.187.134 - - [12/Nov/2021:10:54:39 -0500] "GET /sipse/faces/faces/faces/faces/faces/faces/faces/faces/faces/faces/index.xhtml HTTP/1.1" 200 677
181.49.187.134 - - [12/Nov/2021:10:54:40 -0500] "GET /sipse/faces/faces/faces/faces/faces/faces/faces/faces/faces/faces/faces/autenticacion.xhtml HTTP/1.1" 200 12183
186.148.168.245 - - [12/Nov/2021:10:54:40 -0500] "POST /sipse/faces/presentacion/financiero/solicitudAnulacion/registrarSolicitudAnulacion.xhtml HTTP/1.1" 200 3785
191.156.225.150 - - [12/Nov/2021:10:54:41 -0500] "GET /sipse/faces/javax.faces.resource/jquery/jquery.js?ln=primefaces&v=4.0 HTTP/1.1" 304 -
181.49.187.134 - - [12/Nov/2021:10:54:41 -0500] "GET /sipse/faces/faces/faces/faces/faces/faces/faces/faces/faces/faces/faces/index.xhtml HTTP/1.1" 200 677
191.156.225.150 - - [12/Nov/2021:10:54:41 -0500] "GET /sipse/faces/javax.faces.resource/jquery/jquery-plugins.js?ln=primefaces&v=4.0 HTTP/1.1" 304 -
191.156.225.150 - - [12/Nov/2021:10:54:41 -0500] "GET /sipse/faces/javax.faces.resource/primefaces.js?ln=primefaces&v=4.0 HTTP/1.1" 304 -
191.156.225.150 - - [12/Nov/2021:10:54:41 -0500] "GET /sipse/faces/javax.faces.resource/layout/layout.js?ln=primefaces&v=4.0 HTTP/1.1" 304 -
191.156.225.150 - - [12/Nov/2021:10:54:42 -0500] "GET /sipse/css/imagen/contrasena.png HTTP/1.1" 404 383
191.156.225.150 - - [12/Nov/2021:10:54:42 -0500] "GET /sipse/faces/javax.faces.resource/images/ui-icons_898989_256x240.png?ln=primefaces-aristo HTTP/1.1" 304 -
181.49.187.134 - - [12/Nov/2021:10:54:42 -0500] "GET /sipse/faces/faces/faces/faces/faces/faces/faces/faces/faces/faces/faces/faces/autenticacion.xhtml HTTP/1.1" 200 12183
191.156.225.150 - - [12/Nov/2021:10:54:42 -0500] "GET /sipse/faces/javax.faces.resource/images/ui-bg_flat_0_2d5972_40x100.png?ln=primefaces-aristo HTTP/1.1" 200 183
191.156.225.150 - - [12/Nov/2021:10:54:42 -0500] "POST /sipse/faces/bienvenido.xhtml HTTP/1.1" 200 10638
