31.192.134.51 - - [15/Nov/2021:10:20:37 -0500] "GET / HTTP/1.1" 200 319
186.112.115.108 - - [15/Nov/2021:10:21:42 -0500] "GET /galeria/galeria/jquery.fancybox.css?v=2.1.5 HTTP/1.1" 200 4895
114.119.141.73 - - [15/Nov/2021:10:23:12 -0500] "GET /BLA/resoluciones/RESOLUCIONES%202010/2061.pdf HTTP/1.1" 200 111924
181.53.12.76 - - [15/Nov/2021:10:23:18 -0500] "GET /bogota-ya-cuenta-con-el-protocolo-para-el-manejo-y-control-de-la-langostilla-de-rio.html HTTP/1.1" 200 1088
201.245.192.253 - - [15/Nov/2021:10:22:37 -0500] "POST /kwsrmcab/Wsrmcab HTTP/1.1" 200 47228
66.249.65.13 - - [15/Nov/2021:10:23:50 -0500] "GET /BLA/resoluciones/AUTOS%202014/0410.pdf HTTP/1.1" 200 4574415
201.245.192.253 - - [15/Nov/2021:10:23:21 -0500] "POST /kwsrmcab/Wsrmcab HTTP/1.1" 200 46404
216.245.221.92 - - [15/Nov/2021:10:24:57 -0500] "HEAD / HTTP/1.1" 200 -
46.101.147.18 - - [15/Nov/2021:10:25:48 -0500] "GET /cgi-bin/%%32%65%%32%65/%%32%65%%32%65/%%32%65%%32%65/%%32%65%%32%65/%%32%65%%32%65/%%32%65%%32%65/%%32%65%%32%65/etc/passwd HTTP/1.1" 400 976
46.101.147.18 - - [15/Nov/2021:10:25:49 -0500] "POST /cgi-bin/%%32%65%%32%65/%%32%65%%32%65/%%32%65%%32%65/%%32%65%%32%65/%%32%65%%32%65/%%32%65%%32%65/%%32%65%%32%65/bin/sh HTTP/1.1" 400 976
186.154.12.36 - - [15/Nov/2021:10:25:51 -0500] "GET /se-abre-proceso-de-formacion-para-aprender-sobre-especies-migratorias-y-avistamiento-de-aves.html HTTP/1.1" 206 939
186.154.12.36 - - [15/Nov/2021:10:25:54 -0500] "GET /images/tingua-azul-aves-migratorias-11-noviembre.jpg HTTP/1.1" 200 320439
114.119.141.71 - - [15/Nov/2021:10:26:01 -0500] "GET /BLA/resoluciones/RESOLUCIONES%202010/2717.pdf HTTP/1.1" 200 407942
46.101.147.18 - - [15/Nov/2021:10:28:51 -0500] "GET / HTTP/1.1" 200 319
46.101.147.18 - - [15/Nov/2021:10:28:52 -0500] "GET /cgi-bin/status HTTP/1.1" 404 1322
46.101.147.18 - - [15/Nov/2021:10:28:54 -0500] "GET /cgi-bin/stats HTTP/1.1" 404 1322
46.101.147.18 - - [15/Nov/2021:10:28:55 -0500] "GET /cgi-bin/test HTTP/1.1" 404 1322
46.101.147.18 - - [15/Nov/2021:10:28:56 -0500] "GET /cgi-bin/status/status.cgi HTTP/1.1" 404 1322
46.101.147.18 - - [15/Nov/2021:10:28:57 -0500] "GET /test.cgi HTTP/1.1" 404 1322
46.101.147.18 - - [15/Nov/2021:10:28:58 -0500] "GET /debug.cgi HTTP/1.1" 404 1322
46.101.147.18 - - [15/Nov/2021:10:28:59 -0500] "GET /cgi-bin/test-cgi HTTP/1.1" 404 1322
114.119.141.73 - - [15/Nov/2021:10:29:13 -0500] "GET /BLA/resoluciones/RESOLUCIONES%202010/1741.pdf HTTP/1.1" 200 494483
157.55.39.19 - - [15/Nov/2021:10:29:14 -0500] "GET /videos/galeria-cronicas/1V3wnplaylist.htm? HTTP/1.1" 200 4013
34.141.144.103 - - [15/Nov/2021:10:29:17 -0500] "GET / HTTP/1.1" 200 319
191.156.225.54 - - [15/Nov/2021:10:29:29 -0500] "GET /galeria/galeria/jquery.fancybox.css?v=2.1.5 HTTP/1.1" 200 4895
216.245.221.92 - - [15/Nov/2021:10:29:57 -0500] "HEAD / HTTP/1.1" 200 -
66.249.65.15 - - [15/Nov/2021:10:30:32 -0500] "GET /BLA/resoluciones/AUTOS%202014/1360.pdf HTTP/1.1" 200 974993
114.119.132.76 - - [15/Nov/2021:10:32:00 -0500] "GET /BLA/resoluciones/RESOLUCIONES%202018/1382.pdf HTTP/1.1" 200 3999279
186.84.91.119 - - [15/Nov/2021:10:32:50 -0500] "GET /galeria/galeria/jquery.fancybox.css?v=2.1.5 HTTP/1.1" 200 4895
201.245.192.253 - - [15/Nov/2021:10:32:37 -0500] "POST /kwsrmcab/Wsrmcab HTTP/1.1" 200 47228
201.245.192.253 - - [15/Nov/2021:10:33:21 -0500] "POST /kwsrmcab/Wsrmcab HTTP/1.1" 200 46404
201.245.192.253 - - [15/Nov/2021:10:33:59 -0500] "POST /kwsrmcab/Wsrmcab HTTP/1.1" 200 117361
216.245.221.92 - - [15/Nov/2021:10:34:57 -0500] "HEAD / HTTP/1.1" 200 -
46.101.147.18 - - [15/Nov/2021:10:35:57 -0500] "POST /pages/createpage-entervariables.action?SpaceKey=x HTTP/1.1" 404 1049
46.101.147.18 - - [15/Nov/2021:10:35:59 -0500] "POST /pages/createpage-entervariables.action HTTP/1.1" 404 1049
46.101.147.18 - - [15/Nov/2021:10:36:01 -0500] "POST /confluence/pages/createpage-entervariables.action?SpaceKey=x HTTP/1.1" 404 1049
46.101.147.18 - - [15/Nov/2021:10:36:02 -0500] "POST /confluence/pages/createpage-entervariables.action HTTP/1.1" 404 1049
46.101.147.18 - - [15/Nov/2021:10:36:04 -0500] "POST /wiki/pages/createpage-entervariables.action?SpaceKey=x HTTP/1.1" 404 1049
46.101.147.18 - - [15/Nov/2021:10:36:06 -0500] "POST /wiki/pages/createpage-entervariables.action HTTP/1.1" 404 1049
46.101.147.18 - - [15/Nov/2021:10:36:08 -0500] "POST /pages/doenterpagevariables.action HTTP/1.1" 404 1049
46.101.147.18 - - [15/Nov/2021:10:36:09 -0500] "POST /pages/createpage.action?spaceKey=myproj HTTP/1.1" 404 1049
46.101.147.18 - - [15/Nov/2021:10:36:11 -0500] "POST /pages/templates2/viewpagetemplate.action HTTP/1.1" 404 1049
46.101.147.18 - - [15/Nov/2021:10:36:12 -0500] "POST /pages/createpage-entervariables.action HTTP/1.1" 404 1049
46.101.147.18 - - [15/Nov/2021:10:36:14 -0500] "POST /template/custom/content-editor HTTP/1.1" 404 1049
46.101.147.18 - - [15/Nov/2021:10:36:16 -0500] "POST /templates/editor-preload-container HTTP/1.1" 404 1049
46.101.147.18 - - [15/Nov/2021:10:36:17 -0500] "POST /users/user-dark-features HTTP/1.1" 404 1049
66.249.65.15 - - [15/Nov/2021:10:37:14 -0500] "GET /BLA/resoluciones/RESOLUCIONES%202011/0895.pdf HTTP/1.1" 200 342815
114.119.141.42 - - [15/Nov/2021:10:38:01 -0500] "GET /BLA/resoluciones/RESOLUCIONES%202010/4589.pdf HTTP/1.1" 200 1124034
216.245.221.92 - - [15/Nov/2021:10:39:57 -0500] "HEAD / HTTP/1.1" 200 -
66.220.149.117 - - [15/Nov/2021:10:40:06 -0500] "GET /con-la-propuesta-de-pot-garantizamos-la-proteccion-de-los-humedales.html HTTP/1.1" 206 960
66.220.149.5 - - [15/Nov/2021:10:40:06 -0500] "GET /con-la-propuesta-de-pot-garantizamos-la-proteccion-de-los-humedales.html HTTP/1.1" 206 960
66.220.149.15 - - [15/Nov/2021:10:40:06 -0500] "GET /con-la-propuesta-de-pot-garantizamos-la-proteccion-de-los-humedales.html HTTP/1.1" 206 960
66.220.149.5 - - [15/Nov/2021:10:40:06 -0500] "GET /con-la-propuesta-de-pot-garantizamos-la-proteccion-de-los-humedales.html HTTP/1.1" 206 960
66.220.149.11 - - [15/Nov/2021:10:40:06 -0500] "GET /con-la-propuesta-de-pot-garantizamos-la-proteccion-de-los-humedales.html HTTP/1.1" 206 960
66.220.149.11 - - [15/Nov/2021:10:40:06 -0500] "GET /con-la-propuesta-de-pot-garantizamos-la-proteccion-de-los-humedales.html HTTP/1.1" 206 960
66.220.149.30 - - [15/Nov/2021:10:40:06 -0500] "GET /con-la-propuesta-de-pot-garantizamos-la-proteccion-de-los-humedales.html HTTP/1.1" 206 960
114.119.141.73 - - [15/Nov/2021:10:41:28 -0500] "GET /BLA/resoluciones/RESOLUCIONES%202008/0706.pdf HTTP/1.1" 200 285307
31.13.127.7 - - [15/Nov/2021:10:42:16 -0500] "GET /con-la-propuesta-de-pot-garantizamos-la-proteccion-de-los-humedales.html?fbclid=IwAR26n50n-mXKW5vSOPk11k9HsRVgDR_KWZG9IpoVlNHhrBfMbxlahYic3Ks HTTP/1.1" 200 960
201.245.192.253 - - [15/Nov/2021:10:42:37 -0500] "POST /kwsrmcab/Wsrmcab HTTP/1.1" 200 47228
66.249.65.17 - - [15/Nov/2021:10:43:56 -0500] "GET /BLA/resoluciones/RESOLUCIONES%202010/1871.pdf HTTP/1.1" 200 317458
201.245.192.253 - - [15/Nov/2021:10:43:23 -0500] "POST /kwsrmcab/Wsrmcab HTTP/1.1" 200 46404
114.119.141.69 - - [15/Nov/2021:10:44:23 -0500] "GET /BLA/resoluciones/RESOLUCIONES%202015/2408.pdf HTTP/1.1" 200 586815
201.245.192.253 - - [15/Nov/2021:10:43:58 -0500] "POST /kwsrmcab/Wsrmcab HTTP/1.1" 200 117361
216.245.221.92 - - [15/Nov/2021:10:44:57 -0500] "HEAD / HTTP/1.1" 200 -
114.119.132.76 - - [15/Nov/2021:10:47:43 -0500] "GET /BLA/resoluciones/RESOLUCIONES%202010/4082.pdf HTTP/1.1" 200 532763
186.155.161.11 - - [15/Nov/2021:10:49:19 -0500] "GET /sipse/faces/index.xhtml HTTP/1.1" 200 677
186.155.161.11 - - [15/Nov/2021:10:49:20 -0500] "GET /sipse/faces/javax.faces.resource/theme.css?ln=primefaces-sipse HTTP/1.1" 200 50058
186.155.161.11 - - [15/Nov/2021:10:49:20 -0500] "GET /sipse/faces/faces/autenticacion.xhtml HTTP/1.1" 200 12181
186.155.161.11 - - [15/Nov/2021:10:49:20 -0500] "GET /sipse/js/disable_browser_buttons.js HTTP/1.1" 200 3230
186.155.161.11 - - [15/Nov/2021:10:49:20 -0500] "GET /sipse/js/funciones.js HTTP/1.1" 200 12592
186.155.161.11 - - [15/Nov/2021:10:49:20 -0500] "GET /sipse/css/custom_css_sg.css HTTP/1.1" 200 9694
186.155.161.11 - - [15/Nov/2021:10:49:20 -0500] "GET /sipse/css/custom_css_sg_prime_login.css HTTP/1.1" 200 443
186.155.161.11 - - [15/Nov/2021:10:49:20 -0500] "GET /sipse/faces/javax.faces.resource/primefaces.css?ln=primefaces&v=4.0 HTTP/1.1" 304 -
186.155.161.11 - - [15/Nov/2021:10:49:20 -0500] "GET /sipse/faces/javax.faces.resource/layout/layout.css?ln=primefaces&v=4.0 HTTP/1.1" 304 -
186.155.161.11 - - [15/Nov/2021:10:49:20 -0500] "GET /sipse/faces/javax.faces.resource/jquery/jquery.js?ln=primefaces&v=4.0 HTTP/1.1" 304 -
186.155.161.11 - - [15/Nov/2021:10:49:20 -0500] "GET /sipse/faces/javax.faces.resource/jquery/jquery-plugins.js?ln=primefaces&v=4.0 HTTP/1.1" 304 -
186.155.161.11 - - [15/Nov/2021:10:49:20 -0500] "GET /sipse/faces/javax.faces.resource/primefaces.js?ln=primefaces&v=4.0 HTTP/1.1" 304 -
186.155.161.11 - - [15/Nov/2021:10:49:21 -0500] "GET /sipse/faces/javax.faces.resource/layout/layout.js?ln=primefaces&v=4.0 HTTP/1.1" 304 -
186.155.161.11 - - [15/Nov/2021:10:49:21 -0500] "GET /sipse/css/imagen/logoSDG.png HTTP/1.1" 200 53064
186.155.161.11 - - [15/Nov/2021:10:49:21 -0500] "GET /sipse/css/imagen/loginimg.png HTTP/1.1" 200 71635
186.155.161.11 - - [15/Nov/2021:10:49:21 -0500] "GET /sipse/faces/javax.faces.resource/images/ui-icons_898989_256x240.png?ln=primefaces-aristo HTTP/1.1" 304 -
186.155.161.11 - - [15/Nov/2021:10:49:23 -0500] "POST /sipse/faces/autenticacion.xhtml HTTP/1.1" 200 2120
186.155.161.11 - - [15/Nov/2021:10:49:23 -0500] "GET /sipse/faces/javax.faces.resource/messages/messages.png?ln=primefaces&v=4.0 HTTP/1.1" 304 -
216.245.221.92 - - [15/Nov/2021:10:49:57 -0500] "HEAD / HTTP/1.1" 200 -
114.119.132.76 - - [15/Nov/2021:10:50:11 -0500] "GET /BLA/resoluciones/RESOLUCIONES%202010/2035.pdf HTTP/1.1" 200 549997
66.249.65.17 - - [15/Nov/2021:10:50:38 -0500] "GET /BLA/resoluciones/RESOLUCIONES%202013/0848.pdf HTTP/1.1" 200 3438957
114.119.141.73 - - [15/Nov/2021:10:53:42 -0500] "GET /BLA/resoluciones/AUTOS%202007/2708.pdf HTTP/1.1" 200 98024
46.101.147.18 - - [15/Nov/2021:10:54:04 -0500] "GET /cgi-bin/%%32%65%%32%65/%%32%65%%32%65/%%32%65%%32%65/%%32%65%%32%65/%%32%65%%32%65/%%32%65%%32%65/%%32%65%%32%65/etc/passwd HTTP/1.1" 400 949
46.101.147.18 - - [15/Nov/2021:10:54:06 -0500] "POST /cgi-bin/%%32%65%%32%65/%%32%65%%32%65/%%32%65%%32%65/%%32%65%%32%65/%%32%65%%32%65/%%32%65%%32%65/%%32%65%%32%65/bin/sh HTTP/1.1" 400 949
216.245.221.92 - - [15/Nov/2021:10:54:57 -0500] "HEAD / HTTP/1.1" 200 -
114.119.141.53 - - [15/Nov/2021:10:56:34 -0500] "GET /BLA/resoluciones/RESOLUCIONES%202007/RES%202007%202001%20AL%202100/RESOLUCION%202052%20DE%202007.pdf HTTP/1.1" 200 304965
181.42.41.231 - - [15/Nov/2021:10:56:35 -0500] "GET /galeria/galeria/jquery.fancybox.css?v=2.1.5 HTTP/1.1" 200 4895
47.63.161.92 - - [15/Nov/2021:10:57:00 -0500] "GET /galeria/galeria/jquery.fancybox.css?v=2.1.5 HTTP/1.1" 200 4895
66.249.65.15 - - [15/Nov/2021:10:57:20 -0500] "GET /BLA/resoluciones/RESOLUCIONES%202011/2819.pdf HTTP/1.1" 200 189883
207.46.13.88 - - [15/Nov/2021:10:58:25 -0500] "GET /autoliquidacion2020 HTTP/1.1" 301 250
207.46.13.88 - - [15/Nov/2021:10:58:26 -0500] "GET /autoliquidacion2020/ HTTP/1.1" 200 6146
66.249.65.13 - - [15/Nov/2021:10:58:29 -0500] "GET /galeria/galeria/fotos/8.jpg HTTP/1.1" 200 229056
114.119.141.71 - - [15/Nov/2021:10:59:26 -0500] "GET /BLA/resoluciones/RESOLUCIONES%202018/2203.pdf HTTP/1.1" 200 342009
181.61.204.77 - - [15/Nov/2021:10:59:53 -0500] "GET /galeria/galeria/jquery.fancybox.css?v=2.1.5 HTTP/1.1" 200 4895
216.245.221.92 - - [15/Nov/2021:10:59:57 -0500] "HEAD / HTTP/1.1" 200 -
40.77.188.21 - - [15/Nov/2021:11:00:12 -0500] "GET /videos/galeria-cronicas/js/jquery.jplayer.min.js HTTP/1.1" 200 43668
40.77.188.21 - - [15/Nov/2021:11:00:12 -0500] "GET /videos/galeria-cronicas/skin/blue.monday/jplayer.blue.monday.css HTTP/1.1" 200 12518
40.77.188.21 - - [15/Nov/2021:11:00:12 -0500] "GET /videos/galeria-cronicas/js/jplayer.playlist.min.js HTTP/1.1" 200 8608
40.77.188.21 - - [15/Nov/2021:11:00:13 -0500] "GET /videos/galeria-cronicas/js/jquery.jplayer.min.js HTTP/1.1" 200 43668
40.77.188.21 - - [15/Nov/2021:11:00:13 -0500] "GET /videos/galeria-cronicas/js/jplayer.playlist.min.js HTTP/1.1" 200 8608
114.119.141.69 - - [15/Nov/2021:11:02:24 -0500] "GET /BLA/resoluciones/RESOLUCIONES%202010/0521.pdf HTTP/1.1" 200 393713
157.55.39.28 - - [15/Nov/2021:11:02:57 -0500] "GET /galeria/galeria/fotos/GuaymaralTorca1G.jpg HTTP/1.1" 200 539636
66.249.65.17 - - [15/Nov/2021:11:04:03 -0500] "GET /BLA/resoluciones/AUTOS%202009/1345.pdf HTTP/1.1" 200 70026
216.245.221.92 - - [15/Nov/2021:11:04:57 -0500] "HEAD / HTTP/1.1" 200 -
190.24.67.252 - - [15/Nov/2021:11:05:15 -0500] "GET /esta-abierta-la-convocatoria-para-ser-parte-del-programa-de-voluntariado-ambiental-de-bogota.html HTTP/1.1" 200 972
114.119.141.53 - - [15/Nov/2021:11:06:06 -0500] "GET /BLA/resoluciones/RESOLUCIONES%202013/1705.pdf HTTP/1.1" 200 4738970
46.101.147.18 - - [15/Nov/2021:11:07:51 -0500] "POST /pages/createpage-entervariables.action?SpaceKey=x HTTP/1.1" 404 1022
46.101.147.18 - - [15/Nov/2021:11:07:52 -0500] "POST /pages/createpage-entervariables.action HTTP/1.1" 404 1022
46.101.147.18 - - [15/Nov/2021:11:07:54 -0500] "POST /confluence/pages/createpage-entervariables.action?SpaceKey=x HTTP/1.1" 404 1022
46.101.147.18 - - [15/Nov/2021:11:07:56 -0500] "POST /confluence/pages/createpage-entervariables.action HTTP/1.1" 404 1022
46.101.147.18 - - [15/Nov/2021:11:07:58 -0500] "POST /wiki/pages/createpage-entervariables.action?SpaceKey=x HTTP/1.1" 404 1022
46.101.147.18 - - [15/Nov/2021:11:08:00 -0500] "POST /wiki/pages/createpage-entervariables.action HTTP/1.1" 404 1022
46.101.147.18 - - [15/Nov/2021:11:08:01 -0500] "POST /pages/doenterpagevariables.action HTTP/1.1" 404 1022
46.101.147.18 - - [15/Nov/2021:11:08:03 -0500] "POST /pages/createpage.action?spaceKey=myproj HTTP/1.1" 404 1022
46.101.147.18 - - [15/Nov/2021:11:08:05 -0500] "POST /pages/templates2/viewpagetemplate.action HTTP/1.1" 404 1022
46.101.147.18 - - [15/Nov/2021:11:08:07 -0500] "POST /pages/createpage-entervariables.action HTTP/1.1" 404 1022
46.101.147.18 - - [15/Nov/2021:11:08:08 -0500] "POST /template/custom/content-editor HTTP/1.1" 404 1022
46.101.147.18 - - [15/Nov/2021:11:08:10 -0500] "POST /templates/editor-preload-container HTTP/1.1" 404 1022
46.101.147.18 - - [15/Nov/2021:11:08:12 -0500] "POST /users/user-dark-features HTTP/1.1" 404 1022
114.119.141.69 - - [15/Nov/2021:11:09:08 -0500] "GET /BLA/resoluciones/RESOLUCIONES%202010/4980.pdf HTTP/1.1" 200 761343
216.245.221.92 - - [15/Nov/2021:11:09:57 -0500] "HEAD / HTTP/1.1" 200 -
207.46.13.107 - - [15/Nov/2021:11:10:33 -0500] "GET /galeria/galeria/jquery.fancybox.js?v=2.1.5 HTTP/1.1" 200 48706
179.19.130.222 - - [15/Nov/2021:11:10:43 -0500] "GET /galeria/galeria/jquery.fancybox.css?v=2.1.5 HTTP/1.1" 200 4895
66.249.65.13 - - [15/Nov/2021:11:10:45 -0500] "GET /BLA/resoluciones/RESOLUCIONES%202011/6097.pdf HTTP/1.1" 200 1015929
114.119.141.53 - - [15/Nov/2021:11:11:10 -0500] "GET /BLA/resoluciones/RESOLUCIONES%202010/2970.pdf HTTP/1.1" 200 368094
89.248.165.52 - - [15/Nov/2021:11:11:52 -0500] "CONNECT 85.206.160.115:80 HTTP/1.1" 405 942
190.242.61.106 - - [15/Nov/2021:11:12:43 -0500] "GET /BLA/resoluciones/ HTTP/1.1" 200 12684
190.242.61.106 - - [15/Nov/2021:11:12:46 -0500] "GET /BLA/resoluciones/index.php?dir=AUTOS+2021%2F HTTP/1.1" 200 175143
190.242.61.106 - - [15/Nov/2021:11:13:04 -0500] "GET /BLA/resoluciones/AUTOS%202021/1785.pdf HTTP/1.1" 200 422894
114.119.141.42 - - [15/Nov/2021:11:14:02 -0500] "GET /BLA/resoluciones/RESOLUCIONES%202009/1699.pdf HTTP/1.1" 200 688861
201.245.192.253 - - [15/Nov/2021:11:13:58 -0500] "POST /kwsrmcab/Wsrmcab HTTP/1.1" 200 117348
216.245.221.92 - - [15/Nov/2021:11:14:57 -0500] "HEAD / HTTP/1.1" 200 -
186.30.168.149 - - [15/Nov/2021:11:15:56 -0500] "GET /bogota-ya-cuenta-con-el-protocolo-para-el-manejo-y-control-de-la-langostilla-de-rio.html HTTP/1.1" 200 1088
114.119.141.73 - - [15/Nov/2021:11:16:25 -0500] "GET /BLA/resoluciones/RESOLUCIONES%202010/1594.pdf HTTP/1.1" 200 382216
66.249.65.15 - - [15/Nov/2021:11:17:27 -0500] "GET /BLA/resoluciones/RESOLUCIONES%202017/2466.pdf HTTP/1.1" 200 279568
114.119.141.53 - - [15/Nov/2021:11:19:40 -0500] "GET /BLA/resoluciones/RESOLUCIONES%202010/7371.pdf HTTP/1.1" 200 415131
216.245.221.92 - - [15/Nov/2021:11:19:57 -0500] "HEAD / HTTP/1.1" 200 -
114.119.132.76 - - [15/Nov/2021:11:22:14 -0500] "GET /BLA/resoluciones/RESOLUCIONES%202010/6207.pdf HTTP/1.1" 200 843064
181.51.34.30 - - [15/Nov/2021:11:22:50 -0500] "GET /portaldeninos/wp-content/uploads/useanyfont/uaf.css?ver=1589905315 HTTP/1.1" 200 408
181.51.34.30 - - [15/Nov/2021:11:22:50 -0500] "GET /portaldeninos/wp-content/themes/betheme/style.css?ver=20.9.6 HTTP/1.1" 200 287
181.51.34.30 - - [15/Nov/2021:11:22:49 -0500] "GET /portaldeninos/ HTTP/1.1" 200 154346
181.51.34.30 - - [15/Nov/2021:11:22:50 -0500] "GET /portaldeninos/wp-content/plugins/gallery-videos/CSS/Total-Soft-Gallery-Video-Widget.css?ver=4.9.8 HTTP/1.1" 200 51554
181.51.34.30 - - [15/Nov/2021:11:22:50 -0500] "GET /portaldeninos/wp-content/plugins/gallery-videos/CSS/totalsoft.css?ver=4.9.8 HTTP/1.1" 200 40622
181.51.34.30 - - [15/Nov/2021:11:22:50 -0500] "GET /portaldeninos/wp-content/themes/betheme/css/base.css?ver=20.9.6 HTTP/1.1" 200 57283
181.51.34.30 - - [15/Nov/2021:11:22:50 -0500] "GET /portaldeninos/wp-content/themes/betheme/assets/jplayer/css/jplayer.blue.monday.css?ver=20.9.6 HTTP/1.1" 200 9834
181.51.34.30 - - [15/Nov/2021:11:22:50 -0500] "GET /portaldeninos/wp-content/themes/betheme/assets/animations/animations.min.css?ver=20.9.6 HTTP/1.1" 200 58508
181.51.34.30 - - [15/Nov/2021:11:22:50 -0500] "GET /portaldeninos/wp-content/themes/betheme/assets/ui/jquery.ui.all.css?ver=20.9.6 HTTP/1.1" 200 18765
181.51.34.30 - - [15/Nov/2021:11:22:50 -0500] "GET /portaldeninos/wp-content/plugins/popup-maker/assets/css/site.min.css?ver=1.8.14 HTTP/1.1" 200 8260
181.51.34.30 - - [15/Nov/2021:11:22:50 -0500] "GET /portaldeninos/wp-content/themes/betheme/css/responsive.css?ver=20.9.6 HTTP/1.1" 200 55740
181.51.34.30 - - [15/Nov/2021:11:22:50 -0500] "GET /portaldeninos/wp-includes/js/jquery/jquery-migrate.min.js?ver=1.4.1 HTTP/1.1" 200 10056
181.51.34.30 - - [15/Nov/2021:11:22:50 -0500] "GET /portaldeninos/wp-content/plugins/smart-slider-3/library/media/smartslider.min.css?1558968666 HTTP/1.1" 200 19594
181.51.34.30 - - [15/Nov/2021:11:22:50 -0500] "GET /portaldeninos/wp-content/themes/betheme/css/layout.css?ver=20.9.6 HTTP/1.1" 200 116639
181.51.34.30 - - [15/Nov/2021:11:22:50 -0500] "GET /portaldeninos/wp-includes/js/jquery/ui/core.min.js?ver=1.11.4 HTTP/1.1" 200 4000
181.51.34.30 - - [15/Nov/2021:11:22:50 -0500] "GET /portaldeninos/wp-content/plugins/gallery-videos/JS/modernizr.custom.js?ver=4.9.8 HTTP/1.1" 200 9019
181.51.34.30 - - [15/Nov/2021:11:22:50 -0500] "GET /portaldeninos/wp-content/themes/betheme/css/shortcodes.css?ver=20.9.6 HTTP/1.1" 200 138889
181.51.34.30 - - [15/Nov/2021:11:22:50 -0500] "GET /portaldeninos/wp-content/plugins/smart-slider-3/nextend/media/dist/n2.min.js?1528383544 HTTP/1.1" 200 3495
181.51.34.30 - - [15/Nov/2021:11:22:50 -0500] "GET /portaldeninos/wp-includes/js/jquery/jquery.js?ver=1.12.4 HTTP/1.1" 200 97184
181.51.34.30 - - [15/Nov/2021:11:22:50 -0500] "GET /portaldeninos/wp-content/plugins/smart-slider-3/nextend/media/dist/nextend-webfontloader.min.js?1528383544 HTTP/1.1" 200 12329
181.51.34.30 - - [15/Nov/2021:11:22:50 -0500] "GET /portaldeninos/wp-content/plugins/gallery-videos/JS/Total-Soft-Gallery-Video-Widget.js?ver=4.9.8 HTTP/1.1" 200 80264
181.51.34.30 - - [15/Nov/2021:11:22:50 -0500] "GET /portaldeninos/wp-content/plugins/smart-slider-3/library/media/plugins/type/simple/simple/dist/smartslider-simple-type-frontend.min.js?1563274780 HTTP/1.1" 200 18726
181.51.34.30 - - [15/Nov/2021:11:22:50 -0500] "GET /portaldeninos/wp-content/plugins/smart-slider-3/nextend/media/dist/nextend-frontend.min.js?1563274780 HTTP/1.1" 200 76980
181.51.34.30 - - [15/Nov/2021:11:22:51 -0500] "GET /portaldeninos/wp-includes/js/jquery/ui/widget.min.js?ver=1.11.4 HTTP/1.1" 200 6908
181.51.34.30 - - [15/Nov/2021:11:22:50 -0500] "GET /portaldeninos/wp-content/plugins/smart-slider-3/library/media/dist/smartslider-frontend.min.js?1563274780 HTTP/1.1" 200 128256
181.51.34.30 - - [15/Nov/2021:11:22:51 -0500] "GET /portaldeninos/wp-includes/js/jquery/ui/mouse.min.js?ver=1.11.4 HTTP/1.1" 200 3148
181.51.34.30 - - [15/Nov/2021:11:22:51 -0500] "GET /portaldeninos/wp-includes/js/jquery/ui/accordion.min.js?ver=1.11.4 HTTP/1.1" 200 8584
181.51.34.30 - - [15/Nov/2021:11:22:51 -0500] "GET /portaldeninos/wp-includes/js/jquery/ui/tabs.min.js?ver=1.11.4 HTTP/1.1" 200 12110
181.51.34.30 - - [15/Nov/2021:11:22:51 -0500] "GET /portaldeninos/wp-includes/js/jquery/ui/sortable.min.js?ver=1.11.4 HTTP/1.1" 200 24899
181.51.34.30 - - [15/Nov/2021:11:22:51 -0500] "GET /portaldeninos/wp-content/themes/betheme/js/menu.js?ver=20.9.6 HTTP/1.1" 200 2449
181.51.34.30 - - [15/Nov/2021:11:22:51 -0500] "GET /portaldeninos/wp-content/themes/betheme/assets/animations/animations.min.js?ver=20.9.6 HTTP/1.1" 200 1896
181.51.34.30 - - [15/Nov/2021:11:22:51 -0500] "GET /portaldeninos/wp-includes/js/jquery/ui/position.min.js?ver=1.11.4 HTTP/1.1" 200 6527
181.51.34.30 - - [15/Nov/2021:11:22:51 -0500] "GET /portaldeninos/wp-includes/js/wp-embed.min.js?ver=4.9.8 HTTP/1.1" 200 1398
181.51.34.30 - - [15/Nov/2021:11:22:51 -0500] "GET /portaldeninos/wp-content/themes/betheme/assets/jplayer/jplayer.min.js?ver=20.9.6 HTTP/1.1" 200 52702
181.51.34.30 - - [15/Nov/2021:11:22:51 -0500] "GET /portaldeninos/wp-includes/js/wp-emoji-release.min.js?ver=4.9.8 HTTP/1.1" 200 12026
181.51.34.30 - - [15/Nov/2021:11:22:51 -0500] "GET /portaldeninos/wp-content/themes/betheme/js/scripts.js?ver=20.9.6 HTTP/1.1" 200 77162
181.51.34.30 - - [15/Nov/2021:11:22:51 -0500] "GET /portaldeninos/wp-content/plugins/popup-maker/assets/js/site.min.js?defer&ver=1.8.14 HTTP/1.1" 200 48457
181.51.34.30 - - [15/Nov/2021:11:22:51 -0500] "GET /portaldeninos/wp-content/uploads/2019/08/Logo-Ambientic.png HTTP/1.1" 200 22941
181.51.34.30 - - [15/Nov/2021:11:22:51 -0500] "GET /portaldeninos/wp-content/uploads/2021/06/titulo-miambiente-ni%C3%B1os.png HTTP/1.1" 200 11944
181.51.34.30 - - [15/Nov/2021:11:22:51 -0500] "GET /portaldeninos/wp-content/themes/betheme/fonts/mfn-icons.woff?93978679 HTTP/1.1" 200 80932
181.51.34.30 - - [15/Nov/2021:11:22:51 -0500] "GET /portaldeninos/wp-content/uploads/2021/06/titulo-cabezote-ni%C3%B1os.png HTTP/1.1" 200 64425
66.102.8.240 - - [15/Nov/2021:11:22:50 -0500] "GET /portaldeninos/ HTTP/1.1" 200 154346
181.51.34.30 - - [15/Nov/2021:11:22:51 -0500] "GET /portaldeninos/wp-content/uploads/2018/11/tigrillo.jpg HTTP/1.1" 200 402961
181.51.34.30 - - [15/Nov/2021:11:22:51 -0500] "GET /portaldeninos/wp-content/themes/betheme/js/plugins.js?ver=20.9.6 HTTP/1.1" 200 197151
181.51.34.30 - - [15/Nov/2021:11:22:52 -0500] "GET /portaldeninos/wp-content/uploads/2021/06/titulo-videos-ni%C3%B1os.png HTTP/1.1" 200 10502
181.51.34.30 - - [15/Nov/2021:11:22:52 -0500] "GET /portaldeninos/wp-content/uploads/2021/06/titulo-humedales-ni%C3%B1os.png HTTP/1.1" 200 13361
66.102.8.240 - - [15/Nov/2021:11:22:51 -0500] "GET /portaldeninos/ HTTP/1.1" 200 154346
66.102.8.238 - - [15/Nov/2021:11:22:52 -0500] "GET /portaldeninos/wp-content/uploads/useanyfont/uaf.css?ver=1589905315 HTTP/1.1" 200 408
66.102.8.236 - - [15/Nov/2021:11:22:52 -0500] "GET /portaldeninos/wp-content/plugins/popup-maker/assets/css/site.min.css?ver=1.8.14 HTTP/1.1" 200 8260
66.102.8.240 - - [15/Nov/2021:11:22:52 -0500] "GET /portaldeninos/wp-content/plugins/gallery-videos/CSS/Total-Soft-Gallery-Video-Widget.css?ver=4.9.8 HTTP/1.1" 200 51554
66.102.8.240 - - [15/Nov/2021:11:22:52 -0500] "GET /portaldeninos/wp-content/themes/betheme/style.css?ver=20.9.6 HTTP/1.1" 200 287
66.102.8.240 - - [15/Nov/2021:11:22:52 -0500] "GET /portaldeninos/wp-content/themes/betheme/assets/jplayer/css/jplayer.blue.monday.css?ver=20.9.6 HTTP/1.1" 200 9834
66.102.8.238 - - [15/Nov/2021:11:22:51 -0500] "GET /portaldeninos/ HTTP/1.1" 200 154346
66.102.8.236 - - [15/Nov/2021:11:22:52 -0500] "GET /portaldeninos/wp-content/themes/betheme/assets/ui/jquery.ui.all.css?ver=20.9.6 HTTP/1.1" 200 18765
66.102.8.240 - - [15/Nov/2021:11:22:52 -0500] "GET /portaldeninos/wp-content/themes/betheme/assets/jplayer/css/jplayer.blue.monday.css?ver=20.9.6 HTTP/1.1" 200 9834
66.102.8.236 - - [15/Nov/2021:11:22:52 -0500] "GET /portaldeninos/wp-content/plugins/smart-slider-3/library/media/smartslider.min.css?1558968666 HTTP/1.1" 200 19594
66.102.8.240 - - [15/Nov/2021:11:22:52 -0500] "GET /portaldeninos/wp-content/plugins/gallery-videos/CSS/totalsoft.css?ver=4.9.8 HTTP/1.1" 200 40622
66.102.8.238 - - [15/Nov/2021:11:22:52 -0500] "GET /portaldeninos/wp-content/themes/betheme/assets/animations/animations.min.css?ver=20.9.6 HTTP/1.1" 200 58508
66.102.8.238 - - [15/Nov/2021:11:22:52 -0500] "GET /portaldeninos/wp-content/themes/betheme/css/base.css?ver=20.9.6 HTTP/1.1" 200 57283
66.102.8.236 - - [15/Nov/2021:11:22:52 -0500] "GET /portaldeninos/wp-content/plugins/popup-maker/assets/css/site.min.css?ver=1.8.14 HTTP/1.1" 200 8260
66.102.8.240 - - [15/Nov/2021:11:22:52 -0500] "GET /portaldeninos/wp-content/plugins/gallery-videos/JS/modernizr.custom.js?ver=4.9.8 HTTP/1.1" 200 9019
66.102.8.240 - - [15/Nov/2021:11:22:52 -0500] "GET /portaldeninos/wp-content/plugins/smart-slider-3/nextend/media/dist/n2.min.js?1528383544 HTTP/1.1" 200 3495
66.102.8.238 - - [15/Nov/2021:11:22:52 -0500] "GET /portaldeninos/wp-content/plugins/gallery-videos/CSS/totalsoft.css?ver=4.9.8 HTTP/1.1" 200 40622
66.102.8.238 - - [15/Nov/2021:11:22:52 -0500] "GET /portaldeninos/wp-content/themes/betheme/css/shortcodes.css?ver=20.9.6 HTTP/1.1" 200 138889
66.102.8.240 - - [15/Nov/2021:11:22:52 -0500] "GET /portaldeninos/wp-content/themes/betheme/css/layout.css?ver=20.9.6 HTTP/1.1" 200 116639
66.102.8.240 - - [15/Nov/2021:11:22:52 -0500] "GET /portaldeninos/wp-content/themes/betheme/assets/ui/jquery.ui.all.css?ver=20.9.6 HTTP/1.1" 200 18765
66.102.8.240 - - [15/Nov/2021:11:22:52 -0500] "GET /portaldeninos/wp-content/plugins/smart-slider-3/library/media/smartslider.min.css?1558968666 HTTP/1.1" 200 19594
66.102.8.236 - - [15/Nov/2021:11:22:52 -0500] "GET /portaldeninos/wp-content/themes/betheme/css/responsive.css?ver=20.9.6 HTTP/1.1" 200 55740
181.51.34.30 - - [15/Nov/2021:11:22:52 -0500] "GET /portaldeninos/wp-content/uploads/2020/01/Tierra-escenario.jpg HTTP/1.1" 200 181491
66.102.8.236 - - [15/Nov/2021:11:22:52 -0500] "GET /portaldeninos/wp-content/themes/betheme/css/responsive.css?ver=20.9.6 HTTP/1.1" 200 55740
66.102.8.238 - - [15/Nov/2021:11:22:52 -0500] "GET /portaldeninos/wp-content/themes/betheme/css/base.css?ver=20.9.6 HTTP/1.1" 200 57283
66.102.8.236 - - [15/Nov/2021:11:22:52 -0500] "GET /portaldeninos/wp-includes/js/jquery/jquery.js?ver=1.12.4 HTTP/1.1" 200 97184
66.102.8.236 - - [15/Nov/2021:11:22:52 -0500] "GET /portaldeninos/wp-content/themes/betheme/assets/animations/animations.min.css?ver=20.9.6 HTTP/1.1" 200 58508
66.102.8.238 - - [15/Nov/2021:11:22:52 -0500] "GET /portaldeninos/wp-content/themes/betheme/css/shortcodes.css?ver=20.9.6 HTTP/1.1" 200 138889
66.102.8.240 - - [15/Nov/2021:11:22:52 -0500] "GET /portaldeninos/wp-content/themes/betheme/css/layout.css?ver=20.9.6 HTTP/1.1" 200 116639
181.51.34.30 - - [15/Nov/2021:11:22:52 -0500] "GET /portaldeninos/wp-content/uploads/2019/08/Humedal-Tunjo.jpg HTTP/1.1" 200 561428
66.102.8.238 - - [15/Nov/2021:11:22:53 -0500] "GET /portaldeninos/wp-content/themes/betheme/fonts/mfn-icons.woff?93978679 HTTP/1.1" 200 80932
181.51.34.30 - - [15/Nov/2021:11:22:52 -0500] "GET /portaldeninos/wp-content/uploads/2018/11/caneca.jpg HTTP/1.1" 200 262661
181.51.34.30 - - [15/Nov/2021:11:22:51 -0500] "GET /portaldeninos/wp-content/uploads/2018/10/oso.jpg HTTP/1.1" 200 305180
181.51.34.30 - - [15/Nov/2021:11:22:51 -0500] "GET /portaldeninos/wp-content/uploads/2020/01/Frailejon-escenario.jpg HTTP/1.1" 200 357472
66.102.8.236 - - [15/Nov/2021:11:22:52 -0500] "GET /portaldeninos/wp-includes/js/jquery/jquery-migrate.min.js?ver=1.4.1 HTTP/1.1" 200 10056
66.102.8.240 - - [15/Nov/2021:11:22:52 -0500] "GET /portaldeninos/wp-includes/js/jquery/ui/core.min.js?ver=1.11.4 HTTP/1.1" 200 4000
66.102.8.238 - - [15/Nov/2021:11:22:52 -0500] "GET /portaldeninos/wp-content/plugins/smart-slider-3/library/media/plugins/type/simple/simple/dist/smartslider-simple-type-frontend.min.js?1563274780 HTTP/1.1" 200 18726
181.51.34.30 - - [15/Nov/2021:11:22:53 -0500] "GET /portaldeninos/wp-content/uploads/2019/08/Humedal-Tibanica.jpg HTTP/1.1" 200 152887
66.102.8.240 - - [15/Nov/2021:11:22:52 -0500] "GET /portaldeninos/wp-content/plugins/gallery-videos/JS/Total-Soft-Gallery-Video-Widget.js?ver=4.9.8 HTTP/1.1" 200 80264
181.51.34.30 - - [15/Nov/2021:11:22:52 -0500] "GET /portaldeninos/wp-content/uploads/2019/08/Humedal-Torca-y-Guaymaral.jpg HTTP/1.1" 200 448572
181.51.34.30 - - [15/Nov/2021:11:22:53 -0500] "GET /portaldeninos/wp-content/uploads/2019/08/Humedal-la-Conejera.jpg HTTP/1.1" 200 202147
181.51.34.30 - - [15/Nov/2021:11:22:53 -0500] "GET /portaldeninos/wp-content/uploads/2019/08/Humedal-La-Vaca.jpg HTTP/1.1" 200 197748
181.51.34.30 - - [15/Nov/2021:11:22:54 -0500] "GET /portaldeninos/wp-content/uploads/2019/08/Humedal-El-Burro.jpg HTTP/1.1" 200 158205
181.51.34.30 - - [15/Nov/2021:11:22:53 -0500] "GET /portaldeninos/wp-content/uploads/2019/08/Humedal-Juan-Amarillo.jpg HTTP/1.1" 200 179884
66.102.8.240 - - [15/Nov/2021:11:22:52 -0500] "GET /portaldeninos/wp-content/plugins/smart-slider-3/nextend/media/dist/nextend-webfontloader.min.js?1528383544 HTTP/1.1" 200 12329
181.51.34.30 - - [15/Nov/2021:11:22:54 -0500] "GET /portaldeninos/wp-content/uploads/2019/08/Humedal-Capellania.jpg HTTP/1.1" 200 170582
66.102.8.238 - - [15/Nov/2021:11:22:52 -0500] "GET /portaldeninos/wp-content/plugins/smart-slider-3/nextend/media/dist/nextend-frontend.min.js?1563274780 HTTP/1.1" 200 76980
181.51.34.30 - - [15/Nov/2021:11:22:54 -0500] "GET /portaldeninos/wp-content/uploads/2019/08/Humedal-Jaboque.jpg HTTP/1.1" 200 154626
66.102.8.240 - - [15/Nov/2021:11:22:52 -0500] "GET /portaldeninos/wp-content/plugins/smart-slider-3/library/media/dist/smartslider-frontend.min.js?1563274780 HTTP/1.1" 200 128256
181.51.34.30 - - [15/Nov/2021:11:22:54 -0500] "GET /portaldeninos/wp-content/uploads/2019/08/Humedal-Cordoba.jpg HTTP/1.1" 200 190285
181.51.34.30 - - [15/Nov/2021:11:22:55 -0500] "GET /portaldeninos/wp-content/uploads/2019/08/Humedal-Techo.jpg HTTP/1.1" 200 143206
181.51.34.30 - - [15/Nov/2021:11:22:55 -0500] "GET /portaldeninos/wp-content/uploads/2020/05/fb.jpg HTTP/1.1" 200 9893
181.51.34.30 - - [15/Nov/2021:11:22:54 -0500] "GET /portaldeninos/wp-content/uploads/2019/08/Humedal-Salitre.jpg HTTP/1.1" 200 439750
181.51.34.30 - - [15/Nov/2021:11:22:55 -0500] "GET /portaldeninos/wp-content/uploads/2020/06/yt.jpg HTTP/1.1" 200 10577
181.51.34.30 - - [15/Nov/2021:11:22:55 -0500] "GET /portaldeninos/wp-content/uploads/2020/06/tw.jpg HTTP/1.1" 200 11056
181.51.34.30 - - [15/Nov/2021:11:22:55 -0500] "GET /portaldeninos/wp-content/themes/betheme/images/box_shadow.png HTTP/1.1" 200 108
181.51.34.30 - - [15/Nov/2021:11:22:54 -0500] "GET /portaldeninos/wp-content/uploads/2019/08/Humedal-Meandro-del-Say.jpg HTTP/1.1" 200 329496
181.51.34.30 - - [15/Nov/2021:11:22:54 -0500] "GET /portaldeninos/wp-content/uploads/2019/08/Humedal-La-Isla.jpg HTTP/1.1" 200 392691
181.51.34.30 - - [15/Nov/2021:11:22:55 -0500] "GET /portaldeninos/wp-content/uploads/2020/05/ig.jpg HTTP/1.1" 200 11470
181.51.34.30 - - [15/Nov/2021:11:22:56 -0500] "GET /portaldeninos/wp-json/pum/v1/analytics/?event=open&pid=1126&_cache=1636993207257 HTTP/1.1" 204 -
181.51.34.30 - - [15/Nov/2021:11:22:55 -0500] "GET /portaldeninos/wp-content/uploads/2020/06/mapa-humedales-de-bogot%C3%A1-1.jpg HTTP/1.1" 200 1170768
181.51.34.30 - - [15/Nov/2021:11:22:55 -0500] "GET /portaldeninos/wp-content/uploads/2020/02/Santa-Mar%C3%ADa-del-Lago-principal-1.jpg HTTP/1.1" 200 6220511
181.51.34.30 - - [15/Nov/2021:11:22:55 -0500] "GET /portaldeninos/wp-content/uploads/2021/10/videoplayback-7.mp4 HTTP/1.1" 206 4839658
201.245.192.253 - - [15/Nov/2021:11:22:37 -0500] "POST /kwsrmcab/Wsrmcab HTTP/1.1" 200 46755
181.51.34.30 - - [15/Nov/2021:11:22:55 -0500] "GET /portaldeninos/wp-content/uploads/2019/06/CabezoteAMBIENTIC.mp4 HTTP/1.1" 206 19019110
181.51.34.30 - - [15/Nov/2021:11:23:35 -0500] "GET /portaldeninos/wp-content/uploads/2019/06/CabezoteAMBIENTIC.mp4 HTTP/1.1" 206 2797911
181.51.34.30 - - [15/Nov/2021:11:23:51 -0500] "GET /portaldeninos/wp-content/uploads/2021/10/videoplayback-7.mp4 HTTP/1.1" 206 940259
201.245.192.253 - - [15/Nov/2021:11:23:22 -0500] "POST /kwsrmcab/Wsrmcab HTTP/1.1" 200 46391
66.249.65.17 - - [15/Nov/2021:11:24:09 -0500] "GET /BLA/resoluciones/RESOLUCIONES%202010/2822.pdf HTTP/1.1" 200 616185
201.245.192.253 - - [15/Nov/2021:11:23:59 -0500] "POST /kwsrmcab/Wsrmcab HTTP/1.1" 200 117348
216.245.221.92 - - [15/Nov/2021:11:24:57 -0500] "HEAD / HTTP/1.1" 200 -
114.119.141.71 - - [15/Nov/2021:11:25:17 -0500] "GET /BLA/resoluciones/AUTOS%202017/2007.pdf HTTP/1.1" 200 596273
114.119.141.69 - - [15/Nov/2021:11:27:52 -0500] "GET /BLA/resoluciones/AUTOS%202018/1409.pdf HTTP/1.1" 200 285447
191.156.134.37 - - [15/Nov/2021:11:28:45 -0500] "GET /galeria/galeria/jquery.fancybox.css?v=2.1.5 HTTP/1.1" 200 4895
40.77.189.106 - - [15/Nov/2021:11:29:22 -0500] "GET /dlf/styles.css HTTP/1.1" 404 1188
216.245.221.92 - - [15/Nov/2021:11:29:57 -0500] "HEAD / HTTP/1.1" 200 -
66.249.65.15 - - [15/Nov/2021:11:30:51 -0500] "GET /BLA/resoluciones/RESOLUCIONES%202008/1253.pdf HTTP/1.1" 200 240344
114.119.141.52 - - [15/Nov/2021:11:31:03 -0500] "GET /BLA/resoluciones/RESOLUCIONES%202013/0116.pdf HTTP/1.1" 200 3672813
157.55.39.19 - - [15/Nov/2021:11:31:40 -0500] "GET /BLA/resoluciones/index.php?dir=RESOLUCIONES+2008%2F HTTP/1.1" 200 976272
181.54.241.32 - - [15/Nov/2021:11:31:52 -0500] "GET /galeria/galeria/jquery.fancybox.css?v=2.1.5 HTTP/1.1" 200 4895
201.245.192.253 - - [15/Nov/2021:11:32:37 -0500] "POST /kwsrmcab/Wsrmcab HTTP/1.1" 200 46755
114.119.141.52 - - [15/Nov/2021:11:33:56 -0500] "GET /BLA/resoluciones/RESOLUCIONES%202010/6871.pdf HTTP/1.1" 200 361892
201.245.192.253 - - [15/Nov/2021:11:33:26 -0500] "POST /kwsrmcab/Wsrmcab HTTP/1.1" 200 46391
191.156.55.169 - - [15/Nov/2021:11:34:16 -0500] "GET /galeria/galeria/jquery.fancybox.css?v=2.1.5 HTTP/1.1" 200 4895
216.245.221.92 - - [15/Nov/2021:11:34:56 -0500] "HEAD / HTTP/1.1" 200 -
35.204.37.162 - - [15/Nov/2021:11:35:08 -0500] "GET / HTTP/1.1" 200 319
181.51.34.30 - - [15/Nov/2021:11:35:54 -0500] "GET /portaldeninos/ HTTP/1.1" 200 154346
181.51.34.30 - - [15/Nov/2021:11:36:19 -0500] "GET /portaldeninos/que-es-cambio-climatico HTTP/1.1" 301 -
181.51.34.30 - - [15/Nov/2021:11:36:19 -0500] "GET /portaldeninos/que-es-cambio-climatico/ HTTP/1.1" 200 79743
181.51.34.30 - - [15/Nov/2021:11:36:20 -0500] "GET /portaldeninos/wp-content/uploads/2020/01/Infograf%C3%ADa.gif%22%22 HTTP/1.1" 301 -
181.51.34.30 - - [15/Nov/2021:11:36:20 -0500] "GET /portaldeninos/wp-content/uploads/2020/01/Infograf%C3%ADa.gif HTTP/1.1" 200 965626
54.39.16.124 - - [15/Nov/2021:11:36:32 -0500] "GET /dora-villalobos-la-protectora-del-humedal-la-vaca.html HTTP/1.1" 200 893
114.119.141.53 - - [15/Nov/2021:11:36:40 -0500] "GET /BLA/resoluciones/RESOLUCIONES%202019/0953.pdf HTTP/1.1" 200 2355215
161.22.35.242 - - [15/Nov/2021:11:36:52 -0500] "GET /galeria/galeria/jquery.fancybox.css?v=2.1.5 HTTP/1.1" 200 4895
66.249.83.23 - - [15/Nov/2021:11:37:11 -0500] "GET /portaldeninos/wp-content/uploads/2020/01/Infograf%C3%ADa.gif HTTP/1.1" 200 965626
66.249.83.23 - - [15/Nov/2021:11:37:12 -0500] "GET /portaldeninos/wp-content/uploads/2020/01/Infograf%C3%ADa.gif HTTP/1.1" 200 965626
66.249.83.25 - - [15/Nov/2021:11:37:12 -0500] "GET /portaldeninos/wp-content/uploads/2020/01/Infograf%C3%ADa.gif HTTP/1.1" 200 965626
66.249.65.15 - - [15/Nov/2021:11:37:33 -0500] "GET /BLA/resoluciones/RESOLUCIONES%202007/RES%202007%202001%20AL%202100/RESOLUCION%202047%20DE%202007.pdf HTTP/1.1" 200 948593
181.54.146.170 - - [15/Nov/2021:11:38:19 -0500] "GET /BLA/resoluciones/dlf/styles.css HTTP/1.1" 200 3049
181.54.146.170 - - [15/Nov/2021:11:38:19 -0500] "GET /BLA/resoluciones/ HTTP/1.1" 200 12684
181.54.146.170 - - [15/Nov/2021:11:38:19 -0500] "GET /BLA/resoluciones/dlf/folder.png HTTP/1.1" 200 410
181.54.146.170 - - [15/Nov/2021:11:38:19 -0500] "GET /BLA/resoluciones/dlf/bg.gif HTTP/1.1" 200 54
181.54.146.170 - - [15/Nov/2021:11:38:19 -0500] "GET /favicon.ico HTTP/1.1" 200 7782
74.201.28.53 - - [15/Nov/2021:11:38:15 -0500] "GET / HTTP/1.1" 200 319
181.54.146.170 - - [15/Nov/2021:11:38:31 -0500] "GET /BLA/resoluciones/dlf/dirup.png HTTP/1.1" 200 644
181.54.146.170 - - [15/Nov/2021:11:38:31 -0500] "GET /BLA/resoluciones/dlf/pdf.gif HTTP/1.1" 200 272
181.54.146.170 - - [15/Nov/2021:11:38:31 -0500] "GET /BLA/resoluciones/index.php?dir=RESOLUCIONES+2018%2F HTTP/1.1" 200 247119
181.54.146.170 - - [15/Nov/2021:11:38:33 -0500] "GET /BLA/resoluciones/RESOLUCIONES%202018/0062.pdf HTTP/1.1" 200 393701
74.201.28.53 - - [15/Nov/2021:11:38:30 -0500] "GET / HTTP/1.1" 200 319
74.201.28.53 - - [15/Nov/2021:11:38:46 -0500] "GET /feed/ HTTP/1.1" 404 1018
74.201.28.53 - - [15/Nov/2021:11:39:02 -0500] "GET /xmlrpc.php?rsd HTTP/1.1" 404 1018
181.54.146.170 - - [15/Nov/2021:11:39:18 -0500] "GET /BLA/resoluciones/RESOLUCIONES%202018/3355.pdf HTTP/1.1" 200 228958
181.54.146.170 - - [15/Nov/2021:11:39:29 -0500] "GET /BLA/resoluciones/RESOLUCIONES%202018/4109.pdf HTTP/1.1" 200 722329
74.201.28.53 - - [15/Nov/2021:11:39:18 -0500] "GET /blog/wp-includes/wlwmanifest.xml HTTP/1.1" 404 1018
114.119.141.51 - - [15/Nov/2021:11:39:43 -0500] "GET /BLA/resoluciones/AUTOS%202009/0927.pdf HTTP/1.1" 200 121307
74.201.28.53 - - [15/Nov/2021:11:39:34 -0500] "GET /web/wp-includes/wlwmanifest.xml HTTP/1.1" 404 1018
216.245.221.92 - - [15/Nov/2021:11:39:56 -0500] "HEAD / HTTP/1.1" 200 -
181.54.146.170 - - [15/Nov/2021:11:39:57 -0500] "GET /BLA/resoluciones/ HTTP/1.1" 200 12684
181.54.146.170 - - [15/Nov/2021:11:40:00 -0500] "GET /BLA/resoluciones/index.php?dir=2018%2F HTTP/1.1" 200 1608
181.54.146.170 - - [15/Nov/2021:11:40:01 -0500] "GET /BLA/resoluciones/index.php?dir= HTTP/1.1" 200 12684
74.201.28.53 - - [15/Nov/2021:11:39:49 -0500] "GET /wordpress/wp-includes/wlwmanifest.xml HTTP/1.1" 404 1018
181.54.146.170 - - [15/Nov/2021:11:40:09 -0500] "GET /BLA/resoluciones/index.php?dir=Notificaciones%2F HTTP/1.1" 200 9007
181.54.146.170 - - [15/Nov/2021:11:40:13 -0500] "GET /BLA/resoluciones/index.php?dir=Notificaciones%2FRESOLUCIONES+2018%2F HTTP/1.1" 200 16745
157.55.39.28 - - [15/Nov/2021:11:40:20 -0500] "GET /galeria/galeria/fotos/humedal-Burro2G.jpg HTTP/1.1" 200 495079
74.201.28.53 - - [15/Nov/2021:11:40:05 -0500] "GET /wp/wp-includes/wlwmanifest.xml HTTP/1.1" 404 1018
74.201.28.53 - - [15/Nov/2021:11:40:21 -0500] "GET /2020/wp-includes/wlwmanifest.xml HTTP/1.1" 404 1018
74.201.28.53 - - [15/Nov/2021:11:40:37 -0500] "GET /2019/wp-includes/wlwmanifest.xml HTTP/1.1" 404 1018
74.201.28.53 - - [15/Nov/2021:11:40:52 -0500] "GET /2021/wp-includes/wlwmanifest.xml HTTP/1.1" 404 1018
74.201.28.53 - - [15/Nov/2021:11:41:08 -0500] "GET /shop/wp-includes/wlwmanifest.xml HTTP/1.1" 404 1018
74.201.28.53 - - [15/Nov/2021:11:41:24 -0500] "GET /wp1/wp-includes/wlwmanifest.xml HTTP/1.1" 404 1018
74.201.28.53 - - [15/Nov/2021:11:41:40 -0500] "GET /test/wp-includes/wlwmanifest.xml HTTP/1.1" 404 1018
74.201.28.53 - - [15/Nov/2021:11:41:55 -0500] "GET /site/wp-includes/wlwmanifest.xml HTTP/1.1" 404 1018
114.119.141.42 - - [15/Nov/2021:11:42:18 -0500] "GET /BLA/resoluciones/RESOLUCIONES%202010/6693.pdf HTTP/1.1" 200 2355573
74.201.28.53 - - [15/Nov/2021:11:42:11 -0500] "GET /cms/wp-includes/wlwmanifest.xml HTTP/1.1" 404 1018
201.245.192.253 - - [15/Nov/2021:11:42:37 -0500] "POST /kwsrmcab/Wsrmcab HTTP/1.1" 200 46755
201.245.192.253 - - [15/Nov/2021:11:43:25 -0500] "POST /kwsrmcab/Wsrmcab HTTP/1.1" 200 46391
66.249.65.17 - - [15/Nov/2021:11:44:15 -0500] "GET /BLA/resoluciones/AUTOS%202014/5589.pdf HTTP/1.1" 200 423418
201.245.192.253 - - [15/Nov/2021:11:44:04 -0500] "POST /kwsrmcab/Wsrmcab HTTP/1.1" 200 117348
216.245.221.92 - - [15/Nov/2021:11:44:57 -0500] "HEAD / HTTP/1.1" 200 -
114.119.141.71 - - [15/Nov/2021:11:45:02 -0500] "GET /BLA/resoluciones/RESOLUCIONES%202010/4703.pdf HTTP/1.1" 200 753203
181.55.146.148 - - [15/Nov/2021:11:45:22 -0500] "GET /galeria/galeria/jquery.fancybox.css?v=2.1.5 HTTP/1.1" 200 4895
45.178.90.106 - - [15/Nov/2021:11:47:13 -0500] "GET /galeria/galeria/jquery.fancybox.css?v=2.1.5 HTTP/1.1" 200 4895
114.119.141.52 - - [15/Nov/2021:11:47:46 -0500] "GET /BLA/resoluciones/RESOLUCIONES%202007/RES%202007%20701%20AL%20800/RESOLUCION%200798%20DE%202007.pdf HTTP/1.1" 200 422460
181.146.46.152 - - [15/Nov/2021:11:49:25 -0500] "GET /galeria/galeria/jquery.fancybox.css?v=2.1.5 HTTP/1.1" 200 4895
216.245.221.92 - - [15/Nov/2021:11:49:56 -0500] "HEAD / HTTP/1.1" 200 -
186.85.184.148 - - [15/Nov/2021:11:50:10 -0500] "GET /BLA/resoluciones/index.php?dir=RESOLUCIONES+2020%2F HTTP/1.1" 200 151880
186.85.184.148 - - [15/Nov/2021:11:50:14 -0500] "GET /BLA/resoluciones/RESOLUCIONES%202007/RES%202007%20401%20AL%20500/RESOLUCION%200461%20DE%202007.pdf HTTP/1.1" 200 2735937
186.85.184.148 - - [15/Nov/2021:11:50:29 -0500] "GET /BLA/resoluciones/index.php?dir=AUTOS+2014%2F HTTP/1.1" 200 872270
186.85.184.148 - - [15/Nov/2021:11:50:31 -0500] "GET /BLA/resoluciones/dlf/unknown.png HTTP/1.1" 200 266
114.119.132.76 - - [15/Nov/2021:11:50:43 -0500] "GET /BLA/resoluciones/RESOLUCIONES%202008/2865.pdf HTTP/1.1" 200 126479
66.249.65.15 - - [15/Nov/2021:11:50:57 -0500] "GET /BLA/resoluciones/RESOLUCIONES%202017/2466.pdf HTTP/1.1" 200 279568
157.55.39.19 - - [15/Nov/2021:11:53:24 -0500] "GET /sipse/faces/presentacion/financiero/solicitudProceso/consultarHistorialSolProceso.xhtml HTTP/1.1" 302 -
157.55.39.19 - - [15/Nov/2021:11:53:25 -0500] "GET /sipse/faces/autenticacion.xhtml HTTP/1.1" 200 12503
114.119.141.71 - - [15/Nov/2021:11:53:30 -0500] "GET /BLA/resoluciones/RESOLUCIONES%202010/0469.pdf HTTP/1.1" 200 106666
173.252.83.2 - - [15/Nov/2021:11:53:49 -0500] "GET /images/buenas-practicas-ambientales-3-noviembre.png HTTP/1.1" 200 183375
69.63.184.116 - - [15/Nov/2021:11:53:55 -0500] "GET /images/Cabildo1.jpeg HTTP/1.1" 200 32341
69.63.184.117 - - [15/Nov/2021:11:53:55 -0500] "GET /images/PAC1.jpeg HTTP/1.1" 200 66191
173.252.107.12 - - [15/Nov/2021:11:54:24 -0500] "GET /esta-abierta-la-convocatoria-para-ser-parte-del-programa-de-voluntariado-ambiental-de-bogota.html HTTP/1.1" 206 972
173.252.107.5 - - [15/Nov/2021:11:54:24 -0500] "GET /esta-abierta-la-convocatoria-para-ser-parte-del-programa-de-voluntariado-ambiental-de-bogota.html HTTP/1.1" 206 972
173.252.107.1 - - [15/Nov/2021:11:54:24 -0500] "GET /esta-abierta-la-convocatoria-para-ser-parte-del-programa-de-voluntariado-ambiental-de-bogota.html HTTP/1.1" 206 972
173.252.107.116 - - [15/Nov/2021:11:54:24 -0500] "GET /esta-abierta-la-convocatoria-para-ser-parte-del-programa-de-voluntariado-ambiental-de-bogota.html HTTP/1.1" 206 972
173.252.107.119 - - [15/Nov/2021:11:54:24 -0500] "GET /esta-abierta-la-convocatoria-para-ser-parte-del-programa-de-voluntariado-ambiental-de-bogota.html HTTP/1.1" 206 972
216.245.221.92 - - [15/Nov/2021:11:54:56 -0500] "HEAD / HTTP/1.1" 200 -
114.119.141.52 - - [15/Nov/2021:11:56:24 -0500] "GET /BLA/resoluciones/RESOLUCIONES%202018/2418.pdf HTTP/1.1" 200 249141
66.249.65.17 - - [15/Nov/2021:11:57:40 -0500] "GET /BLA/resoluciones/AUTOS%202014/5561.pdf HTTP/1.1" 200 513208
186.145.141.185 - - [15/Nov/2021:11:57:59 -0500] "GET /galeria/galeria/jquery.fancybox.css?v=2.1.5 HTTP/1.1" 200 4895
191.156.67.50 - - [15/Nov/2021:11:58:16 -0500] "GET /sipse/js/disable_browser_buttons.js HTTP/1.1" 200 3230
191.156.67.50 - - [15/Nov/2021:11:58:16 -0500] "GET /sipse/js/funciones.js HTTP/1.1" 200 12592
191.156.67.50 - - [15/Nov/2021:11:58:16 -0500] "GET /sipse/css/custom_css_sg.css HTTP/1.1" 200 9694
191.156.67.50 - - [15/Nov/2021:11:58:16 -0500] "GET /sipse/css/custom_css_sg_prime_login.css HTTP/1.1" 200 443
191.156.67.50 - - [15/Nov/2021:11:58:16 -0500] "GET /sipse/faces/javax.faces.resource/theme.css?ln=primefaces-sipse HTTP/1.1" 304 -
191.156.67.50 - - [15/Nov/2021:11:58:16 -0500] "GET /sipse/faces/javax.faces.resource/primefaces.css?ln=primefaces&v=4.0 HTTP/1.1" 304 -
191.156.67.50 - - [15/Nov/2021:11:58:16 -0500] "GET /sipse/faces/javax.faces.resource/layout/layout.css?ln=primefaces&v=4.0 HTTP/1.1" 304 -
191.156.67.50 - - [15/Nov/2021:11:58:16 -0500] "GET /sipse/faces/javax.faces.resource/jquery/jquery.js?ln=primefaces&v=4.0 HTTP/1.1" 304 -
191.156.67.50 - - [15/Nov/2021:11:58:17 -0500] "GET /sipse/faces/javax.faces.resource/jquery/jquery-plugins.js?ln=primefaces&v=4.0 HTTP/1.1" 304 -
191.156.67.50 - - [15/Nov/2021:11:58:17 -0500] "GET /sipse/faces/javax.faces.resource/primefaces.js?ln=primefaces&v=4.0 HTTP/1.1" 304 -
191.156.67.50 - - [15/Nov/2021:11:58:17 -0500] "GET /sipse/faces/javax.faces.resource/layout/layout.js?ln=primefaces&v=4.0 HTTP/1.1" 304 -
191.156.67.50 - - [15/Nov/2021:11:58:18 -0500] "GET /sipse/faces/javax.faces.resource/images/ui-icons_898989_256x240.png?ln=primefaces-aristo HTTP/1.1" 304 -
191.156.67.50 - - [15/Nov/2021:11:58:18 -0500] "GET /sipse/css/imagen/loginimg.png HTTP/1.1" 200 71635
191.156.67.50 - - [15/Nov/2021:11:58:18 -0500] "GET /sipse/css/imagen/logoSDG.png HTTP/1.1" 200 53064
191.156.67.50 - - [15/Nov/2021:11:58:21 -0500] "GET /sipse/faces/faces/index.xhtml HTTP/1.1" 200 677
191.156.67.50 - - [15/Nov/2021:11:58:22 -0500] "GET /sipse/faces/javax.faces.resource/theme.css?ln=primefaces-sipse HTTP/1.1" 304 -
191.156.67.50 - - [15/Nov/2021:11:58:23 -0500] "GET /sipse/faces/faces/faces/autenticacion.xhtml HTTP/1.1" 200 12181
191.156.67.50 - - [15/Nov/2021:11:58:23 -0500] "GET /sipse/faces/javax.faces.resource/primefaces.css?ln=primefaces&v=4.0 HTTP/1.1" 304 -
191.156.67.50 - - [15/Nov/2021:11:58:23 -0500] "GET /sipse/faces/javax.faces.resource/theme.css?ln=primefaces-sipse HTTP/1.1" 304 -
191.156.67.50 - - [15/Nov/2021:11:58:23 -0500] "GET /sipse/faces/javax.faces.resource/layout/layout.css?ln=primefaces&v=4.0 HTTP/1.1" 304 -
191.156.67.50 - - [15/Nov/2021:11:58:23 -0500] "GET /sipse/faces/javax.faces.resource/jquery/jquery-plugins.js?ln=primefaces&v=4.0 HTTP/1.1" 304 -
191.156.67.50 - - [15/Nov/2021:11:58:23 -0500] "GET /sipse/faces/javax.faces.resource/jquery/jquery.js?ln=primefaces&v=4.0 HTTP/1.1" 304 -
191.156.67.50 - - [15/Nov/2021:11:58:23 -0500] "GET /sipse/faces/javax.faces.resource/primefaces.js?ln=primefaces&v=4.0 HTTP/1.1" 304 -
191.156.67.50 - - [15/Nov/2021:11:58:23 -0500] "GET /sipse/faces/javax.faces.resource/layout/layout.js?ln=primefaces&v=4.0 HTTP/1.1" 304 -
190.60.255.203 - - [15/Nov/2021:11:59:00 -0500] "GET /alcaldesa-claudia-lopez-encabezo-encuentro-con-las-mujeres-que-reverdecen-a-bogota.html HTTP/1.1" 200 1069
186.154.36.251 - - [15/Nov/2021:11:59:02 -0500] "GET /galeria/galeria/jquery.fancybox.css?v=2.1.5 HTTP/1.1" 200 4895
114.119.141.52 - - [15/Nov/2021:11:59:05 -0500] "GET /BLA/resoluciones/RESOLUCIONES%202009/5684.pdf HTTP/1.1" 200 356277
216.245.221.92 - - [15/Nov/2021:11:59:56 -0500] "HEAD / HTTP/1.1" 200 -
191.102.198.93 - - [15/Nov/2021:12:00:19 -0500] "GET /BLA/resoluciones/RESOLUCIONES%202020/0500.pdf HTTP/1.1" 200 620964
157.55.39.98 - - [15/Nov/2021:12:00:46 -0500] "GET /galeria/galeria/fotos/Eucalipto.jpg HTTP/1.1" 200 172306
114.119.141.69 - - [15/Nov/2021:12:01:51 -0500] "GET /BLA/resoluciones/RESOLUCIONES%202010/4908.pdf HTTP/1.1" 200 759715
186.82.86.227 - - [15/Nov/2021:12:04:08 -0500] "GET /galeria/galeria/jquery.fancybox.css?v=2.1.5 HTTP/1.1" 200 4895
114.119.132.76 - - [15/Nov/2021:12:04:43 -0500] "GET /BLA/resoluciones/RESOLUCIONES%202010/2494.pdf HTTP/1.1" 200 406954
201.245.192.253 - - [15/Nov/2021:12:04:00 -0500] "POST /kwsrmcab/Wsrmcab HTTP/1.1" 200 213
186.154.98.8 - - [15/Nov/2021:12:04:48 -0500] "GET /BLA/resoluciones/RESOLUCIONES%202018/4329.pdf HTTP/1.1" 200 434588
186.154.98.8 - - [15/Nov/2021:12:04:48 -0500] "GET /favicon.ico HTTP/1.1" 200 7782
216.245.221.92 - - [15/Nov/2021:12:04:56 -0500] "HEAD / HTTP/1.1" 200 -
217.182.171.12 - - [15/Nov/2021:12:05:14 -0500] "HEAD /BLA/resoluciones/AUTOS%202014/2891.pdf HTTP/1.1" 200 -
181.33.71.250 - - [15/Nov/2021:12:06:27 -0500] "GET /galeria/galeria/jquery.fancybox.css?v=2.1.5 HTTP/1.1" 200 4895
114.119.141.73 - - [15/Nov/2021:12:07:24 -0500] "GET /BLA/resoluciones/RESOLUCIONES%202010/3661.pdf HTTP/1.1" 200 456873
45.134.225.20 - - [15/Nov/2021:12:07:16 -0500] "POST /boaform/admin/formLogin HTTP/1.1" 404 1186
186.155.161.11 - - [15/Nov/2021:12:08:19 -0500] "GET /sipse/faces/index.xhtml HTTP/1.1" 200 677
186.155.161.11 - - [15/Nov/2021:12:08:20 -0500] "GET /sipse/faces/javax.faces.resource/theme.css?ln=primefaces-sipse HTTP/1.1" 200 50058
186.155.161.11 - - [15/Nov/2021:12:08:20 -0500] "GET /sipse/faces/faces/autenticacion.xhtml HTTP/1.1" 200 12181
186.155.161.11 - - [15/Nov/2021:12:08:20 -0500] "GET /favicon.ico HTTP/1.1" 200 7782
186.155.161.11 - - [15/Nov/2021:12:08:21 -0500] "GET /sipse/js/funciones.js HTTP/1.1" 200 12592
186.155.161.11 - - [15/Nov/2021:12:08:21 -0500] "GET /sipse/faces/javax.faces.resource/theme.css?ln=primefaces-sipse HTTP/1.1" 304 -
186.155.161.11 - - [15/Nov/2021:12:08:21 -0500] "GET /sipse/faces/javax.faces.resource/layout/layout.css?ln=primefaces&v=4.0 HTTP/1.1" 200 542
186.155.161.11 - - [15/Nov/2021:12:08:21 -0500] "GET /sipse/faces/javax.faces.resource/jquery/jquery.js?ln=primefaces&v=4.0 HTTP/1.1" 304 -
186.155.161.11 - - [15/Nov/2021:12:08:21 -0500] "GET /sipse/faces/javax.faces.resource/jquery/jquery-plugins.js?ln=primefaces&v=4.0 HTTP/1.1" 304 -
186.155.161.11 - - [15/Nov/2021:12:08:21 -0500] "GET /sipse/faces/javax.faces.resource/primefaces.js?ln=primefaces&v=4.0 HTTP/1.1" 304 -
