34.90.136.185 - - [15/Nov/2021:20:09:27 -0500] "GET / HTTP/1.1" 200 319
216.245.221.92 - - [15/Nov/2021:20:09:55 -0500] "HEAD / HTTP/1.1" 200 -
114.119.132.76 - - [15/Nov/2021:20:11:02 -0500] "GET /BLA/resoluciones/RESOLUCIONES%202010/5882.pdf HTTP/1.1" 200 82345
181.55.181.19 - - [15/Nov/2021:20:11:55 -0500] "GET /sipse/faces/faces/autenticacion.xhtml HTTP/1.1" 200 12503
181.55.181.19 - - [15/Nov/2021:20:11:56 -0500] "GET /sipse/faces/javax.faces.resource/layout/layout.css;jsessionid=vf1q56AH4Wf5b8xt8AafkHXn.undefined?ln=primefaces&v=4.0 HTTP/1.1" 200 542
181.55.181.19 - - [15/Nov/2021:20:11:56 -0500] "GET /sipse/css/custom_css_sg.css HTTP/1.1" 304 -
181.55.181.19 - - [15/Nov/2021:20:11:56 -0500] "GET /sipse/css/custom_css_sg_prime_login.css HTTP/1.1" 304 -
181.55.181.19 - - [15/Nov/2021:20:11:56 -0500] "GET /sipse/faces/javax.faces.resource/theme.css?ln=primefaces-sipse HTTP/1.1" 304 -
181.55.181.19 - - [15/Nov/2021:20:11:56 -0500] "GET /sipse/faces/javax.faces.resource/primefaces.css;jsessionid=vf1q56AH4Wf5b8xt8AafkHXn.undefined?ln=primefaces&v=4.0 HTTP/1.1" 200 53295
181.55.181.19 - - [15/Nov/2021:20:11:56 -0500] "GET /sipse/js/disable_browser_buttons.js HTTP/1.1" 304 -
181.55.181.19 - - [15/Nov/2021:20:11:56 -0500] "GET /sipse/js/funciones.js HTTP/1.1" 304 -
181.55.181.19 - - [15/Nov/2021:20:11:56 -0500] "GET /sipse/faces/javax.faces.resource/jquery/jquery.js;jsessionid=vf1q56AH4Wf5b8xt8AafkHXn.undefined?ln=primefaces&v=4.0 HTTP/1.1" 200 105384
181.55.181.19 - - [15/Nov/2021:20:11:56 -0500] "GET /sipse/faces/javax.faces.resource/layout/layout.js;jsessionid=vf1q56AH4Wf5b8xt8AafkHXn.undefined?ln=primefaces&v=4.0 HTTP/1.1" 200 87560
181.55.181.19 - - [15/Nov/2021:20:11:56 -0500] "GET /sipse/faces/javax.faces.resource/primefaces.js;jsessionid=vf1q56AH4Wf5b8xt8AafkHXn.undefined?ln=primefaces&v=4.0 HTTP/1.1" 200 276924
181.55.181.19 - - [15/Nov/2021:20:11:56 -0500] "GET /sipse/faces/javax.faces.resource/jquery/jquery-plugins.js;jsessionid=vf1q56AH4Wf5b8xt8AafkHXn.undefined?ln=primefaces&v=4.0 HTTP/1.1" 200 220526
181.55.181.19 - - [15/Nov/2021:20:11:56 -0500] "GET /sipse/css/imagen/logoSDG.png HTTP/1.1" 304 -
181.55.181.19 - - [15/Nov/2021:20:11:56 -0500] "GET /sipse/css/imagen/loginimg.png HTTP/1.1" 304 -
181.55.181.19 - - [15/Nov/2021:20:11:56 -0500] "GET /sipse/faces/javax.faces.resource/images/ui-icons_898989_256x240.png?ln=primefaces-aristo HTTP/1.1" 304 -
181.55.181.19 - - [15/Nov/2021:20:11:57 -0500] "GET /sipse/faces/faces/index.xhtml HTTP/1.1" 200 677
181.55.181.19 - - [15/Nov/2021:20:11:57 -0500] "GET /sipse/faces/javax.faces.resource/theme.css?ln=primefaces-sipse HTTP/1.1" 304 -
181.55.181.19 - - [15/Nov/2021:20:11:57 -0500] "GET /sipse/faces/faces/faces/autenticacion.xhtml HTTP/1.1" 200 12181
181.55.181.19 - - [15/Nov/2021:20:11:57 -0500] "GET /sipse/faces/javax.faces.resource/theme.css?ln=primefaces-sipse HTTP/1.1" 304 -
181.55.181.19 - - [15/Nov/2021:20:11:57 -0500] "GET /sipse/faces/javax.faces.resource/layout/layout.css?ln=primefaces&v=4.0 HTTP/1.1" 304 -
181.55.181.19 - - [15/Nov/2021:20:11:57 -0500] "GET /sipse/faces/javax.faces.resource/primefaces.css?ln=primefaces&v=4.0 HTTP/1.1" 304 -
181.55.181.19 - - [15/Nov/2021:20:11:57 -0500] "GET /sipse/faces/javax.faces.resource/jquery/jquery.js?ln=primefaces&v=4.0 HTTP/1.1" 304 -
181.55.181.19 - - [15/Nov/2021:20:11:57 -0500] "GET /sipse/faces/javax.faces.resource/jquery/jquery-plugins.js?ln=primefaces&v=4.0 HTTP/1.1" 304 -
181.55.181.19 - - [15/Nov/2021:20:11:57 -0500] "GET /sipse/faces/javax.faces.resource/primefaces.js?ln=primefaces&v=4.0 HTTP/1.1" 304 -
181.55.181.19 - - [15/Nov/2021:20:11:57 -0500] "GET /sipse/faces/javax.faces.resource/layout/layout.js?ln=primefaces&v=4.0 HTTP/1.1" 304 -
181.55.181.19 - - [15/Nov/2021:20:12:03 -0500] "POST /sipse/faces/autenticacion.xhtml HTTP/1.1" 200 2120
181.55.181.19 - - [15/Nov/2021:20:12:03 -0500] "GET /sipse/faces/javax.faces.resource/messages/messages.png?ln=primefaces&v=4.0 HTTP/1.1" 304 -
181.55.181.19 - - [15/Nov/2021:20:12:14 -0500] "POST /sipse/faces/autenticacion.xhtml HTTP/1.1" 200 2120
181.55.181.19 - - [15/Nov/2021:20:12:36 -0500] "POST /sipse/faces/autenticacion.xhtml HTTP/1.1" 200 2124
114.119.141.73 - - [15/Nov/2021:20:14:00 -0500] "GET /BLA/resoluciones/AUTOS%202014/6851.pdf HTTP/1.1" 200 435174
186.31.138.187 - - [15/Nov/2021:20:14:25 -0500] "GET /galeria/galeria/jquery.fancybox.css?v=2.1.5 HTTP/1.1" 200 4895
216.245.221.92 - - [15/Nov/2021:20:14:55 -0500] "HEAD / HTTP/1.1" 200 -
40.88.21.235 - - [15/Nov/2021:20:15:17 -0500] "GET / HTTP/1.1" 200 319
40.88.21.235 - - [15/Nov/2021:20:15:18 -0500] "GET /favicon.ico HTTP/1.1" 200 7782
186.84.90.96 - - [15/Nov/2021:20:16:14 -0500] "GET /secretaria-de-ambiente-abre-convocatoria-para-que-empresas-de-bogota-sean-mas-sostenibles.html?fbclid=IwAR3QJfCPgSdTMRIOjhsOjhd9feoINlWenv5KyRk5uGhOVZNcCgf-CZ97pIE HTTP/1.1" 200 907
191.156.224.139 - - [15/Nov/2021:20:16:43 -0500] "GET /se-amplia-convocatoria-de-sembradoras-por-la-reactivaccion-para-que-20-organizaciones-ambientales-contraten-a-mas-de-mil-mujeres.html HTTP/1.1" 200 1100
114.119.141.69 - - [15/Nov/2021:20:17:03 -0500] "GET /BLA/resoluciones/AUTOS%202014/6815.pdf HTTP/1.1" 200 578032
191.111.168.129 - - [15/Nov/2021:20:18:46 -0500] "GET /galeria/galeria/jquery.fancybox.css?v=2.1.5 HTTP/1.1" 200 4895
216.245.221.92 - - [15/Nov/2021:20:19:55 -0500] "HEAD / HTTP/1.1" 200 -
114.119.141.73 - - [15/Nov/2021:20:20:01 -0500] "GET /BLA/resoluciones/RESOLUCIONES%202010/1371.pdf HTTP/1.1" 200 380704
186.102.51.180 - - [15/Nov/2021:20:22:43 -0500] "GET /bogota-ya-cuenta-con-el-protocolo-para-el-manejo-y-control-de-la-langostilla-de-rio.html HTTP/1.1" 200 1088
114.119.141.53 - - [15/Nov/2021:20:23:11 -0500] "GET /BLA/resoluciones/RESOLUCIONES%202018/2090.pdf HTTP/1.1" 200 2562286
201.245.192.253 - - [15/Nov/2021:20:22:36 -0500] "POST /kwsrmcab/Wsrmcab HTTP/1.1" 200 46694
186.84.22.91 - - [15/Nov/2021:20:24:00 -0500] "GET /galeria/galeria/jquery.fancybox.css?v=2.1.5 HTTP/1.1" 200 4895
201.245.192.253 - - [15/Nov/2021:20:23:23 -0500] "POST /kwsrmcab/Wsrmcab HTTP/1.1" 200 46361
201.245.192.253 - - [15/Nov/2021:20:23:56 -0500] "POST /kwsrmcab/Wsrmcab HTTP/1.1" 200 117318
216.245.221.92 - - [15/Nov/2021:20:24:55 -0500] "HEAD / HTTP/1.1" 200 -
66.249.65.17 - - [15/Nov/2021:20:25:52 -0500] "GET /Publicaciones/2021EE233051.pdf HTTP/1.1" 404 228
114.119.141.71 - - [15/Nov/2021:20:25:54 -0500] "GET /BLA/resoluciones/RESOLUCIONES%202017/1820.pdf HTTP/1.1" 200 335881
66.249.65.17 - - [15/Nov/2021:20:27:31 -0500] "GET /galeria/galeria/fotos/19.jpg HTTP/1.1" 200 294330
114.119.141.73 - - [15/Nov/2021:20:28:55 -0500] "GET /BLA/resoluciones/RESOLUCIONES%202010/5291.pdf HTTP/1.1" 200 760507
216.245.221.92 - - [15/Nov/2021:20:29:55 -0500] "HEAD / HTTP/1.1" 200 -
114.119.141.69 - - [15/Nov/2021:20:32:07 -0500] "GET /BLA/resoluciones/RESOLUCIONES%202015/2774.pdf HTTP/1.1" 200 719769
179.33.247.128 - - [15/Nov/2021:20:32:23 -0500] "GET /BLA/resoluciones/ HTTP/1.1" 200 12684
179.33.247.128 - - [15/Nov/2021:20:32:26 -0500] "GET /BLA/resoluciones/index.php?dir=AUTOS+2015%2F HTTP/1.1" 200 575855
179.33.247.128 - - [15/Nov/2021:20:32:50 -0500] "GET /BLA/resoluciones/AUTOS%202015/0606.pdf HTTP/1.1" 200 840093
201.245.192.253 - - [15/Nov/2021:20:32:36 -0500] "POST /kwsrmcab/Wsrmcab HTTP/1.1" 200 46694
201.245.192.253 - - [15/Nov/2021:20:33:20 -0500] "POST /kwsrmcab/Wsrmcab HTTP/1.1" 200 46361
103.135.38.87 - - [15/Nov/2021:20:34:31 -0500] "GET / HTTP/1.1" 200 319
216.245.221.92 - - [15/Nov/2021:20:34:55 -0500] "HEAD / HTTP/1.1" 200 -
114.119.141.71 - - [15/Nov/2021:20:35:09 -0500] "GET /BLA/resoluciones/Notificaciones/AUTOS%202015/03512.doc HTTP/1.1" 200 107823
181.235.125.179 - - [15/Nov/2021:20:35:52 -0500] "GET /BLA/resoluciones/index.php?dir= HTTP/1.1" 200 12684
181.235.125.179 - - [15/Nov/2021:20:35:54 -0500] "GET /BLA/resoluciones/index.php?dir=AUTOS+2019%2F HTTP/1.1" 200 329938
190.0.243.167 - - [15/Nov/2021:20:36:02 -0500] "GET /BLA/resoluciones/RESOLUCIONES%202010/2771.pdf HTTP/1.1" 200 725919
190.0.243.167 - - [15/Nov/2021:20:36:02 -0500] "GET /favicon.ico HTTP/1.1" 200 7782
186.144.239.3 - - [15/Nov/2021:20:36:16 -0500] "GET /galeria/galeria/jquery.fancybox.js?v=2.1.5 HTTP/1.1" 200 48706
186.144.239.3 - - [15/Nov/2021:20:36:16 -0500] "GET /galeria/galeria/jquery.fancybox.css?v=2.1.5 HTTP/1.1" 200 4895
23.100.232.233 - - [15/Nov/2021:20:37:20 -0500] "GET /galeria/galeria/jquery.fancybox.js?v=2.1.5 HTTP/1.1" 200 48706
23.100.232.233 - - [15/Nov/2021:20:37:20 -0500] "GET /galeria/galeria/jquery.fancybox.css?v=2.1.5 HTTP/1.1" 200 4895
114.119.141.71 - - [15/Nov/2021:20:38:15 -0500] "GET /BLA/resoluciones/index.php?dir=AUTOS%2B2008/&sort=date&order=desc HTTP/1.1" 200 12869
181.56.149.183 - - [15/Nov/2021:20:38:44 -0500] "GET /BLA/resoluciones/ HTTP/1.1" 200 12684
181.56.149.183 - - [15/Nov/2021:20:38:48 -0500] "GET /BLA/resoluciones/index.php?dir=RESOLUCIONES+2009%2F HTTP/1.1" 200 1694101
181.56.149.183 - - [15/Nov/2021:20:39:07 -0500] "GET /BLA/resoluciones/RESOLUCIONES%202009/0026.pdf HTTP/1.1" 200 325733
181.56.149.183 - - [15/Nov/2021:20:39:42 -0500] "GET /BLA/resoluciones/ HTTP/1.1" 200 12684
181.56.149.183 - - [15/Nov/2021:20:39:46 -0500] "GET /BLA/resoluciones/index.php?dir=RESOLUCIONES+2009%2F HTTP/1.1" 200 1694101
216.245.221.92 - - [15/Nov/2021:20:39:55 -0500] "HEAD / HTTP/1.1" 200 -
181.56.149.183 - - [15/Nov/2021:20:39:57 -0500] "GET /BLA/resoluciones/RESOLUCIONES%202009/0481.pdf HTTP/1.1" 200 529945
69.63.189.118 - - [15/Nov/2021:20:40:07 -0500] "GET /la-propuesta-de-pot-esta-pensada-para-que-bogota-enfrente-la-crisis-climatica.html HTTP/1.1" 206 919
69.63.189.118 - - [15/Nov/2021:20:40:08 -0500] "GET /la-propuesta-de-pot-esta-pensada-para-que-bogota-enfrente-la-crisis-climatica.html HTTP/1.1" 206 919
35.82.30.123 - - [15/Nov/2021:20:40:12 -0500] "GET /galeria/galeria/jquery.fancybox.js?v=2.1.5 HTTP/1.1" 200 48706
35.82.30.123 - - [15/Nov/2021:20:40:12 -0500] "GET / HTTP/1.1" 200 319
23.100.232.233 - - [15/Nov/2021:20:40:48 -0500] "GET /galeria/galeria/jquery.fancybox.css?v=2.1.5 HTTP/1.1" 200 4895
23.100.232.233 - - [15/Nov/2021:20:40:48 -0500] "GET /galeria/galeria/jquery.fancybox.js?v=2.1.5 HTTP/1.1" 200 48706
66.249.83.203 - - [15/Nov/2021:20:41:17 -0500] "GET / HTTP/1.1" 200 319
66.249.83.93 - - [15/Nov/2021:20:41:18 -0500] "GET /favicon.ico HTTP/1.1" 200 7782
186.86.227.226 - - [15/Nov/2021:20:41:45 -0500] "GET /galeria/galeria/jquery.fancybox.css?v=2.1.5 HTTP/1.1" 200 4895
181.56.149.183 - - [15/Nov/2021:20:42:18 -0500] "GET /BLA/resoluciones/ HTTP/1.1" 200 12684
181.56.149.183 - - [15/Nov/2021:20:42:21 -0500] "GET /BLA/resoluciones/index.php?dir=AUTOS+2009%2F HTTP/1.1" 200 399207
181.56.149.183 - - [15/Nov/2021:20:42:28 -0500] "GET /BLA/resoluciones/AUTOS%202009/0483.pdf HTTP/1.1" 200 411863
201.245.192.253 - - [15/Nov/2021:20:42:35 -0500] "POST /kwsrmcab/Wsrmcab HTTP/1.1" 200 46694
201.245.192.253 - - [15/Nov/2021:20:43:22 -0500] "GET /kwsrmcab/Wsrmcab?wsdl HTTP/1.1" 200 6948
201.245.192.253 - - [15/Nov/2021:20:43:22 -0500] "POST /kwsrmcab/Wsrmcab HTTP/1.1" 200 46361
114.119.141.52 - - [15/Nov/2021:20:44:12 -0500] "GET /BLA/resoluciones/RESOLUCIONES%202010/RESOLUCION%207838%20DE%202010.PDF HTTP/1.1" 200 139346
201.245.192.253 - - [15/Nov/2021:20:43:58 -0500] "POST /kwsrmcab/Wsrmcab HTTP/1.1" 200 117318
157.55.39.25 - - [15/Nov/2021:20:44:46 -0500] "GET /galeria/galeria/fotos/Entrenube1G.jpg HTTP/1.1" 200 98766
45.146.164.110 - - [15/Nov/2021:20:44:48 -0500] "GET /?a=fetch&content=<php>die(@md5(HelloThinkCMF))</php> HTTP/1.1" 200 319
216.245.221.92 - - [15/Nov/2021:20:44:55 -0500] "HEAD / HTTP/1.1" 200 -
23.100.232.233 - - [15/Nov/2021:20:45:57 -0500] "GET /galeria/galeria/jquery.fancybox.js?v=2.1.5 HTTP/1.1" 200 48706
23.100.232.233 - - [15/Nov/2021:20:45:57 -0500] "GET /galeria/galeria/jquery.fancybox.css?v=2.1.5 HTTP/1.1" 200 4895
179.33.70.54 - - [15/Nov/2021:20:47:02 -0500] "GET /secretaria-de-ambiente-hace-seguimiento-de-control-a-licencias-ambientales-otorgadas.html?fbclid=IwAR1AtPKa-Y75ZHI_CTONvVaEFjDAi3n4fILg_QK0NmqpRI_qlmHM_Pu929M HTTP/1.1" 200 1013
186.29.181.88 - - [15/Nov/2021:20:47:18 -0500] "GET /galeria/galeria/jquery.fancybox.css?v=2.1.5 HTTP/1.1" 200 4895
186.102.9.234 - - [15/Nov/2021:20:47:18 -0500] "GET /galeria/galeria/jquery.fancybox.css?v=2.1.5 HTTP/1.1" 200 4895
114.119.141.52 - - [15/Nov/2021:20:47:24 -0500] "GET /autoliquidacion/index.php?dir=TR%C3%83%C2%AF%C3%82%C2%BF%C3%82%C2%BDMITES%2BAGUAS%2BSUBTERR%C3%83%C2%AF%C3%82%C2%BF%C3%82%C2%BDNEAS/&sort=date&order=asc HTTP/1.1" 200 6931
190.27.245.107 - - [15/Nov/2021:20:48:53 -0500] "GET /sipse/ HTTP/1.1" 302 -
186.84.184.239 - - [15/Nov/2021:20:48:53 -0500] "GET /sipse/js/disable_browser_buttons.js HTTP/1.1" 200 3230
186.84.184.239 - - [15/Nov/2021:20:48:53 -0500] "GET /sipse/css/custom_css_sg.css HTTP/1.1" 200 9694
186.84.184.239 - - [15/Nov/2021:20:48:53 -0500] "GET /sipse/js/funciones.js HTTP/1.1" 200 12592
186.84.184.239 - - [15/Nov/2021:20:48:53 -0500] "GET /sipse/css/custom_css_sg_prime_login.css HTTP/1.1" 200 443
186.84.184.239 - - [15/Nov/2021:20:48:53 -0500] "GET /sipse/faces/autenticacion.xhtml HTTP/1.1" 200 12503
186.84.184.239 - - [15/Nov/2021:20:48:53 -0500] "GET /sipse/faces/javax.faces.resource/layout/layout.css;jsessionid=YHOR4tfYgkMrkgMZndCVYcyp.undefined?ln=primefaces&v=4.0 HTTP/1.1" 200 542
186.84.184.239 - - [15/Nov/2021:20:48:53 -0500] "GET /sipse/faces/javax.faces.resource/theme.css?ln=primefaces-sipse HTTP/1.1" 200 50058
186.84.184.239 - - [15/Nov/2021:20:48:53 -0500] "GET /sipse/faces/javax.faces.resource/primefaces.css;jsessionid=YHOR4tfYgkMrkgMZndCVYcyp.undefined?ln=primefaces&v=4.0 HTTP/1.1" 200 53295
186.84.184.239 - - [15/Nov/2021:20:48:53 -0500] "GET /sipse/faces/javax.faces.resource/layout/layout.js;jsessionid=YHOR4tfYgkMrkgMZndCVYcyp.undefined?ln=primefaces&v=4.0 HTTP/1.1" 200 87560
186.84.184.239 - - [15/Nov/2021:20:48:53 -0500] "GET /sipse/faces/javax.faces.resource/jquery/jquery.js;jsessionid=YHOR4tfYgkMrkgMZndCVYcyp.undefined?ln=primefaces&v=4.0 HTTP/1.1" 200 105384
186.84.184.239 - - [15/Nov/2021:20:48:53 -0500] "GET /sipse/faces/javax.faces.resource/primefaces.js;jsessionid=YHOR4tfYgkMrkgMZndCVYcyp.undefined?ln=primefaces&v=4.0 HTTP/1.1" 200 276924
186.84.184.239 - - [15/Nov/2021:20:48:53 -0500] "GET /sipse/faces/javax.faces.resource/jquery/jquery-plugins.js;jsessionid=YHOR4tfYgkMrkgMZndCVYcyp.undefined?ln=primefaces&v=4.0 HTTP/1.1" 200 220526
186.84.184.239 - - [15/Nov/2021:20:48:56 -0500] "GET /favicon.ico HTTP/1.1" 200 7782
186.84.184.239 - - [15/Nov/2021:20:48:56 -0500] "GET /sipse/faces/javax.faces.resource/images/ui-icons_898989_256x240.png?ln=primefaces-aristo HTTP/1.1" 200 5355
186.84.184.239 - - [15/Nov/2021:20:48:56 -0500] "GET /sipse/css/imagen/loginimg.png HTTP/1.1" 200 71635
186.84.184.239 - - [15/Nov/2021:20:48:56 -0500] "GET /sipse/css/imagen/logoSDG.png HTTP/1.1" 200 53064
186.84.184.239 - - [15/Nov/2021:20:48:57 -0500] "GET /sipse/faces/index.xhtml HTTP/1.1" 200 677
186.84.184.239 - - [15/Nov/2021:20:48:57 -0500] "GET /sipse/faces/javax.faces.resource/layout/layout.css?ln=primefaces&v=4.0 HTTP/1.1" 200 542
186.84.184.239 - - [15/Nov/2021:20:48:57 -0500] "GET /sipse/faces/faces/autenticacion.xhtml HTTP/1.1" 200 12181
186.84.184.239 - - [15/Nov/2021:20:48:57 -0500] "GET /sipse/faces/javax.faces.resource/primefaces.css?ln=primefaces&v=4.0 HTTP/1.1" 200 53295
186.84.184.239 - - [15/Nov/2021:20:48:57 -0500] "GET /sipse/faces/javax.faces.resource/layout/layout.js?ln=primefaces&v=4.0 HTTP/1.1" 200 87560
186.84.184.239 - - [15/Nov/2021:20:48:57 -0500] "GET /sipse/faces/javax.faces.resource/jquery/jquery.js?ln=primefaces&v=4.0 HTTP/1.1" 200 105384
186.84.184.239 - - [15/Nov/2021:20:48:57 -0500] "GET /sipse/faces/javax.faces.resource/primefaces.js?ln=primefaces&v=4.0 HTTP/1.1" 200 276924
186.84.184.239 - - [15/Nov/2021:20:48:57 -0500] "GET /sipse/faces/javax.faces.resource/jquery/jquery-plugins.js?ln=primefaces&v=4.0 HTTP/1.1" 200 220526
186.84.184.239 - - [15/Nov/2021:20:49:00 -0500] "GET /sipse/faces/javax.faces.resource/images/ui-icons_898989_256x240.png?ln=primefaces-aristo HTTP/1.1" 304 -
186.84.184.239 - - [15/Nov/2021:20:49:08 -0500] "POST /sipse/faces/autenticacion.xhtml HTTP/1.1" 200 2120
186.84.184.239 - - [15/Nov/2021:20:49:08 -0500] "GET /sipse/faces/javax.faces.resource/messages/messages.png?ln=primefaces&v=4.0 HTTP/1.1" 200 27209
186.84.184.239 - - [15/Nov/2021:20:49:27 -0500] "POST /sipse/faces/autenticacion.xhtml HTTP/1.1" 200 2120
186.84.184.239 - - [15/Nov/2021:20:49:28 -0500] "POST /sipse/faces/autenticacion.xhtml HTTP/1.1" 200 2124
186.84.184.239 - - [15/Nov/2021:20:49:28 -0500] "POST /sipse/faces/autenticacion.xhtml HTTP/1.1" 200 2120
216.245.221.92 - - [15/Nov/2021:20:49:55 -0500] "HEAD / HTTP/1.1" 200 -
114.119.141.42 - - [15/Nov/2021:20:50:17 -0500] "GET /BLA/resoluciones/RESOLUCIONES%202010/4270.pdf HTTP/1.1" 200 627018
114.119.141.52 - - [15/Nov/2021:20:53:07 -0500] "GET /BLA/resoluciones/RESOLUCIONES%202010/2189.pdf HTTP/1.1" 200 491025
216.245.221.92 - - [15/Nov/2021:20:54:55 -0500] "HEAD / HTTP/1.1" 200 -
114.119.141.69 - - [15/Nov/2021:20:56:17 -0500] "GET /BLA/resoluciones/RESOLUCIONES%202011/2994.pdf HTTP/1.1" 200 117774
114.119.141.73 - - [15/Nov/2021:20:59:39 -0500] "GET /BLA/resoluciones/RESOLUCIONES%202010/0471.pdf HTTP/1.1" 200 112892
216.245.221.92 - - [15/Nov/2021:20:59:55 -0500] "HEAD / HTTP/1.1" 200 -
114.119.141.52 - - [15/Nov/2021:21:02:16 -0500] "GET /BLA/resoluciones/RESOLUCIONES%202010/6822.pdf HTTP/1.1" 200 874752
66.249.65.13 - - [15/Nov/2021:21:02:55 -0500] "HEAD /BLA/resoluciones/RESOLUCIONES%25202017/2767.pdf HTTP/1.1" 404 -
201.245.192.253 - - [15/Nov/2021:21:03:58 -0500] "POST /kwsrmcab/Wsrmcab HTTP/1.1" 200 213
114.119.141.52 - - [15/Nov/2021:21:04:53 -0500] "GET /BLA/resoluciones/AUTOS%202017/3378.pdf HTTP/1.1" 200 360771
216.245.221.92 - - [15/Nov/2021:21:04:55 -0500] "HEAD / HTTP/1.1" 200 -
157.55.39.77 - - [15/Nov/2021:21:07:21 -0500] "GET /portaldeninos/wp-content/uploads/2019/08/Humedal-Salitre.jpg HTTP/1.1" 200 439750
114.119.132.76 - - [15/Nov/2021:21:07:49 -0500] "GET /BLA/resoluciones/RESOLUCIONES%202010/7332.pdf HTTP/1.1" 200 517357
199.16.157.181 - - [15/Nov/2021:21:08:36 -0500] "GET /robots.txt HTTP/1.1" 404 1034
199.16.157.181 - - [15/Nov/2021:21:08:36 -0500] "GET /robots.txt HTTP/1.1" 404 1034
199.16.157.181 - - [15/Nov/2021:21:08:36 -0500] "GET /images/pot-humedales-2-octubre.jpg HTTP/1.1" 200 53089
199.16.157.181 - - [15/Nov/2021:21:08:36 -0500] "GET /images/pot-humedales-2-octubre.jpg HTTP/1.1" 200 53089
199.16.157.182 - - [15/Nov/2021:21:08:37 -0500] "GET /images/pot-humedales-2-octubre.jpg HTTP/1.1" 200 53089
199.16.157.180 - - [15/Nov/2021:21:08:37 -0500] "GET /images/pot-humedales-2-octubre.jpg HTTP/1.1" 200 53089
216.245.221.92 - - [15/Nov/2021:21:09:55 -0500] "HEAD / HTTP/1.1" 200 -
114.119.141.52 - - [15/Nov/2021:21:10:57 -0500] "GET /BLA/resoluciones/RESOLUCIONES%202010/2098.pdf HTTP/1.1" 200 449919
114.119.141.51 - - [15/Nov/2021:21:13:40 -0500] "GET /BLA/resoluciones/RESOLUCIONES%202010/1518.pdf HTTP/1.1" 200 480355
201.245.192.253 - - [15/Nov/2021:21:13:56 -0500] "POST /kwsrmcab/Wsrmcab HTTP/1.1" 200 117323
216.245.221.92 - - [15/Nov/2021:21:14:55 -0500] "HEAD / HTTP/1.1" 200 -
186.102.46.16 - - [15/Nov/2021:21:15:49 -0500] "GET /kwssiamovil/sm/des/ldap/au?x=U2FsdGVkX19cLpPtDSe5SV3zo8zgZbSQ2f+8XDhN6L8lHEJFZAxqsnYHUWRn1Gv+3BIY2PapTlygqAHKMxJVZQ==&y=U2FsdGVkX1+2RyGiUxOWVzP1LdcAV+lJfo2g+Zrid8+TMyX2Q/+oj/3MswyMU8WR HTTP/1.1" 200 30
186.102.46.16 - - [15/Nov/2021:21:15:50 -0500] "GET /kwssiamovil/sm/des/acme/s?s=U2FsdGVkX19NyLE+h7nsEhOpzUkNpWsVycPFZWO7nMYZ+qCQwq2WI2G8GytYtA+Q5+/Jae/ILl4JLua7UikFyfyCalfOxnAzbfm3BW9mIcAptgeSEDF2DQVOhH9OEik6LaNTxTAB7GeevjUT7IW6lrF2gOaTzgh7/86o8WmqkNm0zKerNKaHX1fGRx7M8EcLV8jdkJxpCuCtTfMW7FmQRlseX7VfCfWmhX/NR4/cjlouniUYIN7Rplb7qhMV+o5Thqav44wRjHlYmiFbdXLTXQAQN99EFtINdSpRxWBNZp/EPeDBgE1iz7l3kutuDLEvPgozM7KIIC7XT6J3UFQ+9664dOEiCiA4UAjtrxpAJKNwxZ+ChvUcLwqfMVDb57WAqKOcLe5ZWKDAQ5202pwPo9NFcE76BfWFDUAF1OdPkdd0bea7ZEY07pZrC1yRufzkAYSbdes2d9DuMCv46+OqfDRVY1GRidJehk/NyS0CqpFRbtC9wRM8oA60f34TOnDg/27KUmXxXMztwlBus8nebw==&u=U2FsdGVkX1/N3RYE7g56wNECsyYWLxD0dn0z/dMz0Y3NpnElIQ1AyvIjhelG5yXG&y=U2FsdGVkX1+2RyGiUxOWVzP1LdcAV+lJfo2g+Zrid8+TMyX2Q/+oj/3MswyMU8WR HTTP/1.1" 200 72
186.102.46.16 - - [15/Nov/2021:21:15:50 -0500] "GET /kwssiamovil/sm/des/acme/s?s=U2FsdGVkX1//Jnjk8+nVBUWiMsk+mMpnL2hgeZT4ySUcnkw7ne56VQR4sgP086WExm2G5tuwFeU+lIjkA3Y7fhJm52fK/2h7W9cRrIu0IEaCnaDvWoEdz03ItpTsPtaCk+/7j71j7d9MSsiZtiiGSWb15HOUBMkfx1dV3ITWYHihUADUB9k3faXC5W6dko40+VIXRh7jctCjdaF968us+55YFbapra7MRmvrjMOqh90J5vhN6NWtXyggsNpa8bpRYdn9Z1mPYkfNeINd+0r5sQ==&u=U2FsdGVkX1/N3RYE7g56wNECsyYWLxD0dn0z/dMz0Y3NpnElIQ1AyvIjhelG5yXG&y=U2FsdGVkX1+2RyGiUxOWVzP1LdcAV+lJfo2g+Zrid8+TMyX2Q/+oj/3MswyMU8WR HTTP/1.1" 200 72
186.102.46.16 - - [15/Nov/2021:21:16:26 -0500] "GET /kwssiamovil/sm/des/acme/s?s=U2FsdGVkX19J0GxyjZhGH9DoJHP8WE9CQ6tSW70tN5wIo/i0IgEvuF3ZHSX+uPkTfUz+hag2/DudXEpI7plIJhwvunje4Mr6U9Da3gf7IHKREYAPW/wUqbEwDX7bWQuqAiou1giBNiusEFLl/FHKwms3sl2DbLvGQ2rmkZ0m5XgEGf/InEJAXa2d9R8Qa+1wcAyCdLPm9N0d9MQq1IBNzIKvga7vk4Uvw1cgrOn3/7Of8fs1r+ivQSPL/i3qVQdrv81nCClEwOPpXiIs+pK9UXYSiieMPWqbk9qudfGhMZ5xejWGCa52/8q8FFKqgPnlIWUAKnLuBIVL6xSnamuqYfPir0Gvox256jpOiQ1860+JdfuoT4uJL3yYzya3pXg8hZ6biPLxd8HCYoLUM9oY/jZqExQ7VM5FXE+Bb3H2RFBxa0XhNOOYAKF/uMdq4yhD5QrynrH2jfiljhCQcJVBQ4yGv40+cnUuUOci+Fu5xZ7N+1QTcgiMqjfUuAMRBIxZ&u=U2FsdGVkX1/N3RYE7g56wNECsyYWLxD0dn0z/dMz0Y3NpnElIQ1AyvIjhelG5yXG&y=U2FsdGVkX1+2RyGiUxOWVzP1LdcAV+lJfo2g+Zrid8+TMyX2Q/+oj/3MswyMU8WR HTTP/1.1" 200 72
186.102.46.16 - - [15/Nov/2021:21:16:26 -0500] "GET /kwssiamovil/sm/des/acme/s?s=U2FsdGVkX18XMk/oTPethZBcabF3tD+InWnuv3e6OZNAH8X2jJ1Y/I8d8VfRScpxVlrNTAbzkLwI6l+PWHWmJP8tiOftghlV7Ytnm8Kz3pPbo0FNaMz/KkaDCMQ+SCpJ0e1N8ZRpE4FVaatzYvFrsxkJLGjPSkUKhLYkH9Vyr05zK1U+rXxHgMHciW9VBy/1uDmrHje5iFVGOah/QpUyW4iFTI9Nv5mmj6Fx8s7bvHI9efMWxXcDDNCuehNaJ7sK&u=U2FsdGVkX1/N3RYE7g56wNECsyYWLxD0dn0z/dMz0Y3NpnElIQ1AyvIjhelG5yXG&y=U2FsdGVkX1+2RyGiUxOWVzP1LdcAV+lJfo2g+Zrid8+TMyX2Q/+oj/3MswyMU8WR HTTP/1.1" 200 72
114.119.141.69 - - [15/Nov/2021:21:16:46 -0500] "GET /BLA/resoluciones/RESOLUCIONES%202010/2108.pdf HTTP/1.1" 200 581717
186.102.46.16 - - [15/Nov/2021:21:17:00 -0500] "GET /kwssiamovil/sm/des/acme/s?s=U2FsdGVkX1/c2FaG1cqpN6sEBLftDJOIkO8HzrLQjrWf//Cvt6zOfIamDjf8l0dfXGY/5jhn0huGLkqkb4nS2t0zxhP0XDA6WW/ndG/i1RD1rcM0e9ZFdV5EVWQptS5pJhdmuAdn5vnwQtxFEanKceOyWDQXYdiOs2/e6+Jbw2puz9ui0hLdRcu/l4vGEF4ZI4SglktgSXwR67My9pzOQkTd8qCRhPjuDvfBBzMErbrPDkuPAvzRhmu3Y5HhWqgl++XPNLUpk0R3yrZK5rExeAxpqw+PEpiTJUe3/CsJ6+IjCxbWpY1M7OWHaDP7gifkzWB6JcmXse4hXuI+GmCqbHfcUEQIH/aOazG87bOgFtkSbAVRm8kZPVQ0eirCQSuBQ40C7bUh4O0bvtSQIjH0FJ2DHgxQIKBH0OWjOs82HyFAXwHic4W7uFDUkpNhzU108ZnUpgb0nrr9QvDpe4SgGp+hXxCDxOPUZw4SUFriKaHdTqNgluVJXafCKU7yvjKp&u=U2FsdGVkX1/N3RYE7g56wNECsyYWLxD0dn0z/dMz0Y3NpnElIQ1AyvIjhelG5yXG&y=U2FsdGVkX1+2RyGiUxOWVzP1LdcAV+lJfo2g+Zrid8+TMyX2Q/+oj/3MswyMU8WR HTTP/1.1" 200 72
186.102.46.16 - - [15/Nov/2021:21:17:00 -0500] "GET /kwssiamovil/sm/des/acme/s?s=U2FsdGVkX19+KRVWRIxYEaOWhHMR3XdweJOc4roS6uA87h986xIygKDBhRy8UGLGkvvykB/EzQBf5b01BwtwAmRyXMvziUtreNt/WX3jSQPSujMFmCjYLNDqi+XdmeqH5HHVDwFTchsNpG6QAL8w38cy8Ad/AocUuZy7L7Rlurvj5+WDwePYUz8dkKAmJuhZ5yAE/3FfwpnHg5Mwq5foqGm/lRKK3uoAiJWdy14Q6HtZkCMGrGisOcKPg1kjJQ9p&u=U2FsdGVkX1/N3RYE7g56wNECsyYWLxD0dn0z/dMz0Y3NpnElIQ1AyvIjhelG5yXG&y=U2FsdGVkX1+2RyGiUxOWVzP1LdcAV+lJfo2g+Zrid8+TMyX2Q/+oj/3MswyMU8WR HTTP/1.1" 200 72
186.102.46.16 - - [15/Nov/2021:21:17:45 -0500] "GET /kwssiamovil/sm/des/acme/s?s=U2FsdGVkX1+W+uI/wFzJoKk6nBj/sgsZtKxufUkw2SFo0rgTFHuKvkzdlzrEiGAQH84QIPx2nDHuLuhvcPfaKbGTleABuXdJbwSch7VaGwGVqkhgqVV/gTp+S/IrREspaX9w4Yi4vEEG9/JqD36M0W3tI6UkEwJ1eL3h+v0MJCKpF0c6XqwYtaJ82l/cr7kCwuAFm7yfFpZLCC0Zb9EmkWMbEDYEUiP7iFwD0YlXosVMTYnTd8B4Ly3dY9gGUbEfGldgO/QzHWwsXGejKG8L0RP+jei8BgtFj6OGlkuvv3QvYSoijNKoetSC8V7X7mSYmF0ZQeXMw/GGMur3Cd836/u9MsVbGSeBl6XLZqoS879oOtKSvc2Ip/xIgzP3vRyf0HaLau9hSialN/gNxtv6cSqDr7A8Zziqsug5fT072iBBS+03PnZHmkp/xjb5KQK0FhpqzVmij0zmIjryZa+hGk5b8pJSmlee4OzgYMd1iOe+Vrj0Oj7llGTjvsh6XKns&u=U2FsdGVkX1/N3RYE7g56wNECsyYWLxD0dn0z/dMz0Y3NpnElIQ1AyvIjhelG5yXG&y=U2FsdGVkX1+2RyGiUxOWVzP1LdcAV+lJfo2g+Zrid8+TMyX2Q/+oj/3MswyMU8WR HTTP/1.1" 200 72
186.102.46.16 - - [15/Nov/2021:21:17:45 -0500] "GET /kwssiamovil/sm/des/acme/s?s=U2FsdGVkX1+iJPnqfTIol+ULgf9ldkcaXS7XJdQ1WOhGADo2FLqLef0536guuIvODTqnZ85B5jPLnCtvk2pdU1L1YMU5Xp7eDDO2GoT2Exneb8Z/zyLIdtfqCZYFuMMylfqUet2gsmLnpLwMWIIPs/ctEODsFmmF77QmZbVOgUoJBxwyvpv5ZXwMZxXPy4kBena50IPJ9b0u4kZZ+wgTcA4F1M3L5TdLaBvrkY86LMinwm4aduQ7oLMx0Ei2zmRy&u=U2FsdGVkX1/N3RYE7g56wNECsyYWLxD0dn0z/dMz0Y3NpnElIQ1AyvIjhelG5yXG&y=U2FsdGVkX1+2RyGiUxOWVzP1LdcAV+lJfo2g+Zrid8+TMyX2Q/+oj/3MswyMU8WR HTTP/1.1" 200 72
186.102.46.16 - - [15/Nov/2021:21:18:38 -0500] "GET /kwssiamovil/sm/des/acme/s?s=U2FsdGVkX1+0jEo8CI/9rO1b0isRA/Vh3eL5h39/z4ZM67wSi4hpmQ7bRilZr02Y9AQBmkgO3qKcB6GMyuCn1OiNlCJHuH584zjseeqgWAyKuTChTv6qzJf7G2dJQbC+Z/w2nhX7tRjanthw0okotX3euvjxXxJTzZHG9F5Ze+6W5aa4dCplPnT9rNt+M3SI/UUaN81sZHf65UEgTl75QE0q10ntmG+kajvBZCSJBtdQYXQG98AwuIVwEx1nhuSQGEOvrjrWWgjkxpA2rHXCXUteoEpcOf0EvaBLVuB54IVJwWcf/3TAfruofuIrTERhFV+A/De7OkwDEi0hvk9xAlA1Rviydw3yk6wTI6tAOqJ/3VjClRRcXtFYeosc8qYCEOvcp5uO/CLhgF/4OPpeWh7JoocQnz5g77TKz6eYW38ShVJhqv834ueSG6+eT+8y9LlkvOdz3icnkx5siNp+7JGrPudao922qPDfbUmAC3LQiQ3X8XE4MGABbQpclAd4&u=U2FsdGVkX1/N3RYE7g56wNECsyYWLxD0dn0z/dMz0Y3NpnElIQ1AyvIjhelG5yXG&y=U2FsdGVkX1+2RyGiUxOWVzP1LdcAV+lJfo2g+Zrid8+TMyX2Q/+oj/3MswyMU8WR HTTP/1.1" 200 72
186.102.46.16 - - [15/Nov/2021:21:18:38 -0500] "GET /kwssiamovil/sm/des/acme/s?s=U2FsdGVkX1/pUZ27IOnVkL+zwFEdgtxg98oNzw9OWsWm3lMdlWl/0PH2/l9w0+cqX+EM8G5tGqpoevazSthpVjwBNAGU1lWxytuctaIYszYLslqC7IGzUo6kAV7sF1G5jnFYVSham6EsUcsvdl7cbi+6ysffRQw/Og0uwE2MZYSsF8iitwVdW1yOynjt2LWuWx5+UBjoqIYAaZUvyhUS+W3E0OmpiRNrU4+DOfF7pN7gnf/UC186va1ltWVulqVa&u=U2FsdGVkX1/N3RYE7g56wNECsyYWLxD0dn0z/dMz0Y3NpnElIQ1AyvIjhelG5yXG&y=U2FsdGVkX1+2RyGiUxOWVzP1LdcAV+lJfo2g+Zrid8+TMyX2Q/+oj/3MswyMU8WR HTTP/1.1" 200 72
186.84.90.181 - - [15/Nov/2021:21:18:53 -0500] "GET /galeria/galeria/jquery.fancybox.css?v=2.1.5 HTTP/1.1" 200 4895
45.146.164.110 - - [15/Nov/2021:21:19:27 -0500] "GET /?XDEBUG_SESSION_START=phpstorm HTTP/1.1" 200 319
186.102.46.16 - - [15/Nov/2021:21:19:30 -0500] "GET /kwssiamovil/sm/des/ldap/au?x=U2FsdGVkX1+SnUw3kultNL2h4iRN9vfUKCU8WT5Fe0UKTNmT3ggdxq2/5KC3R6+MTlB0F39oDRpH55I4OAWmsg==&y=U2FsdGVkX184IoMYYNIdlokzQVT06kxs7gj6nlLjTnGZa5YyROeuCrHIWFe8d1zk HTTP/1.1" 200 30
186.102.46.16 - - [15/Nov/2021:21:19:31 -0500] "GET /kwssiamovil/sm/des/acme/s?s=U2FsdGVkX18OBJORvdI/vV4wdqRLKOGvRDhqO1xDqV/f8+EeBJ76QBeL7bARypPH7Cu2nbpl+MHh5c9KC/ZHSFLJzbyvgjCA8ODmbdISrMlAYMfMmQvupEYdkAaL7rieVPVbcMZ/5jtjjPPTiTOfQ7/xckF31aKxw7kXR9yp13gvqkww0qgVlSeaesJPSeWGHseIP+p6pVR+kgN7c1a5FwiksYe0iCFUSsd+fUTkqW4FS0zUrFUipZWFzX9MXRzZqAkd3hT7O295FU/lV8BjC7as9VZ07mLGDRyHCM3G8ESEn8kScRBqqA4S6l/1pw9McpT/1DgaMQVujKPjraf8/NdKzdamd3B71AKJeJxxV3t87M0twElL7Ntv0g7gvBp2yniEdO8iRKCzC9iUT4jnWhMSfNvArYd+UtHA5DgbXF330BQrOu6w0/AD2Zb9UFeXVwQJ8/TsRB7lSIB6VAonytztQUG+IJdTTCWnzLX3WehzMy1Axit1+DUjGK+dAKdpiHWUf3u9lZghexUKIKliyw==&u=U2FsdGVkX19nFgrK7CF0ByR4dG4ZHU8fmEj93RzUVN0yCXnCIUJG1rL4zEePMMnz&y=U2FsdGVkX184IoMYYNIdlokzQVT06kxs7gj6nlLjTnGZa5YyROeuCrHIWFe8d1zk HTTP/1.1" 200 72
186.102.46.16 - - [15/Nov/2021:21:19:31 -0500] "GET /kwssiamovil/sm/des/acme/s?s=U2FsdGVkX18CuDEMrZijR7TM3Pa4hQmFVWxAHRzKJpJz8mpBGnMESkp0sjueUIBj3OAL0f8QgtPRt89Ww2n7OEEfOsOeaA4MU6xvA8fwSZfsFsz43y1xe4AXnidMJpd/+Oc6sbuzvvC6vLjZ3TNBvZrz9Ut7VqJY9lD3vQLk7Q0EnMsTaKTVOkZJx0GX9YfjAVyW1Er2t8NkTL2n6T2isDigU90YJ933KacsllBIFe3eAOGIiTE3lpj4SfvIrZwYjDyiiHRdJqsRBvHb4BQueg==&u=U2FsdGVkX19nFgrK7CF0ByR4dG4ZHU8fmEj93RzUVN0yCXnCIUJG1rL4zEePMMnz&y=U2FsdGVkX184IoMYYNIdlokzQVT06kxs7gj6nlLjTnGZa5YyROeuCrHIWFe8d1zk HTTP/1.1" 200 72
186.102.46.16 - - [15/Nov/2021:21:19:40 -0500] "GET /kwssiamovil/sm/des/acme/s?s=U2FsdGVkX1/e3PmFpOiuF6UmAf87mRdFhM3rvIGB0wKZ9Bk5rTFngErIyHtS7462VkJlstg7ki/ZrN6MJnswmBnFzwm3aZ6b5PB/yEjblv3ByBLQpw5bsi7JsB0lbhfOJXVab4QPZjwHtWEaPC/+U4ASYZHqnD2c6SN6D3RgKLi2WRZvG49jHSLYC/QouLzV/EYPjW3yshFiUFopf8+n2LU9w/0o31KVMa4QNoSVWaxYxp2GPbBxRLBsHAaCrZP7pmGgfQdadn63rNrv3njir4ayWAmPVBE+zfPeGHHd6XvSg2hvDDU4uMNT1VJVkpPVQkhZydKgFexw7CeIK3c0j/etvsTyUQ6nFefWSUJmF4dJvFW4DSMHqLqhphGhAEa+AbRF3Afyu2YhZh/kaEi+AeA9UpIT9J60g349cMOqEM/ZsM1mmk2iFD5sg4YA8kt1o0OFvCUNfId30awf6A1tqx32lEAzaQ3soys+3+DScFgRfFSa7PlDMC5SX8sR8s9H&u=U2FsdGVkX19nFgrK7CF0ByR4dG4ZHU8fmEj93RzUVN0yCXnCIUJG1rL4zEePMMnz&y=U2FsdGVkX184IoMYYNIdlokzQVT06kxs7gj6nlLjTnGZa5YyROeuCrHIWFe8d1zk HTTP/1.1" 200 72
186.102.46.16 - - [15/Nov/2021:21:19:40 -0500] "GET /kwssiamovil/sm/des/acme/s?s=U2FsdGVkX1/Mz8GyVegKKnuGz6IVEknCrbXfbrmxT9zc8RTKPC68Fn5ikfUGwNytmEtqbz70fb5e4gZ/YvDT1ICanB+aG+GtUAuCLAfS9txTr6gBVPvLLANKxx1QxrxMTsHqOwzKhKMD2w6trQbiH0HgiQPs5wKEi51BGUUIgJENw14Bb/amUYlJ+XorZqJJOTSXHOsSmYL9tfNH+G1tsSvcp2c5/FJUDxKh0htKl7gcEWec3lJyHxTiDvTu9O5M&u=U2FsdGVkX19nFgrK7CF0ByR4dG4ZHU8fmEj93RzUVN0yCXnCIUJG1rL4zEePMMnz&y=U2FsdGVkX184IoMYYNIdlokzQVT06kxs7gj6nlLjTnGZa5YyROeuCrHIWFe8d1zk HTTP/1.1" 200 72
114.119.141.69 - - [15/Nov/2021:21:19:47 -0500] "GET /BLA/resoluciones/RESOLUCIONES%202010/6922.pdf HTTP/1.1" 200 3561786
216.245.221.92 - - [15/Nov/2021:21:19:58 -0500] "HEAD / HTTP/1.1" 200 -
34.141.128.247 - - [15/Nov/2021:21:20:28 -0500] "GET / HTTP/1.1" 200 319
181.51.32.18 - - [15/Nov/2021:21:21:21 -0500] "GET /galeria/galeria/jquery.fancybox.css?v=2.1.5 HTTP/1.1" 200 4895
186.102.46.16 - - [15/Nov/2021:21:22:11 -0500] "GET /kwssiamovil/sm/des/acme/s?s=U2FsdGVkX194Eh4K9oVQKZSJ62BV1/RsGZ13TsKyGsEsGaDS5LhWDp3Wuk0vKywBi5dDNZsF7CiY2aNsbhQ59qqWGrKUVb19iB2cg1hLBvLstWm5YypIPJnXqVZuDfeJ5h4TW9qmVb7QYNbfeFB+Uak5uzxPTAaLSeWvzhTBGyLU6i6gPRn/ltZfzHe+56kmpek2cfIS1pP/phFXgTWmYJ9D56UFWpLBBH+FnzprrmKYH+XBkiRLZTYGQRNcbw9GpLQlAVbMDFzwUxTHCjqXYNTAKOq2unCWwTwzOkiB20npXlIy90iSlHsgRMG8iPuCzFBNhOaoLtMvxoQjSyfaJM859CriofFoEZXdJNVvP7VGO7OF9L69i5dgbA7bP6fBPm6aAlgNzvgBjdik3/DlkOJFdgP5m5QKEnqLytpEEKkOOlcY8uEJJlqr4ZpRt2KJKIi4QdZToX/pUuZltzJoeqybT5wadfKrM1ZwOqjo90ur7f9mj/ep03APw+8F4kph&u=U2FsdGVkX19nFgrK7CF0ByR4dG4ZHU8fmEj93RzUVN0yCXnCIUJG1rL4zEePMMnz&y=U2FsdGVkX184IoMYYNIdlokzQVT06kxs7gj6nlLjTnGZa5YyROeuCrHIWFe8d1zk HTTP/1.1" 200 72
186.102.46.16 - - [15/Nov/2021:21:22:11 -0500] "GET /kwssiamovil/sm/des/acme/s?s=U2FsdGVkX19Eg0RZllMl6Sztq5mbPcEKi5bxmEPVw3DCgwBVaq1ACFs6LnaC5MwAn/GX//jfWbe1ii8/MNhG5Iq1+Ssmc2CVEBZbqm/g8mUnEL9VRE2UDYKymlq405T13tfinBDCEbJM98KPm+/JrJ0t6/xdjrdnrpTLipUeCm3Gid7Rj0ElqSIQFiT+ZDJciKOXu/DjFVYJXlAH3kqdJ4v4ctwFpymPQA7Npxo7EZZK5g6W3x/QG0ZtWaXTAipN&u=U2FsdGVkX19nFgrK7CF0ByR4dG4ZHU8fmEj93RzUVN0yCXnCIUJG1rL4zEePMMnz&y=U2FsdGVkX184IoMYYNIdlokzQVT06kxs7gj6nlLjTnGZa5YyROeuCrHIWFe8d1zk HTTP/1.1" 200 72
157.55.39.28 - - [15/Nov/2021:21:22:24 -0500] "GET /galeria/galeria/fotos/Huemdal-el-Tunjo4G.jpg HTTP/1.1" 200 327819
114.119.141.42 - - [15/Nov/2021:21:22:45 -0500] "GET /BLA/resoluciones/RESOLUCIONES%202010/3926.pdf HTTP/1.1" 200 571331
201.245.192.253 - - [15/Nov/2021:21:22:35 -0500] "POST /kwsrmcab/Wsrmcab HTTP/1.1" 200 46859
186.30.25.201 - - [15/Nov/2021:21:23:36 -0500] "GET /BLA/resoluciones/ HTTP/1.1" 200 12684
186.30.25.201 - - [15/Nov/2021:21:23:38 -0500] "GET /BLA/resoluciones/index.php?dir=AUTOS+2013%2F HTTP/1.1" 200 405309
186.30.25.201 - - [15/Nov/2021:21:23:57 -0500] "GET /BLA/resoluciones/AUTOS%202013/0160.pdf HTTP/1.1" 200 1830014
201.245.192.253 - - [15/Nov/2021:21:23:24 -0500] "POST /kwsrmcab/Wsrmcab HTTP/1.1" 200 46366
216.245.221.92 - - [15/Nov/2021:21:24:55 -0500] "HEAD / HTTP/1.1" 200 -
114.119.141.52 - - [15/Nov/2021:21:25:40 -0500] "GET /BLA/resoluciones/AUTOS%202012/1743.pdf HTTP/1.1" 200 696456
114.119.141.73 - - [15/Nov/2021:21:28:49 -0500] "GET /BLA/resoluciones/AUTOS%202015/0418.pdf HTTP/1.1" 200 508476
216.245.221.92 - - [15/Nov/2021:21:29:56 -0500] "HEAD / HTTP/1.1" 200 -
114.119.141.71 - - [15/Nov/2021:21:31:47 -0500] "GET /BLA/resoluciones/RESOLUCIONES%202010/0879.pdf HTTP/1.1" 200 105654
186.102.53.29 - - [15/Nov/2021:21:32:04 -0500] "GET /galeria/galeria/jquery.fancybox.css?v=2.1.5 HTTP/1.1" 200 4895
201.245.192.253 - - [15/Nov/2021:21:32:35 -0500] "POST /kwsrmcab/Wsrmcab HTTP/1.1" 200 46859
157.55.39.25 - - [15/Nov/2021:21:33:49 -0500] "GET /BLA/resoluciones/RESOLUCIONES%20CONJUNTAS/Resolucion%20conjunta%20No.%20001-2017.pdf HTTP/1.1" 200 332456
201.245.192.253 - - [15/Nov/2021:21:33:24 -0500] "POST /kwsrmcab/Wsrmcab HTTP/1.1" 200 46366
201.245.192.253 - - [15/Nov/2021:21:33:57 -0500] "POST /kwsrmcab/Wsrmcab HTTP/1.1" 200 117323
114.119.132.76 - - [15/Nov/2021:21:34:47 -0500] "GET /BLA/resoluciones/AUTOS%202018/1703.pdf HTTP/1.1" 200 771647
216.245.221.92 - - [15/Nov/2021:21:34:55 -0500] "HEAD / HTTP/1.1" 200 -
157.55.39.26 - - [15/Nov/2021:21:37:40 -0500] "GET /BLA/resoluciones/AUTOS%202021/4271.pdf HTTP/1.1" 200 1157087
114.119.141.42 - - [15/Nov/2021:21:37:42 -0500] "GET /BLA/resoluciones/RESOLUCIONES%202011/2109.pdf HTTP/1.1" 200 509703
40.77.167.60 - - [15/Nov/2021:21:38:44 -0500] "GET /galeria/galeria/fotos/Jaboque1G.jpg HTTP/1.1" 200 325087
186.118.23.225 - - [15/Nov/2021:21:39:49 -0500] "GET /galeria/galeria/jquery.fancybox.css?v=2.1.5 HTTP/1.1" 200 4895
216.245.221.92 - - [15/Nov/2021:21:39:55 -0500] "HEAD / HTTP/1.1" 200 -
114.119.141.53 - - [15/Nov/2021:21:40:46 -0500] "GET /BLA/resoluciones/RESOLUCIONES%202010/4461.pdf HTTP/1.1" 200 454941
186.111.170.6 - - [15/Nov/2021:21:41:03 -0500] "GET /galeria/galeria/jquery.fancybox.css?v=2.1.5 HTTP/1.1" 200 4895
123.183.224.168 - - [15/Nov/2021:21:41:36 -0500] "GET / HTTP/1.1" 200 319
190.67.210.226 - - [15/Nov/2021:21:42:45 -0500] "POST /sipse/faces/autenticacion.xhtml HTTP/1.1" 200 2120
190.67.210.226 - - [15/Nov/2021:21:42:52 -0500] "POST /sipse/faces/autenticacion.xhtml HTTP/1.1" 200 2124
201.245.192.253 - - [15/Nov/2021:21:42:35 -0500] "POST /kwsrmcab/Wsrmcab HTTP/1.1" 200 46859
114.119.132.76 - - [15/Nov/2021:21:43:43 -0500] "GET /BLA/resoluciones/RESOLUCIONES%202010/3570.pdf HTTP/1.1" 200 360054
201.245.192.253 - - [15/Nov/2021:21:43:20 -0500] "POST /kwsrmcab/Wsrmcab HTTP/1.1" 200 46366
201.245.192.253 - - [15/Nov/2021:21:43:59 -0500] "POST /kwsrmcab/Wsrmcab HTTP/1.1" 200 117323
191.107.165.62 - - [15/Nov/2021:21:44:54 -0500] "GET /galeria/galeria/jquery.fancybox.css?v=2.1.5 HTTP/1.1" 200 4895
191.107.165.62 - - [15/Nov/2021:21:44:54 -0500] "GET /BLA/boletinlegal/js/jquery.scrollShow.js HTTP/1.1" 200 4586
191.107.165.62 - - [15/Nov/2021:21:44:54 -0500] "GET /galeria/galeria/jquery.fancybox.js?v=2.1.5 HTTP/1.1" 200 48706
216.245.221.92 - - [15/Nov/2021:21:44:55 -0500] "HEAD / HTTP/1.1" 200 -
191.107.165.62 - - [15/Nov/2021:21:44:55 -0500] "GET /galeria/carrusel/Carrusel/jquery.thumbnailScroller.css HTTP/1.1" 200 2066
191.107.165.62 - - [15/Nov/2021:21:44:56 -0500] "GET /galeria/carrusel/Carrusel/jquery-ui-1.8.13.custom.min.js HTTP/1.1" 200 10800
191.107.165.62 - - [15/Nov/2021:21:44:56 -0500] "GET /galeria/carrusel/Carrusel/jquery.thumbnailScroller.js HTTP/1.1" 200 8157
191.107.165.62 - - [15/Nov/2021:21:44:56 -0500] "GET /galeria/nivo-slider/demo/banner.html HTTP/1.1" 200 5446
191.107.165.62 - - [15/Nov/2021:21:44:56 -0500] "GET /galeria/nivo-slider/themes/default/default.css HTTP/1.1" 200 1569
191.107.165.62 - - [15/Nov/2021:21:44:56 -0500] "GET /galeria/nivo-slider/themes/orman/orman.css HTTP/1.1" 200 2152
191.107.165.62 - - [15/Nov/2021:21:44:56 -0500] "GET /galeria/nivo-slider/themes/pascal/pascal.css HTTP/1.1" 200 2258
191.107.165.62 - - [15/Nov/2021:21:44:57 -0500] "GET /galeria/nivo-slider/nivo-slider.css HTTP/1.1" 200 1507
191.107.165.62 - - [15/Nov/2021:21:44:57 -0500] "GET /galeria/nivo-slider/demo/style.css HTTP/1.1" 200 2222
191.107.165.62 - - [15/Nov/2021:21:44:57 -0500] "GET /galeria/nivo-slider/demo/scripts/jquery-1.7.1.min.js HTTP/1.1" 200 93868
191.107.165.62 - - [15/Nov/2021:21:44:57 -0500] "GET /galeria/nivo-slider/jquery.nivo.slider.pack.js HTTP/1.1" 200 11561
191.107.165.62 - - [15/Nov/2021:21:44:57 -0500] "GET /galeria/nivo-slider/demo/images/bannertortuga_optimized.jpg HTTP/1.1" 200 39066
191.107.165.62 - - [15/Nov/2021:21:44:57 -0500] "GET /galeria/nivo-slider/demo/images/Bannermujeresquereverdecen.jpg HTTP/1.1" 200 46558
191.107.165.62 - - [15/Nov/2021:21:44:57 -0500] "GET /galeria/nivo-slider/demo/images/bannertrafico_optimized.jpg HTTP/1.1" 200 42578
191.107.165.62 - - [15/Nov/2021:21:44:57 -0500] "GET /galeria/nivo-slider/themes/default/loading.gif HTTP/1.1" 200 1737
191.107.165.62 - - [15/Nov/2021:21:44:57 -0500] "GET /galeria/nivo-slider/demo/images/Bannersedeelectronica.jpg HTTP/1.1" 200 40383
191.107.165.62 - - [15/Nov/2021:21:44:57 -0500] "GET /galeria/nivo-slider/demo/images/4Simple_Slider.png HTTP/1.1" 200 11722
191.107.165.62 - - [15/Nov/2021:21:44:57 -0500] "GET /galeria/nivo-slider/demo/images/bannerrutaesperanza.jpg HTTP/1.1" 200 55560
191.107.165.62 - - [15/Nov/2021:21:44:57 -0500] "GET /galeria/nivo-slider/demo/images/banneraire2021.jpg HTTP/1.1" 200 265101
191.107.165.62 - - [15/Nov/2021:21:44:57 -0500] "GET /galeria/nivo-slider/demo/images/Bannerplasticosseptiembre.jpg HTTP/1.1" 200 45633
191.107.165.62 - - [15/Nov/2021:21:44:57 -0500] "GET /galeria/nivo-slider/demo/images/bannerresiduoshospitalariosagosto.jpg HTTP/1.1" 200 36499
191.107.165.62 - - [15/Nov/2021:21:44:57 -0500] "GET /galeria/nivo-slider/demo/images/banneraccionpopularcrr68.jpg HTTP/1.1" 200 51887
191.107.165.62 - - [15/Nov/2021:21:44:57 -0500] "GET /galeria/nivo-slider/demo/images/banneraccionpopular.jpeg HTTP/1.1" 200 41707
191.107.165.62 - - [15/Nov/2021:21:44:57 -0500] "GET /galeria/nivo-slider/demo/images/bannerclases2021.jpg HTTP/1.1" 200 68230
191.107.165.62 - - [15/Nov/2021:21:44:57 -0500] "GET /galeria/nivo-slider/demo/images/Bannerenvases.jpg HTTP/1.1" 200 37316
191.107.165.62 - - [15/Nov/2021:21:44:57 -0500] "GET /galeria/nivo-slider/demo/images/bannercapacitacionesbogota.jpg HTTP/1.1" 200 42416
191.107.165.62 - - [15/Nov/2021:21:44:58 -0500] "GET /galeria/nivo-slider/demo/images/Bannervirtualescanales.jpg HTTP/1.1" 200 174544
191.107.165.62 - - [15/Nov/2021:21:44:58 -0500] "GET /galeria/nivo-slider/themes/default/arrows.png HTTP/1.1" 200 824
191.107.165.62 - - [15/Nov/2021:21:44:58 -0500] "GET /galeria/nivo-slider/themes/default/bullets.png HTTP/1.1" 200 1281
23.224.42.14 - - [15/Nov/2021:21:46:11 -0500] "GET / HTTP/1.1" 200 319
114.119.141.51 - - [15/Nov/2021:21:46:32 -0500] "GET /BLA/resoluciones/RESOLUCIONES%202010/0342.pdf HTTP/1.1" 200 1030451
114.119.132.76 - - [15/Nov/2021:21:49:40 -0500] "GET /BLA/resoluciones/RESOLUCIONES%202010/0488.pdf HTTP/1.1" 200 107890
216.245.221.92 - - [15/Nov/2021:21:49:55 -0500] "HEAD / HTTP/1.1" 200 -
114.119.141.73 - - [15/Nov/2021:21:52:32 -0500] "GET /BLA/resoluciones/RESOLUCIONES%202010/1549.pdf HTTP/1.1" 200 433491
181.55.181.19 - - [15/Nov/2021:21:52:58 -0500] "-" 408 -
181.55.181.19 - - [15/Nov/2021:21:52:58 -0500] "-" 408 -
181.61.224.234 - - [15/Nov/2021:21:53:51 -0500] "GET /galeria/galeria/jquery.fancybox.css?v=2.1.5 HTTP/1.1" 200 4895
216.245.221.92 - - [15/Nov/2021:21:54:55 -0500] "HEAD / HTTP/1.1" 200 -
66.102.8.189 - - [15/Nov/2021:21:55:27 -0500] "GET /galeria/galeria/fotos/GuaymaralTorca4G.jpg HTTP/1.1" 200 373786
114.119.132.76 - - [15/Nov/2021:21:55:41 -0500] "GET /autoliquidacion/index.php?dir=RECEPCI%C3%83%C2%83%C3%82%C2%AF%C3%83%C2%82%C3%82%C2%BF%C3%83%C2%82%C3%82%C2%BDN%2BDE%2BPETICIONES%2BPQRSF/&sort=date&order=asc HTTP/1.1" 200 6940
66.249.65.15 - - [15/Nov/2021:21:57:30 -0500] "GET /galeria/nivo-slider/demo/images/banner%20aceite%20vegetal%20usado.jpg HTTP/1.1" 200 169350
186.84.20.109 - - [15/Nov/2021:21:57:45 -0500] "GET /galeria/galeria/jquery.fancybox.css?v=2.1.5 HTTP/1.1" 200 4895
114.119.141.71 - - [15/Nov/2021:21:58:42 -0500] "GET /BLA/resoluciones/RESOLUCIONES%202010/1341.pdf HTTP/1.1" 200 492659
190.113.214.19 - - [15/Nov/2021:21:58:46 -0500] "GET /galeria/galeria/jquery.fancybox.css?v=2.1.5 HTTP/1.1" 200 4895
181.54.95.96 - - [15/Nov/2021:21:58:56 -0500] "GET /BLA/resoluciones/ HTTP/1.1" 200 12684
181.54.95.96 - - [15/Nov/2021:21:58:59 -0500] "GET /BLA/resoluciones/index.php?dir=AUTOS+2020%2F HTTP/1.1" 200 312797
190.130.86.66 - - [15/Nov/2021:21:59:30 -0500] "GET /galeria/galeria/jquery.fancybox.css?v=2.1.5 HTTP/1.1" 200 4895
216.245.221.92 - - [15/Nov/2021:21:59:55 -0500] "HEAD / HTTP/1.1" 200 -
114.119.141.51 - - [15/Nov/2021:22:01:25 -0500] "GET /BLA/resoluciones/RESOLUCIONES%202010/1697.pdf HTTP/1.1" 200 318306
66.249.65.15 - - [15/Nov/2021:22:01:32 -0500] "GET /BLA/resoluciones/RESOLUCIONES%202009/3968.pdf HTTP/1.1" 200 506025
186.82.135.56 - - [15/Nov/2021:22:03:22 -0500] "GET /galeria/galeria/jquery.fancybox.css?v=2.1.5 HTTP/1.1" 200 4895
114.119.141.73 - - [15/Nov/2021:22:04:30 -0500] "GET /BLA/resoluciones/RESOLUCIONES%202010/7175.pdf HTTP/1.1" 200 50738
216.245.221.92 - - [15/Nov/2021:22:04:55 -0500] "HEAD / HTTP/1.1" 200 -
114.119.132.76 - - [15/Nov/2021:22:07:15 -0500] "GET /BLA/resoluciones/RESOLUCIONES%202010/7684.pdf HTTP/1.1" 200 271507
216.245.221.92 - - [15/Nov/2021:22:09:55 -0500] "HEAD / HTTP/1.1" 200 -
114.119.141.42 - - [15/Nov/2021:22:10:35 -0500] "GET /BLA/resoluciones/RESOLUCIONES%202010/4987.pdf HTTP/1.1" 200 750083
114.119.141.69 - - [15/Nov/2021:22:13:23 -0500] "GET /BLA/resoluciones/Notificaciones/AUTOS%202015/03759.doc HTTP/1.1" 200 145029
186.84.20.200 - - [15/Nov/2021:22:13:37 -0500] "GET /esta-abierta-la-convocatoria-para-ser-parte-del-programa-de-voluntariado-ambiental-de-bogota.html HTTP/1.1" 200 972
201.245.192.253 - - [15/Nov/2021:22:13:57 -0500] "POST /kwsrmcab/Wsrmcab HTTP/1.1" 200 117323
216.245.221.92 - - [15/Nov/2021:22:14:55 -0500] "HEAD / HTTP/1.1" 200 -
191.95.24.124 - - [15/Nov/2021:22:15:12 -0500] "GET /galeria/galeria/jquery.fancybox.css?v=2.1.5 HTTP/1.1" 200 4895
186.155.12.185 - - [15/Nov/2021:22:15:37 -0500] "GET /galeria/galeria/jquery.fancybox.css?v=2.1.5 HTTP/1.1" 200 4895
198.98.49.124 - - [15/Nov/2021:22:15:40 -0500] "GET / HTTP/1.1" 200 319
114.119.141.42 - - [15/Nov/2021:22:16:11 -0500] "GET /BLA/resoluciones/RESOLUCIONES%202010/6681.pdf HTTP/1.1" 200 359964
31.13.127.36 - - [15/Nov/2021:22:16:12 -0500] "GET /images/buenas-practicas-ambientales21-octubre.jpg HTTP/1.1" 200 77514
66.249.65.15 - - [15/Nov/2021:22:17:31 -0500] "GET /BLA/resoluciones/RESOLUCIONES%202007/RES%202007%203401%20AL%203500/RESOLUCION%203457%20DE%202007.pdf HTTP/1.1" 200 141138
186.28.96.113 - - [15/Nov/2021:22:18:08 -0500] "GET /mas-de-36-000-kilogramos-de-residuos-especiales-y-peligrosos-fueron-recolectados-esta-semana-en-bogota.html HTTP/1.1" 200 983
190.26.141.81 - - [15/Nov/2021:22:19:06 -0500] "GET /BLA/resoluciones/dlf/styles.css HTTP/1.1" 200 3049
190.26.141.81 - - [15/Nov/2021:22:19:06 -0500] "GET /BLA/resoluciones/ HTTP/1.1" 200 12684
190.26.141.81 - - [15/Nov/2021:22:19:06 -0500] "GET /BLA/resoluciones/dlf/folder.png HTTP/1.1" 200 410
190.26.141.81 - - [15/Nov/2021:22:19:07 -0500] "GET /BLA/resoluciones/dlf/bg.gif HTTP/1.1" 200 54
190.26.141.81 - - [15/Nov/2021:22:19:07 -0500] "GET /favicon.ico HTTP/1.1" 200 7782
190.14.238.20 - - [15/Nov/2021:22:19:09 -0500] "GET /sipse/faces/faces/autenticacion.xhtml HTTP/1.1" 200 12503
190.14.238.20 - - [15/Nov/2021:22:19:13 -0500] "GET /sipse/js/disable_browser_buttons.js HTTP/1.1" 304 -
190.14.238.20 - - [15/Nov/2021:22:19:13 -0500] "GET /sipse/js/funciones.js HTTP/1.1" 304 -
190.14.238.20 - - [15/Nov/2021:22:19:13 -0500] "GET /sipse/css/custom_css_sg.css HTTP/1.1" 304 -
190.14.238.20 - - [15/Nov/2021:22:19:13 -0500] "GET /sipse/css/custom_css_sg_prime_login.css HTTP/1.1" 304 -
190.14.238.20 - - [15/Nov/2021:22:19:13 -0500] "GET /sipse/faces/javax.faces.resource/theme.css?ln=primefaces-sipse HTTP/1.1" 304 -
190.14.238.20 - - [15/Nov/2021:22:19:13 -0500] "GET /sipse/faces/javax.faces.resource/layout/layout.css;jsessionid=n4r-uY7Yu+AiZY29zUmRaP46.undefined?ln=primefaces&v=4.0 HTTP/1.1" 200 542
190.14.238.20 - - [15/Nov/2021:22:19:13 -0500] "GET /sipse/faces/javax.faces.resource/primefaces.css;jsessionid=n4r-uY7Yu+AiZY29zUmRaP46.undefined?ln=primefaces&v=4.0 HTTP/1.1" 200 53295
190.14.238.20 - - [15/Nov/2021:22:19:13 -0500] "GET /sipse/faces/javax.faces.resource/jquery/jquery.js;jsessionid=n4r-uY7Yu+AiZY29zUmRaP46.undefined?ln=primefaces&v=4.0 HTTP/1.1" 200 105384
190.14.238.20 - - [15/Nov/2021:22:19:13 -0500] "GET /sipse/faces/javax.faces.resource/jquery/jquery-plugins.js;jsessionid=n4r-uY7Yu+AiZY29zUmRaP46.undefined?ln=primefaces&v=4.0 HTTP/1.1" 200 220526
190.14.238.20 - - [15/Nov/2021:22:19:14 -0500] "GET /sipse/faces/javax.faces.resource/layout/layout.js;jsessionid=n4r-uY7Yu+AiZY29zUmRaP46.undefined?ln=primefaces&v=4.0 HTTP/1.1" 200 87560
190.14.238.20 - - [15/Nov/2021:22:19:14 -0500] "GET /sipse/faces/javax.faces.resource/primefaces.js;jsessionid=n4r-uY7Yu+AiZY29zUmRaP46.undefined?ln=primefaces&v=4.0 HTTP/1.1" 200 276924
190.14.238.20 - - [15/Nov/2021:22:19:15 -0500] "GET /sipse/css/imagen/logoSDG.png HTTP/1.1" 304 -
114.119.141.69 - - [15/Nov/2021:22:19:16 -0500] "GET /BLA/resoluciones/RESOLUCIONES%202010/0475.pdf HTTP/1.1" 200 106154
190.14.238.20 - - [15/Nov/2021:22:19:16 -0500] "GET /sipse/css/imagen/loginimg.png HTTP/1.1" 304 -
190.14.238.20 - - [15/Nov/2021:22:19:16 -0500] "GET /sipse/faces/javax.faces.resource/images/ui-icons_898989_256x240.png?ln=primefaces-aristo HTTP/1.1" 304 -
190.14.238.20 - - [15/Nov/2021:22:19:16 -0500] "GET /sipse/faces/faces/index.xhtml HTTP/1.1" 200 677
190.14.238.20 - - [15/Nov/2021:22:19:17 -0500] "GET /sipse/faces/javax.faces.resource/theme.css?ln=primefaces-sipse HTTP/1.1" 304 -
190.14.238.20 - - [15/Nov/2021:22:19:17 -0500] "GET /sipse/faces/faces/faces/autenticacion.xhtml HTTP/1.1" 200 12181
190.14.238.20 - - [15/Nov/2021:22:19:18 -0500] "GET /sipse/faces/javax.faces.resource/theme.css?ln=primefaces-sipse HTTP/1.1" 304 -
190.14.238.20 - - [15/Nov/2021:22:19:18 -0500] "GET /sipse/faces/javax.faces.resource/primefaces.css?ln=primefaces&v=4.0 HTTP/1.1" 304 -
190.14.238.20 - - [15/Nov/2021:22:19:18 -0500] "GET /sipse/faces/javax.faces.resource/layout/layout.css?ln=primefaces&v=4.0 HTTP/1.1" 304 -
190.14.238.20 - - [15/Nov/2021:22:19:18 -0500] "GET /sipse/faces/javax.faces.resource/primefaces.js?ln=primefaces&v=4.0 HTTP/1.1" 304 -
190.14.238.20 - - [15/Nov/2021:22:19:18 -0500] "GET /sipse/faces/javax.faces.resource/jquery/jquery.js?ln=primefaces&v=4.0 HTTP/1.1" 304 -
190.14.238.20 - - [15/Nov/2021:22:19:18 -0500] "GET /sipse/faces/javax.faces.resource/jquery/jquery-plugins.js?ln=primefaces&v=4.0 HTTP/1.1" 304 -
190.14.238.20 - - [15/Nov/2021:22:19:18 -0500] "GET /sipse/faces/javax.faces.resource/layout/layout.js?ln=primefaces&v=4.0 HTTP/1.1" 304 -
190.14.238.20 - - [15/Nov/2021:22:19:19 -0500] "GET /sipse/faces/javax.faces.resource/images/ui-icons_898989_256x240.png?ln=primefaces-aristo HTTP/1.1" 304 -
190.14.238.20 - - [15/Nov/2021:22:19:31 -0500] "POST /sipse/faces/autenticacion.xhtml HTTP/1.1" 200 2120
190.14.238.20 - - [15/Nov/2021:22:19:31 -0500] "GET /sipse/faces/javax.faces.resource/messages/messages.png?ln=primefaces&v=4.0 HTTP/1.1" 304 -
190.14.238.20 - - [15/Nov/2021:22:19:37 -0500] "POST /sipse/faces/autenticacion.xhtml HTTP/1.1" 200 2120
216.245.221.92 - - [15/Nov/2021:22:19:55 -0500] "HEAD / HTTP/1.1" 200 -
190.14.238.20 - - [15/Nov/2021:22:20:01 -0500] "POST /sipse/faces/autenticacion.xhtml HTTP/1.1" 200 2124
190.14.238.20 - - [15/Nov/2021:22:20:01 -0500] "POST /sipse/faces/autenticacion.xhtml HTTP/1.1" 200 2120
114.119.141.51 - - [15/Nov/2021:22:22:20 -0500] "GET /BLA/resoluciones/RESOLUCIONES%202010/7825.pdf HTTP/1.1" 200 357291
201.245.192.253 - - [15/Nov/2021:22:22:35 -0500] "POST /kwsrmcab/Wsrmcab HTTP/1.1" 200 46861
201.245.192.253 - - [15/Nov/2021:22:23:23 -0500] "POST /kwsrmcab/Wsrmcab HTTP/1.1" 200 46366
157.55.39.19 - - [15/Nov/2021:22:24:17 -0500] "GET /images/INTRANET.jpg HTTP/1.1" 200 37297
190.26.141.81 - - [15/Nov/2021:22:24:19 -0500] "GET /BLA/resoluciones/dlf/dirup.png HTTP/1.1" 200 644
190.26.141.81 - - [15/Nov/2021:22:24:19 -0500] "GET /BLA/resoluciones/dlf/pdf.gif HTTP/1.1" 200 272
190.26.141.81 - - [15/Nov/2021:22:24:19 -0500] "GET /BLA/resoluciones/index.php?dir=AUTOS+2020%2F HTTP/1.1" 200 312797
216.245.221.92 - - [15/Nov/2021:22:24:55 -0500] "HEAD / HTTP/1.1" 200 -
114.119.141.71 - - [15/Nov/2021:22:25:01 -0500] "GET /BLA/resoluciones/RESOLUCIONES%202010/0512.pdf HTTP/1.1" 200 105006
190.14.238.20 - - [15/Nov/2021:22:26:00 -0500] "POST /sipse/faces/autenticacion.xhtml HTTP/1.1" 200 2187
190.14.238.20 - - [15/Nov/2021:22:26:34 -0500] "POST /sipse/faces/autenticacion.xhtml HTTP/1.1" 200 2120
186.86.33.168 - - [15/Nov/2021:22:27:04 -0500] "GET /galeria/galeria/jquery.fancybox.css?v=2.1.5 HTTP/1.1" 200 4895
114.119.141.52 - - [15/Nov/2021:22:28:06 -0500] "GET /BLA/resoluciones/RESOLUCIONES%202010/1497.pdf HTTP/1.1" 200 495917
34.141.181.142 - - [15/Nov/2021:22:29:38 -0500] "GET / HTTP/1.1" 200 319
216.245.221.92 - - [15/Nov/2021:22:29:55 -0500] "HEAD / HTTP/1.1" 200 -
114.119.141.53 - - [15/Nov/2021:22:31:10 -0500] "GET /BLA/resoluciones/AUTOS%202010/5401.pdf HTTP/1.1" 200 1695203
201.245.192.253 - - [15/Nov/2021:22:32:35 -0500] "POST /kwsrmcab/Wsrmcab HTTP/1.1" 200 46861
66.249.65.13 - - [15/Nov/2021:22:33:35 -0500] "GET /BLA/resoluciones/AUTOS%202015/5114.pdf HTTP/1.1" 200 483987
201.245.192.253 - - [15/Nov/2021:22:33:22 -0500] "POST /kwsrmcab/Wsrmcab HTTP/1.1" 200 46366
201.245.192.253 - - [15/Nov/2021:22:33:55 -0500] "POST /kwsrmcab/Wsrmcab HTTP/1.1" 200 117323
114.119.141.71 - - [15/Nov/2021:22:34:53 -0500] "GET /BLA/resoluciones/RESOLUCIONES%202010/5824.pdf HTTP/1.1" 200 99140
216.245.221.92 - - [15/Nov/2021:22:34:55 -0500] "HEAD / HTTP/1.1" 200 -
157.55.39.28 - - [15/Nov/2021:22:37:06 -0500] "GET /images/BLA.jpg HTTP/1.1" 200 34672
114.119.141.52 - - [15/Nov/2021:22:37:10 -0500] "GET /BLA/resoluciones/RESOLUCIONES%202010/1119.pdf HTTP/1.1" 200 103546
114.119.141.73 - - [15/Nov/2021:22:37:15 -0500] "GET /BLA/resoluciones/RESOLUCIONES%202010/1119.pdf HTTP/1.1" 200 103546
191.156.186.87 - - [15/Nov/2021:22:39:33 -0500] "GET /galeria/galeria/jquery.fancybox.css?v=2.1.5 HTTP/1.1" 200 4895
216.245.221.92 - - [15/Nov/2021:22:39:55 -0500] "HEAD / HTTP/1.1" 200 -
114.119.141.52 - - [15/Nov/2021:22:40:10 -0500] "GET /BLA/resoluciones/RESOLUCIONES%202010/4625.pdf HTTP/1.1" 200 371928
