186.155.161.11 - - [21/Nov/2021:09:14:33 -0500] "GET /sipse/faces/javax.faces.resource/primefaces.js?ln=primefaces&v=4.0 HTTP/1.1" 304 -
186.155.161.11 - - [21/Nov/2021:09:14:33 -0500] "GET /sipse/faces/javax.faces.resource/layout/layout.js?ln=primefaces&v=4.0 HTTP/1.1" 304 -
186.80.52.82 - - [21/Nov/2021:09:14:37 -0500] "POST /sipse/faces/presentacion/financiero/solicitudProceso/consultarSolicitudProceso.xhtml HTTP/1.1" 200 106316
186.155.161.11 - - [21/Nov/2021:09:14:33 -0500] "GET /reportes_sipse/sdg/ServletReporte?reporte=solicitud_cdp&Solicitud=15784&pfdrid_c=false HTTP/1.1" 200 114300
190.27.245.107 - - [21/Nov/2021:09:14:42 -0500] "GET /sipse/ HTTP/1.1" 302 -
190.67.210.226 - - [21/Nov/2021:09:14:42 -0500] "GET /sipse/faces/autenticacion.xhtml HTTP/1.1" 200 12505
190.67.210.226 - - [21/Nov/2021:09:14:43 -0500] "GET /sipse/faces/javax.faces.resource/layout/layout.css;jsessionid=ApC-FXzlUIUFyiEmi57KhrHE.undefined?ln=primefaces&v=4.0 HTTP/1.1" 200 542
190.67.210.226 - - [21/Nov/2021:09:14:43 -0500] "GET /sipse/css/custom_css_sg.css HTTP/1.1" 304 -
190.67.210.226 - - [21/Nov/2021:09:14:43 -0500] "GET /sipse/faces/javax.faces.resource/primefaces.css;jsessionid=ApC-FXzlUIUFyiEmi57KhrHE.undefined?ln=primefaces&v=4.0 HTTP/1.1" 200 53295
190.67.210.226 - - [21/Nov/2021:09:14:43 -0500] "GET /sipse/faces/javax.faces.resource/theme.css?ln=primefaces-sipse HTTP/1.1" 304 -
190.67.210.226 - - [21/Nov/2021:09:14:43 -0500] "GET /sipse/css/custom_css_sg_prime_login.css HTTP/1.1" 304 -
190.67.210.226 - - [21/Nov/2021:09:14:43 -0500] "GET /sipse/js/disable_browser_buttons.js HTTP/1.1" 304 -
147.75.122.242 - - [21/Nov/2021:09:14:42 -0500] "POST /sipse/faces/presentacion/financiero/solicitudProceso/crearModificarSolicitudProceso.xhtml HTTP/1.1" 200 25137
190.67.210.226 - - [21/Nov/2021:09:14:43 -0500] "GET /sipse/js/funciones.js HTTP/1.1" 304 -
190.67.210.226 - - [21/Nov/2021:09:14:43 -0500] "GET /sipse/faces/javax.faces.resource/layout/layout.js;jsessionid=ApC-FXzlUIUFyiEmi57KhrHE.undefined?ln=primefaces&v=4.0 HTTP/1.1" 200 87560
186.30.30.67 - - [21/Nov/2021:09:14:13 -0500] "POST /sipse/faces/presentacion/financiero/solicitudProceso/crearModificarSolicitudProceso.xhtml HTTP/1.1" 200 12285
190.67.210.226 - - [21/Nov/2021:09:14:43 -0500] "GET /sipse/faces/javax.faces.resource/jquery/jquery-plugins.js;jsessionid=ApC-FXzlUIUFyiEmi57KhrHE.undefined?ln=primefaces&v=4.0 HTTP/1.1" 200 220526
190.67.210.226 - - [21/Nov/2021:09:14:43 -0500] "GET /sipse/faces/javax.faces.resource/jquery/jquery.js;jsessionid=ApC-FXzlUIUFyiEmi57KhrHE.undefined?ln=primefaces&v=4.0 HTTP/1.1" 200 105384
190.67.210.226 - - [21/Nov/2021:09:14:43 -0500] "GET /sipse/faces/javax.faces.resource/primefaces.js;jsessionid=ApC-FXzlUIUFyiEmi57KhrHE.undefined?ln=primefaces&v=4.0 HTTP/1.1" 200 276924
190.67.210.226 - - [21/Nov/2021:09:14:43 -0500] "GET /sipse/css/imagen/logoSDG.png HTTP/1.1" 304 -
190.67.210.226 - - [21/Nov/2021:09:14:43 -0500] "GET /sipse/css/imagen/loginimg.png HTTP/1.1" 304 -
190.67.210.226 - - [21/Nov/2021:09:14:43 -0500] "GET /sipse/faces/javax.faces.resource/images/ui-icons_898989_256x240.png?ln=primefaces-aristo HTTP/1.1" 304 -
190.67.210.226 - - [21/Nov/2021:09:14:43 -0500] "GET /sipse/faces/index.xhtml HTTP/1.1" 200 677
190.67.210.226 - - [21/Nov/2021:09:14:43 -0500] "GET /sipse/faces/javax.faces.resource/theme.css?ln=primefaces-sipse HTTP/1.1" 304 -
190.67.210.226 - - [21/Nov/2021:09:14:43 -0500] "GET /sipse/faces/faces/autenticacion.xhtml HTTP/1.1" 200 12183
190.67.210.226 - - [21/Nov/2021:09:14:43 -0500] "GET /sipse/faces/javax.faces.resource/layout/layout.css?ln=primefaces&v=4.0 HTTP/1.1" 304 -
190.67.210.226 - - [21/Nov/2021:09:14:43 -0500] "GET /sipse/faces/javax.faces.resource/jquery/jquery-plugins.js?ln=primefaces&v=4.0 HTTP/1.1" 304 -
190.67.210.226 - - [21/Nov/2021:09:14:43 -0500] "GET /sipse/faces/javax.faces.resource/primefaces.js?ln=primefaces&v=4.0 HTTP/1.1" 304 -
190.67.210.226 - - [21/Nov/2021:09:14:43 -0500] "GET /sipse/faces/javax.faces.resource/layout/layout.js?ln=primefaces&v=4.0 HTTP/1.1" 304 -
190.67.210.226 - - [21/Nov/2021:09:14:43 -0500] "GET /sipse/faces/javax.faces.resource/theme.css?ln=primefaces-sipse HTTP/1.1" 304 -
190.67.210.226 - - [21/Nov/2021:09:14:43 -0500] "GET /sipse/faces/javax.faces.resource/primefaces.css?ln=primefaces&v=4.0 HTTP/1.1" 304 -
190.67.210.226 - - [21/Nov/2021:09:14:43 -0500] "GET /sipse/faces/javax.faces.resource/jquery/jquery.js?ln=primefaces&v=4.0 HTTP/1.1" 304 -
186.113.67.59 - - [21/Nov/2021:09:14:44 -0500] "POST /sipse/faces/presentacion/financiero/solicitudProyectoActividad/asociarFuentesSolicitud.xhtml HTTP/1.1" 200 82226
186.113.67.59 - - [21/Nov/2021:09:14:45 -0500] "GET /sipse/faces/javax.faces.resource/theme.css?ln=primefaces-sipse HTTP/1.1" 304 -
186.113.67.59 - - [21/Nov/2021:09:14:45 -0500] "GET /sipse/faces/javax.faces.resource/primefaces.css?ln=primefaces&v=4.0 HTTP/1.1" 304 -
186.113.67.59 - - [21/Nov/2021:09:14:45 -0500] "GET /sipse/faces/javax.faces.resource/primefaces.js?ln=primefaces&v=4.0 HTTP/1.1" 304 -
186.113.67.59 - - [21/Nov/2021:09:14:45 -0500] "GET /sipse/faces/javax.faces.resource/layout/layout.css?ln=primefaces&v=4.0 HTTP/1.1" 304 -
186.113.67.59 - - [21/Nov/2021:09:14:45 -0500] "GET /sipse/faces/javax.faces.resource/jquery/jquery.js?ln=primefaces&v=4.0 HTTP/1.1" 304 -
186.113.67.59 - - [21/Nov/2021:09:14:45 -0500] "GET /sipse/faces/javax.faces.resource/jquery/jquery-plugins.js?ln=primefaces&v=4.0 HTTP/1.1" 304 -
186.113.67.59 - - [21/Nov/2021:09:14:45 -0500] "GET /sipse/faces/javax.faces.resource/layout/layout.js?ln=primefaces&v=4.0 HTTP/1.1" 304 -
190.67.210.226 - - [21/Nov/2021:09:14:48 -0500] "POST /sipse/faces/autenticacion.xhtml HTTP/1.1" 200 16064
190.67.210.226 - - [21/Nov/2021:09:14:48 -0500] "GET /sipse/faces/javax.faces.resource/theme.css?ln=primefaces-sipse HTTP/1.1" 304 -
190.67.210.226 - - [21/Nov/2021:09:14:48 -0500] "GET /sipse/faces/javax.faces.resource/layout/layout.css?ln=primefaces&v=4.0 HTTP/1.1" 304 -
190.67.210.226 - - [21/Nov/2021:09:14:48 -0500] "GET /sipse/faces/javax.faces.resource/primefaces.css?ln=primefaces&v=4.0 HTTP/1.1" 304 -
190.67.210.226 - - [21/Nov/2021:09:14:48 -0500] "GET /sipse/js/jquery.min.js HTTP/1.1" 304 -
190.67.210.226 - - [21/Nov/2021:09:14:48 -0500] "GET /sipse/css/custom_css_sg_prime.css HTTP/1.1" 304 -
190.67.210.226 - - [21/Nov/2021:09:14:49 -0500] "GET /sipse/faces/javax.faces.resource/jquery/jquery.js?ln=primefaces&v=4.0 HTTP/1.1" 304 -
190.67.210.226 - - [21/Nov/2021:09:14:49 -0500] "GET /sipse/faces/javax.faces.resource/jquery/jquery-plugins.js?ln=primefaces&v=4.0 HTTP/1.1" 304 -
190.67.210.226 - - [21/Nov/2021:09:14:49 -0500] "GET /sipse/faces/javax.faces.resource/primefaces.js?ln=primefaces&v=4.0 HTTP/1.1" 304 -
190.67.210.226 - - [21/Nov/2021:09:14:49 -0500] "GET /sipse/faces/javax.faces.resource/layout/layout.js?ln=primefaces&v=4.0 HTTP/1.1" 304 -
190.67.210.226 - - [21/Nov/2021:09:14:49 -0500] "GET /sipse/imagenes/logoAplicacion.jpg HTTP/1.1" 304 -
190.67.210.226 - - [21/Nov/2021:09:14:49 -0500] "GET /sipse/imagenes/cargando.gif HTTP/1.1" 304 -
190.67.210.226 - - [21/Nov/2021:09:14:49 -0500] "GET /sipse/css/imagen/contrasena.png HTTP/1.1" 404 383
190.67.210.226 - - [21/Nov/2021:09:14:49 -0500] "GET /sipse/faces/javax.faces.resource/messages/messages.png?ln=primefaces&v=4.0 HTTP/1.1" 304 -
181.237.47.21 - - [21/Nov/2021:09:14:49 -0500] "POST /sipse/faces/presentacion/financiero/solicitudProceso/crearModificarSolicitudProceso.xhtml HTTP/1.1" 200 24627
181.237.47.21 - - [21/Nov/2021:09:14:50 -0500] "GET /sipse/faces/javax.faces.resource/theme.css?ln=primefaces-sipse HTTP/1.1" 304 -
181.237.47.21 - - [21/Nov/2021:09:14:50 -0500] "GET /sipse/faces/javax.faces.resource/primefaces.css?ln=primefaces&v=4.0 HTTP/1.1" 304 -
181.237.47.21 - - [21/Nov/2021:09:14:50 -0500] "GET /sipse/faces/javax.faces.resource/layout/layout.css?ln=primefaces&v=4.0 HTTP/1.1" 304 -
181.237.47.21 - - [21/Nov/2021:09:14:50 -0500] "GET /sipse/faces/javax.faces.resource/jquery/jquery.js?ln=primefaces&v=4.0 HTTP/1.1" 304 -
181.237.47.21 - - [21/Nov/2021:09:14:50 -0500] "GET /sipse/faces/javax.faces.resource/jquery/jquery-plugins.js?ln=primefaces&v=4.0 HTTP/1.1" 304 -
181.237.47.21 - - [21/Nov/2021:09:14:50 -0500] "GET /sipse/faces/javax.faces.resource/primefaces.js?ln=primefaces&v=4.0 HTTP/1.1" 304 -
181.237.47.21 - - [21/Nov/2021:09:14:50 -0500] "GET /sipse/faces/javax.faces.resource/layout/layout.js?ln=primefaces&v=4.0 HTTP/1.1" 304 -
190.67.210.226 - - [21/Nov/2021:09:14:57 -0500] "GET /sipse/faces/javax.faces.resource/images/ui-bg_flat_0_2d5972_40x100.png?ln=primefaces-aristo HTTP/1.1" 304 -
190.67.210.226 - - [21/Nov/2021:09:14:57 -0500] "POST /sipse/faces/bienvenido.xhtml HTTP/1.1" 200 1473
190.67.210.226 - - [21/Nov/2021:09:14:58 -0500] "POST /sipse/faces/bienvenido.xhtml HTTP/1.1" 200 37751
190.67.210.226 - - [21/Nov/2021:09:14:59 -0500] "GET /sipse/faces/javax.faces.resource/theme.css?ln=primefaces-sipse HTTP/1.1" 304 -
190.67.210.226 - - [21/Nov/2021:09:14:59 -0500] "GET /sipse/faces/javax.faces.resource/primefaces.css?ln=primefaces&v=4.0 HTTP/1.1" 304 -
190.67.210.226 - - [21/Nov/2021:09:14:59 -0500] "GET /sipse/faces/javax.faces.resource/layout/layout.css?ln=primefaces&v=4.0 HTTP/1.1" 304 -
190.67.210.226 - - [21/Nov/2021:09:14:59 -0500] "GET /sipse/faces/javax.faces.resource/jquery/jquery.js?ln=primefaces&v=4.0 HTTP/1.1" 304 -
190.67.210.226 - - [21/Nov/2021:09:14:59 -0500] "GET /sipse/faces/javax.faces.resource/jquery/jquery-plugins.js?ln=primefaces&v=4.0 HTTP/1.1" 304 -
190.67.210.226 - - [21/Nov/2021:09:14:59 -0500] "GET /sipse/faces/javax.faces.resource/primefaces.js?ln=primefaces&v=4.0 HTTP/1.1" 304 -
190.67.210.226 - - [21/Nov/2021:09:14:59 -0500] "GET /sipse/faces/javax.faces.resource/layout/layout.js?ln=primefaces&v=4.0 HTTP/1.1" 304 -
186.30.30.67 - - [21/Nov/2021:09:15:06 -0500] "GET /sipse/faces/javax.faces.resource/primefaces.css?ln=primefaces&v=4.0 HTTP/1.1" 304 -
186.30.30.67 - - [21/Nov/2021:09:15:06 -0500] "GET /sipse/faces/javax.faces.resource/jquery/jquery-plugins.js?ln=primefaces&v=4.0 HTTP/1.1" 304 -
186.30.30.67 - - [21/Nov/2021:09:15:06 -0500] "GET /sipse/faces/javax.faces.resource/layout/layout.css?ln=primefaces&v=4.0 HTTP/1.1" 304 -
186.30.30.67 - - [21/Nov/2021:09:15:06 -0500] "GET /sipse/faces/javax.faces.resource/jquery/jquery.js?ln=primefaces&v=4.0 HTTP/1.1" 304 -
186.30.30.67 - - [21/Nov/2021:09:15:06 -0500] "GET /sipse/faces/javax.faces.resource/theme.css?ln=primefaces-sipse HTTP/1.1" 304 -
186.30.30.67 - - [21/Nov/2021:09:15:06 -0500] "GET /sipse/faces/javax.faces.resource/primefaces.js?ln=primefaces&v=4.0 HTTP/1.1" 304 -
186.30.30.67 - - [21/Nov/2021:09:15:06 -0500] "GET /sipse/faces/javax.faces.resource/layout/layout.js?ln=primefaces&v=4.0 HTTP/1.1" 304 -
186.30.30.67 - - [21/Nov/2021:09:14:39 -0500] "POST /sipse/faces/presentacion/financiero/solicitudProceso/crearModificarSolicitudProceso.xhtml HTTP/1.1" 200 45532
186.84.149.95 - - [21/Nov/2021:09:15:10 -0500] "GET /sipse/faces/index.xhtml HTTP/1.1" 200 677
186.84.149.95 - - [21/Nov/2021:09:15:10 -0500] "GET /sipse/faces/javax.faces.resource/theme.css?ln=primefaces-sipse HTTP/1.1" 200 50058
186.84.149.95 - - [21/Nov/2021:09:15:10 -0500] "GET /favicon.ico HTTP/1.1" 200 7782
147.75.122.242 - - [21/Nov/2021:09:15:13 -0500] "POST /sipse/faces/presentacion/financiero/solicitudProceso/listarSolicitudProceso.xhtml HTTP/1.1" 200 59062
147.75.122.242 - - [21/Nov/2021:09:15:14 -0500] "GET /sipse/faces/javax.faces.resource/jquery/jquery.js?ln=primefaces&v=4.0 HTTP/1.1" 304 -
147.75.122.242 - - [21/Nov/2021:09:15:14 -0500] "GET /sipse/faces/javax.faces.resource/jquery/jquery-plugins.js?ln=primefaces&v=4.0 HTTP/1.1" 304 -
147.75.122.242 - - [21/Nov/2021:09:15:14 -0500] "GET /sipse/faces/javax.faces.resource/primefaces.js?ln=primefaces&v=4.0 HTTP/1.1" 304 -
147.75.122.242 - - [21/Nov/2021:09:15:14 -0500] "GET /sipse/faces/javax.faces.resource/layout/layout.js?ln=primefaces&v=4.0 HTTP/1.1" 304 -
147.75.122.242 - - [21/Nov/2021:09:15:21 -0500] "POST /sipse/faces/presentacion/financiero/solicitudProceso/crearModificarSolicitudProceso.xhtml HTTP/1.1" 200 51776
147.75.122.242 - - [21/Nov/2021:09:15:24 -0500] "POST /sipse/faces/presentacion/financiero/solicitudProceso/crearModificarSolicitudProceso.xhtml HTTP/1.1" 200 6315
186.113.67.59 - - [21/Nov/2021:09:14:53 -0500] "POST /sipse/faces/presentacion/financiero/solicitudProceso/crearModificarSolicitudProceso.xhtml HTTP/1.1" 200 15757
201.245.192.253 - - [21/Nov/2021:09:14:37 -0500] "POST /kwsrmcab/Wsrmcab HTTP/1.1" 200 113893
147.75.122.242 - - [21/Nov/2021:09:15:30 -0500] "POST /sipse/faces/presentacion/financiero/solicitudProceso/crearModificarSolicitudProceso.xhtml HTTP/1.1" 200 25137
181.237.47.21 - - [21/Nov/2021:09:15:32 -0500] "POST /sipse/faces/presentacion/financiero/solicitudProyectoActividad/asociarProyectoSolicitud.xhtml HTTP/1.1" 200 6605
190.67.210.226 - - [21/Nov/2021:09:15:36 -0500] "POST /sipse/faces/presentacion/financiero/solicitudProceso/consultar.xhtml HTTP/1.1" 200 12914
190.67.210.226 - - [21/Nov/2021:09:15:40 -0500] "GET /sipse/faces/javax.faces.resource/images/ui-icons_898989_256x240.png?ln=primefaces-aristo HTTP/1.1" 304 -
190.67.210.226 - - [21/Nov/2021:09:15:41 -0500] "POST /sipse/faces/presentacion/financiero/solicitudProceso/consultar.xhtml HTTP/1.1" 200 110877
190.67.210.226 - - [21/Nov/2021:09:15:43 -0500] "GET /sipse/faces/javax.faces.resource/theme.css?ln=primefaces-sipse HTTP/1.1" 304 -
190.67.210.226 - - [21/Nov/2021:09:15:43 -0500] "GET /sipse/faces/javax.faces.resource/layout/layout.css?ln=primefaces&v=4.0 HTTP/1.1" 304 -
190.67.210.226 - - [21/Nov/2021:09:15:43 -0500] "GET /sipse/faces/javax.faces.resource/primefaces.css?ln=primefaces&v=4.0 HTTP/1.1" 304 -
190.67.210.226 - - [21/Nov/2021:09:15:43 -0500] "GET /sipse/faces/javax.faces.resource/jquery/jquery.js?ln=primefaces&v=4.0 HTTP/1.1" 304 -
190.67.210.226 - - [21/Nov/2021:09:15:43 -0500] "GET /sipse/faces/javax.faces.resource/jquery/jquery-plugins.js?ln=primefaces&v=4.0 HTTP/1.1" 304 -
190.67.210.226 - - [21/Nov/2021:09:15:43 -0500] "GET /sipse/faces/javax.faces.resource/primefaces.js?ln=primefaces&v=4.0 HTTP/1.1" 304 -
190.67.210.226 - - [21/Nov/2021:09:15:43 -0500] "GET /sipse/faces/javax.faces.resource/layout/layout.js?ln=primefaces&v=4.0 HTTP/1.1" 304 -
186.30.30.67 - - [21/Nov/2021:09:15:10 -0500] "POST /sipse/faces/presentacion/financiero/solicitudBienServicio/asociarBienServicioSolicitud.xhtml HTTP/1.1" 200 1595
147.75.122.242 - - [21/Nov/2021:09:15:46 -0500] "POST /sipse/faces/presentacion/financiero/solicitudProceso/crearModificarSolicitudProceso.xhtml HTTP/1.1" 200 9552
181.237.47.21 - - [21/Nov/2021:09:15:49 -0500] "POST /sipse/faces/presentacion/financiero/solicitudProyectoActividad/asociarProyectoSolicitud.xhtml HTTP/1.1" 200 1696
190.67.210.226 - - [21/Nov/2021:09:15:44 -0500] "GET /reportes_sipse/sdg/ServletReporte?reporte=solicitud_cdp&Solicitud=15784&pfdrid_c=false HTTP/1.1" 200 114300
181.237.47.21 - - [21/Nov/2021:09:15:52 -0500] "POST /sipse/faces/presentacion/financiero/solicitudProyectoActividad/asociarProyectoSolicitud.xhtml HTTP/1.1" 200 74480
181.237.47.21 - - [21/Nov/2021:09:15:53 -0500] "GET /sipse/faces/javax.faces.resource/theme.css?ln=primefaces-sipse HTTP/1.1" 304 -
181.237.47.21 - - [21/Nov/2021:09:15:53 -0500] "GET /sipse/faces/javax.faces.resource/primefaces.css?ln=primefaces&v=4.0 HTTP/1.1" 304 -
181.237.47.21 - - [21/Nov/2021:09:15:53 -0500] "GET /sipse/faces/javax.faces.resource/layout/layout.css?ln=primefaces&v=4.0 HTTP/1.1" 304 -
181.237.47.21 - - [21/Nov/2021:09:15:53 -0500] "GET /sipse/faces/javax.faces.resource/jquery/jquery.js?ln=primefaces&v=4.0 HTTP/1.1" 304 -
181.237.47.21 - - [21/Nov/2021:09:15:53 -0500] "GET /sipse/faces/javax.faces.resource/jquery/jquery-plugins.js?ln=primefaces&v=4.0 HTTP/1.1" 304 -
181.237.47.21 - - [21/Nov/2021:09:15:53 -0500] "GET /sipse/faces/javax.faces.resource/primefaces.js?ln=primefaces&v=4.0 HTTP/1.1" 304 -
181.237.47.21 - - [21/Nov/2021:09:15:53 -0500] "GET /sipse/faces/javax.faces.resource/layout/layout.js?ln=primefaces&v=4.0 HTTP/1.1" 304 -
186.113.67.59 - - [21/Nov/2021:09:15:11 -0500] "POST /sipse/faces/presentacion/financiero/solicitudProceso/crearModificarSolicitudProceso.xhtml HTTP/1.1" 200 45531
186.113.67.59 - - [21/Nov/2021:09:15:55 -0500] "GET /sipse/faces/javax.faces.resource/theme.css?ln=primefaces-sipse HTTP/1.1" 304 -
186.113.67.59 - - [21/Nov/2021:09:15:55 -0500] "GET /sipse/faces/javax.faces.resource/primefaces.css?ln=primefaces&v=4.0 HTTP/1.1" 304 -
186.113.67.59 - - [21/Nov/2021:09:15:55 -0500] "GET /sipse/faces/javax.faces.resource/layout/layout.css?ln=primefaces&v=4.0 HTTP/1.1" 304 -
186.113.67.59 - - [21/Nov/2021:09:15:55 -0500] "GET /sipse/faces/javax.faces.resource/jquery/jquery.js?ln=primefaces&v=4.0 HTTP/1.1" 304 -
186.113.67.59 - - [21/Nov/2021:09:15:55 -0500] "GET /sipse/faces/javax.faces.resource/primefaces.js?ln=primefaces&v=4.0 HTTP/1.1" 304 -
186.113.67.59 - - [21/Nov/2021:09:15:55 -0500] "GET /sipse/faces/javax.faces.resource/jquery/jquery-plugins.js?ln=primefaces&v=4.0 HTTP/1.1" 304 -
186.113.67.59 - - [21/Nov/2021:09:15:55 -0500] "GET /sipse/faces/javax.faces.resource/layout/layout.js?ln=primefaces&v=4.0 HTTP/1.1" 304 -
190.67.210.226 - - [21/Nov/2021:09:15:58 -0500] "POST /sipse/faces/presentacion/financiero/solicitudProceso/consultarSolicitudProceso.xhtml HTTP/1.1" 200 164534
147.75.122.242 - - [21/Nov/2021:09:16:03 -0500] "POST /sipse/faces/presentacion/financiero/solicitudProceso/crearModificarSolicitudProceso.xhtml HTTP/1.1" 200 6315
186.30.30.67 - - [21/Nov/2021:09:15:44 -0500] "POST /sipse/faces/presentacion/financiero/solicitudBienServicio/asociarBienServicioSolicitud.xhtml HTTP/1.1" 200 1591
186.155.161.11 - - [21/Nov/2021:09:16:13 -0500] "POST /sipse/faces/presentacion/financiero/solicitudProceso/consultarSolicitudProceso.xhtml HTTP/1.1" 200 46053
186.155.161.11 - - [21/Nov/2021:09:16:13 -0500] "GET /sipse/faces/javax.faces.resource/jquery/jquery.js?ln=primefaces&v=4.0 HTTP/1.1" 304 -
186.155.161.11 - - [21/Nov/2021:09:16:13 -0500] "GET /sipse/faces/javax.faces.resource/jquery/jquery-plugins.js?ln=primefaces&v=4.0 HTTP/1.1" 304 -
186.155.161.11 - - [21/Nov/2021:09:16:14 -0500] "GET /sipse/faces/javax.faces.resource/primefaces.js?ln=primefaces&v=4.0 HTTP/1.1" 304 -
186.155.161.11 - - [21/Nov/2021:09:16:14 -0500] "GET /sipse/faces/javax.faces.resource/layout/layout.js?ln=primefaces&v=4.0 HTTP/1.1" 304 -
147.75.122.242 - - [21/Nov/2021:09:16:21 -0500] "POST /sipse/faces/presentacion/financiero/solicitudProceso/crearModificarSolicitudProceso.xhtml HTTP/1.1" 200 7358
186.155.161.11 - - [21/Nov/2021:09:16:21 -0500] "POST /sipse/faces/presentacion/financiero/estudioPrevio/personalSolicitado/personalSolicitadoSolicitudProceso.xhtml HTTP/1.1" 200 7051
147.75.122.242 - - [21/Nov/2021:09:16:23 -0500] "POST /sipse/faces/presentacion/financiero/solicitudProceso/crearModificarSolicitudProceso.xhtml HTTP/1.1" 200 9550
186.113.67.59 - - [21/Nov/2021:09:16:00 -0500] "POST /sipse/faces/presentacion/financiero/solicitudBienServicio/asociarBienServicioSolicitud.xhtml HTTP/1.1" 200 2720
186.113.67.59 - - [21/Nov/2021:09:16:31 -0500] "POST /sipse/faces/presentacion/financiero/solicitudBienServicio/asociarBienServicioSolicitud.xhtml HTTP/1.1" 200 78022
186.113.67.59 - - [21/Nov/2021:09:16:31 -0500] "GET /sipse/faces/javax.faces.resource/theme.css?ln=primefaces-sipse HTTP/1.1" 304 -
186.113.67.59 - - [21/Nov/2021:09:16:31 -0500] "GET /sipse/faces/javax.faces.resource/primefaces.css?ln=primefaces&v=4.0 HTTP/1.1" 304 -
186.113.67.59 - - [21/Nov/2021:09:16:31 -0500] "GET /sipse/faces/javax.faces.resource/layout/layout.css?ln=primefaces&v=4.0 HTTP/1.1" 304 -
186.113.67.59 - - [21/Nov/2021:09:16:31 -0500] "GET /sipse/faces/javax.faces.resource/jquery/jquery.js?ln=primefaces&v=4.0 HTTP/1.1" 304 -
186.113.67.59 - - [21/Nov/2021:09:16:31 -0500] "GET /sipse/faces/javax.faces.resource/jquery/jquery-plugins.js?ln=primefaces&v=4.0 HTTP/1.1" 304 -
186.113.67.59 - - [21/Nov/2021:09:16:31 -0500] "GET /sipse/faces/javax.faces.resource/primefaces.js?ln=primefaces&v=4.0 HTTP/1.1" 304 -
186.113.67.59 - - [21/Nov/2021:09:16:31 -0500] "GET /sipse/faces/javax.faces.resource/layout/layout.js?ln=primefaces&v=4.0 HTTP/1.1" 304 -
186.30.30.67 - - [21/Nov/2021:09:16:12 -0500] "POST /sipse/faces/presentacion/financiero/solicitudBienServicio/asociarBienServicioSolicitud.xhtml HTTP/1.1" 200 1595
186.155.161.11 - - [21/Nov/2021:09:16:36 -0500] "POST /sipse/faces/presentacion/financiero/estudioPrevio/personalSolicitado/personalSolicitadoSolicitudProceso.xhtml HTTP/1.1" 200 36824
186.155.161.11 - - [21/Nov/2021:09:16:37 -0500] "GET /sipse/faces/javax.faces.resource/jquery/jquery.js?ln=primefaces&v=4.0 HTTP/1.1" 304 -
186.155.161.11 - - [21/Nov/2021:09:16:37 -0500] "GET /sipse/faces/javax.faces.resource/jquery/jquery-plugins.js?ln=primefaces&v=4.0 HTTP/1.1" 304 -
186.155.161.11 - - [21/Nov/2021:09:16:37 -0500] "GET /sipse/faces/javax.faces.resource/primefaces.js?ln=primefaces&v=4.0 HTTP/1.1" 304 -
186.155.161.11 - - [21/Nov/2021:09:16:37 -0500] "GET /sipse/faces/javax.faces.resource/layout/layout.js?ln=primefaces&v=4.0 HTTP/1.1" 304 -
190.147.105.172 - - [21/Nov/2021:09:16:41 -0500] "GET /sipse/faces/javax.faces.resource/images/ui-bg_flat_0_2d5972_40x100.png?ln=primefaces-aristo HTTP/1.1" 200 183
190.147.105.172 - - [21/Nov/2021:09:16:41 -0500] "POST /sipse/faces/bienvenido.xhtml HTTP/1.1" 200 2658
190.147.105.172 - - [21/Nov/2021:09:16:43 -0500] "POST /sipse/faces/bienvenido.xhtml HTTP/1.1" 200 60453
190.147.105.172 - - [21/Nov/2021:09:16:45 -0500] "GET /sipse/faces/javax.faces.resource/jquery/jquery.js?ln=primefaces&v=4.0 HTTP/1.1" 304 -
186.113.67.59 - - [21/Nov/2021:09:16:43 -0500] "POST /sipse/faces/presentacion/financiero/solicitudProceso/crearModificarSolicitudProceso.xhtml HTTP/1.1" 200 34436
186.113.67.59 - - [21/Nov/2021:09:16:46 -0500] "GET /sipse/faces/javax.faces.resource/theme.css?ln=primefaces-sipse HTTP/1.1" 304 -
186.113.67.59 - - [21/Nov/2021:09:16:46 -0500] "GET /sipse/faces/javax.faces.resource/primefaces.css?ln=primefaces&v=4.0 HTTP/1.1" 304 -
186.113.67.59 - - [21/Nov/2021:09:16:46 -0500] "GET /sipse/faces/javax.faces.resource/layout/layout.css?ln=primefaces&v=4.0 HTTP/1.1" 304 -
186.113.67.59 - - [21/Nov/2021:09:16:46 -0500] "GET /sipse/faces/javax.faces.resource/jquery/jquery.js?ln=primefaces&v=4.0 HTTP/1.1" 304 -
186.113.67.59 - - [21/Nov/2021:09:16:46 -0500] "GET /sipse/faces/javax.faces.resource/jquery/jquery-plugins.js?ln=primefaces&v=4.0 HTTP/1.1" 304 -
190.147.105.172 - - [21/Nov/2021:09:16:46 -0500] "GET /sipse/faces/javax.faces.resource/jquery/jquery-plugins.js?ln=primefaces&v=4.0 HTTP/1.1" 304 -
186.113.67.59 - - [21/Nov/2021:09:16:46 -0500] "GET /sipse/faces/javax.faces.resource/primefaces.js?ln=primefaces&v=4.0 HTTP/1.1" 304 -
186.113.67.59 - - [21/Nov/2021:09:16:46 -0500] "GET /sipse/faces/javax.faces.resource/layout/layout.js?ln=primefaces&v=4.0 HTTP/1.1" 304 -
190.147.105.172 - - [21/Nov/2021:09:16:46 -0500] "GET /sipse/faces/javax.faces.resource/primefaces.js?ln=primefaces&v=4.0 HTTP/1.1" 304 -
190.147.105.172 - - [21/Nov/2021:09:16:46 -0500] "GET /sipse/faces/javax.faces.resource/layout/layout.js?ln=primefaces&v=4.0 HTTP/1.1" 304 -
186.113.67.59 - - [21/Nov/2021:09:16:46 -0500] "POST /sipse/faces/presentacion/financiero/solicitudProceso/listarSolicitudProceso.xhtml HTTP/1.1" 200 1344
186.155.161.11 - - [21/Nov/2021:09:16:46 -0500] "POST /sipse/faces/presentacion/financiero/estudioPrevio/personalSolicitado/asociarProfesionPersonalSolicitado.xhtml HTTP/1.1" 200 20965
190.147.105.172 - - [21/Nov/2021:09:16:47 -0500] "POST /sipse/faces/presentacion/financiero/solicitudProceso/listarSolicitudProceso.xhtml HTTP/1.1" 200 1452
147.75.122.242 - - [21/Nov/2021:09:16:48 -0500] "POST /sipse/faces/presentacion/financiero/solicitudProceso/crearModificarSolicitudProceso.xhtml HTTP/1.1" 200 7358
186.155.161.11 - - [21/Nov/2021:09:16:48 -0500] "POST /sipse/faces/presentacion/financiero/estudioPrevio/personalSolicitado/asociarProfesionPersonalSolicitado.xhtml HTTP/1.1" 200 21300
186.155.161.11 - - [21/Nov/2021:09:16:49 -0500] "POST /sipse/faces/presentacion/financiero/estudioPrevio/personalSolicitado/asociarProfesionPersonalSolicitado.xhtml HTTP/1.1" 200 21300
186.155.161.11 - - [21/Nov/2021:09:16:50 -0500] "POST /sipse/faces/presentacion/financiero/estudioPrevio/personalSolicitado/asociarProfesionPersonalSolicitado.xhtml HTTP/1.1" 200 21300
186.155.161.11 - - [21/Nov/2021:09:16:51 -0500] "POST /sipse/faces/presentacion/financiero/estudioPrevio/personalSolicitado/asociarProfesionPersonalSolicitado.xhtml HTTP/1.1" 200 21300
186.155.161.11 - - [21/Nov/2021:09:16:52 -0500] "POST /sipse/faces/presentacion/financiero/estudioPrevio/personalSolicitado/asociarProfesionPersonalSolicitado.xhtml HTTP/1.1" 200 21300
186.155.161.11 - - [21/Nov/2021:09:16:53 -0500] "POST /sipse/faces/presentacion/financiero/estudioPrevio/personalSolicitado/asociarProfesionPersonalSolicitado.xhtml HTTP/1.1" 200 21304
186.155.161.11 - - [21/Nov/2021:09:16:53 -0500] "POST /sipse/faces/presentacion/financiero/estudioPrevio/personalSolicitado/asociarProfesionPersonalSolicitado.xhtml HTTP/1.1" 200 21300
186.30.30.67 - - [21/Nov/2021:09:16:36 -0500] "POST /sipse/faces/presentacion/financiero/solicitudBienServicio/asociarBienServicioSolicitud.xhtml HTTP/1.1" 200 25950
186.155.161.11 - - [21/Nov/2021:09:16:57 -0500] "POST /sipse/faces/presentacion/financiero/estudioPrevio/personalSolicitado/asociarProfesionPersonalSolicitado.xhtml HTTP/1.1" 200 21475
186.155.161.11 - - [21/Nov/2021:09:16:59 -0500] "POST /sipse/faces/presentacion/financiero/estudioPrevio/personalSolicitado/asociarProfesionPersonalSolicitado.xhtml HTTP/1.1" 200 21365
147.75.122.242 - - [21/Nov/2021:09:17:01 -0500] "POST /sipse/faces/presentacion/financiero/solicitudProceso/crearModificarSolicitudProceso.xhtml HTTP/1.1" 200 24627
147.75.122.242 - - [21/Nov/2021:09:17:01 -0500] "GET /sipse/faces/javax.faces.resource/jquery/jquery.js?ln=primefaces&v=4.0 HTTP/1.1" 304 -
147.75.122.242 - - [21/Nov/2021:09:17:01 -0500] "GET /sipse/faces/javax.faces.resource/jquery/jquery-plugins.js?ln=primefaces&v=4.0 HTTP/1.1" 304 -
147.75.122.242 - - [21/Nov/2021:09:17:01 -0500] "GET /sipse/faces/javax.faces.resource/primefaces.js?ln=primefaces&v=4.0 HTTP/1.1" 304 -
147.75.122.242 - - [21/Nov/2021:09:17:01 -0500] "GET /sipse/faces/javax.faces.resource/layout/layout.js?ln=primefaces&v=4.0 HTTP/1.1" 304 -
147.75.122.242 - - [21/Nov/2021:09:17:01 -0500] "GET /sipse/faces/javax.faces.resource/theme.css?ln=primefaces-sipse HTTP/1.1" 304 -
147.75.122.242 - - [21/Nov/2021:09:17:01 -0500] "GET /sipse/faces/javax.faces.resource/primefaces.css?ln=primefaces&v=4.0 HTTP/1.1" 304 -
147.75.122.242 - - [21/Nov/2021:09:17:01 -0500] "GET /sipse/faces/javax.faces.resource/layout/layout.css?ln=primefaces&v=4.0 HTTP/1.1" 304 -
147.75.122.242 - - [21/Nov/2021:09:17:01 -0500] "GET /sipse/faces/javax.faces.resource/images/ui-icons_898989_256x240.png?ln=primefaces-aristo HTTP/1.1" 304 -
190.147.105.172 - - [21/Nov/2021:09:17:01 -0500] "POST /sipse/faces/presentacion/financiero/solicitudProceso/listarSolicitudProceso.xhtml HTTP/1.1" 200 59062
190.67.210.226 - - [21/Nov/2021:09:17:02 -0500] "POST /sipse/faces/presentacion/financiero/solicitudProceso/consultarSolicitudProceso.xhtml HTTP/1.1" 200 151284
190.147.105.172 - - [21/Nov/2021:09:17:03 -0500] "GET /sipse/faces/javax.faces.resource/jquery/jquery.js?ln=primefaces&v=4.0 HTTP/1.1" 304 -
186.155.161.11 - - [21/Nov/2021:09:17:03 -0500] "POST /sipse/faces/presentacion/financiero/estudioPrevio/personalSolicitado/asociarProfesionPersonalSolicitado.xhtml HTTP/1.1" 200 21275
190.147.105.172 - - [21/Nov/2021:09:17:03 -0500] "GET /sipse/faces/javax.faces.resource/jquery/jquery-plugins.js?ln=primefaces&v=4.0 HTTP/1.1" 304 -
190.147.105.172 - - [21/Nov/2021:09:17:03 -0500] "GET /sipse/faces/javax.faces.resource/primefaces.js?ln=primefaces&v=4.0 HTTP/1.1" 304 -
190.147.105.172 - - [21/Nov/2021:09:17:03 -0500] "GET /sipse/faces/javax.faces.resource/layout/layout.js?ln=primefaces&v=4.0 HTTP/1.1" 304 -
186.30.30.67 - - [21/Nov/2021:09:16:55 -0500] "POST /sipse/faces/presentacion/financiero/solicitudBienServicio/asociarBienServicioSolicitud.xhtml HTTP/1.1" 200 25950
186.155.161.11 - - [21/Nov/2021:09:17:16 -0500] "POST /sipse/faces/presentacion/financiero/estudioPrevio/personalSolicitado/asociarProfesionPersonalSolicitado.xhtml HTTP/1.1" 200 21382
186.84.149.95 - - [21/Nov/2021:09:17:18 -0500] "POST /sipse/faces/presentacion/financiero/solicitudProyectoActividad/asociarActividadSolicitud.xhtml HTTP/1.1" 200 20044
186.84.149.95 - - [21/Nov/2021:09:17:18 -0500] "GET /sipse/faces/javax.faces.resource/theme.css?ln=primefaces-sipse HTTP/1.1" 304 -
186.84.149.95 - - [21/Nov/2021:09:17:18 -0500] "GET /sipse/faces/javax.faces.resource/primefaces.css?ln=primefaces&v=4.0 HTTP/1.1" 304 -
186.84.149.95 - - [21/Nov/2021:09:17:18 -0500] "GET /sipse/faces/javax.faces.resource/jquery/jquery.js?ln=primefaces&v=4.0 HTTP/1.1" 304 -
186.84.149.95 - - [21/Nov/2021:09:17:18 -0500] "GET /sipse/faces/javax.faces.resource/layout/layout.css?ln=primefaces&v=4.0 HTTP/1.1" 304 -
186.84.149.95 - - [21/Nov/2021:09:17:18 -0500] "GET /sipse/faces/javax.faces.resource/jquery/jquery-plugins.js?ln=primefaces&v=4.0 HTTP/1.1" 304 -
186.84.149.95 - - [21/Nov/2021:09:17:18 -0500] "GET /sipse/faces/javax.faces.resource/primefaces.js?ln=primefaces&v=4.0 HTTP/1.1" 304 -
186.84.149.95 - - [21/Nov/2021:09:17:18 -0500] "GET /sipse/faces/javax.faces.resource/layout/layout.js?ln=primefaces&v=4.0 HTTP/1.1" 304 -
186.155.161.11 - - [21/Nov/2021:09:17:19 -0500] "POST /sipse/faces/presentacion/financiero/estudioPrevio/personalSolicitado/asociarProfesionPersonalSolicitado.xhtml HTTP/1.1" 200 12323
186.155.161.11 - - [21/Nov/2021:09:17:22 -0500] "POST /sipse/faces/presentacion/financiero/estudioPrevio/personalSolicitado/asociarProfesionPersonalSolicitado.xhtml HTTP/1.1" 200 21382
190.67.210.226 - - [21/Nov/2021:09:17:24 -0500] "POST /sipse/faces/presentacion/financiero/solicitudProceso/consultarSolicitudProceso.xhtml HTTP/1.1" 200 549580
186.155.161.11 - - [21/Nov/2021:09:17:26 -0500] "POST /sipse/faces/presentacion/financiero/estudioPrevio/personalSolicitado/asociarProfesionPersonalSolicitado.xhtml HTTP/1.1" 200 21275
190.67.210.226 - - [21/Nov/2021:09:17:28 -0500] "POST /sipse/faces/presentacion/financiero/solicitudProceso/consultarSolicitudProceso.xhtml HTTP/1.1" 200 28541
186.30.30.67 - - [21/Nov/2021:09:17:14 -0500] "POST /sipse/faces/presentacion/financiero/solicitudBienServicio/asociarBienServicioSolicitud.xhtml HTTP/1.1" 200 2720
216.245.221.92 - - [21/Nov/2021:09:17:31 -0500] "HEAD / HTTP/1.1" 200 -
186.30.30.67 - - [21/Nov/2021:09:17:32 -0500] "GET /sipse/faces/javax.faces.resource/images/ui-icons_898989_256x240.png?ln=primefaces-aristo HTTP/1.1" 304 -
147.75.122.242 - - [21/Nov/2021:09:17:33 -0500] "GET /sipse/faces/javax.faces.resource/images/ui-bg_flat_0_2d5972_40x100.png?ln=primefaces-aristo HTTP/1.1" 304 -
147.75.122.242 - - [21/Nov/2021:09:17:33 -0500] "POST /sipse/faces/presentacion/financiero/solicitudProyectoActividad/asociarProyectoSolicitud.xhtml HTTP/1.1" 200 6605
186.30.30.67 - - [21/Nov/2021:09:17:35 -0500] "POST /sipse/faces/presentacion/financiero/solicitudBienServicio/asociarBienServicioSolicitud.xhtml HTTP/1.1" 200 79391
186.30.30.67 - - [21/Nov/2021:09:17:35 -0500] "GET /sipse/faces/javax.faces.resource/theme.css?ln=primefaces-sipse HTTP/1.1" 304 -
147.75.122.242 - - [21/Nov/2021:09:17:35 -0500] "POST /sipse/faces/presentacion/financiero/solicitudProceso/crearModificarSolicitudProceso.xhtml HTTP/1.1" 200 24627
147.75.122.242 - - [21/Nov/2021:09:17:35 -0500] "GET /sipse/faces/javax.faces.resource/theme.css?ln=primefaces-sipse HTTP/1.1" 304 -
147.75.122.242 - - [21/Nov/2021:09:17:35 -0500] "GET /sipse/faces/javax.faces.resource/layout/layout.js?ln=primefaces&v=4.0 HTTP/1.1" 304 -
186.30.30.67 - - [21/Nov/2021:09:17:35 -0500] "GET /sipse/faces/javax.faces.resource/primefaces.css?ln=primefaces&v=4.0 HTTP/1.1" 304 -
147.75.122.242 - - [21/Nov/2021:09:17:35 -0500] "GET /sipse/faces/javax.faces.resource/jquery/jquery-plugins.js?ln=primefaces&v=4.0 HTTP/1.1" 304 -
147.75.122.242 - - [21/Nov/2021:09:17:35 -0500] "GET /sipse/faces/javax.faces.resource/primefaces.js?ln=primefaces&v=4.0 HTTP/1.1" 304 -
147.75.122.242 - - [21/Nov/2021:09:17:35 -0500] "GET /sipse/faces/javax.faces.resource/layout/layout.css?ln=primefaces&v=4.0 HTTP/1.1" 304 -
186.30.30.67 - - [21/Nov/2021:09:17:35 -0500] "GET /sipse/faces/javax.faces.resource/layout/layout.css?ln=primefaces&v=4.0 HTTP/1.1" 304 -
186.30.30.67 - - [21/Nov/2021:09:17:35 -0500] "GET /sipse/faces/javax.faces.resource/jquery/jquery.js?ln=primefaces&v=4.0 HTTP/1.1" 304 -
147.75.122.242 - - [21/Nov/2021:09:17:35 -0500] "GET /sipse/faces/javax.faces.resource/primefaces.css?ln=primefaces&v=4.0 HTTP/1.1" 304 -
147.75.122.242 - - [21/Nov/2021:09:17:35 -0500] "GET /sipse/faces/javax.faces.resource/jquery/jquery.js?ln=primefaces&v=4.0 HTTP/1.1" 304 -
186.30.30.67 - - [21/Nov/2021:09:17:35 -0500] "GET /sipse/faces/javax.faces.resource/jquery/jquery-plugins.js?ln=primefaces&v=4.0 HTTP/1.1" 304 -
147.75.122.242 - - [21/Nov/2021:09:17:35 -0500] "GET /sipse/faces/javax.faces.resource/images/ui-icons_898989_256x240.png?ln=primefaces-aristo HTTP/1.1" 304 -
186.30.30.67 - - [21/Nov/2021:09:17:35 -0500] "GET /sipse/faces/javax.faces.resource/primefaces.js?ln=primefaces&v=4.0 HTTP/1.1" 304 -
186.30.30.67 - - [21/Nov/2021:09:17:35 -0500] "GET /sipse/faces/javax.faces.resource/layout/layout.js?ln=primefaces&v=4.0 HTTP/1.1" 304 -
190.67.210.226 - - [21/Nov/2021:09:17:36 -0500] "POST /sipse/faces/presentacion/financiero/solicitudProceso/consultarSolicitudProceso.xhtml HTTP/1.1" 200 5461
190.67.210.226 - - [21/Nov/2021:09:17:36 -0500] "GET /sipse/faces/javax.faces.resource/dynamiccontent.properties?ln=primefaces&pfdrid=XjOR5%2F%2FfPAZAuY9TpWQeCiM0BhlXxYRBGKi%2FQcXXfeA%3D&pfdrid_c=false HTTP/1.1" 200 109157
186.155.161.11 - - [21/Nov/2021:09:17:37 -0500] "POST /sipse/faces/presentacion/financiero/estudioPrevio/personalSolicitado/asociarProfesionPersonalSolicitado.xhtml HTTP/1.1" 200 21365
147.75.122.242 - - [21/Nov/2021:09:17:37 -0500] "POST /sipse/faces/presentacion/financiero/solicitudProyectoActividad/asociarProyectoSolicitud.xhtml HTTP/1.1" 200 1696
147.75.122.242 - - [21/Nov/2021:09:17:39 -0500] "POST /sipse/faces/presentacion/financiero/solicitudProyectoActividad/asociarProyectoSolicitud.xhtml HTTP/1.1" 200 74480
147.75.122.242 - - [21/Nov/2021:09:17:40 -0500] "GET /sipse/faces/javax.faces.resource/jquery/jquery.js?ln=primefaces&v=4.0 HTTP/1.1" 304 -
147.75.122.242 - - [21/Nov/2021:09:17:40 -0500] "GET /sipse/faces/javax.faces.resource/jquery/jquery-plugins.js?ln=primefaces&v=4.0 HTTP/1.1" 304 -
147.75.122.242 - - [21/Nov/2021:09:17:40 -0500] "GET /sipse/faces/javax.faces.resource/primefaces.js?ln=primefaces&v=4.0 HTTP/1.1" 304 -
147.75.122.242 - - [21/Nov/2021:09:17:40 -0500] "GET /sipse/faces/javax.faces.resource/layout/layout.js?ln=primefaces&v=4.0 HTTP/1.1" 304 -
186.113.67.59 - - [21/Nov/2021:09:17:40 -0500] "POST /sipse/faces/presentacion/financiero/solicitudProceso/listarSolicitudProceso.xhtml HTTP/1.1" 200 59031
186.113.67.59 - - [21/Nov/2021:09:17:40 -0500] "GET /sipse/faces/javax.faces.resource/theme.css?ln=primefaces-sipse HTTP/1.1" 304 -
186.113.67.59 - - [21/Nov/2021:09:17:40 -0500] "GET /sipse/faces/javax.faces.resource/primefaces.css?ln=primefaces&v=4.0 HTTP/1.1" 304 -
186.113.67.59 - - [21/Nov/2021:09:17:40 -0500] "GET /sipse/faces/javax.faces.resource/layout/layout.css?ln=primefaces&v=4.0 HTTP/1.1" 304 -
186.113.67.59 - - [21/Nov/2021:09:17:40 -0500] "GET /sipse/faces/javax.faces.resource/jquery/jquery.js?ln=primefaces&v=4.0 HTTP/1.1" 304 -
186.113.67.59 - - [21/Nov/2021:09:17:41 -0500] "GET /sipse/faces/javax.faces.resource/jquery/jquery-plugins.js?ln=primefaces&v=4.0 HTTP/1.1" 304 -
186.113.67.59 - - [21/Nov/2021:09:17:41 -0500] "GET /sipse/faces/javax.faces.resource/primefaces.js?ln=primefaces&v=4.0 HTTP/1.1" 304 -
186.113.67.59 - - [21/Nov/2021:09:17:41 -0500] "GET /sipse/faces/javax.faces.resource/layout/layout.js?ln=primefaces&v=4.0 HTTP/1.1" 304 -
186.30.30.67 - - [21/Nov/2021:09:17:42 -0500] "GET /sipse/faces/javax.faces.resource/theme.css?ln=primefaces-sipse HTTP/1.1" 304 -
186.30.30.67 - - [21/Nov/2021:09:17:42 -0500] "GET /sipse/faces/javax.faces.resource/primefaces.css?ln=primefaces&v=4.0 HTTP/1.1" 304 -
186.30.30.67 - - [21/Nov/2021:09:17:42 -0500] "GET /sipse/faces/javax.faces.resource/layout/layout.css?ln=primefaces&v=4.0 HTTP/1.1" 304 -
186.30.30.67 - - [21/Nov/2021:09:17:42 -0500] "GET /sipse/faces/javax.faces.resource/fileupload/fileupload.css?ln=primefaces&v=4.0 HTTP/1.1" 304 -
186.30.30.67 - - [21/Nov/2021:09:17:42 -0500] "GET /sipse/faces/javax.faces.resource/jquery/jquery-plugins.js?ln=primefaces&v=4.0 HTTP/1.1" 304 -
186.30.30.67 - - [21/Nov/2021:09:17:42 -0500] "GET /sipse/faces/javax.faces.resource/layout/layout.js?ln=primefaces&v=4.0 HTTP/1.1" 304 -
186.30.30.67 - - [21/Nov/2021:09:17:42 -0500] "GET /sipse/faces/javax.faces.resource/jquery/jquery.js?ln=primefaces&v=4.0 HTTP/1.1" 304 -
186.30.30.67 - - [21/Nov/2021:09:17:42 -0500] "GET /sipse/faces/javax.faces.resource/primefaces.js?ln=primefaces&v=4.0 HTTP/1.1" 304 -
186.30.30.67 - - [21/Nov/2021:09:17:42 -0500] "POST /sipse/faces/presentacion/financiero/solicitudProceso/crearModificarSolicitudProceso.xhtml HTTP/1.1" 200 22292
186.30.30.67 - - [21/Nov/2021:09:17:42 -0500] "GET /sipse/faces/javax.faces.resource/fileupload/fileupload.js?ln=primefaces&v=4.0 HTTP/1.1" 304 -
186.113.67.59 - - [21/Nov/2021:09:17:48 -0500] "POST /sipse/faces/presentacion/financiero/solicitudProceso/crearModificarSolicitudProceso.xhtml HTTP/1.1" 200 51776
186.30.30.67 - - [21/Nov/2021:09:17:49 -0500] "GET /sipse/faces/javax.faces.resource/primefaces.css?ln=primefaces&v=4.0 HTTP/1.1" 304 -
186.30.30.67 - - [21/Nov/2021:09:17:49 -0500] "GET /sipse/faces/javax.faces.resource/jquery/jquery.js?ln=primefaces&v=4.0 HTTP/1.1" 304 -
186.30.30.67 - - [21/Nov/2021:09:17:49 -0500] "GET /sipse/faces/javax.faces.resource/jquery/jquery-plugins.js?ln=primefaces&v=4.0 HTTP/1.1" 304 -
186.30.30.67 - - [21/Nov/2021:09:17:49 -0500] "GET /sipse/faces/javax.faces.resource/layout/layout.css?ln=primefaces&v=4.0 HTTP/1.1" 304 -
186.30.30.67 - - [21/Nov/2021:09:17:49 -0500] "GET /sipse/faces/javax.faces.resource/theme.css?ln=primefaces-sipse HTTP/1.1" 304 -
186.30.30.67 - - [21/Nov/2021:09:17:49 -0500] "GET /sipse/faces/javax.faces.resource/primefaces.js?ln=primefaces&v=4.0 HTTP/1.1" 304 -
186.30.30.67 - - [21/Nov/2021:09:17:49 -0500] "GET /sipse/faces/javax.faces.resource/layout/layout.js?ln=primefaces&v=4.0 HTTP/1.1" 304 -
186.30.30.67 - - [21/Nov/2021:09:17:48 -0500] "POST /sipse/faces/presentacion/sistema/anexos/cargarAnexoSolicitudProceso.xhtml HTTP/1.1" 200 85377
186.155.161.11 - - [21/Nov/2021:09:17:49 -0500] "POST /sipse/faces/presentacion/financiero/estudioPrevio/personalSolicitado/asociarProfesionPersonalSolicitado.xhtml HTTP/1.1" 200 4320
186.30.30.67 - - [21/Nov/2021:09:17:52 -0500] "POST /sipse/faces/presentacion/financiero/solicitudProceso/crearModificarSolicitudProceso.xhtml HTTP/1.1" 200 62894
186.30.30.67 - - [21/Nov/2021:09:17:55 -0500] "GET /sipse/faces/javax.faces.resource/primefaces.css?ln=primefaces&v=4.0 HTTP/1.1" 304 -
186.30.30.67 - - [21/Nov/2021:09:17:55 -0500] "GET /sipse/faces/javax.faces.resource/layout/layout.css?ln=primefaces&v=4.0 HTTP/1.1" 304 -
186.30.30.67 - - [21/Nov/2021:09:17:55 -0500] "GET /sipse/faces/javax.faces.resource/theme.css?ln=primefaces-sipse HTTP/1.1" 304 -
186.30.30.67 - - [21/Nov/2021:09:17:55 -0500] "GET /sipse/faces/javax.faces.resource/jquery/jquery.js?ln=primefaces&v=4.0 HTTP/1.1" 304 -
186.30.30.67 - - [21/Nov/2021:09:17:55 -0500] "GET /sipse/faces/javax.faces.resource/jquery/jquery-plugins.js?ln=primefaces&v=4.0 HTTP/1.1" 304 -
186.30.30.67 - - [21/Nov/2021:09:17:55 -0500] "GET /sipse/faces/javax.faces.resource/primefaces.js?ln=primefaces&v=4.0 HTTP/1.1" 304 -
186.30.30.67 - - [21/Nov/2021:09:17:55 -0500] "GET /sipse/faces/javax.faces.resource/layout/layout.js?ln=primefaces&v=4.0 HTTP/1.1" 304 -
186.30.30.67 - - [21/Nov/2021:09:17:56 -0500] "POST /sipse/faces/presentacion/financiero/solicitudProceso/listarSolicitudProceso.xhtml HTTP/1.1" 200 1452
147.75.122.242 - - [21/Nov/2021:09:17:57 -0500] "POST /sipse/faces/presentacion/financiero/solicitudProyectoActividad/asociarActividadSolicitud.xhtml HTTP/1.1" 200 20068
147.75.122.242 - - [21/Nov/2021:09:17:57 -0500] "GET /sipse/faces/javax.faces.resource/jquery/jquery.js?ln=primefaces&v=4.0 HTTP/1.1" 304 -
147.75.122.242 - - [21/Nov/2021:09:17:57 -0500] "GET /sipse/faces/javax.faces.resource/jquery/jquery-plugins.js?ln=primefaces&v=4.0 HTTP/1.1" 304 -
147.75.122.242 - - [21/Nov/2021:09:17:57 -0500] "GET /sipse/faces/javax.faces.resource/primefaces.js?ln=primefaces&v=4.0 HTTP/1.1" 304 -
147.75.122.242 - - [21/Nov/2021:09:17:57 -0500] "GET /sipse/faces/javax.faces.resource/layout/layout.js?ln=primefaces&v=4.0 HTTP/1.1" 304 -
186.84.149.95 - - [21/Nov/2021:09:17:57 -0500] "GET /sipse/faces/javax.faces.resource/theme.css?ln=primefaces-sipse HTTP/1.1" 304 -
186.84.149.95 - - [21/Nov/2021:09:17:58 -0500] "GET /sipse/faces/javax.faces.resource/jquery/jquery-plugins.js?ln=primefaces&v=4.0 HTTP/1.1" 304 -
186.84.149.95 - - [21/Nov/2021:09:17:58 -0500] "GET /sipse/faces/javax.faces.resource/layout/layout.css?ln=primefaces&v=4.0 HTTP/1.1" 304 -
186.84.149.95 - - [21/Nov/2021:09:17:58 -0500] "GET /sipse/faces/javax.faces.resource/jquery/jquery.js?ln=primefaces&v=4.0 HTTP/1.1" 304 -
186.84.149.95 - - [21/Nov/2021:09:17:58 -0500] "GET /sipse/faces/javax.faces.resource/primefaces.css?ln=primefaces&v=4.0 HTTP/1.1" 304 -
186.84.149.95 - - [21/Nov/2021:09:17:58 -0500] "GET /sipse/faces/javax.faces.resource/primefaces.js?ln=primefaces&v=4.0 HTTP/1.1" 304 -
186.84.149.95 - - [21/Nov/2021:09:17:58 -0500] "GET /sipse/faces/javax.faces.resource/layout/layout.js?ln=primefaces&v=4.0 HTTP/1.1" 304 -
186.84.149.95 - - [21/Nov/2021:09:17:57 -0500] "POST /sipse/faces/presentacion/financiero/solicitudProyectoActividad/asociarFuentesSolicitud.xhtml HTTP/1.1" 200 82261
186.84.149.95 - - [21/Nov/2021:09:17:58 -0500] "GET /sipse/css/imagen/contrasena.png HTTP/1.1" 404 383
186.84.149.95 - - [21/Nov/2021:09:17:58 -0500] "GET /sipse/faces/javax.faces.resource/images/ui-icons_898989_256x240.png?ln=primefaces-aristo HTTP/1.1" 304 -
186.30.30.67 - - [21/Nov/2021:09:17:59 -0500] "POST /sipse/faces/presentacion/financiero/solicitudProceso/listarSolicitudProceso.xhtml HTTP/1.1" 200 32255
186.155.161.11 - - [21/Nov/2021:09:18:06 -0500] "POST /sipse/faces/presentacion/financiero/estudioPrevio/personalSolicitado/asociarProfesionPersonalSolicitado.xhtml HTTP/1.1" 200 21227
186.155.161.11 - - [21/Nov/2021:09:18:06 -0500] "POST /sipse/faces/presentacion/financiero/estudioPrevio/personalSolicitado/asociarProfesionPersonalSolicitado.xhtml HTTP/1.1" 200 21231
186.155.161.11 - - [21/Nov/2021:09:18:10 -0500] "POST /sipse/faces/presentacion/financiero/estudioPrevio/personalSolicitado/asociarProfesionPersonalSolicitado.xhtml HTTP/1.1" 200 21312
186.155.161.11 - - [21/Nov/2021:09:18:14 -0500] "POST /sipse/faces/presentacion/financiero/estudioPrevio/personalSolicitado/asociarProfesionPersonalSolicitado.xhtml HTTP/1.1" 200 21471
186.155.161.11 - - [21/Nov/2021:09:18:16 -0500] "POST /sipse/faces/presentacion/financiero/estudioPrevio/personalSolicitado/asociarProfesionPersonalSolicitado.xhtml HTTP/1.1" 200 21361
186.155.161.11 - - [21/Nov/2021:09:18:21 -0500] "POST /sipse/faces/presentacion/financiero/estudioPrevio/personalSolicitado/asociarProfesionPersonalSolicitado.xhtml HTTP/1.1" 200 21271
147.75.122.242 - - [21/Nov/2021:09:18:23 -0500] "POST /sipse/faces/presentacion/financiero/solicitudProyectoActividad/asociarFuentesSolicitud.xhtml HTTP/1.1" 200 82242
147.75.122.242 - - [21/Nov/2021:09:18:23 -0500] "GET /sipse/faces/javax.faces.resource/theme.css?ln=primefaces-sipse HTTP/1.1" 304 -
147.75.122.242 - - [21/Nov/2021:09:18:23 -0500] "GET /sipse/faces/javax.faces.resource/primefaces.css?ln=primefaces&v=4.0 HTTP/1.1" 304 -
147.75.122.242 - - [21/Nov/2021:09:18:23 -0500] "GET /sipse/faces/javax.faces.resource/jquery/jquery-plugins.js?ln=primefaces&v=4.0 HTTP/1.1" 304 -
147.75.122.242 - - [21/Nov/2021:09:18:23 -0500] "GET /sipse/faces/javax.faces.resource/layout/layout.css?ln=primefaces&v=4.0 HTTP/1.1" 304 -
147.75.122.242 - - [21/Nov/2021:09:18:23 -0500] "GET /sipse/faces/javax.faces.resource/jquery/jquery.js?ln=primefaces&v=4.0 HTTP/1.1" 304 -
147.75.122.242 - - [21/Nov/2021:09:18:23 -0500] "GET /sipse/faces/javax.faces.resource/primefaces.js?ln=primefaces&v=4.0 HTTP/1.1" 304 -
147.75.122.242 - - [21/Nov/2021:09:18:24 -0500] "GET /sipse/faces/javax.faces.resource/layout/layout.js?ln=primefaces&v=4.0 HTTP/1.1" 304 -
147.75.122.242 - - [21/Nov/2021:09:18:24 -0500] "GET /sipse/faces/javax.faces.resource/images/ui-icons_898989_256x240.png?ln=primefaces-aristo HTTP/1.1" 304 -
147.75.122.242 - - [21/Nov/2021:09:18:25 -0500] "GET /sipse/faces/javax.faces.resource/images/ui-bg_flat_0_2d5972_40x100.png?ln=primefaces-aristo HTTP/1.1" 304 -
147.75.122.242 - - [21/Nov/2021:09:18:25 -0500] "POST /sipse/faces/presentacion/financiero/solicitudProyectoActividad/asociarProyectoSolicitud.xhtml HTTP/1.1" 200 6620
147.75.122.242 - - [21/Nov/2021:09:18:25 -0500] "GET /sipse/faces/javax.faces.resource/messages/messages.png?ln=primefaces&v=4.0 HTTP/1.1" 304 -
186.113.67.59 - - [21/Nov/2021:09:18:37 -0500] "POST /sipse/faces/presentacion/financiero/solicitudProceso/crearModificarSolicitudProceso.xhtml HTTP/1.1" 200 25137
186.84.149.95 - - [21/Nov/2021:09:18:14 -0500] "POST /sipse/faces/presentacion/financiero/solicitudProceso/crearModificarSolicitudProceso.xhtml HTTP/1.1" 200 45555
186.84.149.95 - - [21/Nov/2021:09:18:39 -0500] "GET /sipse/faces/javax.faces.resource/theme.css?ln=primefaces-sipse HTTP/1.1" 304 -
186.84.149.95 - - [21/Nov/2021:09:18:39 -0500] "GET /sipse/faces/javax.faces.resource/primefaces.css?ln=primefaces&v=4.0 HTTP/1.1" 304 -
186.84.149.95 - - [21/Nov/2021:09:18:39 -0500] "GET /sipse/faces/javax.faces.resource/layout/layout.css?ln=primefaces&v=4.0 HTTP/1.1" 304 -
186.84.149.95 - - [21/Nov/2021:09:18:39 -0500] "GET /sipse/faces/javax.faces.resource/jquery/jquery.js?ln=primefaces&v=4.0 HTTP/1.1" 304 -
186.84.149.95 - - [21/Nov/2021:09:18:39 -0500] "GET /sipse/faces/javax.faces.resource/jquery/jquery-plugins.js?ln=primefaces&v=4.0 HTTP/1.1" 304 -
186.84.149.95 - - [21/Nov/2021:09:18:39 -0500] "GET /sipse/faces/javax.faces.resource/primefaces.js?ln=primefaces&v=4.0 HTTP/1.1" 304 -
186.84.149.95 - - [21/Nov/2021:09:18:39 -0500] "GET /sipse/faces/javax.faces.resource/layout/layout.js?ln=primefaces&v=4.0 HTTP/1.1" 304 -
186.84.149.95 - - [21/Nov/2021:09:18:39 -0500] "GET /sipse/faces/javax.faces.resource/images/ui-icons_898989_256x240.png?ln=primefaces-aristo HTTP/1.1" 304 -
186.155.161.11 - - [21/Nov/2021:09:18:41 -0500] "POST /sipse/faces/presentacion/financiero/estudioPrevio/personalSolicitado/asociarProfesionPersonalSolicitado.xhtml HTTP/1.1" 200 21454
186.30.30.67 - - [21/Nov/2021:09:18:42 -0500] "POST /sipse/faces/presentacion/financiero/solicitudProceso/listarSolicitudProceso.xhtml HTTP/1.1" 200 60206
186.30.30.67 - - [21/Nov/2021:09:18:42 -0500] "GET /sipse/faces/javax.faces.resource/theme.css?ln=primefaces-sipse HTTP/1.1" 304 -
186.30.30.67 - - [21/Nov/2021:09:18:42 -0500] "GET /sipse/faces/javax.faces.resource/primefaces.css?ln=primefaces&v=4.0 HTTP/1.1" 304 -
186.30.30.67 - - [21/Nov/2021:09:18:42 -0500] "GET /sipse/faces/javax.faces.resource/layout/layout.css?ln=primefaces&v=4.0 HTTP/1.1" 304 -
186.30.30.67 - - [21/Nov/2021:09:18:42 -0500] "GET /sipse/faces/javax.faces.resource/jquery/jquery.js?ln=primefaces&v=4.0 HTTP/1.1" 304 -
186.30.30.67 - - [21/Nov/2021:09:18:42 -0500] "GET /sipse/faces/javax.faces.resource/jquery/jquery-plugins.js?ln=primefaces&v=4.0 HTTP/1.1" 304 -
186.30.30.67 - - [21/Nov/2021:09:18:42 -0500] "GET /sipse/faces/javax.faces.resource/primefaces.js?ln=primefaces&v=4.0 HTTP/1.1" 304 -
186.30.30.67 - - [21/Nov/2021:09:18:42 -0500] "GET /sipse/faces/javax.faces.resource/layout/layout.js?ln=primefaces&v=4.0 HTTP/1.1" 304 -
186.30.30.67 - - [21/Nov/2021:09:18:43 -0500] "GET /sipse/faces/javax.faces.resource/images/ui-icons_898989_256x240.png?ln=primefaces-aristo HTTP/1.1" 304 -
186.30.30.67 - - [21/Nov/2021:09:18:45 -0500] "GET /sipse/faces/javax.faces.resource/images/ui-bg_flat_0_2d5972_40x100.png?ln=primefaces-aristo HTTP/1.1" 304 -
186.30.30.67 - - [21/Nov/2021:09:18:45 -0500] "POST /sipse/faces/presentacion/financiero/solicitudProceso/crearModificarSolicitudProceso.xhtml HTTP/1.1" 200 51776
186.84.149.95 - - [21/Nov/2021:09:18:46 -0500] "GET /sipse/faces/javax.faces.resource/images/ui-bg_flat_0_2d5972_40x100.png?ln=primefaces-aristo HTTP/1.1" 304 -
186.30.30.67 - - [21/Nov/2021:09:18:50 -0500] "POST /sipse/faces/presentacion/financiero/solicitudProceso/crearModificarSolicitudProceso.xhtml HTTP/1.1" 200 25137
186.80.52.82 - - [21/Nov/2021:09:18:51 -0500] "GET /sipse/faces/javax.faces.resource/theme.css?ln=primefaces-sipse HTTP/1.1" 304 -
186.80.52.82 - - [21/Nov/2021:09:18:51 -0500] "GET /sipse/faces/javax.faces.resource/jquery/jquery.js?ln=primefaces&v=4.0 HTTP/1.1" 304 -
186.80.52.82 - - [21/Nov/2021:09:18:51 -0500] "GET /sipse/faces/javax.faces.resource/primefaces.css?ln=primefaces&v=4.0 HTTP/1.1" 304 -
186.80.52.82 - - [21/Nov/2021:09:18:51 -0500] "GET /sipse/faces/javax.faces.resource/layout/layout.css?ln=primefaces&v=4.0 HTTP/1.1" 304 -
186.80.52.82 - - [21/Nov/2021:09:18:51 -0500] "GET /sipse/faces/javax.faces.resource/jquery/jquery-plugins.js?ln=primefaces&v=4.0 HTTP/1.1" 304 -
186.80.52.82 - - [21/Nov/2021:09:18:51 -0500] "GET /sipse/faces/javax.faces.resource/primefaces.js?ln=primefaces&v=4.0 HTTP/1.1" 304 -
