186.84.149.95 - - [28/Nov/2021:00:28:18 -0500] "GET /sipse/faces/javax.faces.resource/fileupload/fileupload.css?ln=primefaces&v=4.0 HTTP/1.1" 304 -
186.84.149.95 - - [28/Nov/2021:00:28:18 -0500] "GET /sipse/faces/javax.faces.resource/jquery/jquery.js?ln=primefaces&v=4.0 HTTP/1.1" 304 -
186.84.149.95 - - [28/Nov/2021:00:28:18 -0500] "GET /sipse/faces/javax.faces.resource/jquery/jquery-plugins.js?ln=primefaces&v=4.0 HTTP/1.1" 304 -
186.84.149.95 - - [28/Nov/2021:00:28:19 -0500] "GET /sipse/faces/javax.faces.resource/primefaces.js?ln=primefaces&v=4.0 HTTP/1.1" 304 -
186.84.149.95 - - [28/Nov/2021:00:28:19 -0500] "GET /sipse/faces/javax.faces.resource/layout/layout.js?ln=primefaces&v=4.0 HTTP/1.1" 304 -
186.84.149.95 - - [28/Nov/2021:00:28:19 -0500] "GET /sipse/faces/javax.faces.resource/fileupload/fileupload.js?ln=primefaces&v=4.0 HTTP/1.1" 304 -
186.84.149.95 - - [28/Nov/2021:00:28:45 -0500] "POST /sipse/faces/presentacion/financiero/solicitudAnulacion/registrarSolicitudAnulacion.xhtml HTTP/1.1" 200 3421
186.84.149.95 - - [28/Nov/2021:00:29:07 -0500] "POST /sipse/faces/presentacion/financiero/solicitudAnulacion/registrarSolicitudAnulacion.xhtml HTTP/1.1" 200 3076
221.6.38.170 - - [28/Nov/2021:00:29:31 -0500] "GET / HTTP/1.1" 200 319
186.84.149.95 - - [28/Nov/2021:00:30:08 -0500] "POST /sipse/faces/presentacion/financiero/solicitudAnulacion/registrarSolicitudAnulacion.xhtml HTTP/1.1" 200 37592
186.84.149.95 - - [28/Nov/2021:00:30:08 -0500] "GET /sipse/faces/javax.faces.resource/theme.css?ln=primefaces-sipse HTTP/1.1" 304 -
186.84.149.95 - - [28/Nov/2021:00:30:09 -0500] "GET /sipse/faces/javax.faces.resource/layout/layout.css?ln=primefaces&v=4.0 HTTP/1.1" 304 -
186.84.149.95 - - [28/Nov/2021:00:30:09 -0500] "GET /sipse/faces/javax.faces.resource/primefaces.css?ln=primefaces&v=4.0 HTTP/1.1" 304 -
186.84.149.95 - - [28/Nov/2021:00:30:09 -0500] "GET /sipse/faces/javax.faces.resource/jquery/jquery.js?ln=primefaces&v=4.0 HTTP/1.1" 304 -
186.84.149.95 - - [28/Nov/2021:00:30:09 -0500] "GET /sipse/faces/javax.faces.resource/jquery/jquery-plugins.js?ln=primefaces&v=4.0 HTTP/1.1" 304 -
186.84.149.95 - - [28/Nov/2021:00:30:09 -0500] "GET /sipse/faces/javax.faces.resource/primefaces.js?ln=primefaces&v=4.0 HTTP/1.1" 304 -
186.84.149.95 - - [28/Nov/2021:00:30:09 -0500] "GET /sipse/faces/javax.faces.resource/layout/layout.js?ln=primefaces&v=4.0 HTTP/1.1" 304 -
186.84.149.95 - - [28/Nov/2021:00:30:09 -0500] "POST /sipse/faces/presentacion/financiero/solicitudAnulacion/solicitudAnulacion.xhtml HTTP/1.1" 200 12482
216.245.221.92 - - [28/Nov/2021:00:30:12 -0500] "HEAD / HTTP/1.1" 200 -
186.84.149.95 - - [28/Nov/2021:00:30:19 -0500] "POST /sipse/faces/presentacion/financiero/solicitudAnulacion/solicitudAnulacion.xhtml HTTP/1.1" 200 52326
186.84.149.95 - - [28/Nov/2021:00:30:19 -0500] "GET /sipse/faces/javax.faces.resource/theme.css?ln=primefaces-sipse HTTP/1.1" 304 -
186.84.149.95 - - [28/Nov/2021:00:30:19 -0500] "GET /sipse/faces/javax.faces.resource/layout/layout.css?ln=primefaces&v=4.0 HTTP/1.1" 304 -
186.84.149.95 - - [28/Nov/2021:00:30:19 -0500] "GET /sipse/faces/javax.faces.resource/primefaces.css?ln=primefaces&v=4.0 HTTP/1.1" 304 -
186.84.149.95 - - [28/Nov/2021:00:30:19 -0500] "GET /sipse/faces/javax.faces.resource/fileupload/fileupload.css?ln=primefaces&v=4.0 HTTP/1.1" 304 -
186.84.149.95 - - [28/Nov/2021:00:30:19 -0500] "GET /sipse/faces/javax.faces.resource/jquery/jquery.js?ln=primefaces&v=4.0 HTTP/1.1" 304 -
186.84.149.95 - - [28/Nov/2021:00:30:19 -0500] "GET /sipse/faces/javax.faces.resource/jquery/jquery-plugins.js?ln=primefaces&v=4.0 HTTP/1.1" 304 -
186.84.149.95 - - [28/Nov/2021:00:30:19 -0500] "GET /sipse/faces/javax.faces.resource/primefaces.js?ln=primefaces&v=4.0 HTTP/1.1" 304 -
186.84.149.95 - - [28/Nov/2021:00:30:19 -0500] "GET /sipse/faces/javax.faces.resource/layout/layout.js?ln=primefaces&v=4.0 HTTP/1.1" 304 -
186.84.149.95 - - [28/Nov/2021:00:30:19 -0500] "GET /sipse/faces/javax.faces.resource/fileupload/fileupload.js?ln=primefaces&v=4.0 HTTP/1.1" 304 -
186.84.149.95 - - [28/Nov/2021:00:30:56 -0500] "POST /sipse/faces/presentacion/financiero/solicitudAnulacion/registrarSolicitudAnulacion.xhtml HTTP/1.1" 200 3068
186.84.149.95 - - [28/Nov/2021:00:31:17 -0500] "POST /sipse/faces/presentacion/financiero/solicitudAnulacion/registrarSolicitudAnulacion.xhtml HTTP/1.1" 200 35719
186.84.149.95 - - [28/Nov/2021:00:31:19 -0500] "GET /sipse/faces/javax.faces.resource/theme.css?ln=primefaces-sipse HTTP/1.1" 304 -
186.84.149.95 - - [28/Nov/2021:00:31:19 -0500] "GET /sipse/faces/javax.faces.resource/primefaces.css?ln=primefaces&v=4.0 HTTP/1.1" 304 -
186.84.149.95 - - [28/Nov/2021:00:31:19 -0500] "GET /sipse/faces/javax.faces.resource/layout/layout.css?ln=primefaces&v=4.0 HTTP/1.1" 304 -
186.84.149.95 - - [28/Nov/2021:00:31:19 -0500] "GET /sipse/faces/javax.faces.resource/jquery/jquery.js?ln=primefaces&v=4.0 HTTP/1.1" 304 -
186.84.149.95 - - [28/Nov/2021:00:31:19 -0500] "GET /sipse/faces/javax.faces.resource/jquery/jquery-plugins.js?ln=primefaces&v=4.0 HTTP/1.1" 304 -
186.84.149.95 - - [28/Nov/2021:00:31:19 -0500] "GET /sipse/faces/javax.faces.resource/primefaces.js?ln=primefaces&v=4.0 HTTP/1.1" 304 -
186.84.149.95 - - [28/Nov/2021:00:31:19 -0500] "GET /sipse/faces/javax.faces.resource/layout/layout.js?ln=primefaces&v=4.0 HTTP/1.1" 304 -
186.84.149.95 - - [28/Nov/2021:00:31:20 -0500] "GET /sipse/faces/javax.faces.resource/messages/messages.png?ln=primefaces&v=4.0 HTTP/1.1" 304 -
186.84.149.95 - - [28/Nov/2021:00:31:20 -0500] "GET /sipse/faces/javax.faces.resource/images/ui-icons_898989_256x240.png?ln=primefaces-aristo HTTP/1.1" 304 -
186.84.149.95 - - [28/Nov/2021:00:31:20 -0500] "GET /sipse/faces/javax.faces.resource/images/ui-bg_flat_0_2d5972_40x100.png?ln=primefaces-aristo HTTP/1.1" 304 -
186.84.149.95 - - [28/Nov/2021:00:31:20 -0500] "POST /sipse/faces/presentacion/financiero/solicitudAnulacion/solicitudAnulacion.xhtml HTTP/1.1" 200 12482
186.84.149.95 - - [28/Nov/2021:00:31:33 -0500] "POST /sipse/faces/presentacion/financiero/solicitudAnulacion/solicitudAnulacion.xhtml HTTP/1.1" 200 49908
186.84.149.95 - - [28/Nov/2021:00:31:33 -0500] "GET /sipse/faces/javax.faces.resource/theme.css?ln=primefaces-sipse HTTP/1.1" 304 -
186.84.149.95 - - [28/Nov/2021:00:31:33 -0500] "GET /sipse/faces/javax.faces.resource/primefaces.css?ln=primefaces&v=4.0 HTTP/1.1" 304 -
186.84.149.95 - - [28/Nov/2021:00:31:33 -0500] "GET /sipse/faces/javax.faces.resource/fileupload/fileupload.css?ln=primefaces&v=4.0 HTTP/1.1" 304 -
186.84.149.95 - - [28/Nov/2021:00:31:33 -0500] "GET /sipse/faces/javax.faces.resource/layout/layout.css?ln=primefaces&v=4.0 HTTP/1.1" 304 -
186.84.149.95 - - [28/Nov/2021:00:31:33 -0500] "GET /sipse/faces/javax.faces.resource/jquery/jquery.js?ln=primefaces&v=4.0 HTTP/1.1" 304 -
186.84.149.95 - - [28/Nov/2021:00:31:33 -0500] "GET /sipse/faces/javax.faces.resource/jquery/jquery-plugins.js?ln=primefaces&v=4.0 HTTP/1.1" 304 -
186.84.149.95 - - [28/Nov/2021:00:31:33 -0500] "GET /sipse/faces/javax.faces.resource/primefaces.js?ln=primefaces&v=4.0 HTTP/1.1" 304 -
186.84.149.95 - - [28/Nov/2021:00:31:33 -0500] "GET /sipse/faces/javax.faces.resource/layout/layout.js?ln=primefaces&v=4.0 HTTP/1.1" 304 -
186.84.149.95 - - [28/Nov/2021:00:31:33 -0500] "GET /sipse/faces/javax.faces.resource/fileupload/fileupload.js?ln=primefaces&v=4.0 HTTP/1.1" 304 -
186.84.149.95 - - [28/Nov/2021:00:31:44 -0500] "POST /sipse/faces/presentacion/financiero/solicitudAnulacion/registrarSolicitudAnulacion.xhtml HTTP/1.1" 200 37592
186.84.149.95 - - [28/Nov/2021:00:31:45 -0500] "GET /sipse/faces/javax.faces.resource/theme.css?ln=primefaces-sipse HTTP/1.1" 304 -
186.84.149.95 - - [28/Nov/2021:00:31:45 -0500] "GET /sipse/faces/javax.faces.resource/primefaces.css?ln=primefaces&v=4.0 HTTP/1.1" 304 -
186.84.149.95 - - [28/Nov/2021:00:31:45 -0500] "GET /sipse/faces/javax.faces.resource/layout/layout.css?ln=primefaces&v=4.0 HTTP/1.1" 304 -
186.84.149.95 - - [28/Nov/2021:00:31:45 -0500] "GET /sipse/faces/javax.faces.resource/jquery/jquery.js?ln=primefaces&v=4.0 HTTP/1.1" 304 -
186.84.149.95 - - [28/Nov/2021:00:31:45 -0500] "GET /sipse/faces/javax.faces.resource/jquery/jquery-plugins.js?ln=primefaces&v=4.0 HTTP/1.1" 304 -
186.84.149.95 - - [28/Nov/2021:00:31:45 -0500] "GET /sipse/faces/javax.faces.resource/primefaces.js?ln=primefaces&v=4.0 HTTP/1.1" 304 -
186.84.149.95 - - [28/Nov/2021:00:31:45 -0500] "GET /sipse/faces/javax.faces.resource/layout/layout.js?ln=primefaces&v=4.0 HTTP/1.1" 304 -
186.84.149.95 - - [28/Nov/2021:00:31:45 -0500] "POST /sipse/faces/presentacion/financiero/solicitudAnulacion/solicitudAnulacion.xhtml HTTP/1.1" 200 12482
186.84.149.95 - - [28/Nov/2021:00:31:52 -0500] "POST /sipse/faces/presentacion/financiero/solicitudAnulacion/solicitudAnulacion.xhtml HTTP/1.1" 200 49908
186.84.149.95 - - [28/Nov/2021:00:31:53 -0500] "GET /sipse/faces/javax.faces.resource/layout/layout.css?ln=primefaces&v=4.0 HTTP/1.1" 304 -
186.84.149.95 - - [28/Nov/2021:00:31:53 -0500] "GET /sipse/faces/javax.faces.resource/primefaces.css?ln=primefaces&v=4.0 HTTP/1.1" 304 -
186.84.149.95 - - [28/Nov/2021:00:31:53 -0500] "GET /sipse/faces/javax.faces.resource/theme.css?ln=primefaces-sipse HTTP/1.1" 304 -
186.84.149.95 - - [28/Nov/2021:00:31:53 -0500] "GET /sipse/faces/javax.faces.resource/fileupload/fileupload.css?ln=primefaces&v=4.0 HTTP/1.1" 304 -
186.84.149.95 - - [28/Nov/2021:00:31:53 -0500] "GET /sipse/faces/javax.faces.resource/jquery/jquery.js?ln=primefaces&v=4.0 HTTP/1.1" 304 -
186.84.149.95 - - [28/Nov/2021:00:31:53 -0500] "GET /sipse/faces/javax.faces.resource/jquery/jquery-plugins.js?ln=primefaces&v=4.0 HTTP/1.1" 304 -
186.84.149.95 - - [28/Nov/2021:00:31:53 -0500] "GET /sipse/faces/javax.faces.resource/primefaces.js?ln=primefaces&v=4.0 HTTP/1.1" 304 -
186.84.149.95 - - [28/Nov/2021:00:31:53 -0500] "GET /sipse/faces/javax.faces.resource/layout/layout.js?ln=primefaces&v=4.0 HTTP/1.1" 304 -
186.84.149.95 - - [28/Nov/2021:00:31:53 -0500] "GET /sipse/faces/javax.faces.resource/fileupload/fileupload.js?ln=primefaces&v=4.0 HTTP/1.1" 304 -
201.245.192.253 - - [28/Nov/2021:00:32:39 -0500] "POST /kwsrmcab/Wsrmcab HTTP/1.1" 200 42408
201.245.192.253 - - [28/Nov/2021:00:33:23 -0500] "POST /kwsrmcab/Wsrmcab HTTP/1.1" 200 44360
40.77.189.230 - - [28/Nov/2021:00:34:32 -0500] "GET /sipse/faces/index.xhtml HTTP/1.1" 200 677
201.245.192.253 - - [28/Nov/2021:00:34:16 -0500] "POST /kwsrmcab/Wsrmcab HTTP/1.1" 200 112644
216.245.221.92 - - [28/Nov/2021:00:35:12 -0500] "HEAD / HTTP/1.1" 200 -
157.55.39.61 - - [28/Nov/2021:00:37:49 -0500] "GET /sipse/faces/presentacion/financiero/solicitudProceso/consultarHistorialSolProceso.xhtml HTTP/1.1" 302 -
157.55.39.61 - - [28/Nov/2021:00:37:51 -0500] "GET /sipse/faces/autenticacion.xhtml HTTP/1.1" 200 12175
216.245.221.92 - - [28/Nov/2021:00:40:12 -0500] "HEAD / HTTP/1.1" 200 -
199.16.157.183 - - [28/Nov/2021:00:41:54 -0500] "GET /images/fachada-secretaria-ambiente-15-octubre.jpg HTTP/1.1" 200 148853
192.133.77.18 - - [28/Nov/2021:00:41:54 -0500] "GET /images/fachada-secretaria-ambiente-15-octubre.jpg HTTP/1.1" 200 148853
199.16.157.182 - - [28/Nov/2021:00:41:55 -0500] "GET /cerca-de-40-personas-fueron-certificadas-en-proceso-de-formacion-dinamizadores-ambientales-para-el-turismo-en-bogota.html HTTP/1.1" 200 1071
199.16.157.181 - - [28/Nov/2021:00:41:55 -0500] "GET /images/dinamizadores-ambientales-capacitaciones-7-octubre.jpg HTTP/1.1" 200 82767
95.108.213.11 - - [28/Nov/2021:00:42:15 -0500] "-" 408 -
66.249.79.236 - - [28/Nov/2021:00:42:41 -0500] "-" 408 -
201.245.192.253 - - [28/Nov/2021:00:42:38 -0500] "POST /kwsrmcab/Wsrmcab HTTP/1.1" 200 42408
201.245.192.253 - - [28/Nov/2021:00:43:25 -0500] "POST /kwsrmcab/Wsrmcab HTTP/1.1" 200 44360
201.245.192.253 - - [28/Nov/2021:00:44:15 -0500] "POST /kwsrmcab/Wsrmcab HTTP/1.1" 200 112644
216.245.221.92 - - [28/Nov/2021:00:45:12 -0500] "HEAD / HTTP/1.1" 200 -
186.84.149.95 - - [28/Nov/2021:00:45:56 -0500] "POST /sipse/faces/presentacion/financiero/solicitudAnulacion/registrarSolicitudAnulacion.xhtml HTTP/1.1" 200 33093
186.84.149.95 - - [28/Nov/2021:00:45:56 -0500] "GET /sipse/faces/javax.faces.resource/theme.css?ln=primefaces-sipse HTTP/1.1" 304 -
186.84.149.95 - - [28/Nov/2021:00:45:56 -0500] "GET /sipse/faces/javax.faces.resource/primefaces.css?ln=primefaces&v=4.0 HTTP/1.1" 304 -
186.84.149.95 - - [28/Nov/2021:00:45:56 -0500] "GET /sipse/faces/javax.faces.resource/layout/layout.css?ln=primefaces&v=4.0 HTTP/1.1" 304 -
186.84.149.95 - - [28/Nov/2021:00:45:56 -0500] "GET /sipse/faces/javax.faces.resource/jquery/jquery.js?ln=primefaces&v=4.0 HTTP/1.1" 304 -
186.84.149.95 - - [28/Nov/2021:00:45:56 -0500] "GET /sipse/faces/javax.faces.resource/jquery/jquery-plugins.js?ln=primefaces&v=4.0 HTTP/1.1" 304 -
186.84.149.95 - - [28/Nov/2021:00:45:56 -0500] "GET /sipse/faces/javax.faces.resource/primefaces.js?ln=primefaces&v=4.0 HTTP/1.1" 304 -
186.84.149.95 - - [28/Nov/2021:00:45:56 -0500] "GET /sipse/faces/javax.faces.resource/layout/layout.js?ln=primefaces&v=4.0 HTTP/1.1" 304 -
186.84.149.95 - - [28/Nov/2021:00:45:56 -0500] "POST /sipse/faces/presentacion/sistema/reporte/listarReportes.xhtml HTTP/1.1" 200 26500
186.84.149.95 - - [28/Nov/2021:00:45:56 -0500] "POST /sipse/faces/presentacion/sistema/reporte/listarReportes.xhtml HTTP/1.1" 200 26500
186.84.149.95 - - [28/Nov/2021:00:45:56 -0500] "POST /sipse/faces/presentacion/sistema/reporte/listarReportes.xhtml HTTP/1.1" 200 26500
186.84.149.95 - - [28/Nov/2021:00:45:57 -0500] "POST /sipse/faces/presentacion/sistema/reporte/listarReportes.xhtml HTTP/1.1" 200 26500
186.84.149.95 - - [28/Nov/2021:00:45:57 -0500] "POST /sipse/faces/presentacion/sistema/reporte/listarReportes.xhtml HTTP/1.1" 200 26500
186.84.149.95 - - [28/Nov/2021:00:45:57 -0500] "POST /sipse/faces/presentacion/sistema/reporte/listarReportes.xhtml HTTP/1.1" 200 26500
186.84.149.95 - - [28/Nov/2021:00:45:57 -0500] "POST /sipse/faces/presentacion/sistema/reporte/listarReportes.xhtml HTTP/1.1" 200 26500
186.84.149.95 - - [28/Nov/2021:00:45:57 -0500] "POST /sipse/faces/presentacion/sistema/reporte/listarReportes.xhtml HTTP/1.1" 200 26500
186.84.149.95 - - [28/Nov/2021:00:45:59 -0500] "POST /sipse/faces/presentacion/sistema/reporte/listarReportes.xhtml HTTP/1.1" 200 25237
186.84.149.95 - - [28/Nov/2021:00:45:59 -0500] "GET /sipse/faces/javax.faces.resource/theme.css?ln=primefaces-sipse HTTP/1.1" 304 -
186.84.149.95 - - [28/Nov/2021:00:45:59 -0500] "GET /sipse/faces/javax.faces.resource/primefaces.css?ln=primefaces&v=4.0 HTTP/1.1" 304 -
186.84.149.95 - - [28/Nov/2021:00:45:59 -0500] "GET /sipse/faces/javax.faces.resource/layout/layout.css?ln=primefaces&v=4.0 HTTP/1.1" 304 -
186.84.149.95 - - [28/Nov/2021:00:45:59 -0500] "GET /sipse/faces/javax.faces.resource/jquery/jquery.js?ln=primefaces&v=4.0 HTTP/1.1" 304 -
186.84.149.95 - - [28/Nov/2021:00:45:59 -0500] "GET /sipse/faces/javax.faces.resource/jquery/jquery-plugins.js?ln=primefaces&v=4.0 HTTP/1.1" 304 -
186.84.149.95 - - [28/Nov/2021:00:45:59 -0500] "GET /sipse/faces/javax.faces.resource/layout/layout.js?ln=primefaces&v=4.0 HTTP/1.1" 304 -
186.84.149.95 - - [28/Nov/2021:00:45:59 -0500] "GET /sipse/faces/javax.faces.resource/primefaces.js?ln=primefaces&v=4.0 HTTP/1.1" 304 -
186.84.149.95 - - [28/Nov/2021:00:46:00 -0500] "GET /reportes_sipse/sdg/ServletReporte?reporte=saldo_actividades_detallado HTTP/1.1" 200 6265
186.84.149.95 - - [28/Nov/2021:00:46:12 -0500] "POST /reportes_sipse/sdg/ServletControlador HTTP/1.1" 200 691200
114.119.141.42 - - [28/Nov/2021:00:47:08 -0500] "GET /BLA/resoluciones/RESOLUCIONES%202010/2373.pdf HTTP/1.1" 200 452130
40.77.167.71 - - [28/Nov/2021:00:48:44 -0500] "GET /bla/resoluciones/autos%202021/2624.pdf HTTP/1.1" 200 366936
216.245.221.92 - - [28/Nov/2021:00:50:12 -0500] "HEAD / HTTP/1.1" 200 -
157.55.39.61 - - [28/Nov/2021:00:50:50 -0500] "GET /sipse/faces/presentacion/sistema/anexos/cargarAnexoSolicitudProceso.xhtml HTTP/1.1" 302 -
157.55.39.61 - - [28/Nov/2021:00:50:53 -0500] "GET /sipse/faces/autenticacion.xhtml HTTP/1.1" 200 12175
207.46.13.134 - - [28/Nov/2021:00:52:44 -0500] "GET /sipse/faces/faces/autenticacion.xhtml HTTP/1.1" 200 12497
186.102.45.252 - - [28/Nov/2021:00:54:35 -0500] "GET /galeria/galeria/jquery.fancybox.css?v=2.1.5 HTTP/1.1" 200 4895
201.245.192.253 - - [28/Nov/2021:00:54:14 -0500] "POST /kwsrmcab/Wsrmcab HTTP/1.1" 200 112644
216.245.221.92 - - [28/Nov/2021:00:55:12 -0500] "HEAD / HTTP/1.1" 200 -
216.245.221.92 - - [28/Nov/2021:01:00:11 -0500] "HEAD / HTTP/1.1" 200 -
157.55.39.88 - - [28/Nov/2021:01:01:14 -0500] "GET /bla/resoluciones/autos%202021/2875.pdf HTTP/1.1" 200 550236
191.156.13.80 - - [28/Nov/2021:01:01:55 -0500] "GET /galeria/galeria/jquery.fancybox.css?v=2.1.5 HTTP/1.1" 200 4895
157.55.39.88 - - [28/Nov/2021:01:03:44 -0500] "GET /images/NINOS.jpg HTTP/1.1" 200 44828
201.245.192.253 - - [28/Nov/2021:01:04:16 -0500] "POST /kwsrmcab/Wsrmcab HTTP/1.1" 200 213
216.245.221.92 - - [28/Nov/2021:01:05:11 -0500] "HEAD / HTTP/1.1" 200 -
66.249.79.238 - - [28/Nov/2021:01:08:06 -0500] "-" 408 -
152.61.192.232 - - [28/Nov/2021:01:09:49 -0500] "GET / HTTP/1.1" 200 319
216.245.221.92 - - [28/Nov/2021:01:10:11 -0500] "HEAD / HTTP/1.1" 200 -
207.46.13.215 - - [28/Nov/2021:01:10:15 -0500] "GET /bla/resoluciones/autos%202021/2695.pdf HTTP/1.1" 200 368185
35.204.253.3 - - [28/Nov/2021:01:12:55 -0500] "GET / HTTP/1.1" 200 319
157.55.39.111 - - [28/Nov/2021:01:14:03 -0500] "GET /bla/resoluciones/autos%202021/2147.pdf HTTP/1.1" 200 393274
201.245.192.253 - - [28/Nov/2021:01:14:13 -0500] "POST /kwsrmcab/Wsrmcab HTTP/1.1" 200 112245
216.245.221.92 - - [28/Nov/2021:01:15:11 -0500] "HEAD / HTTP/1.1" 200 -
152.61.128.50 - - [28/Nov/2021:01:15:36 -0500] "GET / HTTP/1.1" 200 319
191.95.166.145 - - [28/Nov/2021:01:17:48 -0500] "GET /ciudadanos-y-empresas-participaron-en-la-semana-ecoempresarial-2021.html HTTP/1.1" 200 870
216.245.221.92 - - [28/Nov/2021:01:20:11 -0500] "HEAD / HTTP/1.1" 200 -
201.245.192.253 - - [28/Nov/2021:01:22:39 -0500] "POST /kwsrmcab/Wsrmcab HTTP/1.1" 200 42245
201.245.192.253 - - [28/Nov/2021:01:23:27 -0500] "POST /kwsrmcab/Wsrmcab HTTP/1.1" 200 44204
201.245.192.253 - - [28/Nov/2021:01:24:14 -0500] "POST /kwsrmcab/Wsrmcab HTTP/1.1" 200 112245
216.245.221.92 - - [28/Nov/2021:01:25:11 -0500] "HEAD / HTTP/1.1" 200 -
40.77.167.71 - - [28/Nov/2021:01:25:48 -0500] "GET /sipse/faces/presentacion/financiero/solicitudProceso/consultarSolicitudProceso.xhtml HTTP/1.1" 302 -
40.77.167.71 - - [28/Nov/2021:01:25:50 -0500] "GET /sipse/faces/autenticacion.xhtml HTTP/1.1" 200 12175
66.249.79.240 - - [28/Nov/2021:01:28:35 -0500] "-" 408 -
216.245.221.92 - - [28/Nov/2021:01:30:11 -0500] "HEAD / HTTP/1.1" 200 -
179.19.179.122 - - [28/Nov/2021:01:30:39 -0500] "GET /galeria/galeria/jquery.fancybox.css?v=2.1.5 HTTP/1.1" 200 4895
201.245.192.253 - - [28/Nov/2021:01:32:38 -0500] "POST /kwsrmcab/Wsrmcab HTTP/1.1" 200 42245
186.118.2.175 - - [28/Nov/2021:01:33:29 -0500] "GET /galeria/galeria/jquery.fancybox.css?v=2.1.5 HTTP/1.1" 200 4895
201.245.192.253 - - [28/Nov/2021:01:33:27 -0500] "POST /kwsrmcab/Wsrmcab HTTP/1.1" 200 44204
216.245.221.92 - - [28/Nov/2021:01:35:11 -0500] "HEAD / HTTP/1.1" 200 -
207.46.13.47 - - [28/Nov/2021:01:38:28 -0500] "GET /bla/resoluciones/autos%202021/2036.pdf HTTP/1.1" 200 352549
54.72.2.7 - - [28/Nov/2021:01:39:39 -0500] "GET /bla/resoluciones/autos%202012/0717.pdf HTTP/1.1" 200 270696
216.245.221.92 - - [28/Nov/2021:01:40:11 -0500] "HEAD / HTTP/1.1" 200 -
157.55.39.111 - - [28/Nov/2021:01:40:36 -0500] "GET /bla/resoluciones/autos%202021/2072.pdf HTTP/1.1" 200 362694
201.245.192.253 - - [28/Nov/2021:01:42:38 -0500] "POST /kwsrmcab/Wsrmcab HTTP/1.1" 200 42245
201.245.192.253 - - [28/Nov/2021:01:43:27 -0500] "POST /kwsrmcab/Wsrmcab HTTP/1.1" 200 44204
207.46.13.47 - - [28/Nov/2021:01:44:58 -0500] "GET /galeria/galeria/fotos/1GuaymaralTorcaG1.jpg HTTP/1.1" 200 36592
216.245.221.92 - - [28/Nov/2021:01:45:11 -0500] "HEAD / HTTP/1.1" 200 -
157.55.39.61 - - [28/Nov/2021:01:48:44 -0500] "GET /galeria/galeria/fotos/juan-amarillo4P.jpg HTTP/1.1" 200 23811
216.245.221.92 - - [28/Nov/2021:01:50:11 -0500] "HEAD / HTTP/1.1" 200 -
73.11.39.73 - - [28/Nov/2021:01:51:12 -0500] "GET /webdav/x32.php HTTP/1.1" 404 1018
66.249.79.238 - - [28/Nov/2021:01:52:49 -0500] "-" 408 -
201.245.192.253 - - [28/Nov/2021:01:54:14 -0500] "POST /kwsrmcab/Wsrmcab HTTP/1.1" 200 112245
216.245.221.92 - - [28/Nov/2021:01:55:11 -0500] "HEAD / HTTP/1.1" 200 -
216.245.221.92 - - [28/Nov/2021:02:00:11 -0500] "HEAD / HTTP/1.1" 200 -
152.61.128.50 - - [28/Nov/2021:02:04:06 -0500] "GET /arcgis/services/Calidad_del_Agua_WQI/MapServer/WMSServer?request=GetCapabilities&service=WMS HTTP/1.1" 503 1020
152.61.128.50 - - [28/Nov/2021:02:04:08 -0500] "GET /arcgis/services/Calidad_del_Agua_WQI/MapServer/WMSServer?SERVICE=WMS&REQUEST=GetCapabilities HTTP/1.1" 503 1020
152.61.128.50 - - [28/Nov/2021:02:04:08 -0500] "GET /arcgis/services/Calidad_del_Agua_WQI/MapServer/WMSServer?WMTVER=1.0.0&REQUEST=capabilities HTTP/1.1" 503 1020
201.245.192.253 - - [28/Nov/2021:02:04:15 -0500] "POST /kwsrmcab/Wsrmcab HTTP/1.1" 200 213
216.245.221.92 - - [28/Nov/2021:02:05:11 -0500] "HEAD / HTTP/1.1" 200 -
66.249.79.236 - - [28/Nov/2021:02:06:58 -0500] "-" 408 -
216.245.221.92 - - [28/Nov/2021:02:10:11 -0500] "HEAD / HTTP/1.1" 200 -
152.61.192.232 - - [28/Nov/2021:02:12:58 -0500] "GET /arcgis/services/Calidad_del_Agua_WQI/MapServer/WMSServer?request=GetCapabilities&service=WMS HTTP/1.1" 503 1020
152.61.192.232 - - [28/Nov/2021:02:12:59 -0500] "GET /arcgis/services/Calidad_del_Agua_WQI/MapServer/WMSServer?SERVICE=WMS&REQUEST=GetCapabilities HTTP/1.1" 503 1020
152.61.192.232 - - [28/Nov/2021:02:12:59 -0500] "GET /arcgis/services/Calidad_del_Agua_WQI/MapServer/WMSServer?WMTVER=1.0.0&REQUEST=capabilities HTTP/1.1" 503 1020
207.46.13.215 - - [28/Nov/2021:02:14:28 -0500] "GET /bla/resoluciones/autos%202021/2693.pdf HTTP/1.1" 200 366001
42.236.17.104 - - [28/Nov/2021:02:13:11 -0500] "GET /BLA/boletinlegal/ HTTP/1.1" 200 56572
87.250.224.162 - - [28/Nov/2021:02:14:51 -0500] "-" 408 -
95.108.213.77 - - [28/Nov/2021:02:14:56 -0500] "-" 408 -
201.245.192.253 - - [28/Nov/2021:02:14:13 -0500] "POST /kwsrmcab/Wsrmcab HTTP/1.1" 200 112639
213.180.203.5 - - [28/Nov/2021:02:15:02 -0500] "-" 408 -
141.8.142.79 - - [28/Nov/2021:02:15:07 -0500] "-" 408 -
216.245.221.92 - - [28/Nov/2021:02:15:11 -0500] "HEAD / HTTP/1.1" 200 -
87.250.224.46 - - [28/Nov/2021:02:15:22 -0500] "-" 408 -
87.250.224.54 - - [28/Nov/2021:02:15:37 -0500] "-" 408 -
213.180.203.173 - - [28/Nov/2021:02:16:07 -0500] "-" 408 -
95.108.213.63 - - [28/Nov/2021:02:17:08 -0500] "-" 408 -
66.249.79.236 - - [28/Nov/2021:02:17:57 -0500] "-" 408 -
66.249.79.240 - - [28/Nov/2021:02:18:29 -0500] "GET /BLA/resoluciones/RESOLUCIONES%202011/0185.pdf HTTP/1.1" 200 285634
69.63.184.116 - - [28/Nov/2021:02:19:50 -0500] "GET /images/SECRETARIA-AMBIENTE-FACHADA-5-NOV.jpg HTTP/1.1" 200 250889
173.252.107.120 - - [28/Nov/2021:02:19:50 -0500] "GET /images/residuos-construccion-demolicion-control-bogota.jpeg HTTP/1.1" 200 79264
69.63.184.9 - - [28/Nov/2021:02:19:50 -0500] "GET /images/operativo-licencias-ambientales-5-noviembre%20.jpg HTTP/1.1" 200 38992
173.252.107.18 - - [28/Nov/2021:02:19:55 -0500] "GET /images/lagartija-animal-trafico-fauna-31-octubre.jpg HTTP/1.1" 200 45684
69.63.184.4 - - [28/Nov/2021:02:19:55 -0500] "GET /images/buenas-practicas-ambientales-3-noviembre.png HTTP/1.1" 200 183375
216.245.221.92 - - [28/Nov/2021:02:20:10 -0500] "HEAD / HTTP/1.1" 200 -
66.249.79.240 - - [28/Nov/2021:02:21:01 -0500] "GET /BLA/resoluciones/RESOLUCIONES%202014/1128.pdf HTTP/1.1" 200 543411
66.249.79.240 - - [28/Nov/2021:02:22:28 -0500] "GET /BLA/resoluciones/AUTOS%202015/5194.pdf HTTP/1.1" 200 438394
66.249.79.238 - - [28/Nov/2021:02:23:03 -0500] "GET /BLA/resoluciones/AUTOS%202013/2594.pdf HTTP/1.1" 200 710281
201.245.192.253 - - [28/Nov/2021:02:22:38 -0500] "POST /kwsrmcab/Wsrmcab HTTP/1.1" 200 42235
66.249.79.236 - - [28/Nov/2021:02:24:07 -0500] "-" 408 -
201.245.192.253 - - [28/Nov/2021:02:23:26 -0500] "POST /kwsrmcab/Wsrmcab HTTP/1.1" 200 44355
201.245.192.253 - - [28/Nov/2021:02:24:15 -0500] "POST /kwsrmcab/Wsrmcab HTTP/1.1" 200 112639
216.245.221.92 - - [28/Nov/2021:02:25:10 -0500] "HEAD / HTTP/1.1" 200 -
114.119.137.2 - - [28/Nov/2021:02:29:56 -0500] "-" 408 -
216.245.221.92 - - [28/Nov/2021:02:30:10 -0500] "HEAD / HTTP/1.1" 200 -
66.249.79.236 - - [28/Nov/2021:02:30:21 -0500] "-" 408 -
20.36.244.102 - - [28/Nov/2021:02:30:56 -0500] "GET /noticias/rssambiente.php HTTP/1.1" 406 -
23.183.81.250 - - [28/Nov/2021:02:31:23 -0500] "GET https://api.weaapi.com/w4s/app/home/index HTTP/1.1" 404 1150
34.147.63.135 - - [28/Nov/2021:02:32:02 -0500] "GET / HTTP/1.1" 200 319
201.245.192.253 - - [28/Nov/2021:02:32:38 -0500] "POST /kwsrmcab/Wsrmcab HTTP/1.1" 200 42235
201.245.192.253 - - [28/Nov/2021:02:33:23 -0500] "POST /kwsrmcab/Wsrmcab HTTP/1.1" 200 44355
201.245.192.253 - - [28/Nov/2021:02:34:12 -0500] "POST /kwsrmcab/Wsrmcab HTTP/1.1" 200 112639
216.245.221.92 - - [28/Nov/2021:02:35:10 -0500] "HEAD / HTTP/1.1" 200 -
40.77.167.71 - - [28/Nov/2021:02:35:33 -0500] "GET /galeria/galeria/fotos/boa8G.jpg HTTP/1.1" 200 268973
216.245.221.92 - - [28/Nov/2021:02:40:11 -0500] "HEAD / HTTP/1.1" 200 -
114.119.141.71 - - [28/Nov/2021:02:40:28 -0500] "GET /BLA/resoluciones/index.php?dir=RESOLUCIONES%2B1993/&sort=name&order=asc HTTP/1.1" 200 12891
157.55.39.111 - - [28/Nov/2021:02:41:11 -0500] "GET /bla/resoluciones/autos%202021/2137.pdf HTTP/1.1" 200 364479
201.245.192.253 - - [28/Nov/2021:02:42:38 -0500] "POST /kwsrmcab/Wsrmcab HTTP/1.1" 200 42235
201.245.192.253 - - [28/Nov/2021:02:43:26 -0500] "POST /kwsrmcab/Wsrmcab HTTP/1.1" 200 44355
201.245.192.253 - - [28/Nov/2021:02:44:14 -0500] "POST /kwsrmcab/Wsrmcab HTTP/1.1" 200 112639
216.245.221.92 - - [28/Nov/2021:02:45:10 -0500] "HEAD / HTTP/1.1" 200 -
118.184.177.27 - - [28/Nov/2021:02:47:00 -0500] "GET / HTTP/1.1" 200 319
87.250.224.144 - - [28/Nov/2021:02:47:42 -0500] "-" 408 -
87.250.224.29 - - [28/Nov/2021:02:49:42 -0500] "-" 408 -
216.245.221.92 - - [28/Nov/2021:02:50:10 -0500] "HEAD / HTTP/1.1" 200 -
66.249.79.240 - - [28/Nov/2021:02:50:20 -0500] "-" 408 -
207.46.13.215 - - [28/Nov/2021:02:51:34 -0500] "GET /galeria/nivo-slider/demo/escuadron.mp4 HTTP/1.1" 200 141917477
114.119.141.51 - - [28/Nov/2021:02:52:22 -0500] "GET /BLA/resoluciones/AUTOS%202015/6378.pdf HTTP/1.1" 200 708431
40.77.167.71 - - [28/Nov/2021:02:54:05 -0500] "GET /bla/resoluciones/autos%202021/2700.pdf HTTP/1.1" 200 368920
201.245.192.253 - - [28/Nov/2021:02:54:14 -0500] "POST /kwsrmcab/Wsrmcab HTTP/1.1" 200 112639
216.245.221.92 - - [28/Nov/2021:02:55:10 -0500] "HEAD / HTTP/1.1" 200 -
207.46.13.215 - - [28/Nov/2021:02:56:26 -0500] "GET /galeria/galeria/fotos/Humedal-la-Isla1G.jpg HTTP/1.1" 200 216243
213.180.203.17 - - [28/Nov/2021:02:57:11 -0500] "-" 408 -
66.249.79.236 - - [28/Nov/2021:02:58:53 -0500] "-" 408 -
216.245.221.92 - - [28/Nov/2021:03:00:10 -0500] "HEAD / HTTP/1.1" 200 -
157.55.39.88 - - [28/Nov/2021:03:03:46 -0500] "GET /bla/resoluciones/autos%202021/2052.pdf HTTP/1.1" 200 355525
5.255.253.137 - - [28/Nov/2021:03:04:17 -0500] "-" 408 -
66.249.79.236 - - [28/Nov/2021:03:05:03 -0500] "-" 408 -
216.245.221.92 - - [28/Nov/2021:03:05:10 -0500] "HEAD / HTTP/1.1" 200 -
173.252.87.23 - - [28/Nov/2021:03:09:29 -0500] "GET /ciudadanos-y-empresas-participaron-en-la-semana-ecoempresarial-2021.html HTTP/1.1" 206 870
173.252.87.1 - - [28/Nov/2021:03:09:30 -0500] "GET /ciudadanos-y-empresas-participaron-en-la-semana-ecoempresarial-2021.html HTTP/1.1" 206 870
173.252.87.23 - - [28/Nov/2021:03:09:30 -0500] "GET /ciudadanos-y-empresas-participaron-en-la-semana-ecoempresarial-2021.html HTTP/1.1" 206 870
23.183.81.250 - - [28/Nov/2021:03:09:49 -0500] "GET https://pc.wealth4share.com/static/js/app.af449aeb.js HTTP/1.1" 404 1165
216.245.221.92 - - [28/Nov/2021:03:10:10 -0500] "HEAD / HTTP/1.1" 200 -
66.249.79.236 - - [28/Nov/2021:03:11:48 -0500] "-" 408 -
198.98.49.124 - - [28/Nov/2021:03:13:41 -0500] "GET /config/getuser?index=0 HTTP/1.1" 404 1018
216.245.221.92 - - [28/Nov/2021:03:15:10 -0500] "HEAD / HTTP/1.1" 200 -
66.249.79.236 - - [28/Nov/2021:03:17:39 -0500] "-" 408 -
95.108.213.39 - - [28/Nov/2021:03:19:19 -0500] "-" 408 -
18.202.224.3 - - [28/Nov/2021:03:19:24 -0500] "-" 408 -
216.245.221.92 - - [28/Nov/2021:03:20:11 -0500] "HEAD / HTTP/1.1" 200 -
201.245.192.253 - - [28/Nov/2021:03:22:38 -0500] "POST /kwsrmcab/Wsrmcab HTTP/1.1" 200 42088
66.249.79.236 - - [28/Nov/2021:03:24:02 -0500] "-" 408 -
201.245.192.253 - - [28/Nov/2021:03:23:28 -0500] "POST /kwsrmcab/Wsrmcab HTTP/1.1" 200 44361
201.245.192.253 - - [28/Nov/2021:03:24:15 -0500] "POST /kwsrmcab/Wsrmcab HTTP/1.1" 200 112645
216.245.221.92 - - [28/Nov/2021:03:25:10 -0500] "HEAD / HTTP/1.1" 200 -
216.245.221.92 - - [28/Nov/2021:03:30:10 -0500] "HEAD / HTTP/1.1" 200 -
66.249.79.236 - - [28/Nov/2021:03:30:25 -0500] "-" 408 -
201.245.192.253 - - [28/Nov/2021:03:32:38 -0500] "POST /kwsrmcab/Wsrmcab HTTP/1.1" 200 42088
201.245.192.253 - - [28/Nov/2021:03:33:24 -0500] "POST /kwsrmcab/Wsrmcab HTTP/1.1" 200 44361
201.245.192.253 - - [28/Nov/2021:03:34:13 -0500] "POST /kwsrmcab/Wsrmcab HTTP/1.1" 200 112645
216.245.221.92 - - [28/Nov/2021:03:35:10 -0500] "HEAD / HTTP/1.1" 200 -
66.249.79.236 - - [28/Nov/2021:03:36:32 -0500] "-" 408 -
34.147.46.54 - - [28/Nov/2021:03:36:47 -0500] "GET / HTTP/1.1" 200 319
216.245.221.92 - - [28/Nov/2021:03:40:10 -0500] "HEAD / HTTP/1.1" 200 -
191.95.46.222 - - [28/Nov/2021:03:41:34 -0500] "GET /galeria/galeria/jquery.fancybox.css?v=2.1.5 HTTP/1.1" 200 4895
66.249.79.236 - - [28/Nov/2021:03:42:25 -0500] "-" 408 -
201.245.192.253 - - [28/Nov/2021:03:42:38 -0500] "POST /kwsrmcab/Wsrmcab HTTP/1.1" 200 42088
40.77.167.71 - - [28/Nov/2021:03:43:50 -0500] "GET /bla/resoluciones/autos%202021/2095.pdf HTTP/1.1" 200 373023
201.245.192.253 - - [28/Nov/2021:03:43:23 -0500] "POST /kwsrmcab/Wsrmcab HTTP/1.1" 200 44361
201.245.192.253 - - [28/Nov/2021:03:44:13 -0500] "POST /kwsrmcab/Wsrmcab HTTP/1.1" 200 112645
216.245.221.92 - - [28/Nov/2021:03:45:10 -0500] "HEAD / HTTP/1.1" 200 -
87.250.224.129 - - [28/Nov/2021:03:47:51 -0500] "-" 408 -
66.249.79.236 - - [28/Nov/2021:03:48:41 -0500] "-" 408 -
216.245.221.92 - - [28/Nov/2021:03:50:10 -0500] "HEAD / HTTP/1.1" 200 -
157.55.39.61 - - [28/Nov/2021:03:52:07 -0500] "GET /bla/resoluciones/autos%202021/2120.pdf HTTP/1.1" 200 369786
23.183.83.18 - - [28/Nov/2021:03:52:25 -0500] "GET http://vip.caoxiaohua.cn/js/app.5cda5727.js HTTP/1.1" 404 1157
66.249.79.236 - - [28/Nov/2021:03:54:29 -0500] "-" 408 -
201.245.192.253 - - [28/Nov/2021:03:54:15 -0500] "POST /kwsrmcab/Wsrmcab HTTP/1.1" 200 112645
216.245.221.92 - - [28/Nov/2021:03:55:10 -0500] "HEAD / HTTP/1.1" 200 -
107.189.12.88 - - [28/Nov/2021:03:59:09 -0500] "GET https://api.weaapi.com/w4s/app/home/index HTTP/1.1" 404 1150
216.245.221.92 - - [28/Nov/2021:04:00:10 -0500] "HEAD / HTTP/1.1" 200 -
66.249.79.240 - - [28/Nov/2021:04:01:01 -0500] "-" 408 -
87.250.224.186 - - [28/Nov/2021:04:02:26 -0500] "-" 408 -
201.245.192.253 - - [28/Nov/2021:04:04:15 -0500] "POST /kwsrmcab/Wsrmcab HTTP/1.1" 200 213
216.245.221.92 - - [28/Nov/2021:04:05:10 -0500] "HEAD / HTTP/1.1" 200 -
66.249.79.236 - - [28/Nov/2021:04:07:28 -0500] "-" 408 -
216.245.221.92 - - [28/Nov/2021:04:10:10 -0500] "HEAD / HTTP/1.1" 200 -
157.55.39.111 - - [28/Nov/2021:04:10:20 -0500] "GET /BLA/resoluciones/index.php?dir=AUTOS+2021%2F HTTP/1.1" 200 195033
207.46.13.134 - - [28/Nov/2021:04:10:23 -0500] "GET /bla/resoluciones/autos%202021/2690.pdf HTTP/1.1" 200 371340
66.249.79.236 - - [28/Nov/2021:04:13:17 -0500] "-" 408 -
201.245.192.253 - - [28/Nov/2021:04:14:12 -0500] "POST /kwsrmcab/Wsrmcab HTTP/1.1" 200 112642
216.245.221.92 - - [28/Nov/2021:04:15:10 -0500] "HEAD / HTTP/1.1" 200 -
66.249.79.236 - - [28/Nov/2021:04:19:34 -0500] "-" 408 -
216.245.221.92 - - [28/Nov/2021:04:20:10 -0500] "HEAD / HTTP/1.1" 200 -
5.45.207.137 - - [28/Nov/2021:04:21:34 -0500] "-" 408 -
201.245.192.253 - - [28/Nov/2021:04:22:37 -0500] "POST /kwsrmcab/Wsrmcab HTTP/1.1" 200 42243
201.245.192.253 - - [28/Nov/2021:04:23:26 -0500] "POST /kwsrmcab/Wsrmcab HTTP/1.1" 200 44358
201.245.192.253 - - [28/Nov/2021:04:24:12 -0500] "POST /kwsrmcab/Wsrmcab HTTP/1.1" 200 112642
216.245.221.92 - - [28/Nov/2021:04:25:10 -0500] "HEAD / HTTP/1.1" 200 -
66.249.79.236 - - [28/Nov/2021:04:25:19 -0500] "-" 408 -
157.55.39.88 - - [28/Nov/2021:04:26:24 -0500] "GET /bla/resoluciones/autos%202021/4145.pdf HTTP/1.1" 200 353611
207.46.13.134 - - [28/Nov/2021:04:27:06 -0500] "GET /sipse/faces/faces/autenticacion.xhtml HTTP/1.1" 200 12497
207.46.13.134 - - [28/Nov/2021:04:27:55 -0500] "GET /bla/resoluciones/autos%202021/2061.pdf HTTP/1.1" 200 365974
216.245.221.92 - - [28/Nov/2021:04:30:10 -0500] "HEAD / HTTP/1.1" 200 -
66.249.79.236 - - [28/Nov/2021:04:31:27 -0500] "-" 408 -
201.245.192.253 - - [28/Nov/2021:04:32:37 -0500] "POST /kwsrmcab/Wsrmcab HTTP/1.1" 200 42243
201.245.192.253 - - [28/Nov/2021:04:33:26 -0500] "POST /kwsrmcab/Wsrmcab HTTP/1.1" 200 44358
216.245.221.92 - - [28/Nov/2021:04:35:10 -0500] "HEAD / HTTP/1.1" 200 -
157.55.39.111 - - [28/Nov/2021:04:35:22 -0500] "GET /bla/resoluciones/autos%202021/2063.pdf HTTP/1.1" 200 380744
66.249.79.236 - - [28/Nov/2021:04:37:27 -0500] "-" 408 -
216.245.221.92 - - [28/Nov/2021:04:40:10 -0500] "HEAD / HTTP/1.1" 200 -
34.91.51.185 - - [28/Nov/2021:04:40:48 -0500] "GET / HTTP/1.1" 200 319
5.255.253.125 - - [28/Nov/2021:04:42:57 -0500] "-" 408 -
201.245.192.253 - - [28/Nov/2021:04:42:38 -0500] "POST /kwsrmcab/Wsrmcab HTTP/1.1" 200 42243
66.249.79.236 - - [28/Nov/2021:04:43:54 -0500] "-" 408 -
201.245.192.253 - - [28/Nov/2021:04:43:24 -0500] "POST /kwsrmcab/Wsrmcab HTTP/1.1" 200 44358
216.245.221.92 - - [28/Nov/2021:04:45:10 -0500] "HEAD / HTTP/1.1" 200 -
213.194.151.214 - - [28/Nov/2021:04:47:59 -0500] "GET /galeria/galeria/jquery.fancybox.css?v=2.1.5 HTTP/1.1" 200 4895
157.55.39.61 - - [28/Nov/2021:04:50:02 -0500] "GET /sipse/faces/presentacion/sistema/anexos/cargaranexosolicitudproceso.xhtml HTTP/1.1" 302 -
157.55.39.61 - - [28/Nov/2021:04:50:04 -0500] "GET /sipse/faces/autenticacion.xhtml HTTP/1.1" 200 12175
216.245.221.92 - - [28/Nov/2021:04:50:10 -0500] "HEAD / HTTP/1.1" 200 -
173.252.107.2 - - [28/Nov/2021:04:50:49 -0500] "GET /images/unesco-educacion-ambiental-auambari-ambiente-20-noviembre.jpg HTTP/1.1" 200 66598
69.171.251.21 - - [28/Nov/2021:04:51:16 -0500] "GET /images/feria-movil-sda-19-noviembre.jpg HTTP/1.1" 200 47278
173.252.107.23 - - [28/Nov/2021:04:51:18 -0500] "GET /aprende-a-conocer-el-boletin-legal-ambiental.html HTTP/1.1" 206 892
66.249.79.236 - - [28/Nov/2021:04:52:08 -0500] "-" 408 -
184.105.247.196 - - [28/Nov/2021:04:52:22 -0500] "GET / HTTP/1.1" 200 319
207.46.13.134 - - [28/Nov/2021:04:54:27 -0500] "GET /BLA/resoluciones/RESOLUCIONES%202005/00001096.tif HTTP/1.1" 200 221778
201.245.192.253 - - [28/Nov/2021:04:54:12 -0500] "POST /kwsrmcab/Wsrmcab HTTP/1.1" 200 112642
216.245.221.92 - - [28/Nov/2021:04:55:10 -0500] "HEAD / HTTP/1.1" 200 -
40.77.167.71 - - [28/Nov/2021:04:57:28 -0500] "GET /bla/resoluciones/autos%202021/4025.pdf HTTP/1.1" 200 348862
66.249.79.236 - - [28/Nov/2021:04:59:54 -0500] "-" 408 -
216.245.221.92 - - [28/Nov/2021:05:00:10 -0500] "HEAD / HTTP/1.1" 200 -
207.46.13.134 - - [28/Nov/2021:05:02:19 -0500] "GET /bla/resoluciones/autos%202021/2678.pdf HTTP/1.1" 200 376471
201.245.192.253 - - [28/Nov/2021:05:04:15 -0500] "POST /kwsrmcab/Wsrmcab HTTP/1.1" 200 213
216.245.221.92 - - [28/Nov/2021:05:05:10 -0500] "HEAD / HTTP/1.1" 200 -
87.250.224.162 - - [28/Nov/2021:05:05:31 -0500] "-" 408 -
95.108.213.77 - - [28/Nov/2021:05:05:36 -0500] "-" 408 -
213.180.203.17 - - [28/Nov/2021:05:05:41 -0500] "-" 408 -
141.8.142.79 - - [28/Nov/2021:05:05:46 -0500] "-" 408 -
87.250.224.46 - - [28/Nov/2021:05:06:01 -0500] "-" 408 -
87.250.224.55 - - [28/Nov/2021:05:06:16 -0500] "-" 408 -
66.249.79.236 - - [28/Nov/2021:05:06:22 -0500] "-" 408 -
5.255.253.179 - - [28/Nov/2021:05:06:46 -0500] "-" 408 -
87.250.224.186 - - [28/Nov/2021:05:07:46 -0500] "-" 408 -
87.250.224.200 - - [28/Nov/2021:05:08:46 -0500] "-" 408 -
216.245.221.92 - - [28/Nov/2021:05:10:10 -0500] "HEAD / HTTP/1.1" 200 -
201.245.192.253 - - [28/Nov/2021:05:14:13 -0500] "POST /kwsrmcab/Wsrmcab HTTP/1.1" 200 112647
216.245.221.92 - - [28/Nov/2021:05:15:10 -0500] "HEAD / HTTP/1.1" 200 -
13.66.139.0 - - [28/Nov/2021:05:17:29 -0500] "GET /BLA/resoluciones/RESOLUCIONES%202021/2772.pdf HTTP/1.1" 200 334373
52.156.93.152 - - [28/Nov/2021:05:17:37 -0500] "GET /galeria/galeria/fotos/Humedal-la-Isla1G.jpg HTTP/1.1" 200 216243
40.77.167.71 - - [28/Nov/2021:05:19:50 -0500] "GET /bla/resoluciones/autos%202021/5268.pdf HTTP/1.1" 200 383795
216.245.221.92 - - [28/Nov/2021:05:20:10 -0500] "HEAD / HTTP/1.1" 200 -
45.238.183.216 - - [28/Nov/2021:05:22:38 -0500] "GET /galeria/galeria/jquery.fancybox.css?v=2.1.5 HTTP/1.1" 200 4895
201.245.192.253 - - [28/Nov/2021:05:22:38 -0500] "POST /kwsrmcab/Wsrmcab HTTP/1.1" 200 42235
173.252.83.112 - - [28/Nov/2021:05:24:02 -0500] "GET /cuco-americano-otra-ave-que-esta-en-epoca-de-migracion.html HTTP/1.1" 206 914
173.252.83.24 - - [28/Nov/2021:05:24:02 -0500] "GET /cuco-americano-otra-ave-que-esta-en-epoca-de-migracion.html HTTP/1.1" 206 914
173.252.83.14 - - [28/Nov/2021:05:24:02 -0500] "GET /cuco-americano-otra-ave-que-esta-en-epoca-de-migracion.html HTTP/1.1" 206 914
173.252.83.119 - - [28/Nov/2021:05:24:02 -0500] "GET /cuco-americano-otra-ave-que-esta-en-epoca-de-migracion.html HTTP/1.1" 206 914
173.252.83.3 - - [28/Nov/2021:05:24:02 -0500] "GET /cuco-americano-otra-ave-que-esta-en-epoca-de-migracion.html HTTP/1.1" 206 914
201.245.192.253 - - [28/Nov/2021:05:23:23 -0500] "POST /kwsrmcab/Wsrmcab HTTP/1.1" 200 44363
201.245.192.253 - - [28/Nov/2021:05:24:14 -0500] "POST /kwsrmcab/Wsrmcab HTTP/1.1" 200 112647
216.245.221.92 - - [28/Nov/2021:05:25:10 -0500] "HEAD / HTTP/1.1" 200 -
87.250.224.140 - - [28/Nov/2021:05:27:11 -0500] "-" 408 -
143.167.254.132 - - [28/Nov/2021:05:28:07 -0500] "HEAD /secretaria-de-ambiente-carolina-urrutia-acompana-a-la-alcaldesa-de-bogota-en-la-cop26.html HTTP/1.1" 200 -
66.249.79.240 - - [28/Nov/2021:05:28:28 -0500] "-" 408 -
216.245.221.92 - - [28/Nov/2021:05:30:10 -0500] "HEAD / HTTP/1.1" 200 -
207.46.13.215 - - [28/Nov/2021:05:32:56 -0500] "GET /bla/resoluciones/autos%202021/2687.pdf HTTP/1.1" 200 365016
201.245.192.253 - - [28/Nov/2021:05:32:38 -0500] "POST /kwsrmcab/Wsrmcab HTTP/1.1" 200 42235
201.245.192.253 - - [28/Nov/2021:05:33:26 -0500] "POST /kwsrmcab/Wsrmcab HTTP/1.1" 200 44363
201.245.192.253 - - [28/Nov/2021:05:34:13 -0500] "POST /kwsrmcab/Wsrmcab HTTP/1.1" 200 112647
216.245.221.92 - - [28/Nov/2021:05:35:10 -0500] "HEAD / HTTP/1.1" 200 -
213.180.203.5 - - [28/Nov/2021:05:37:24 -0500] "-" 408 -
207.46.13.215 - - [28/Nov/2021:05:39:26 -0500] "GET /transparencia/financiera/Desagregado%20con%20modificaciones/? HTTP/1.1" 200 39820
216.245.221.92 - - [28/Nov/2021:05:40:10 -0500] "HEAD / HTTP/1.1" 200 -
40.77.167.71 - - [28/Nov/2021:05:43:02 -0500] "GET /BLA/resoluciones/index.php?dir=Decretos%2F HTTP/1.1" 200 6804
157.55.39.61 - - [28/Nov/2021:05:43:07 -0500] "GET /BLA/boletinlegal/actos.php HTTP/1.1" 200 9519
201.245.192.253 - - [28/Nov/2021:05:42:38 -0500] "POST /kwsrmcab/Wsrmcab HTTP/1.1" 200 42235
201.245.192.253 - - [28/Nov/2021:05:43:24 -0500] "POST /kwsrmcab/Wsrmcab HTTP/1.1" 200 44363
5.255.253.137 - - [28/Nov/2021:05:44:49 -0500] "-" 408 -
201.245.192.253 - - [28/Nov/2021:05:44:13 -0500] "POST /kwsrmcab/Wsrmcab HTTP/1.1" 200 112647
216.245.221.92 - - [28/Nov/2021:05:45:10 -0500] "HEAD / HTTP/1.1" 200 -
34.147.107.146 - - [28/Nov/2021:05:45:34 -0500] "GET / HTTP/1.1" 200 319
216.245.221.92 - - [28/Nov/2021:05:50:10 -0500] "HEAD / HTTP/1.1" 200 -
114.119.143.58 - - [28/Nov/2021:05:53:34 -0500] "-" 408 -
201.245.192.253 - - [28/Nov/2021:05:54:14 -0500] "POST /kwsrmcab/Wsrmcab HTTP/1.1" 200 112647
216.245.221.92 - - [28/Nov/2021:05:55:10 -0500] "HEAD / HTTP/1.1" 200 -
66.249.79.238 - - [28/Nov/2021:05:59:25 -0500] "-" 408 -
216.245.221.92 - - [28/Nov/2021:06:00:10 -0500] "HEAD / HTTP/1.1" 200 -
5.255.253.170 - - [28/Nov/2021:06:01:16 -0500] "-" 408 -
201.245.192.253 - - [28/Nov/2021:06:04:13 -0500] "POST /kwsrmcab/Wsrmcab HTTP/1.1" 200 213
216.245.221.92 - - [28/Nov/2021:06:05:10 -0500] "HEAD / HTTP/1.1" 200 -
114.119.141.51 - - [28/Nov/2021:06:09:56 -0500] "GET /BLA/resoluciones/RESOLUCIONES%202008/2632.pdf HTTP/1.1" 200 360890
216.245.221.92 - - [28/Nov/2021:06:10:10 -0500] "HEAD / HTTP/1.1" 200 -
40.77.167.71 - - [28/Nov/2021:06:13:45 -0500] "GET /bla/resoluciones/autos%202021/2635.pdf HTTP/1.1" 200 367483
66.220.149.12 - - [28/Nov/2021:06:14:37 -0500] "GET /secretaria-de-ambiente-rescata-perezoso-y-lo-traslada-al-departamento-de-antioquia-para-su-rehabilitacion.html?fbclid=IwAR3RZhPjm0BtVwK2QwVzbkuxknHfFzjcz4ogpXvovyQjGTyjfUPQZJ5FLvg HTTP/1.1" 200 1059
201.245.192.253 - - [28/Nov/2021:06:14:13 -0500] "POST /kwsrmcab/Wsrmcab HTTP/1.1" 200 112679
216.245.221.92 - - [28/Nov/2021:06:15:10 -0500] "HEAD / HTTP/1.1" 200 -
66.249.79.240 - - [28/Nov/2021:06:16:11 -0500] "-" 408 -
157.55.39.111 - - [28/Nov/2021:06:19:42 -0500] "GET /BLA/resoluciones/index.php?dir=AUTOS+2021%2F HTTP/1.1" 200 195033
216.245.221.92 - - [28/Nov/2021:06:20:10 -0500] "HEAD / HTTP/1.1" 200 -
173.252.107.11 - - [28/Nov/2021:06:22:54 -0500] "GET /images/residuos-construccion-demolicion-control-bogota.jpeg HTTP/1.1" 200 79264
201.245.192.253 - - [28/Nov/2021:06:22:37 -0500] "POST /kwsrmcab/Wsrmcab HTTP/1.1" 200 42271
190.27.245.107 - - [28/Nov/2021:06:23:50 -0500] "GET /sipse/ HTTP/1.1" 302 -
190.67.219.59 - - [28/Nov/2021:06:23:50 -0500] "GET /sipse/faces/autenticacion.xhtml HTTP/1.1" 200 12497
190.67.219.59 - - [28/Nov/2021:06:23:50 -0500] "GET /sipse/faces/javax.faces.resource/primefaces.css;jsessionid=iNXVpa9hhtjFFH8fRs5wYJx3.undefined?ln=primefaces&v=4.0 HTTP/1.1" 200 53295
190.67.219.59 - - [28/Nov/2021:06:23:50 -0500] "GET /sipse/js/disable_browser_buttons.js HTTP/1.1" 304 -
190.67.219.59 - - [28/Nov/2021:06:23:50 -0500] "GET /sipse/faces/javax.faces.resource/layout/layout.css;jsessionid=iNXVpa9hhtjFFH8fRs5wYJx3.undefined?ln=primefaces&v=4.0 HTTP/1.1" 200 542
190.67.219.59 - - [28/Nov/2021:06:23:50 -0500] "GET /sipse/css/custom_css_sg_prime_login.css HTTP/1.1" 304 -
190.67.219.59 - - [28/Nov/2021:06:23:50 -0500] "GET /sipse/css/custom_css_sg.css HTTP/1.1" 304 -
190.67.219.59 - - [28/Nov/2021:06:23:50 -0500] "GET /sipse/js/funciones.js HTTP/1.1" 304 -
190.67.219.59 - - [28/Nov/2021:06:23:50 -0500] "GET /sipse/faces/javax.faces.resource/theme.css?ln=primefaces-sipse HTTP/1.1" 304 -
190.67.219.59 - - [28/Nov/2021:06:23:50 -0500] "GET /sipse/faces/javax.faces.resource/jquery/jquery.js;jsessionid=iNXVpa9hhtjFFH8fRs5wYJx3.undefined?ln=primefaces&v=4.0 HTTP/1.1" 200 105384
190.67.219.59 - - [28/Nov/2021:06:23:50 -0500] "GET /sipse/faces/javax.faces.resource/layout/layout.js;jsessionid=iNXVpa9hhtjFFH8fRs5wYJx3.undefined?ln=primefaces&v=4.0 HTTP/1.1" 200 87560
190.67.219.59 - - [28/Nov/2021:06:23:50 -0500] "GET /sipse/faces/javax.faces.resource/jquery/jquery-plugins.js;jsessionid=iNXVpa9hhtjFFH8fRs5wYJx3.undefined?ln=primefaces&v=4.0 HTTP/1.1" 200 220526
190.67.219.59 - - [28/Nov/2021:06:23:50 -0500] "GET /sipse/faces/javax.faces.resource/primefaces.js;jsessionid=iNXVpa9hhtjFFH8fRs5wYJx3.undefined?ln=primefaces&v=4.0 HTTP/1.1" 200 276924
190.67.219.59 - - [28/Nov/2021:06:23:50 -0500] "GET /sipse/css/imagen/logoSDG.png HTTP/1.1" 304 -
190.67.219.59 - - [28/Nov/2021:06:23:50 -0500] "GET /sipse/css/imagen/loginimg.png HTTP/1.1" 304 -
190.67.219.59 - - [28/Nov/2021:06:23:50 -0500] "GET /sipse/faces/javax.faces.resource/images/ui-icons_898989_256x240.png?ln=primefaces-aristo HTTP/1.1" 304 -
190.67.219.59 - - [28/Nov/2021:06:23:51 -0500] "GET /sipse/faces/index.xhtml HTTP/1.1" 200 677
190.67.219.59 - - [28/Nov/2021:06:23:51 -0500] "GET /sipse/faces/javax.faces.resource/theme.css?ln=primefaces-sipse HTTP/1.1" 304 -
190.67.219.59 - - [28/Nov/2021:06:23:51 -0500] "GET /sipse/faces/faces/autenticacion.xhtml HTTP/1.1" 200 12175
190.67.219.59 - - [28/Nov/2021:06:23:51 -0500] "GET /sipse/faces/javax.faces.resource/theme.css?ln=primefaces-sipse HTTP/1.1" 304 -
190.67.219.59 - - [28/Nov/2021:06:23:51 -0500] "GET /sipse/faces/javax.faces.resource/jquery/jquery.js?ln=primefaces&v=4.0 HTTP/1.1" 304 -
190.67.219.59 - - [28/Nov/2021:06:23:51 -0500] "GET /sipse/faces/javax.faces.resource/primefaces.css?ln=primefaces&v=4.0 HTTP/1.1" 304 -
190.67.219.59 - - [28/Nov/2021:06:23:51 -0500] "GET /sipse/faces/javax.faces.resource/jquery/jquery-plugins.js?ln=primefaces&v=4.0 HTTP/1.1" 304 -
190.67.219.59 - - [28/Nov/2021:06:23:51 -0500] "GET /sipse/faces/javax.faces.resource/primefaces.js?ln=primefaces&v=4.0 HTTP/1.1" 304 -
190.67.219.59 - - [28/Nov/2021:06:23:51 -0500] "GET /sipse/faces/javax.faces.resource/layout/layout.js?ln=primefaces&v=4.0 HTTP/1.1" 304 -
190.67.219.59 - - [28/Nov/2021:06:23:51 -0500] "GET /sipse/faces/javax.faces.resource/layout/layout.css?ln=primefaces&v=4.0 HTTP/1.1" 304 -
190.67.219.59 - - [28/Nov/2021:06:23:57 -0500] "POST /sipse/faces/autenticacion.xhtml HTTP/1.1" 200 16064
190.67.219.59 - - [28/Nov/2021:06:23:58 -0500] "GET /sipse/faces/javax.faces.resource/theme.css?ln=primefaces-sipse HTTP/1.1" 304 -
190.67.219.59 - - [28/Nov/2021:06:23:58 -0500] "GET /sipse/faces/javax.faces.resource/primefaces.css?ln=primefaces&v=4.0 HTTP/1.1" 304 -
190.67.219.59 - - [28/Nov/2021:06:23:58 -0500] "GET /sipse/faces/javax.faces.resource/layout/layout.css?ln=primefaces&v=4.0 HTTP/1.1" 304 -
190.67.219.59 - - [28/Nov/2021:06:23:58 -0500] "GET /sipse/js/jquery.min.js HTTP/1.1" 304 -
190.67.219.59 - - [28/Nov/2021:06:23:58 -0500] "GET /sipse/css/custom_css_sg_prime.css HTTP/1.1" 304 -
190.67.219.59 - - [28/Nov/2021:06:23:58 -0500] "GET /sipse/faces/javax.faces.resource/jquery/jquery.js?ln=primefaces&v=4.0 HTTP/1.1" 304 -
190.67.219.59 - - [28/Nov/2021:06:23:58 -0500] "GET /sipse/faces/javax.faces.resource/jquery/jquery-plugins.js?ln=primefaces&v=4.0 HTTP/1.1" 304 -
190.67.219.59 - - [28/Nov/2021:06:23:58 -0500] "GET /sipse/faces/javax.faces.resource/primefaces.js?ln=primefaces&v=4.0 HTTP/1.1" 304 -
190.67.219.59 - - [28/Nov/2021:06:23:58 -0500] "GET /sipse/faces/javax.faces.resource/layout/layout.js?ln=primefaces&v=4.0 HTTP/1.1" 304 -
190.67.219.59 - - [28/Nov/2021:06:23:58 -0500] "GET /sipse/imagenes/cargando.gif HTTP/1.1" 304 -
190.67.219.59 - - [28/Nov/2021:06:23:58 -0500] "GET /sipse/imagenes/logoAplicacion.jpg HTTP/1.1" 304 -
190.67.219.59 - - [28/Nov/2021:06:23:58 -0500] "GET /sipse/faces/javax.faces.resource/messages/messages.png?ln=primefaces&v=4.0 HTTP/1.1" 304 -
190.67.219.59 - - [28/Nov/2021:06:23:58 -0500] "GET /sipse/css/imagen/contrasena.png HTTP/1.1" 404 383
190.67.219.59 - - [28/Nov/2021:06:24:00 -0500] "GET /sipse/faces/javax.faces.resource/images/ui-bg_flat_0_2d5972_40x100.png?ln=primefaces-aristo HTTP/1.1" 304 -
190.67.219.59 - - [28/Nov/2021:06:24:00 -0500] "POST /sipse/faces/bienvenido.xhtml HTTP/1.1" 200 1473
201.245.192.253 - - [28/Nov/2021:06:23:25 -0500] "POST /kwsrmcab/Wsrmcab HTTP/1.1" 200 44395
201.245.192.253 - - [28/Nov/2021:06:24:14 -0500] "POST /kwsrmcab/Wsrmcab HTTP/1.1" 200 112679
216.245.221.92 - - [28/Nov/2021:06:25:10 -0500] "HEAD / HTTP/1.1" 200 -
66.249.79.236 - - [28/Nov/2021:06:27:20 -0500] "-" 408 -
190.67.219.59 - - [28/Nov/2021:06:29:48 -0500] "POST /sipse/faces/bienvenido.xhtml HTTP/1.1" 200 37739
190.67.219.59 - - [28/Nov/2021:06:29:49 -0500] "GET /sipse/faces/javax.faces.resource/theme.css?ln=primefaces-sipse HTTP/1.1" 304 -
190.67.219.59 - - [28/Nov/2021:06:29:49 -0500] "GET /sipse/faces/javax.faces.resource/primefaces.css?ln=primefaces&v=4.0 HTTP/1.1" 304 -
190.67.219.59 - - [28/Nov/2021:06:29:49 -0500] "GET /sipse/faces/javax.faces.resource/layout/layout.css?ln=primefaces&v=4.0 HTTP/1.1" 304 -
190.67.219.59 - - [28/Nov/2021:06:29:49 -0500] "GET /sipse/css/imagen/contrasena.png HTTP/1.1" 404 383
190.67.219.59 - - [28/Nov/2021:06:29:49 -0500] "GET /sipse/faces/javax.faces.resource/jquery/jquery.js?ln=primefaces&v=4.0 HTTP/1.1" 304 -
190.67.219.59 - - [28/Nov/2021:06:29:49 -0500] "GET /sipse/faces/javax.faces.resource/jquery/jquery-plugins.js?ln=primefaces&v=4.0 HTTP/1.1" 304 -
190.67.219.59 - - [28/Nov/2021:06:29:49 -0500] "GET /sipse/faces/javax.faces.resource/primefaces.js?ln=primefaces&v=4.0 HTTP/1.1" 304 -
190.67.219.59 - - [28/Nov/2021:06:29:49 -0500] "GET /sipse/faces/javax.faces.resource/layout/layout.js?ln=primefaces&v=4.0 HTTP/1.1" 304 -
190.67.219.59 - - [28/Nov/2021:06:29:50 -0500] "GET /sipse/faces/javax.faces.resource/images/ui-icons_898989_256x240.png?ln=primefaces-aristo HTTP/1.1" 304 -
190.67.219.59 - - [28/Nov/2021:06:30:04 -0500] "POST /sipse/faces/presentacion/financiero/solicitudProceso/consultar.xhtml HTTP/1.1" 200 12858
190.67.219.59 - - [28/Nov/2021:06:30:07 -0500] "POST /sipse/faces/presentacion/financiero/solicitudProceso/consultar.xhtml HTTP/1.1" 200 121456
190.67.219.59 - - [28/Nov/2021:06:30:08 -0500] "GET /sipse/faces/javax.faces.resource/theme.css?ln=primefaces-sipse HTTP/1.1" 304 -
190.67.219.59 - - [28/Nov/2021:06:30:08 -0500] "GET /sipse/faces/javax.faces.resource/primefaces.css?ln=primefaces&v=4.0 HTTP/1.1" 304 -
190.67.219.59 - - [28/Nov/2021:06:30:08 -0500] "GET /sipse/faces/javax.faces.resource/layout/layout.css?ln=primefaces&v=4.0 HTTP/1.1" 304 -
190.67.219.59 - - [28/Nov/2021:06:30:08 -0500] "GET /sipse/faces/javax.faces.resource/jquery/jquery.js?ln=primefaces&v=4.0 HTTP/1.1" 304 -
190.67.219.59 - - [28/Nov/2021:06:30:08 -0500] "GET /sipse/faces/javax.faces.resource/jquery/jquery-plugins.js?ln=primefaces&v=4.0 HTTP/1.1" 304 -
190.67.219.59 - - [28/Nov/2021:06:30:08 -0500] "GET /sipse/faces/javax.faces.resource/primefaces.js?ln=primefaces&v=4.0 HTTP/1.1" 304 -
190.67.219.59 - - [28/Nov/2021:06:30:08 -0500] "GET /sipse/faces/javax.faces.resource/layout/layout.js?ln=primefaces&v=4.0 HTTP/1.1" 304 -
