190.69.50.47 - - [30/Nov/2021:01:26:59 -0500] "POST /sipse/faces/presentacion/financiero/solicitudProceso/listarSolicitudProceso.xhtml HTTP/1.1" 200 30482
190.69.50.47 - - [30/Nov/2021:01:27:00 -0500] "POST /sipse/faces/presentacion/financiero/solicitudProceso/listarSolicitudProceso.xhtml HTTP/1.1" 200 4841
190.69.50.47 - - [30/Nov/2021:01:27:00 -0500] "POST /sipse/faces/presentacion/financiero/solicitudProceso/listarSolicitudProceso.xhtml HTTP/1.1" 200 4845
190.69.50.47 - - [30/Nov/2021:01:27:06 -0500] "POST /sipse/faces/presentacion/financiero/solicitudProceso/listarSolicitudProceso.xhtml HTTP/1.1" 200 124462
190.69.50.47 - - [30/Nov/2021:01:27:06 -0500] "GET /sipse/faces/javax.faces.resource/theme.css?ln=primefaces-sipse HTTP/1.1" 304 -
190.69.50.47 - - [30/Nov/2021:01:27:06 -0500] "GET /sipse/faces/javax.faces.resource/primefaces.css?ln=primefaces&v=4.0 HTTP/1.1" 304 -
190.69.50.47 - - [30/Nov/2021:01:27:06 -0500] "GET /sipse/faces/javax.faces.resource/layout/layout.css?ln=primefaces&v=4.0 HTTP/1.1" 304 -
190.69.50.47 - - [30/Nov/2021:01:27:06 -0500] "GET /sipse/faces/javax.faces.resource/jquery/jquery.js?ln=primefaces&v=4.0 HTTP/1.1" 304 -
190.69.50.47 - - [30/Nov/2021:01:27:06 -0500] "GET /sipse/faces/javax.faces.resource/jquery/jquery-plugins.js?ln=primefaces&v=4.0 HTTP/1.1" 304 -
190.69.50.47 - - [30/Nov/2021:01:27:06 -0500] "GET /sipse/faces/javax.faces.resource/primefaces.js?ln=primefaces&v=4.0 HTTP/1.1" 304 -
190.69.50.47 - - [30/Nov/2021:01:27:06 -0500] "GET /sipse/faces/javax.faces.resource/layout/layout.js?ln=primefaces&v=4.0 HTTP/1.1" 304 -
190.69.50.47 - - [30/Nov/2021:01:27:07 -0500] "GET /reportes_sipse/sdg/ServletReporte?reporte=solicitud_cdp&Solicitud=17213&pfdrid_c=false HTTP/1.1" 200 93601
190.69.50.47 - - [30/Nov/2021:01:27:15 -0500] "POST /sipse/faces/presentacion/financiero/solicitudProceso/consultarSolicitudProceso.xhtml HTTP/1.1" 200 84686
190.69.50.47 - - [30/Nov/2021:01:27:15 -0500] "GET /sipse/faces/javax.faces.resource/theme.css?ln=primefaces-sipse HTTP/1.1" 304 -
190.69.50.47 - - [30/Nov/2021:01:27:15 -0500] "GET /sipse/faces/javax.faces.resource/primefaces.css?ln=primefaces&v=4.0 HTTP/1.1" 304 -
190.69.50.47 - - [30/Nov/2021:01:27:15 -0500] "GET /sipse/faces/javax.faces.resource/layout/layout.css?ln=primefaces&v=4.0 HTTP/1.1" 304 -
190.69.50.47 - - [30/Nov/2021:01:27:15 -0500] "GET /sipse/faces/javax.faces.resource/jquery/jquery.js?ln=primefaces&v=4.0 HTTP/1.1" 304 -
190.69.50.47 - - [30/Nov/2021:01:27:15 -0500] "GET /sipse/faces/javax.faces.resource/jquery/jquery-plugins.js?ln=primefaces&v=4.0 HTTP/1.1" 304 -
190.69.50.47 - - [30/Nov/2021:01:27:16 -0500] "GET /sipse/faces/javax.faces.resource/primefaces.js?ln=primefaces&v=4.0 HTTP/1.1" 304 -
190.69.50.47 - - [30/Nov/2021:01:27:16 -0500] "GET /sipse/faces/javax.faces.resource/layout/layout.js?ln=primefaces&v=4.0 HTTP/1.1" 304 -
190.69.50.47 - - [30/Nov/2021:01:27:22 -0500] "POST /sipse/faces/presentacion/financiero/solicitudProceso/crearModificarSolicitudProceso.xhtml HTTP/1.1" 200 7621
157.55.39.88 - - [30/Nov/2021:01:28:41 -0500] "GET /galeria/galeria/fotos/cusumbo4G.jpg HTTP/1.1" 200 292522
40.77.167.71 - - [30/Nov/2021:01:28:49 -0500] "GET /bla/resoluciones/autos%202012/2139.pdf HTTP/1.1" 200 776738
216.245.221.92 - - [30/Nov/2021:01:30:04 -0500] "HEAD / HTTP/1.1" 200 -
66.249.79.236 - - [30/Nov/2021:01:33:03 -0500] "-" 408 -
45.146.164.110 - - [30/Nov/2021:01:33:06 -0500] "GET /_ignition/execute-solution HTTP/1.1" 404 1018
201.245.192.253 - - [30/Nov/2021:01:32:28 -0500] "POST /kwsrmcab/Wsrmcab HTTP/1.1" 200 44630
201.245.192.253 - - [30/Nov/2021:01:33:17 -0500] "POST /kwsrmcab/Wsrmcab HTTP/1.1" 200 44034
216.245.221.92 - - [30/Nov/2021:01:35:04 -0500] "HEAD / HTTP/1.1" 200 -
40.77.167.71 - - [30/Nov/2021:01:38:49 -0500] "GET /bla/resoluciones/autos%202011/2807.pdf HTTP/1.1" 200 35040
190.69.50.47 - - [30/Nov/2021:01:38:59 -0500] "-" 408 -
216.245.221.92 - - [30/Nov/2021:01:40:04 -0500] "HEAD / HTTP/1.1" 200 -
185.142.236.43 - - [30/Nov/2021:01:41:11 -0500] "GET / HTTP/1.1" 200 319
185.142.236.43 - - [30/Nov/2021:01:41:18 -0500] "GET /sitemap.xml HTTP/1.1" 404 1018
185.142.236.43 - - [30/Nov/2021:01:41:19 -0500] "GET /.well-known/security.txt HTTP/1.1" 404 1018
185.142.236.43 - - [30/Nov/2021:01:41:20 -0500] "GET /favicon.ico HTTP/1.1" 200 7782
66.249.79.236 - - [30/Nov/2021:01:41:53 -0500] "-" 408 -
201.245.192.253 - - [30/Nov/2021:01:42:28 -0500] "POST /kwsrmcab/Wsrmcab HTTP/1.1" 200 44630
201.245.192.253 - - [30/Nov/2021:01:43:18 -0500] "POST /kwsrmcab/Wsrmcab HTTP/1.1" 200 44034
216.245.221.92 - - [30/Nov/2021:01:45:04 -0500] "HEAD / HTTP/1.1" 200 -
40.77.167.71 - - [30/Nov/2021:01:46:39 -0500] "GET /bla/resoluciones/autos%202011/3898.pdf HTTP/1.1" 200 3713237
45.146.164.110 - - [30/Nov/2021:01:48:45 -0500] "GET / HTTP/1.1" 200 319
216.245.221.92 - - [30/Nov/2021:01:50:04 -0500] "HEAD / HTTP/1.1" 200 -
66.249.79.236 - - [30/Nov/2021:01:50:42 -0500] "-" 408 -
34.90.61.69 - - [30/Nov/2021:01:52:00 -0500] "GET / HTTP/1.1" 200 319
152.61.192.232 - - [30/Nov/2021:01:52:12 -0500] "GET /arcgis/services/Calidad_del_Agua_WQI/MapServer/WMSServer?request=GetCapabilities&service=WMS HTTP/1.1" 503 1020
152.61.192.232 - - [30/Nov/2021:01:52:13 -0500] "GET /arcgis/services/Calidad_del_Agua_WQI/MapServer/WMSServer?SERVICE=WMS&REQUEST=GetCapabilities HTTP/1.1" 503 1020
152.61.192.232 - - [30/Nov/2021:01:52:13 -0500] "GET /arcgis/services/Calidad_del_Agua_WQI/MapServer/WMSServer?WMTVER=1.0.0&REQUEST=capabilities HTTP/1.1" 503 1020
201.245.192.253 - - [30/Nov/2021:01:54:06 -0500] "POST /kwsrmcab/Wsrmcab HTTP/1.1" 200 111832
216.245.221.92 - - [30/Nov/2021:01:55:04 -0500] "HEAD / HTTP/1.1" 200 -
34.140.248.32 - - [30/Nov/2021:01:55:38 -0500] "GET / HTTP/1.1" 200 319
157.55.39.61 - - [30/Nov/2021:01:57:54 -0500] "GET /galeria/bibloteca/ContentFlowAddOn_white.js HTTP/1.1" 200 2497
157.55.39.111 - - [30/Nov/2021:01:57:55 -0500] "GET /galeria/bibloteca/contentflow.css HTTP/1.1" 200 3201
157.55.39.61 - - [30/Nov/2021:01:57:57 -0500] "GET /galeria/bibloteca/mycontentflow.css HTTP/1.1" 200 3110
152.61.128.50 - - [30/Nov/2021:01:58:23 -0500] "GET /arcgis/services/Calidad_del_Agua_WQI/MapServer/WMSServer?request=GetCapabilities&service=WMS HTTP/1.1" 503 1020
152.61.128.50 - - [30/Nov/2021:01:58:24 -0500] "GET /arcgis/services/Calidad_del_Agua_WQI/MapServer/WMSServer?SERVICE=WMS&REQUEST=GetCapabilities HTTP/1.1" 503 1020
152.61.128.50 - - [30/Nov/2021:01:58:25 -0500] "GET /arcgis/services/Calidad_del_Agua_WQI/MapServer/WMSServer?WMTVER=1.0.0&REQUEST=capabilities HTTP/1.1" 503 1020
207.46.13.134 - - [30/Nov/2021:01:58:26 -0500] "GET /bla/resoluciones/autos%202011/2637.pdf HTTP/1.1" 200 160597
40.77.167.71 - - [30/Nov/2021:01:59:01 -0500] "GET /bla/resoluciones/autos%202012/1134.pdf HTTP/1.1" 200 369659
66.249.79.236 - - [30/Nov/2021:01:59:32 -0500] "-" 408 -
66.249.79.44 - - [30/Nov/2021:01:59:39 -0500] "-" 408 -
216.245.221.92 - - [30/Nov/2021:02:00:04 -0500] "HEAD / HTTP/1.1" 200 -
157.55.39.61 - - [30/Nov/2021:02:00:25 -0500] "GET /bla/resoluciones/autos%202011/4882.pdf HTTP/1.1" 200 639931
40.77.167.71 - - [30/Nov/2021:02:02:02 -0500] "GET /bla/resoluciones/autos%202011/3211.pdf HTTP/1.1" 200 277569
157.55.39.111 - - [30/Nov/2021:02:04:07 -0500] "GET /bla/resoluciones/autos%202011/4627.pdf HTTP/1.1" 200 145660
201.245.192.253 - - [30/Nov/2021:02:04:07 -0500] "POST /kwsrmcab/Wsrmcab HTTP/1.1" 200 213
216.245.221.92 - - [30/Nov/2021:02:05:04 -0500] "HEAD / HTTP/1.1" 200 -
157.55.39.88 - - [30/Nov/2021:02:05:07 -0500] "GET /bla/resoluciones/autos%202011/5104.pdf HTTP/1.1" 200 222459
216.245.221.92 - - [30/Nov/2021:02:10:04 -0500] "HEAD / HTTP/1.1" 200 -
157.55.39.61 - - [30/Nov/2021:02:10:28 -0500] "GET /bla/resoluciones/autos%202011/3385.pdf HTTP/1.1" 200 232533
199.16.157.181 - - [30/Nov/2021:02:10:48 -0500] "-" 408 -
190.63.236.254 - - [30/Nov/2021:02:14:48 -0500] "GET /galeria/galeria/jquery.fancybox.css?v=2.1.5 HTTP/1.1" 200 4895
201.245.192.253 - - [30/Nov/2021:02:14:08 -0500] "POST /kwsrmcab/Wsrmcab HTTP/1.1" 200 112234
216.245.221.92 - - [30/Nov/2021:02:15:04 -0500] "HEAD / HTTP/1.1" 200 -
40.77.167.71 - - [30/Nov/2021:02:15:53 -0500] "GET /bla/resoluciones/autos%202011/2503.pdf HTTP/1.1" 200 106580
66.249.79.240 - - [30/Nov/2021:02:17:12 -0500] "-" 408 -
216.245.221.92 - - [30/Nov/2021:02:20:04 -0500] "HEAD / HTTP/1.1" 200 -
157.55.39.111 - - [30/Nov/2021:02:21:20 -0500] "GET /bla/resoluciones/autos%202011/6131.pdf HTTP/1.1" 200 147754
191.95.131.120 - - [30/Nov/2021:02:21:40 -0500] "GET /galeria/galeria/jquery.fancybox.css?v=2.1.5 HTTP/1.1" 200 4895
157.55.39.88 - - [30/Nov/2021:02:22:38 -0500] "GET /bla/resoluciones/resoluciones%202009/1274.pdf HTTP/1.1" 200 47844
201.245.192.253 - - [30/Nov/2021:02:22:28 -0500] "POST /kwsrmcab/Wsrmcab HTTP/1.1" 200 44795
66.249.79.236 - - [30/Nov/2021:02:24:00 -0500] "-" 408 -
201.245.192.253 - - [30/Nov/2021:02:23:14 -0500] "POST /kwsrmcab/Wsrmcab HTTP/1.1" 200 44193
157.55.39.61 - - [30/Nov/2021:02:24:18 -0500] "GET /bla/resoluciones/autos%202011/5873.pdf HTTP/1.1" 200 505321
40.77.167.71 - - [30/Nov/2021:02:24:45 -0500] "GET /bla/resoluciones/autos%202011/3677.pdf HTTP/1.1" 200 227523
201.245.192.253 - - [30/Nov/2021:02:24:08 -0500] "POST /kwsrmcab/Wsrmcab HTTP/1.1" 200 112234
216.245.221.92 - - [30/Nov/2021:02:25:04 -0500] "HEAD / HTTP/1.1" 200 -
45.146.164.110 - - [30/Nov/2021:02:26:36 -0500] "POST /cgi-bin/.%2e/.%2e/.%2e/.%2e/bin/sh HTTP/1.1" 400 945
40.77.189.14 - - [30/Nov/2021:02:28:52 -0500] "GET /galeria/bibloteca/ContentFlowAddOn_white.css HTTP/1.1" 200 3355
66.249.79.236 - - [30/Nov/2021:02:29:57 -0500] "-" 408 -
216.245.221.92 - - [30/Nov/2021:02:30:04 -0500] "HEAD / HTTP/1.1" 200 -
207.46.13.134 - - [30/Nov/2021:02:30:30 -0500] "GET /bla/resoluciones/autos%202011/1281.pdf HTTP/1.1" 200 159609
20.36.244.102 - - [30/Nov/2021:02:30:42 -0500] "GET /noticias/rssambiente.php HTTP/1.1" 406 -
157.55.39.88 - - [30/Nov/2021:02:32:31 -0500] "GET /bla/resoluciones/resoluciones%202009/1301.pdf HTTP/1.1" 200 560581
201.245.192.253 - - [30/Nov/2021:02:32:29 -0500] "POST /kwsrmcab/Wsrmcab HTTP/1.1" 200 44795
157.55.39.111 - - [30/Nov/2021:02:33:40 -0500] "GET /BLA/resoluciones/index.php?dir=RESOLUCIONES+2021%2F HTTP/1.1" 200 159366
201.245.192.253 - - [30/Nov/2021:02:33:17 -0500] "POST /kwsrmcab/Wsrmcab HTTP/1.1" 200 44193
216.245.221.92 - - [30/Nov/2021:02:35:03 -0500] "HEAD / HTTP/1.1" 200 -
40.77.167.71 - - [30/Nov/2021:02:35:34 -0500] "GET /BLA/resoluciones/RESOLUCIONES%202021/0362.pdf HTTP/1.1" 200 751567
66.249.79.236 - - [30/Nov/2021:02:35:42 -0500] "-" 408 -
207.46.13.215 - - [30/Nov/2021:02:37:58 -0500] "GET /bla/resoluciones/autos%202011/4744.pdf HTTP/1.1" 200 332356
216.245.221.92 - - [30/Nov/2021:02:40:04 -0500] "HEAD / HTTP/1.1" 200 -
66.249.79.236 - - [30/Nov/2021:02:41:40 -0500] "-" 408 -
201.245.192.253 - - [30/Nov/2021:02:42:29 -0500] "POST /kwsrmcab/Wsrmcab HTTP/1.1" 200 44795
201.245.192.253 - - [30/Nov/2021:02:43:18 -0500] "POST /kwsrmcab/Wsrmcab HTTP/1.1" 200 44193
216.245.221.92 - - [30/Nov/2021:02:45:03 -0500] "HEAD / HTTP/1.1" 200 -
207.46.13.215 - - [30/Nov/2021:02:48:19 -0500] "GET /bla/resoluciones/autos%202012/0717.pdf HTTP/1.1" 200 270696
216.245.221.92 - - [30/Nov/2021:02:50:03 -0500] "HEAD / HTTP/1.1" 200 -
207.46.13.134 - - [30/Nov/2021:02:51:51 -0500] "GET /bla/resoluciones/autos%202011/4672.pdf HTTP/1.1" 200 250629
157.55.39.111 - - [30/Nov/2021:02:54:33 -0500] "GET /bla/resoluciones/autos%202011/3548.pdf HTTP/1.1" 200 256619
201.245.192.253 - - [30/Nov/2021:02:54:08 -0500] "POST /kwsrmcab/Wsrmcab HTTP/1.1" 200 112234
216.245.221.92 - - [30/Nov/2021:02:55:03 -0500] "HEAD / HTTP/1.1" 200 -
40.77.167.71 - - [30/Nov/2021:02:57:07 -0500] "GET /bla/resoluciones/autos%202011/3885.pdf HTTP/1.1" 200 137867
157.55.39.111 - - [30/Nov/2021:02:57:32 -0500] "GET /BLA/resoluciones/RESOLUCIONES%202021/2233.pdf HTTP/1.1" 200 349024
40.77.167.45 - - [30/Nov/2021:02:57:49 -0500] "GET /portaldeninos/2021/04/16/secretaria-de-ambiente-apoya-el-reto-planeta-2021-e-invita-a-instituciones-educativas-a-unirse/ HTTP/1.1" 200 97593
34.141.153.253 - - [30/Nov/2021:02:58:44 -0500] "GET / HTTP/1.1" 200 319
45.146.164.110 - - [30/Nov/2021:02:59:35 -0500] "GET / HTTP/1.1" 200 319
216.245.221.92 - - [30/Nov/2021:03:00:03 -0500] "HEAD / HTTP/1.1" 200 -
66.249.79.240 - - [30/Nov/2021:03:01:23 -0500] "-" 408 -
207.46.13.215 - - [30/Nov/2021:03:03:03 -0500] "GET /bla/resoluciones/autos%202011/3087.pdf HTTP/1.1" 200 246516
157.55.39.111 - - [30/Nov/2021:03:03:42 -0500] "GET /bla/resoluciones/autos%202011/5080.pdf HTTP/1.1" 200 170252
216.245.221.92 - - [30/Nov/2021:03:05:03 -0500] "HEAD / HTTP/1.1" 200 -
157.55.39.111 - - [30/Nov/2021:03:05:42 -0500] "GET /bla/resoluciones/autos%202011/1968.pdf HTTP/1.1" 200 525331
66.249.79.236 - - [30/Nov/2021:03:07:23 -0500] "-" 408 -
216.245.221.92 - - [30/Nov/2021:03:10:03 -0500] "HEAD / HTTP/1.1" 200 -
114.119.128.237 - - [30/Nov/2021:03:10:15 -0500] "-" 408 -
207.46.13.215 - - [30/Nov/2021:03:10:34 -0500] "GET /bla/resoluciones/autos%202011/1406.pdf HTTP/1.1" 200 269334
207.46.13.215 - - [30/Nov/2021:03:12:54 -0500] "GET /galeria/galeria/fotos/Humedal-la-conejera3G.jpg HTTP/1.1" 200 373974
157.55.39.88 - - [30/Nov/2021:03:14:03 -0500] "GET /bla/resoluciones/autos%202011/2989.pdf HTTP/1.1" 200 208223
198.98.51.222 - - [30/Nov/2021:03:14:09 -0500] "GET / HTTP/1.1" 200 319
46.166.139.111 - - [30/Nov/2021:03:14:11 -0500] "GET /favicon.ico HTTP/1.1" 200 7782
157.55.39.111 - - [30/Nov/2021:03:14:43 -0500] "GET /bla/resoluciones/resoluciones%202009/3017.pdf HTTP/1.1" 200 606690
216.245.221.92 - - [30/Nov/2021:03:15:03 -0500] "HEAD / HTTP/1.1" 200 -
157.55.39.88 - - [30/Nov/2021:03:15:15 -0500] "GET /bla/resoluciones/autos%202011/2927.pdf HTTP/1.1" 200 574238
157.55.39.88 - - [30/Nov/2021:03:15:17 -0500] "GET /bla/resoluciones/autos%202011/5570.pdf HTTP/1.1" 200 233911
40.77.167.71 - - [30/Nov/2021:03:18:00 -0500] "GET /sipse/faces/presentacion/financiero/solicitudProceso/consultarSolicitudProceso.xhtml HTTP/1.1" 302 -
40.77.167.71 - - [30/Nov/2021:03:18:02 -0500] "GET /sipse/faces/autenticacion.xhtml HTTP/1.1" 200 12182
157.55.39.61 - - [30/Nov/2021:03:19:44 -0500] "GET /bla/resoluciones/autos%202011/5268.pdf HTTP/1.1" 200 168984
66.249.79.236 - - [30/Nov/2021:03:19:48 -0500] "-" 408 -
216.245.221.92 - - [30/Nov/2021:03:20:03 -0500] "HEAD / HTTP/1.1" 200 -
185.142.236.43 - - [30/Nov/2021:03:21:13 -0500] "-" 408 -
207.46.13.47 - - [30/Nov/2021:03:21:36 -0500] "GET /bla/resoluciones/autos%202011/3282.pdf HTTP/1.1" 200 213957
66.249.79.167 - - [30/Nov/2021:03:22:22 -0500] "-" 408 -
40.77.167.71 - - [30/Nov/2021:03:23:10 -0500] "GET /bla/resoluciones/resoluciones%202009/2207.pdf HTTP/1.1" 200 612993
201.245.192.253 - - [30/Nov/2021:03:22:29 -0500] "POST /kwsrmcab/Wsrmcab HTTP/1.1" 200 44789
201.245.192.253 - - [30/Nov/2021:03:23:17 -0500] "POST /kwsrmcab/Wsrmcab HTTP/1.1" 200 44203
201.245.192.253 - - [30/Nov/2021:03:24:08 -0500] "POST /kwsrmcab/Wsrmcab HTTP/1.1" 200 112244
216.245.221.92 - - [30/Nov/2021:03:25:03 -0500] "HEAD / HTTP/1.1" 200 -
66.249.79.236 - - [30/Nov/2021:03:26:00 -0500] "-" 408 -
216.245.221.92 - - [30/Nov/2021:03:30:03 -0500] "HEAD / HTTP/1.1" 200 -
40.77.167.71 - - [30/Nov/2021:03:32:01 -0500] "GET /bla/resoluciones/autos%202011/3924.pdf HTTP/1.1" 200 326714
201.245.192.253 - - [30/Nov/2021:03:32:29 -0500] "POST /kwsrmcab/Wsrmcab HTTP/1.1" 200 44789
66.249.79.236 - - [30/Nov/2021:03:33:24 -0500] "-" 408 -
40.77.167.71 - - [30/Nov/2021:03:33:50 -0500] "GET /bla/resoluciones/autos%202011/4841.pdf HTTP/1.1" 200 168107
201.245.192.253 - - [30/Nov/2021:03:33:17 -0500] "POST /kwsrmcab/Wsrmcab HTTP/1.1" 200 44203
201.245.192.253 - - [30/Nov/2021:03:34:07 -0500] "POST /kwsrmcab/Wsrmcab HTTP/1.1" 200 112244
216.245.221.92 - - [30/Nov/2021:03:35:03 -0500] "HEAD / HTTP/1.1" 200 -
40.77.167.71 - - [30/Nov/2021:03:36:01 -0500] "GET /bla/resoluciones/autos%202011/4583.pdf HTTP/1.1" 200 124816
207.46.13.215 - - [30/Nov/2021:03:36:29 -0500] "GET /bla/resoluciones/autos%202011/3281.pdf HTTP/1.1" 200 220971
207.46.13.90 - - [30/Nov/2021:03:37:03 -0500] "GET /portaldeninos/aula-ambiental-artistica-itinerante-auambari/ HTTP/1.1" 200 82322
40.77.167.71 - - [30/Nov/2021:03:37:10 -0500] "GET /bla/resoluciones/autos%202011/1534.pdf HTTP/1.1" 200 147689
66.249.79.236 - - [30/Nov/2021:03:39:39 -0500] "-" 408 -
201.245.192.253 - - [30/Nov/2021:03:42:29 -0500] "POST /kwsrmcab/Wsrmcab HTTP/1.1" 200 44789
201.245.192.253 - - [30/Nov/2021:03:43:17 -0500] "POST /kwsrmcab/Wsrmcab HTTP/1.1" 200 44203
216.245.221.92 - - [30/Nov/2021:03:44:42 -0500] "HEAD / HTTP/1.1" 200 -
201.245.192.253 - - [30/Nov/2021:03:44:07 -0500] "POST /kwsrmcab/Wsrmcab HTTP/1.1" 200 112244
207.46.13.215 - - [30/Nov/2021:03:48:02 -0500] "GET /bla/resoluciones/autos%202011/4961.pdf HTTP/1.1" 200 474839
66.249.79.236 - - [30/Nov/2021:03:48:08 -0500] "-" 408 -
157.55.39.88 - - [30/Nov/2021:03:48:36 -0500] "GET /bla/resoluciones/autos%202012/2090.pdf HTTP/1.1" 200 338288
216.245.221.92 - - [30/Nov/2021:03:49:41 -0500] "HEAD / HTTP/1.1" 200 -
157.55.39.61 - - [30/Nov/2021:03:51:56 -0500] "GET /bla/resoluciones/autos%202011/0110.pdf HTTP/1.1" 200 156407
167.94.138.60 - - [30/Nov/2021:03:52:01 -0500] "GET / HTTP/1.1" 200 319
167.94.138.60 - - [30/Nov/2021:03:52:01 -0500] "GET / HTTP/1.1" 200 319
157.55.39.88 - - [30/Nov/2021:03:53:17 -0500] "GET /bla/resoluciones/resoluciones%202009/1125.pdf HTTP/1.1" 200 486398
216.245.221.92 - - [30/Nov/2021:03:54:41 -0500] "HEAD / HTTP/1.1" 200 -
66.249.79.236 - - [30/Nov/2021:03:54:44 -0500] "-" 408 -
207.46.13.134 - - [30/Nov/2021:03:54:49 -0500] "GET /bla/resoluciones/autos%202011/0843.pdf HTTP/1.1" 200 162215
201.245.192.253 - - [30/Nov/2021:03:54:06 -0500] "POST /kwsrmcab/Wsrmcab HTTP/1.1" 200 112244
173.252.107.112 - - [30/Nov/2021:03:59:27 -0500] "GET /images/tik-tok-red-social%20secretaria-ambiente-30-octubre.jpg HTTP/1.1" 200 23521
216.245.221.92 - - [30/Nov/2021:03:59:41 -0500] "HEAD / HTTP/1.1" 200 -
66.249.79.236 - - [30/Nov/2021:04:00:34 -0500] "-" 408 -
34.147.15.208 - - [30/Nov/2021:04:02:54 -0500] "GET / HTTP/1.1" 200 319
157.55.39.61 - - [30/Nov/2021:04:02:57 -0500] "GET /bla/resoluciones/autos%202011/2029.pdf HTTP/1.1" 200 164679
216.245.221.92 - - [30/Nov/2021:04:04:41 -0500] "HEAD / HTTP/1.1" 200 -
201.245.192.253 - - [30/Nov/2021:04:04:08 -0500] "POST /kwsrmcab/Wsrmcab HTTP/1.1" 200 213
66.249.79.236 - - [30/Nov/2021:04:07:00 -0500] "-" 408 -
216.245.221.92 - - [30/Nov/2021:04:09:41 -0500] "HEAD / HTTP/1.1" 200 -
157.55.39.61 - - [30/Nov/2021:04:12:38 -0500] "GET /bla/resoluciones/autos%202011/5830.pdf HTTP/1.1" 200 241495
66.249.79.236 - - [30/Nov/2021:04:13:01 -0500] "-" 408 -
216.245.221.92 - - [30/Nov/2021:04:14:41 -0500] "HEAD / HTTP/1.1" 200 -
201.245.192.253 - - [30/Nov/2021:04:14:06 -0500] "POST /kwsrmcab/Wsrmcab HTTP/1.1" 200 112242
40.77.167.71 - - [30/Nov/2021:04:16:24 -0500] "GET /bla/resoluciones/autos%202011/3080.pdf HTTP/1.1" 200 159626
114.119.132.76 - - [30/Nov/2021:04:17:04 -0500] "GET /BLA/resoluciones/RESOLUCIONES%202010/7020.pdf HTTP/1.1" 200 1627908
207.46.13.215 - - [30/Nov/2021:04:17:16 -0500] "GET /bla/resoluciones/autos%202011/4191.pdf HTTP/1.1" 200 221093
34.86.35.5 - - [30/Nov/2021:04:18:39 -0500] "GET / HTTP/1.1" 200 4720
40.77.167.71 - - [30/Nov/2021:04:18:45 -0500] "GET /bla/resoluciones/autos%202011/4855.pdf HTTP/1.1" 200 242374
207.46.13.215 - - [30/Nov/2021:04:18:46 -0500] "GET /galeria/galeria/jquery.fancybox.js?v=2.1.5 HTTP/1.1" 200 48706
40.77.167.71 - - [30/Nov/2021:04:18:48 -0500] "GET /bla/resoluciones/autos%202011/2802.pdf HTTP/1.1" 200 396456
157.55.39.88 - - [30/Nov/2021:04:18:51 -0500] "GET /bla/resoluciones/autos%202011/4828.pdf HTTP/1.1" 200 613773
185.239.215.236 - - [30/Nov/2021:04:19:02 -0500] "GET /en-navidad-bogota-protege-el-musgo-y-sus-ecosistemas.html HTTP/1.1" 200 802
185.232.6.12 - - [30/Nov/2021:04:19:04 -0500] "GET /ciudadanos-y-empresas-participaron-en-la-semana-ecoempresarial-2021.html HTTP/1.1" 200 870
66.249.79.236 - - [30/Nov/2021:04:19:21 -0500] "-" 408 -
216.245.221.92 - - [30/Nov/2021:04:19:41 -0500] "HEAD / HTTP/1.1" 200 -
40.77.167.71 - - [30/Nov/2021:04:19:45 -0500] "GET /bla/resoluciones/autos%202011/3809.pdf HTTP/1.1" 200 336653
114.119.132.76 - - [30/Nov/2021:04:19:50 -0500] "GET /BLA/resoluciones/RESOLUCIONES%202010/0050.pdf HTTP/1.1" 200 499948
69.171.251.21 - - [30/Nov/2021:04:20:51 -0500] "GET /images/cuco-americano-23-noviembre.jpg HTTP/1.1" 200 34532
157.55.39.61 - - [30/Nov/2021:04:22:11 -0500] "GET /bla/resoluciones/autos%202011/3217.pdf HTTP/1.1" 200 446362
201.245.192.253 - - [30/Nov/2021:04:22:28 -0500] "POST /kwsrmcab/Wsrmcab HTTP/1.1" 200 44620
201.245.192.253 - - [30/Nov/2021:04:23:16 -0500] "POST /kwsrmcab/Wsrmcab HTTP/1.1" 200 44201
216.245.221.92 - - [30/Nov/2021:04:24:41 -0500] "HEAD / HTTP/1.1" 200 -
66.248.204.30 - - [30/Nov/2021:04:25:41 -0500] "GET /images/musgo-planta-flora-bogota-27-noviembre.jpg HTTP/1.1" 200 65902
207.46.13.134 - - [30/Nov/2021:04:25:52 -0500] "GET /sipse/faces/index.xhtml HTTP/1.1" 200 677
114.119.155.150 - - [30/Nov/2021:04:26:04 -0500] "GET /galeria/galeria/jquery.fancybox.js?v=2.1.5 HTTP/1.1" 200 48706
66.249.79.236 - - [30/Nov/2021:04:26:31 -0500] "-" 408 -
216.245.221.92 - - [30/Nov/2021:04:29:41 -0500] "HEAD / HTTP/1.1" 200 -
207.46.13.215 - - [30/Nov/2021:04:31:19 -0500] "GET /bla/resoluciones/autos%202011/4886.pdf HTTP/1.1" 200 636005
66.249.79.236 - - [30/Nov/2021:04:32:47 -0500] "-" 408 -
157.55.39.88 - - [30/Nov/2021:04:33:00 -0500] "GET /bla/resoluciones/autos%202012/2369.pdf HTTP/1.1" 200 949970
201.245.192.253 - - [30/Nov/2021:04:32:28 -0500] "POST /kwsrmcab/Wsrmcab HTTP/1.1" 200 44620
157.55.39.88 - - [30/Nov/2021:04:33:40 -0500] "GET /bla/resoluciones/autos%202011/4017.pdf HTTP/1.1" 200 330794
201.245.192.253 - - [30/Nov/2021:04:33:14 -0500] "POST /kwsrmcab/Wsrmcab HTTP/1.1" 200 44201
216.245.221.92 - - [30/Nov/2021:04:34:41 -0500] "HEAD / HTTP/1.1" 200 -
157.55.39.88 - - [30/Nov/2021:04:37:20 -0500] "GET /bla/resoluciones/autos%202011/3908.pdf HTTP/1.1" 200 1285468
216.245.221.92 - - [30/Nov/2021:04:39:41 -0500] "HEAD / HTTP/1.1" 200 -
35.240.117.238 - - [30/Nov/2021:04:40:10 -0500] "GET /se-amplia-convocatoria-de-sembradoras-por-la-reactivaccion-para-que-20-organizaciones-ambientales-contraten-a-mas-de-mil-mujeres.html HTTP/1.1" 200 1100
157.55.39.111 - - [30/Nov/2021:04:40:21 -0500] "GET /bla/resoluciones/autos%202012/0303.pdf HTTP/1.1" 200 171958
66.249.79.236 - - [30/Nov/2021:04:41:15 -0500] "-" 408 -
201.245.192.253 - - [30/Nov/2021:04:42:28 -0500] "POST /kwsrmcab/Wsrmcab HTTP/1.1" 200 44620
201.245.192.253 - - [30/Nov/2021:04:43:16 -0500] "POST /kwsrmcab/Wsrmcab HTTP/1.1" 200 44201
216.245.221.92 - - [30/Nov/2021:04:44:41 -0500] "HEAD / HTTP/1.1" 200 -
201.245.192.253 - - [30/Nov/2021:04:44:07 -0500] "POST /kwsrmcab/Wsrmcab HTTP/1.1" 200 112242
207.46.13.215 - - [30/Nov/2021:04:47:51 -0500] "GET /bla/resoluciones/resoluciones%202009/0771.pdf HTTP/1.1" 200 230058
66.249.79.236 - - [30/Nov/2021:04:49:12 -0500] "-" 408 -
157.55.39.88 - - [30/Nov/2021:04:49:12 -0500] "GET /bla/resoluciones/autos%202011/5150.pdf HTTP/1.1" 200 620807
40.77.167.71 - - [30/Nov/2021:04:49:17 -0500] "GET /bla/resoluciones/autos%202011/0746.pdf HTTP/1.1" 200 160169
216.245.221.92 - - [30/Nov/2021:04:49:41 -0500] "HEAD / HTTP/1.1" 200 -
157.55.39.61 - - [30/Nov/2021:04:51:13 -0500] "GET /bla/resoluciones/autos%202011/6302.pdf HTTP/1.1" 200 1363132
176.58.89.182 - - [30/Nov/2021:04:51:15 -0500] "SSH-2.0-PuTTY_Release_0.63" 501 953
118.184.177.25 - - [30/Nov/2021:04:51:39 -0500] "GET / HTTP/1.1" 200 319
207.46.13.134 - - [30/Nov/2021:04:54:12 -0500] "GET /bla/resoluciones/resoluciones%202009/1585.pdf HTTP/1.1" 200 595609
207.46.13.90 - - [30/Nov/2021:04:54:11 -0500] "GET /portaldeninos/los-animales/ HTTP/1.1" 200 103129
207.46.13.126 - - [30/Nov/2021:04:54:28 -0500] "GET /portaldeninos/wp-content/plugins/gallery-videos/CSS/totalsoft.css?ver=4.9.8 HTTP/1.1" 200 40622
40.77.167.45 - - [30/Nov/2021:04:54:29 -0500] "GET /portaldeninos/wp-content/plugins/gallery-videos/CSS/Total-Soft-Gallery-Video-Widget.css?ver=4.9.8 HTTP/1.1" 200 51554
207.46.13.126 - - [30/Nov/2021:04:54:29 -0500] "GET /portaldeninos/wp-content/plugins/smart-slider-3/library/media/smartslider.min.css?1558968666 HTTP/1.1" 200 19594
40.77.167.45 - - [30/Nov/2021:04:54:30 -0500] "GET /portaldeninos/wp-content/plugins/gallery-videos/JS/modernizr.custom.js?ver=4.9.8 HTTP/1.1" 200 9019
207.46.13.148 - - [30/Nov/2021:04:54:30 -0500] "GET /portaldeninos/wp-content/plugins/gallery-videos/JS/Total-Soft-Gallery-Video-Widget.js?ver=4.9.8 HTTP/1.1" 200 80264
207.46.13.90 - - [30/Nov/2021:04:54:30 -0500] "GET /portaldeninos/wp-content/plugins/smart-slider-3/library/media/dist/smartslider-frontend.min.js?1563274780 HTTP/1.1" 200 128256
40.77.167.82 - - [30/Nov/2021:04:54:31 -0500] "GET /portaldeninos/wp-content/plugins/smart-slider-3/library/media/plugins/type/simple/simple/dist/smartslider-simple-type-frontend.min.js?1563274780 HTTP/1.1" 200 18726
207.46.13.126 - - [30/Nov/2021:04:54:31 -0500] "GET /portaldeninos/wp-content/themes/betheme/assets/ui/jquery.ui.all.css?ver=20.9.6 HTTP/1.1" 200 18765
40.77.167.45 - - [30/Nov/2021:04:54:33 -0500] "GET /portaldeninos/wp-content/themes/betheme/assets/jplayer/css/jplayer.blue.monday.css?ver=20.9.6 HTTP/1.1" 200 9834
207.46.13.126 - - [30/Nov/2021:04:54:33 -0500] "GET /portaldeninos/wp-content/themes/betheme/css/layout.css?ver=20.9.6 HTTP/1.1" 200 116639
40.77.167.45 - - [30/Nov/2021:04:54:34 -0500] "GET /portaldeninos/wp-content/themes/betheme/css/base.css?ver=20.9.6 HTTP/1.1" 200 57283
207.46.13.126 - - [30/Nov/2021:04:54:35 -0500] "GET /portaldeninos/wp-content/themes/betheme/js/scripts.js?ver=20.9.6 HTTP/1.1" 200 77162
40.77.167.45 - - [30/Nov/2021:04:54:36 -0500] "GET /portaldeninos/wp-content/themes/betheme/css/responsive.css?ver=20.9.6 HTTP/1.1" 200 55740
207.46.13.126 - - [30/Nov/2021:04:54:37 -0500] "GET /portaldeninos/wp-content/uploads/useanyfont/uaf.css?ver=1589905315 HTTP/1.1" 200 408
40.77.167.45 - - [30/Nov/2021:04:54:38 -0500] "GET /portaldeninos/wp-includes/js/jquery/jquery-migrate.min.js?ver=1.4.1 HTTP/1.1" 200 10056
207.46.13.126 - - [30/Nov/2021:04:54:39 -0500] "GET /portaldeninos/wp-includes/js/jquery/jquery.js?ver=1.12.4 HTTP/1.1" 200 97184
40.77.167.82 - - [30/Nov/2021:04:54:41 -0500] "GET /portaldeninos/wp-content/themes/betheme/js/menu.js?ver=20.9.6 HTTP/1.1" 200 2449
157.55.39.97 - - [30/Nov/2021:04:54:40 -0500] "GET /portaldeninos/wp-content/plugins/smart-slider-3/nextend/media/dist/nextend-frontend.min.js?1563274780 HTTP/1.1" 200 76980
216.245.221.92 - - [30/Nov/2021:04:54:41 -0500] "HEAD / HTTP/1.1" 200 -
40.77.167.82 - - [30/Nov/2021:04:54:43 -0500] "GET /portaldeninos/wp-includes/js/jquery/ui/mouse.min.js?ver=1.11.4 HTTP/1.1" 200 3148
157.55.39.97 - - [30/Nov/2021:04:54:42 -0500] "GET /portaldeninos/wp-content/themes/betheme/assets/jplayer/jplayer.min.js?ver=20.9.6 HTTP/1.1" 200 52702
40.77.167.82 - - [30/Nov/2021:04:54:45 -0500] "GET /portaldeninos/wp-includes/js/jquery/ui/tabs.min.js?ver=1.11.4 HTTP/1.1" 200 12110
157.55.39.97 - - [30/Nov/2021:04:54:44 -0500] "GET /portaldeninos/wp-content/themes/betheme/js/plugins.js?ver=20.9.6 HTTP/1.1" 200 197151
40.77.167.82 - - [30/Nov/2021:04:54:47 -0500] "GET /portaldeninos/wp-includes/js/jquery/ui/widget.min.js?ver=1.11.4 HTTP/1.1" 200 6908
157.55.39.97 - - [30/Nov/2021:04:54:48 -0500] "GET /portaldeninos/wp-includes/js/jquery/ui/sortable.min.js?ver=1.11.4 HTTP/1.1" 200 24899
157.55.39.97 - - [30/Nov/2021:04:54:48 -0500] "GET /portaldeninos/wp-includes/js/wp-emoji-release.min.js?ver=4.9.8 HTTP/1.1" 200 12026
207.46.13.90 - - [30/Nov/2021:04:54:50 -0500] "GET /portaldeninos/wp-content/themes/betheme/assets/animations/animations.min.js?ver=20.9.6 HTTP/1.1" 200 1896
207.46.13.148 - - [30/Nov/2021:04:54:51 -0500] "GET /portaldeninos/wp-content/plugins/smart-slider-3/nextend/media/dist/n2.min.js?1528383544 HTTP/1.1" 200 3495
207.46.13.148 - - [30/Nov/2021:04:54:52 -0500] "GET /portaldeninos/wp-content/themes/betheme/assets/animations/animations.min.css?ver=20.9.6 HTTP/1.1" 200 58508
207.46.13.90 - - [30/Nov/2021:04:54:52 -0500] "GET /portaldeninos/wp-content/themes/betheme/css/shortcodes.css?ver=20.9.6 HTTP/1.1" 200 138889
201.245.192.253 - - [30/Nov/2021:04:54:06 -0500] "POST /kwsrmcab/Wsrmcab HTTP/1.1" 200 112242
207.46.13.90 - - [30/Nov/2021:04:54:54 -0500] "GET /portaldeninos/wp-content/themes/betheme/style.css?ver=20.9.6 HTTP/1.1" 200 287
207.46.13.148 - - [30/Nov/2021:04:54:54 -0500] "GET /portaldeninos/wp-includes/js/jquery/ui/accordion.min.js?ver=1.11.4 HTTP/1.1" 200 8584
207.46.13.90 - - [30/Nov/2021:04:54:55 -0500] "GET /portaldeninos/wp-includes/js/jquery/ui/core.min.js?ver=1.11.4 HTTP/1.1" 200 4000
207.46.13.148 - - [30/Nov/2021:04:54:56 -0500] "GET /portaldeninos/wp-includes/js/wp-embed.min.js?ver=4.9.8 HTTP/1.1" 200 1398
66.249.79.236 - - [30/Nov/2021:04:55:30 -0500] "-" 408 -
157.55.39.88 - - [30/Nov/2021:04:55:55 -0500] "GET /bla/resoluciones/autos%202011/0936.pdf HTTP/1.1" 200 153481
157.55.39.61 - - [30/Nov/2021:04:56:33 -0500] "GET /bla/resoluciones/autos%202011/3782.pdf HTTP/1.1" 200 1742762
207.46.13.215 - - [30/Nov/2021:04:58:44 -0500] "GET /bla/resoluciones/autos%202011/5096.pdf HTTP/1.1" 200 228107
207.46.13.215 - - [30/Nov/2021:04:58:45 -0500] "GET /bla/resoluciones/autos%202011/2375.pdf HTTP/1.1" 200 250719
216.245.221.92 - - [30/Nov/2021:04:59:41 -0500] "HEAD / HTTP/1.1" 200 -
157.55.39.111 - - [30/Nov/2021:05:00:54 -0500] "GET /bla/resoluciones/autos%202012/0404.pdf HTTP/1.1" 200 324352
66.249.79.236 - - [30/Nov/2021:05:02:16 -0500] "-" 408 -
207.46.13.134 - - [30/Nov/2021:05:04:34 -0500] "GET /bla/resoluciones/autos%202011/3722.pdf HTTP/1.1" 200 190255
216.245.221.92 - - [30/Nov/2021:05:04:41 -0500] "HEAD / HTTP/1.1" 200 -
201.245.192.253 - - [30/Nov/2021:05:04:08 -0500] "POST /kwsrmcab/Wsrmcab HTTP/1.1" 200 213
157.55.39.88 - - [30/Nov/2021:05:06:04 -0500] "GET /bla/resoluciones/autos%202011/1966.pdf HTTP/1.1" 200 111180
157.55.39.111 - - [30/Nov/2021:05:06:24 -0500] "GET /bla/resoluciones/resoluciones%202009/0363.pdf HTTP/1.1" 200 352490
157.55.39.111 - - [30/Nov/2021:05:07:04 -0500] "GET /bla/resoluciones/autos%202011/1501.pdf HTTP/1.1" 200 254408
157.55.39.61 - - [30/Nov/2021:05:07:15 -0500] "GET /bla/resoluciones/autos%202011/0764.pdf HTTP/1.1" 200 103012
66.249.79.236 - - [30/Nov/2021:05:08:11 -0500] "-" 408 -
216.245.221.92 - - [30/Nov/2021:05:09:41 -0500] "HEAD / HTTP/1.1" 200 -
66.249.79.236 - - [30/Nov/2021:05:14:16 -0500] "-" 408 -
216.245.221.92 - - [30/Nov/2021:05:14:41 -0500] "HEAD / HTTP/1.1" 200 -
157.55.39.88 - - [30/Nov/2021:05:15:04 -0500] "GET /bla/resoluciones/autos%202011/0203.pdf HTTP/1.1" 200 146042
216.245.221.92 - - [30/Nov/2021:05:19:41 -0500] "HEAD / HTTP/1.1" 200 -
207.46.13.215 - - [30/Nov/2021:05:20:48 -0500] "GET /bla/resoluciones/autos%202011/3932.pdf HTTP/1.1" 200 489571
157.55.39.88 - - [30/Nov/2021:05:20:57 -0500] "GET /bla/resoluciones/autos%202011/3050.pdf HTTP/1.1" 200 159437
66.249.79.236 - - [30/Nov/2021:05:21:00 -0500] "-" 408 -
191.95.138.2 - - [30/Nov/2021:05:21:29 -0500] "GET /galeria/galeria/jquery.fancybox.css?v=2.1.5 HTTP/1.1" 200 4895
34.90.70.225 - - [30/Nov/2021:05:21:59 -0500] "GET / HTTP/1.1" 200 319
201.245.192.253 - - [30/Nov/2021:05:22:28 -0500] "POST /kwsrmcab/Wsrmcab HTTP/1.1" 200 44144
201.245.192.253 - - [30/Nov/2021:05:23:16 -0500] "POST /kwsrmcab/Wsrmcab HTTP/1.1" 200 44209
157.55.39.88 - - [30/Nov/2021:05:24:14 -0500] "GET /transparencia/General%20Asignado/? HTTP/1.1" 200 42806
207.46.13.215 - - [30/Nov/2021:05:24:19 -0500] "GET /bla/resoluciones/resoluciones%202009/0376.pdf HTTP/1.1" 200 239200
216.245.221.92 - - [30/Nov/2021:05:24:41 -0500] "HEAD / HTTP/1.1" 200 -
40.77.189.188 - - [30/Nov/2021:05:25:27 -0500] "GET /portaldeninos/wp-content/themes/betheme/fonts/mfn-icons.woff?93978679 HTTP/1.1" 200 39101
40.77.190.22 - - [30/Nov/2021:05:25:28 -0500] "GET /portaldeninos/wp-content/themes/betheme/fonts/mfn-icons.ttf?93978679 HTTP/1.1" 200 14624
207.46.13.134 - - [30/Nov/2021:05:25:56 -0500] "GET /bla/resoluciones/autos%202011/4862.pdf HTTP/1.1" 200 252934
186.144.234.173 - - [30/Nov/2021:05:26:07 -0500] "GET /BLA/resoluciones/ HTTP/1.1" 200 12684
186.144.234.173 - - [30/Nov/2021:05:26:08 -0500] "GET /BLA/resoluciones/index.php?dir=AUTOS+2021%2F HTTP/1.1" 200 197806
66.249.79.238 - - [30/Nov/2021:05:26:51 -0500] "-" 408 -
186.85.234.172 - - [30/Nov/2021:05:29:23 -0500] "GET /appsia/controlador HTTP/1.1" 200 4799
186.85.234.172 - - [30/Nov/2021:05:29:24 -0500] "GET /appsia/scripts/validarIngreso.js HTTP/1.1" 200 851
186.85.234.172 - - [30/Nov/2021:05:29:24 -0500] "GET /appsia/css/estilos.css HTTP/1.1" 200 4804
186.85.234.172 - - [30/Nov/2021:05:29:24 -0500] "GET /appsia/images/logo_bogota_p.png HTTP/1.1" 200 14951
186.85.234.172 - - [30/Nov/2021:05:29:24 -0500] "GET /appsia/images/cabezoteHojaVida.png HTTP/1.1" 200 32493
186.85.234.172 - - [30/Nov/2021:05:29:24 -0500] "GET /favicon.ico HTTP/1.1" 200 7782
186.85.234.172 - - [30/Nov/2021:05:29:36 -0500] "POST /appsia/controlador HTTP/1.1" 200 4621
186.85.234.172 - - [30/Nov/2021:05:29:38 -0500] "POST /appsia/controlador HTTP/1.1" 200 7728
186.85.234.172 - - [30/Nov/2021:05:29:38 -0500] "GET /appsia/images/logo_escudo.png HTTP/1.1" 200 36965
216.245.221.92 - - [30/Nov/2021:05:29:41 -0500] "HEAD / HTTP/1.1" 200 -
207.46.13.215 - - [30/Nov/2021:05:33:00 -0500] "GET /BLA/resoluciones/RESOLUCIONES%202003/RESOLUCION%201777%20DE%202003.PDF HTTP/1.1" 200 719841
201.245.192.253 - - [30/Nov/2021:05:32:28 -0500] "POST /kwsrmcab/Wsrmcab HTTP/1.1" 200 44144
201.245.192.253 - - [30/Nov/2021:05:33:12 -0500] "POST /kwsrmcab/Wsrmcab HTTP/1.1" 200 44209
69.63.184.116 - - [30/Nov/2021:05:34:14 -0500] "GET /images/unesco-educacion-ambiental-auambari-ambiente-20-noviembre.jpg HTTP/1.1" 200 66598
216.245.221.92 - - [30/Nov/2021:05:34:41 -0500] "HEAD / HTTP/1.1" 200 -
201.245.192.253 - - [30/Nov/2021:05:34:05 -0500] "POST /kwsrmcab/Wsrmcab HTTP/1.1" 200 112250
66.249.79.236 - - [30/Nov/2021:05:35:44 -0500] "-" 408 -
207.46.13.215 - - [30/Nov/2021:05:38:21 -0500] "GET /bla/resoluciones/autos%202011/2809.pdf HTTP/1.1" 200 96360
207.46.13.215 - - [30/Nov/2021:05:38:52 -0500] "GET /bla/resoluciones/autos%202011/3982.pdf HTTP/1.1" 200 2754420
216.245.221.92 - - [30/Nov/2021:05:39:41 -0500] "HEAD / HTTP/1.1" 200 -
207.46.13.215 - - [30/Nov/2021:05:40:42 -0500] "GET /bla/resoluciones/autos%202011/2647.pdf HTTP/1.1" 200 157680
92.10.94.116 - - [30/Nov/2021:05:42:04 -0500] "GET / HTTP/1.1" 200 319
201.245.192.253 - - [30/Nov/2021:05:42:28 -0500] "POST /kwsrmcab/Wsrmcab HTTP/1.1" 200 44144
20.80.156.107 - - [30/Nov/2021:05:44:00 -0500] "GET /galeria/galeria/fotos/2humedal-Burro2G.jpg HTTP/1.1" 200 140889
201.245.192.253 - - [30/Nov/2021:05:43:16 -0500] "POST /kwsrmcab/Wsrmcab HTTP/1.1" 200 44209
66.249.79.236 - - [30/Nov/2021:05:44:39 -0500] "-" 408 -
216.245.221.92 - - [30/Nov/2021:05:44:41 -0500] "HEAD / HTTP/1.1" 200 -
201.245.192.253 - - [30/Nov/2021:05:44:06 -0500] "POST /kwsrmcab/Wsrmcab HTTP/1.1" 200 112250
207.46.13.134 - - [30/Nov/2021:05:44:56 -0500] "GET /bla/resoluciones/autos%202011/0720.pdf HTTP/1.1" 200 464670
186.29.180.101 - - [30/Nov/2021:05:49:38 -0500] "GET /catalogoisis/both.php HTTP/1.1" 200 4015
216.245.221.92 - - [30/Nov/2021:05:49:41 -0500] "HEAD / HTTP/1.1" 200 -
207.46.13.134 - - [30/Nov/2021:05:50:18 -0500] "GET /bla/resoluciones/autos%202011/5101.pdf HTTP/1.1" 200 621755
186.29.180.101 - - [30/Nov/2021:05:50:23 -0500] "GET /catalogoisis/imagenes/fonest4.gif HTTP/1.1" 404 1402
66.249.79.236 - - [30/Nov/2021:05:53:32 -0500] "-" 408 -
216.245.221.92 - - [30/Nov/2021:05:54:41 -0500] "HEAD / HTTP/1.1" 200 -
201.245.192.253 - - [30/Nov/2021:05:54:05 -0500] "POST /kwsrmcab/Wsrmcab HTTP/1.1" 200 112250
217.182.175.162 - - [30/Nov/2021:05:55:23 -0500] "HEAD /bogota-sigue-reverdeciendo-400-arboles-fueron-plantados-en-entrenubes.html HTTP/1.1" 200 -
74.82.47.2 - - [30/Nov/2021:05:58:25 -0500] "GET / HTTP/1.1" 200 319
216.245.221.92 - - [30/Nov/2021:05:59:41 -0500] "HEAD / HTTP/1.1" 200 -
66.249.79.236 - - [30/Nov/2021:06:02:27 -0500] "-" 408 -
84.17.48.84 - - [30/Nov/2021:06:03:11 -0500] "POST /cgi-bin/.%2E/%2E%2E/%2E%2E/%2E%2E/%2E%2E/bin/bash HTTP/1.1" 400 976
207.46.13.134 - - [30/Nov/2021:06:04:18 -0500] "GET /bla/resoluciones/resoluciones%202009/2303.pdf HTTP/1.1" 200 558297
216.245.221.92 - - [30/Nov/2021:06:04:41 -0500] "HEAD / HTTP/1.1" 200 -
201.245.192.253 - - [30/Nov/2021:06:04:10 -0500] "POST /kwsrmcab/Wsrmcab HTTP/1.1" 200 213
157.55.39.111 - - [30/Nov/2021:06:04:59 -0500] "GET /bla/resoluciones/autos%202011/5168.pdf HTTP/1.1" 200 659053
207.46.13.215 - - [30/Nov/2021:06:08:57 -0500] "GET /bla/resoluciones/autos%202011/6117.pdf HTTP/1.1" 200 172516
40.77.167.71 - - [30/Nov/2021:06:09:25 -0500] "GET /bla/resoluciones/autos%202011/2439.pdf HTTP/1.1" 200 166440
130.226.142.188 - - [30/Nov/2021:06:09:36 -0500] "HEAD /secretaria-de-ambiente-carolina-urrutia-acompana-a-la-alcaldesa-de-bogota-en-la-cop26.html HTTP/1.1" 200 -
216.245.221.92 - - [30/Nov/2021:06:09:41 -0500] "HEAD / HTTP/1.1" 200 -
66.249.79.236 - - [30/Nov/2021:06:11:22 -0500] "-" 408 -
157.55.39.61 - - [30/Nov/2021:06:12:19 -0500] "GET /sipse/faces/presentacion/sistema/anexos/cargarAnexoSolicitudProceso.xhtml HTTP/1.1" 302 -
157.55.39.61 - - [30/Nov/2021:06:12:21 -0500] "GET /sipse/faces/autenticacion.xhtml HTTP/1.1" 200 12182
207.46.13.215 - - [30/Nov/2021:06:14:18 -0500] "GET /bla/resoluciones/resoluciones%202009/1981.pdf HTTP/1.1" 200 568079
216.245.221.92 - - [30/Nov/2021:06:14:41 -0500] "HEAD / HTTP/1.1" 200 -
201.245.192.253 - - [30/Nov/2021:06:14:06 -0500] "POST /kwsrmcab/Wsrmcab HTTP/1.1" 200 112271
190.131.198.50 - - [30/Nov/2021:06:15:13 -0500] "GET /galeria/galeria/jquery.fancybox.css?v=2.1.5 HTTP/1.1" 200 4895
157.55.39.111 - - [30/Nov/2021:06:16:50 -0500] "GET /BLA/resoluciones/index.php?dir=AUTOS+2021%2F HTTP/1.1" 200 197806
186.80.52.47 - - [30/Nov/2021:06:18:12 -0500] "GET /sipse/faces/faces/autenticacion.xhtml HTTP/1.1" 200 12504
186.80.52.47 - - [30/Nov/2021:06:18:14 -0500] "GET /sipse/css/custom_css_sg.css HTTP/1.1" 200 9694
186.80.52.47 - - [30/Nov/2021:06:18:14 -0500] "GET /sipse/js/disable_browser_buttons.js HTTP/1.1" 200 3230
186.80.52.47 - - [30/Nov/2021:06:18:14 -0500] "GET /sipse/js/funciones.js HTTP/1.1" 200 12592
186.80.52.47 - - [30/Nov/2021:06:18:15 -0500] "GET /sipse/css/custom_css_sg_prime_login.css HTTP/1.1" 200 443
186.80.52.47 - - [30/Nov/2021:06:18:15 -0500] "GET /sipse/faces/javax.faces.resource/theme.css?ln=primefaces-sipse HTTP/1.1" 304 -
186.80.52.47 - - [30/Nov/2021:06:18:15 -0500] "GET /sipse/faces/javax.faces.resource/layout/layout.css;jsessionid=cYtBCXYstFAhUNYmqudgMRlu.undefined?ln=primefaces&v=4.0 HTTP/1.1" 200 542
186.80.52.47 - - [30/Nov/2021:06:18:15 -0500] "GET /sipse/faces/javax.faces.resource/primefaces.css;jsessionid=cYtBCXYstFAhUNYmqudgMRlu.undefined?ln=primefaces&v=4.0 HTTP/1.1" 200 53295
186.80.52.47 - - [30/Nov/2021:06:18:15 -0500] "GET /sipse/faces/javax.faces.resource/jquery/jquery.js;jsessionid=cYtBCXYstFAhUNYmqudgMRlu.undefined?ln=primefaces&v=4.0 HTTP/1.1" 200 105384
118.123.105.67 - - [30/Nov/2021:06:18:15 -0500] "GET /galeria/galeria/jquery.fancybox.css?v=2.1.5 HTTP/1.1" 200 4895
118.123.105.67 - - [30/Nov/2021:06:18:15 -0500] "GET /BLA/boletinlegal/js/jquery.scrollShow.js HTTP/1.1" 200 4586
118.123.105.67 - - [30/Nov/2021:06:18:15 -0500] "GET /galeria/galeria/jquery.fancybox.js?v=2.1.5 HTTP/1.1" 200 48706
186.80.52.47 - - [30/Nov/2021:06:18:16 -0500] "GET /sipse/faces/javax.faces.resource/jquery/jquery-plugins.js;jsessionid=cYtBCXYstFAhUNYmqudgMRlu.undefined?ln=primefaces&v=4.0 HTTP/1.1" 200 220526
186.80.52.47 - - [30/Nov/2021:06:18:20 -0500] "GET /sipse/faces/javax.faces.resource/layout/layout.js;jsessionid=cYtBCXYstFAhUNYmqudgMRlu.undefined?ln=primefaces&v=4.0 HTTP/1.1" 200 87560
186.80.52.47 - - [30/Nov/2021:06:18:17 -0500] "GET /sipse/faces/javax.faces.resource/primefaces.js;jsessionid=cYtBCXYstFAhUNYmqudgMRlu.undefined?ln=primefaces&v=4.0 HTTP/1.1" 200 276924
118.123.105.67 - - [30/Nov/2021:06:18:22 -0500] "GET /galeria/carrusel/Carrusel/jquery.thumbnailScroller.css HTTP/1.1" 200 2066
118.123.105.67 - - [30/Nov/2021:06:18:23 -0500] "GET /galeria/carrusel/Carrusel/jquery.thumbnailScroller.js HTTP/1.1" 200 8157
118.123.105.67 - - [30/Nov/2021:06:18:23 -0500] "GET /galeria/carrusel/Carrusel/jquery-ui-1.8.13.custom.min.js HTTP/1.1" 200 10800
186.80.52.47 - - [30/Nov/2021:06:18:25 -0500] "GET /sipse/css/imagen/loginimg.png HTTP/1.1" 200 71635
186.80.52.47 - - [30/Nov/2021:06:18:25 -0500] "GET /sipse/css/imagen/logoSDG.png HTTP/1.1" 200 53064
118.123.105.67 - - [30/Nov/2021:06:18:29 -0500] "GET /galeria/nivo-slider/demo/banner.html HTTP/1.1" 200 5446
118.123.105.67 - - [30/Nov/2021:06:18:34 -0500] "GET /galeria/nivo-slider/themes/default/default.css HTTP/1.1" 200 1569
118.123.105.67 - - [30/Nov/2021:06:18:34 -0500] "GET /galeria/nivo-slider/themes/pascal/pascal.css HTTP/1.1" 200 2258
118.123.105.67 - - [30/Nov/2021:06:18:34 -0500] "GET /galeria/nivo-slider/nivo-slider.css HTTP/1.1" 200 1507
118.123.105.67 - - [30/Nov/2021:06:18:34 -0500] "GET /galeria/nivo-slider/themes/orman/orman.css HTTP/1.1" 200 2152
118.123.105.67 - - [30/Nov/2021:06:18:34 -0500] "GET /galeria/nivo-slider/demo/style.css HTTP/1.1" 200 2222
118.123.105.67 - - [30/Nov/2021:06:18:34 -0500] "GET /galeria/nivo-slider/jquery.nivo.slider.pack.js HTTP/1.1" 200 11561
118.123.105.67 - - [30/Nov/2021:06:18:36 -0500] "GET /galeria/nivo-slider/demo/scripts/jquery-1.7.1.min.js HTTP/1.1" 200 93868
186.80.52.47 - - [30/Nov/2021:06:18:36 -0500] "GET /sipse/faces/javax.faces.resource/images/ui-icons_898989_256x240.png?ln=primefaces-aristo HTTP/1.1" 304 -
186.80.52.47 - - [30/Nov/2021:06:18:37 -0500] "GET /sipse/faces/faces/index.xhtml HTTP/1.1" 200 677
186.80.52.47 - - [30/Nov/2021:06:18:37 -0500] "GET /sipse/faces/javax.faces.resource/theme.css?ln=primefaces-sipse HTTP/1.1" 304 -
186.80.52.47 - - [30/Nov/2021:06:18:38 -0500] "GET /sipse/faces/faces/faces/autenticacion.xhtml HTTP/1.1" 200 12182
186.80.52.47 - - [30/Nov/2021:06:18:38 -0500] "GET /sipse/faces/javax.faces.resource/theme.css?ln=primefaces-sipse HTTP/1.1" 304 -
186.80.52.47 - - [30/Nov/2021:06:18:38 -0500] "GET /sipse/faces/javax.faces.resource/primefaces.css?ln=primefaces&v=4.0 HTTP/1.1" 304 -
186.80.52.47 - - [30/Nov/2021:06:18:38 -0500] "GET /sipse/faces/javax.faces.resource/layout/layout.css?ln=primefaces&v=4.0 HTTP/1.1" 304 -
186.80.52.47 - - [30/Nov/2021:06:18:38 -0500] "GET /sipse/faces/javax.faces.resource/layout/layout.js?ln=primefaces&v=4.0 HTTP/1.1" 304 -
186.80.52.47 - - [30/Nov/2021:06:18:38 -0500] "GET /sipse/faces/javax.faces.resource/primefaces.js?ln=primefaces&v=4.0 HTTP/1.1" 304 -
186.80.52.47 - - [30/Nov/2021:06:18:38 -0500] "GET /sipse/faces/javax.faces.resource/jquery/jquery.js?ln=primefaces&v=4.0 HTTP/1.1" 304 -
186.80.52.47 - - [30/Nov/2021:06:18:38 -0500] "GET /sipse/faces/javax.faces.resource/jquery/jquery-plugins.js?ln=primefaces&v=4.0 HTTP/1.1" 304 -
186.80.52.47 - - [30/Nov/2021:06:18:47 -0500] "POST /sipse/faces/autenticacion.xhtml HTTP/1.1" 200 2222
186.80.52.47 - - [30/Nov/2021:06:18:48 -0500] "GET /sipse/faces/javax.faces.resource/messages/messages.png?ln=primefaces&v=4.0 HTTP/1.1" 304 -
186.80.52.47 - - [30/Nov/2021:06:18:49 -0500] "POST /sipse/faces/autenticacion.xhtml HTTP/1.1" 200 16368
186.80.52.47 - - [30/Nov/2021:06:18:51 -0500] "GET /sipse/faces/javax.faces.resource/theme.css?ln=primefaces-sipse HTTP/1.1" 304 -
186.80.52.47 - - [30/Nov/2021:06:18:51 -0500] "GET /sipse/faces/javax.faces.resource/images/ui-icons_898989_256x240.png?ln=primefaces-aristo HTTP/1.1" 304 -
186.80.52.47 - - [30/Nov/2021:06:18:51 -0500] "GET /sipse/faces/javax.faces.resource/primefaces.css?ln=primefaces&v=4.0 HTTP/1.1" 304 -
186.80.52.47 - - [30/Nov/2021:06:18:51 -0500] "GET /sipse/faces/javax.faces.resource/layout/layout.css?ln=primefaces&v=4.0 HTTP/1.1" 304 -
186.80.52.47 - - [30/Nov/2021:06:18:51 -0500] "GET /sipse/css/custom_css_sg_prime.css HTTP/1.1" 200 5201
186.80.52.47 - - [30/Nov/2021:06:18:51 -0500] "GET /sipse/js/jquery.min.js HTTP/1.1" 200 85582
186.80.52.47 - - [30/Nov/2021:06:18:52 -0500] "GET /sipse/faces/javax.faces.resource/jquery/jquery.js?ln=primefaces&v=4.0 HTTP/1.1" 304 -
186.80.52.47 - - [30/Nov/2021:06:18:52 -0500] "GET /sipse/faces/javax.faces.resource/jquery/jquery-plugins.js?ln=primefaces&v=4.0 HTTP/1.1" 304 -
186.80.52.47 - - [30/Nov/2021:06:18:52 -0500] "GET /sipse/faces/javax.faces.resource/primefaces.js?ln=primefaces&v=4.0 HTTP/1.1" 304 -
186.80.52.47 - - [30/Nov/2021:06:18:52 -0500] "GET /sipse/faces/javax.faces.resource/layout/layout.js?ln=primefaces&v=4.0 HTTP/1.1" 304 -
186.80.52.47 - - [30/Nov/2021:06:18:52 -0500] "GET /sipse/css/imagen/contrasena.png HTTP/1.1" 404 383
186.80.52.47 - - [30/Nov/2021:06:18:53 -0500] "GET /sipse/imagenes/cargando.gif HTTP/1.1" 200 36959
186.80.52.47 - - [30/Nov/2021:06:18:53 -0500] "GET /sipse/imagenes/logoAplicacion.jpg HTTP/1.1" 200 155084
186.80.52.47 - - [30/Nov/2021:06:18:54 -0500] "POST /sipse/faces/bienvenido.xhtml HTTP/1.1" 200 2060
186.80.52.47 - - [30/Nov/2021:06:18:56 -0500] "POST /sipse/faces/bienvenido.xhtml HTTP/1.1" 200 36499
186.80.52.47 - - [30/Nov/2021:06:18:58 -0500] "GET /sipse/faces/javax.faces.resource/images/ui-bg_flat_0_2d5972_40x100.png?ln=primefaces-aristo HTTP/1.1" 304 -
186.80.52.47 - - [30/Nov/2021:06:19:00 -0500] "GET /sipse/faces/javax.faces.resource/theme.css?ln=primefaces-sipse HTTP/1.1" 304 -
186.80.52.47 - - [30/Nov/2021:06:19:00 -0500] "GET /sipse/faces/javax.faces.resource/layout/layout.css?ln=primefaces&v=4.0 HTTP/1.1" 304 -
186.80.52.47 - - [30/Nov/2021:06:19:00 -0500] "GET /sipse/faces/javax.faces.resource/primefaces.css?ln=primefaces&v=4.0 HTTP/1.1" 304 -
186.80.52.47 - - [30/Nov/2021:06:19:06 -0500] "GET /sipse/faces/javax.faces.resource/jquery/jquery.js?ln=primefaces&v=4.0 HTTP/1.1" 304 -
186.80.52.47 - - [30/Nov/2021:06:19:10 -0500] "GET /sipse/faces/javax.faces.resource/jquery/jquery-plugins.js?ln=primefaces&v=4.0 HTTP/1.1" 304 -
186.80.52.47 - - [30/Nov/2021:06:19:14 -0500] "GET /sipse/faces/javax.faces.resource/primefaces.js?ln=primefaces&v=4.0 HTTP/1.1" 304 -
186.80.52.47 - - [30/Nov/2021:06:19:14 -0500] "GET /sipse/faces/javax.faces.resource/layout/layout.js?ln=primefaces&v=4.0 HTTP/1.1" 304 -
186.80.52.47 - - [30/Nov/2021:06:19:15 -0500] "POST /sipse/faces/presentacion/financiero/solicitudProceso/listarSolicitudProceso.xhtml HTTP/1.1" 200 1360
216.245.221.92 - - [30/Nov/2021:06:19:41 -0500] "HEAD / HTTP/1.1" 200 -
66.249.79.236 - - [30/Nov/2021:06:20:16 -0500] "-" 408 -
186.80.52.47 - - [30/Nov/2021:06:23:03 -0500] "POST /sipse/faces/presentacion/financiero/solicitudProceso/listarSolicitudProceso.xhtml HTTP/1.1" 200 123920
186.80.52.47 - - [30/Nov/2021:06:23:04 -0500] "GET /sipse/faces/javax.faces.resource/theme.css?ln=primefaces-sipse HTTP/1.1" 304 -
186.80.52.47 - - [30/Nov/2021:06:23:04 -0500] "GET /sipse/faces/javax.faces.resource/primefaces.css?ln=primefaces&v=4.0 HTTP/1.1" 304 -
186.80.52.47 - - [30/Nov/2021:06:23:04 -0500] "GET /sipse/faces/javax.faces.resource/layout/layout.css?ln=primefaces&v=4.0 HTTP/1.1" 304 -
186.80.52.47 - - [30/Nov/2021:06:23:05 -0500] "GET /sipse/faces/javax.faces.resource/jquery/jquery.js?ln=primefaces&v=4.0 HTTP/1.1" 304 -
186.80.52.47 - - [30/Nov/2021:06:23:05 -0500] "GET /sipse/faces/javax.faces.resource/jquery/jquery-plugins.js?ln=primefaces&v=4.0 HTTP/1.1" 304 -
186.80.52.47 - - [30/Nov/2021:06:23:05 -0500] "GET /sipse/css/imagen/contrasena.png HTTP/1.1" 404 383
186.80.52.47 - - [30/Nov/2021:06:23:05 -0500] "GET /sipse/faces/javax.faces.resource/primefaces.js?ln=primefaces&v=4.0 HTTP/1.1" 304 -
186.80.52.47 - - [30/Nov/2021:06:23:06 -0500] "GET /sipse/faces/javax.faces.resource/layout/layout.js?ln=primefaces&v=4.0 HTTP/1.1" 304 -
186.80.52.47 - - [30/Nov/2021:06:23:07 -0500] "GET /reportes_sipse/sdg/ServletReporte?reporte=solicitud_cdp&Solicitud=17213&pfdrid_c=false HTTP/1.1" 200 93601
201.245.192.253 - - [30/Nov/2021:06:22:28 -0500] "POST /kwsrmcab/Wsrmcab HTTP/1.1" 200 44180
201.245.192.253 - - [30/Nov/2021:06:23:16 -0500] "POST /kwsrmcab/Wsrmcab HTTP/1.1" 200 44230
216.245.221.92 - - [30/Nov/2021:06:24:41 -0500] "HEAD / HTTP/1.1" 200 -
201.245.192.253 - - [30/Nov/2021:06:24:06 -0500] "POST /kwsrmcab/Wsrmcab HTTP/1.1" 200 112271
186.80.52.47 - - [30/Nov/2021:06:26:15 -0500] "POST /sipse/faces/presentacion/financiero/solicitudProceso/consultarSolicitudProceso.xhtml HTTP/1.1" 200 81738
199.16.157.180 - - [30/Nov/2021:06:26:16 -0500] "GET /images/pot-humedales-2-octubre.jpg HTTP/1.1" 200 53089
207.46.13.134 - - [30/Nov/2021:06:27:51 -0500] "GET /bla/resoluciones/resoluciones%202009/2442.pdf HTTP/1.1" 200 467179
157.55.39.61 - - [30/Nov/2021:06:27:52 -0500] "GET /bla/resoluciones/autos%202011/5803.pdf HTTP/1.1" 200 2872991
34.91.207.254 - - [30/Nov/2021:06:28:39 -0500] "GET / HTTP/1.1" 200 319
207.46.13.215 - - [30/Nov/2021:06:28:40 -0500] "GET /bla/resoluciones/autos%202011/5981.pdf HTTP/1.1" 200 2677453
66.249.79.236 - - [30/Nov/2021:06:28:49 -0500] "-" 408 -
207.46.13.215 - - [30/Nov/2021:06:28:51 -0500] "GET /bla/resoluciones/resoluciones%202009/1229.pdf HTTP/1.1" 200 433973
216.245.221.92 - - [30/Nov/2021:06:29:41 -0500] "HEAD / HTTP/1.1" 200 -
181.236.214.104 - - [30/Nov/2021:06:30:32 -0500] "GET /galeria/galeria/jquery.fancybox.css?v=2.1.5 HTTP/1.1" 200 4895
114.119.128.26 - - [30/Nov/2021:06:32:26 -0500] "-" 408 -
191.156.142.5 - - [30/Nov/2021:06:32:33 -0500] "GET /galeria/galeria/jquery.fancybox.css?v=2.1.5 HTTP/1.1" 200 4895
201.245.192.253 - - [30/Nov/2021:06:32:27 -0500] "POST /kwsrmcab/Wsrmcab HTTP/1.1" 200 44180
201.245.192.253 - - [30/Nov/2021:06:33:13 -0500] "POST /kwsrmcab/Wsrmcab HTTP/1.1" 200 44230
216.245.221.92 - - [30/Nov/2021:06:34:41 -0500] "HEAD / HTTP/1.1" 200 -
201.245.192.253 - - [30/Nov/2021:06:34:07 -0500] "POST /kwsrmcab/Wsrmcab HTTP/1.1" 200 112271
