!C99Shell v. 1.0 pre-release build #13!

Software: Apache. PHP/5.5.15 

uname -a: Windows NT SVR-DMZ 6.1 build 7600 (Windows Server 2008 R2 Enterprise Edition) i586 

SYSTEM 

Safe-mode: OFF (not secure)

E:\nuevo\apache\logs\   drwxrwxrwx
Free 9.41 GB of 239.26 GB (3.93%)
Detected drives: [ a ] [ c ] [ d ] [ e ] [ f ]
Home    Back    Forward    UPDIR    Refresh    Search    Buffer    Encoder    Tools    Proc.    FTP brute    Sec.    SQL    PHP-code    Update    Feedback    Self remove    Logout    


Viewing file:     access.2021.12.02.log (12.58 MB)      -rw-rw-rw-
Select action/file-type:
(+) | (+) | (+) | Code (+) | Session (+) | (+) | SDB (+) | (+) | (+) | (+) | (+) | (+) |
181.53.13.76 - - [02/Dec/2021:00:00:06 -0500] "GET /sipse/faces/faces/autenticacion.xhtml HTTP/1.1" 200 12507
181.53.13.76 - - [02/Dec/2021:00:00:06 -0500] "GET /sipse/faces/javax.faces.resource/layout/layout.css;jsessionid=KgI83+49c6GGrpbuCUq4Wfug.undefined?ln=primefaces&v=4.0 HTTP/1.1" 200 542
181.53.13.76 - - [02/Dec/2021:00:00:06 -0500] "GET /sipse/css/custom_css_sg.css HTTP/1.1" 200 9694
181.53.13.76 - - [02/Dec/2021:00:00:06 -0500] "GET /sipse/css/custom_css_sg_prime_login.css HTTP/1.1" 200 443
181.53.13.76 - - [02/Dec/2021:00:00:06 -0500] "GET /sipse/faces/javax.faces.resource/theme.css?ln=primefaces-sipse HTTP/1.1" 304 -
181.53.13.76 - - [02/Dec/2021:00:00:06 -0500] "GET /sipse/js/disable_browser_buttons.js HTTP/1.1" 200 3230
181.53.13.76 - - [02/Dec/2021:00:00:06 -0500] "GET /sipse/faces/javax.faces.resource/primefaces.css;jsessionid=KgI83+49c6GGrpbuCUq4Wfug.undefined?ln=primefaces&v=4.0 HTTP/1.1" 200 53295
181.53.13.76 - - [02/Dec/2021:00:00:06 -0500] "GET /sipse/js/funciones.js HTTP/1.1" 200 12592
181.53.13.76 - - [02/Dec/2021:00:00:06 -0500] "GET /sipse/faces/javax.faces.resource/layout/layout.js;jsessionid=KgI83+49c6GGrpbuCUq4Wfug.undefined?ln=primefaces&v=4.0 HTTP/1.1" 200 87560
181.53.13.76 - - [02/Dec/2021:00:00:06 -0500] "GET /sipse/faces/javax.faces.resource/jquery/jquery-plugins.js;jsessionid=KgI83+49c6GGrpbuCUq4Wfug.undefined?ln=primefaces&v=4.0 HTTP/1.1" 200 220526
181.53.13.76 - - [02/Dec/2021:00:00:06 -0500] "GET /sipse/faces/javax.faces.resource/jquery/jquery.js;jsessionid=KgI83+49c6GGrpbuCUq4Wfug.undefined?ln=primefaces&v=4.0 HTTP/1.1" 200 105384
181.53.13.76 - - [02/Dec/2021:00:00:06 -0500] "GET /sipse/faces/javax.faces.resource/primefaces.js;jsessionid=KgI83+49c6GGrpbuCUq4Wfug.undefined?ln=primefaces&v=4.0 HTTP/1.1" 200 276924
181.53.13.76 - - [02/Dec/2021:00:00:06 -0500] "GET /sipse/css/imagen/logoSDG.png HTTP/1.1" 200 53064
181.53.13.76 - - [02/Dec/2021:00:00:06 -0500] "GET /sipse/css/imagen/loginimg.png HTTP/1.1" 200 71635
181.53.13.76 - - [02/Dec/2021:00:00:06 -0500] "GET /sipse/faces/javax.faces.resource/images/ui-icons_898989_256x240.png?ln=primefaces-aristo HTTP/1.1" 304 -
181.53.13.76 - - [02/Dec/2021:00:00:06 -0500] "GET /sipse/faces/faces/index.xhtml HTTP/1.1" 200 677
181.53.13.76 - - [02/Dec/2021:00:00:07 -0500] "GET /sipse/faces/javax.faces.resource/theme.css?ln=primefaces-sipse HTTP/1.1" 304 -
181.53.13.76 - - [02/Dec/2021:00:00:07 -0500] "GET /sipse/faces/faces/faces/autenticacion.xhtml HTTP/1.1" 200 12185
181.53.13.76 - - [02/Dec/2021:00:00:07 -0500] "GET /sipse/faces/javax.faces.resource/theme.css?ln=primefaces-sipse HTTP/1.1" 304 -
181.53.13.76 - - [02/Dec/2021:00:00:07 -0500] "GET /sipse/faces/javax.faces.resource/primefaces.css?ln=primefaces&v=4.0 HTTP/1.1" 304 -
181.53.13.76 - - [02/Dec/2021:00:00:07 -0500] "GET /sipse/faces/javax.faces.resource/layout/layout.css?ln=primefaces&v=4.0 HTTP/1.1" 304 -
181.53.13.76 - - [02/Dec/2021:00:00:07 -0500] "GET /sipse/faces/javax.faces.resource/jquery/jquery.js?ln=primefaces&v=4.0 HTTP/1.1" 304 -
181.53.13.76 - - [02/Dec/2021:00:00:07 -0500] "GET /sipse/faces/javax.faces.resource/jquery/jquery-plugins.js?ln=primefaces&v=4.0 HTTP/1.1" 304 -
181.53.13.76 - - [02/Dec/2021:00:00:07 -0500] "GET /sipse/faces/javax.faces.resource/primefaces.js?ln=primefaces&v=4.0 HTTP/1.1" 304 -
181.53.13.76 - - [02/Dec/2021:00:00:07 -0500] "GET /sipse/faces/javax.faces.resource/layout/layout.js?ln=primefaces&v=4.0 HTTP/1.1" 304 -
181.53.13.76 - - [02/Dec/2021:00:00:15 -0500] "POST /sipse/faces/autenticacion.xhtml HTTP/1.1" 200 2224
181.53.13.76 - - [02/Dec/2021:00:00:15 -0500] "GET /sipse/faces/javax.faces.resource/messages/messages.png?ln=primefaces&v=4.0 HTTP/1.1" 304 -
181.53.13.76 - - [02/Dec/2021:00:00:16 -0500] "GET /sipse/faces/javax.faces.resource/images/ui-icons_898989_256x240.png?ln=primefaces-aristo HTTP/1.1" 304 -
181.53.13.76 - - [02/Dec/2021:00:00:16 -0500] "POST /sipse/faces/autenticacion.xhtml HTTP/1.1" 200 16379
181.53.13.76 - - [02/Dec/2021:00:00:16 -0500] "GET /sipse/css/custom_css_sg_prime.css HTTP/1.1" 200 5201
181.53.13.76 - - [02/Dec/2021:00:00:16 -0500] "GET /sipse/faces/javax.faces.resource/theme.css?ln=primefaces-sipse HTTP/1.1" 304 -
181.53.13.76 - - [02/Dec/2021:00:00:16 -0500] "GET /sipse/faces/javax.faces.resource/primefaces.css?ln=primefaces&v=4.0 HTTP/1.1" 304 -
181.53.13.76 - - [02/Dec/2021:00:00:16 -0500] "GET /sipse/faces/javax.faces.resource/layout/layout.css?ln=primefaces&v=4.0 HTTP/1.1" 304 -
181.53.13.76 - - [02/Dec/2021:00:00:16 -0500] "GET /sipse/js/jquery.min.js HTTP/1.1" 200 85582
181.53.13.76 - - [02/Dec/2021:00:00:17 -0500] "GET /sipse/faces/javax.faces.resource/jquery/jquery.js?ln=primefaces&v=4.0 HTTP/1.1" 304 -
181.53.13.76 - - [02/Dec/2021:00:00:17 -0500] "GET /sipse/faces/javax.faces.resource/jquery/jquery-plugins.js?ln=primefaces&v=4.0 HTTP/1.1" 304 -
181.53.13.76 - - [02/Dec/2021:00:00:17 -0500] "GET /sipse/faces/javax.faces.resource/primefaces.js?ln=primefaces&v=4.0 HTTP/1.1" 304 -
181.53.13.76 - - [02/Dec/2021:00:00:17 -0500] "GET /sipse/faces/javax.faces.resource/layout/layout.js?ln=primefaces&v=4.0 HTTP/1.1" 304 -
181.53.13.76 - - [02/Dec/2021:00:00:17 -0500] "GET /sipse/css/imagen/contrasena.png HTTP/1.1" 404 383
181.53.13.76 - - [02/Dec/2021:00:00:17 -0500] "GET /sipse/imagenes/cargando.gif HTTP/1.1" 200 36959
181.53.13.76 - - [02/Dec/2021:00:00:17 -0500] "GET /sipse/imagenes/logoAplicacion.jpg HTTP/1.1" 200 155084
181.53.13.76 - - [02/Dec/2021:00:00:18 -0500] "GET /sipse/faces/javax.faces.resource/images/ui-bg_flat_0_2d5972_40x100.png?ln=primefaces-aristo HTTP/1.1" 304 -
181.53.13.76 - - [02/Dec/2021:00:00:19 -0500] "POST /sipse/faces/bienvenido.xhtml HTTP/1.1" 200 2073
181.53.13.76 - - [02/Dec/2021:00:00:20 -0500] "POST /sipse/faces/bienvenido.xhtml HTTP/1.1" 200 39111
181.53.13.76 - - [02/Dec/2021:00:00:20 -0500] "GET /sipse/faces/javax.faces.resource/theme.css?ln=primefaces-sipse HTTP/1.1" 304 -
181.53.13.76 - - [02/Dec/2021:00:00:20 -0500] "GET /sipse/faces/javax.faces.resource/primefaces.css?ln=primefaces&v=4.0 HTTP/1.1" 304 -
181.53.13.76 - - [02/Dec/2021:00:00:20 -0500] "GET /sipse/faces/javax.faces.resource/layout/layout.css?ln=primefaces&v=4.0 HTTP/1.1" 304 -
181.53.13.76 - - [02/Dec/2021:00:00:20 -0500] "GET /sipse/faces/javax.faces.resource/jquery/jquery.js?ln=primefaces&v=4.0 HTTP/1.1" 304 -
181.53.13.76 - - [02/Dec/2021:00:00:20 -0500] "GET /sipse/faces/javax.faces.resource/jquery/jquery-plugins.js?ln=primefaces&v=4.0 HTTP/1.1" 304 -
181.53.13.76 - - [02/Dec/2021:00:00:21 -0500] "GET /sipse/faces/javax.faces.resource/primefaces.js?ln=primefaces&v=4.0 HTTP/1.1" 304 -
181.53.13.76 - - [02/Dec/2021:00:00:21 -0500] "GET /sipse/faces/javax.faces.resource/layout/layout.js?ln=primefaces&v=4.0 HTTP/1.1" 304 -
181.53.13.76 - - [02/Dec/2021:00:00:28 -0500] "POST /sipse/faces/presentacion/financiero/solicitudProceso/consultar.xhtml HTTP/1.1" 200 12696
181.53.13.76 - - [02/Dec/2021:00:00:38 -0500] "POST /sipse/faces/presentacion/financiero/solicitudProceso/consultar.xhtml HTTP/1.1" 200 12763
40.77.167.71 - - [02/Dec/2021:00:02:32 -0500] "GET /bla/resoluciones/resoluciones%202021/1622.pdf HTTP/1.1" 200 564591
157.55.39.111 - - [02/Dec/2021:00:02:35 -0500] "GET /bla/resoluciones/resoluciones%202021/0787.pdf HTTP/1.1" 200 585293
157.55.39.61 - - [02/Dec/2021:00:04:33 -0500] "GET /bla/resoluciones/resoluciones%202021/0827.pdf HTTP/1.1" 200 606795
216.245.221.92 - - [02/Dec/2021:00:04:35 -0500] "HEAD / HTTP/1.1" 200 -
157.55.39.111 - - [02/Dec/2021:00:04:36 -0500] "GET /bla/resoluciones/resoluciones%202021/2980.pdf HTTP/1.1" 200 1203139
216.245.221.92 - - [02/Dec/2021:00:09:35 -0500] "HEAD / HTTP/1.1" 200 -
157.55.39.88 - - [02/Dec/2021:00:11:40 -0500] "GET /bla/resoluciones/resoluciones%202021/2048.pdf HTTP/1.1" 200 849876
34.147.126.117 - - [02/Dec/2021:00:12:09 -0500] "GET / HTTP/1.1" 200 319
157.55.39.111 - - [02/Dec/2021:00:12:36 -0500] "GET /bla/resoluciones/resoluciones%202021/2852.pdf HTTP/1.1" 200 355520
216.245.221.92 - - [02/Dec/2021:00:14:35 -0500] "HEAD / HTTP/1.1" 200 -
201.244.247.62 - - [02/Dec/2021:00:14:47 -0500] "GET /sipse/faces/faces/faces/faces/faces/index.xhtml HTTP/1.1" 200 677
201.244.247.62 - - [02/Dec/2021:00:14:47 -0500] "GET /sipse/faces/javax.faces.resource/theme.css?ln=primefaces-sipse HTTP/1.1" 304 -
201.244.247.62 - - [02/Dec/2021:00:14:47 -0500] "GET /sipse/faces/faces/faces/faces/faces/faces/autenticacion.xhtml HTTP/1.1" 200 12188
201.244.247.62 - - [02/Dec/2021:00:14:47 -0500] "GET /sipse/js/disable_browser_buttons.js HTTP/1.1" 304 -
201.244.247.62 - - [02/Dec/2021:00:14:48 -0500] "GET /sipse/css/custom_css_sg_prime_login.css HTTP/1.1" 304 -
201.244.247.62 - - [02/Dec/2021:00:14:48 -0500] "GET /sipse/js/funciones.js HTTP/1.1" 304 -
201.244.247.62 - - [02/Dec/2021:00:14:48 -0500] "GET /sipse/css/custom_css_sg.css HTTP/1.1" 304 -
201.244.247.62 - - [02/Dec/2021:00:14:48 -0500] "GET /sipse/faces/javax.faces.resource/theme.css?ln=primefaces-sipse HTTP/1.1" 304 -
201.244.247.62 - - [02/Dec/2021:00:14:48 -0500] "GET /sipse/faces/javax.faces.resource/jquery/jquery.js?ln=primefaces&v=4.0 HTTP/1.1" 304 -
201.244.247.62 - - [02/Dec/2021:00:14:48 -0500] "GET /sipse/faces/javax.faces.resource/primefaces.css?ln=primefaces&v=4.0 HTTP/1.1" 304 -
201.244.247.62 - - [02/Dec/2021:00:14:48 -0500] "GET /sipse/faces/javax.faces.resource/layout/layout.css?ln=primefaces&v=4.0 HTTP/1.1" 304 -
201.244.247.62 - - [02/Dec/2021:00:14:48 -0500] "GET /sipse/faces/javax.faces.resource/jquery/jquery-plugins.js?ln=primefaces&v=4.0 HTTP/1.1" 304 -
201.244.247.62 - - [02/Dec/2021:00:14:48 -0500] "GET /sipse/faces/javax.faces.resource/primefaces.js?ln=primefaces&v=4.0 HTTP/1.1" 304 -
201.244.247.62 - - [02/Dec/2021:00:14:48 -0500] "GET /sipse/faces/javax.faces.resource/layout/layout.js?ln=primefaces&v=4.0 HTTP/1.1" 304 -
201.244.247.62 - - [02/Dec/2021:00:14:48 -0500] "GET /sipse/css/imagen/logoSDG.png HTTP/1.1" 304 -
201.244.247.62 - - [02/Dec/2021:00:14:48 -0500] "GET /sipse/css/imagen/loginimg.png HTTP/1.1" 304 -
201.244.247.62 - - [02/Dec/2021:00:14:48 -0500] "GET /sipse/faces/javax.faces.resource/images/ui-icons_898989_256x240.png?ln=primefaces-aristo HTTP/1.1" 304 -
201.244.247.62 - - [02/Dec/2021:00:14:51 -0500] "POST /sipse/faces/autenticacion.xhtml HTTP/1.1" 200 16219
201.244.247.62 - - [02/Dec/2021:00:14:51 -0500] "GET /sipse/js/jquery.min.js HTTP/1.1" 304 -
201.244.247.62 - - [02/Dec/2021:00:14:51 -0500] "GET /sipse/css/custom_css_sg_prime.css HTTP/1.1" 304 -
201.244.247.62 - - [02/Dec/2021:00:14:51 -0500] "GET /sipse/faces/javax.faces.resource/theme.css?ln=primefaces-sipse HTTP/1.1" 304 -
201.244.247.62 - - [02/Dec/2021:00:14:51 -0500] "GET /sipse/faces/javax.faces.resource/layout/layout.css?ln=primefaces&v=4.0 HTTP/1.1" 304 -
201.244.247.62 - - [02/Dec/2021:00:14:51 -0500] "GET /sipse/faces/javax.faces.resource/primefaces.css?ln=primefaces&v=4.0 HTTP/1.1" 304 -
201.244.247.62 - - [02/Dec/2021:00:14:51 -0500] "GET /sipse/faces/javax.faces.resource/jquery/jquery.js?ln=primefaces&v=4.0 HTTP/1.1" 304 -
201.244.247.62 - - [02/Dec/2021:00:14:51 -0500] "GET /sipse/faces/javax.faces.resource/jquery/jquery-plugins.js?ln=primefaces&v=4.0 HTTP/1.1" 304 -
201.244.247.62 - - [02/Dec/2021:00:14:51 -0500] "GET /sipse/faces/javax.faces.resource/primefaces.js?ln=primefaces&v=4.0 HTTP/1.1" 304 -
201.244.247.62 - - [02/Dec/2021:00:14:51 -0500] "GET /sipse/faces/javax.faces.resource/layout/layout.js?ln=primefaces&v=4.0 HTTP/1.1" 304 -
201.244.247.62 - - [02/Dec/2021:00:14:51 -0500] "GET /sipse/css/imagen/contrasena.png HTTP/1.1" 404 383
201.244.247.62 - - [02/Dec/2021:00:14:51 -0500] "GET /sipse/imagenes/cargando.gif HTTP/1.1" 304 -
201.244.247.62 - - [02/Dec/2021:00:14:51 -0500] "GET /sipse/imagenes/logoAplicacion.jpg HTTP/1.1" 304 -
201.244.247.62 - - [02/Dec/2021:00:14:51 -0500] "GET /sipse/faces/javax.faces.resource/messages/messages.png?ln=primefaces&v=4.0 HTTP/1.1" 304 -
201.244.247.62 - - [02/Dec/2021:00:14:53 -0500] "GET /sipse/faces/javax.faces.resource/images/ui-bg_flat_0_2d5972_40x100.png?ln=primefaces-aristo HTTP/1.1" 304 -
201.244.247.62 - - [02/Dec/2021:00:14:53 -0500] "POST /sipse/faces/bienvenido.xhtml HTTP/1.1" 200 1471
201.244.247.62 - - [02/Dec/2021:00:14:54 -0500] "POST /sipse/faces/bienvenido.xhtml HTTP/1.1" 200 57995
201.244.247.62 - - [02/Dec/2021:00:14:54 -0500] "GET /sipse/faces/javax.faces.resource/theme.css?ln=primefaces-sipse HTTP/1.1" 304 -
201.244.247.62 - - [02/Dec/2021:00:14:54 -0500] "GET /sipse/faces/javax.faces.resource/primefaces.css?ln=primefaces&v=4.0 HTTP/1.1" 304 -
201.244.247.62 - - [02/Dec/2021:00:14:54 -0500] "GET /sipse/faces/javax.faces.resource/layout/layout.css?ln=primefaces&v=4.0 HTTP/1.1" 304 -
201.244.247.62 - - [02/Dec/2021:00:14:54 -0500] "GET /sipse/faces/javax.faces.resource/jquery/jquery.js?ln=primefaces&v=4.0 HTTP/1.1" 304 -
201.244.247.62 - - [02/Dec/2021:00:14:54 -0500] "GET /sipse/faces/javax.faces.resource/jquery/jquery-plugins.js?ln=primefaces&v=4.0 HTTP/1.1" 304 -
201.244.247.62 - - [02/Dec/2021:00:14:54 -0500] "GET /sipse/faces/javax.faces.resource/primefaces.js?ln=primefaces&v=4.0 HTTP/1.1" 304 -
201.244.247.62 - - [02/Dec/2021:00:14:54 -0500] "GET /sipse/faces/javax.faces.resource/layout/layout.js?ln=primefaces&v=4.0 HTTP/1.1" 304 -
201.244.247.62 - - [02/Dec/2021:00:14:55 -0500] "POST /sipse/faces/presentacion/financiero/solicitudProceso/listarSolicitudProceso.xhtml HTTP/1.1" 200 1452
201.244.247.62 - - [02/Dec/2021:00:14:59 -0500] "POST /sipse/faces/presentacion/financiero/solicitudProceso/listarSolicitudProceso.xhtml HTTP/1.1" 200 30525
201.244.247.62 - - [02/Dec/2021:00:15:06 -0500] "POST /sipse/faces/presentacion/financiero/solicitudProceso/listarSolicitudProceso.xhtml HTTP/1.1" 200 30537
201.244.247.62 - - [02/Dec/2021:00:15:07 -0500] "POST /sipse/faces/presentacion/financiero/solicitudProceso/listarSolicitudProceso.xhtml HTTP/1.1" 200 30811
201.244.247.62 - - [02/Dec/2021:00:15:09 -0500] "POST /sipse/faces/presentacion/financiero/solicitudProceso/listarSolicitudProceso.xhtml HTTP/1.1" 200 4853
201.244.247.62 - - [02/Dec/2021:00:16:12 -0500] "POST /sipse/faces/presentacion/financiero/solicitudProceso/listarSolicitudProceso.xhtml HTTP/1.1" 200 120048
201.244.247.62 - - [02/Dec/2021:00:16:12 -0500] "GET /sipse/faces/javax.faces.resource/theme.css?ln=primefaces-sipse HTTP/1.1" 304 -
201.244.247.62 - - [02/Dec/2021:00:16:12 -0500] "GET /sipse/faces/javax.faces.resource/jquery/jquery.js?ln=primefaces&v=4.0 HTTP/1.1" 304 -
201.244.247.62 - - [02/Dec/2021:00:16:12 -0500] "GET /sipse/faces/javax.faces.resource/layout/layout.css?ln=primefaces&v=4.0 HTTP/1.1" 304 -
201.244.247.62 - - [02/Dec/2021:00:16:12 -0500] "GET /sipse/faces/javax.faces.resource/primefaces.css?ln=primefaces&v=4.0 HTTP/1.1" 304 -
201.244.247.62 - - [02/Dec/2021:00:16:13 -0500] "GET /sipse/faces/javax.faces.resource/jquery/jquery-plugins.js?ln=primefaces&v=4.0 HTTP/1.1" 304 -
201.244.247.62 - - [02/Dec/2021:00:16:13 -0500] "GET /sipse/faces/javax.faces.resource/primefaces.js?ln=primefaces&v=4.0 HTTP/1.1" 304 -
201.244.247.62 - - [02/Dec/2021:00:16:13 -0500] "GET /sipse/faces/javax.faces.resource/layout/layout.js?ln=primefaces&v=4.0 HTTP/1.1" 304 -
201.244.247.62 - - [02/Dec/2021:00:16:13 -0500] "GET /sipse/faces/javax.faces.resource/dynamiccontent.properties?ln=primefaces&pfdrid=XjOR5%2F%2FfPAZAuY9TpWQeCiM0BhlXxYRBGKi%2FQcXXfeA%3D&pfdrid_c=false HTTP/1.1" 500 383
201.244.247.62 - - [02/Dec/2021:00:16:23 -0500] "POST /sipse/faces/presentacion/financiero/solicitudProceso/consultarSolicitudProceso.xhtml HTTP/1.1" 200 153355
201.244.247.62 - - [02/Dec/2021:00:16:48 -0500] "POST /sipse/faces/presentacion/financiero/solicitudProceso/consultarSolicitudProceso.xhtml HTTP/1.1" 200 153355
40.77.167.71 - - [02/Dec/2021:00:17:44 -0500] "GET /bla/resoluciones/resoluciones%202021/1645.pdf HTTP/1.1" 200 348055
201.244.247.62 - - [02/Dec/2021:00:18:24 -0500] "POST /sipse/faces/presentacion/financiero/solicitudProceso/consultarSolicitudProceso.xhtml HTTP/1.1" 200 151288
40.77.167.71 - - [02/Dec/2021:00:18:44 -0500] "GET /bla/resoluciones/resoluciones%202021/2812.pdf HTTP/1.1" 200 446303
201.245.192.253 - - [02/Dec/2021:00:19:02 -0500] "GET /galeria/galeria/jquery.fancybox.css?v=2.1.5 HTTP/1.1" 200 4895
201.245.192.253 - - [02/Dec/2021:00:19:02 -0500] "GET /galeria/galeria/jquery.fancybox.js?v=2.1.5 HTTP/1.1" 200 48706
201.244.247.62 - - [02/Dec/2021:00:19:33 -0500] "POST /sipse/faces/presentacion/financiero/solicitudProceso/consultarSolicitudProceso.xhtml HTTP/1.1" 200 151288
216.245.221.92 - - [02/Dec/2021:00:19:35 -0500] "HEAD / HTTP/1.1" 200 -
158.69.125.158 - - [02/Dec/2021:00:19:55 -0500] "GET /auambari-deleito-con-sus-sonidos-ambientales-a-los-asistentes-de-fima-2021.html HTTP/1.1" 200 888
201.244.247.62 - - [02/Dec/2021:00:20:29 -0500] "POST /sipse/faces/presentacion/financiero/solicitudProceso/consultarSolicitudProceso.xhtml HTTP/1.1" 200 49263
201.244.247.62 - - [02/Dec/2021:00:21:28 -0500] "POST /sipse/faces/presentacion/financiero/solicitudProceso/consultarSolicitudProceso.xhtml HTTP/1.1" 200 711764
198.98.49.124 - - [02/Dec/2021:00:22:17 -0500] "GET / HTTP/1.1" 200 319
190.25.108.239 - - [02/Dec/2021:00:22:34 -0500] "GET /sipsesda/ HTTP/1.1" 200 1477
190.25.108.239 - - [02/Dec/2021:00:22:34 -0500] "GET /css/segobdis.css HTTP/1.1" 404 1264
190.25.108.239 - - [02/Dec/2021:00:22:34 -0500] "GET /sipsesda/faces/login.jspx HTTP/1.1" 200 7861
190.25.108.239 - - [02/Dec/2021:00:22:34 -0500] "GET /sipsesda/js/disable_browser_buttons.js;jsessionid=ac16012b22b89d52ddc65cb24721a407a7be81d8d98e.e34Lc3uRbN4Oc40Pchf0 HTTP/1.1" 200 2767
190.25.108.239 - - [02/Dec/2021:00:22:34 -0500] "GET /sipsesda/js/funciones.js;jsessionid=ac16012b22b89d52ddc65cb24721a407a7be81d8d98e.e34Lc3uRbN4Oc40Pchf0 HTTP/1.1" 200 36377
190.25.108.239 - - [02/Dec/2021:00:22:34 -0500] "GET /sipsesda/adf/styles/cache/segobdis16-desktop-10_1_3_4_0-gecko.css;jsessionid=ac16012b22b89d52ddc65cb24721a407a7be81d8d98e.e34Lc3uRbN4Oc40Pchf0 HTTP/1.1" 200 57778
190.25.108.239 - - [02/Dec/2021:00:22:34 -0500] "GET /sipsesda/adf/images/t.gif;jsessionid=ac16012b22b89d52ddc65cb24721a407a7be81d8d98e.e34Lc3uRbN4Oc40Pchf0 HTTP/1.1" 200 86
190.25.108.239 - - [02/Dec/2021:00:22:34 -0500] "GET /sipsesda/imagenes/encabezado.jpg;jsessionid=ac16012b22b89d52ddc65cb24721a407a7be81d8d98e.e34Lc3uRbN4Oc40Pchf0 HTTP/1.1" 200 18018
190.25.108.239 - - [02/Dec/2021:00:22:34 -0500] "GET /sipsesda/adf/jsLibs/Common10_1_3_4_0.js;jsessionid=ac16012b22b89d52ddc65cb24721a407a7be81d8d98e.e34Lc3uRbN4Oc40Pchf0 HTTP/1.1" 200 132959
190.25.108.239 - - [02/Dec/2021:00:22:37 -0500] "POST /sipsesda/faces/login.jspx;jsessionid=ac16012b22b89d52ddc65cb24721a407a7be81d8d98e.e34Lc3uRbN4Oc40Pchf0 HTTP/1.1" 200 5600
190.25.108.239 - - [02/Dec/2021:00:22:40 -0500] "POST /sipsesda/faces/vista/sistema/seleccionRol.jspx HTTP/1.1" 200 32592
190.25.108.239 - - [02/Dec/2021:00:22:40 -0500] "GET /favicon.ico HTTP/1.1" 200 7782
190.25.108.239 - - [02/Dec/2021:00:22:40 -0500] "GET /sipsesda/faces/imagenes/vinetaDerecha.gif HTTP/1.1" 200 107
190.25.108.239 - - [02/Dec/2021:00:22:40 -0500] "GET /sipsesda/faces/imagenes/vinetaAbajo.gif HTTP/1.1" 200 72
190.25.108.239 - - [02/Dec/2021:00:22:44 -0500] "GET /sipsesda/faces/vista/sistema/cargarMenu.jspx?accionMenu=listadoFuncionario&menuID=18 HTTP/1.1" 200 32799
190.25.108.239 - - [02/Dec/2021:00:22:44 -0500] "POST /sipsesda/faces/vista/sistema/cargarMenu.jspx HTTP/1.1" 200 36694
201.245.192.253 - - [02/Dec/2021:00:22:19 -0500] "POST /kwsrmcab/Wsrmcab HTTP/1.1" 200 44359
186.33.71.124 - - [02/Dec/2021:00:23:20 -0500] "GET / HTTP/1.1" 200 319
190.25.108.239 - - [02/Dec/2021:00:23:21 -0500] "POST /sipsesda/faces/vista/administracion/funcionario/listadoFuncionario.jspx HTTP/1.1" 200 37139
190.25.108.239 - - [02/Dec/2021:00:23:23 -0500] "POST /sipsesda/faces/vista/administracion/funcionario/listadoFuncionario.jspx HTTP/1.1" 200 19248
190.25.108.239 - - [02/Dec/2021:00:23:31 -0500] "POST /sipsesda/faces/vista/administracion/funcionario/registrarFuncionario.jspx?_afPfm=1 HTTP/1.1" 200 14639
190.25.108.239 - - [02/Dec/2021:00:23:32 -0500] "GET /sipsesda/faces/__ADFv__?_afPfm=1.1&_t=fred&_red=cd&value=1638422441341&loc=es-CO&enc=UTF-8&minValue=1136073600000&maxValue=1764633600000 HTTP/1.1" 200 1074
190.25.108.239 - - [02/Dec/2021:00:23:33 -0500] "GET /sipsesda/faces/__ADFv__?_afPfm=1.1&_t=cd&value=1638422441341&loc=es-CO&maxValue=1764633600000&minValue=1136073600000&enc=UTF-8 HTTP/1.1" 200 7367
190.25.108.239 - - [02/Dec/2021:00:23:36 -0500] "GET /sipsesda/faces/__ADFv__?_afPfm=1.1&_t=fred&_red=cd&value=1638403200000&loc=es-CO&enc=UTF-8&minValue=1136073600000&maxValue=1764633600000 HTTP/1.1" 200 1074
190.25.108.239 - - [02/Dec/2021:00:23:37 -0500] "GET /sipsesda/faces/__ADFv__?_afPfm=1.1&_t=cd&loc=es-CO&minValue=1136073600000&value=1638403200000&maxValue=1764633600000&enc=UTF-8 HTTP/1.1" 200 7367
190.25.108.239 - - [02/Dec/2021:00:23:39 -0500] "GET /sipsesda/faces/__ADFv__?_afPfm=1.1&_t=fred&_red=cd&value=1638403200000&loc=es-CO&enc=UTF-8&minValue=1136073600000&maxValue=1764633600000 HTTP/1.1" 200 1074
190.25.108.239 - - [02/Dec/2021:00:23:40 -0500] "GET /sipsesda/faces/__ADFv__?_afPfm=1.1&_t=cd&maxValue=1764633600000&loc=es-CO&enc=UTF-8&minValue=1136073600000&value=1638403200000 HTTP/1.1" 200 7367
201.245.192.253 - - [02/Dec/2021:00:23:05 -0500] "POST /kwsrmcab/Wsrmcab HTTP/1.1" 200 42652
190.25.108.239 - - [02/Dec/2021:00:23:53 -0500] "POST /sipsesda/faces/vista/administracion/dependenciaFuncionario/registrarDependenciaFuncionario.jspx?_afPfm=1.1 HTTP/1.1" 200 19265
190.25.108.239 - - [02/Dec/2021:00:23:56 -0500] "POST /sipsesda/faces/vista/administracion/funcionario/registrarFuncionario.jspx?_afPfm=1 HTTP/1.1" 200 14639
190.25.108.239 - - [02/Dec/2021:00:23:58 -0500] "POST /sipsesda/faces/vista/administracion/dependenciaFuncionario/registrarDependenciaFuncionario.jspx?_afPfm=1.2 HTTP/1.1" 200 19265
190.25.108.239 - - [02/Dec/2021:00:24:31 -0500] "POST /sipsesda/faces/vista/administracion/funcionario/registrarFuncionario.jspx?_afPfm=1 HTTP/1.1" 200 37205
190.25.108.239 - - [02/Dec/2021:00:24:32 -0500] "POST /sipsesda/faces/vista/administracion/funcionario/listadoFuncionario.jspx HTTP/1.1" 200 36694
216.245.221.92 - - [02/Dec/2021:00:24:35 -0500] "HEAD / HTTP/1.1" 200 -
190.25.108.239 - - [02/Dec/2021:00:24:37 -0500] "POST /sipsesda/faces/vista/administracion/funcionario/listadoFuncionario.jspx HTTP/1.1" 200 37144
190.25.108.239 - - [02/Dec/2021:00:24:38 -0500] "POST /sipsesda/faces/vista/administracion/funcionario/listadoFuncionario.jspx HTTP/1.1" 200 19611
190.25.108.239 - - [02/Dec/2021:00:24:42 -0500] "POST /sipsesda/faces/vista/administracion/funcionario/registrarFuncionario.jspx?_afPfm=2 HTTP/1.1" 200 14641
201.245.192.253 - - [02/Dec/2021:00:24:00 -0500] "POST /kwsrmcab/Wsrmcab HTTP/1.1" 200 108263
190.25.108.239 - - [02/Dec/2021:00:24:44 -0500] "POST /sipsesda/faces/vista/administracion/dependenciaFuncionario/registrarDependenciaFuncionario.jspx?_afPfm=2.1 HTTP/1.1" 200 19611
190.25.108.239 - - [02/Dec/2021:00:24:56 -0500] "POST /sipsesda/faces/vista/administracion/funcionario/registrarFuncionario.jspx?_afPfm=2 HTTP/1.1" 200 37193
190.25.108.239 - - [02/Dec/2021:00:24:57 -0500] "POST /sipsesda/faces/vista/administracion/funcionario/listadoFuncionario.jspx HTTP/1.1" 200 36694
190.25.108.239 - - [02/Dec/2021:00:25:05 -0500] "POST /sipsesda/faces/vista/administracion/funcionario/listadoFuncionario.jspx HTTP/1.1" 200 37151
190.25.108.239 - - [02/Dec/2021:00:25:08 -0500] "POST /sipsesda/faces/vista/administracion/funcionario/listadoFuncionario.jspx HTTP/1.1" 200 19269
190.25.108.239 - - [02/Dec/2021:00:25:21 -0500] "POST /sipsesda/faces/vista/administracion/funcionario/registrarFuncionario.jspx?_afPfm=3 HTTP/1.1" 200 37209
167.172.234.165 - - [02/Dec/2021:00:27:35 -0500] "GET / HTTP/1.0" 200 319
216.245.221.92 - - [02/Dec/2021:00:29:35 -0500] "HEAD / HTTP/1.1" 200 -
157.55.39.88 - - [02/Dec/2021:00:30:16 -0500] "GET /bla/resoluciones/resoluciones%202021/1943.pdf HTTP/1.1" 200 456379
216.218.206.67 - - [02/Dec/2021:00:30:26 -0500] "GET / HTTP/1.1" 200 319
201.245.192.253 - - [02/Dec/2021:00:32:20 -0500] "POST /kwsrmcab/Wsrmcab HTTP/1.1" 200 44359
201.245.192.253 - - [02/Dec/2021:00:33:04 -0500] "POST /kwsrmcab/Wsrmcab HTTP/1.1" 200 42652
207.46.13.134 - - [02/Dec/2021:00:34:31 -0500] "GET /bla/resoluciones/resoluciones%202021/0527.pdf HTTP/1.1" 200 548254
216.245.221.92 - - [02/Dec/2021:00:34:35 -0500] "HEAD / HTTP/1.1" 200 -
201.245.192.253 - - [02/Dec/2021:00:34:02 -0500] "POST /kwsrmcab/Wsrmcab HTTP/1.1" 200 108263
207.46.13.215 - - [02/Dec/2021:00:35:00 -0500] "GET /bla/resoluciones/resoluciones%202021/0462.pdf HTTP/1.1" 200 711994
216.245.221.92 - - [02/Dec/2021:00:39:35 -0500] "HEAD / HTTP/1.1" 200 -
157.55.39.61 - - [02/Dec/2021:00:40:37 -0500] "GET /bla/resoluciones/resoluciones%202021/1108.pdf HTTP/1.1" 200 451285
13.66.139.1 - - [02/Dec/2021:00:40:47 -0500] "-" 408 -
40.77.167.71 - - [02/Dec/2021:00:42:17 -0500] "GET /bla/resoluciones/resoluciones%202021/3174.pdf HTTP/1.1" 200 358021
40.77.167.71 - - [02/Dec/2021:00:42:19 -0500] "GET /bla/resoluciones/resoluciones%202021/1872.pdf HTTP/1.1" 200 346058
201.245.192.253 - - [02/Dec/2021:00:42:19 -0500] "POST /kwsrmcab/Wsrmcab HTTP/1.1" 200 44359
201.245.192.253 - - [02/Dec/2021:00:43:04 -0500] "POST /kwsrmcab/Wsrmcab HTTP/1.1" 200 42652
216.245.221.92 - - [02/Dec/2021:00:44:35 -0500] "HEAD / HTTP/1.1" 200 -
201.245.192.253 - - [02/Dec/2021:00:43:59 -0500] "POST /kwsrmcab/Wsrmcab HTTP/1.1" 200 108263
207.46.13.47 - - [02/Dec/2021:00:45:44 -0500] "GET /bla/resoluciones/resoluciones%202021/3268.pdf HTTP/1.1" 200 345509
207.46.13.215 - - [02/Dec/2021:00:47:02 -0500] "GET /bla/resoluciones/resoluciones%202021/3243.pdf HTTP/1.1" 200 418927
213.133.108.13 - - [02/Dec/2021:00:47:11 -0500] "GET /BLA/resoluciones/index.php?dir=RESOLUCIONES%202004/RES%202004%201451-1500/&sort=date&order=asc HTTP/1.1" 200 12353
181.62.52.83 - - [02/Dec/2021:00:48:02 -0500] "GET /galeria/galeria/jquery.fancybox.css?v=2.1.5 HTTP/1.1" 200 4895
216.245.221.92 - - [02/Dec/2021:00:49:35 -0500] "HEAD / HTTP/1.1" 200 -
201.244.247.62 - - [02/Dec/2021:00:51:29 -0500] "POST /sipse/faces/presentacion/financiero/solicitudProceso/consultarSolicitudProceso.xhtml HTTP/1.1" 200 32438
201.244.247.62 - - [02/Dec/2021:00:51:29 -0500] "GET /sipse/faces/javax.faces.resource/theme.css?ln=primefaces-sipse HTTP/1.1" 304 -
201.244.247.62 - - [02/Dec/2021:00:51:29 -0500] "GET /sipse/faces/javax.faces.resource/primefaces.css?ln=primefaces&v=4.0 HTTP/1.1" 304 -
201.244.247.62 - - [02/Dec/2021:00:51:29 -0500] "GET /sipse/faces/javax.faces.resource/layout/layout.css?ln=primefaces&v=4.0 HTTP/1.1" 304 -
201.244.247.62 - - [02/Dec/2021:00:51:29 -0500] "GET /sipse/faces/javax.faces.resource/jquery/jquery.js?ln=primefaces&v=4.0 HTTP/1.1" 304 -
201.244.247.62 - - [02/Dec/2021:00:51:29 -0500] "GET /sipse/faces/javax.faces.resource/jquery/jquery-plugins.js?ln=primefaces&v=4.0 HTTP/1.1" 304 -
201.244.247.62 - - [02/Dec/2021:00:51:29 -0500] "GET /sipse/css/imagen/contrasena.png HTTP/1.1" 404 383
201.244.247.62 - - [02/Dec/2021:00:51:29 -0500] "GET /sipse/faces/javax.faces.resource/primefaces.js?ln=primefaces&v=4.0 HTTP/1.1" 304 -
201.244.247.62 - - [02/Dec/2021:00:51:29 -0500] "GET /sipse/faces/javax.faces.resource/layout/layout.js?ln=primefaces&v=4.0 HTTP/1.1" 304 -
201.244.247.62 - - [02/Dec/2021:00:51:29 -0500] "POST /sipse/faces/presentacion/financiero/solicitudProceso/listarSolicitudProceso.xhtml HTTP/1.1" 200 25711
201.244.247.62 - - [02/Dec/2021:00:51:29 -0500] "POST /sipse/faces/presentacion/financiero/solicitudProceso/listarSolicitudProceso.xhtml HTTP/1.1" 200 25711
201.244.247.62 - - [02/Dec/2021:00:51:29 -0500] "POST /sipse/faces/presentacion/financiero/solicitudProceso/listarSolicitudProceso.xhtml HTTP/1.1" 200 1344
201.244.247.62 - - [02/Dec/2021:00:51:30 -0500] "POST /sipse/faces/presentacion/financiero/solicitudProceso/listarSolicitudProceso.xhtml HTTP/1.1" 200 1344
201.244.247.62 - - [02/Dec/2021:00:51:30 -0500] "POST /sipse/faces/presentacion/financiero/solicitudProceso/listarSolicitudProceso.xhtml HTTP/1.1" 200 1348
66.249.64.205 - - [02/Dec/2021:00:51:34 -0500] "-" 408 -
201.244.247.62 - - [02/Dec/2021:00:51:36 -0500] "POST /sipse/faces/presentacion/financiero/solicitudProceso/listarSolicitudProceso.xhtml HTTP/1.1" 200 27500
201.244.247.62 - - [02/Dec/2021:00:51:37 -0500] "POST /sipse/faces/presentacion/financiero/solicitudProceso/listarSolicitudProceso.xhtml HTTP/1.1" 200 4955
201.244.247.62 - - [02/Dec/2021:00:52:17 -0500] "POST /sipse/faces/presentacion/financiero/solicitudProceso/listarSolicitudProceso.xhtml HTTP/1.1" 200 115143
201.244.247.62 - - [02/Dec/2021:00:52:18 -0500] "GET /sipse/faces/javax.faces.resource/theme.css?ln=primefaces-sipse HTTP/1.1" 304 -
201.244.247.62 - - [02/Dec/2021:00:52:18 -0500] "GET /sipse/faces/javax.faces.resource/primefaces.css?ln=primefaces&v=4.0 HTTP/1.1" 304 -
201.244.247.62 - - [02/Dec/2021:00:52:18 -0500] "GET /sipse/faces/javax.faces.resource/layout/layout.css?ln=primefaces&v=4.0 HTTP/1.1" 304 -
201.244.247.62 - - [02/Dec/2021:00:52:18 -0500] "GET /sipse/faces/javax.faces.resource/jquery/jquery.js?ln=primefaces&v=4.0 HTTP/1.1" 304 -
201.244.247.62 - - [02/Dec/2021:00:52:18 -0500] "GET /sipse/faces/javax.faces.resource/jquery/jquery-plugins.js?ln=primefaces&v=4.0 HTTP/1.1" 304 -
201.244.247.62 - - [02/Dec/2021:00:52:18 -0500] "GET /sipse/faces/javax.faces.resource/primefaces.js?ln=primefaces&v=4.0 HTTP/1.1" 304 -
201.244.247.62 - - [02/Dec/2021:00:52:18 -0500] "GET /sipse/faces/javax.faces.resource/layout/layout.js?ln=primefaces&v=4.0 HTTP/1.1" 304 -
201.244.247.62 - - [02/Dec/2021:00:52:18 -0500] "GET /sipse/css/imagen/contrasena.png HTTP/1.1" 404 383
201.244.247.62 - - [02/Dec/2021:00:52:18 -0500] "GET /sipse/faces/javax.faces.resource/dynamiccontent.properties?ln=primefaces&pfdrid=XjOR5%2F%2FfPAZAuY9TpWQeCiM0BhlXxYRBGKi%2FQcXXfeA%3D&pfdrid_c=false HTTP/1.1" 500 383
201.244.247.62 - - [02/Dec/2021:00:52:25 -0500] "POST /sipse/faces/presentacion/financiero/solicitudProceso/consultarSolicitudProceso.xhtml HTTP/1.1" 200 165161
201.244.247.62 - - [02/Dec/2021:00:52:46 -0500] "POST /sipse/faces/presentacion/financiero/solicitudProceso/consultarSolicitudProceso.xhtml HTTP/1.1" 200 154530
201.244.247.62 - - [02/Dec/2021:00:52:56 -0500] "POST /sipse/faces/presentacion/financiero/solicitudProceso/consultarSolicitudProceso.xhtml HTTP/1.1" 200 35969
207.46.13.134 - - [02/Dec/2021:00:53:24 -0500] "GET /bla/resoluciones/resoluciones%202021/2697.pdf HTTP/1.1" 200 406448
139.59.85.60 - - [02/Dec/2021:00:53:54 -0500] "GET / HTTP/1.0" 200 319
201.244.247.62 - - [02/Dec/2021:00:54:06 -0500] "POST /sipse/faces/presentacion/financiero/solicitudProceso/consultarSolicitudProceso.xhtml HTTP/1.1" 200 776782
207.46.13.134 - - [02/Dec/2021:00:54:34 -0500] "GET /bla/resoluciones/resoluciones%202021/2461.pdf HTTP/1.1" 200 348795
216.245.221.92 - - [02/Dec/2021:00:54:35 -0500] "HEAD / HTTP/1.1" 200 -
201.245.192.253 - - [02/Dec/2021:00:53:58 -0500] "POST /kwsrmcab/Wsrmcab HTTP/1.1" 200 108263
201.244.247.62 - - [02/Dec/2021:00:55:09 -0500] "POST /sipse/faces/presentacion/financiero/solicitudProceso/consultarSolicitudProceso.xhtml HTTP/1.1" 200 32576
201.244.247.62 - - [02/Dec/2021:00:55:10 -0500] "GET /sipse/faces/javax.faces.resource/theme.css?ln=primefaces-sipse HTTP/1.1" 304 -
201.244.247.62 - - [02/Dec/2021:00:55:10 -0500] "GET /sipse/faces/javax.faces.resource/primefaces.css?ln=primefaces&v=4.0 HTTP/1.1" 304 -
201.244.247.62 - - [02/Dec/2021:00:55:10 -0500] "GET /sipse/faces/javax.faces.resource/layout/layout.css?ln=primefaces&v=4.0 HTTP/1.1" 304 -
201.244.247.62 - - [02/Dec/2021:00:55:10 -0500] "GET /sipse/faces/javax.faces.resource/jquery/jquery.js?ln=primefaces&v=4.0 HTTP/1.1" 304 -
201.244.247.62 - - [02/Dec/2021:00:55:10 -0500] "GET /sipse/faces/javax.faces.resource/jquery/jquery-plugins.js?ln=primefaces&v=4.0 HTTP/1.1" 304 -
201.244.247.62 - - [02/Dec/2021:00:55:10 -0500] "GET /sipse/faces/javax.faces.resource/primefaces.js?ln=primefaces&v=4.0 HTTP/1.1" 304 -
201.244.247.62 - - [02/Dec/2021:00:55:10 -0500] "GET /sipse/faces/javax.faces.resource/layout/layout.js?ln=primefaces&v=4.0 HTTP/1.1" 304 -
201.244.247.62 - - [02/Dec/2021:00:55:10 -0500] "GET /sipse/css/imagen/contrasena.png HTTP/1.1" 404 383
201.244.247.62 - - [02/Dec/2021:00:55:10 -0500] "POST /sipse/faces/presentacion/financiero/solicitudProceso/listarSolicitudProceso.xhtml HTTP/1.1" 200 25849
201.244.247.62 - - [02/Dec/2021:00:55:10 -0500] "POST /sipse/faces/presentacion/financiero/solicitudProceso/listarSolicitudProceso.xhtml HTTP/1.1" 200 25849
201.244.247.62 - - [02/Dec/2021:00:55:10 -0500] "POST /sipse/faces/presentacion/financiero/solicitudProceso/listarSolicitudProceso.xhtml HTTP/1.1" 200 25849
201.244.247.62 - - [02/Dec/2021:00:55:10 -0500] "POST /sipse/faces/presentacion/financiero/solicitudProceso/listarSolicitudProceso.xhtml HTTP/1.1" 200 25849
201.244.247.62 - - [02/Dec/2021:00:55:11 -0500] "POST /sipse/faces/presentacion/financiero/solicitudProceso/listarSolicitudProceso.xhtml HTTP/1.1" 200 1344
201.244.247.62 - - [02/Dec/2021:00:55:11 -0500] "POST /sipse/faces/presentacion/financiero/solicitudProceso/listarSolicitudProceso.xhtml HTTP/1.1" 200 1344
201.244.247.62 - - [02/Dec/2021:00:55:11 -0500] "POST /sipse/faces/presentacion/financiero/solicitudProceso/listarSolicitudProceso.xhtml HTTP/1.1" 200 1348
201.244.247.62 - - [02/Dec/2021:00:55:11 -0500] "POST /sipse/faces/presentacion/financiero/solicitudProceso/listarSolicitudProceso.xhtml HTTP/1.1" 200 1344
201.244.247.62 - - [02/Dec/2021:00:55:11 -0500] "POST /sipse/faces/presentacion/financiero/solicitudProceso/listarSolicitudProceso.xhtml HTTP/1.1" 200 1344
201.244.247.62 - - [02/Dec/2021:00:55:19 -0500] "POST /sipse/faces/presentacion/financiero/solicitudProceso/listarSolicitudProceso.xhtml HTTP/1.1" 200 29912
201.244.247.62 - - [02/Dec/2021:00:55:20 -0500] "POST /sipse/faces/presentacion/financiero/solicitudProceso/listarSolicitudProceso.xhtml HTTP/1.1" 200 30646
201.244.247.62 - - [02/Dec/2021:00:55:22 -0500] "POST /sipse/faces/presentacion/financiero/solicitudProceso/listarSolicitudProceso.xhtml HTTP/1.1" 200 16466
201.244.247.62 - - [02/Dec/2021:00:55:23 -0500] "POST /sipse/faces/presentacion/financiero/solicitudProceso/listarSolicitudProceso.xhtml HTTP/1.1" 200 4813
201.244.247.62 - - [02/Dec/2021:00:55:26 -0500] "POST /sipse/faces/presentacion/financiero/solicitudProceso/listarSolicitudProceso.xhtml HTTP/1.1" 200 120048
201.244.247.62 - - [02/Dec/2021:00:55:26 -0500] "GET /sipse/faces/javax.faces.resource/theme.css?ln=primefaces-sipse HTTP/1.1" 304 -
201.244.247.62 - - [02/Dec/2021:00:55:26 -0500] "GET /sipse/faces/javax.faces.resource/jquery/jquery.js?ln=primefaces&v=4.0 HTTP/1.1" 304 -
201.244.247.62 - - [02/Dec/2021:00:55:26 -0500] "GET /sipse/faces/javax.faces.resource/layout/layout.css?ln=primefaces&v=4.0 HTTP/1.1" 304 -
201.244.247.62 - - [02/Dec/2021:00:55:26 -0500] "GET /sipse/faces/javax.faces.resource/primefaces.css?ln=primefaces&v=4.0 HTTP/1.1" 304 -
201.244.247.62 - - [02/Dec/2021:00:55:26 -0500] "GET /sipse/faces/javax.faces.resource/jquery/jquery-plugins.js?ln=primefaces&v=4.0 HTTP/1.1" 304 -
201.244.247.62 - - [02/Dec/2021:00:55:26 -0500] "GET /sipse/faces/javax.faces.resource/primefaces.js?ln=primefaces&v=4.0 HTTP/1.1" 304 -
201.244.247.62 - - [02/Dec/2021:00:55:26 -0500] "GET /sipse/faces/javax.faces.resource/layout/layout.js?ln=primefaces&v=4.0 HTTP/1.1" 304 -
201.244.247.62 - - [02/Dec/2021:00:55:26 -0500] "GET /sipse/css/imagen/contrasena.png HTTP/1.1" 404 383
201.244.247.62 - - [02/Dec/2021:00:55:26 -0500] "GET /sipse/faces/javax.faces.resource/dynamiccontent.properties?ln=primefaces&pfdrid=XjOR5%2F%2FfPAZAuY9TpWQeCiM0BhlXxYRBGKi%2FQcXXfeA%3D&pfdrid_c=false HTTP/1.1" 500 383
207.46.13.215 - - [02/Dec/2021:00:55:44 -0500] "GET /bla/resoluciones/resoluciones%202021/2758.pdf HTTP/1.1" 200 347351
157.55.39.88 - - [02/Dec/2021:00:56:14 -0500] "GET /bla/resoluciones/resoluciones%202021/2657.pdf HTTP/1.1" 200 583509
201.244.247.62 - - [02/Dec/2021:00:56:24 -0500] "POST /sipse/faces/presentacion/financiero/solicitudProceso/consultarSolicitudProceso.xhtml HTTP/1.1" 200 32880
201.244.247.62 - - [02/Dec/2021:00:56:27 -0500] "GET /sipse/faces/javax.faces.resource/theme.css?ln=primefaces-sipse HTTP/1.1" 304 -
201.244.247.62 - - [02/Dec/2021:00:56:27 -0500] "GET /sipse/faces/javax.faces.resource/primefaces.css?ln=primefaces&v=4.0 HTTP/1.1" 304 -
201.244.247.62 - - [02/Dec/2021:00:56:27 -0500] "GET /sipse/faces/javax.faces.resource/layout/layout.css?ln=primefaces&v=4.0 HTTP/1.1" 304 -
201.244.247.62 - - [02/Dec/2021:00:56:27 -0500] "GET /sipse/faces/javax.faces.resource/jquery/jquery.js?ln=primefaces&v=4.0 HTTP/1.1" 304 -
201.244.247.62 - - [02/Dec/2021:00:56:27 -0500] "GET /sipse/faces/javax.faces.resource/jquery/jquery-plugins.js?ln=primefaces&v=4.0 HTTP/1.1" 304 -
201.244.247.62 - - [02/Dec/2021:00:56:27 -0500] "GET /sipse/faces/javax.faces.resource/primefaces.js?ln=primefaces&v=4.0 HTTP/1.1" 304 -
201.244.247.62 - - [02/Dec/2021:00:56:27 -0500] "GET /sipse/faces/javax.faces.resource/layout/layout.js?ln=primefaces&v=4.0 HTTP/1.1" 304 -
201.244.247.62 - - [02/Dec/2021:00:56:27 -0500] "GET /sipse/css/imagen/contrasena.png HTTP/1.1" 404 383
201.244.247.62 - - [02/Dec/2021:00:56:27 -0500] "GET /sipse/faces/javax.faces.resource/messages/messages.png?ln=primefaces&v=4.0 HTTP/1.1" 304 -
201.244.247.62 - - [02/Dec/2021:00:56:27 -0500] "POST /sipse/faces/presentacion/financiero/solicitudProceso/listarSolicitudProceso.xhtml HTTP/1.1" 200 1344
201.244.247.62 - - [02/Dec/2021:00:56:29 -0500] "POST /sipse/faces/presentacion/financiero/solicitudProceso/listarSolicitudProceso.xhtml HTTP/1.1" 200 25711
201.244.247.62 - - [02/Dec/2021:00:56:29 -0500] "POST /sipse/faces/presentacion/financiero/solicitudProceso/listarSolicitudProceso.xhtml HTTP/1.1" 200 25711
201.244.247.62 - - [02/Dec/2021:00:56:29 -0500] "POST /sipse/faces/presentacion/financiero/solicitudProceso/listarSolicitudProceso.xhtml HTTP/1.1" 200 25711
201.244.247.62 - - [02/Dec/2021:00:56:29 -0500] "POST /sipse/faces/presentacion/financiero/solicitudProceso/listarSolicitudProceso.xhtml HTTP/1.1" 200 25711
201.244.247.62 - - [02/Dec/2021:00:56:29 -0500] "POST /sipse/faces/presentacion/financiero/solicitudProceso/listarSolicitudProceso.xhtml HTTP/1.1" 200 25711
201.244.247.62 - - [02/Dec/2021:00:56:29 -0500] "POST /sipse/faces/presentacion/financiero/solicitudProceso/listarSolicitudProceso.xhtml HTTP/1.1" 200 25711
201.244.247.62 - - [02/Dec/2021:00:56:30 -0500] "POST /sipse/faces/presentacion/financiero/solicitudProceso/listarSolicitudProceso.xhtml HTTP/1.1" 200 25711
201.244.247.62 - - [02/Dec/2021:00:56:30 -0500] "POST /sipse/faces/presentacion/financiero/solicitudProceso/listarSolicitudProceso.xhtml HTTP/1.1" 200 25711
201.244.247.62 - - [02/Dec/2021:00:56:30 -0500] "POST /sipse/faces/presentacion/financiero/solicitudProceso/listarSolicitudProceso.xhtml HTTP/1.1" 200 1344
201.244.247.62 - - [02/Dec/2021:00:56:30 -0500] "POST /sipse/faces/presentacion/financiero/solicitudProceso/listarSolicitudProceso.xhtml HTTP/1.1" 200 1344
201.244.247.62 - - [02/Dec/2021:00:56:30 -0500] "POST /sipse/faces/presentacion/financiero/solicitudProceso/listarSolicitudProceso.xhtml HTTP/1.1" 200 1348
201.244.247.62 - - [02/Dec/2021:00:56:30 -0500] "POST /sipse/faces/presentacion/financiero/solicitudProceso/listarSolicitudProceso.xhtml HTTP/1.1" 200 1344
201.244.247.62 - - [02/Dec/2021:00:56:30 -0500] "POST /sipse/faces/presentacion/financiero/solicitudProceso/listarSolicitudProceso.xhtml HTTP/1.1" 200 1344
201.244.247.62 - - [02/Dec/2021:00:56:30 -0500] "POST /sipse/faces/presentacion/financiero/solicitudProceso/listarSolicitudProceso.xhtml HTTP/1.1" 200 1344
201.244.247.62 - - [02/Dec/2021:00:56:30 -0500] "POST /sipse/faces/presentacion/financiero/solicitudProceso/listarSolicitudProceso.xhtml HTTP/1.1" 200 1344
201.244.247.62 - - [02/Dec/2021:00:56:31 -0500] "POST /sipse/faces/presentacion/financiero/solicitudProceso/listarSolicitudProceso.xhtml HTTP/1.1" 200 1344
201.244.247.62 - - [02/Dec/2021:00:56:33 -0500] "POST /sipse/faces/presentacion/financiero/solicitudProceso/listarSolicitudProceso.xhtml HTTP/1.1" 200 27484
201.244.247.62 - - [02/Dec/2021:00:56:36 -0500] "POST /sipse/faces/presentacion/financiero/solicitudProceso/listarSolicitudProceso.xhtml HTTP/1.1" 200 4935
201.244.247.62 - - [02/Dec/2021:00:56:40 -0500] "POST /sipse/faces/presentacion/financiero/solicitudProceso/listarSolicitudProceso.xhtml HTTP/1.1" 200 115143
201.244.247.62 - - [02/Dec/2021:00:56:40 -0500] "GET /sipse/faces/javax.faces.resource/theme.css?ln=primefaces-sipse HTTP/1.1" 304 -
201.244.247.62 - - [02/Dec/2021:00:56:40 -0500] "GET /sipse/faces/javax.faces.resource/layout/layout.css?ln=primefaces&v=4.0 HTTP/1.1" 304 -
201.244.247.62 - - [02/Dec/2021:00:56:40 -0500] "GET /sipse/faces/javax.faces.resource/primefaces.css?ln=primefaces&v=4.0 HTTP/1.1" 304 -
201.244.247.62 - - [02/Dec/2021:00:56:40 -0500] "GET /sipse/faces/javax.faces.resource/jquery/jquery.js?ln=primefaces&v=4.0 HTTP/1.1" 304 -
201.244.247.62 - - [02/Dec/2021:00:56:40 -0500] "GET /sipse/faces/javax.faces.resource/jquery/jquery-plugins.js?ln=primefaces&v=4.0 HTTP/1.1" 304 -
201.244.247.62 - - [02/Dec/2021:00:56:40 -0500] "GET /sipse/faces/javax.faces.resource/primefaces.js?ln=primefaces&v=4.0 HTTP/1.1" 304 -
201.244.247.62 - - [02/Dec/2021:00:56:40 -0500] "GET /sipse/faces/javax.faces.resource/layout/layout.js?ln=primefaces&v=4.0 HTTP/1.1" 304 -
201.244.247.62 - - [02/Dec/2021:00:56:40 -0500] "GET /sipse/css/imagen/contrasena.png HTTP/1.1" 404 383
201.244.247.62 - - [02/Dec/2021:00:56:41 -0500] "GET /sipse/faces/javax.faces.resource/dynamiccontent.properties?ln=primefaces&pfdrid=XjOR5%2F%2FfPAZAuY9TpWQeCiM0BhlXxYRBGKi%2FQcXXfeA%3D&pfdrid_c=false HTTP/1.1" 500 383
157.55.39.111 - - [02/Dec/2021:00:57:10 -0500] "GET /BLA/resoluciones/index.php?dir=AUTOS+2021%2F HTTP/1.1" 200 203837
216.245.221.92 - - [02/Dec/2021:00:59:35 -0500] "HEAD / HTTP/1.1" 200 -
157.55.39.111 - - [02/Dec/2021:01:01:31 -0500] "GET /bla/resoluciones/resoluciones%202021/1942.pdf HTTP/1.1" 200 453544
216.245.221.92 - - [02/Dec/2021:01:04:35 -0500] "HEAD / HTTP/1.1" 200 -
201.245.192.253 - - [02/Dec/2021:01:04:01 -0500] "POST /kwsrmcab/Wsrmcab HTTP/1.1" 200 213
157.55.39.88 - - [02/Dec/2021:01:05:08 -0500] "GET /bla/resoluciones/resoluciones%202021/3017.pdf HTTP/1.1" 200 483327
31.148.131.42 - - [02/Dec/2021:01:05:28 -0500] "GET /BLA/resoluciones/RESOLUCIONES%202021/2620.pdf HTTP/1.1" 200 435687
152.61.192.232 - - [02/Dec/2021:01:09:32 -0500] "GET / HTTP/1.1" 200 319
216.245.221.92 - - [02/Dec/2021:01:09:35 -0500] "HEAD / HTTP/1.1" 200 -
157.55.39.61 - - [02/Dec/2021:01:09:37 -0500] "GET /BLA/resoluciones/AUTOS%202021/4847.pdf HTTP/1.1" 200 376154
65.154.226.220 - - [02/Dec/2021:01:13:03 -0500] "GET /bla/resoluciones/resoluciones%202014/0341.pdf HTTP/1.1" 200 573592
207.46.13.134 - - [02/Dec/2021:01:13:07 -0500] "GET /sipse/faces/faces/autenticacion.xhtml HTTP/1.1" 200 12503
205.169.39.167 - - [02/Dec/2021:01:13:09 -0500] "GET /galeria/galeria/jquery.fancybox.js?v=2.1.5 HTTP/1.1" 200 48706
152.61.128.50 - - [02/Dec/2021:01:13:21 -0500] "GET / HTTP/1.1" 200 319
216.245.221.92 - - [02/Dec/2021:01:14:35 -0500] "HEAD / HTTP/1.1" 200 -
201.245.192.253 - - [02/Dec/2021:01:14:00 -0500] "POST /kwsrmcab/Wsrmcab HTTP/1.1" 200 107850
216.245.221.92 - - [02/Dec/2021:01:19:35 -0500] "HEAD / HTTP/1.1" 200 -
157.55.39.111 - - [02/Dec/2021:01:19:53 -0500] "GET /bla/resoluciones/resoluciones%202021/0438.pdf HTTP/1.1" 200 390205
114.119.150.5 - - [02/Dec/2021:01:21:09 -0500] "-" 408 -
201.245.192.253 - - [02/Dec/2021:01:22:19 -0500] "POST /kwsrmcab/Wsrmcab HTTP/1.1" 200 44192
201.245.192.253 - - [02/Dec/2021:01:23:05 -0500] "POST /kwsrmcab/Wsrmcab HTTP/1.1" 200 42482
157.55.39.111 - - [02/Dec/2021:01:24:12 -0500] "GET /bla/resoluciones/resoluciones%202021/0438.pdf HTTP/1.1" 200 390205
216.245.221.92 - - [02/Dec/2021:01:24:35 -0500] "HEAD / HTTP/1.1" 200 -
201.245.192.253 - - [02/Dec/2021:01:24:00 -0500] "POST /kwsrmcab/Wsrmcab HTTP/1.1" 200 107850
213.133.108.13 - - [02/Dec/2021:01:27:26 -0500] "GET /BLA/resoluciones/index.php?dir=RESOLUCIONES%202004/RES%202004%20551-600/&sort=size&order=asc HTTP/1.1" 200 12047
35.199.111.36 - - [02/Dec/2021:01:27:40 -0500] "GET /galeria/galeria/jquery.fancybox.css?v=2.1.5 HTTP/1.1" 200 4895
213.133.108.13 - - [02/Dec/2021:01:28:37 -0500] "GET /BLA/resoluciones/index.php?dir=RESOLUCIONES%202004/RES%202004%20551-600/&sort=name&order=desc HTTP/1.1" 200 12046
216.245.221.92 - - [02/Dec/2021:01:29:35 -0500] "HEAD / HTTP/1.1" 200 -
157.55.39.111 - - [02/Dec/2021:01:30:13 -0500] "GET /bla/resoluciones/resoluciones%202021/3229.pdf HTTP/1.1" 200 338431
207.46.13.134 - - [02/Dec/2021:01:30:17 -0500] "GET /bla/resoluciones/resoluciones%202021/2960.pdf HTTP/1.1" 200 488735
54.39.177.48 - - [02/Dec/2021:01:31:20 -0500] "GET /con-pinceles-y-acuarelas-veronica-martinez-protege-la-biodiversidad.html HTTP/1.1" 200 990
201.245.192.253 - - [02/Dec/2021:01:32:19 -0500] "POST /kwsrmcab/Wsrmcab HTTP/1.1" 200 44192
201.245.192.253 - - [02/Dec/2021:01:33:03 -0500] "POST /kwsrmcab/Wsrmcab HTTP/1.1" 200 42482
216.245.221.92 - - [02/Dec/2021:01:34:35 -0500] "HEAD / HTTP/1.1" 200 -
201.245.192.253 - - [02/Dec/2021:01:34:00 -0500] "POST /kwsrmcab/Wsrmcab HTTP/1.1" 200 107850
186.84.90.143 - - [02/Dec/2021:01:35:52 -0500] "GET /galeria/galeria/jquery.fancybox.css?v=2.1.5 HTTP/1.1" 200 4895
34.90.172.126 - - [02/Dec/2021:01:37:05 -0500] "GET / HTTP/1.1" 200 319
186.84.90.143 - - [02/Dec/2021:01:39:00 -0500] "GET /catalogoisis/ HTTP/1.1" 200 8575
186.84.90.143 - - [02/Dec/2021:01:39:00 -0500] "GET /catalogoisis/Css/Busqueda.css HTTP/1.1" 200 1995
186.84.90.143 - - [02/Dec/2021:01:39:00 -0500] "GET /catalogoisis/Js/AceptarLimpiar.js HTTP/1.1" 200 331
186.84.90.143 - - [02/Dec/2021:01:39:00 -0500] "GET /catalogoisis/Js/CriterioCombinada.js HTTP/1.1" 200 1843
186.84.90.143 - - [02/Dec/2021:01:39:00 -0500] "GET /catalogoisis/Js/Cookies.js HTTP/1.1" 200 1369
186.84.90.143 - - [02/Dec/2021:01:39:00 -0500] "GET /catalogoisis/Js/LimpiarCombinada.js HTTP/1.1" 200 207
186.84.90.143 - - [02/Dec/2021:01:39:00 -0500] "GET /catalogoisis/Js/Remote.js HTTP/1.1" 200 436
186.84.90.143 - - [02/Dec/2021:01:39:00 -0500] "GET /catalogoisis/Js/Numero.js HTTP/1.1" 200 398
186.84.90.143 - - [02/Dec/2021:01:39:00 -0500] "GET /catalogoisis/Js/Go.js HTTP/1.1" 200 364
186.84.90.143 - - [02/Dec/2021:01:39:00 -0500] "GET /catalogoisis/Js/Enter.js HTTP/1.1" 200 1208
186.84.90.143 - - [02/Dec/2021:01:39:01 -0500] "GET /catalogoisis/imagenes/br1c1.gif HTTP/1.1" 200 172
186.84.90.143 - - [02/Dec/2021:01:39:01 -0500] "GET /catalogoisis/imagenes/Turnbo1.gif HTTP/1.1" 200 227
186.84.90.143 - - [02/Dec/2021:01:39:01 -0500] "GET /catalogoisis/imagenes/limpiar1.gif HTTP/1.1" 200 606
186.84.90.143 - - [02/Dec/2021:01:39:01 -0500] "GET /catalogoisis/imagenes/br1c3.gif HTTP/1.1" 200 302
186.84.90.143 - - [02/Dec/2021:01:39:01 -0500] "GET /catalogoisis/imagenes/aceptar1.gif HTTP/1.1" 200 604
186.84.90.143 - - [02/Dec/2021:01:39:01 -0500] "GET /catalogoisis/imagenes/Header.gif HTTP/1.1" 200 30313
186.84.90.143 - - [02/Dec/2021:01:39:01 -0500] "GET /catalogoisis/imagenes/br3c3.gif HTTP/1.1" 200 186
186.84.90.143 - - [02/Dec/2021:01:39:01 -0500] "GET /favicon.ico HTTP/1.1" 200 7782
186.84.90.143 - - [02/Dec/2021:01:39:01 -0500] "GET /catalogoisis/imagenes/br3c2.gif HTTP/1.1" 200 285
186.84.90.143 - - [02/Dec/2021:01:39:01 -0500] "GET /catalogoisis/imagenes/br3c1.gif HTTP/1.1" 200 177
186.84.90.143 - - [02/Dec/2021:01:39:01 -0500] "GET /catalogoisis/imagenes/br1c2.gif HTTP/1.1" 200 297
186.84.90.143 - - [02/Dec/2021:01:39:01 -0500] "GET /catalogoisis/imagenes/br2c1.gif HTTP/1.1" 200 297
186.84.90.143 - - [02/Dec/2021:01:39:01 -0500] "GET /catalogoisis/imagenes/br2c2.gif HTTP/1.1" 200 302
186.84.90.143 - - [02/Dec/2021:01:39:01 -0500] "GET /catalogoisis/imagenes/br2c3.gif HTTP/1.1" 200 416
216.245.221.92 - - [02/Dec/2021:01:39:35 -0500] "HEAD / HTTP/1.1" 200 -
157.55.39.88 - - [02/Dec/2021:01:42:09 -0500] "GET /bla/resoluciones/resoluciones%202021/2926.pdf HTTP/1.1" 200 415500
201.245.192.253 - - [02/Dec/2021:01:42:19 -0500] "POST /kwsrmcab/Wsrmcab HTTP/1.1" 200 44192
201.245.192.253 - - [02/Dec/2021:01:43:04 -0500] "POST /kwsrmcab/Wsrmcab HTTP/1.1" 200 42482
216.245.221.92 - - [02/Dec/2021:01:44:35 -0500] "HEAD / HTTP/1.1" 200 -
201.245.192.253 - - [02/Dec/2021:01:44:00 -0500] "POST /kwsrmcab/Wsrmcab HTTP/1.1" 200 107850
40.77.167.71 - - [02/Dec/2021:01:45:22 -0500] "GET /bla/resoluciones/resoluciones%202021/1919.pdf HTTP/1.1" 200 444660
216.245.221.92 - - [02/Dec/2021:01:49:35 -0500] "HEAD / HTTP/1.1" 200 -
157.55.39.61 - - [02/Dec/2021:01:50:11 -0500] "GET /galeria/galeria/fotos/Humedal-techo4G.jpg HTTP/1.1" 200 230318
205.185.124.253 - - [02/Dec/2021:01:50:31 -0500] "GET /js/app.b8087c97.js HTTP/1.1" 404 1157
152.61.192.232 - - [02/Dec/2021:01:52:18 -0500] "GET /arcgis/services/Calidad_del_Agua_WQI/MapServer/WMSServer?request=GetCapabilities&service=WMS HTTP/1.1" 503 1020
152.61.192.232 - - [02/Dec/2021:01:52:20 -0500] "GET /arcgis/services/Calidad_del_Agua_WQI/MapServer/WMSServer?SERVICE=WMS&REQUEST=GetCapabilities HTTP/1.1" 503 1020
