207.46.13.134 - - [12/Dec/2021:04:08:14 -0500] "GET /BLA/resoluciones/Notificaciones/AUTOS%202017/04967.pdf HTTP/1.1" 200 285347
66.249.64.109 - - [12/Dec/2021:04:09:57 -0500] "-" 408 -
35.204.14.24 - - [12/Dec/2021:04:12:15 -0500] "GET / HTTP/1.1" 200 319
216.245.221.92 - - [12/Dec/2021:04:12:29 -0500] "HEAD / HTTP/1.1" 200 -
201.245.192.253 - - [12/Dec/2021:04:14:24 -0500] "POST /kwsrmcab/Wsrmcab HTTP/1.1" 200 113860
66.249.64.109 - - [12/Dec/2021:04:17:29 -0500] "-" 408 -
216.245.221.92 - - [12/Dec/2021:04:17:29 -0500] "HEAD / HTTP/1.1" 200 -
173.252.107.16 - - [12/Dec/2021:04:18:02 -0500] "GET /con-pinceles-y-acuarelas-veronica-martinez-protege-la-biodiversidad.html HTTP/1.1" 206 990
157.55.39.61 - - [12/Dec/2021:04:18:55 -0500] "GET /bla/resoluciones/resoluciones%202021/2529.pdf HTTP/1.1" 200 404265
216.245.221.92 - - [12/Dec/2021:04:22:29 -0500] "HEAD / HTTP/1.1" 200 -
66.249.64.109 - - [12/Dec/2021:04:23:32 -0500] "-" 408 -
201.245.192.253 - - [12/Dec/2021:04:23:13 -0500] "POST /kwsrmcab/Wsrmcab HTTP/1.1" 200 44882
157.55.39.61 - - [12/Dec/2021:04:24:15 -0500] "GET /BLA/resoluciones/RESOLUCIONES%202013/1156.pdf HTTP/1.1" 200 506160
201.245.192.253 - - [12/Dec/2021:04:24:01 -0500] "POST /kwsrmcab/Wsrmcab HTTP/1.1" 200 44847
201.245.192.253 - - [12/Dec/2021:04:24:24 -0500] "POST /kwsrmcab/Wsrmcab HTTP/1.1" 200 113860
216.245.221.92 - - [12/Dec/2021:04:27:29 -0500] "HEAD / HTTP/1.1" 200 -
186.154.45.253 - - [12/Dec/2021:04:27:36 -0500] "GET /con-feria-agroambiental-y-actividades-artisticas-se-celebro-el-cumpleanos-de-entrenubes.html HTTP/1.1" 200 1088
207.46.13.134 - - [12/Dec/2021:04:27:50 -0500] "GET /sipse/faces/index.xhtml HTTP/1.1" 200 677
207.46.13.47 - - [12/Dec/2021:04:28:28 -0500] "GET /bla/resoluciones/resoluciones%202021/0528.pdf HTTP/1.1" 200 506251
173.252.107.3 - - [12/Dec/2021:04:28:53 -0500] "GET /images/Acuerdos1.jpeg HTTP/1.1" 200 59889
66.249.64.109 - - [12/Dec/2021:04:30:22 -0500] "-" 408 -
45.155.205.233 - - [12/Dec/2021:04:32:01 -0500] "GET /index.php?s=/Index/\\think\\app/invokefunction&function=call_user_func_array&vars[0]=md5&vars[1][]=HelloThinkPHP21 HTTP/1.1" 404 1018
207.46.13.47 - - [12/Dec/2021:04:32:08 -0500] "GET /BLA/resoluciones/AUTOS%202021/2432.pdf HTTP/1.1" 200 363042
216.245.221.92 - - [12/Dec/2021:04:32:29 -0500] "HEAD / HTTP/1.1" 200 -
201.245.192.253 - - [12/Dec/2021:04:33:13 -0500] "POST /kwsrmcab/Wsrmcab HTTP/1.1" 200 44882
201.245.192.253 - - [12/Dec/2021:04:34:00 -0500] "POST /kwsrmcab/Wsrmcab HTTP/1.1" 200 44847
201.245.192.253 - - [12/Dec/2021:04:34:24 -0500] "POST /kwsrmcab/Wsrmcab HTTP/1.1" 200 113860
66.249.64.109 - - [12/Dec/2021:04:36:05 -0500] "-" 408 -
216.245.221.92 - - [12/Dec/2021:04:37:29 -0500] "HEAD / HTTP/1.1" 200 -
66.249.64.109 - - [12/Dec/2021:04:41:43 -0500] "-" 408 -
216.245.221.92 - - [12/Dec/2021:04:42:29 -0500] "HEAD / HTTP/1.1" 200 -
201.245.192.253 - - [12/Dec/2021:04:43:14 -0500] "POST /kwsrmcab/Wsrmcab HTTP/1.1" 200 44882
157.55.39.111 - - [12/Dec/2021:04:44:19 -0500] "GET /bla/resoluciones/resoluciones%202021/2599.pdf HTTP/1.1" 200 367339
201.245.192.253 - - [12/Dec/2021:04:44:01 -0500] "POST /kwsrmcab/Wsrmcab HTTP/1.1" 200 44847
201.245.192.253 - - [12/Dec/2021:04:44:24 -0500] "POST /kwsrmcab/Wsrmcab HTTP/1.1" 200 113860
207.46.13.47 - - [12/Dec/2021:04:46:30 -0500] "GET /bla/resoluciones/resoluciones%202021/0486.pdf HTTP/1.1" 200 377435
207.46.13.134 - - [12/Dec/2021:04:46:51 -0500] "GET /BLA/resoluciones/Notificaciones/RESOLUCIONES%202018/1848.pdf HTTP/1.1" 200 1110660
216.245.221.92 - - [12/Dec/2021:04:47:29 -0500] "HEAD / HTTP/1.1" 200 -
40.77.167.71 - - [12/Dec/2021:04:47:52 -0500] "GET /BLA/resoluciones/Notificaciones/AUTOS%202017/05258.pdf HTTP/1.1" 200 514546
66.249.64.109 - - [12/Dec/2021:04:48:05 -0500] "-" 408 -
216.245.221.92 - - [12/Dec/2021:04:52:29 -0500] "HEAD / HTTP/1.1" 200 -
66.249.64.109 - - [12/Dec/2021:04:54:35 -0500] "-" 408 -
207.46.13.28 - - [12/Dec/2021:04:54:39 -0500] "GET /bla/resoluciones/resoluciones%202021/0451.pdf HTTP/1.1" 200 680991
201.245.192.253 - - [12/Dec/2021:04:54:23 -0500] "POST /kwsrmcab/Wsrmcab HTTP/1.1" 200 113860
216.245.221.92 - - [12/Dec/2021:04:57:29 -0500] "HEAD / HTTP/1.1" 200 -
207.46.13.134 - - [12/Dec/2021:04:59:09 -0500] "GET /BLA/resoluciones/RESOLUCIONES%202013/0600.pdf HTTP/1.1" 200 1607449
157.55.39.111 - - [12/Dec/2021:04:59:52 -0500] "GET /BLA/resoluciones/RESOLUCIONES%202013/0924.pdf HTTP/1.1" 200 2015579
66.249.64.109 - - [12/Dec/2021:05:00:39 -0500] "-" 408 -
157.55.39.111 - - [12/Dec/2021:05:01:21 -0500] "GET /bla/resoluciones/resoluciones%202021/3093.pdf HTTP/1.1" 200 727359
173.252.107.3 - - [12/Dec/2021:05:02:12 -0500] "GET /images/cuco-americano-23-noviembre.jpg HTTP/1.1" 200 34532
66.220.149.12 - - [12/Dec/2021:05:02:13 -0500] "GET /cuco-americano-otra-ave-que-esta-en-epoca-de-migracion.html?fbclid=IwAR3dcSvw-1Sw5ab1PS31tSM89IFmEvR1ZJaJXnaIQ08KsmwiIMJ1aYBWqCY HTTP/1.1" 200 914
216.245.221.92 - - [12/Dec/2021:05:02:29 -0500] "HEAD / HTTP/1.1" 200 -
207.46.13.28 - - [12/Dec/2021:05:03:50 -0500] "GET /bla/resoluciones/resoluciones%202021/0890.pdf HTTP/1.1" 200 498349
157.55.39.61 - - [12/Dec/2021:05:04:39 -0500] "GET /BLA/resoluciones/Notificaciones/AUTOS%202017/00747.doc HTTP/1.1" 200 279013
157.55.39.88 - - [12/Dec/2021:05:04:51 -0500] "GET /BLA/resoluciones/Notificaciones/AUTOS%202017/4472.pdf HTTP/1.1" 200 293120
201.245.192.253 - - [12/Dec/2021:05:04:26 -0500] "POST /kwsrmcab/Wsrmcab HTTP/1.1" 200 213
66.249.64.109 - - [12/Dec/2021:05:06:15 -0500] "-" 408 -
216.245.221.92 - - [12/Dec/2021:05:07:29 -0500] "HEAD / HTTP/1.1" 200 -
216.245.221.92 - - [12/Dec/2021:05:12:29 -0500] "HEAD / HTTP/1.1" 200 -
201.245.192.253 - - [12/Dec/2021:05:14:25 -0500] "POST /kwsrmcab/Wsrmcab HTTP/1.1" 200 113872
40.77.167.71 - - [12/Dec/2021:05:16:28 -0500] "GET /BLA/resoluciones/RESOLUCIONES%202013/0577.pdf HTTP/1.1" 200 383687
216.245.221.92 - - [12/Dec/2021:05:17:29 -0500] "HEAD / HTTP/1.1" 200 -
66.249.64.109 - - [12/Dec/2021:05:19:06 -0500] "-" 408 -
216.245.221.92 - - [12/Dec/2021:05:22:29 -0500] "HEAD / HTTP/1.1" 200 -
34.147.65.196 - - [12/Dec/2021:05:23:32 -0500] "GET / HTTP/1.1" 200 319
201.245.192.253 - - [12/Dec/2021:05:23:13 -0500] "POST /kwsrmcab/Wsrmcab HTTP/1.1" 200 44741
82.76.165.109 - - [12/Dec/2021:05:24:30 -0500] "GET /.env HTTP/1.1" 404 1018
82.76.165.109 - - [12/Dec/2021:05:24:31 -0500] "POST / HTTP/1.1" 200 319
79.110.72.136 - - [12/Dec/2021:05:24:47 -0500] "GET /BLA/resoluciones/RESOLUCIONES%202015/1168.pdf HTTP/1.1" 200 560722
201.245.192.253 - - [12/Dec/2021:05:24:02 -0500] "POST /kwsrmcab/Wsrmcab HTTP/1.1" 200 44859
201.245.192.253 - - [12/Dec/2021:05:24:25 -0500] "POST /kwsrmcab/Wsrmcab HTTP/1.1" 200 113872
207.46.13.28 - - [12/Dec/2021:05:26:33 -0500] "GET /bla/resoluciones/resoluciones%202021/2974.pdf HTTP/1.1" 200 368328
66.249.64.109 - - [12/Dec/2021:05:27:06 -0500] "-" 408 -
216.245.221.92 - - [12/Dec/2021:05:27:29 -0500] "HEAD / HTTP/1.1" 200 -
118.123.105.67 - - [12/Dec/2021:05:30:29 -0500] "GET /galeria/galeria/jquery.fancybox.css?v=2.1.5 HTTP/1.1" 200 4895
118.123.105.67 - - [12/Dec/2021:05:30:30 -0500] "GET /BLA/boletinlegal/js/jquery.scrollShow.js HTTP/1.1" 200 4586
118.123.105.67 - - [12/Dec/2021:05:30:30 -0500] "GET /galeria/galeria/jquery.fancybox.js?v=2.1.5 HTTP/1.1" 200 48706
118.123.105.67 - - [12/Dec/2021:05:31:09 -0500] "GET /galeria/carrusel/Carrusel/jquery.thumbnailScroller.css HTTP/1.1" 200 2066
118.123.105.67 - - [12/Dec/2021:05:31:15 -0500] "GET /galeria/carrusel/Carrusel/jquery-ui-1.8.13.custom.min.js HTTP/1.1" 200 10800
118.123.105.67 - - [12/Dec/2021:05:31:16 -0500] "GET /galeria/carrusel/Carrusel/jquery.thumbnailScroller.js HTTP/1.1" 200 8157
216.245.221.92 - - [12/Dec/2021:05:32:29 -0500] "HEAD / HTTP/1.1" 200 -
207.46.13.47 - - [12/Dec/2021:05:33:53 -0500] "GET /BLA/resoluciones/RESOLUCIONES%202013/0355.pdf HTTP/1.1" 200 1570133
207.46.13.47 - - [12/Dec/2021:05:33:56 -0500] "GET /BLA/resoluciones/RESOLUCIONES%202013/2208.pdf HTTP/1.1" 200 473864
201.245.192.253 - - [12/Dec/2021:05:33:14 -0500] "POST /kwsrmcab/Wsrmcab HTTP/1.1" 200 44741
207.46.13.134 - - [12/Dec/2021:05:34:02 -0500] "GET /BLA/resoluciones/Notificaciones/AUTOS%202017/03231.pdf HTTP/1.1" 200 388211
201.245.192.253 - - [12/Dec/2021:05:34:01 -0500] "POST /kwsrmcab/Wsrmcab HTTP/1.1" 200 44859
190.67.218.9 - - [12/Dec/2021:05:35:31 -0500] "GET /BLA/resoluciones/RESOLUCIONES%202019/0091.pdf HTTP/1.1" 200 490296
190.67.218.9 - - [12/Dec/2021:05:35:31 -0500] "GET /favicon.ico HTTP/1.1" 200 7782
216.245.221.92 - - [12/Dec/2021:05:37:29 -0500] "HEAD / HTTP/1.1" 200 -
45.61.184.58 - - [12/Dec/2021:05:39:52 -0500] "GET /static/js/pages-login-login.f70fc6f2.js HTTP/1.1" 404 1145
66.249.64.109 - - [12/Dec/2021:05:40:51 -0500] "-" 408 -
216.245.221.92 - - [12/Dec/2021:05:42:29 -0500] "HEAD / HTTP/1.1" 200 -
201.245.192.253 - - [12/Dec/2021:05:43:13 -0500] "POST /kwsrmcab/Wsrmcab HTTP/1.1" 200 44741
64.62.197.2 - - [12/Dec/2021:05:43:58 -0500] "GET / HTTP/1.1" 200 319
201.245.192.253 - - [12/Dec/2021:05:43:58 -0500] "POST /kwsrmcab/Wsrmcab HTTP/1.1" 200 44859
137.135.69.45 - - [12/Dec/2021:05:45:50 -0500] "GET /.env HTTP/1.1" 404 1018
137.135.69.45 - - [12/Dec/2021:05:45:51 -0500] "POST / HTTP/1.1" 200 319
118.123.105.67 - - [12/Dec/2021:05:46:30 -0500] "GET /galeria/galeria/jquery.fancybox.css?v=2.1.5 HTTP/1.1" 200 4895
118.123.105.67 - - [12/Dec/2021:05:46:30 -0500] "GET /BLA/boletinlegal/js/jquery.scrollShow.js HTTP/1.1" 200 4586
118.123.105.67 - - [12/Dec/2021:05:46:30 -0500] "GET /galeria/galeria/jquery.fancybox.js?v=2.1.5 HTTP/1.1" 200 48706
118.123.105.67 - - [12/Dec/2021:05:46:40 -0500] "GET /galeria/carrusel/Carrusel/jquery.thumbnailScroller.css HTTP/1.1" 200 2066
118.123.105.67 - - [12/Dec/2021:05:46:45 -0500] "GET /galeria/carrusel/Carrusel/jquery-ui-1.8.13.custom.min.js HTTP/1.1" 200 10800
118.123.105.67 - - [12/Dec/2021:05:46:46 -0500] "GET /galeria/carrusel/Carrusel/jquery.thumbnailScroller.js HTTP/1.1" 200 8157
118.123.105.67 - - [12/Dec/2021:05:46:55 -0500] "GET /galeria/nivo-slider/demo/banner.html HTTP/1.1" 200 5446
118.123.105.67 - - [12/Dec/2021:05:47:01 -0500] "GET /galeria/nivo-slider/themes/default/default.css HTTP/1.1" 200 1569
118.123.105.67 - - [12/Dec/2021:05:47:02 -0500] "GET /galeria/nivo-slider/themes/pascal/pascal.css HTTP/1.1" 200 2258
118.123.105.67 - - [12/Dec/2021:05:47:02 -0500] "GET /galeria/nivo-slider/demo/style.css HTTP/1.1" 200 2222
118.123.105.67 - - [12/Dec/2021:05:47:02 -0500] "GET /galeria/nivo-slider/themes/orman/orman.css HTTP/1.1" 200 2152
118.123.105.67 - - [12/Dec/2021:05:47:02 -0500] "GET /galeria/nivo-slider/nivo-slider.css HTTP/1.1" 200 1507
118.123.105.67 - - [12/Dec/2021:05:47:02 -0500] "GET /galeria/nivo-slider/demo/scripts/jquery-1.7.1.min.js HTTP/1.1" 200 93868
118.123.105.67 - - [12/Dec/2021:05:47:02 -0500] "GET /galeria/nivo-slider/jquery.nivo.slider.pack.js HTTP/1.1" 200 11561
216.245.221.92 - - [12/Dec/2021:05:47:29 -0500] "HEAD / HTTP/1.1" 200 -
157.55.39.111 - - [12/Dec/2021:05:52:14 -0500] "GET /bla/resoluciones/resoluciones%202021/4608.pdf HTTP/1.1" 200 375044
216.245.221.92 - - [12/Dec/2021:05:52:29 -0500] "HEAD / HTTP/1.1" 200 -
157.55.39.61 - - [12/Dec/2021:05:53:23 -0500] "GET /BLA/resoluciones/RESOLUCIONES%202013/1010.pdf HTTP/1.1" 200 526173
201.245.192.253 - - [12/Dec/2021:05:54:25 -0500] "POST /kwsrmcab/Wsrmcab HTTP/1.1" 200 113872
66.249.64.109 - - [12/Dec/2021:05:57:01 -0500] "-" 408 -
216.245.221.92 - - [12/Dec/2021:05:57:29 -0500] "HEAD / HTTP/1.1" 200 -
207.46.13.134 - - [12/Dec/2021:05:57:55 -0500] "GET /BLA/resoluciones/Notificaciones/AUTOS%202017/1776.pdf HTTP/1.1" 200 308732
207.46.13.28 - - [12/Dec/2021:06:01:45 -0500] "GET /BLA/resoluciones/RESOLUCIONES%202019/1963%20.pdf HTTP/1.1" 200 263069
216.245.221.92 - - [12/Dec/2021:06:02:29 -0500] "HEAD / HTTP/1.1" 200 -
201.245.192.253 - - [12/Dec/2021:06:04:25 -0500] "POST /kwsrmcab/Wsrmcab HTTP/1.1" 200 213
216.245.221.92 - - [12/Dec/2021:06:07:29 -0500] "HEAD / HTTP/1.1" 200 -
5.188.210.227 - - [12/Dec/2021:06:08:53 -0500] "GET http://5.188.210.227/echo.php HTTP/1.1" 404 1151
69.171.249.11 - - [12/Dec/2021:06:08:56 -0500] "GET /images/atencion-ciudadano-cade-oficinaprincipalsda-7-diciembre.jpg HTTP/1.1" 200 32428
216.245.221.92 - - [12/Dec/2021:06:12:29 -0500] "HEAD / HTTP/1.1" 200 -
173.252.127.18 - - [12/Dec/2021:06:12:58 -0500] "GET /images/Acuerdos1.jpeg HTTP/1.1" 200 59889
190.102.124.86 - - [12/Dec/2021:06:14:33 -0500] "GET /reportes_sipse/sdg/ServletReporte?reporte=experienia_idoneidad&solicitud=15977&pfdrid_c=false HTTP/1.1" 200 97053
201.245.192.253 - - [12/Dec/2021:06:14:24 -0500] "POST /kwsrmcab/Wsrmcab HTTP/1.1" 200 113906
216.245.221.92 - - [12/Dec/2021:06:17:29 -0500] "HEAD / HTTP/1.1" 200 -
216.213.169.199 - - [12/Dec/2021:06:18:45 -0500] "GET / HTTP/1.1" 200 319
190.102.124.86 - - [12/Dec/2021:06:19:23 -0500] "GET /reportes_sipse/sdg/ServletReporte?reporte=experienia_idoneidad&solicitud=15977&pfdrid_c=false HTTP/1.1" 200 97053
186.102.30.186 - - [12/Dec/2021:06:20:49 -0500] "GET /con-feria-agroambiental-y-actividades-artisticas-se-celebro-el-cumpleanos-de-entrenubes.html HTTP/1.1" 200 1088
40.77.167.71 - - [12/Dec/2021:06:20:52 -0500] "GET /bla/resoluciones/resoluciones%202021/2206.pdf HTTP/1.1" 200 504382
190.102.124.86 - - [12/Dec/2021:06:21:54 -0500] "GET /reportes_sipse/sdg/ServletReporte?reporte=experienia_idoneidad&solicitud=15977&pfdrid_c=false HTTP/1.1" 200 97053
216.245.221.92 - - [12/Dec/2021:06:22:29 -0500] "HEAD / HTTP/1.1" 200 -
207.46.13.28 - - [12/Dec/2021:06:22:46 -0500] "GET /galeria/bibloteca/contentflow.js HTTP/1.1" 200 42804
201.245.192.253 - - [12/Dec/2021:06:23:13 -0500] "POST /kwsrmcab/Wsrmcab HTTP/1.1" 200 44759
190.102.124.86 - - [12/Dec/2021:06:24:09 -0500] "GET /reportes_sipse/sdg/ServletReporte?reporte=experienia_idoneidad&solicitud=15977&pfdrid_c=false HTTP/1.1" 200 97053
191.95.57.73 - - [12/Dec/2021:06:24:44 -0500] "GET /BLA/resoluciones/RESOLUCIONES%202019/1711.pdf HTTP/1.1" 200 285677
201.245.192.253 - - [12/Dec/2021:06:23:59 -0500] "POST /kwsrmcab/Wsrmcab HTTP/1.1" 200 44893
207.46.13.134 - - [12/Dec/2021:06:24:48 -0500] "GET /bla/resoluciones/resoluciones%202021/3569.pdf HTTP/1.1" 200 375414
190.102.124.86 - - [12/Dec/2021:06:24:56 -0500] "GET /reportes_sipse/sdg/ServletReporte?reporte=experienia_idoneidad&solicitud=15977&pfdrid_c=false HTTP/1.1" 200 97053
191.95.57.73 - - [12/Dec/2021:06:25:14 -0500] "GET /favicon.ico HTTP/1.1" 200 7782
190.102.124.86 - - [12/Dec/2021:06:25:24 -0500] "GET /reportes_sipse/sdg/ServletReporte?reporte=experienia_idoneidad&solicitud=15977&pfdrid_c=false HTTP/1.1" 200 97053
66.220.149.24 - - [12/Dec/2021:06:25:43 -0500] "GET /images/plantacion-dia-del-arbol-12-octubre.jpg HTTP/1.1" 200 149033
66.220.149.31 - - [12/Dec/2021:06:25:43 -0500] "GET /images/Global-big.jpg HTTP/1.1" 200 67381
186.154.36.120 - - [12/Dec/2021:06:25:57 -0500] "GET /cambios-en-atencion-a-la-ciudadania-por-dia-de-velitas.html HTTP/1.1" 200 957
66.249.64.113 - - [12/Dec/2021:06:27:28 -0500] "-" 408 -
216.245.221.92 - - [12/Dec/2021:06:27:29 -0500] "HEAD / HTTP/1.1" 200 -
207.46.13.134 - - [12/Dec/2021:06:28:09 -0500] "GET /bla/resoluciones/resoluciones%202021/1335.pdf HTTP/1.1" 200 462541
190.102.124.86 - - [12/Dec/2021:06:29:07 -0500] "GET /reportes_sipse/sdg/ServletReporte?reporte=experienia_idoneidad&solicitud=15977&pfdrid_c=false HTTP/1.1" 200 97053
195.54.160.149 - - [12/Dec/2021:06:31:39 -0500] "GET /?XDEBUG_SESSION_START=phpstorm HTTP/1.1" 200 319
216.245.221.92 - - [12/Dec/2021:06:32:29 -0500] "HEAD / HTTP/1.1" 200 -
201.245.192.253 - - [12/Dec/2021:06:33:13 -0500] "POST /kwsrmcab/Wsrmcab HTTP/1.1" 200 44759
157.55.39.111 - - [12/Dec/2021:06:33:59 -0500] "GET /bla/resoluciones/resoluciones%202021/0285.pdf HTTP/1.1" 200 579264
201.245.192.253 - - [12/Dec/2021:06:34:00 -0500] "POST /kwsrmcab/Wsrmcab HTTP/1.1" 200 44893
207.46.13.28 - - [12/Dec/2021:06:34:48 -0500] "GET /bla/resoluciones/resoluciones%202021/2668.pdf HTTP/1.1" 200 810911
34.147.0.189 - - [12/Dec/2021:06:35:11 -0500] "GET / HTTP/1.1" 200 319
216.245.221.92 - - [12/Dec/2021:06:37:29 -0500] "HEAD / HTTP/1.1" 200 -
186.28.111.13 - - [12/Dec/2021:06:38:23 -0500] "GET /galeria/galeria/jquery.fancybox.css?v=2.1.5 HTTP/1.1" 200 4895
186.28.111.13 - - [12/Dec/2021:06:38:23 -0500] "GET /BLA/boletinlegal/js/jquery.scrollShow.js HTTP/1.1" 200 4586
186.28.111.13 - - [12/Dec/2021:06:38:23 -0500] "GET /galeria/galeria/jquery.fancybox.js?v=2.1.5 HTTP/1.1" 200 48706
157.55.39.111 - - [12/Dec/2021:06:39:39 -0500] "GET /BLA/resoluciones/index.php?dir=AUTOS+2021%2F HTTP/1.1" 200 216874
216.245.221.92 - - [12/Dec/2021:06:42:29 -0500] "HEAD / HTTP/1.1" 200 -
201.245.192.253 - - [12/Dec/2021:06:43:13 -0500] "POST /kwsrmcab/Wsrmcab HTTP/1.1" 200 44759
201.245.192.253 - - [12/Dec/2021:06:44:00 -0500] "POST /kwsrmcab/Wsrmcab HTTP/1.1" 200 44893
201.245.192.253 - - [12/Dec/2021:06:44:23 -0500] "POST /kwsrmcab/Wsrmcab HTTP/1.1" 200 113906
207.46.13.28 - - [12/Dec/2021:06:46:18 -0500] "GET /BLA/resoluciones/RESOLUCIONES%202013/0919.pdf HTTP/1.1" 200 1015559
216.245.221.92 - - [12/Dec/2021:06:47:29 -0500] "HEAD / HTTP/1.1" 200 -
190.102.124.86 - - [12/Dec/2021:06:47:41 -0500] "GET /reportes_sipse/sdg/ServletReporte?reporte=experienia_idoneidad&solicitud=15977&pfdrid_c=false HTTP/1.1" 200 97053
207.46.13.134 - - [12/Dec/2021:06:50:42 -0500] "GET /bla/resoluciones/resoluciones%202021/1121.pdf HTTP/1.1" 200 448710
79.110.72.166 - - [12/Dec/2021:06:52:19 -0500] "GET /BLA/resoluciones/RESOLUCIONES%202021/3168.pdf HTTP/1.1" 200 342773
216.245.221.92 - - [12/Dec/2021:06:52:29 -0500] "HEAD / HTTP/1.1" 200 -
40.77.202.117 - - [12/Dec/2021:06:53:44 -0500] "GET /galeria/bibloteca/contentflow.css HTTP/1.1" 200 3201
40.77.202.117 - - [12/Dec/2021:06:53:44 -0500] "GET /galeria/bibloteca/mycontentflow.css HTTP/1.1" 200 3110
40.77.202.117 - - [12/Dec/2021:06:53:44 -0500] "GET /galeria/bibloteca/ContentFlowAddOn_white.js HTTP/1.1" 200 2497
40.77.202.117 - - [12/Dec/2021:06:53:45 -0500] "GET /galeria/bibloteca/ContentFlowAddOn_white.css HTTP/1.1" 200 3355
207.46.13.47 - - [12/Dec/2021:06:54:02 -0500] "GET /bla/resoluciones/resoluciones%202021/3014.pdf HTTP/1.1" 200 353730
201.245.192.253 - - [12/Dec/2021:06:54:25 -0500] "POST /kwsrmcab/Wsrmcab HTTP/1.1" 200 113906
216.245.221.92 - - [12/Dec/2021:06:57:29 -0500] "HEAD / HTTP/1.1" 200 -
173.252.87.10 - - [12/Dec/2021:06:57:29 -0500] "GET /con-feria-agroambiental-y-actividades-artisticas-se-celebro-el-cumpleanos-de-entrenubes.html?fbclid=IwAR3DnREqaa2VSqt_5zhuEpiD30H4BMleOyJGNS3cD1TjmR6cC2H3EYJLdyk HTTP/1.1" 200 1088
186.31.7.80 - - [12/Dec/2021:06:58:23 -0500] "GET /galeria/galeria/jquery.fancybox.css?v=2.1.5 HTTP/1.1" 200 4895
190.102.124.86 - - [12/Dec/2021:06:59:20 -0500] "GET /reportes_sipse/sdg/ServletReporte?reporte=experienia_idoneidad&solicitud=15977&pfdrid_c=false HTTP/1.1" 200 97053
190.102.124.86 - - [12/Dec/2021:06:59:27 -0500] "GET /reportes_sipse/sdg/ServletReporte?reporte=solicitud_cdp&Solicitud=15831&pfdrid_c=false HTTP/1.1" 200 93942
190.102.124.86 - - [12/Dec/2021:06:59:45 -0500] "GET /reportes_sipse/sdg/ServletReporte?reporte=experienia_idoneidad&solicitud=15831&pfdrid_c=false HTTP/1.1" 200 96445
190.102.124.86 - - [12/Dec/2021:07:01:10 -0500] "GET /reportes_sipse/sdg/ServletReporte?reporte=experienia_idoneidad&solicitud=15831&pfdrid_c=false HTTP/1.1" 200 96445
207.46.13.134 - - [12/Dec/2021:07:01:24 -0500] "GET /BLA/resoluciones/RESOLUCIONES%202013/0717.pdf HTTP/1.1" 200 777057
216.245.221.92 - - [12/Dec/2021:07:02:29 -0500] "HEAD / HTTP/1.1" 200 -
190.102.124.86 - - [12/Dec/2021:07:02:50 -0500] "GET /reportes_sipse/sdg/ServletReporte?reporte=experienia_idoneidad&solicitud=15831&pfdrid_c=false HTTP/1.1" 200 96445
157.55.39.61 - - [12/Dec/2021:07:03:50 -0500] "GET /bla/resoluciones/resoluciones%202021/2883.pdf HTTP/1.1" 200 380981
216.245.221.92 - - [12/Dec/2021:07:07:29 -0500] "HEAD / HTTP/1.1" 200 -
40.77.167.71 - - [12/Dec/2021:07:08:16 -0500] "GET /bla/resoluciones/resoluciones%202021/0917.pdf HTTP/1.1" 200 447725
69.63.184.119 - - [12/Dec/2021:07:10:01 -0500] "GET /images/POT%20ciudad%20bol%C3%ADvar-6%20octubre.jpg HTTP/1.1" 404 1034
173.252.107.19 - - [12/Dec/2021:07:10:43 -0500] "GET /secretaria-de-ambiente-estrena-podcast-ambientalmente.html HTTP/1.1" 206 865
123.183.224.30 - - [12/Dec/2021:07:10:55 -0500] "GET / HTTP/1.1" 200 319
216.245.221.92 - - [12/Dec/2021:07:12:29 -0500] "HEAD / HTTP/1.1" 200 -
157.55.39.111 - - [12/Dec/2021:07:12:42 -0500] "GET /bla/resoluciones/resoluciones%202021/4154.pdf HTTP/1.1" 200 429918
40.77.167.105 - - [12/Dec/2021:07:14:05 -0500] "-" 408 -
23.100.232.233 - - [12/Dec/2021:07:14:53 -0500] "GET /galeria/galeria/jquery.fancybox.css?v=2.1.5 HTTP/1.1" 200 4895
23.100.232.233 - - [12/Dec/2021:07:14:53 -0500] "GET /galeria/galeria/jquery.fancybox.js?v=2.1.5 HTTP/1.1" 200 48706
23.183.83.48 - - [12/Dec/2021:07:15:51 -0500] "GET /odd/app/download/list HTTP/1.1" 404 1147
207.46.13.28 - - [12/Dec/2021:07:17:02 -0500] "GET /BLA/resoluciones/RESOLUCIONES%202013/1525.pdf HTTP/1.1" 200 573322
216.245.221.92 - - [12/Dec/2021:07:17:29 -0500] "HEAD / HTTP/1.1" 200 -
207.46.13.47 - - [12/Dec/2021:07:19:53 -0500] "GET /BLA/resoluciones/Notificaciones/AUTOS%202017/01719.doc HTTP/1.1" 200 3467246
190.102.124.86 - - [12/Dec/2021:07:22:24 -0500] "GET /reportes_sipse/sdg/ServletReporte?reporte=experienia_idoneidad&solicitud=15831&pfdrid_c=false HTTP/1.1" 200 96445
216.245.221.92 - - [12/Dec/2021:07:22:29 -0500] "HEAD / HTTP/1.1" 200 -
201.245.192.253 - - [12/Dec/2021:07:23:13 -0500] "POST /kwsrmcab/Wsrmcab HTTP/1.1" 200 44913
207.46.13.28 - - [12/Dec/2021:07:24:33 -0500] "GET /BLA/resoluciones/RESOLUCIONES%202013/1262.pdf HTTP/1.1" 200 7313637
201.245.192.253 - - [12/Dec/2021:07:24:00 -0500] "POST /kwsrmcab/Wsrmcab HTTP/1.1" 200 44898
190.102.124.86 - - [12/Dec/2021:07:25:09 -0500] "GET /reportes_sipse/sdg/ServletReporte?reporte=solicitud_cdp&Solicitud=15976&pfdrid_c=false HTTP/1.1" 200 93873
201.245.192.253 - - [12/Dec/2021:07:24:24 -0500] "POST /kwsrmcab/Wsrmcab HTTP/1.1" 200 113911
190.27.245.107 - - [12/Dec/2021:07:27:19 -0500] "GET /sipse/ HTTP/1.1" 302 -
181.53.13.193 - - [12/Dec/2021:07:27:19 -0500] "GET /sipse/faces/autenticacion.xhtml HTTP/1.1" 200 12497
181.53.13.193 - - [12/Dec/2021:07:27:19 -0500] "GET /sipse/js/disable_browser_buttons.js HTTP/1.1" 200 3230
181.53.13.193 - - [12/Dec/2021:07:27:19 -0500] "GET /sipse/css/custom_css_sg.css HTTP/1.1" 200 9694
181.53.13.193 - - [12/Dec/2021:07:27:19 -0500] "GET /sipse/css/custom_css_sg_prime_login.css HTTP/1.1" 200 443
181.53.13.193 - - [12/Dec/2021:07:27:19 -0500] "GET /sipse/js/funciones.js HTTP/1.1" 200 12592
181.53.13.193 - - [12/Dec/2021:07:27:19 -0500] "GET /sipse/faces/javax.faces.resource/layout/layout.css;jsessionid=yfCZQn8lX4stA9-ZQFG4S73o.undefined?ln=primefaces&v=4.0 HTTP/1.1" 200 542
181.53.13.193 - - [12/Dec/2021:07:27:19 -0500] "GET /sipse/faces/javax.faces.resource/theme.css?ln=primefaces-sipse HTTP/1.1" 304 -
181.53.13.193 - - [12/Dec/2021:07:27:19 -0500] "GET /sipse/faces/javax.faces.resource/primefaces.css;jsessionid=yfCZQn8lX4stA9-ZQFG4S73o.undefined?ln=primefaces&v=4.0 HTTP/1.1" 200 53295
181.53.13.193 - - [12/Dec/2021:07:27:19 -0500] "GET /sipse/faces/javax.faces.resource/jquery/jquery.js;jsessionid=yfCZQn8lX4stA9-ZQFG4S73o.undefined?ln=primefaces&v=4.0 HTTP/1.1" 200 105384
181.53.13.193 - - [12/Dec/2021:07:27:19 -0500] "GET /sipse/faces/javax.faces.resource/layout/layout.js;jsessionid=yfCZQn8lX4stA9-ZQFG4S73o.undefined?ln=primefaces&v=4.0 HTTP/1.1" 200 87560
181.53.13.193 - - [12/Dec/2021:07:27:19 -0500] "GET /sipse/faces/javax.faces.resource/jquery/jquery-plugins.js;jsessionid=yfCZQn8lX4stA9-ZQFG4S73o.undefined?ln=primefaces&v=4.0 HTTP/1.1" 200 220526
181.53.13.193 - - [12/Dec/2021:07:27:19 -0500] "GET /sipse/faces/javax.faces.resource/primefaces.js;jsessionid=yfCZQn8lX4stA9-ZQFG4S73o.undefined?ln=primefaces&v=4.0 HTTP/1.1" 200 276924
181.53.13.193 - - [12/Dec/2021:07:27:19 -0500] "GET /sipse/css/imagen/logoSDG.png HTTP/1.1" 200 53064
181.53.13.193 - - [12/Dec/2021:07:27:19 -0500] "GET /sipse/css/imagen/loginimg.png HTTP/1.1" 200 71635
181.53.13.193 - - [12/Dec/2021:07:27:19 -0500] "GET /sipse/faces/javax.faces.resource/images/ui-icons_898989_256x240.png?ln=primefaces-aristo HTTP/1.1" 304 -
181.53.13.193 - - [12/Dec/2021:07:27:20 -0500] "GET /sipse/faces/index.xhtml HTTP/1.1" 200 677
181.53.13.193 - - [12/Dec/2021:07:27:20 -0500] "GET /sipse/faces/javax.faces.resource/theme.css?ln=primefaces-sipse HTTP/1.1" 304 -
181.53.13.193 - - [12/Dec/2021:07:27:20 -0500] "GET /sipse/faces/faces/autenticacion.xhtml HTTP/1.1" 200 12175
181.53.13.193 - - [12/Dec/2021:07:27:20 -0500] "GET /sipse/faces/javax.faces.resource/theme.css?ln=primefaces-sipse HTTP/1.1" 304 -
181.53.13.193 - - [12/Dec/2021:07:27:20 -0500] "GET /sipse/faces/javax.faces.resource/layout/layout.css?ln=primefaces&v=4.0 HTTP/1.1" 304 -
181.53.13.193 - - [12/Dec/2021:07:27:20 -0500] "GET /sipse/faces/javax.faces.resource/primefaces.css?ln=primefaces&v=4.0 HTTP/1.1" 304 -
181.53.13.193 - - [12/Dec/2021:07:27:20 -0500] "GET /sipse/faces/javax.faces.resource/jquery/jquery.js?ln=primefaces&v=4.0 HTTP/1.1" 304 -
181.53.13.193 - - [12/Dec/2021:07:27:20 -0500] "GET /sipse/faces/javax.faces.resource/jquery/jquery-plugins.js?ln=primefaces&v=4.0 HTTP/1.1" 304 -
181.53.13.193 - - [12/Dec/2021:07:27:20 -0500] "GET /sipse/faces/javax.faces.resource/primefaces.js?ln=primefaces&v=4.0 HTTP/1.1" 304 -
181.53.13.193 - - [12/Dec/2021:07:27:20 -0500] "GET /sipse/faces/javax.faces.resource/layout/layout.js?ln=primefaces&v=4.0 HTTP/1.1" 304 -
216.245.221.92 - - [12/Dec/2021:07:27:29 -0500] "HEAD / HTTP/1.1" 200 -
181.53.13.193 - - [12/Dec/2021:07:27:34 -0500] "GET /sipse/faces/index.xhtml HTTP/1.1" 200 677
181.53.13.193 - - [12/Dec/2021:07:27:34 -0500] "GET /sipse/faces/javax.faces.resource/theme.css?ln=primefaces-sipse HTTP/1.1" 304 -
181.53.13.193 - - [12/Dec/2021:07:27:34 -0500] "GET /sipse/faces/faces/autenticacion.xhtml HTTP/1.1" 200 12175
181.53.13.193 - - [12/Dec/2021:07:27:34 -0500] "GET /sipse/faces/javax.faces.resource/theme.css?ln=primefaces-sipse HTTP/1.1" 304 -
181.53.13.193 - - [12/Dec/2021:07:27:34 -0500] "GET /sipse/faces/javax.faces.resource/primefaces.css?ln=primefaces&v=4.0 HTTP/1.1" 304 -
181.53.13.193 - - [12/Dec/2021:07:27:34 -0500] "GET /sipse/faces/javax.faces.resource/layout/layout.css?ln=primefaces&v=4.0 HTTP/1.1" 304 -
181.53.13.193 - - [12/Dec/2021:07:27:34 -0500] "GET /sipse/faces/javax.faces.resource/jquery/jquery-plugins.js?ln=primefaces&v=4.0 HTTP/1.1" 304 -
181.53.13.193 - - [12/Dec/2021:07:27:34 -0500] "GET /sipse/faces/javax.faces.resource/jquery/jquery.js?ln=primefaces&v=4.0 HTTP/1.1" 304 -
181.53.13.193 - - [12/Dec/2021:07:27:34 -0500] "GET /sipse/faces/javax.faces.resource/primefaces.js?ln=primefaces&v=4.0 HTTP/1.1" 304 -
181.53.13.193 - - [12/Dec/2021:07:27:34 -0500] "GET /sipse/faces/javax.faces.resource/layout/layout.js?ln=primefaces&v=4.0 HTTP/1.1" 304 -
181.53.13.193 - - [12/Dec/2021:07:27:42 -0500] "POST /sipse/faces/autenticacion.xhtml HTTP/1.1" 200 2220
181.53.13.193 - - [12/Dec/2021:07:27:42 -0500] "GET /sipse/faces/javax.faces.resource/messages/messages.png?ln=primefaces&v=4.0 HTTP/1.1" 304 -
181.53.13.193 - - [12/Dec/2021:07:27:43 -0500] "GET /sipse/faces/javax.faces.resource/images/ui-icons_898989_256x240.png?ln=primefaces-aristo HTTP/1.1" 304 -
181.53.13.193 - - [12/Dec/2021:07:27:44 -0500] "POST /sipse/faces/autenticacion.xhtml HTTP/1.1" 200 16377
181.53.13.193 - - [12/Dec/2021:07:27:44 -0500] "GET /sipse/css/custom_css_sg_prime.css HTTP/1.1" 200 5201
181.53.13.193 - - [12/Dec/2021:07:27:44 -0500] "GET /sipse/faces/javax.faces.resource/primefaces.css?ln=primefaces&v=4.0 HTTP/1.1" 304 -
181.53.13.193 - - [12/Dec/2021:07:27:44 -0500] "GET /sipse/faces/javax.faces.resource/theme.css?ln=primefaces-sipse HTTP/1.1" 304 -
181.53.13.193 - - [12/Dec/2021:07:27:44 -0500] "GET /sipse/faces/javax.faces.resource/layout/layout.css?ln=primefaces&v=4.0 HTTP/1.1" 304 -
181.53.13.193 - - [12/Dec/2021:07:27:44 -0500] "GET /sipse/js/jquery.min.js HTTP/1.1" 200 85582
181.53.13.193 - - [12/Dec/2021:07:27:45 -0500] "GET /sipse/faces/javax.faces.resource/jquery/jquery.js?ln=primefaces&v=4.0 HTTP/1.1" 304 -
181.53.13.193 - - [12/Dec/2021:07:27:45 -0500] "GET /sipse/faces/javax.faces.resource/jquery/jquery-plugins.js?ln=primefaces&v=4.0 HTTP/1.1" 304 -
181.53.13.193 - - [12/Dec/2021:07:27:45 -0500] "GET /sipse/faces/javax.faces.resource/primefaces.js?ln=primefaces&v=4.0 HTTP/1.1" 304 -
181.53.13.193 - - [12/Dec/2021:07:27:46 -0500] "GET /sipse/faces/javax.faces.resource/layout/layout.js?ln=primefaces&v=4.0 HTTP/1.1" 304 -
181.53.13.193 - - [12/Dec/2021:07:27:46 -0500] "GET /sipse/css/imagen/contrasena.png HTTP/1.1" 404 383
181.53.13.193 - - [12/Dec/2021:07:27:46 -0500] "GET /sipse/imagenes/cargando.gif HTTP/1.1" 200 36959
181.53.13.193 - - [12/Dec/2021:07:27:46 -0500] "GET /sipse/imagenes/logoAplicacion.jpg HTTP/1.1" 200 155084
181.53.13.193 - - [12/Dec/2021:07:27:48 -0500] "GET /sipse/faces/javax.faces.resource/images/ui-bg_flat_0_2d5972_40x100.png?ln=primefaces-aristo HTTP/1.1" 304 -
181.53.13.193 - - [12/Dec/2021:07:27:48 -0500] "POST /sipse/faces/bienvenido.xhtml HTTP/1.1" 200 2658
181.53.13.193 - - [12/Dec/2021:07:27:50 -0500] "POST /sipse/faces/bienvenido.xhtml HTTP/1.1" 200 62555
181.53.13.193 - - [12/Dec/2021:07:27:51 -0500] "GET /sipse/faces/javax.faces.resource/theme.css?ln=primefaces-sipse HTTP/1.1" 304 -
181.53.13.193 - - [12/Dec/2021:07:27:51 -0500] "GET /sipse/faces/javax.faces.resource/primefaces.css?ln=primefaces&v=4.0 HTTP/1.1" 304 -
181.53.13.193 - - [12/Dec/2021:07:27:51 -0500] "GET /sipse/faces/javax.faces.resource/layout/layout.css?ln=primefaces&v=4.0 HTTP/1.1" 304 -
181.53.13.193 - - [12/Dec/2021:07:27:51 -0500] "GET /sipse/faces/javax.faces.resource/jquery/jquery.js?ln=primefaces&v=4.0 HTTP/1.1" 304 -
181.53.13.193 - - [12/Dec/2021:07:27:51 -0500] "GET /sipse/faces/javax.faces.resource/jquery/jquery-plugins.js?ln=primefaces&v=4.0 HTTP/1.1" 304 -
181.53.13.193 - - [12/Dec/2021:07:27:51 -0500] "GET /sipse/faces/javax.faces.resource/primefaces.js?ln=primefaces&v=4.0 HTTP/1.1" 304 -
181.53.13.193 - - [12/Dec/2021:07:27:52 -0500] "GET /sipse/faces/javax.faces.resource/layout/layout.js?ln=primefaces&v=4.0 HTTP/1.1" 304 -
181.53.13.193 - - [12/Dec/2021:07:27:52 -0500] "POST /sipse/faces/presentacion/financiero/solicitudProceso/listarSolicitudProceso.xhtml HTTP/1.1" 200 1448
181.53.13.193 - - [12/Dec/2021:07:28:40 -0500] "POST /sipse/faces/presentacion/financiero/solicitudProceso/listarSolicitudProceso.xhtml HTTP/1.1" 200 9308
181.53.13.193 - - [12/Dec/2021:07:28:45 -0500] "POST /sipse/faces/presentacion/financiero/solicitudProceso/listarSolicitudProceso.xhtml HTTP/1.1" 200 35390
181.53.13.193 - - [12/Dec/2021:07:28:59 -0500] "POST /sipse/faces/presentacion/financiero/solicitudProceso/listarSolicitudProceso.xhtml HTTP/1.1" 200 9270
69.171.251.19 - - [12/Dec/2021:07:29:56 -0500] "GET /images/Acuerdos1.jpeg HTTP/1.1" 200 59889
181.53.13.193 - - [12/Dec/2021:07:30:51 -0500] "POST /sipse/faces/presentacion/financiero/solicitudProceso/listarSolicitudProceso.xhtml HTTP/1.1" 200 9306
181.53.13.193 - - [12/Dec/2021:07:31:23 -0500] "POST /sipse/faces/presentacion/financiero/solicitudProceso/listarSolicitudProceso.xhtml HTTP/1.1" 200 35350
181.53.13.193 - - [12/Dec/2021:07:31:24 -0500] "POST /sipse/faces/presentacion/financiero/solicitudProceso/listarSolicitudProceso.xhtml HTTP/1.1" 200 35394
181.53.13.193 - - [12/Dec/2021:07:31:28 -0500] "POST /sipse/faces/presentacion/financiero/solicitudProceso/listarSolicitudProceso.xhtml HTTP/1.1" 200 9308
40.77.167.71 - - [12/Dec/2021:07:31:28 -0500] "GET /bla/resoluciones/resoluciones%202021/4273.pdf HTTP/1.1" 200 929113
181.53.13.193 - - [12/Dec/2021:07:31:48 -0500] "POST /sipse/faces/presentacion/financiero/solicitudProceso/listarSolicitudProceso.xhtml HTTP/1.1" 200 35390
181.53.13.193 - - [12/Dec/2021:07:31:51 -0500] "POST /sipse/faces/presentacion/financiero/solicitudProceso/listarSolicitudProceso.xhtml HTTP/1.1" 200 35358
181.53.13.193 - - [12/Dec/2021:07:31:52 -0500] "POST /sipse/faces/presentacion/financiero/solicitudProceso/listarSolicitudProceso.xhtml HTTP/1.1" 200 35390
181.53.13.193 - - [12/Dec/2021:07:31:53 -0500] "POST /sipse/faces/presentacion/financiero/solicitudProceso/listarSolicitudProceso.xhtml HTTP/1.1" 200 35350
181.53.13.193 - - [12/Dec/2021:07:31:54 -0500] "POST /sipse/faces/presentacion/financiero/solicitudProceso/listarSolicitudProceso.xhtml HTTP/1.1" 200 35394
181.53.13.193 - - [12/Dec/2021:07:31:54 -0500] "POST /sipse/faces/presentacion/financiero/solicitudProceso/listarSolicitudProceso.xhtml HTTP/1.1" 200 35354
181.53.13.193 - - [12/Dec/2021:07:31:55 -0500] "POST /sipse/faces/presentacion/financiero/solicitudProceso/listarSolicitudProceso.xhtml HTTP/1.1" 200 9362
181.53.13.193 - - [12/Dec/2021:07:32:23 -0500] "POST /sipse/faces/presentacion/financiero/solicitudProceso/listarSolicitudProceso.xhtml HTTP/1.1" 200 35358
181.53.13.193 - - [12/Dec/2021:07:32:25 -0500] "POST /sipse/faces/presentacion/financiero/solicitudProceso/listarSolicitudProceso.xhtml HTTP/1.1" 200 9279
216.245.221.92 - - [12/Dec/2021:07:32:29 -0500] "HEAD / HTTP/1.1" 200 -
181.53.13.193 - - [12/Dec/2021:07:33:09 -0500] "POST /sipse/faces/presentacion/financiero/solicitudProceso/listarSolicitudProceso.xhtml HTTP/1.1" 200 35350
181.53.13.193 - - [12/Dec/2021:07:33:12 -0500] "POST /sipse/faces/presentacion/financiero/solicitudProceso/listarSolicitudProceso.xhtml HTTP/1.1" 200 9294
201.245.192.253 - - [12/Dec/2021:07:33:13 -0500] "POST /kwsrmcab/Wsrmcab HTTP/1.1" 200 44913
181.53.13.193 - - [12/Dec/2021:07:34:18 -0500] "POST /sipse/faces/presentacion/financiero/solicitudProceso/listarSolicitudProceso.xhtml HTTP/1.1" 200 35354
181.53.13.193 - - [12/Dec/2021:07:34:22 -0500] "POST /sipse/faces/presentacion/financiero/solicitudProceso/listarSolicitudProceso.xhtml HTTP/1.1" 200 9327
201.245.192.253 - - [12/Dec/2021:07:33:57 -0500] "POST /kwsrmcab/Wsrmcab HTTP/1.1" 200 44898
181.53.13.193 - - [12/Dec/2021:07:34:52 -0500] "POST /sipse/faces/presentacion/financiero/solicitudProceso/listarSolicitudProceso.xhtml HTTP/1.1" 200 35358
181.53.13.193 - - [12/Dec/2021:07:34:56 -0500] "POST /sipse/faces/presentacion/financiero/solicitudProceso/listarSolicitudProceso.xhtml HTTP/1.1" 200 35390
181.53.13.193 - - [12/Dec/2021:07:34:59 -0500] "POST /sipse/faces/presentacion/financiero/solicitudProceso/listarSolicitudProceso.xhtml HTTP/1.1" 200 9300
201.245.192.253 - - [12/Dec/2021:07:34:25 -0500] "POST /kwsrmcab/Wsrmcab HTTP/1.1" 200 113911
181.53.13.193 - - [12/Dec/2021:07:35:27 -0500] "POST /sipse/faces/presentacion/financiero/solicitudProceso/listarSolicitudProceso.xhtml HTTP/1.1" 200 35394
181.53.13.193 - - [12/Dec/2021:07:35:28 -0500] "POST /sipse/faces/presentacion/financiero/solicitudProceso/listarSolicitudProceso.xhtml HTTP/1.1" 200 35354
181.53.13.193 - - [12/Dec/2021:07:35:29 -0500] "POST /sipse/faces/presentacion/financiero/solicitudProceso/listarSolicitudProceso.xhtml HTTP/1.1" 200 35390
181.53.13.193 - - [12/Dec/2021:07:35:32 -0500] "POST /sipse/faces/presentacion/financiero/solicitudProceso/listarSolicitudProceso.xhtml HTTP/1.1" 200 9264
181.53.13.193 - - [12/Dec/2021:07:36:03 -0500] "POST /sipse/faces/presentacion/financiero/solicitudProceso/listarSolicitudProceso.xhtml HTTP/1.1" 200 35394
181.53.13.193 - - [12/Dec/2021:07:36:05 -0500] "POST /sipse/faces/presentacion/financiero/solicitudProceso/listarSolicitudProceso.xhtml HTTP/1.1" 200 35350
181.53.13.193 - - [12/Dec/2021:07:36:07 -0500] "POST /sipse/faces/presentacion/financiero/solicitudProceso/listarSolicitudProceso.xhtml HTTP/1.1" 200 9325
181.53.13.193 - - [12/Dec/2021:07:36:31 -0500] "POST /sipse/faces/presentacion/financiero/solicitudProceso/listarSolicitudProceso.xhtml HTTP/1.1" 200 35354
181.53.13.193 - - [12/Dec/2021:07:36:34 -0500] "POST /sipse/faces/presentacion/financiero/solicitudProceso/listarSolicitudProceso.xhtml HTTP/1.1" 200 35386
181.53.13.193 - - [12/Dec/2021:07:36:38 -0500] "POST /sipse/faces/presentacion/financiero/solicitudProceso/listarSolicitudProceso.xhtml HTTP/1.1" 200 35358
181.53.13.193 - - [12/Dec/2021:07:36:38 -0500] "POST /sipse/faces/presentacion/financiero/solicitudProceso/listarSolicitudProceso.xhtml HTTP/1.1" 200 35394
181.53.13.193 - - [12/Dec/2021:07:36:39 -0500] "POST /sipse/faces/presentacion/financiero/solicitudProceso/listarSolicitudProceso.xhtml HTTP/1.1" 200 35354
181.53.13.193 - - [12/Dec/2021:07:36:41 -0500] "POST /sipse/faces/presentacion/financiero/solicitudProceso/listarSolicitudProceso.xhtml HTTP/1.1" 200 9325
216.245.221.92 - - [12/Dec/2021:07:37:29 -0500] "HEAD / HTTP/1.1" 200 -
190.102.124.86 - - [12/Dec/2021:07:38:17 -0500] "GET /reportes_sipse/sdg/ServletReporte?reporte=solicitud_cdp&Solicitud=15976&pfdrid_c=false HTTP/1.1" 200 93873
181.53.13.193 - - [12/Dec/2021:07:38:28 -0500] "POST /sipse/faces/presentacion/financiero/solicitudProceso/listarSolicitudProceso.xhtml HTTP/1.1" 200 35354
181.53.13.193 - - [12/Dec/2021:07:38:31 -0500] "POST /sipse/faces/presentacion/financiero/solicitudProceso/listarSolicitudProceso.xhtml HTTP/1.1" 200 35390
181.53.13.193 - - [12/Dec/2021:07:38:33 -0500] "POST /sipse/faces/presentacion/financiero/solicitudProceso/listarSolicitudProceso.xhtml HTTP/1.1" 200 9285
181.53.13.193 - - [12/Dec/2021:07:39:13 -0500] "POST /sipse/faces/presentacion/financiero/solicitudProceso/listarSolicitudProceso.xhtml HTTP/1.1" 200 35394
181.53.13.193 - - [12/Dec/2021:07:39:15 -0500] "POST /sipse/faces/presentacion/financiero/solicitudProceso/listarSolicitudProceso.xhtml HTTP/1.1" 200 35350
181.53.13.193 - - [12/Dec/2021:07:39:17 -0500] "POST /sipse/faces/presentacion/financiero/solicitudProceso/listarSolicitudProceso.xhtml HTTP/1.1" 200 35394
181.53.13.193 - - [12/Dec/2021:07:39:18 -0500] "POST /sipse/faces/presentacion/financiero/solicitudProceso/listarSolicitudProceso.xhtml HTTP/1.1" 200 35354
181.53.13.193 - - [12/Dec/2021:07:39:21 -0500] "POST /sipse/faces/presentacion/financiero/solicitudProceso/listarSolicitudProceso.xhtml HTTP/1.1" 200 9381
209.141.50.223 - - [12/Dec/2021:07:39:48 -0500] "GET /config/getuser?index=0 HTTP/1.1" 404 1018
181.53.13.193 - - [12/Dec/2021:07:40:03 -0500] "POST /sipse/faces/presentacion/financiero/solicitudProceso/listarSolicitudProceso.xhtml HTTP/1.1" 200 35358
23.100.232.233 - - [12/Dec/2021:07:40:04 -0500] "GET /galeria/galeria/jquery.fancybox.js?v=2.1.5 HTTP/1.1" 200 48706
23.100.232.233 - - [12/Dec/2021:07:40:04 -0500] "GET /galeria/galeria/jquery.fancybox.css?v=2.1.5 HTTP/1.1" 200 4895
181.53.13.193 - - [12/Dec/2021:07:40:04 -0500] "POST /sipse/faces/presentacion/financiero/solicitudProceso/listarSolicitudProceso.xhtml HTTP/1.1" 200 35394
181.53.13.193 - - [12/Dec/2021:07:40:07 -0500] "POST /sipse/faces/presentacion/financiero/solicitudProceso/listarSolicitudProceso.xhtml HTTP/1.1" 200 9281
190.102.124.86 - - [12/Dec/2021:07:40:08 -0500] "GET /reportes_sipse/sdg/ServletReporte?reporte=solicitud_cdp&Solicitud=15976&pfdrid_c=false HTTP/1.1" 200 93873
190.102.124.86 - - [12/Dec/2021:07:40:14 -0500] "GET /reportes_sipse/sdg/ServletReporte?reporte=experienia_idoneidad&solicitud=15976&pfdrid_c=false HTTP/1.1" 200 93958
190.102.124.86 - - [12/Dec/2021:07:40:50 -0500] "GET /reportes_sipse/sdg/ServletReporte?reporte=experienia_idoneidad&solicitud=15976&pfdrid_c=false HTTP/1.1" 200 93958
181.53.13.193 - - [12/Dec/2021:07:41:26 -0500] "POST /sipse/faces/presentacion/financiero/solicitudProceso/listarSolicitudProceso.xhtml HTTP/1.1" 200 35394
181.53.13.193 - - [12/Dec/2021:07:41:29 -0500] "POST /sipse/faces/presentacion/financiero/solicitudProceso/listarSolicitudProceso.xhtml HTTP/1.1" 200 9281
190.102.124.86 - - [12/Dec/2021:07:41:45 -0500] "GET /reportes_sipse/sdg/ServletReporte?reporte=experienia_idoneidad&solicitud=15976&pfdrid_c=false HTTP/1.1" 200 93958
181.53.13.193 - - [12/Dec/2021:07:41:47 -0500] "POST /sipse/faces/presentacion/financiero/solicitudProceso/listarSolicitudProceso.xhtml HTTP/1.1" 200 35382
181.53.13.193 - - [12/Dec/2021:07:41:52 -0500] "POST /sipse/faces/presentacion/financiero/solicitudProceso/listarSolicitudProceso.xhtml HTTP/1.1" 200 9293
181.53.13.193 - - [12/Dec/2021:07:42:11 -0500] "POST /sipse/faces/presentacion/financiero/solicitudProceso/listarSolicitudProceso.xhtml HTTP/1.1" 200 35390
181.53.13.193 - - [12/Dec/2021:07:42:12 -0500] "POST /sipse/faces/presentacion/financiero/solicitudProceso/listarSolicitudProceso.xhtml HTTP/1.1" 200 35350
181.53.13.193 - - [12/Dec/2021:07:42:14 -0500] "POST /sipse/faces/presentacion/financiero/solicitudProceso/listarSolicitudProceso.xhtml HTTP/1.1" 200 35394
181.53.13.193 - - [12/Dec/2021:07:42:16 -0500] "POST /sipse/faces/presentacion/financiero/solicitudProceso/listarSolicitudProceso.xhtml HTTP/1.1" 200 9483
216.245.221.92 - - [12/Dec/2021:07:42:29 -0500] "HEAD / HTTP/1.1" 200 -
181.53.13.193 - - [12/Dec/2021:07:42:59 -0500] "POST /sipse/faces/presentacion/financiero/solicitudProceso/listarSolicitudProceso.xhtml HTTP/1.1" 200 129730
181.53.13.193 - - [12/Dec/2021:07:43:02 -0500] "GET /sipse/faces/javax.faces.resource/theme.css?ln=primefaces-sipse HTTP/1.1" 304 -
181.53.13.193 - - [12/Dec/2021:07:43:02 -0500] "GET /sipse/faces/javax.faces.resource/layout/layout.css?ln=primefaces&v=4.0 HTTP/1.1" 304 -
181.53.13.193 - - [12/Dec/2021:07:43:02 -0500] "GET /sipse/faces/javax.faces.resource/jquery/jquery.js?ln=primefaces&v=4.0 HTTP/1.1" 304 -
181.53.13.193 - - [12/Dec/2021:07:43:02 -0500] "GET /sipse/faces/javax.faces.resource/primefaces.css?ln=primefaces&v=4.0 HTTP/1.1" 304 -
181.53.13.193 - - [12/Dec/2021:07:43:02 -0500] "GET /sipse/faces/javax.faces.resource/jquery/jquery-plugins.js?ln=primefaces&v=4.0 HTTP/1.1" 304 -
181.53.13.193 - - [12/Dec/2021:07:43:02 -0500] "GET /sipse/faces/javax.faces.resource/primefaces.js?ln=primefaces&v=4.0 HTTP/1.1" 304 -
181.53.13.193 - - [12/Dec/2021:07:43:02 -0500] "GET /sipse/faces/javax.faces.resource/layout/layout.js?ln=primefaces&v=4.0 HTTP/1.1" 304 -
181.53.13.193 - - [12/Dec/2021:07:43:03 -0500] "GET /reportes_sipse/sdg/ServletReporte?reporte=experienia_idoneidad&solicitud=15976&pfdrid_c=false HTTP/1.1" 200 93958
181.53.13.193 - - [12/Dec/2021:07:43:23 -0500] "POST /sipse/faces/presentacion/financiero/solicitudProceso/consultarSolicitudProceso.xhtml HTTP/1.1" 200 39819
181.53.13.193 - - [12/Dec/2021:07:43:24 -0500] "GET /sipse/faces/javax.faces.resource/theme.css?ln=primefaces-sipse HTTP/1.1" 304 -
181.53.13.193 - - [12/Dec/2021:07:43:24 -0500] "GET /sipse/faces/javax.faces.resource/primefaces.css?ln=primefaces&v=4.0 HTTP/1.1" 304 -
181.53.13.193 - - [12/Dec/2021:07:43:24 -0500] "GET /sipse/faces/javax.faces.resource/jquery/jquery.js?ln=primefaces&v=4.0 HTTP/1.1" 304 -
181.53.13.193 - - [12/Dec/2021:07:43:24 -0500] "GET /sipse/faces/javax.faces.resource/layout/layout.css?ln=primefaces&v=4.0 HTTP/1.1" 304 -
181.53.13.193 - - [12/Dec/2021:07:43:24 -0500] "GET /sipse/faces/javax.faces.resource/jquery/jquery-plugins.js?ln=primefaces&v=4.0 HTTP/1.1" 304 -
181.53.13.193 - - [12/Dec/2021:07:43:25 -0500] "GET /sipse/faces/javax.faces.resource/primefaces.js?ln=primefaces&v=4.0 HTTP/1.1" 304 -
181.53.13.193 - - [12/Dec/2021:07:43:25 -0500] "GET /sipse/faces/javax.faces.resource/layout/layout.js?ln=primefaces&v=4.0 HTTP/1.1" 304 -
201.245.192.253 - - [12/Dec/2021:07:43:13 -0500] "POST /kwsrmcab/Wsrmcab HTTP/1.1" 200 44913
181.53.13.193 - - [12/Dec/2021:07:44:42 -0500] "GET /sipse/faces/javax.faces.resource/theme.css?ln=primefaces-sipse HTTP/1.1" 304 -
181.53.13.193 - - [12/Dec/2021:07:44:42 -0500] "GET /sipse/faces/javax.faces.resource/primefaces.css?ln=primefaces&v=4.0 HTTP/1.1" 304 -
181.53.13.193 - - [12/Dec/2021:07:44:42 -0500] "GET /sipse/faces/javax.faces.resource/jquery/jquery-plugins.js?ln=primefaces&v=4.0 HTTP/1.1" 304 -
181.53.13.193 - - [12/Dec/2021:07:44:42 -0500] "GET /sipse/faces/javax.faces.resource/jquery/jquery.js?ln=primefaces&v=4.0 HTTP/1.1" 304 -
181.53.13.193 - - [12/Dec/2021:07:44:42 -0500] "GET /sipse/faces/javax.faces.resource/layout/layout.css?ln=primefaces&v=4.0 HTTP/1.1" 304 -
181.53.13.193 - - [12/Dec/2021:07:44:42 -0500] "GET /sipse/faces/javax.faces.resource/primefaces.js?ln=primefaces&v=4.0 HTTP/1.1" 304 -
181.53.13.193 - - [12/Dec/2021:07:44:42 -0500] "GET /sipse/faces/javax.faces.resource/layout/layout.js?ln=primefaces&v=4.0 HTTP/1.1" 304 -
181.53.13.193 - - [12/Dec/2021:07:44:42 -0500] "POST /sipse/faces/presentacion/financiero/estudioPrevio/personalSolicitado/expedirExperienciaIdoneidad.xhtml HTTP/1.1" 200 176484
181.53.13.193 - - [12/Dec/2021:07:44:43 -0500] "GET /reportes_sipse/sdg/ServletReporte?reporte=experienia_idoneidad&solicitud=15976&pfdrid_c=false HTTP/1.1" 200 93958
201.245.192.253 - - [12/Dec/2021:07:44:00 -0500] "POST /kwsrmcab/Wsrmcab HTTP/1.1" 200 44898
181.53.13.193 - - [12/Dec/2021:07:44:52 -0500] "POST /sipse/faces/presentacion/financiero/solicitudProceso/consultarSolicitudProceso.xhtml HTTP/1.1" 200 108943
201.245.192.253 - - [12/Dec/2021:07:44:24 -0500] "POST /kwsrmcab/Wsrmcab HTTP/1.1" 200 113911
181.53.13.193 - - [12/Dec/2021:07:45:27 -0500] "POST /sipse/faces/presentacion/financiero/solicitudProceso/consultarSolicitudProceso.xhtml HTTP/1.1" 200 39819
181.53.13.193 - - [12/Dec/2021:07:45:29 -0500] "GET /sipse/faces/javax.faces.resource/primefaces.css?ln=primefaces&v=4.0 HTTP/1.1" 304 -
181.53.13.193 - - [12/Dec/2021:07:45:29 -0500] "GET /sipse/faces/javax.faces.resource/theme.css?ln=primefaces-sipse HTTP/1.1" 304 -
181.53.13.193 - - [12/Dec/2021:07:45:29 -0500] "GET /sipse/faces/javax.faces.resource/jquery/jquery.js?ln=primefaces&v=4.0 HTTP/1.1" 304 -
181.53.13.193 - - [12/Dec/2021:07:45:29 -0500] "GET /sipse/faces/javax.faces.resource/layout/layout.css?ln=primefaces&v=4.0 HTTP/1.1" 304 -
181.53.13.193 - - [12/Dec/2021:07:45:29 -0500] "GET /sipse/faces/javax.faces.resource/jquery/jquery-plugins.js?ln=primefaces&v=4.0 HTTP/1.1" 304 -
181.53.13.193 - - [12/Dec/2021:07:45:30 -0500] "GET /sipse/faces/javax.faces.resource/primefaces.js?ln=primefaces&v=4.0 HTTP/1.1" 304 -
181.53.13.193 - - [12/Dec/2021:07:45:30 -0500] "GET /sipse/faces/javax.faces.resource/layout/layout.js?ln=primefaces&v=4.0 HTTP/1.1" 304 -
181.53.13.193 - - [12/Dec/2021:07:47:13 -0500] "POST /sipse/faces/presentacion/financiero/estudioPrevio/personalSolicitado/expedirExperienciaIdoneidad.xhtml HTTP/1.1" 200 5677
181.53.13.193 - - [12/Dec/2021:07:47:14 -0500] "GET /sipse/faces/javax.faces.resource/theme.css?ln=primefaces-sipse HTTP/1.1" 304 -
181.53.13.193 - - [12/Dec/2021:07:47:13 -0500] "POST /sipse/faces/presentacion/financiero/estudioPrevio/personalSolicitado/expedirExperienciaIdoneidad.xhtml HTTP/1.1" 200 32258
181.53.13.193 - - [12/Dec/2021:07:47:14 -0500] "GET /sipse/faces/javax.faces.resource/primefaces.css?ln=primefaces&v=4.0 HTTP/1.1" 304 -
181.53.13.193 - - [12/Dec/2021:07:47:14 -0500] "GET /sipse/faces/javax.faces.resource/primefaces.js?ln=primefaces&v=4.0 HTTP/1.1" 304 -
181.53.13.193 - - [12/Dec/2021:07:47:14 -0500] "GET /sipse/faces/javax.faces.resource/jquery/jquery.js?ln=primefaces&v=4.0 HTTP/1.1" 304 -
181.53.13.193 - - [12/Dec/2021:07:47:14 -0500] "GET /sipse/faces/javax.faces.resource/layout/layout.js?ln=primefaces&v=4.0 HTTP/1.1" 304 -
181.53.13.193 - - [12/Dec/2021:07:47:14 -0500] "GET /sipse/faces/javax.faces.resource/layout/layout.css?ln=primefaces&v=4.0 HTTP/1.1" 304 -
181.53.13.193 - - [12/Dec/2021:07:47:14 -0500] "GET /sipse/faces/javax.faces.resource/jquery/jquery-plugins.js?ln=primefaces&v=4.0 HTTP/1.1" 304 -
195.54.160.149 - - [12/Dec/2021:07:47:14 -0500] "POST /Autodiscover/Autodiscover.xml HTTP/1.1" 404 1018
123.183.224.30 - - [12/Dec/2021:07:47:17 -0500] "GET / HTTP/1.1" 200 319
181.53.13.193 - - [12/Dec/2021:07:47:23 -0500] "POST /sipse/faces/presentacion/contratacion/procesoContractual/registrarInvitacionContratista.xhtml HTTP/1.1" 200 9693
216.245.221.92 - - [12/Dec/2021:07:47:29 -0500] "HEAD / HTTP/1.1" 200 -
181.53.13.193 - - [12/Dec/2021:07:48:14 -0500] "POST /sipse/faces/presentacion/contratacion/procesoContractual/registrarInvitacionContratista.xhtml HTTP/1.1" 200 8042
181.53.13.193 - - [12/Dec/2021:07:48:14 -0500] "GET /sipse/faces/javax.faces.resource/messages/messages.png?ln=primefaces&v=4.0 HTTP/1.1" 304 -
181.53.13.193 - - [12/Dec/2021:07:49:21 -0500] "POST /sipse/faces/presentacion/contratacion/procesoContractual/registrarInvitacionContratista.xhtml HTTP/1.1" 200 3092
181.53.13.193 - - [12/Dec/2021:07:49:23 -0500] "POST /sipse/faces/presentacion/contratacion/procesoContractual/registrarInvitacionContratista.xhtml HTTP/1.1" 200 28305
181.53.13.193 - - [12/Dec/2021:07:49:24 -0500] "GET /sipse/faces/javax.faces.resource/theme.css?ln=primefaces-sipse HTTP/1.1" 304 -
181.53.13.193 - - [12/Dec/2021:07:49:24 -0500] "GET /sipse/faces/javax.faces.resource/primefaces.css?ln=primefaces&v=4.0 HTTP/1.1" 304 -
181.53.13.193 - - [12/Dec/2021:07:49:24 -0500] "GET /sipse/faces/javax.faces.resource/layout/layout.css?ln=primefaces&v=4.0 HTTP/1.1" 304 -
181.53.13.193 - - [12/Dec/2021:07:49:24 -0500] "GET /sipse/faces/javax.faces.resource/jquery/jquery.js?ln=primefaces&v=4.0 HTTP/1.1" 304 -
181.53.13.193 - - [12/Dec/2021:07:49:24 -0500] "GET /sipse/faces/javax.faces.resource/jquery/jquery-plugins.js?ln=primefaces&v=4.0 HTTP/1.1" 304 -
181.53.13.193 - - [12/Dec/2021:07:49:24 -0500] "GET /sipse/faces/javax.faces.resource/primefaces.js?ln=primefaces&v=4.0 HTTP/1.1" 304 -
181.53.13.193 - - [12/Dec/2021:07:49:24 -0500] "GET /sipse/faces/javax.faces.resource/layout/layout.js?ln=primefaces&v=4.0 HTTP/1.1" 304 -
181.53.13.193 - - [12/Dec/2021:07:49:31 -0500] "POST /sipse/faces/presentacion/contratacion/contratista/listarContratista.xhtml HTTP/1.1" 200 7802
181.53.13.193 - - [12/Dec/2021:07:49:42 -0500] "POST /sipse/faces/presentacion/contratacion/contratista/listarContratista.xhtml HTTP/1.1" 200 7040
181.53.13.193 - - [12/Dec/2021:07:49:47 -0500] "GET /sipse/faces/javax.faces.resource/theme.css?ln=primefaces-sipse HTTP/1.1" 304 -
