!C99Shell v. 1.0 pre-release build #13!

Software: Apache. PHP/5.5.15 

uname -a: Windows NT SVR-DMZ 6.1 build 7600 (Windows Server 2008 R2 Enterprise Edition) i586 

SYSTEM 

Safe-mode: OFF (not secure)

E:\nuevo\apache\logs\   drwxrwxrwx
Free 9.41 GB of 239.26 GB (3.93%)
Detected drives: [ a ] [ c ] [ d ] [ e ] [ f ]
Home    Back    Forward    UPDIR    Refresh    Search    Buffer    Encoder    Tools    Proc.    FTP brute    Sec.    SQL    PHP-code    Update    Feedback    Self remove    Logout    


Viewing file:     access.2021.12.18.log (2.25 MB)      -rw-rw-rw-
Select action/file-type:
(+) | (+) | (+) | Code (+) | Session (+) | (+) | SDB (+) | (+) | (+) | (+) | (+) | (+) |
216.245.221.92 - - [18/Dec/2021:00:00:22 -0500] "HEAD / HTTP/1.1" 200 -
201.245.192.253 - - [18/Dec/2021:00:04:05 -0500] "POST /kwsrmcab/Wsrmcab HTTP/1.1" 200 213
216.245.221.92 - - [18/Dec/2021:00:05:22 -0500] "HEAD / HTTP/1.1" 200 -
216.245.221.92 - - [18/Dec/2021:00:10:22 -0500] "HEAD / HTTP/1.1" 200 -
173.252.107.18 - - [18/Dec/2021:00:10:39 -0500] "GET /images/PIGA1.jpeg HTTP/1.1" 200 167676
157.55.39.111 - - [18/Dec/2021:00:12:05 -0500] "GET /BLA/resoluciones/RESOLUCIONES%202013/0109.pdf HTTP/1.1" 200 719104
201.245.192.253 - - [18/Dec/2021:00:14:04 -0500] "POST /kwsrmcab/Wsrmcab HTTP/1.1" 200 115873
216.245.221.92 - - [18/Dec/2021:00:15:22 -0500] "HEAD / HTTP/1.1" 200 -
191.95.16.185 - - [18/Dec/2021:00:15:58 -0500] "GET /galeria/galeria/jquery.fancybox.css?v=2.1.5 HTTP/1.1" 200 4895
157.55.39.91 - - [18/Dec/2021:00:16:07 -0500] "GET /BLA/resoluciones/RESOLUCIONES%202013/2455.pdf HTTP/1.1" 200 220671
66.249.65.67 - - [18/Dec/2021:00:16:26 -0500] "-" 408 -
40.77.167.71 - - [18/Dec/2021:00:18:16 -0500] "GET /BLA/resoluciones/RESOLUCIONES%202013/1679.pdf HTTP/1.1" 200 333400
8.209.107.92 - - [18/Dec/2021:00:19:11 -0500] "GET /galeria/galeria/fotos/2CaminataP3.jpg HTTP/1.1" 200 30753
216.245.221.92 - - [18/Dec/2021:00:20:22 -0500] "HEAD / HTTP/1.1" 200 -
207.46.13.52 - - [18/Dec/2021:00:21:05 -0500] "GET /bla/resoluciones/resoluciones%202021/3723.pdf HTTP/1.1" 200 570353
66.249.65.67 - - [18/Dec/2021:00:22:59 -0500] "-" 408 -
201.245.192.253 - - [18/Dec/2021:00:22:47 -0500] "POST /kwsrmcab/Wsrmcab HTTP/1.1" 200 44706
201.245.192.253 - - [18/Dec/2021:00:23:34 -0500] "POST /kwsrmcab/Wsrmcab HTTP/1.1" 200 45645
201.245.192.253 - - [18/Dec/2021:00:24:05 -0500] "POST /kwsrmcab/Wsrmcab HTTP/1.1" 200 115873
167.114.173.221 - - [18/Dec/2021:00:25:07 -0500] "GET /auambari-deleito-con-sus-sonidos-ambientales-a-los-asistentes-de-fima-2021.html HTTP/1.1" 200 888
216.245.221.92 - - [18/Dec/2021:00:25:22 -0500] "HEAD / HTTP/1.1" 200 -
91.242.162.83 - - [18/Dec/2021:00:25:29 -0500] "GET /BLA/boletinlegal/ HTTP/1.1" 200 16331
199.16.157.182 - - [18/Dec/2021:00:29:00 -0500] "GET /images/pot-humedales-2-octubre.jpg HTTP/1.1" 200 53089
178.54.6.172 - - [18/Dec/2021:00:29:11 -0500] "GET / HTTP/1.1" 200 319
186.84.20.65 - - [18/Dec/2021:00:29:23 -0500] "GET /sipse/faces/javax.faces.resource/primefaces.js?ln=primefaces&v=4.0 HTTP/1.1" 304 -
186.84.20.65 - - [18/Dec/2021:00:29:23 -0500] "GET /sipse/faces/javax.faces.resource/layout/layout.css?ln=primefaces&v=4.0 HTTP/1.1" 304 -
186.84.20.65 - - [18/Dec/2021:00:29:23 -0500] "GET /sipse/faces/javax.faces.resource/theme.css?ln=primefaces-sipse HTTP/1.1" 304 -
186.84.20.65 - - [18/Dec/2021:00:29:23 -0500] "GET /sipse/faces/javax.faces.resource/primefaces.css?ln=primefaces&v=4.0 HTTP/1.1" 304 -
186.84.20.65 - - [18/Dec/2021:00:29:23 -0500] "GET /sipse/faces/javax.faces.resource/jquery/jquery.js?ln=primefaces&v=4.0 HTTP/1.1" 304 -
186.84.20.65 - - [18/Dec/2021:00:29:23 -0500] "GET /sipse/faces/javax.faces.resource/jquery/jquery-plugins.js?ln=primefaces&v=4.0 HTTP/1.1" 304 -
186.84.20.65 - - [18/Dec/2021:00:29:23 -0500] "GET /sipse/faces/javax.faces.resource/layout/layout.js?ln=primefaces&v=4.0 HTTP/1.1" 304 -
186.84.20.65 - - [18/Dec/2021:00:29:24 -0500] "GET /sipse/faces/javax.faces.resource/images/ui-icons_898989_256x240.png?ln=primefaces-aristo HTTP/1.1" 304 -
186.84.20.65 - - [18/Dec/2021:00:29:24 -0500] "GET /sipse/faces/faces/faces/index.xhtml HTTP/1.1" 200 677
186.84.20.65 - - [18/Dec/2021:00:29:24 -0500] "GET /sipse/faces/javax.faces.resource/theme.css?ln=primefaces-sipse HTTP/1.1" 304 -
186.84.20.65 - - [18/Dec/2021:00:29:25 -0500] "GET /sipse/faces/faces/faces/faces/autenticacion.xhtml HTTP/1.1" 200 12184
186.84.20.65 - - [18/Dec/2021:00:29:25 -0500] "GET /sipse/faces/javax.faces.resource/theme.css?ln=primefaces-sipse HTTP/1.1" 304 -
186.84.20.65 - - [18/Dec/2021:00:29:25 -0500] "GET /sipse/faces/javax.faces.resource/primefaces.css?ln=primefaces&v=4.0 HTTP/1.1" 304 -
186.84.20.65 - - [18/Dec/2021:00:29:25 -0500] "GET /sipse/faces/javax.faces.resource/jquery/jquery.js?ln=primefaces&v=4.0 HTTP/1.1" 304 -
186.84.20.65 - - [18/Dec/2021:00:29:25 -0500] "GET /sipse/faces/javax.faces.resource/jquery/jquery-plugins.js?ln=primefaces&v=4.0 HTTP/1.1" 304 -
186.84.20.65 - - [18/Dec/2021:00:29:25 -0500] "GET /sipse/faces/javax.faces.resource/primefaces.js?ln=primefaces&v=4.0 HTTP/1.1" 304 -
186.84.20.65 - - [18/Dec/2021:00:29:25 -0500] "GET /sipse/faces/javax.faces.resource/layout/layout.css?ln=primefaces&v=4.0 HTTP/1.1" 304 -
186.84.20.65 - - [18/Dec/2021:00:29:25 -0500] "GET /sipse/faces/javax.faces.resource/layout/layout.js?ln=primefaces&v=4.0 HTTP/1.1" 304 -
216.245.221.92 - - [18/Dec/2021:00:30:22 -0500] "HEAD / HTTP/1.1" 200 -
201.245.192.253 - - [18/Dec/2021:00:32:46 -0500] "POST /kwsrmcab/Wsrmcab HTTP/1.1" 200 44706
201.245.192.253 - - [18/Dec/2021:00:33:35 -0500] "POST /kwsrmcab/Wsrmcab HTTP/1.1" 200 45645
201.245.192.253 - - [18/Dec/2021:00:34:04 -0500] "POST /kwsrmcab/Wsrmcab HTTP/1.1" 200 115873
34.147.114.213 - - [18/Dec/2021:00:35:20 -0500] "GET / HTTP/1.1" 200 319
216.245.221.92 - - [18/Dec/2021:00:35:22 -0500] "HEAD / HTTP/1.1" 200 -
40.77.167.71 - - [18/Dec/2021:00:38:21 -0500] "GET /BLA/resoluciones/RESOLUCIONES%202018/2818.pdf HTTP/1.1" 200 279713
216.245.221.92 - - [18/Dec/2021:00:40:22 -0500] "HEAD / HTTP/1.1" 200 -
201.245.192.253 - - [18/Dec/2021:00:42:47 -0500] "POST /kwsrmcab/Wsrmcab HTTP/1.1" 200 44706
201.245.192.253 - - [18/Dec/2021:00:43:36 -0500] "POST /kwsrmcab/Wsrmcab HTTP/1.1" 200 45645
201.245.192.253 - - [18/Dec/2021:00:44:03 -0500] "POST /kwsrmcab/Wsrmcab HTTP/1.1" 200 115873
216.245.221.92 - - [18/Dec/2021:00:45:22 -0500] "HEAD / HTTP/1.1" 200 -
186.155.12.67 - - [18/Dec/2021:00:45:40 -0500] "GET /galeria/galeria/jquery.fancybox.css?v=2.1.5 HTTP/1.1" 200 4895
195.54.160.149 - - [18/Dec/2021:00:46:07 -0500] "GET /_ignition/execute-solution HTTP/1.1" 404 1018
207.46.13.126 - - [18/Dec/2021:00:47:13 -0500] "GET /portaldeninos/2021/07/01/en-fotos-conoce-algunos-de-los-lugares-mas-biodiversos-de-bogota/feed/ HTTP/1.1" 200 998
45.134.225.25 - - [18/Dec/2021:00:47:58 -0500] "POST /boaform/admin/formLogin HTTP/1.1" 404 1186
179.6.28.215 - - [18/Dec/2021:00:48:42 -0500] "GET /galeria/galeria/jquery.fancybox.css?v=2.1.5 HTTP/1.1" 200 4895
216.245.221.92 - - [18/Dec/2021:00:50:22 -0500] "HEAD / HTTP/1.1" 200 -
207.46.13.113 - - [18/Dec/2021:00:51:28 -0500] "GET /BLA/resoluciones/RESOLUCIONES%202013/0579.pdf HTTP/1.1" 200 2392638
66.249.65.71 - - [18/Dec/2021:00:53:54 -0500] "-" 408 -
201.245.192.253 - - [18/Dec/2021:00:54:03 -0500] "POST /kwsrmcab/Wsrmcab HTTP/1.1" 200 115873
216.245.221.92 - - [18/Dec/2021:00:55:22 -0500] "HEAD / HTTP/1.1" 200 -
186.84.91.104 - - [18/Dec/2021:00:59:54 -0500] "GET /galeria/galeria/jquery.fancybox.css?v=2.1.5 HTTP/1.1" 200 4895
216.245.221.92 - - [18/Dec/2021:01:00:22 -0500] "HEAD / HTTP/1.1" 200 -
193.118.53.210 - - [18/Dec/2021:01:00:39 -0500] "GET / HTTP/1.1" 200 319
213.204.117.182 - - [18/Dec/2021:01:00:46 -0500] "GET / HTTP/1.1" 200 319
201.245.192.253 - - [18/Dec/2021:01:04:05 -0500] "POST /kwsrmcab/Wsrmcab HTTP/1.1" 200 213
216.245.221.92 - - [18/Dec/2021:01:05:22 -0500] "HEAD / HTTP/1.1" 200 -
195.54.160.149 - - [18/Dec/2021:01:07:53 -0500] "GET / HTTP/1.1" 200 319
40.77.189.53 - - [18/Dec/2021:01:09:25 -0500] "GET /transparencia/financiera/Desagregado%20con%20modificaciones/? HTTP/1.1" 200 39820
157.55.39.111 - - [18/Dec/2021:01:09:51 -0500] "GET /BLA/resoluciones/RESOLUCIONES%202013/0294.pdf HTTP/1.1" 200 2432385
152.61.192.232 - - [18/Dec/2021:01:10:02 -0500] "GET / HTTP/1.1" 200 319
216.245.221.92 - - [18/Dec/2021:01:10:22 -0500] "HEAD / HTTP/1.1" 200 -
35.240.117.238 - - [18/Dec/2021:01:10:31 -0500] "GET /se-amplia-convocatoria-de-sembradoras-por-la-reactivaccion-para-que-20-organizaciones-ambientales-contraten-a-mas-de-mil-mujeres.html HTTP/1.1" 200 1100
157.55.39.91 - - [18/Dec/2021:01:10:32 -0500] "GET /galeria/galeria/fotos/Humedal-techo4G.jpg HTTP/1.1" 200 230318
207.46.13.113 - - [18/Dec/2021:01:12:01 -0500] "GET /BLA/resoluciones/RESOLUCIONES%202013/0436.pdf HTTP/1.1" 200 354759
152.61.128.50 - - [18/Dec/2021:01:13:40 -0500] "GET / HTTP/1.1" 200 319
201.245.192.253 - - [18/Dec/2021:01:14:05 -0500] "POST /kwsrmcab/Wsrmcab HTTP/1.1" 200 115475
216.245.221.92 - - [18/Dec/2021:01:15:22 -0500] "HEAD / HTTP/1.1" 200 -
157.55.39.91 - - [18/Dec/2021:01:15:43 -0500] "GET /BLA/resoluciones/Notificaciones/AUTOS%202017/02381.pdf HTTP/1.1" 200 311010
40.77.167.71 - - [18/Dec/2021:01:17:36 -0500] "GET /BLA/resoluciones/RESOLUCIONES%202008/0407.pdf HTTP/1.1" 304 -
186.29.19.107 - - [18/Dec/2021:01:17:49 -0500] "GET /secretaria-de-ambiente-abre-espacio-de-formacion-para-comunicadores-sociales-y-periodistas.html?fbclid=IwAR3884N6yqYlOXsbo6QsgLxAijfIQe5g0WaiFJoBgdpWR4tGw4srw9_NbIk HTTP/1.1" 200 860
207.46.13.52 - - [18/Dec/2021:01:18:59 -0500] "GET /BLA/resoluciones/RESOLUCIONES%202013/0069.pdf HTTP/1.1" 200 678361
216.245.221.92 - - [18/Dec/2021:01:20:22 -0500] "HEAD / HTTP/1.1" 200 -
157.55.39.111 - - [18/Dec/2021:01:23:10 -0500] "GET /bla/boletinlegal/actos.php/js/jquery1.js HTTP/1.1" 200 9519
201.245.192.253 - - [18/Dec/2021:01:22:46 -0500] "POST /kwsrmcab/Wsrmcab HTTP/1.1" 200 44824
207.46.13.53 - - [18/Dec/2021:01:24:09 -0500] "GET /portaldeninos/wp-content/plugins/smart-slider-3/library/media/dist/smartslider-frontend.min.js?1563274780 HTTP/1.1" 200 128256
201.245.192.253 - - [18/Dec/2021:01:23:35 -0500] "POST /kwsrmcab/Wsrmcab HTTP/1.1" 200 45490
201.245.192.253 - - [18/Dec/2021:01:24:04 -0500] "POST /kwsrmcab/Wsrmcab HTTP/1.1" 200 115475
216.245.221.92 - - [18/Dec/2021:01:25:22 -0500] "HEAD / HTTP/1.1" 200 -
104.152.52.114 - - [18/Dec/2021:01:27:31 -0500] "GET / HTTP/1.0" 200 319
207.46.13.52 - - [18/Dec/2021:01:28:12 -0500] "GET /bla/resoluciones/resoluciones%202021/4187.pdf HTTP/1.1" 200 644982
216.245.221.92 - - [18/Dec/2021:01:30:22 -0500] "HEAD / HTTP/1.1" 200 -
69.171.251.24 - - [18/Dec/2021:01:32:56 -0500] "GET /images/nueva-jornada-reciclaton-ambiente-cajas-12-noviembre.jpg HTTP/1.1" 200 479427
201.245.192.253 - - [18/Dec/2021:01:32:46 -0500] "POST /kwsrmcab/Wsrmcab HTTP/1.1" 200 44824
201.245.192.253 - - [18/Dec/2021:01:33:36 -0500] "POST /kwsrmcab/Wsrmcab HTTP/1.1" 200 45490
201.245.192.253 - - [18/Dec/2021:01:34:03 -0500] "POST /kwsrmcab/Wsrmcab HTTP/1.1" 200 115475
216.245.221.92 - - [18/Dec/2021:01:35:22 -0500] "HEAD / HTTP/1.1" 200 -
216.245.221.92 - - [18/Dec/2021:01:40:22 -0500] "HEAD / HTTP/1.1" 200 -
201.245.192.253 - - [18/Dec/2021:01:42:46 -0500] "POST /kwsrmcab/Wsrmcab HTTP/1.1" 200 44824
34.147.107.146 - - [18/Dec/2021:01:43:39 -0500] "GET / HTTP/1.1" 200 319
201.245.192.253 - - [18/Dec/2021:01:43:36 -0500] "POST /kwsrmcab/Wsrmcab HTTP/1.1" 200 45490
157.55.39.91 - - [18/Dec/2021:01:44:35 -0500] "GET /silvicultura/6.pdf HTTP/1.1" 304 -
201.245.192.253 - - [18/Dec/2021:01:44:03 -0500] "POST /kwsrmcab/Wsrmcab HTTP/1.1" 200 115475
216.245.221.92 - - [18/Dec/2021:01:45:22 -0500] "HEAD / HTTP/1.1" 200 -
114.119.138.235 - - [18/Dec/2021:01:48:12 -0500] "-" 408 -
216.245.221.92 - - [18/Dec/2021:01:50:22 -0500] "HEAD / HTTP/1.1" 200 -
157.55.39.106 - - [18/Dec/2021:01:51:03 -0500] "GET /BLA/resoluciones/RESOLUCIONES%202013/2259.pdf HTTP/1.1" 200 784113
157.55.39.91 - - [18/Dec/2021:01:52:37 -0500] "GET /BLA/resoluciones/RESOLUCIONES%202013/0632%20.pdf HTTP/1.1" 200 1089982
152.61.192.232 - - [18/Dec/2021:01:53:14 -0500] "GET /arcgis/services/Calidad_del_Agua_WQI/MapServer/WMSServer?request=GetCapabilities&service=WMS HTTP/1.1" 503 1020
152.61.192.232 - - [18/Dec/2021:01:53:16 -0500] "GET /arcgis/services/Calidad_del_Agua_WQI/MapServer/WMSServer?SERVICE=WMS&REQUEST=GetCapabilities HTTP/1.1" 503 1020
152.61.192.232 - - [18/Dec/2021:01:53:16 -0500] "GET /arcgis/services/Calidad_del_Agua_WQI/MapServer/WMSServer?WMTVER=1.0.0&REQUEST=capabilities HTTP/1.1" 503 1020
195.54.160.149 - - [18/Dec/2021:01:54:21 -0500] "POST /cgi-bin/.%2e/.%2e/.%2e/.%2e/bin/sh HTTP/1.1" 400 945
201.245.192.253 - - [18/Dec/2021:01:54:04 -0500] "POST /kwsrmcab/Wsrmcab HTTP/1.1" 200 115475
216.245.221.92 - - [18/Dec/2021:01:55:22 -0500] "HEAD / HTTP/1.1" 200 -
152.61.128.50 - - [18/Dec/2021:01:55:24 -0500] "GET /arcgis/services/Calidad_del_Agua_WQI/MapServer/WMSServer?request=GetCapabilities&service=WMS HTTP/1.1" 503 1020
152.61.128.50 - - [18/Dec/2021:01:55:25 -0500] "GET /arcgis/services/Calidad_del_Agua_WQI/MapServer/WMSServer?SERVICE=WMS&REQUEST=GetCapabilities HTTP/1.1" 503 1020
152.61.128.50 - - [18/Dec/2021:01:55:25 -0500] "GET /arcgis/services/Calidad_del_Agua_WQI/MapServer/WMSServer?WMTVER=1.0.0&REQUEST=capabilities HTTP/1.1" 503 1020
216.245.221.92 - - [18/Dec/2021:02:00:22 -0500] "HEAD / HTTP/1.1" 200 -
157.55.39.111 - - [18/Dec/2021:02:02:21 -0500] "GET /galeria/galeria/fotos/humedal-Burro4G.jpg HTTP/1.1" 200 436973
201.245.192.253 - - [18/Dec/2021:02:04:04 -0500] "POST /kwsrmcab/Wsrmcab HTTP/1.1" 200 213
216.245.221.92 - - [18/Dec/2021:02:05:22 -0500] "HEAD / HTTP/1.1" 200 -
91.242.162.83 - - [18/Dec/2021:02:05:22 -0500] "-" 408 -
66.249.65.67 - - [18/Dec/2021:02:06:02 -0500] "-" 408 -
195.54.160.149 - - [18/Dec/2021:02:08:53 -0500] "GET / HTTP/1.1" 200 319
207.46.13.113 - - [18/Dec/2021:02:08:55 -0500] "GET /BLA/resoluciones/Notificaciones/RESOLUCIONES%202021/0821.pdf HTTP/1.1" 200 406253
199.16.157.182 - - [18/Dec/2021:02:08:56 -0500] "-" 408 -
216.245.221.92 - - [18/Dec/2021:02:10:22 -0500] "HEAD / HTTP/1.1" 200 -
207.46.13.52 - - [18/Dec/2021:02:12:37 -0500] "GET /BLA/resoluciones/RESOLUCIONES%202003/1391.pdf HTTP/1.1" 200 7745894
201.245.192.253 - - [18/Dec/2021:02:14:03 -0500] "POST /kwsrmcab/Wsrmcab HTTP/1.1" 200 115862
216.245.221.92 - - [18/Dec/2021:02:15:22 -0500] "HEAD / HTTP/1.1" 200 -
66.249.65.67 - - [18/Dec/2021:02:17:14 -0500] "-" 408 -
216.245.221.92 - - [18/Dec/2021:02:20:22 -0500] "HEAD / HTTP/1.1" 200 -
40.77.167.71 - - [18/Dec/2021:02:20:41 -0500] "GET /autoliquidacion2020/index.php?dir=Calidad+del+aire+auditiva+y+visual-%2F HTTP/1.1" 200 5234
190.27.245.107 - - [18/Dec/2021:02:21:00 -0500] "GET /sipse/ HTTP/1.1" 302 -
186.29.254.185 - - [18/Dec/2021:02:21:00 -0500] "GET /sipse/faces/autenticacion.xhtml HTTP/1.1" 200 12175
186.29.254.185 - - [18/Dec/2021:02:21:01 -0500] "GET /sipse/faces/javax.faces.resource/layout/layout.css?ln=primefaces&v=4.0 HTTP/1.1" 304 -
186.29.254.185 - - [18/Dec/2021:02:21:01 -0500] "GET /sipse/faces/javax.faces.resource/theme.css?ln=primefaces-sipse HTTP/1.1" 200 50058
186.29.254.185 - - [18/Dec/2021:02:21:01 -0500] "GET /sipse/faces/javax.faces.resource/primefaces.css?ln=primefaces&v=4.0 HTTP/1.1" 200 53295
186.29.254.185 - - [18/Dec/2021:02:21:01 -0500] "GET /sipse/faces/javax.faces.resource/jquery/jquery.js?ln=primefaces&v=4.0 HTTP/1.1" 200 105384
186.29.254.185 - - [18/Dec/2021:02:21:01 -0500] "GET /sipse/faces/javax.faces.resource/layout/layout.js?ln=primefaces&v=4.0 HTTP/1.1" 200 87560
186.29.254.185 - - [18/Dec/2021:02:21:01 -0500] "GET /sipse/faces/javax.faces.resource/jquery/jquery-plugins.js?ln=primefaces&v=4.0 HTTP/1.1" 200 220526
186.29.254.185 - - [18/Dec/2021:02:21:01 -0500] "GET /sipse/faces/javax.faces.resource/primefaces.js?ln=primefaces&v=4.0 HTTP/1.1" 200 276924
186.29.254.185 - - [18/Dec/2021:02:21:01 -0500] "GET /sipse/css/imagen/logoSDG.png HTTP/1.1" 200 53064
186.29.254.185 - - [18/Dec/2021:02:21:01 -0500] "GET /sipse/faces/javax.faces.resource/images/ui-icons_898989_256x240.png?ln=primefaces-aristo HTTP/1.1" 304 -
186.29.254.185 - - [18/Dec/2021:02:21:01 -0500] "GET /sipse/css/imagen/loginimg.png HTTP/1.1" 200 71635
186.29.254.185 - - [18/Dec/2021:02:21:01 -0500] "GET /sipse/faces/index.xhtml HTTP/1.1" 200 677
186.29.254.185 - - [18/Dec/2021:02:21:02 -0500] "GET /sipse/faces/faces/autenticacion.xhtml HTTP/1.1" 200 12175
186.29.254.185 - - [18/Dec/2021:02:21:02 -0500] "GET /sipse/faces/javax.faces.resource/primefaces.css?ln=primefaces&v=4.0 HTTP/1.1" 304 -
186.29.254.185 - - [18/Dec/2021:02:21:02 -0500] "GET /sipse/faces/javax.faces.resource/layout/layout.css?ln=primefaces&v=4.0 HTTP/1.1" 304 -
186.29.254.185 - - [18/Dec/2021:02:21:02 -0500] "GET /sipse/faces/javax.faces.resource/theme.css?ln=primefaces-sipse HTTP/1.1" 304 -
186.29.254.185 - - [18/Dec/2021:02:21:02 -0500] "GET /sipse/faces/javax.faces.resource/layout/layout.js?ln=primefaces&v=4.0 HTTP/1.1" 304 -
186.29.254.185 - - [18/Dec/2021:02:21:02 -0500] "GET /sipse/faces/javax.faces.resource/jquery/jquery.js?ln=primefaces&v=4.0 HTTP/1.1" 304 -
186.29.254.185 - - [18/Dec/2021:02:21:02 -0500] "GET /sipse/faces/javax.faces.resource/jquery/jquery-plugins.js?ln=primefaces&v=4.0 HTTP/1.1" 304 -
186.29.254.185 - - [18/Dec/2021:02:21:02 -0500] "GET /sipse/faces/javax.faces.resource/primefaces.js?ln=primefaces&v=4.0 HTTP/1.1" 304 -
186.29.254.185 - - [18/Dec/2021:02:21:07 -0500] "POST /sipse/faces/autenticacion.xhtml HTTP/1.1" 200 16187
186.29.254.185 - - [18/Dec/2021:02:21:07 -0500] "GET /sipse/faces/javax.faces.resource/theme.css?ln=primefaces-sipse HTTP/1.1" 304 -
186.29.254.185 - - [18/Dec/2021:02:21:07 -0500] "GET /sipse/faces/javax.faces.resource/primefaces.css?ln=primefaces&v=4.0 HTTP/1.1" 304 -
186.29.254.185 - - [18/Dec/2021:02:21:07 -0500] "GET /sipse/faces/javax.faces.resource/layout/layout.css?ln=primefaces&v=4.0 HTTP/1.1" 304 -
186.29.254.185 - - [18/Dec/2021:02:21:07 -0500] "GET /sipse/js/jquery.min.js HTTP/1.1" 200 85582
186.29.254.185 - - [18/Dec/2021:02:21:07 -0500] "GET /sipse/faces/javax.faces.resource/jquery/jquery.js?ln=primefaces&v=4.0 HTTP/1.1" 304 -
186.29.254.185 - - [18/Dec/2021:02:21:07 -0500] "GET /sipse/faces/javax.faces.resource/jquery/jquery-plugins.js?ln=primefaces&v=4.0 HTTP/1.1" 304 -
186.29.254.185 - - [18/Dec/2021:02:21:08 -0500] "GET /sipse/faces/javax.faces.resource/primefaces.js?ln=primefaces&v=4.0 HTTP/1.1" 304 -
186.29.254.185 - - [18/Dec/2021:02:21:08 -0500] "GET /sipse/faces/javax.faces.resource/layout/layout.js?ln=primefaces&v=4.0 HTTP/1.1" 304 -
186.29.254.185 - - [18/Dec/2021:02:21:08 -0500] "GET /sipse/css/imagen/contrasena.png HTTP/1.1" 404 383
186.29.254.185 - - [18/Dec/2021:02:21:08 -0500] "GET /sipse/imagenes/cargando.gif HTTP/1.1" 200 36959
186.29.254.185 - - [18/Dec/2021:02:21:08 -0500] "GET /sipse/faces/javax.faces.resource/messages/messages.png?ln=primefaces&v=4.0 HTTP/1.1" 304 -
186.29.254.185 - - [18/Dec/2021:02:21:08 -0500] "GET /sipse/imagenes/logoAplicacion.jpg HTTP/1.1" 200 155084
186.29.254.185 - - [18/Dec/2021:02:21:12 -0500] "GET /sipse/faces/javax.faces.resource/images/ui-bg_flat_0_2d5972_40x100.png?ln=primefaces-aristo HTTP/1.1" 304 -
186.29.254.185 - - [18/Dec/2021:02:21:12 -0500] "POST /sipse/faces/bienvenido.xhtml HTTP/1.1" 200 1473
186.29.254.185 - - [18/Dec/2021:02:21:13 -0500] "POST /sipse/faces/bienvenido.xhtml HTTP/1.1" 200 9145
186.29.254.185 - - [18/Dec/2021:02:21:28 -0500] "POST /sipse/faces/bienvenido.xhtml HTTP/1.1" 200 1473
186.29.254.185 - - [18/Dec/2021:02:21:29 -0500] "POST /sipse/faces/bienvenido.xhtml HTTP/1.1" 200 37860
186.29.254.185 - - [18/Dec/2021:02:21:29 -0500] "GET /sipse/faces/javax.faces.resource/theme.css?ln=primefaces-sipse HTTP/1.1" 304 -
186.29.254.185 - - [18/Dec/2021:02:21:29 -0500] "GET /sipse/faces/javax.faces.resource/primefaces.css?ln=primefaces&v=4.0 HTTP/1.1" 304 -
186.29.254.185 - - [18/Dec/2021:02:21:29 -0500] "GET /sipse/faces/javax.faces.resource/layout/layout.css?ln=primefaces&v=4.0 HTTP/1.1" 304 -
186.29.254.185 - - [18/Dec/2021:02:21:29 -0500] "GET /sipse/faces/javax.faces.resource/jquery/jquery.js?ln=primefaces&v=4.0 HTTP/1.1" 304 -
186.29.254.185 - - [18/Dec/2021:02:21:29 -0500] "GET /sipse/faces/javax.faces.resource/jquery/jquery-plugins.js?ln=primefaces&v=4.0 HTTP/1.1" 304 -
186.29.254.185 - - [18/Dec/2021:02:21:29 -0500] "GET /sipse/faces/javax.faces.resource/primefaces.js?ln=primefaces&v=4.0 HTTP/1.1" 304 -
186.29.254.185 - - [18/Dec/2021:02:21:29 -0500] "GET /sipse/faces/javax.faces.resource/layout/layout.js?ln=primefaces&v=4.0 HTTP/1.1" 304 -
186.29.254.185 - - [18/Dec/2021:02:21:41 -0500] "POST /sipse/faces/presentacion/financiero/solicitudProceso/consultar.xhtml HTTP/1.1" 200 12807
186.29.254.185 - - [18/Dec/2021:02:21:51 -0500] "GET /sipse/faces/javax.faces.resource/images/ui-icons_898989_256x240.png?ln=primefaces-aristo HTTP/1.1" 304 -
186.29.254.185 - - [18/Dec/2021:02:21:51 -0500] "POST /sipse/faces/presentacion/financiero/solicitudProceso/consultar.xhtml HTTP/1.1" 200 124178
186.29.254.185 - - [18/Dec/2021:02:21:52 -0500] "GET /sipse/faces/javax.faces.resource/theme.css?ln=primefaces-sipse HTTP/1.1" 304 -
186.29.254.185 - - [18/Dec/2021:02:21:52 -0500] "GET /sipse/faces/javax.faces.resource/primefaces.css?ln=primefaces&v=4.0 HTTP/1.1" 304 -
186.29.254.185 - - [18/Dec/2021:02:21:52 -0500] "GET /sipse/faces/javax.faces.resource/layout/layout.css?ln=primefaces&v=4.0 HTTP/1.1" 304 -
186.29.254.185 - - [18/Dec/2021:02:21:52 -0500] "GET /sipse/faces/javax.faces.resource/jquery/jquery.js?ln=primefaces&v=4.0 HTTP/1.1" 304 -
186.29.254.185 - - [18/Dec/2021:02:21:52 -0500] "GET /sipse/faces/javax.faces.resource/jquery/jquery-plugins.js?ln=primefaces&v=4.0 HTTP/1.1" 304 -
186.29.254.185 - - [18/Dec/2021:02:21:52 -0500] "GET /sipse/faces/javax.faces.resource/primefaces.js?ln=primefaces&v=4.0 HTTP/1.1" 304 -
186.29.254.185 - - [18/Dec/2021:02:21:52 -0500] "GET /sipse/faces/javax.faces.resource/layout/layout.js?ln=primefaces&v=4.0 HTTP/1.1" 304 -
186.29.254.185 - - [18/Dec/2021:02:22:21 -0500] "POST /sipse/faces/presentacion/financiero/solicitudProceso/consultarSolicitudProceso.xhtml HTTP/1.1" 200 47920
186.29.254.185 - - [18/Dec/2021:02:22:22 -0500] "GET /sipse/faces/javax.faces.resource/primefaces.css?ln=primefaces&v=4.0 HTTP/1.1" 304 -
186.29.254.185 - - [18/Dec/2021:02:22:22 -0500] "GET /sipse/faces/javax.faces.resource/layout/layout.css?ln=primefaces&v=4.0 HTTP/1.1" 304 -
186.29.254.185 - - [18/Dec/2021:02:22:22 -0500] "GET /sipse/faces/javax.faces.resource/primefaces.js?ln=primefaces&v=4.0 HTTP/1.1" 304 -
186.29.254.185 - - [18/Dec/2021:02:22:22 -0500] "GET /sipse/faces/javax.faces.resource/jquery/jquery-plugins.js?ln=primefaces&v=4.0 HTTP/1.1" 304 -
186.29.254.185 - - [18/Dec/2021:02:22:22 -0500] "GET /sipse/faces/javax.faces.resource/jquery/jquery.js?ln=primefaces&v=4.0 HTTP/1.1" 304 -
186.29.254.185 - - [18/Dec/2021:02:22:22 -0500] "GET /sipse/faces/javax.faces.resource/layout/layout.js?ln=primefaces&v=4.0 HTTP/1.1" 304 -
186.29.254.185 - - [18/Dec/2021:02:22:22 -0500] "GET /sipse/faces/javax.faces.resource/theme.css?ln=primefaces-sipse HTTP/1.1" 304 -
201.245.192.253 - - [18/Dec/2021:02:22:46 -0500] "GET /kwsrmcab/Wsrmcab?wsdl HTTP/1.1" 200 6948
201.245.192.253 - - [18/Dec/2021:02:22:46 -0500] "POST /kwsrmcab/Wsrmcab HTTP/1.1" 200 45144
66.249.65.67 - - [18/Dec/2021:02:23:46 -0500] "-" 408 -
201.245.192.253 - - [18/Dec/2021:02:23:35 -0500] "POST /kwsrmcab/Wsrmcab HTTP/1.1" 200 45634
205.169.39.111 - - [18/Dec/2021:02:25:14 -0500] "GET /galeria/galeria/jquery.fancybox.js?v=2.1.5 HTTP/1.1" 200 48706
216.245.221.92 - - [18/Dec/2021:02:25:22 -0500] "HEAD / HTTP/1.1" 200 -
20.36.244.102 - - [18/Dec/2021:02:29:17 -0500] "GET /noticias/rssambiente.php HTTP/1.1" 406 -
66.249.65.67 - - [18/Dec/2021:02:29:38 -0500] "-" 408 -
216.245.221.92 - - [18/Dec/2021:02:30:22 -0500] "HEAD / HTTP/1.1" 200 -
201.245.192.253 - - [18/Dec/2021:02:32:46 -0500] "POST /kwsrmcab/Wsrmcab HTTP/1.1" 200 45144
201.245.192.253 - - [18/Dec/2021:02:33:34 -0500] "POST /kwsrmcab/Wsrmcab HTTP/1.1" 200 45634
207.46.13.113 - - [18/Dec/2021:02:34:58 -0500] "GET /bla/resoluciones/resoluciones%202021/3595.pdf HTTP/1.1" 200 656845
157.55.39.111 - - [18/Dec/2021:02:35:05 -0500] "GET /bla/resoluciones/resoluciones%202021/1825.pdf HTTP/1.1" 200 417310
216.245.221.92 - - [18/Dec/2021:02:35:22 -0500] "HEAD / HTTP/1.1" 200 -
66.249.65.67 - - [18/Dec/2021:02:35:25 -0500] "-" 408 -
216.245.221.92 - - [18/Dec/2021:02:40:22 -0500] "HEAD / HTTP/1.1" 200 -
66.249.65.67 - - [18/Dec/2021:02:42:26 -0500] "-" 408 -
123.125.109.215 - - [18/Dec/2021:02:43:12 -0500] "GET / HTTP/1.1" 200 319
201.245.192.253 - - [18/Dec/2021:02:42:46 -0500] "POST /kwsrmcab/Wsrmcab HTTP/1.1" 200 45144
201.245.192.253 - - [18/Dec/2021:02:43:30 -0500] "POST /kwsrmcab/Wsrmcab HTTP/1.1" 200 45634
201.245.192.253 - - [18/Dec/2021:02:44:04 -0500] "POST /kwsrmcab/Wsrmcab HTTP/1.1" 200 115862
216.245.221.92 - - [18/Dec/2021:02:45:22 -0500] "HEAD / HTTP/1.1" 200 -
216.245.221.92 - - [18/Dec/2021:02:50:22 -0500] "HEAD / HTTP/1.1" 200 -
199.16.157.183 - - [18/Dec/2021:02:52:39 -0500] "GET /documents/10184/2325415/pieza-concurso-buenas-practicas-20-septiembre.jpg HTTP/1.1" 404 1030
34.91.19.231 - - [18/Dec/2021:02:53:02 -0500] "GET / HTTP/1.1" 200 319
201.245.192.253 - - [18/Dec/2021:02:54:04 -0500] "POST /kwsrmcab/Wsrmcab HTTP/1.1" 200 115862
216.245.221.92 - - [18/Dec/2021:02:55:22 -0500] "HEAD / HTTP/1.1" 200 -
66.249.65.67 - - [18/Dec/2021:02:56:19 -0500] "-" 408 -
207.46.13.52 - - [18/Dec/2021:02:58:20 -0500] "GET /BLA/resoluciones/Notificaciones/AUTOS%202017/02148.doc HTTP/1.1" 200 419661
207.46.13.52 - - [18/Dec/2021:02:58:29 -0500] "GET /BLA/resoluciones/RESOLUCIONES%202013/1235.pdf HTTP/1.1" 200 859542
216.245.221.92 - - [18/Dec/2021:03:00:22 -0500] "HEAD / HTTP/1.1" 200 -
66.249.65.67 - - [18/Dec/2021:03:03:22 -0500] "-" 408 -
201.245.192.253 - - [18/Dec/2021:03:04:05 -0500] "POST /kwsrmcab/Wsrmcab HTTP/1.1" 200 213
216.245.221.92 - - [18/Dec/2021:03:05:22 -0500] "HEAD / HTTP/1.1" 200 -
40.77.167.98 - - [18/Dec/2021:03:07:50 -0500] "-" 408 -
66.249.65.67 - - [18/Dec/2021:03:09:40 -0500] "-" 408 -
216.245.221.92 - - [18/Dec/2021:03:10:22 -0500] "HEAD / HTTP/1.1" 200 -
157.55.39.111 - - [18/Dec/2021:03:11:57 -0500] "GET /BLA/resoluciones/RESOLUCIONES%202013/0900.pdf HTTP/1.1" 200 236565
120.229.145.215 - - [18/Dec/2021:03:13:24 -0500] "GET /portaldeninos/wp-content/uploads/2018/10/oso.jpg HTTP/1.1" 200 305180
201.245.192.253 - - [18/Dec/2021:03:14:04 -0500] "POST /kwsrmcab/Wsrmcab HTTP/1.1" 200 115857
216.245.221.92 - - [18/Dec/2021:03:15:22 -0500] "HEAD / HTTP/1.1" 200 -
66.249.65.67 - - [18/Dec/2021:03:15:59 -0500] "-" 408 -
157.55.39.106 - - [18/Dec/2021:03:19:12 -0500] "GET /bla/resoluciones/resoluciones%202021/3833.pdf HTTP/1.1" 200 463290
216.245.221.92 - - [18/Dec/2021:03:20:21 -0500] "HEAD / HTTP/1.1" 200 -
66.249.65.67 - - [18/Dec/2021:03:23:01 -0500] "-" 408 -
201.245.192.253 - - [18/Dec/2021:03:22:46 -0500] "POST /kwsrmcab/Wsrmcab HTTP/1.1" 200 44996
201.245.192.253 - - [18/Dec/2021:03:23:35 -0500] "POST /kwsrmcab/Wsrmcab HTTP/1.1" 200 45629
207.46.13.52 - - [18/Dec/2021:03:24:51 -0500] "GET /BLA/resoluciones/Notificaciones/RESOLUCIONES%202021/2211.pdf HTTP/1.1" 200 347141
201.245.192.253 - - [18/Dec/2021:03:24:04 -0500] "POST /kwsrmcab/Wsrmcab HTTP/1.1" 200 115857
23.183.83.195 - - [18/Dec/2021:03:25:13 -0500] "GET /?90326 HTTP/1.1" 200 319
216.245.221.92 - - [18/Dec/2021:03:25:21 -0500] "HEAD / HTTP/1.1" 200 -
157.55.39.111 - - [18/Dec/2021:03:26:02 -0500] "GET /BLA/resoluciones/Notificaciones/AUTOS%202017/00541.doc HTTP/1.1" 200 1264361
157.55.39.106 - - [18/Dec/2021:03:26:13 -0500] "GET /bla/resoluciones/autos%202021/5323.pdf HTTP/1.1" 200 583888
190.25.105.1 - - [18/Dec/2021:03:28:50 -0500] "GET /galeria/galeria/jquery.fancybox.css?v=2.1.5 HTTP/1.1" 200 4895
66.249.65.67 - - [18/Dec/2021:03:29:48 -0500] "-" 408 -
216.245.221.92 - - [18/Dec/2021:03:30:21 -0500] "HEAD / HTTP/1.1" 200 -
157.55.39.111 - - [18/Dec/2021:03:31:30 -0500] "GET /bla/resoluciones/autos%202021/4837.pdf HTTP/1.1" 200 345665
201.245.192.253 - - [18/Dec/2021:03:32:46 -0500] "POST /kwsrmcab/Wsrmcab HTTP/1.1" 200 44996
201.245.192.253 - - [18/Dec/2021:03:33:34 -0500] "POST /kwsrmcab/Wsrmcab HTTP/1.1" 200 45629
207.46.13.53 - - [18/Dec/2021:03:34:30 -0500] "GET /portaldeninos/2021/06/06/ciudadanos-disfrutaron-del-tunel-ambiental-en-el-parque-de-los-novios/feed/ HTTP/1.1" 200 1011
201.245.192.253 - - [18/Dec/2021:03:34:05 -0500] "POST /kwsrmcab/Wsrmcab HTTP/1.1" 200 115857
216.245.221.92 - - [18/Dec/2021:03:35:21 -0500] "HEAD / HTTP/1.1" 200 -
66.249.65.67 - - [18/Dec/2021:03:36:16 -0500] "-" 408 -
207.46.13.126 - - [18/Dec/2021:03:40:00 -0500] "GET /portaldeninos/2021/06/16/en-el-festival-de-la-colombiodiversidad-se-resalto-la-importancia-de-las-aves-bogotanas/feed/ HTTP/1.1" 200 1065
216.245.221.92 - - [18/Dec/2021:03:40:21 -0500] "HEAD / HTTP/1.1" 200 -
167.99.248.33 - - [18/Dec/2021:03:40:25 -0500] "GET / HTTP/1.1" 200 319
201.245.192.253 - - [18/Dec/2021:03:42:46 -0500] "POST /kwsrmcab/Wsrmcab HTTP/1.1" 200 44996
201.245.192.253 - - [18/Dec/2021:03:43:36 -0500] "POST /kwsrmcab/Wsrmcab HTTP/1.1" 200 45629
66.249.65.67 - - [18/Dec/2021:03:44:43 -0500] "-" 408 -
201.245.192.253 - - [18/Dec/2021:03:44:03 -0500] "POST /kwsrmcab/Wsrmcab HTTP/1.1" 200 115857
216.245.221.92 - - [18/Dec/2021:03:45:21 -0500] "HEAD / HTTP/1.1" 200 -
157.55.39.111 - - [18/Dec/2021:03:48:55 -0500] "GET /BLA/resoluciones/RESOLUCIONES%202013/1044.pdf HTTP/1.1" 200 1043234
157.55.39.106 - - [18/Dec/2021:03:50:05 -0500] "GET /BLA/resoluciones/Notificaciones/AUTOS%202017/04139.pdf HTTP/1.1" 200 1180099
216.245.221.92 - - [18/Dec/2021:03:50:22 -0500] "HEAD / HTTP/1.1" 200 -
207.46.13.52 - - [18/Dec/2021:03:50:24 -0500] "GET /BLA/resoluciones/RESOLUCIONES%202013/2044.pdf HTTP/1.1" 200 1679782
66.249.65.67 - - [18/Dec/2021:03:50:35 -0500] "-" 408 -
157.55.39.111 - - [18/Dec/2021:03:51:03 -0500] "GET /BLA/resoluciones/index.php?dir=RESOLUCIONES+2021%2F HTTP/1.1" 200 195754
157.55.39.91 - - [18/Dec/2021:03:54:27 -0500] "GET /BLA/resoluciones/RESOLUCIONES%202013/2809.pdf HTTP/1.1" 200 784241
207.46.13.52 - - [18/Dec/2021:03:54:46 -0500] "GET /bla/resoluciones/autos%202021/5320.pdf HTTP/1.1" 200 478559
201.245.192.253 - - [18/Dec/2021:03:54:03 -0500] "POST /kwsrmcab/Wsrmcab HTTP/1.1" 200 115857
216.245.221.92 - - [18/Dec/2021:03:55:21 -0500] "HEAD / HTTP/1.1" 200 -
66.249.65.67 - - [18/Dec/2021:03:57:47 -0500] "-" 408 -
35.204.235.189 - - [18/Dec/2021:03:58:42 -0500] "GET / HTTP/1.1" 200 319
157.55.39.111 - - [18/Dec/2021:03:59:33 -0500] "GET /bla/resoluciones/autos%202021/4150.pdf HTTP/1.1" 200 352508
157.55.39.91 - - [18/Dec/2021:03:59:49 -0500] "GET /bla/resoluciones/resoluciones%202021/1815.pdf HTTP/1.1" 200 306101
216.245.221.92 - - [18/Dec/2021:04:00:21 -0500] "HEAD / HTTP/1.1" 200 -
40.77.167.82 - - [18/Dec/2021:04:02:17 -0500] "GET /portaldeninos/humedal-torca-y-guaymaral-2/ HTTP/1.1" 200 81102
66.249.65.67 - - [18/Dec/2021:04:03:35 -0500] "-" 408 -
201.245.192.253 - - [18/Dec/2021:04:04:05 -0500] "POST /kwsrmcab/Wsrmcab HTTP/1.1" 200 213
216.245.221.92 - - [18/Dec/2021:04:05:21 -0500] "HEAD / HTTP/1.1" 200 -
36.138.125.108 - - [18/Dec/2021:04:06:37 -0500] "-" 408 -
36.138.125.108 - - [18/Dec/2021:04:06:38 -0500] "-" 408 -
36.138.125.108 - - [18/Dec/2021:04:06:39 -0500] "-" 408 -
157.55.39.111 - - [18/Dec/2021:04:08:43 -0500] "GET /bla/resoluciones/autos%202021/4134.pdf HTTP/1.1" 200 645709
66.249.65.67 - - [18/Dec/2021:04:09:28 -0500] "-" 408 -
216.245.221.92 - - [18/Dec/2021:04:10:21 -0500] "HEAD / HTTP/1.1" 200 -
157.55.39.106 - - [18/Dec/2021:04:12:26 -0500] "GET /galeria/galeria/fotos/mirador2G.jpg HTTP/1.1" 200 115084
216.245.221.92 - - [18/Dec/2021:04:15:21 -0500] "HEAD / HTTP/1.1" 200 -
66.249.65.67 - - [18/Dec/2021:04:15:49 -0500] "-" 408 -
34.140.248.32 - - [18/Dec/2021:04:18:02 -0500] "GET / HTTP/1.1" 200 319
216.245.221.92 - - [18/Dec/2021:04:20:21 -0500] "HEAD / HTTP/1.1" 200 -
66.249.65.67 - - [18/Dec/2021:04:21:52 -0500] "-" 408 -
173.252.107.24 - - [18/Dec/2021:04:22:02 -0500] "GET /images/residuos-construccion-demolicion-control-bogota.jpeg HTTP/1.1" 200 79264
40.77.167.71 - - [18/Dec/2021:04:23:29 -0500] "GET /bla/resoluciones/resoluciones%202021/4121.pdf HTTP/1.1" 200 479912
201.245.192.253 - - [18/Dec/2021:04:22:46 -0500] "POST /kwsrmcab/Wsrmcab HTTP/1.1" 200 45153
201.245.192.253 - - [18/Dec/2021:04:23:34 -0500] "POST /kwsrmcab/Wsrmcab HTTP/1.1" 200 45633
40.77.167.71 - - [18/Dec/2021:04:24:31 -0500] "GET /bla/resoluciones/resoluciones%202021/3807.pdf HTTP/1.1" 200 426113
216.245.221.92 - - [18/Dec/2021:04:25:21 -0500] "HEAD / HTTP/1.1" 200 -
23.183.83.32 - - [18/Dec/2021:04:27:10 -0500] "GET /mainPage.html?18368 HTTP/1.1" 404 1024
66.249.65.67 - - [18/Dec/2021:04:28:22 -0500] "-" 408 -
207.46.13.52 - - [18/Dec/2021:04:29:29 -0500] "GET /BLA/resoluciones/Notificaciones/AUTOS%202017/04478.pdf HTTP/1.1" 200 260455
207.46.13.52 - - [18/Dec/2021:04:29:47 -0500] "GET /BLA/resoluciones/Notificaciones/AUTOS%202017/02880.pdf HTTP/1.1" 200 312746
186.84.21.12 - - [18/Dec/2021:04:29:54 -0500] "GET /sipse/faces/javax.faces.resource/theme.css?ln=primefaces-sipse HTTP/1.1" 304 -
186.84.21.12 - - [18/Dec/2021:04:29:56 -0500] "GET /sipse/faces/faces/autenticacion.xhtml HTTP/1.1" 200 12175
186.84.21.12 - - [18/Dec/2021:04:29:57 -0500] "GET /sipse/js/disable_browser_buttons.js HTTP/1.1" 304 -
186.84.21.12 - - [18/Dec/2021:04:29:57 -0500] "GET /sipse/js/funciones.js HTTP/1.1" 304 -
186.84.21.12 - - [18/Dec/2021:04:29:58 -0500] "GET /sipse/css/custom_css_sg.css HTTP/1.1" 304 -
186.84.21.12 - - [18/Dec/2021:04:29:58 -0500] "GET /sipse/faces/javax.faces.resource/theme.css?ln=primefaces-sipse HTTP/1.1" 304 -
186.84.21.12 - - [18/Dec/2021:04:29:58 -0500] "GET /sipse/faces/javax.faces.resource/primefaces.css?ln=primefaces&v=4.0 HTTP/1.1" 304 -
186.84.21.12 - - [18/Dec/2021:04:29:58 -0500] "GET /sipse/faces/javax.faces.resource/layout/layout.css?ln=primefaces&v=4.0 HTTP/1.1" 304 -
186.84.21.12 - - [18/Dec/2021:04:29:58 -0500] "GET /sipse/css/custom_css_sg_prime_login.css HTTP/1.1" 304 -
186.84.21.12 - - [18/Dec/2021:04:29:58 -0500] "GET /sipse/faces/javax.faces.resource/jquery/jquery.js?ln=primefaces&v=4.0 HTTP/1.1" 304 -
186.84.21.12 - - [18/Dec/2021:04:29:58 -0500] "GET /sipse/faces/javax.faces.resource/jquery/jquery-plugins.js?ln=primefaces&v=4.0 HTTP/1.1" 304 -
186.84.21.12 - - [18/Dec/2021:04:29:58 -0500] "GET /sipse/faces/javax.faces.resource/primefaces.js?ln=primefaces&v=4.0 HTTP/1.1" 304 -
186.84.21.12 - - [18/Dec/2021:04:29:59 -0500] "GET /sipse/faces/javax.faces.resource/layout/layout.js?ln=primefaces&v=4.0 HTTP/1.1" 304 -
216.245.221.92 - - [18/Dec/2021:04:30:21 -0500] "HEAD / HTTP/1.1" 200 -
186.84.21.12 - - [18/Dec/2021:04:30:25 -0500] "GET /sipse/css/imagen/logoSDG.png HTTP/1.1" 304 -
186.84.21.12 - - [18/Dec/2021:04:30:25 -0500] "GET /sipse/css/imagen/loginimg.png HTTP/1.1" 304 -
186.84.21.12 - - [18/Dec/2021:04:30:26 -0500] "GET /sipse/faces/javax.faces.resource/images/ui-icons_898989_256x240.png?ln=primefaces-aristo HTTP/1.1" 304 -
207.46.13.113 - - [18/Dec/2021:04:33:31 -0500] "GET /BLA/resoluciones/RESOLUCIONES%202013/2797.pdf HTTP/1.1" 200 652195
201.245.192.253 - - [18/Dec/2021:04:32:45 -0500] "POST /kwsrmcab/Wsrmcab HTTP/1.1" 200 45153
201.245.192.253 - - [18/Dec/2021:04:33:35 -0500] "POST /kwsrmcab/Wsrmcab HTTP/1.1" 200 45633
216.245.221.92 - - [18/Dec/2021:04:35:21 -0500] "HEAD / HTTP/1.1" 200 -
207.46.13.113 - - [18/Dec/2021:04:35:31 -0500] "GET /BLA/resoluciones/RESOLUCIONES%202013/1173.pdf HTTP/1.1" 200 299078
195.54.160.149 - - [18/Dec/2021:04:36:08 -0500] "-" 408 -
66.249.65.69 - - [18/Dec/2021:04:36:10 -0500] "-" 408 -
157.55.39.111 - - [18/Dec/2021:04:39:08 -0500] "GET /BLA/resoluciones/Notificaciones/AUTOS%202017/00433.pdf HTTP/1.1" 200 344885
216.245.221.92 - - [18/Dec/2021:04:40:21 -0500] "HEAD / HTTP/1.1" 200 -
207.46.13.52 - - [18/Dec/2021:04:40:29 -0500] "GET /BLA/resoluciones/Notificaciones/RESOLUCIONES%202021/3461.pdf HTTP/1.1" 200 463115
66.249.65.67 - - [18/Dec/2021:04:41:58 -0500] "-" 408 -
207.46.13.218 - - [18/Dec/2021:04:43:24 -0500] "GET /portaldeninos/2021/06/11/festival-de-la-colombiodiversidad-resalta-la-importancia-de-la-tingua-en-su-paso-migratorio-por-bogota-2/feed/ HTTP/1.1" 200 1114
201.245.192.253 - - [18/Dec/2021:04:42:45 -0500] "POST /kwsrmcab/Wsrmcab HTTP/1.1" 200 45153
201.245.192.253 - - [18/Dec/2021:04:43:34 -0500] "POST /kwsrmcab/Wsrmcab HTTP/1.1" 200 45633
69.63.189.120 - - [18/Dec/2021:04:44:44 -0500] "GET /images/PIGA1.jpeg HTTP/1.1" 200 167676
173.252.107.23 - - [18/Dec/2021:04:44:45 -0500] "GET /images/pieza-grafica-actividades-navidad-13-diciembre.jpg HTTP/1.1" 200 46733
201.245.192.253 - - [18/Dec/2021:04:44:03 -0500] "POST /kwsrmcab/Wsrmcab HTTP/1.1" 200 115861
69.171.251.16 - - [18/Dec/2021:04:44:53 -0500] "GET /images/reserva-thomas-van-charla-25-noviembre.jpg HTTP/1.1" 200 110800
173.252.107.10 - - [18/Dec/2021:04:44:53 -0500] "GET /images/musgo-planta-flora-bogota-27-noviembre.jpg HTTP/1.1" 200 65902
69.63.189.13 - - [18/Dec/2021:04:44:57 -0500] "GET /images/pieza-mujeres-reverdecen-falso.jpg HTTP/1.1" 200 132707
216.245.221.92 - - [18/Dec/2021:04:45:21 -0500] "HEAD / HTTP/1.1" 200 -
66.249.65.67 - - [18/Dec/2021:04:48:21 -0500] "-" 408 -
207.46.13.52 - - [18/Dec/2021:04:48:51 -0500] "GET /BLA/resoluciones/RESOLUCIONES%202004/0387.pdf HTTP/1.1" 200 71665
89.187.175.242 - - [18/Dec/2021:04:49:29 -0500] "GET /wp-login.php HTTP/1.1" 404 1018
216.245.221.92 - - [18/Dec/2021:04:50:21 -0500] "HEAD / HTTP/1.1" 200 -
207.46.13.126 - - [18/Dec/2021:04:51:46 -0500] "GET /portaldeninos/2021/07/01/en-fotos-conoce-algunos-de-los-lugares-mas-biodiversos-de-bogota/feed/ HTTP/1.1" 200 998
66.249.65.67 - - [18/Dec/2021:04:54:05 -0500] "-" 408 -
201.245.192.253 - - [18/Dec/2021:04:54:03 -0500] "POST /kwsrmcab/Wsrmcab HTTP/1.1" 200 115861
216.245.221.92 - - [18/Dec/2021:04:55:21 -0500] "HEAD / HTTP/1.1" 200 -
216.245.221.92 - - [18/Dec/2021:05:00:21 -0500] "HEAD / HTTP/1.1" 200 -
66.249.65.67 - - [18/Dec/2021:05:01:47 -0500] "-" 408 -
201.245.192.253 - - [18/Dec/2021:05:04:04 -0500] "POST /kwsrmcab/Wsrmcab HTTP/1.1" 200 213
216.245.221.92 - - [18/Dec/2021:05:05:21 -0500] "HEAD / HTTP/1.1" 200 -
34.90.242.253 - - [18/Dec/2021:05:05:26 -0500] "GET / HTTP/1.1" 200 319
66.249.65.67 - - [18/Dec/2021:05:07:48 -0500] "-" 408 -
216.245.221.92 - - [18/Dec/2021:05:10:21 -0500] "HEAD / HTTP/1.1" 200 -
207.46.13.113 - - [18/Dec/2021:05:10:43 -0500] "GET /BLA/resoluciones/RESOLUCIONES%202004/0834.pdf HTTP/1.1" 200 176660
209.141.50.223 - - [18/Dec/2021:05:11:00 -0500] "GET /config/getuser?index=0 HTTP/1.1" 404 1018
173.231.60.194 - - [18/Dec/2021:05:13:22 -0500] "GET /BLA/resoluciones/index.php?dir=RESOLUCIONES%202004%2FRES%202004%201001-1050%2F&sort=date&order=asc HTTP/1.1" 200 12169
173.231.60.194 - - [18/Dec/2021:05:13:28 -0500] "GET /BLA/resoluciones/index.php?dir=RESOLUCIONES%202004%2FRES%202004%201001-1050%2F&sort=size&order=asc HTTP/1.1" 200 12169
173.231.60.194 - - [18/Dec/2021:05:13:34 -0500] "GET /BLA/resoluciones/index.php?dir=RESOLUCIONES%202004%2FRES%202004%201051-1100%2F&sort=date&order=asc HTTP/1.1" 200 12164
173.231.60.194 - - [18/Dec/2021:05:13:39 -0500] "GET /BLA/resoluciones/index.php?dir=RESOLUCIONES%202004%2FRES%202004%201051-1100%2F&sort=size&order=asc HTTP/1.1" 200 12164
173.231.60.194 - - [18/Dec/2021:05:13:45 -0500] "GET /BLA/resoluciones/index.php?dir=RESOLUCIONES%202004%2FRES%202004%201101-1150%2F&sort=date&order=asc HTTP/1.1" 200 12172
173.231.60.194 - - [18/Dec/2021:05:13:51 -0500] "GET /BLA/resoluciones/index.php?dir=RESOLUCIONES%202004%2FRES%202004%201101-1150%2F&sort=size&order=asc HTTP/1.1" 200 12172
173.231.60.194 - - [18/Dec/2021:05:13:57 -0500] "GET /BLA/resoluciones/index.php?dir=RESOLUCIONES%202004%2FRES%202004%201151-1200%2F&sort=date&order=asc HTTP/1.1" 200 12176
173.231.60.194 - - [18/Dec/2021:05:14:03 -0500] "GET /BLA/resoluciones/index.php?dir=RESOLUCIONES%202004%2FRES%202004%201151-1200%2F&sort=size&order=asc HTTP/1.1" 200 12176
173.231.60.194 - - [18/Dec/2021:05:14:09 -0500] "GET /BLA/resoluciones/index.php?dir=RESOLUCIONES%202004%2FRES%202004%201201-1250%2F&sort=date&order=asc HTTP/1.1" 200 12361
173.231.60.194 - - [18/Dec/2021:05:14:15 -0500] "GET /BLA/resoluciones/index.php?dir=RESOLUCIONES%202004%2FRES%202004%201201-1250%2F&sort=size&order=asc HTTP/1.1" 200 12361
173.231.60.194 - - [18/Dec/2021:05:14:21 -0500] "GET /BLA/resoluciones/index.php?dir=RESOLUCIONES%202004%2FRES%202004%201251-1300%2F&sort=date&order=asc HTTP/1.1" 200 12352
173.231.60.194 - - [18/Dec/2021:05:14:27 -0500] "GET /BLA/resoluciones/index.php?dir=RESOLUCIONES%202004%2FRES%202004%201251-1300%2F&sort=size&order=asc HTTP/1.1" 200 12352
173.231.60.194 - - [18/Dec/2021:05:14:33 -0500] "GET /BLA/resoluciones/index.php?dir=RESOLUCIONES%202004%2FRES%202004%201301-1350%2F&sort=date&order=asc HTTP/1.1" 200 12341
66.249.65.67 - - [18/Dec/2021:05:14:35 -0500] "-" 408 -
173.231.60.194 - - [18/Dec/2021:05:14:39 -0500] "GET /BLA/resoluciones/index.php?dir=RESOLUCIONES%202004%2FRES%202004%201301-1350%2F&sort=size&order=asc HTTP/1.1" 200 12341
173.231.60.194 - - [18/Dec/2021:05:14:45 -0500] "GET /BLA/resoluciones/index.php?dir=RESOLUCIONES%202004%2FRES%202004%201351-1400%2F&sort=date&order=asc HTTP/1.1" 200 12359
173.231.60.194 - - [18/Dec/2021:05:14:51 -0500] "GET /BLA/resoluciones/index.php?dir=RESOLUCIONES%202004%2FRES%202004%201351-1400%2F&sort=size&order=asc HTTP/1.1" 200 12359
173.231.60.194 - - [18/Dec/2021:05:14:57 -0500] "GET /BLA/resoluciones/index.php?dir=RESOLUCIONES%202004%2FRES%202004%201401-1450%2F&sort=date&order=asc HTTP/1.1" 200 12371
173.231.60.194 - - [18/Dec/2021:05:15:02 -0500] "GET /BLA/resoluciones/index.php?dir=RESOLUCIONES%202004%2FRES%202004%201401-1450%2F&sort=size&order=asc HTTP/1.1" 200 12371
173.231.60.194 - - [18/Dec/2021:05:15:09 -0500] "GET /BLA/resoluciones/index.php?dir=RESOLUCIONES%202004%2FRES%202004%201451-1500%2F&sort=date&order=asc HTTP/1.1" 200 12353
173.231.60.194 - - [18/Dec/2021:05:15:14 -0500] "GET /BLA/resoluciones/index.php?dir=RESOLUCIONES%202004%2FRES%202004%201451-1500%2F&sort=size&order=asc HTTP/1.1" 200 12353
173.231.60.194 - - [18/Dec/2021:05:15:20 -0500] "GET /BLA/resoluciones/index.php?dir=RESOLUCIONES%202004%2FRES%202004%201501-1550%2F&sort=date&order=asc HTTP/1.1" 200 12358
216.245.221.92 - - [18/Dec/2021:05:15:21 -0500] "HEAD / HTTP/1.1" 200 -
173.231.60.194 - - [18/Dec/2021:05:15:25 -0500] "GET /BLA/resoluciones/index.php?dir=RESOLUCIONES%202004%2FRES%202004%201501-1550%2F&sort=size&order=asc HTTP/1.1" 200 12358
173.231.60.194 - - [18/Dec/2021:05:15:31 -0500] "GET /BLA/resoluciones/index.php?dir=RESOLUCIONES%202004%2FRES%202004%201551-1600%2F&sort=date&order=asc HTTP/1.1" 200 12345
173.231.60.194 - - [18/Dec/2021:05:15:37 -0500] "GET /BLA/resoluciones/index.php?dir=RESOLUCIONES%202004%2FRES%202004%201551-1600%2F&sort=size&order=asc HTTP/1.1" 200 12345
173.231.60.194 - - [18/Dec/2021:05:15:43 -0500] "GET /BLA/resoluciones/index.php?dir=RESOLUCIONES%202004%2FRES%202004%201601-1650%2F&sort=date&order=asc HTTP/1.1" 200 12359
173.231.60.194 - - [18/Dec/2021:05:15:49 -0500] "GET /BLA/resoluciones/index.php?dir=RESOLUCIONES%202004%2FRES%202004%201601-1650%2F&sort=size&order=asc HTTP/1.1" 200 12359
173.231.60.194 - - [18/Dec/2021:05:15:54 -0500] "GET /BLA/resoluciones/index.php?dir=RESOLUCIONES%202004%2FRES%202004%20951-1000%2F&sort=name&order=desc HTTP/1.1" 200 12100
173.231.60.194 - - [18/Dec/2021:05:16:01 -0500] "GET /BLA/resoluciones/index.php?dir=RESOLUCIONES%202005%2FRES%202005%20951-1000%2F&sort=name&order=desc HTTP/1.1" 200 12303
173.231.60.194 - - [18/Dec/2021:05:16:07 -0500] "GET /BLA/resoluciones/index.php?dir=RESOLUCIONES%202006%2FRES%202006%20951-1000%2F&sort=name&order=desc HTTP/1.1" 200 12307
173.231.60.194 - - [18/Dec/2021:05:16:12 -0500] "GET /BLA/resoluciones/index.php?dir=RESOLUCIONES%202007%2FRES%202007%201%20AL%20100%2F&sort=name&order=desc HTTP/1.1" 200 26174
173.231.60.194 - - [18/Dec/2021:05:16:19 -0500] "GET /BLA/resoluciones/index.php?dir=RESOLUCIONES%202002%2FRES%202002%201001-1050%2F&sort=name&order=desc HTTP/1.1" 200 12609
173.231.60.194 - - [18/Dec/2021:05:16:24 -0500] "GET /BLA/resoluciones/index.php?dir=RESOLUCIONES%202002%2FRES%202002%201051-1100%2F&sort=name&order=desc HTTP/1.1" 200 12142
173.231.60.194 - - [18/Dec/2021:05:16:30 -0500] "GET /BLA/resoluciones/index.php?dir=RESOLUCIONES%202002%2FRES%202002%201101-1150%2F&sort=name&order=desc HTTP/1.1" 200 12346
173.231.60.194 - - [18/Dec/2021:05:16:36 -0500] "GET /BLA/resoluciones/index.php?dir=RESOLUCIONES%202002%2FRES%202002%201151-1200%2F&sort=name&order=desc HTTP/1.1" 200 12143
173.231.60.194 - - [18/Dec/2021:05:16:41 -0500] "GET /BLA/resoluciones/index.php?dir=RESOLUCIONES%202002%2FRES%202002%201201-1250%2F&sort=name&order=desc HTTP/1.1" 200 12150
173.231.60.194 - - [18/Dec/2021:05:16:48 -0500] "GET /BLA/resoluciones/index.php?dir=RESOLUCIONES%202002%2FRES%202002%201251-1301%2F&sort=name&order=desc HTTP/1.1" 200 12147
91.242.162.79 - - [18/Dec/2021:05:16:51 -0500] "GET /catalogoisis/ HTTP/1.1" 404 211
173.231.60.194 - - [18/Dec/2021:05:16:54 -0500] "GET /BLA/resoluciones/index.php?dir=RESOLUCIONES%202002%2FRES%202002%201301-1350%2F&sort=name&order=desc HTTP/1.1" 200 12633
173.231.60.194 - - [18/Dec/2021:05:17:01 -0500] "GET /BLA/resoluciones/index.php?dir=RESOLUCIONES%202002%2FRES%202002%201351-1400%2F&sort=name&order=desc HTTP/1.1" 200 12140
173.231.60.194 - - [18/Dec/2021:05:17:07 -0500] "GET /BLA/resoluciones/index.php?dir=RESOLUCIONES%202002%2FRES%202002%201401-1450%2F&sort=name&order=desc HTTP/1.1" 200 12161
173.231.60.194 - - [18/Dec/2021:05:17:12 -0500] "GET /BLA/resoluciones/index.php?dir=RESOLUCIONES%202002%2FRES%202002%201451-1500%2F&sort=name&order=desc HTTP/1.1" 200 12145
173.231.60.194 - - [18/Dec/2021:05:17:18 -0500] "GET /BLA/resoluciones/index.php?dir=RESOLUCIONES%202002%2FRES%202002%201501-1550%2F&sort=name&order=desc HTTP/1.1" 200 12146
173.231.60.194 - - [18/Dec/2021:05:17:25 -0500] "GET /BLA/resoluciones/index.php?dir=RESOLUCIONES%202002%2FRES%202002%201551-1600%2F&sort=name&order=desc HTTP/1.1" 200 12154
173.231.60.194 - - [18/Dec/2021:05:17:31 -0500] "GET /BLA/resoluciones/index.php?dir=RESOLUCIONES%202002%2FRES%202002%201601-1650%2F&sort=name&order=desc HTTP/1.1" 200 12157
173.231.60.194 - - [18/Dec/2021:05:17:37 -0500] "GET /BLA/resoluciones/index.php?dir=RESOLUCIONES%202002%2FRES%202002%201651-1700%2F&sort=name&order=desc HTTP/1.1" 200 12154
173.231.60.194 - - [18/Dec/2021:05:17:42 -0500] "GET /BLA/resoluciones/index.php?dir=RESOLUCIONES%202002%2FRES%202002%201701-1750%2F&sort=name&order=desc HTTP/1.1" 200 12140
173.231.60.194 - - [18/Dec/2021:05:17:48 -0500] "GET /BLA/resoluciones/index.php?dir=RESOLUCIONES%202002%2FRES%202002%201751-1800%2F&sort=name&order=desc HTTP/1.1" 200 12155
173.231.60.194 - - [18/Dec/2021:05:17:55 -0500] "GET /BLA/resoluciones/index.php?dir=RESOLUCIONES%202002%2FRES%202002%201801-1850%2F&sort=name&order=desc HTTP/1.1" 200 12157
173.231.60.194 - - [18/Dec/2021:05:18:01 -0500] "GET /BLA/resoluciones/index.php?dir=RESOLUCIONES%202002%2FRES%202002%201851-1900%2F&sort=name&order=desc HTTP/1.1" 200 12149
173.231.60.194 - - [18/Dec/2021:05:18:07 -0500] "GET /BLA/resoluciones/index.php?dir=RESOLUCIONES%202002%2FRES%202002%201901-1950%2F&sort=name&order=desc HTTP/1.1" 200 12148
173.231.60.194 - - [18/Dec/2021:05:18:12 -0500] "GET /BLA/resoluciones/index.php?dir=RESOLUCIONES%202002%2FRES%202002%201951-1971%2F&sort=name&order=desc HTTP/1.1" 200 6224
173.231.60.194 - - [18/Dec/2021:05:18:18 -0500] "GET /BLA/resoluciones/index.php?dir=RESOLUCIONES%202003%2FRES%202003%201001-1050%2F&sort=name&order=desc HTTP/1.1" 200 11565
157.55.39.106 - - [18/Dec/2021:05:18:23 -0500] "GET /siipev/Diseno%20de%20Elementos%20de%20Mobiliario%20Urbano/Otros%20Elementos/Infografia/Parte2/M-110.png HTTP/1.1" 200 2156
173.231.60.194 - - [18/Dec/2021:05:18:24 -0500] "GET /BLA/resoluciones/index.php?dir=RESOLUCIONES%202003%2FRES%202003%201051-1100%2F&sort=name&order=desc HTTP/1.1" 200 11570
173.231.60.194 - - [18/Dec/2021:05:18:30 -0500] "GET /BLA/resoluciones/index.php?dir=RESOLUCIONES%202003%2FRES%202003%201101-1150%2F&sort=name&order=desc HTTP/1.1" 200 11571
173.231.60.194 - - [18/Dec/2021:05:18:36 -0500] "GET /BLA/resoluciones/index.php?dir=RESOLUCIONES%202003%2FRES%202003%201151-1200%2F&sort=name&order=desc HTTP/1.1" 200 11569
173.231.60.194 - - [18/Dec/2021:05:18:42 -0500] "GET /BLA/resoluciones/index.php?dir=RESOLUCIONES%202003%2FRES%202003%201201-1250%2F&sort=name&order=desc HTTP/1.1" 200 12625
173.231.60.194 - - [18/Dec/2021:05:18:47 -0500] "GET /BLA/resoluciones/index.php?dir=RESOLUCIONES%202003%2FRES%202003%201251-1300%2F&sort=name&order=desc HTTP/1.1" 200 12201
173.231.60.194 - - [18/Dec/2021:05:18:53 -0500] "GET /BLA/resoluciones/index.php?dir=RESOLUCIONES%202003%2FRES%202003%201301-1350%2F&sort=name&order=desc HTTP/1.1" 200 12155
173.231.60.194 - - [18/Dec/2021:05:18:59 -0500] "GET /BLA/resoluciones/index.php?dir=RESOLUCIONES%202003%2FRES%202003%201351-1400%2F&sort=name&order=desc HTTP/1.1" 200 12156
173.231.60.194 - - [18/Dec/2021:05:19:05 -0500] "GET /BLA/resoluciones/index.php?dir=RESOLUCIONES%202003%2FRES%202003%201401-1450%2F&sort=name&order=desc HTTP/1.1" 200 12155
173.231.60.194 - - [18/Dec/2021:05:19:11 -0500] "GET /BLA/resoluciones/index.php?dir=RESOLUCIONES%202003%2FRES%202003%201451-1500%2F&sort=name&order=desc HTTP/1.1" 200 12158
173.231.60.194 - - [18/Dec/2021:05:19:18 -0500] "GET /BLA/resoluciones/index.php?dir=RESOLUCIONES%202003%2FRES%202003%201501-1550%2F&sort=name&order=desc HTTP/1.1" 200 12136
173.231.60.194 - - [18/Dec/2021:05:19:24 -0500] "GET /BLA/resoluciones/index.php?dir=RESOLUCIONES%202003%2FRES%202003%201551-1601%2F&sort=name&order=desc HTTP/1.1" 200 12155
