173.231.60.194 - - [18/Dec/2021:13:25:27 -0500] "GET /BLA/resoluciones/index.php?dir=RESOLUCIONES%202007%2FRES%202007%202501%20AL%202600%2F&sort=size&order=asc HTTP/1.1" 200 26847
190.26.187.27 - - [18/Dec/2021:13:25:32 -0500] "GET /BLA/resoluciones/AUTOS%202010/6581.pdf HTTP/1.1" 200 148455
173.231.60.194 - - [18/Dec/2021:13:25:33 -0500] "GET /BLA/resoluciones/index.php?dir=RESOLUCIONES%202007%2FRES%202007%202601%20AL%202700%2F&sort=date&order=asc HTTP/1.1" 200 26865
191.95.48.255 - - [18/Dec/2021:13:25:35 -0500] "GET /en-esta-navidad-bogota-esta-mejorando-con-mas-espacios-verdes-para-el-disfrute-de-la-ciudadania.html HTTP/1.1" 200 1114
186.145.68.21 - - [18/Dec/2021:13:25:37 -0500] "POST /sipse/faces/presentacion/financiero/solicitudProceso/listarSolicitudProceso.xhtml HTTP/1.1" 200 30581
173.231.60.194 - - [18/Dec/2021:13:25:41 -0500] "GET /BLA/resoluciones/index.php?dir=RESOLUCIONES%202007%2FRES%202007%202601%20AL%202700%2F&sort=size&order=asc HTTP/1.1" 200 26865
186.145.68.21 - - [18/Dec/2021:13:25:41 -0500] "POST /sipse/faces/presentacion/financiero/solicitudProceso/listarSolicitudProceso.xhtml HTTP/1.1" 200 137001
186.145.68.21 - - [18/Dec/2021:13:25:42 -0500] "GET /sipse/faces/javax.faces.resource/theme.css?ln=primefaces-sipse HTTP/1.1" 304 -
186.145.68.21 - - [18/Dec/2021:13:25:42 -0500] "GET /sipse/faces/javax.faces.resource/primefaces.css?ln=primefaces&v=4.0 HTTP/1.1" 304 -
186.145.68.21 - - [18/Dec/2021:13:25:42 -0500] "GET /sipse/faces/javax.faces.resource/layout/layout.css?ln=primefaces&v=4.0 HTTP/1.1" 304 -
186.145.68.21 - - [18/Dec/2021:13:25:43 -0500] "GET /sipse/faces/javax.faces.resource/jquery/jquery.js?ln=primefaces&v=4.0 HTTP/1.1" 304 -
186.145.68.21 - - [18/Dec/2021:13:25:43 -0500] "GET /sipse/faces/javax.faces.resource/jquery/jquery-plugins.js?ln=primefaces&v=4.0 HTTP/1.1" 304 -
186.145.68.21 - - [18/Dec/2021:13:25:43 -0500] "GET /sipse/faces/javax.faces.resource/primefaces.js?ln=primefaces&v=4.0 HTTP/1.1" 304 -
186.145.68.21 - - [18/Dec/2021:13:25:43 -0500] "GET /sipse/faces/javax.faces.resource/layout/layout.js?ln=primefaces&v=4.0 HTTP/1.1" 304 -
186.145.68.21 - - [18/Dec/2021:13:25:43 -0500] "GET /reportes_sipse/sdg/ServletReporte?reporte=experienia_idoneidad&solicitud=16543&pfdrid_c=false HTTP/1.1" 200 96673
186.145.68.21 - - [18/Dec/2021:13:25:46 -0500] "POST /sipse/faces/presentacion/financiero/solicitudProceso/consultarSolicitudProceso.xhtml HTTP/1.1" 200 105455
173.231.60.194 - - [18/Dec/2021:13:25:47 -0500] "GET /BLA/resoluciones/index.php?dir=RESOLUCIONES%202007%2FRES%202007%202701%20AL%202800%2F&sort=date&order=asc HTTP/1.1" 200 26889
173.231.60.194 - - [18/Dec/2021:13:25:56 -0500] "GET /BLA/resoluciones/index.php?dir=RESOLUCIONES%202007%2FRES%202007%202701%20AL%202800%2F&sort=size&order=asc HTTP/1.1" 200 26889
186.145.68.21 - - [18/Dec/2021:13:25:57 -0500] "POST /sipse/faces/presentacion/financiero/solicitudProceso/consultarSolicitudProceso.xhtml HTTP/1.1" 200 61140
186.145.68.21 - - [18/Dec/2021:13:25:58 -0500] "GET /sipse/faces/javax.faces.resource/theme.css?ln=primefaces-sipse HTTP/1.1" 304 -
186.145.68.21 - - [18/Dec/2021:13:25:58 -0500] "GET /sipse/faces/javax.faces.resource/layout/layout.css?ln=primefaces&v=4.0 HTTP/1.1" 304 -
186.145.68.21 - - [18/Dec/2021:13:25:58 -0500] "GET /sipse/faces/javax.faces.resource/primefaces.css?ln=primefaces&v=4.0 HTTP/1.1" 304 -
186.145.68.21 - - [18/Dec/2021:13:25:58 -0500] "GET /sipse/faces/javax.faces.resource/jquery/jquery.js?ln=primefaces&v=4.0 HTTP/1.1" 304 -
186.145.68.21 - - [18/Dec/2021:13:25:58 -0500] "GET /sipse/faces/javax.faces.resource/jquery/jquery-plugins.js?ln=primefaces&v=4.0 HTTP/1.1" 304 -
186.145.68.21 - - [18/Dec/2021:13:25:58 -0500] "GET /sipse/faces/javax.faces.resource/primefaces.js?ln=primefaces&v=4.0 HTTP/1.1" 304 -
186.145.68.21 - - [18/Dec/2021:13:25:58 -0500] "GET /sipse/faces/javax.faces.resource/layout/layout.js?ln=primefaces&v=4.0 HTTP/1.1" 304 -
186.145.68.21 - - [18/Dec/2021:13:25:58 -0500] "POST /sipse/faces/presentacion/financiero/solicitudProceso/listarSolicitudProceso.xhtml HTTP/1.1" 200 54398
186.145.68.21 - - [18/Dec/2021:13:25:59 -0500] "POST /sipse/faces/presentacion/financiero/solicitudProceso/listarSolicitudProceso.xhtml HTTP/1.1" 200 54398
186.145.68.21 - - [18/Dec/2021:13:26:00 -0500] "POST /sipse/faces/presentacion/financiero/solicitudProceso/listarSolicitudProceso.xhtml HTTP/1.1" 200 54398
186.145.68.21 - - [18/Dec/2021:13:26:00 -0500] "POST /sipse/faces/presentacion/financiero/solicitudProceso/listarSolicitudProceso.xhtml HTTP/1.1" 200 54398
186.145.68.21 - - [18/Dec/2021:13:26:01 -0500] "POST /sipse/faces/presentacion/financiero/solicitudProceso/listarSolicitudProceso.xhtml HTTP/1.1" 200 54398
186.145.68.21 - - [18/Dec/2021:13:26:02 -0500] "POST /sipse/faces/presentacion/financiero/solicitudProceso/listarSolicitudProceso.xhtml HTTP/1.1" 200 54398
186.145.68.21 - - [18/Dec/2021:13:26:03 -0500] "POST /sipse/faces/presentacion/financiero/solicitudProceso/listarSolicitudProceso.xhtml HTTP/1.1" 200 54398
173.231.60.194 - - [18/Dec/2021:13:26:03 -0500] "GET /BLA/resoluciones/index.php?dir=RESOLUCIONES%202007%2FRES%202007%202801%20AL%202900%2F&sort=date&order=asc HTTP/1.1" 200 26859
186.145.68.21 - - [18/Dec/2021:13:26:03 -0500] "POST /sipse/faces/presentacion/financiero/solicitudProceso/listarSolicitudProceso.xhtml HTTP/1.1" 200 54398
186.145.68.21 - - [18/Dec/2021:13:26:04 -0500] "POST /sipse/faces/presentacion/financiero/solicitudProceso/listarSolicitudProceso.xhtml HTTP/1.1" 200 54398
186.145.68.21 - - [18/Dec/2021:13:26:05 -0500] "POST /sipse/faces/presentacion/financiero/solicitudProceso/listarSolicitudProceso.xhtml HTTP/1.1" 200 54398
186.145.68.21 - - [18/Dec/2021:13:26:05 -0500] "POST /sipse/faces/presentacion/financiero/solicitudProceso/listarSolicitudProceso.xhtml HTTP/1.1" 200 54398
186.145.68.21 - - [18/Dec/2021:13:26:06 -0500] "POST /sipse/faces/presentacion/financiero/solicitudProceso/listarSolicitudProceso.xhtml HTTP/1.1" 200 54398
186.145.68.21 - - [18/Dec/2021:13:26:07 -0500] "POST /sipse/faces/presentacion/financiero/solicitudProceso/listarSolicitudProceso.xhtml HTTP/1.1" 200 54398
186.145.68.21 - - [18/Dec/2021:13:26:07 -0500] "POST /sipse/faces/presentacion/financiero/solicitudProceso/listarSolicitudProceso.xhtml HTTP/1.1" 200 54398
186.145.68.21 - - [18/Dec/2021:13:26:08 -0500] "POST /sipse/faces/presentacion/financiero/solicitudProceso/listarSolicitudProceso.xhtml HTTP/1.1" 200 54398
186.145.68.21 - - [18/Dec/2021:13:26:09 -0500] "POST /sipse/faces/presentacion/financiero/solicitudProceso/listarSolicitudProceso.xhtml HTTP/1.1" 200 54398
173.231.60.194 - - [18/Dec/2021:13:26:09 -0500] "GET /BLA/resoluciones/index.php?dir=RESOLUCIONES%202007%2FRES%202007%202801%20AL%202900%2F&sort=size&order=asc HTTP/1.1" 200 26859
186.145.68.21 - - [18/Dec/2021:13:26:09 -0500] "POST /sipse/faces/presentacion/financiero/solicitudProceso/listarSolicitudProceso.xhtml HTTP/1.1" 200 54398
186.145.68.21 - - [18/Dec/2021:13:26:10 -0500] "POST /sipse/faces/presentacion/financiero/solicitudProceso/listarSolicitudProceso.xhtml HTTP/1.1" 200 54398
186.145.68.21 - - [18/Dec/2021:13:26:11 -0500] "POST /sipse/faces/presentacion/financiero/solicitudProceso/listarSolicitudProceso.xhtml HTTP/1.1" 200 54398
186.145.68.21 - - [18/Dec/2021:13:26:11 -0500] "POST /sipse/faces/presentacion/financiero/solicitudProceso/listarSolicitudProceso.xhtml HTTP/1.1" 200 54398
186.145.68.21 - - [18/Dec/2021:13:26:12 -0500] "POST /sipse/faces/presentacion/financiero/solicitudProceso/listarSolicitudProceso.xhtml HTTP/1.1" 200 54398
186.145.68.21 - - [18/Dec/2021:13:26:13 -0500] "POST /sipse/faces/presentacion/financiero/solicitudProceso/listarSolicitudProceso.xhtml HTTP/1.1" 200 54398
186.145.68.21 - - [18/Dec/2021:13:26:14 -0500] "POST /sipse/faces/presentacion/financiero/solicitudProceso/listarSolicitudProceso.xhtml HTTP/1.1" 200 54398
186.145.68.21 - - [18/Dec/2021:13:26:14 -0500] "POST /sipse/faces/presentacion/financiero/solicitudProceso/listarSolicitudProceso.xhtml HTTP/1.1" 200 54398
173.231.60.194 - - [18/Dec/2021:13:26:16 -0500] "GET /BLA/resoluciones/index.php?dir=RESOLUCIONES%202007%2FRES%202007%202901%20AL%203000%2F&sort=date&order=asc HTTP/1.1" 200 26859
186.145.68.21 - - [18/Dec/2021:13:26:16 -0500] "POST /sipse/faces/presentacion/financiero/solicitudProceso/listarSolicitudProceso.xhtml HTTP/1.1" 200 1448
186.145.68.21 - - [18/Dec/2021:13:26:17 -0500] "POST /sipse/faces/presentacion/financiero/solicitudProceso/listarSolicitudProceso.xhtml HTTP/1.1" 200 1448
186.145.68.21 - - [18/Dec/2021:13:26:17 -0500] "POST /sipse/faces/presentacion/financiero/solicitudProceso/listarSolicitudProceso.xhtml HTTP/1.1" 200 1448
186.145.68.21 - - [18/Dec/2021:13:26:18 -0500] "POST /sipse/faces/presentacion/financiero/solicitudProceso/listarSolicitudProceso.xhtml HTTP/1.1" 200 1448
186.145.68.21 - - [18/Dec/2021:13:26:19 -0500] "POST /sipse/faces/presentacion/financiero/solicitudProceso/listarSolicitudProceso.xhtml HTTP/1.1" 200 1448
186.145.68.21 - - [18/Dec/2021:13:26:20 -0500] "POST /sipse/faces/presentacion/financiero/solicitudProceso/listarSolicitudProceso.xhtml HTTP/1.1" 200 1448
186.145.68.21 - - [18/Dec/2021:13:26:21 -0500] "POST /sipse/faces/presentacion/financiero/solicitudProceso/listarSolicitudProceso.xhtml HTTP/1.1" 200 1448
186.145.68.21 - - [18/Dec/2021:13:26:21 -0500] "POST /sipse/faces/presentacion/financiero/solicitudProceso/listarSolicitudProceso.xhtml HTTP/1.1" 200 1448
173.231.60.194 - - [18/Dec/2021:13:26:22 -0500] "GET /BLA/resoluciones/index.php?dir=RESOLUCIONES%202007%2FRES%202007%202901%20AL%203000%2F&sort=size&order=asc HTTP/1.1" 200 26859
186.145.68.21 - - [18/Dec/2021:13:26:22 -0500] "POST /sipse/faces/presentacion/financiero/solicitudProceso/listarSolicitudProceso.xhtml HTTP/1.1" 200 1448
186.145.68.21 - - [18/Dec/2021:13:26:23 -0500] "POST /sipse/faces/presentacion/financiero/solicitudProceso/listarSolicitudProceso.xhtml HTTP/1.1" 200 1448
186.145.68.21 - - [18/Dec/2021:13:26:24 -0500] "POST /sipse/faces/presentacion/financiero/solicitudProceso/listarSolicitudProceso.xhtml HTTP/1.1" 200 1448
186.145.68.21 - - [18/Dec/2021:13:26:25 -0500] "POST /sipse/faces/presentacion/financiero/solicitudProceso/listarSolicitudProceso.xhtml HTTP/1.1" 200 1448
186.145.68.21 - - [18/Dec/2021:13:26:25 -0500] "POST /sipse/faces/presentacion/financiero/solicitudProceso/listarSolicitudProceso.xhtml HTTP/1.1" 200 1448
186.145.68.21 - - [18/Dec/2021:13:26:26 -0500] "POST /sipse/faces/presentacion/financiero/solicitudProceso/listarSolicitudProceso.xhtml HTTP/1.1" 200 1448
186.145.68.21 - - [18/Dec/2021:13:26:27 -0500] "POST /sipse/faces/presentacion/financiero/solicitudProceso/listarSolicitudProceso.xhtml HTTP/1.1" 200 1448
186.145.68.21 - - [18/Dec/2021:13:26:28 -0500] "POST /sipse/faces/presentacion/financiero/solicitudProceso/listarSolicitudProceso.xhtml HTTP/1.1" 200 1448
186.145.68.21 - - [18/Dec/2021:13:26:29 -0500] "POST /sipse/faces/presentacion/financiero/solicitudProceso/listarSolicitudProceso.xhtml HTTP/1.1" 200 1448
186.145.68.21 - - [18/Dec/2021:13:26:29 -0500] "POST /sipse/faces/presentacion/financiero/solicitudProceso/listarSolicitudProceso.xhtml HTTP/1.1" 200 1448
186.145.68.21 - - [18/Dec/2021:13:26:30 -0500] "POST /sipse/faces/presentacion/financiero/solicitudProceso/listarSolicitudProceso.xhtml HTTP/1.1" 200 1448
173.231.60.194 - - [18/Dec/2021:13:26:31 -0500] "GET /BLA/resoluciones/index.php?dir=RESOLUCIONES%202007%2FRES%202007%203001%20AL%203100%2F&sort=date&order=asc HTTP/1.1" 200 26891
186.145.68.21 - - [18/Dec/2021:13:26:31 -0500] "POST /sipse/faces/presentacion/financiero/solicitudProceso/listarSolicitudProceso.xhtml HTTP/1.1" 200 1448
186.145.68.21 - - [18/Dec/2021:13:26:32 -0500] "POST /sipse/faces/presentacion/financiero/solicitudProceso/listarSolicitudProceso.xhtml HTTP/1.1" 200 1448
186.145.68.21 - - [18/Dec/2021:13:26:33 -0500] "POST /sipse/faces/presentacion/financiero/solicitudProceso/listarSolicitudProceso.xhtml HTTP/1.1" 200 1448
186.145.68.21 - - [18/Dec/2021:13:26:34 -0500] "POST /sipse/faces/presentacion/financiero/solicitudProceso/listarSolicitudProceso.xhtml HTTP/1.1" 200 1448
186.145.68.21 - - [18/Dec/2021:13:26:35 -0500] "POST /sipse/faces/presentacion/financiero/solicitudProceso/listarSolicitudProceso.xhtml HTTP/1.1" 200 1448
186.145.68.21 - - [18/Dec/2021:13:26:35 -0500] "POST /sipse/faces/presentacion/financiero/solicitudProceso/listarSolicitudProceso.xhtml HTTP/1.1" 200 1448
173.231.60.194 - - [18/Dec/2021:13:26:45 -0500] "GET /BLA/resoluciones/index.php?dir=RESOLUCIONES%202007%2FRES%202007%203001%20AL%203100%2F&sort=size&order=asc HTTP/1.1" 200 26891
173.231.60.194 - - [18/Dec/2021:13:26:53 -0500] "GET /BLA/resoluciones/index.php?dir=RESOLUCIONES%202007%2FRES%202007%203101%20AL%203200%2F&sort=date&order=asc HTTP/1.1" 200 26880
173.231.60.194 - - [18/Dec/2021:13:27:00 -0500] "GET /BLA/resoluciones/index.php?dir=RESOLUCIONES%202007%2FRES%202007%203101%20AL%203200%2F&sort=size&order=asc HTTP/1.1" 200 26880
173.231.60.194 - - [18/Dec/2021:13:27:06 -0500] "GET /BLA/resoluciones/index.php?dir=RESOLUCIONES%202007%2FRES%202007%203201%20AL%203300%2F&sort=date&order=asc HTTP/1.1" 200 27414
173.231.60.194 - - [18/Dec/2021:13:27:13 -0500] "GET /BLA/resoluciones/index.php?dir=RESOLUCIONES%202007%2FRES%202007%203201%20AL%203300%2F&sort=size&order=asc HTTP/1.1" 200 27414
173.231.60.194 - - [18/Dec/2021:13:27:20 -0500] "GET /BLA/resoluciones/index.php?dir=RESOLUCIONES%202007%2FRES%202007%203301%20AL%203400%2F&sort=date&order=asc HTTP/1.1" 200 26620
173.231.60.194 - - [18/Dec/2021:13:27:26 -0500] "GET /BLA/resoluciones/index.php?dir=RESOLUCIONES%202007%2FRES%202007%203301%20AL%203400%2F&sort=size&order=asc HTTP/1.1" 200 26620
173.231.60.194 - - [18/Dec/2021:13:27:33 -0500] "GET /BLA/resoluciones/index.php?dir=RESOLUCIONES%202007%2FRES%202007%203401%20AL%203500%2F&sort=date&order=asc HTTP/1.1" 200 26618
173.231.60.194 - - [18/Dec/2021:13:27:39 -0500] "GET /BLA/resoluciones/index.php?dir=RESOLUCIONES%202007%2FRES%202007%203401%20AL%203500%2F&sort=size&order=asc HTTP/1.1" 200 26618
173.231.60.194 - - [18/Dec/2021:13:27:45 -0500] "GET /BLA/resoluciones/index.php?dir=RESOLUCIONES%202007%2FRES%202007%203501%20AL%203600%2F&sort=date&order=asc HTTP/1.1" 200 26836
173.231.60.194 - - [18/Dec/2021:13:27:52 -0500] "GET /BLA/resoluciones/index.php?dir=RESOLUCIONES%202007%2FRES%202007%203501%20AL%203600%2F&sort=size&order=asc HTTP/1.1" 200 26836
173.231.60.194 - - [18/Dec/2021:13:28:02 -0500] "GET /BLA/resoluciones/index.php?dir=RESOLUCIONES%202007%2FRES%202007%203601%20AL%203700%2F&sort=date&order=asc HTTP/1.1" 200 26855
173.231.60.194 - - [18/Dec/2021:13:28:08 -0500] "GET /BLA/resoluciones/index.php?dir=RESOLUCIONES%202007%2FRES%202007%203601%20AL%203700%2F&sort=size&order=asc HTTP/1.1" 200 26855
173.231.60.194 - - [18/Dec/2021:13:28:19 -0500] "GET /BLA/resoluciones/index.php?dir=RESOLUCIONES%202007%2FRES%202007%203701%20AL%203800%2F&sort=date&order=asc HTTP/1.1" 200 26851
173.231.60.194 - - [18/Dec/2021:13:28:27 -0500] "GET /BLA/resoluciones/index.php?dir=RESOLUCIONES%202007%2FRES%202007%203701%20AL%203800%2F&sort=size&order=asc HTTP/1.1" 200 26851
173.231.60.194 - - [18/Dec/2021:13:28:34 -0500] "GET /BLA/resoluciones/index.php?dir=RESOLUCIONES%202007%2FRES%202007%203801%20AL%203900%2F&sort=date&order=asc HTTP/1.1" 200 26637
173.231.60.194 - - [18/Dec/2021:13:28:40 -0500] "GET /BLA/resoluciones/index.php?dir=RESOLUCIONES%202007%2FRES%202007%203801%20AL%203900%2F&sort=size&order=asc HTTP/1.1" 200 26637
173.231.60.194 - - [18/Dec/2021:13:28:48 -0500] "GET /BLA/resoluciones/index.php?dir=RESOLUCIONES%202007%2FRES%202007%203901%20AL%204000%2F&sort=date&order=asc HTTP/1.1" 200 26851
173.231.60.194 - - [18/Dec/2021:13:28:55 -0500] "GET /BLA/resoluciones/index.php?dir=RESOLUCIONES%202007%2FRES%202007%203901%20AL%204000%2F&sort=size&order=asc HTTP/1.1" 200 26851
173.231.60.194 - - [18/Dec/2021:13:29:02 -0500] "GET /BLA/resoluciones/index.php?dir=RESOLUCIONES%202007%2FRES%202007%204001%20AL%204100%2F&sort=date&order=asc HTTP/1.1" 200 26864
173.231.60.194 - - [18/Dec/2021:13:29:08 -0500] "GET /BLA/resoluciones/index.php?dir=RESOLUCIONES%202007%2FRES%202007%204001%20AL%204100%2F&sort=size&order=asc HTTP/1.1" 200 26864
173.231.60.194 - - [18/Dec/2021:13:29:14 -0500] "GET /BLA/resoluciones/index.php?dir=RESOLUCIONES%202007%2FRES%202007%204101%20AL%204200%2F&sort=date&order=asc HTTP/1.1" 200 26886
173.231.60.194 - - [18/Dec/2021:13:29:21 -0500] "GET /BLA/resoluciones/index.php?dir=RESOLUCIONES%202007%2FRES%202007%204101%20AL%204200%2F&sort=size&order=asc HTTP/1.1" 200 26886
173.231.60.194 - - [18/Dec/2021:13:29:27 -0500] "GET /BLA/resoluciones/index.php?dir=RESOLUCIONES%202007%2FRES%202007%204201%20AL%204300%2F&sort=date&order=asc HTTP/1.1" 200 26607
173.231.60.194 - - [18/Dec/2021:13:29:33 -0500] "GET /BLA/resoluciones/index.php?dir=RESOLUCIONES%202007%2FRES%202007%204201%20AL%204300%2F&sort=size&order=asc HTTP/1.1" 200 26607
173.231.60.194 - - [18/Dec/2021:13:29:40 -0500] "GET /BLA/resoluciones/index.php?dir=RESOLUCIONES%202007%2FRES%202007%204301%20AL%204352%2F&sort=date&order=asc HTTP/1.1" 200 14905
186.145.68.21 - - [18/Dec/2021:13:29:42 -0500] "POST /sipse/faces/presentacion/financiero/solicitudProceso/listarSolicitudProceso.xhtml HTTP/1.1" 200 30581
173.231.60.194 - - [18/Dec/2021:13:29:52 -0500] "GET /BLA/resoluciones/index.php?dir=RESOLUCIONES%202007%2FRES%202007%204301%20AL%204352%2F&sort=size&order=asc HTTP/1.1" 200 14905
186.145.68.21 - - [18/Dec/2021:13:29:54 -0500] "POST /sipse/faces/presentacion/financiero/solicitudProceso/listarSolicitudProceso.xhtml HTTP/1.1" 200 131580
186.145.68.21 - - [18/Dec/2021:13:29:55 -0500] "GET /sipse/faces/javax.faces.resource/theme.css?ln=primefaces-sipse HTTP/1.1" 304 -
186.145.68.21 - - [18/Dec/2021:13:29:55 -0500] "GET /sipse/faces/javax.faces.resource/layout/layout.css?ln=primefaces&v=4.0 HTTP/1.1" 304 -
186.145.68.21 - - [18/Dec/2021:13:29:55 -0500] "GET /sipse/faces/javax.faces.resource/primefaces.css?ln=primefaces&v=4.0 HTTP/1.1" 304 -
186.145.68.21 - - [18/Dec/2021:13:29:55 -0500] "GET /sipse/faces/javax.faces.resource/jquery/jquery.js?ln=primefaces&v=4.0 HTTP/1.1" 304 -
186.145.68.21 - - [18/Dec/2021:13:29:55 -0500] "GET /sipse/faces/javax.faces.resource/jquery/jquery-plugins.js?ln=primefaces&v=4.0 HTTP/1.1" 304 -
186.145.68.21 - - [18/Dec/2021:13:29:55 -0500] "GET /sipse/faces/javax.faces.resource/primefaces.js?ln=primefaces&v=4.0 HTTP/1.1" 304 -
186.145.68.21 - - [18/Dec/2021:13:29:55 -0500] "GET /sipse/faces/javax.faces.resource/layout/layout.js?ln=primefaces&v=4.0 HTTP/1.1" 304 -
186.145.68.21 - - [18/Dec/2021:13:29:55 -0500] "GET /reportes_sipse/sdg/ServletReporte?reporte=experienia_idoneidad&solicitud=16543&pfdrid_c=false HTTP/1.1" 200 96673
190.26.187.27 - - [18/Dec/2021:13:29:57 -0500] "GET /BLA/resoluciones/AUTOS%202010/6439.pdf HTTP/1.1" 200 155883
173.231.60.194 - - [18/Dec/2021:13:29:58 -0500] "GET /BLA/resoluciones/index.php?dir=RESOLUCIONES%202007%2FRES%202007%201001%20AL%201100%2F&sort=name&order=desc HTTP/1.1" 200 26837
186.145.68.21 - - [18/Dec/2021:13:29:59 -0500] "POST /sipse/faces/presentacion/financiero/solicitudProceso/consultarSolicitudProceso.xhtml HTTP/1.1" 200 108330
173.231.60.194 - - [18/Dec/2021:13:30:05 -0500] "GET /BLA/resoluciones/index.php?dir=RESOLUCIONES%202007%2FRES%202007%201101%20AL%201200%2F&sort=name&order=desc HTTP/1.1" 200 26851
173.231.60.194 - - [18/Dec/2021:13:30:11 -0500] "GET /BLA/resoluciones/index.php?dir=RESOLUCIONES%202007%2FRES%202007%201201%20AL%201300%2F&sort=name&order=desc HTTP/1.1" 200 26863
186.145.68.21 - - [18/Dec/2021:13:30:16 -0500] "POST /sipse/faces/presentacion/financiero/solicitudProceso/consultarSolicitudProceso.xhtml HTTP/1.1" 200 61140
186.145.68.21 - - [18/Dec/2021:13:30:16 -0500] "GET /sipse/faces/javax.faces.resource/theme.css?ln=primefaces-sipse HTTP/1.1" 304 -
186.145.68.21 - - [18/Dec/2021:13:30:16 -0500] "GET /sipse/faces/javax.faces.resource/primefaces.css?ln=primefaces&v=4.0 HTTP/1.1" 304 -
186.145.68.21 - - [18/Dec/2021:13:30:16 -0500] "GET /sipse/faces/javax.faces.resource/layout/layout.css?ln=primefaces&v=4.0 HTTP/1.1" 304 -
186.145.68.21 - - [18/Dec/2021:13:30:16 -0500] "GET /sipse/faces/javax.faces.resource/jquery/jquery.js?ln=primefaces&v=4.0 HTTP/1.1" 304 -
186.145.68.21 - - [18/Dec/2021:13:30:16 -0500] "GET /sipse/faces/javax.faces.resource/jquery/jquery-plugins.js?ln=primefaces&v=4.0 HTTP/1.1" 304 -
186.145.68.21 - - [18/Dec/2021:13:30:16 -0500] "GET /sipse/faces/javax.faces.resource/primefaces.js?ln=primefaces&v=4.0 HTTP/1.1" 304 -
186.145.68.21 - - [18/Dec/2021:13:30:17 -0500] "GET /sipse/faces/javax.faces.resource/layout/layout.js?ln=primefaces&v=4.0 HTTP/1.1" 304 -
186.145.68.21 - - [18/Dec/2021:13:30:17 -0500] "POST /sipse/faces/presentacion/financiero/solicitudProceso/listarSolicitudProceso.xhtml HTTP/1.1" 200 54398
186.145.68.21 - - [18/Dec/2021:13:30:17 -0500] "POST /sipse/faces/presentacion/financiero/solicitudProceso/listarSolicitudProceso.xhtml HTTP/1.1" 200 54398
186.145.68.21 - - [18/Dec/2021:13:30:18 -0500] "POST /sipse/faces/presentacion/financiero/solicitudProceso/listarSolicitudProceso.xhtml HTTP/1.1" 200 54398
173.231.60.194 - - [18/Dec/2021:13:30:18 -0500] "GET /BLA/resoluciones/index.php?dir=RESOLUCIONES%202007%2FRES%202007%201301%20AL%201400%2F&sort=name&order=desc HTTP/1.1" 200 26816
186.145.68.21 - - [18/Dec/2021:13:30:19 -0500] "POST /sipse/faces/presentacion/financiero/solicitudProceso/listarSolicitudProceso.xhtml HTTP/1.1" 200 54398
216.245.221.92 - - [18/Dec/2021:13:30:20 -0500] "HEAD / HTTP/1.1" 200 -
186.145.68.21 - - [18/Dec/2021:13:30:20 -0500] "POST /sipse/faces/presentacion/financiero/solicitudProceso/listarSolicitudProceso.xhtml HTTP/1.1" 200 54398
186.145.68.21 - - [18/Dec/2021:13:30:21 -0500] "POST /sipse/faces/presentacion/financiero/solicitudProceso/listarSolicitudProceso.xhtml HTTP/1.1" 200 54398
186.145.68.21 - - [18/Dec/2021:13:30:21 -0500] "POST /sipse/faces/presentacion/financiero/solicitudProceso/listarSolicitudProceso.xhtml HTTP/1.1" 200 54398
186.145.68.21 - - [18/Dec/2021:13:30:22 -0500] "POST /sipse/faces/presentacion/financiero/solicitudProceso/listarSolicitudProceso.xhtml HTTP/1.1" 200 54398
186.145.68.21 - - [18/Dec/2021:13:30:23 -0500] "POST /sipse/faces/presentacion/financiero/solicitudProceso/listarSolicitudProceso.xhtml HTTP/1.1" 200 54398
186.145.68.21 - - [18/Dec/2021:13:30:24 -0500] "POST /sipse/faces/presentacion/financiero/solicitudProceso/listarSolicitudProceso.xhtml HTTP/1.1" 200 54398
186.145.68.21 - - [18/Dec/2021:13:30:24 -0500] "POST /sipse/faces/presentacion/financiero/solicitudProceso/listarSolicitudProceso.xhtml HTTP/1.1" 200 54398
173.231.60.194 - - [18/Dec/2021:13:30:24 -0500] "GET /BLA/resoluciones/index.php?dir=RESOLUCIONES%202007%2FRES%202007%201401%20AL%201500%2F&sort=name&order=desc HTTP/1.1" 200 26853
186.145.68.21 - - [18/Dec/2021:13:30:25 -0500] "POST /sipse/faces/presentacion/financiero/solicitudProceso/listarSolicitudProceso.xhtml HTTP/1.1" 200 54398
186.145.68.21 - - [18/Dec/2021:13:30:26 -0500] "POST /sipse/faces/presentacion/financiero/solicitudProceso/listarSolicitudProceso.xhtml HTTP/1.1" 200 54398
186.145.68.21 - - [18/Dec/2021:13:30:26 -0500] "POST /sipse/faces/presentacion/financiero/solicitudProceso/listarSolicitudProceso.xhtml HTTP/1.1" 200 54398
186.145.68.21 - - [18/Dec/2021:13:30:27 -0500] "POST /sipse/faces/presentacion/financiero/solicitudProceso/listarSolicitudProceso.xhtml HTTP/1.1" 200 54398
186.145.68.21 - - [18/Dec/2021:13:30:28 -0500] "POST /sipse/faces/presentacion/financiero/solicitudProceso/listarSolicitudProceso.xhtml HTTP/1.1" 200 54398
186.145.68.21 - - [18/Dec/2021:13:30:29 -0500] "POST /sipse/faces/presentacion/financiero/solicitudProceso/listarSolicitudProceso.xhtml HTTP/1.1" 200 54398
186.145.68.21 - - [18/Dec/2021:13:30:29 -0500] "POST /sipse/faces/presentacion/financiero/solicitudProceso/listarSolicitudProceso.xhtml HTTP/1.1" 200 54398
186.145.68.21 - - [18/Dec/2021:13:30:30 -0500] "POST /sipse/faces/presentacion/financiero/solicitudProceso/listarSolicitudProceso.xhtml HTTP/1.1" 200 54398
186.145.68.21 - - [18/Dec/2021:13:30:31 -0500] "POST /sipse/faces/presentacion/financiero/solicitudProceso/listarSolicitudProceso.xhtml HTTP/1.1" 200 54398
186.145.68.21 - - [18/Dec/2021:13:30:31 -0500] "POST /sipse/faces/presentacion/financiero/solicitudProceso/listarSolicitudProceso.xhtml HTTP/1.1" 200 54398
173.231.60.194 - - [18/Dec/2021:13:30:32 -0500] "GET /BLA/resoluciones/index.php?dir=RESOLUCIONES%202007%2FRES%202007%201501%20AL%201600%2F&sort=name&order=desc HTTP/1.1" 200 26867
186.145.68.21 - - [18/Dec/2021:13:30:32 -0500] "POST /sipse/faces/presentacion/financiero/solicitudProceso/listarSolicitudProceso.xhtml HTTP/1.1" 200 54398
186.145.68.21 - - [18/Dec/2021:13:30:33 -0500] "POST /sipse/faces/presentacion/financiero/solicitudProceso/listarSolicitudProceso.xhtml HTTP/1.1" 200 54398
186.145.68.21 - - [18/Dec/2021:13:30:34 -0500] "POST /sipse/faces/presentacion/financiero/solicitudProceso/listarSolicitudProceso.xhtml HTTP/1.1" 200 54398
186.145.68.21 - - [18/Dec/2021:13:30:34 -0500] "POST /sipse/faces/presentacion/financiero/solicitudProceso/listarSolicitudProceso.xhtml HTTP/1.1" 200 54398
186.145.68.21 - - [18/Dec/2021:13:30:35 -0500] "POST /sipse/faces/presentacion/financiero/solicitudProceso/listarSolicitudProceso.xhtml HTTP/1.1" 200 54398
186.145.68.21 - - [18/Dec/2021:13:30:36 -0500] "POST /sipse/faces/presentacion/financiero/solicitudProceso/listarSolicitudProceso.xhtml HTTP/1.1" 200 1448
186.145.68.21 - - [18/Dec/2021:13:30:37 -0500] "POST /sipse/faces/presentacion/financiero/solicitudProceso/listarSolicitudProceso.xhtml HTTP/1.1" 200 1448
186.145.68.21 - - [18/Dec/2021:13:30:38 -0500] "POST /sipse/faces/presentacion/financiero/solicitudProceso/listarSolicitudProceso.xhtml HTTP/1.1" 200 1448
186.145.68.21 - - [18/Dec/2021:13:30:38 -0500] "POST /sipse/faces/presentacion/financiero/solicitudProceso/listarSolicitudProceso.xhtml HTTP/1.1" 200 1448
173.231.60.194 - - [18/Dec/2021:13:30:40 -0500] "GET /BLA/resoluciones/index.php?dir=RESOLUCIONES%202007%2FRES%202007%201601%20AL%201725%2F&sort=name&order=desc HTTP/1.1" 200 7201
186.145.68.21 - - [18/Dec/2021:13:30:39 -0500] "POST /sipse/faces/presentacion/financiero/solicitudProceso/listarSolicitudProceso.xhtml HTTP/1.1" 200 1448
190.84.158.194 - - [18/Dec/2021:13:30:41 -0500] "GET /sipse/faces/javax.faces.resource/theme.css?ln=primefaces-sipse HTTP/1.1" 304 -
186.145.68.21 - - [18/Dec/2021:13:30:40 -0500] "POST /sipse/faces/presentacion/financiero/solicitudProceso/listarSolicitudProceso.xhtml HTTP/1.1" 200 1448
190.84.158.194 - - [18/Dec/2021:13:30:41 -0500] "GET /sipse/faces/faces/autenticacion.xhtml HTTP/1.1" 200 12175
190.84.158.194 - - [18/Dec/2021:13:30:41 -0500] "GET /sipse/css/custom_css_sg.css HTTP/1.1" 304 -
190.84.158.194 - - [18/Dec/2021:13:30:41 -0500] "GET /sipse/js/disable_browser_buttons.js HTTP/1.1" 304 -
190.84.158.194 - - [18/Dec/2021:13:30:41 -0500] "GET /sipse/js/funciones.js HTTP/1.1" 304 -
190.84.158.194 - - [18/Dec/2021:13:30:41 -0500] "GET /sipse/css/custom_css_sg_prime_login.css HTTP/1.1" 304 -
190.84.158.194 - - [18/Dec/2021:13:30:41 -0500] "GET /sipse/faces/javax.faces.resource/jquery/jquery-plugins.js?ln=primefaces&v=4.0 HTTP/1.1" 304 -
190.84.158.194 - - [18/Dec/2021:13:30:41 -0500] "GET /sipse/faces/javax.faces.resource/theme.css?ln=primefaces-sipse HTTP/1.1" 304 -
190.84.158.194 - - [18/Dec/2021:13:30:41 -0500] "GET /sipse/faces/javax.faces.resource/layout/layout.css?ln=primefaces&v=4.0 HTTP/1.1" 304 -
190.84.158.194 - - [18/Dec/2021:13:30:41 -0500] "GET /sipse/faces/javax.faces.resource/jquery/jquery.js?ln=primefaces&v=4.0 HTTP/1.1" 304 -
190.84.158.194 - - [18/Dec/2021:13:30:41 -0500] "GET /sipse/faces/javax.faces.resource/primefaces.css?ln=primefaces&v=4.0 HTTP/1.1" 304 -
190.84.158.194 - - [18/Dec/2021:13:30:41 -0500] "GET /sipse/faces/javax.faces.resource/layout/layout.js?ln=primefaces&v=4.0 HTTP/1.1" 304 -
190.84.158.194 - - [18/Dec/2021:13:30:41 -0500] "GET /sipse/faces/javax.faces.resource/primefaces.js?ln=primefaces&v=4.0 HTTP/1.1" 304 -
190.84.158.194 - - [18/Dec/2021:13:30:42 -0500] "GET /sipse/css/imagen/logoSDG.png HTTP/1.1" 304 -
190.84.158.194 - - [18/Dec/2021:13:30:42 -0500] "GET /sipse/css/imagen/loginimg.png HTTP/1.1" 304 -
190.84.158.194 - - [18/Dec/2021:13:30:42 -0500] "GET /sipse/faces/javax.faces.resource/images/ui-icons_898989_256x240.png?ln=primefaces-aristo HTTP/1.1" 304 -
186.145.68.21 - - [18/Dec/2021:13:30:41 -0500] "POST /sipse/faces/presentacion/financiero/solicitudProceso/listarSolicitudProceso.xhtml HTTP/1.1" 200 1448
186.145.68.21 - - [18/Dec/2021:13:30:42 -0500] "POST /sipse/faces/presentacion/financiero/solicitudProceso/listarSolicitudProceso.xhtml HTTP/1.1" 200 1448
186.145.68.21 - - [18/Dec/2021:13:30:43 -0500] "POST /sipse/faces/presentacion/financiero/solicitudProceso/listarSolicitudProceso.xhtml HTTP/1.1" 200 1448
186.145.68.21 - - [18/Dec/2021:13:30:43 -0500] "POST /sipse/faces/presentacion/financiero/solicitudProceso/listarSolicitudProceso.xhtml HTTP/1.1" 200 1448
186.145.68.21 - - [18/Dec/2021:13:30:44 -0500] "POST /sipse/faces/presentacion/financiero/solicitudProceso/listarSolicitudProceso.xhtml HTTP/1.1" 200 1448
186.145.68.21 - - [18/Dec/2021:13:30:45 -0500] "POST /sipse/faces/presentacion/financiero/solicitudProceso/listarSolicitudProceso.xhtml HTTP/1.1" 200 1448
186.145.68.21 - - [18/Dec/2021:13:30:46 -0500] "POST /sipse/faces/presentacion/financiero/solicitudProceso/listarSolicitudProceso.xhtml HTTP/1.1" 200 1448
186.145.68.21 - - [18/Dec/2021:13:30:47 -0500] "POST /sipse/faces/presentacion/financiero/solicitudProceso/listarSolicitudProceso.xhtml HTTP/1.1" 200 1448
173.231.60.194 - - [18/Dec/2021:13:30:48 -0500] "GET /BLA/resoluciones/index.php?dir=RESOLUCIONES%202007%2FRES%202007%201726%20AL%201800%2F&sort=name&order=desc HTTP/1.1" 200 20644
186.145.68.21 - - [18/Dec/2021:13:30:47 -0500] "POST /sipse/faces/presentacion/financiero/solicitudProceso/listarSolicitudProceso.xhtml HTTP/1.1" 200 1448
186.145.68.21 - - [18/Dec/2021:13:30:48 -0500] "POST /sipse/faces/presentacion/financiero/solicitudProceso/listarSolicitudProceso.xhtml HTTP/1.1" 200 1448
186.145.68.21 - - [18/Dec/2021:13:30:49 -0500] "POST /sipse/faces/presentacion/financiero/solicitudProceso/listarSolicitudProceso.xhtml HTTP/1.1" 200 1448
186.145.68.21 - - [18/Dec/2021:13:30:50 -0500] "POST /sipse/faces/presentacion/financiero/solicitudProceso/listarSolicitudProceso.xhtml HTTP/1.1" 200 1448
186.145.68.21 - - [18/Dec/2021:13:30:51 -0500] "POST /sipse/faces/presentacion/financiero/solicitudProceso/listarSolicitudProceso.xhtml HTTP/1.1" 200 1448
186.145.68.21 - - [18/Dec/2021:13:30:51 -0500] "POST /sipse/faces/presentacion/financiero/solicitudProceso/listarSolicitudProceso.xhtml HTTP/1.1" 200 1448
186.145.68.21 - - [18/Dec/2021:13:30:52 -0500] "POST /sipse/faces/presentacion/financiero/solicitudProceso/listarSolicitudProceso.xhtml HTTP/1.1" 200 1448
186.145.68.21 - - [18/Dec/2021:13:30:53 -0500] "POST /sipse/faces/presentacion/financiero/solicitudProceso/listarSolicitudProceso.xhtml HTTP/1.1" 200 1448
186.145.68.21 - - [18/Dec/2021:13:30:54 -0500] "POST /sipse/faces/presentacion/financiero/solicitudProceso/listarSolicitudProceso.xhtml HTTP/1.1" 200 1448
173.231.60.194 - - [18/Dec/2021:13:30:56 -0500] "GET /BLA/resoluciones/index.php?dir=RESOLUCIONES%202007%2FRES%202007%201801%20AL%201900%2F&sort=name&order=desc HTTP/1.1" 200 26856
186.145.68.21 - - [18/Dec/2021:13:30:58 -0500] "POST /sipse/faces/presentacion/financiero/solicitudProceso/listarSolicitudProceso.xhtml HTTP/1.1" 200 1448
173.231.60.194 - - [18/Dec/2021:13:31:02 -0500] "GET /BLA/resoluciones/index.php?dir=RESOLUCIONES%202007%2FRES%202007%201901%20AL%202000%2F&sort=name&order=desc HTTP/1.1" 200 26855
173.231.60.194 - - [18/Dec/2021:13:31:09 -0500] "GET /BLA/resoluciones/index.php?dir=RESOLUCIONES%202007%2FRES%202007%202001%20AL%202100%2F&sort=name&order=desc HTTP/1.1" 200 26869
173.231.60.194 - - [18/Dec/2021:13:31:16 -0500] "GET /BLA/resoluciones/index.php?dir=RESOLUCIONES%202007%2FRES%202007%202101%20AL%202200%2F&sort=name&order=desc HTTP/1.1" 200 26621
173.231.60.194 - - [18/Dec/2021:13:31:22 -0500] "GET /BLA/resoluciones/index.php?dir=RESOLUCIONES%202007%2FRES%202007%202201%20AL%202300%2F&sort=name&order=desc HTTP/1.1" 200 27113
173.231.60.194 - - [18/Dec/2021:13:31:28 -0500] "GET /BLA/resoluciones/index.php?dir=RESOLUCIONES%202007%2FRES%202007%202301%20AL%202400%2F&sort=name&order=desc HTTP/1.1" 200 26610
173.231.60.194 - - [18/Dec/2021:13:31:40 -0500] "GET /BLA/resoluciones/index.php?dir=RESOLUCIONES%202007%2FRES%202007%202401%20AL%202500%2F&sort=name&order=desc HTTP/1.1" 200 26868
186.102.58.190 - - [18/Dec/2021:13:31:46 -0500] "GET /en-esta-navidad-bogota-esta-mejorando-con-mas-espacios-verdes-para-el-disfrute-de-la-ciudadania.html HTTP/1.1" 200 1114
173.231.60.194 - - [18/Dec/2021:13:31:47 -0500] "GET /BLA/resoluciones/index.php?dir=RESOLUCIONES%202007%2FRES%202007%202501%20AL%202600%2F&sort=name&order=desc HTTP/1.1" 200 26846
173.231.60.194 - - [18/Dec/2021:13:31:54 -0500] "GET /BLA/resoluciones/index.php?dir=RESOLUCIONES%202007%2FRES%202007%202601%20AL%202700%2F&sort=name&order=desc HTTP/1.1" 200 26864
173.231.60.194 - - [18/Dec/2021:13:32:03 -0500] "GET /BLA/resoluciones/index.php?dir=RESOLUCIONES%202007%2FRES%202007%202701%20AL%202800%2F&sort=name&order=desc HTTP/1.1" 200 26888
173.231.60.194 - - [18/Dec/2021:13:32:11 -0500] "GET /BLA/resoluciones/index.php?dir=RESOLUCIONES%202007%2FRES%202007%202801%20AL%202900%2F&sort=name&order=desc HTTP/1.1" 200 26858
173.231.60.194 - - [18/Dec/2021:13:32:17 -0500] "GET /BLA/resoluciones/index.php?dir=RESOLUCIONES%202007%2FRES%202007%202901%20AL%203000%2F&sort=name&order=desc HTTP/1.1" 200 26858
173.231.60.194 - - [18/Dec/2021:13:32:24 -0500] "GET /BLA/resoluciones/index.php?dir=RESOLUCIONES%202007%2FRES%202007%203001%20AL%203100%2F&sort=name&order=desc HTTP/1.1" 200 26890
173.231.60.194 - - [18/Dec/2021:13:32:32 -0500] "GET /BLA/resoluciones/index.php?dir=RESOLUCIONES%202007%2FRES%202007%203101%20AL%203200%2F&sort=name&order=desc HTTP/1.1" 200 26879
173.231.60.194 - - [18/Dec/2021:13:32:44 -0500] "GET /BLA/resoluciones/index.php?dir=RESOLUCIONES%202007%2FRES%202007%203201%20AL%203300%2F&sort=name&order=desc HTTP/1.1" 200 27413
173.231.60.194 - - [18/Dec/2021:13:32:52 -0500] "GET /BLA/resoluciones/index.php?dir=RESOLUCIONES%202007%2FRES%202007%203301%20AL%203400%2F&sort=name&order=desc HTTP/1.1" 200 26619
173.231.60.194 - - [18/Dec/2021:13:32:58 -0500] "GET /BLA/resoluciones/index.php?dir=RESOLUCIONES%202007%2FRES%202007%203401%20AL%203500%2F&sort=name&order=desc HTTP/1.1" 200 26617
190.26.187.27 - - [18/Dec/2021:13:33:05 -0500] "GET /BLA/resoluciones/AUTOS%202010/6620.pdf HTTP/1.1" 200 154911
173.231.60.194 - - [18/Dec/2021:13:33:06 -0500] "GET /BLA/resoluciones/index.php?dir=RESOLUCIONES%202007%2FRES%202007%203501%20AL%203600%2F&sort=name&order=desc HTTP/1.1" 200 26835
173.231.60.194 - - [18/Dec/2021:13:33:14 -0500] "GET /BLA/resoluciones/index.php?dir=RESOLUCIONES%202007%2FRES%202007%203601%20AL%203700%2F&sort=name&order=desc HTTP/1.1" 200 26854
173.231.60.194 - - [18/Dec/2021:13:33:21 -0500] "GET /BLA/resoluciones/index.php?dir=RESOLUCIONES%202007%2FRES%202007%203701%20AL%203800%2F&sort=name&order=desc HTTP/1.1" 200 26850
173.231.60.194 - - [18/Dec/2021:13:33:27 -0500] "GET /BLA/resoluciones/index.php?dir=RESOLUCIONES%202007%2FRES%202007%203801%20AL%203900%2F&sort=name&order=desc HTTP/1.1" 200 26636
201.245.192.253 - - [18/Dec/2021:13:32:43 -0500] "POST /kwsrmcab/Wsrmcab HTTP/1.1" 200 44504
173.231.60.194 - - [18/Dec/2021:13:33:33 -0500] "GET /BLA/resoluciones/index.php?dir=RESOLUCIONES%202007%2FRES%202007%203901%20AL%204000%2F&sort=name&order=desc HTTP/1.1" 200 26850
173.231.60.194 - - [18/Dec/2021:13:33:40 -0500] "GET /BLA/resoluciones/index.php?dir=RESOLUCIONES%202007%2FRES%202007%204001%20AL%204100%2F&sort=name&order=desc HTTP/1.1" 200 26863
157.55.39.91 - - [18/Dec/2021:13:33:42 -0500] "GET /sipse/js/funciones.js HTTP/1.1" 200 12592
173.231.60.194 - - [18/Dec/2021:13:33:48 -0500] "GET /BLA/resoluciones/index.php?dir=RESOLUCIONES%202007%2FRES%202007%204101%20AL%204200%2F&sort=name&order=desc HTTP/1.1" 200 26885
173.231.60.194 - - [18/Dec/2021:13:33:57 -0500] "GET /BLA/resoluciones/index.php?dir=RESOLUCIONES%202007%2FRES%202007%204201%20AL%204300%2F&sort=name&order=desc HTTP/1.1" 200 26606
173.231.60.194 - - [18/Dec/2021:13:34:07 -0500] "GET /BLA/resoluciones/index.php?dir=RESOLUCIONES%202007%2FRES%202007%204301%20AL%204352%2F&sort=name&order=desc HTTP/1.1" 200 14904
173.231.60.194 - - [18/Dec/2021:13:34:13 -0500] "GET / HTTP/1.1" 200 319
173.231.60.194 - - [18/Dec/2021:13:34:19 -0500] "GET /catalogoisis/ HTTP/1.1" 404 211
201.245.192.253 - - [18/Dec/2021:13:33:33 -0500] "POST /kwsrmcab/Wsrmcab HTTP/1.1" 200 45954
190.26.187.27 - - [18/Dec/2021:13:34:25 -0500] "GET /BLA/resoluciones/AUTOS%202011/3421.pdf HTTP/1.1" 200 243715
201.245.192.253 - - [18/Dec/2021:13:34:03 -0500] "POST /kwsrmcab/Wsrmcab HTTP/1.1" 200 116182
216.245.221.92 - - [18/Dec/2021:13:35:20 -0500] "HEAD / HTTP/1.1" 200 -
66.249.66.15 - - [18/Dec/2021:13:35:27 -0500] "-" 408 -
173.231.60.194 - - [18/Dec/2021:13:34:27 -0500] "GET /BLA/boletinlegal/ HTTP/1.1" 200 63268
173.231.60.194 - - [18/Dec/2021:13:36:13 -0500] "GET /BLA/boletinlegal/actos.php HTTP/1.1" 200 9519
173.231.60.194 - - [18/Dec/2021:13:36:20 -0500] "GET /BLA/boletinlegal/index.php HTTP/1.1" 200 59633
173.231.60.194 - - [18/Dec/2021:13:38:07 -0500] "GET /BLA/boletinlegal/doctrina.php HTTP/1.1" 200 5604
173.231.60.194 - - [18/Dec/2021:13:38:18 -0500] "GET /BLA/boletinlegal/conceptos.php HTTP/1.1" 200 7405
173.231.60.194 - - [18/Dec/2021:13:38:25 -0500] "GET /BLA/boletinlegal/normativa.php HTTP/1.1" 200 8224
207.46.13.113 - - [18/Dec/2021:13:39:10 -0500] "GET /bla/resoluciones/resoluciones%202021/3595.pdf HTTP/1.1" 200 656845
216.245.221.92 - - [18/Dec/2021:13:40:20 -0500] "HEAD / HTTP/1.1" 200 -
13.66.139.1 - - [18/Dec/2021:13:41:53 -0500] "-" 408 -
207.46.13.52 - - [18/Dec/2021:13:42:21 -0500] "GET /BLA/resoluciones/RESOLUCIONES%202013/0417.pdf HTTP/1.1" 200 581613
157.55.39.106 - - [18/Dec/2021:13:42:30 -0500] "GET /galeria/galeria/fotos/Soratama4P.jpg HTTP/1.1" 200 10482
201.245.192.253 - - [18/Dec/2021:13:42:44 -0500] "POST /kwsrmcab/Wsrmcab HTTP/1.1" 200 44504
173.252.95.4 - - [18/Dec/2021:13:43:42 -0500] "GET /en-esta-navidad-bogota-esta-mejorando-con-mas-espacios-verdes-para-el-disfrute-de-la-ciudadania.html?fbclid=IwAR3Kpr9jwrRyNpwBRqdtkRgE5ErcfvE-swmEsqqrhOP2f24VoqHY8Djko_Q HTTP/1.1" 200 1114
201.245.192.253 - - [18/Dec/2021:13:43:33 -0500] "POST /kwsrmcab/Wsrmcab HTTP/1.1" 200 45954
201.245.192.253 - - [18/Dec/2021:13:44:02 -0500] "POST /kwsrmcab/Wsrmcab HTTP/1.1" 200 116182
157.55.39.91 - - [18/Dec/2021:13:45:14 -0500] "GET /sipse/faces/javax.faces.resource/primefaces.js;jsessionid=ts4jnmugquo5n+lon+jtldkz.undefined?ln=primefaces&v=4.0 HTTP/1.1" 200 276924
216.245.221.92 - - [18/Dec/2021:13:45:20 -0500] "HEAD / HTTP/1.1" 200 -
191.156.54.76 - - [18/Dec/2021:13:46:47 -0500] "GET /sipse/js/disable_browser_buttons.js HTTP/1.1" 200 3230
191.156.51.164 - - [18/Dec/2021:13:46:47 -0500] "GET /sipse/css/custom_css_sg.css HTTP/1.1" 200 9694
191.156.51.164 - - [18/Dec/2021:13:46:47 -0500] "GET /sipse/css/custom_css_sg_prime_login.css HTTP/1.1" 200 443
191.156.51.164 - - [18/Dec/2021:13:46:47 -0500] "GET /sipse/js/funciones.js HTTP/1.1" 200 12592
191.156.61.62 - - [18/Dec/2021:13:46:46 -0500] "GET /sipse/faces/faces/faces/faces/faces/faces/faces/faces/faces/faces/faces/faces/faces/faces/faces/faces/faces/faces/faces/faces/faces/faces/faces/faces/faces/faces/faces/faces/faces/faces/faces/faces/faces/faces/faces/faces/faces/faces/faces/faces/faces/faces/autenticacion.xhtml HTTP/1.1" 200 12497
191.156.54.76 - - [18/Dec/2021:13:46:47 -0500] "GET /sipse/faces/javax.faces.resource/layout/layout.css;jsessionid=bZS5Vz4AaFVIejO3xXm6FKa4.undefined?ln=primefaces&v=4.0 HTTP/1.1" 200 542
191.156.51.164 - - [18/Dec/2021:13:46:47 -0500] "GET /sipse/faces/javax.faces.resource/theme.css?ln=primefaces-sipse HTTP/1.1" 200 50058
191.156.51.164 - - [18/Dec/2021:13:47:01 -0500] "GET /sipse/faces/javax.faces.resource/layout/layout.js;jsessionid=bZS5Vz4AaFVIejO3xXm6FKa4.undefined?ln=primefaces&v=4.0 HTTP/1.1" 200 87560
191.156.61.62 - - [18/Dec/2021:13:46:47 -0500] "GET /sipse/faces/javax.faces.resource/jquery/jquery.js;jsessionid=bZS5Vz4AaFVIejO3xXm6FKa4.undefined?ln=primefaces&v=4.0 HTTP/1.1" 200 105384
191.156.51.164 - - [18/Dec/2021:13:46:47 -0500] "GET /sipse/faces/javax.faces.resource/primefaces.css;jsessionid=bZS5Vz4AaFVIejO3xXm6FKa4.undefined?ln=primefaces&v=4.0 HTTP/1.1" 200 53295
191.156.54.76 - - [18/Dec/2021:13:46:48 -0500] "GET /sipse/faces/javax.faces.resource/jquery/jquery-plugins.js;jsessionid=bZS5Vz4AaFVIejO3xXm6FKa4.undefined?ln=primefaces&v=4.0 HTTP/1.1" 200 220526
191.156.51.164 - - [18/Dec/2021:13:46:53 -0500] "GET /sipse/faces/javax.faces.resource/primefaces.js;jsessionid=bZS5Vz4AaFVIejO3xXm6FKa4.undefined?ln=primefaces&v=4.0 HTTP/1.1" 200 276924
186.84.21.57 - - [18/Dec/2021:13:48:45 -0500] "GET /sipse/faces/presentacion/financiero/solicitudAnulacion/solicitudAnulacion.xhtml HTTP/1.1" 302 -
186.84.21.57 - - [18/Dec/2021:13:48:45 -0500] "GET /sipse/faces/autenticacion.xhtml HTTP/1.1" 200 12175
186.84.21.57 - - [18/Dec/2021:13:48:46 -0500] "GET /sipse/faces/javax.faces.resource/theme.css?ln=primefaces-sipse HTTP/1.1" 304 -
186.84.21.57 - - [18/Dec/2021:13:48:46 -0500] "GET /sipse/faces/javax.faces.resource/primefaces.css?ln=primefaces&v=4.0 HTTP/1.1" 304 -
186.84.21.57 - - [18/Dec/2021:13:48:46 -0500] "GET /sipse/faces/javax.faces.resource/layout/layout.css?ln=primefaces&v=4.0 HTTP/1.1" 304 -
186.84.21.57 - - [18/Dec/2021:13:48:46 -0500] "GET /sipse/faces/javax.faces.resource/jquery/jquery.js?ln=primefaces&v=4.0 HTTP/1.1" 304 -
186.84.21.57 - - [18/Dec/2021:13:48:46 -0500] "GET /sipse/faces/javax.faces.resource/jquery/jquery-plugins.js?ln=primefaces&v=4.0 HTTP/1.1" 304 -
186.84.21.57 - - [18/Dec/2021:13:48:46 -0500] "GET /sipse/faces/javax.faces.resource/primefaces.js?ln=primefaces&v=4.0 HTTP/1.1" 304 -
186.84.21.57 - - [18/Dec/2021:13:48:46 -0500] "GET /sipse/faces/javax.faces.resource/layout/layout.js?ln=primefaces&v=4.0 HTTP/1.1" 304 -
186.84.21.57 - - [18/Dec/2021:13:48:46 -0500] "GET /sipse/faces/javax.faces.resource/images/ui-icons_898989_256x240.png?ln=primefaces-aristo HTTP/1.1" 304 -
186.84.21.57 - - [18/Dec/2021:13:48:46 -0500] "GET /sipse/faces/index.xhtml HTTP/1.1" 200 677
186.84.21.57 - - [18/Dec/2021:13:48:46 -0500] "GET /sipse/faces/javax.faces.resource/theme.css?ln=primefaces-sipse HTTP/1.1" 304 -
186.84.21.57 - - [18/Dec/2021:13:48:46 -0500] "GET /sipse/faces/faces/autenticacion.xhtml HTTP/1.1" 200 12175
186.84.21.57 - - [18/Dec/2021:13:48:46 -0500] "GET /sipse/faces/javax.faces.resource/theme.css?ln=primefaces-sipse HTTP/1.1" 304 -
186.84.21.57 - - [18/Dec/2021:13:48:46 -0500] "GET /sipse/faces/javax.faces.resource/jquery/jquery.js?ln=primefaces&v=4.0 HTTP/1.1" 304 -
186.84.21.57 - - [18/Dec/2021:13:48:46 -0500] "GET /sipse/faces/javax.faces.resource/primefaces.css?ln=primefaces&v=4.0 HTTP/1.1" 304 -
186.84.21.57 - - [18/Dec/2021:13:48:46 -0500] "GET /sipse/faces/javax.faces.resource/jquery/jquery-plugins.js?ln=primefaces&v=4.0 HTTP/1.1" 304 -
186.84.21.57 - - [18/Dec/2021:13:48:46 -0500] "GET /sipse/faces/javax.faces.resource/primefaces.js?ln=primefaces&v=4.0 HTTP/1.1" 304 -
186.84.21.57 - - [18/Dec/2021:13:48:46 -0500] "GET /sipse/faces/javax.faces.resource/layout/layout.css?ln=primefaces&v=4.0 HTTP/1.1" 304 -
186.84.21.57 - - [18/Dec/2021:13:48:46 -0500] "GET /sipse/faces/javax.faces.resource/layout/layout.js?ln=primefaces&v=4.0 HTTP/1.1" 304 -
186.84.21.57 - - [18/Dec/2021:13:48:48 -0500] "POST /sipse/faces/autenticacion.xhtml HTTP/1.1" 200 2220
186.84.21.57 - - [18/Dec/2021:13:48:48 -0500] "GET /sipse/faces/javax.faces.resource/messages/messages.png?ln=primefaces&v=4.0 HTTP/1.1" 304 -
186.84.21.57 - - [18/Dec/2021:13:48:49 -0500] "GET /sipse/faces/javax.faces.resource/images/ui-icons_898989_256x240.png?ln=primefaces-aristo HTTP/1.1" 304 -
186.84.21.57 - - [18/Dec/2021:13:48:50 -0500] "POST /sipse/faces/autenticacion.xhtml HTTP/1.1" 200 16375
186.84.21.57 - - [18/Dec/2021:13:48:50 -0500] "GET /sipse/faces/javax.faces.resource/primefaces.css?ln=primefaces&v=4.0 HTTP/1.1" 304 -
186.84.21.57 - - [18/Dec/2021:13:48:50 -0500] "GET /sipse/faces/javax.faces.resource/layout/layout.css?ln=primefaces&v=4.0 HTTP/1.1" 304 -
186.84.21.57 - - [18/Dec/2021:13:48:50 -0500] "GET /sipse/faces/javax.faces.resource/theme.css?ln=primefaces-sipse HTTP/1.1" 304 -
186.84.21.57 - - [18/Dec/2021:13:48:50 -0500] "GET /sipse/faces/javax.faces.resource/jquery/jquery.js?ln=primefaces&v=4.0 HTTP/1.1" 304 -
186.84.21.57 - - [18/Dec/2021:13:48:50 -0500] "GET /sipse/faces/javax.faces.resource/jquery/jquery-plugins.js?ln=primefaces&v=4.0 HTTP/1.1" 304 -
186.84.21.57 - - [18/Dec/2021:13:48:50 -0500] "GET /sipse/faces/javax.faces.resource/primefaces.js?ln=primefaces&v=4.0 HTTP/1.1" 304 -
186.84.21.57 - - [18/Dec/2021:13:48:50 -0500] "GET /sipse/faces/javax.faces.resource/layout/layout.js?ln=primefaces&v=4.0 HTTP/1.1" 304 -
186.84.21.57 - - [18/Dec/2021:13:48:51 -0500] "GET /sipse/css/imagen/contrasena.png HTTP/1.1" 404 383
186.84.21.57 - - [18/Dec/2021:13:48:55 -0500] "GET /sipse/faces/javax.faces.resource/images/ui-bg_flat_0_2d5972_40x100.png?ln=primefaces-aristo HTTP/1.1" 304 -
186.84.21.57 - - [18/Dec/2021:13:48:55 -0500] "POST /sipse/faces/bienvenido.xhtml HTTP/1.1" 200 2658
186.84.21.57 - - [18/Dec/2021:13:48:57 -0500] "POST /sipse/faces/bienvenido.xhtml HTTP/1.1" 200 184
186.84.21.57 - - [18/Dec/2021:13:48:57 -0500] "GET /sipse/faces/presentacion/financiero/solicitudAnulacion/solicitudAnulacion.xhtml HTTP/1.1" 200 77847
186.84.21.57 - - [18/Dec/2021:13:48:58 -0500] "GET /sipse/faces/javax.faces.resource/theme.css?ln=primefaces-sipse HTTP/1.1" 304 -
186.84.21.57 - - [18/Dec/2021:13:48:58 -0500] "GET /sipse/faces/javax.faces.resource/layout/layout.css?ln=primefaces&v=4.0 HTTP/1.1" 304 -
186.84.21.57 - - [18/Dec/2021:13:48:58 -0500] "GET /sipse/faces/javax.faces.resource/jquery/jquery.js?ln=primefaces&v=4.0 HTTP/1.1" 304 -
186.84.21.57 - - [18/Dec/2021:13:48:58 -0500] "GET /sipse/faces/javax.faces.resource/primefaces.css?ln=primefaces&v=4.0 HTTP/1.1" 304 -
186.84.21.57 - - [18/Dec/2021:13:48:58 -0500] "GET /sipse/faces/javax.faces.resource/jquery/jquery-plugins.js?ln=primefaces&v=4.0 HTTP/1.1" 304 -
186.84.21.57 - - [18/Dec/2021:13:48:58 -0500] "GET /sipse/faces/javax.faces.resource/primefaces.js?ln=primefaces&v=4.0 HTTP/1.1" 304 -
186.84.21.57 - - [18/Dec/2021:13:48:58 -0500] "GET /sipse/faces/javax.faces.resource/layout/layout.js?ln=primefaces&v=4.0 HTTP/1.1" 304 -
186.84.21.57 - - [18/Dec/2021:13:48:58 -0500] "POST /sipse/faces/presentacion/financiero/solicitudAnulacion/solicitudAnulacion.xhtml HTTP/1.1" 200 55881
216.245.221.92 - - [18/Dec/2021:13:50:20 -0500] "HEAD / HTTP/1.1" 200 -
186.29.75.134 - - [18/Dec/2021:13:51:56 -0500] "GET /appsia/controlador HTTP/1.1" 200 4799
186.29.75.134 - - [18/Dec/2021:13:51:59 -0500] "GET /appsia/css/estilos.css HTTP/1.1" 200 4804
186.29.75.134 - - [18/Dec/2021:13:51:59 -0500] "GET /appsia/scripts/validarIngreso.js HTTP/1.1" 200 851
186.29.75.134 - - [18/Dec/2021:13:51:59 -0500] "GET /appsia/images/logo_bogota_p.png HTTP/1.1" 200 14951
186.29.75.134 - - [18/Dec/2021:13:51:59 -0500] "GET /appsia/images/cabezoteHojaVida.png HTTP/1.1" 200 32493
186.29.75.134 - - [18/Dec/2021:13:52:02 -0500] "GET /favicon.ico HTTP/1.1" 200 7782
186.29.75.134 - - [18/Dec/2021:13:52:30 -0500] "POST /appsia/controlador HTTP/1.1" 200 4621
186.29.75.134 - - [18/Dec/2021:13:52:34 -0500] "POST /appsia/controlador HTTP/1.1" 200 7734
186.29.75.134 - - [18/Dec/2021:13:52:34 -0500] "GET /appsia/images/logo_escudo.png HTTP/1.1" 200 36965
201.244.214.135 - - [18/Dec/2021:13:53:04 -0500] "GET /en-esta-navidad-bogota-esta-mejorando-con-mas-espacios-verdes-para-el-disfrute-de-la-ciudadania.html HTTP/1.1" 200 1114
216.245.221.92 - - [18/Dec/2021:13:55:20 -0500] "HEAD / HTTP/1.1" 200 -
186.29.75.134 - - [18/Dec/2021:13:55:40 -0500] "POST /appsia/controlador HTTP/1.1" 200 7734
191.156.53.197 - - [18/Dec/2021:13:56:31 -0500] "GET /sipse/faces/javax.faces.resource/images/ui-icons_898989_256x240.png?ln=primefaces-aristo HTTP/1.1" 200 5355
191.156.54.76 - - [18/Dec/2021:13:56:32 -0500] "GET /favicon.ico HTTP/1.1" 200 7782
191.156.58.40 - - [18/Dec/2021:13:56:31 -0500] "GET /sipse/css/imagen/logoSDG.png HTTP/1.1" 200 53064
191.156.58.135 - - [18/Dec/2021:13:56:31 -0500] "GET /sipse/css/imagen/loginimg.png HTTP/1.1" 200 71635
186.29.75.134 - - [18/Dec/2021:13:57:59 -0500] "POST /appsia/controlador HTTP/1.1" 200 4621
186.29.75.134 - - [18/Dec/2021:13:58:02 -0500] "POST /appsia/controlador HTTP/1.1" 200 7734
186.145.68.21 - - [18/Dec/2021:13:58:13 -0500] "GET /sipse/faces/index.xhtml HTTP/1.1" 200 677
186.145.68.21 - - [18/Dec/2021:13:58:13 -0500] "GET /sipse/faces/javax.faces.resource/theme.css?ln=primefaces-sipse HTTP/1.1" 304 -
207.46.13.234 - - [18/Dec/2021:13:58:13 -0500] "-" 408 -
186.145.68.21 - - [18/Dec/2021:13:58:13 -0500] "GET /sipse/faces/faces/autenticacion.xhtml HTTP/1.1" 200 12183
186.145.68.21 - - [18/Dec/2021:13:58:13 -0500] "GET /sipse/faces/javax.faces.resource/theme.css?ln=primefaces-sipse HTTP/1.1" 304 -
186.145.68.21 - - [18/Dec/2021:13:58:13 -0500] "GET /sipse/faces/javax.faces.resource/primefaces.css?ln=primefaces&v=4.0 HTTP/1.1" 304 -
186.145.68.21 - - [18/Dec/2021:13:58:13 -0500] "GET /sipse/faces/javax.faces.resource/layout/layout.css?ln=primefaces&v=4.0 HTTP/1.1" 304 -
186.145.68.21 - - [18/Dec/2021:13:58:13 -0500] "GET /sipse/faces/javax.faces.resource/jquery/jquery-plugins.js?ln=primefaces&v=4.0 HTTP/1.1" 304 -
186.145.68.21 - - [18/Dec/2021:13:58:13 -0500] "GET /sipse/faces/javax.faces.resource/primefaces.js?ln=primefaces&v=4.0 HTTP/1.1" 304 -
