201.245.192.253 - - [20/Dec/2021:08:39:48 -0500] "GET /sipse/faces/javax.faces.resource/layout/layout.js?ln=primefaces&v=4.0 HTTP/1.1" 304 -
201.245.192.253 - - [20/Dec/2021:08:39:48 -0500] "GET /sipse/faces/javax.faces.resource/images/ui-icons_898989_256x240.png?ln=primefaces-aristo HTTP/1.1" 304 -
181.51.42.59 - - [20/Dec/2021:08:39:48 -0500] "GET /appsia/controlador HTTP/1.1" 200 4799
201.245.192.253 - - [20/Dec/2021:08:39:48 -0500] "GET /reportes_sipse/sdg/ServletReporte?reporte=experienia_idoneidad&solicitud=16461&pfdrid_c=false HTTP/1.1" 200 111565
181.51.42.59 - - [20/Dec/2021:08:39:49 -0500] "GET /appsia/css/estilos.css HTTP/1.1" 200 4804
181.51.42.59 - - [20/Dec/2021:08:39:49 -0500] "GET /appsia/scripts/validarIngreso.js HTTP/1.1" 200 851
181.51.42.59 - - [20/Dec/2021:08:39:49 -0500] "GET /appsia/images/logo_bogota_p.png HTTP/1.1" 200 14951
181.51.42.59 - - [20/Dec/2021:08:39:49 -0500] "GET /appsia/images/cabezoteHojaVida.png HTTP/1.1" 200 32493
181.51.42.59 - - [20/Dec/2021:08:39:49 -0500] "GET /favicon.ico HTTP/1.1" 200 7782
201.245.192.253 - - [20/Dec/2021:08:39:52 -0500] "GET /sipse/faces/javax.faces.resource/images/ui-bg_flat_0_2d5972_40x100.png?ln=primefaces-aristo HTTP/1.1" 304 -
173.231.60.194 - - [20/Dec/2021:08:39:50 -0500] "GET /BLA/resoluciones/index.php?dir=RESOLUCIONES%202011%2F&sort=date&order=asc HTTP/1.1" 200 744610
201.245.192.253 - - [20/Dec/2021:08:39:52 -0500] "POST /sipse/faces/presentacion/financiero/solicitudProceso/consultarSolicitudProceso.xhtml HTTP/1.1" 200 46145
201.245.192.253 - - [20/Dec/2021:08:39:53 -0500] "GET /sipse/faces/javax.faces.resource/theme.css?ln=primefaces-sipse HTTP/1.1" 304 -
201.245.192.253 - - [20/Dec/2021:08:39:53 -0500] "GET /sipse/faces/javax.faces.resource/primefaces.css?ln=primefaces&v=4.0 HTTP/1.1" 304 -
201.245.192.253 - - [20/Dec/2021:08:39:53 -0500] "GET /sipse/faces/javax.faces.resource/layout/layout.css?ln=primefaces&v=4.0 HTTP/1.1" 304 -
201.245.192.253 - - [20/Dec/2021:08:39:53 -0500] "GET /sipse/faces/javax.faces.resource/jquery/jquery.js?ln=primefaces&v=4.0 HTTP/1.1" 304 -
201.245.192.253 - - [20/Dec/2021:08:39:53 -0500] "GET /sipse/faces/javax.faces.resource/jquery/jquery-plugins.js?ln=primefaces&v=4.0 HTTP/1.1" 304 -
201.245.192.253 - - [20/Dec/2021:08:39:53 -0500] "GET /sipse/faces/javax.faces.resource/primefaces.js?ln=primefaces&v=4.0 HTTP/1.1" 304 -
201.245.192.253 - - [20/Dec/2021:08:39:53 -0500] "GET /sipse/faces/javax.faces.resource/layout/layout.js?ln=primefaces&v=4.0 HTTP/1.1" 304 -
201.245.192.253 - - [20/Dec/2021:08:39:56 -0500] "POST /sipse/faces/presentacion/financiero/solicitudProceso/detalleSolicitudProcesoOtrosPagos.xhtml HTTP/1.1" 200 190
201.245.192.253 - - [20/Dec/2021:08:39:58 -0500] "GET /sipse/faces/javax.faces.resource/theme.css?ln=primefaces-sipse HTTP/1.1" 304 -
201.245.192.253 - - [20/Dec/2021:08:39:58 -0500] "GET /sipse/faces/javax.faces.resource/primefaces.css?ln=primefaces&v=4.0 HTTP/1.1" 304 -
201.245.192.253 - - [20/Dec/2021:08:39:58 -0500] "GET /sipse/faces/javax.faces.resource/jquery/jquery.js?ln=primefaces&v=4.0 HTTP/1.1" 304 -
201.245.192.253 - - [20/Dec/2021:08:39:58 -0500] "GET /sipse/faces/javax.faces.resource/layout/layout.css?ln=primefaces&v=4.0 HTTP/1.1" 200 542
201.245.192.253 - - [20/Dec/2021:08:39:58 -0500] "GET /sipse/faces/javax.faces.resource/jquery/jquery-plugins.js?ln=primefaces&v=4.0 HTTP/1.1" 304 -
201.245.192.253 - - [20/Dec/2021:08:39:58 -0500] "GET /sipse/faces/javax.faces.resource/primefaces.js?ln=primefaces&v=4.0 HTTP/1.1" 304 -
201.245.192.253 - - [20/Dec/2021:08:39:58 -0500] "GET /sipse/faces/javax.faces.resource/layout/layout.js?ln=primefaces&v=4.0 HTTP/1.1" 304 -
201.245.192.253 - - [20/Dec/2021:08:39:57 -0500] "GET /sipse/faces/presentacion/financiero/solicitudProceso/solicitudProcesoOtrosPagos.xhtml HTTP/1.1" 200 60807
201.245.192.253 - - [20/Dec/2021:08:39:58 -0500] "GET /sipse/faces/javax.faces.resource/images/ui-icons_898989_256x240.png?ln=primefaces-aristo HTTP/1.1" 200 5355
201.245.192.253 - - [20/Dec/2021:08:39:58 -0500] "GET /sipse/faces/javax.faces.resource/messages/messages.png?ln=primefaces&v=4.0 HTTP/1.1" 304 -
201.245.192.253 - - [20/Dec/2021:08:39:58 -0500] "GET /favicon.ico HTTP/1.1" 200 7782
173.231.60.194 - - [20/Dec/2021:08:39:58 -0500] "GET /BLA/resoluciones/index.php?dir=RESOLUCIONES%202011%2F&sort=size&order=asc HTTP/1.1" 200 744610
186.28.142.26 - - [20/Dec/2021:08:40:05 -0500] "POST /appsia/controlador HTTP/1.1" 200 4799
173.231.60.194 - - [20/Dec/2021:08:40:06 -0500] "GET /BLA/resoluciones/index.php?dir=RESOLUCIONES%202012%2F&sort=date&order=asc HTTP/1.1" 200 139726
201.245.192.253 - - [20/Dec/2021:08:40:09 -0500] "POST /sipse/faces/presentacion/financiero/estudioPrevio/personalSolicitado/personalSolicitadoSolicitudProceso.xhtml HTTP/1.1" 200 7035
201.245.192.253 - - [20/Dec/2021:08:40:14 -0500] "POST /sipse/faces/presentacion/financiero/estudioPrevio/personalSolicitado/personalSolicitadoSolicitudProceso.xhtml HTTP/1.1" 200 36948
201.245.192.253 - - [20/Dec/2021:08:40:14 -0500] "GET /sipse/faces/javax.faces.resource/theme.css?ln=primefaces-sipse HTTP/1.1" 304 -
201.245.192.253 - - [20/Dec/2021:08:40:14 -0500] "GET /sipse/faces/javax.faces.resource/layout/layout.css?ln=primefaces&v=4.0 HTTP/1.1" 304 -
201.245.192.253 - - [20/Dec/2021:08:40:14 -0500] "GET /sipse/faces/javax.faces.resource/primefaces.css?ln=primefaces&v=4.0 HTTP/1.1" 304 -
201.245.192.253 - - [20/Dec/2021:08:40:14 -0500] "GET /sipse/css/imagen/contrasena.png HTTP/1.1" 404 383
201.245.192.253 - - [20/Dec/2021:08:40:14 -0500] "GET /sipse/faces/javax.faces.resource/jquery/jquery.js?ln=primefaces&v=4.0 HTTP/1.1" 304 -
201.245.192.253 - - [20/Dec/2021:08:40:14 -0500] "GET /sipse/faces/javax.faces.resource/jquery/jquery-plugins.js?ln=primefaces&v=4.0 HTTP/1.1" 304 -
201.245.192.253 - - [20/Dec/2021:08:40:14 -0500] "GET /sipse/faces/javax.faces.resource/primefaces.js?ln=primefaces&v=4.0 HTTP/1.1" 304 -
201.245.192.253 - - [20/Dec/2021:08:40:14 -0500] "GET /sipse/faces/javax.faces.resource/layout/layout.js?ln=primefaces&v=4.0 HTTP/1.1" 304 -
173.231.60.194 - - [20/Dec/2021:08:40:14 -0500] "GET /BLA/resoluciones/index.php?dir=RESOLUCIONES%202012%2F&sort=size&order=asc HTTP/1.1" 200 139726
186.31.152.74 - - [20/Dec/2021:08:40:16 -0500] "POST /sipse/faces/presentacion/financiero/estudioPrevio/personalSolicitado/personalSolicitadoSolicitudProceso.xhtml HTTP/1.1" 200 7027
181.51.42.59 - - [20/Dec/2021:08:40:18 -0500] "POST /appsia/controlador HTTP/1.1" 200 5437
201.245.192.253 - - [20/Dec/2021:08:40:17 -0500] "POST /sipse/faces/presentacion/financiero/estudioPrevio/personalSolicitado/asociarProfesionPersonalSolicitado.xhtml HTTP/1.1" 200 21424
181.51.42.59 - - [20/Dec/2021:08:40:20 -0500] "POST /appsia/controlador HTTP/1.1" 200 7728
181.51.42.59 - - [20/Dec/2021:08:40:20 -0500] "GET /appsia/images/logo_escudo.png HTTP/1.1" 200 36965
173.231.60.194 - - [20/Dec/2021:08:40:22 -0500] "GET /BLA/resoluciones/index.php?dir=RESOLUCIONES%202013%2F&sort=date&order=asc HTTP/1.1" 200 236748
201.245.192.253 - - [20/Dec/2021:08:40:25 -0500] "POST /sipse/faces/presentacion/financiero/estudioPrevio/personalSolicitado/asociarProfesionPersonalSolicitado.xhtml HTTP/1.1" 200 50836
201.245.192.253 - - [20/Dec/2021:08:40:25 -0500] "GET /sipse/faces/javax.faces.resource/theme.css?ln=primefaces-sipse HTTP/1.1" 304 -
201.245.192.253 - - [20/Dec/2021:08:40:25 -0500] "GET /sipse/faces/javax.faces.resource/primefaces.css?ln=primefaces&v=4.0 HTTP/1.1" 304 -
201.245.192.253 - - [20/Dec/2021:08:40:25 -0500] "GET /sipse/faces/javax.faces.resource/layout/layout.css?ln=primefaces&v=4.0 HTTP/1.1" 304 -
201.245.192.253 - - [20/Dec/2021:08:40:25 -0500] "GET /sipse/faces/javax.faces.resource/primefaces.js?ln=primefaces&v=4.0 HTTP/1.1" 304 -
201.245.192.253 - - [20/Dec/2021:08:40:25 -0500] "GET /sipse/faces/javax.faces.resource/jquery/jquery.js?ln=primefaces&v=4.0 HTTP/1.1" 304 -
201.245.192.253 - - [20/Dec/2021:08:40:25 -0500] "GET /sipse/faces/javax.faces.resource/jquery/jquery-plugins.js?ln=primefaces&v=4.0 HTTP/1.1" 304 -
201.245.192.253 - - [20/Dec/2021:08:40:25 -0500] "GET /sipse/faces/javax.faces.resource/layout/layout.js?ln=primefaces&v=4.0 HTTP/1.1" 304 -
201.245.192.253 - - [20/Dec/2021:08:40:25 -0500] "GET /sipse/css/imagen/contrasena.png HTTP/1.1" 404 383
201.245.192.253 - - [20/Dec/2021:08:40:26 -0500] "POST /sipse/faces/presentacion/financiero/estudioPrevio/personalSolicitado/personalSolicitadoSolicitudProceso.xhtml HTTP/1.1" 200 36951
201.245.192.253 - - [20/Dec/2021:08:40:26 -0500] "GET /sipse/faces/javax.faces.resource/theme.css?ln=primefaces-sipse HTTP/1.1" 304 -
201.245.192.253 - - [20/Dec/2021:08:40:26 -0500] "GET /sipse/faces/javax.faces.resource/primefaces.css?ln=primefaces&v=4.0 HTTP/1.1" 304 -
201.245.192.253 - - [20/Dec/2021:08:40:26 -0500] "GET /sipse/faces/javax.faces.resource/layout/layout.css?ln=primefaces&v=4.0 HTTP/1.1" 304 -
201.245.192.253 - - [20/Dec/2021:08:40:26 -0500] "GET /sipse/faces/javax.faces.resource/jquery/jquery.js?ln=primefaces&v=4.0 HTTP/1.1" 304 -
201.245.192.253 - - [20/Dec/2021:08:40:26 -0500] "GET /sipse/faces/javax.faces.resource/jquery/jquery-plugins.js?ln=primefaces&v=4.0 HTTP/1.1" 304 -
201.245.192.253 - - [20/Dec/2021:08:40:26 -0500] "GET /sipse/faces/javax.faces.resource/primefaces.js?ln=primefaces&v=4.0 HTTP/1.1" 304 -
201.245.192.253 - - [20/Dec/2021:08:40:26 -0500] "GET /sipse/faces/javax.faces.resource/layout/layout.js?ln=primefaces&v=4.0 HTTP/1.1" 304 -
173.231.60.194 - - [20/Dec/2021:08:40:29 -0500] "GET /BLA/resoluciones/index.php?dir=RESOLUCIONES%202013%2F&sort=size&order=asc HTTP/1.1" 200 236748
186.31.152.74 - - [20/Dec/2021:08:40:30 -0500] "POST /sipse/faces/presentacion/financiero/estudioPrevio/personalSolicitado/personalSolicitadoSolicitudProceso.xhtml HTTP/1.1" 200 36949
186.31.152.74 - - [20/Dec/2021:08:40:32 -0500] "GET /sipse/faces/javax.faces.resource/theme.css?ln=primefaces-sipse HTTP/1.1" 304 -
186.31.152.74 - - [20/Dec/2021:08:40:32 -0500] "GET /sipse/faces/javax.faces.resource/layout/layout.css?ln=primefaces&v=4.0 HTTP/1.1" 304 -
186.31.152.74 - - [20/Dec/2021:08:40:32 -0500] "GET /sipse/faces/javax.faces.resource/primefaces.css?ln=primefaces&v=4.0 HTTP/1.1" 304 -
186.31.152.74 - - [20/Dec/2021:08:40:32 -0500] "GET /sipse/faces/javax.faces.resource/jquery/jquery.js?ln=primefaces&v=4.0 HTTP/1.1" 304 -
201.245.192.253 - - [20/Dec/2021:08:40:32 -0500] "POST /sipse/faces/presentacion/financiero/estudioPrevio/personalSolicitado/asociarProfesionPersonalSolicitado.xhtml HTTP/1.1" 200 21125
186.31.152.74 - - [20/Dec/2021:08:40:33 -0500] "GET /sipse/faces/javax.faces.resource/jquery/jquery-plugins.js?ln=primefaces&v=4.0 HTTP/1.1" 304 -
186.31.152.74 - - [20/Dec/2021:08:40:33 -0500] "GET /sipse/faces/javax.faces.resource/primefaces.js?ln=primefaces&v=4.0 HTTP/1.1" 304 -
201.245.192.253 - - [20/Dec/2021:08:40:33 -0500] "POST /sipse/faces/presentacion/financiero/estudioPrevio/personalSolicitado/asociarProfesionPersonalSolicitado.xhtml HTTP/1.1" 200 1415
186.31.152.74 - - [20/Dec/2021:08:40:34 -0500] "GET /sipse/faces/javax.faces.resource/layout/layout.js?ln=primefaces&v=4.0 HTTP/1.1" 304 -
186.31.152.74 - - [20/Dec/2021:08:40:34 -0500] "GET /sipse/faces/javax.faces.resource/images/ui-icons_898989_256x240.png?ln=primefaces-aristo HTTP/1.1" 304 -
201.245.192.253 - - [20/Dec/2021:08:40:34 -0500] "POST /sipse/faces/presentacion/financiero/estudioPrevio/personalSolicitado/asociarProfesionPersonalSolicitado.xhtml HTTP/1.1" 200 20981
173.231.60.194 - - [20/Dec/2021:08:40:36 -0500] "GET /BLA/resoluciones/index.php?dir=RESOLUCIONES%202014%2F&sort=date&order=asc HTTP/1.1" 200 329421
201.245.192.253 - - [20/Dec/2021:08:40:37 -0500] "POST /sipse/faces/presentacion/financiero/estudioPrevio/personalSolicitado/asociarProfesionPersonalSolicitado.xhtml HTTP/1.1" 200 9207
201.245.192.253 - - [20/Dec/2021:08:40:40 -0500] "POST /sipse/faces/presentacion/financiero/estudioPrevio/personalSolicitado/asociarProfesionPersonalSolicitado.xhtml HTTP/1.1" 200 52111
201.245.192.253 - - [20/Dec/2021:08:40:40 -0500] "GET /sipse/faces/javax.faces.resource/theme.css?ln=primefaces-sipse HTTP/1.1" 304 -
201.245.192.253 - - [20/Dec/2021:08:40:40 -0500] "GET /sipse/faces/javax.faces.resource/primefaces.css?ln=primefaces&v=4.0 HTTP/1.1" 304 -
201.245.192.253 - - [20/Dec/2021:08:40:40 -0500] "GET /sipse/faces/javax.faces.resource/primefaces.js?ln=primefaces&v=4.0 HTTP/1.1" 304 -
201.245.192.253 - - [20/Dec/2021:08:40:40 -0500] "GET /sipse/faces/javax.faces.resource/jquery/jquery.js?ln=primefaces&v=4.0 HTTP/1.1" 304 -
201.245.192.253 - - [20/Dec/2021:08:40:40 -0500] "GET /sipse/faces/javax.faces.resource/jquery/jquery-plugins.js?ln=primefaces&v=4.0 HTTP/1.1" 304 -
201.245.192.253 - - [20/Dec/2021:08:40:40 -0500] "GET /sipse/faces/javax.faces.resource/layout/layout.css?ln=primefaces&v=4.0 HTTP/1.1" 304 -
201.245.192.253 - - [20/Dec/2021:08:40:40 -0500] "GET /sipse/faces/javax.faces.resource/layout/layout.js?ln=primefaces&v=4.0 HTTP/1.1" 304 -
173.231.60.194 - - [20/Dec/2021:08:40:43 -0500] "GET /BLA/resoluciones/index.php?dir=RESOLUCIONES%202014%2F&sort=size&order=asc HTTP/1.1" 200 329421
186.28.142.26 - - [20/Dec/2021:08:40:54 -0500] "POST /appsia/controlador HTTP/1.1" 200 3599
186.28.142.26 - - [20/Dec/2021:08:40:54 -0500] "GET /appsia/jscripts/validarSolicitud.js HTTP/1.1" 404 68
186.31.152.74 - - [20/Dec/2021:08:40:54 -0500] "GET /sipse/faces/javax.faces.resource/images/ui-bg_flat_0_2d5972_40x100.png?ln=primefaces-aristo HTTP/1.1" 304 -
186.31.152.74 - - [20/Dec/2021:08:40:54 -0500] "POST /sipse/faces/presentacion/financiero/estudioPrevio/personalSolicitado/asociarProfesionPersonalSolicitado.xhtml HTTP/1.1" 200 1435
186.31.152.74 - - [20/Dec/2021:08:40:56 -0500] "POST /sipse/faces/presentacion/financiero/estudioPrevio/personalSolicitado/asociarProfesionPersonalSolicitado.xhtml HTTP/1.1" 200 1427
173.231.60.194 - - [20/Dec/2021:08:40:56 -0500] "GET /BLA/resoluciones/index.php?dir=RESOLUCIONES%202015%2F&sort=date&order=asc HTTP/1.1" 200 128500
186.31.152.74 - - [20/Dec/2021:08:40:57 -0500] "POST /sipse/faces/presentacion/financiero/estudioPrevio/personalSolicitado/asociarProfesionPersonalSolicitado.xhtml HTTP/1.1" 200 20981
186.31.152.74 - - [20/Dec/2021:08:40:59 -0500] "POST /sipse/faces/presentacion/financiero/estudioPrevio/personalSolicitado/asociarProfesionPersonalSolicitado.xhtml HTTP/1.1" 200 20981
173.231.60.194 - - [20/Dec/2021:08:41:03 -0500] "GET /BLA/resoluciones/index.php?dir=RESOLUCIONES%202015%2F&sort=size&order=asc HTTP/1.1" 200 128500
186.31.152.74 - - [20/Dec/2021:08:41:03 -0500] "POST /sipse/faces/presentacion/financiero/estudioPrevio/personalSolicitado/asociarProfesionPersonalSolicitado.xhtml HTTP/1.1" 200 21125
186.31.152.74 - - [20/Dec/2021:08:41:05 -0500] "POST /sipse/faces/presentacion/financiero/estudioPrevio/personalSolicitado/asociarProfesionPersonalSolicitado.xhtml HTTP/1.1" 200 21173
186.28.142.26 - - [20/Dec/2021:08:41:07 -0500] "POST /appsia/controlador HTTP/1.1" 200 4799
186.31.152.74 - - [20/Dec/2021:08:41:07 -0500] "POST /sipse/faces/presentacion/financiero/estudioPrevio/personalSolicitado/asociarProfesionPersonalSolicitado.xhtml HTTP/1.1" 200 21177
186.31.152.74 - - [20/Dec/2021:08:41:09 -0500] "POST /sipse/faces/presentacion/financiero/estudioPrevio/personalSolicitado/asociarProfesionPersonalSolicitado.xhtml HTTP/1.1" 200 21049
190.27.245.107 - - [20/Dec/2021:08:41:10 -0500] "GET /sipse/ HTTP/1.1" 302 -
173.231.60.194 - - [20/Dec/2021:08:41:09 -0500] "GET /BLA/resoluciones/index.php?dir=RESOLUCIONES%202016%2F&sort=date&order=asc HTTP/1.1" 200 162287
186.30.30.67 - - [20/Dec/2021:08:41:10 -0500] "GET /sipse/faces/autenticacion.xhtml HTTP/1.1" 200 12495
186.30.30.67 - - [20/Dec/2021:08:41:11 -0500] "GET /sipse/css/custom_css_sg_prime_login.css HTTP/1.1" 304 -
186.30.30.67 - - [20/Dec/2021:08:41:11 -0500] "GET /sipse/css/custom_css_sg.css HTTP/1.1" 304 -
186.30.30.67 - - [20/Dec/2021:08:41:11 -0500] "GET /sipse/faces/javax.faces.resource/theme.css?ln=primefaces-sipse HTTP/1.1" 304 -
186.30.30.67 - - [20/Dec/2021:08:41:11 -0500] "GET /sipse/faces/javax.faces.resource/layout/layout.css;jsessionid=pD50amvjffrZBK7v5ZLk5xLT.undefined?ln=primefaces&v=4.0 HTTP/1.1" 200 542
186.30.30.67 - - [20/Dec/2021:08:41:11 -0500] "GET /sipse/js/funciones.js HTTP/1.1" 304 -
186.30.30.67 - - [20/Dec/2021:08:41:11 -0500] "GET /sipse/faces/javax.faces.resource/primefaces.css;jsessionid=pD50amvjffrZBK7v5ZLk5xLT.undefined?ln=primefaces&v=4.0 HTTP/1.1" 200 53295
186.30.30.67 - - [20/Dec/2021:08:41:11 -0500] "GET /sipse/js/disable_browser_buttons.js HTTP/1.1" 304 -
191.156.187.149 - - [20/Dec/2021:08:41:10 -0500] "POST /sipse/faces/presentacion/financiero/solicitudProceso/consultarSolicitudProceso.xhtml HTTP/1.1" 200 21232
191.156.187.149 - - [20/Dec/2021:08:41:11 -0500] "GET /sipse/faces/javax.faces.resource/theme.css?ln=primefaces-sipse HTTP/1.1" 304 -
191.156.187.149 - - [20/Dec/2021:08:41:11 -0500] "GET /sipse/faces/javax.faces.resource/primefaces.css?ln=primefaces&v=4.0 HTTP/1.1" 304 -
186.30.30.67 - - [20/Dec/2021:08:41:11 -0500] "GET /sipse/faces/javax.faces.resource/jquery/jquery.js;jsessionid=pD50amvjffrZBK7v5ZLk5xLT.undefined?ln=primefaces&v=4.0 HTTP/1.1" 200 105384
191.156.185.160 - - [20/Dec/2021:08:41:11 -0500] "GET /sipse/faces/javax.faces.resource/jquery/jquery.js?ln=primefaces&v=4.0 HTTP/1.1" 304 -
191.156.190.60 - - [20/Dec/2021:08:41:11 -0500] "GET /sipse/faces/javax.faces.resource/jquery/jquery-plugins.js?ln=primefaces&v=4.0 HTTP/1.1" 304 -
191.156.179.144 - - [20/Dec/2021:08:41:11 -0500] "GET /sipse/faces/javax.faces.resource/layout/layout.css?ln=primefaces&v=4.0 HTTP/1.1" 304 -
191.156.185.160 - - [20/Dec/2021:08:41:11 -0500] "GET /sipse/faces/javax.faces.resource/fileupload/fileupload.css?ln=primefaces&v=4.0 HTTP/1.1" 304 -
191.156.187.149 - - [20/Dec/2021:08:41:11 -0500] "GET /sipse/faces/javax.faces.resource/primefaces.js?ln=primefaces&v=4.0 HTTP/1.1" 304 -
191.156.187.149 - - [20/Dec/2021:08:41:11 -0500] "GET /sipse/faces/javax.faces.resource/layout/layout.js?ln=primefaces&v=4.0 HTTP/1.1" 304 -
191.156.185.160 - - [20/Dec/2021:08:41:11 -0500] "GET /sipse/faces/javax.faces.resource/fileupload/fileupload.js?ln=primefaces&v=4.0 HTTP/1.1" 304 -
186.30.30.67 - - [20/Dec/2021:08:41:11 -0500] "GET /sipse/faces/javax.faces.resource/layout/layout.js;jsessionid=pD50amvjffrZBK7v5ZLk5xLT.undefined?ln=primefaces&v=4.0 HTTP/1.1" 200 87560
186.30.30.67 - - [20/Dec/2021:08:41:11 -0500] "GET /sipse/faces/javax.faces.resource/jquery/jquery-plugins.js;jsessionid=pD50amvjffrZBK7v5ZLk5xLT.undefined?ln=primefaces&v=4.0 HTTP/1.1" 200 220526
186.30.30.67 - - [20/Dec/2021:08:41:11 -0500] "GET /sipse/faces/javax.faces.resource/primefaces.js;jsessionid=pD50amvjffrZBK7v5ZLk5xLT.undefined?ln=primefaces&v=4.0 HTTP/1.1" 200 276924
186.30.30.67 - - [20/Dec/2021:08:41:11 -0500] "GET /sipse/css/imagen/logoSDG.png HTTP/1.1" 304 -
186.30.30.67 - - [20/Dec/2021:08:41:11 -0500] "GET /sipse/css/imagen/loginimg.png HTTP/1.1" 304 -
186.30.30.67 - - [20/Dec/2021:08:41:11 -0500] "GET /sipse/faces/javax.faces.resource/images/ui-icons_898989_256x240.png?ln=primefaces-aristo HTTP/1.1" 304 -
186.30.30.67 - - [20/Dec/2021:08:41:11 -0500] "GET /sipse/faces/index.xhtml HTTP/1.1" 200 677
191.156.185.160 - - [20/Dec/2021:08:41:11 -0500] "GET /sipse/css/imagen/contrasena.png HTTP/1.1" 404 383
191.156.187.149 - - [20/Dec/2021:08:41:11 -0500] "GET /sipse/faces/javax.faces.resource/images/ui-icons_898989_256x240.png?ln=primefaces-aristo HTTP/1.1" 304 -
186.30.30.67 - - [20/Dec/2021:08:41:12 -0500] "GET /sipse/faces/javax.faces.resource/theme.css?ln=primefaces-sipse HTTP/1.1" 304 -
186.30.30.67 - - [20/Dec/2021:08:41:12 -0500] "GET /sipse/faces/faces/autenticacion.xhtml HTTP/1.1" 200 12173
186.30.30.67 - - [20/Dec/2021:08:41:12 -0500] "GET /sipse/faces/javax.faces.resource/layout/layout.css?ln=primefaces&v=4.0 HTTP/1.1" 304 -
186.30.30.67 - - [20/Dec/2021:08:41:12 -0500] "GET /sipse/faces/javax.faces.resource/theme.css?ln=primefaces-sipse HTTP/1.1" 304 -
186.30.30.67 - - [20/Dec/2021:08:41:12 -0500] "GET /sipse/faces/javax.faces.resource/jquery/jquery.js?ln=primefaces&v=4.0 HTTP/1.1" 304 -
186.30.30.67 - - [20/Dec/2021:08:41:12 -0500] "GET /sipse/faces/javax.faces.resource/primefaces.css?ln=primefaces&v=4.0 HTTP/1.1" 304 -
186.30.30.67 - - [20/Dec/2021:08:41:12 -0500] "GET /sipse/faces/javax.faces.resource/primefaces.js?ln=primefaces&v=4.0 HTTP/1.1" 304 -
186.30.30.67 - - [20/Dec/2021:08:41:12 -0500] "GET /sipse/faces/javax.faces.resource/jquery/jquery-plugins.js?ln=primefaces&v=4.0 HTTP/1.1" 304 -
186.30.30.67 - - [20/Dec/2021:08:41:12 -0500] "GET /sipse/faces/javax.faces.resource/layout/layout.js?ln=primefaces&v=4.0 HTTP/1.1" 304 -
186.31.152.74 - - [20/Dec/2021:08:41:11 -0500] "POST /sipse/faces/presentacion/financiero/estudioPrevio/personalSolicitado/asociarProfesionPersonalSolicitado.xhtml HTTP/1.1" 200 21053
216.245.221.92 - - [20/Dec/2021:08:41:14 -0500] "HEAD / HTTP/1.1" 200 -
186.31.152.74 - - [20/Dec/2021:08:41:14 -0500] "POST /sipse/faces/presentacion/financiero/estudioPrevio/personalSolicitado/asociarProfesionPersonalSolicitado.xhtml HTTP/1.1" 200 21053
201.245.192.253 - - [20/Dec/2021:08:41:15 -0500] "POST /sipse/faces/presentacion/proyectos/proyecto/proyecto.xhtml HTTP/1.1" 200 34511
201.245.192.253 - - [20/Dec/2021:08:41:16 -0500] "GET /sipse/faces/javax.faces.resource/theme.css?ln=primefaces-sipse HTTP/1.1" 304 -
201.245.192.253 - - [20/Dec/2021:08:41:16 -0500] "GET /sipse/faces/javax.faces.resource/layout/layout.css?ln=primefaces&v=4.0 HTTP/1.1" 304 -
201.245.192.253 - - [20/Dec/2021:08:41:16 -0500] "GET /sipse/faces/javax.faces.resource/primefaces.css?ln=primefaces&v=4.0 HTTP/1.1" 304 -
201.245.192.253 - - [20/Dec/2021:08:41:16 -0500] "GET /sipse/css/imagen/contrasena.png HTTP/1.1" 404 383
201.245.192.253 - - [20/Dec/2021:08:41:16 -0500] "GET /sipse/faces/javax.faces.resource/jquery/jquery.js?ln=primefaces&v=4.0 HTTP/1.1" 304 -
201.245.192.253 - - [20/Dec/2021:08:41:16 -0500] "GET /sipse/faces/javax.faces.resource/jquery/jquery-plugins.js?ln=primefaces&v=4.0 HTTP/1.1" 304 -
201.245.192.253 - - [20/Dec/2021:08:41:16 -0500] "GET /sipse/faces/javax.faces.resource/primefaces.js?ln=primefaces&v=4.0 HTTP/1.1" 304 -
201.245.192.253 - - [20/Dec/2021:08:41:16 -0500] "GET /sipse/faces/javax.faces.resource/layout/layout.js?ln=primefaces&v=4.0 HTTP/1.1" 304 -
201.245.192.253 - - [20/Dec/2021:08:41:16 -0500] "GET /sipse/faces/javax.faces.resource/images/ui-icons_898989_256x240.png?ln=primefaces-aristo HTTP/1.1" 304 -
186.30.30.67 - - [20/Dec/2021:08:41:16 -0500] "POST /sipse/faces/autenticacion.xhtml HTTP/1.1" 200 2219
186.30.30.67 - - [20/Dec/2021:08:41:16 -0500] "GET /sipse/faces/javax.faces.resource/messages/messages.png?ln=primefaces&v=4.0 HTTP/1.1" 304 -
173.231.60.194 - - [20/Dec/2021:08:41:16 -0500] "GET /BLA/resoluciones/index.php?dir=RESOLUCIONES%202016%2F&sort=size&order=asc HTTP/1.1" 200 162287
186.31.152.74 - - [20/Dec/2021:08:41:17 -0500] "POST /sipse/faces/presentacion/financiero/estudioPrevio/personalSolicitado/asociarProfesionPersonalSolicitado.xhtml HTTP/1.1" 200 21053
186.30.30.67 - - [20/Dec/2021:08:41:17 -0500] "GET /sipse/faces/javax.faces.resource/images/ui-icons_898989_256x240.png?ln=primefaces-aristo HTTP/1.1" 304 -
186.30.30.67 - - [20/Dec/2021:08:41:18 -0500] "POST /sipse/faces/autenticacion.xhtml HTTP/1.1" 200 16364
186.30.30.67 - - [20/Dec/2021:08:41:18 -0500] "GET /sipse/css/custom_css_sg_prime.css HTTP/1.1" 304 -
186.30.30.67 - - [20/Dec/2021:08:41:18 -0500] "GET /sipse/js/jquery.min.js HTTP/1.1" 304 -
186.30.30.67 - - [20/Dec/2021:08:41:18 -0500] "GET /sipse/faces/javax.faces.resource/layout/layout.css?ln=primefaces&v=4.0 HTTP/1.1" 304 -
186.30.30.67 - - [20/Dec/2021:08:41:18 -0500] "GET /sipse/faces/javax.faces.resource/theme.css?ln=primefaces-sipse HTTP/1.1" 304 -
186.30.30.67 - - [20/Dec/2021:08:41:18 -0500] "GET /sipse/faces/javax.faces.resource/primefaces.css?ln=primefaces&v=4.0 HTTP/1.1" 304 -
186.30.30.67 - - [20/Dec/2021:08:41:18 -0500] "GET /sipse/faces/javax.faces.resource/jquery/jquery.js?ln=primefaces&v=4.0 HTTP/1.1" 304 -
186.30.30.67 - - [20/Dec/2021:08:41:18 -0500] "GET /sipse/faces/javax.faces.resource/jquery/jquery-plugins.js?ln=primefaces&v=4.0 HTTP/1.1" 304 -
186.30.30.67 - - [20/Dec/2021:08:41:18 -0500] "GET /sipse/faces/javax.faces.resource/primefaces.js?ln=primefaces&v=4.0 HTTP/1.1" 304 -
186.30.30.67 - - [20/Dec/2021:08:41:18 -0500] "GET /sipse/faces/javax.faces.resource/layout/layout.js?ln=primefaces&v=4.0 HTTP/1.1" 304 -
186.30.30.67 - - [20/Dec/2021:08:41:18 -0500] "GET /sipse/imagenes/logoAplicacion.jpg HTTP/1.1" 304 -
186.30.30.67 - - [20/Dec/2021:08:41:18 -0500] "GET /sipse/css/imagen/contrasena.png HTTP/1.1" 404 383
186.30.30.67 - - [20/Dec/2021:08:41:18 -0500] "GET /sipse/imagenes/cargando.gif HTTP/1.1" 304 -
201.245.192.253 - - [20/Dec/2021:08:41:18 -0500] "GET /sipse/faces/javax.faces.resource/images/ui-bg_flat_0_2d5972_40x100.png?ln=primefaces-aristo HTTP/1.1" 304 -
201.245.192.253 - - [20/Dec/2021:08:41:18 -0500] "POST /sipse/faces/presentacion/financiero/solicitudProceso/solicitudProcesoOtrosPagos.xhtml HTTP/1.1" 200 184
201.245.192.253 - - [20/Dec/2021:08:41:19 -0500] "POST /sipse/faces/presentacion/financiero/solicitudProceso/solicitudProcesoOtrosPagos.xhtml HTTP/1.1" 200 184
201.245.192.253 - - [20/Dec/2021:08:41:19 -0500] "GET /sipse/faces/presentacion/financiero/solicitudAnulacion/solicitudAnulacion.xhtml HTTP/1.1" 200 29629
201.245.192.253 - - [20/Dec/2021:08:41:19 -0500] "GET /sipse/faces/presentacion/financiero/solicitudAnulacion/solicitudAnulacion.xhtml HTTP/1.1" 200 81374
201.245.192.253 - - [20/Dec/2021:08:41:19 -0500] "GET /sipse/faces/javax.faces.resource/primefaces.css?ln=primefaces&v=4.0 HTTP/1.1" 304 -
201.245.192.253 - - [20/Dec/2021:08:41:19 -0500] "GET /sipse/faces/javax.faces.resource/layout/layout.css?ln=primefaces&v=4.0 HTTP/1.1" 304 -
201.245.192.253 - - [20/Dec/2021:08:41:19 -0500] "GET /sipse/faces/javax.faces.resource/jquery/jquery.js?ln=primefaces&v=4.0 HTTP/1.1" 304 -
201.245.192.253 - - [20/Dec/2021:08:41:19 -0500] "GET /sipse/faces/javax.faces.resource/theme.css?ln=primefaces-sipse HTTP/1.1" 304 -
201.245.192.253 - - [20/Dec/2021:08:41:19 -0500] "GET /sipse/faces/javax.faces.resource/jquery/jquery-plugins.js?ln=primefaces&v=4.0 HTTP/1.1" 304 -
201.245.192.253 - - [20/Dec/2021:08:41:19 -0500] "GET /sipse/faces/javax.faces.resource/layout/layout.js?ln=primefaces&v=4.0 HTTP/1.1" 304 -
201.245.192.253 - - [20/Dec/2021:08:41:19 -0500] "GET /sipse/faces/javax.faces.resource/primefaces.js?ln=primefaces&v=4.0 HTTP/1.1" 304 -
201.245.192.253 - - [20/Dec/2021:08:41:18 -0500] "POST /sipse/faces/presentacion/proyectos/proyecto/proyecto.xhtml HTTP/1.1" 200 156628
201.245.192.253 - - [20/Dec/2021:08:41:19 -0500] "GET /sipse/faces/javax.faces.resource/theme.css?ln=primefaces-sipse HTTP/1.1" 304 -
201.245.192.253 - - [20/Dec/2021:08:41:19 -0500] "GET /sipse/faces/javax.faces.resource/primefaces.css?ln=primefaces&v=4.0 HTTP/1.1" 304 -
201.245.192.253 - - [20/Dec/2021:08:41:19 -0500] "GET /sipse/faces/javax.faces.resource/layout/layout.css?ln=primefaces&v=4.0 HTTP/1.1" 304 -
201.245.192.253 - - [20/Dec/2021:08:41:19 -0500] "GET /sipse/faces/javax.faces.resource/jquery/jquery.js?ln=primefaces&v=4.0 HTTP/1.1" 304 -
201.245.192.253 - - [20/Dec/2021:08:41:19 -0500] "GET /sipse/faces/javax.faces.resource/jquery/jquery-plugins.js?ln=primefaces&v=4.0 HTTP/1.1" 304 -
201.245.192.253 - - [20/Dec/2021:08:41:20 -0500] "GET /sipse/faces/javax.faces.resource/primefaces.js?ln=primefaces&v=4.0 HTTP/1.1" 304 -
201.245.192.253 - - [20/Dec/2021:08:41:20 -0500] "GET /sipse/faces/javax.faces.resource/layout/layout.js?ln=primefaces&v=4.0 HTTP/1.1" 304 -
201.245.192.253 - - [20/Dec/2021:08:41:20 -0500] "GET /sipse/css/imagen/contrasena.png HTTP/1.1" 404 383
186.31.152.74 - - [20/Dec/2021:08:41:19 -0500] "POST /sipse/faces/presentacion/financiero/estudioPrevio/personalSolicitado/asociarProfesionPersonalSolicitado.xhtml HTTP/1.1" 200 21053
201.245.192.253 - - [20/Dec/2021:08:41:19 -0500] "POST /sipse/faces/presentacion/financiero/solicitudAnulacion/solicitudAnulacion.xhtml HTTP/1.1" 200 55864
201.245.192.253 - - [20/Dec/2021:08:41:20 -0500] "GET /sipse/faces/javax.faces.resource/images/ui-icons_898989_256x240.png?ln=primefaces-aristo HTTP/1.1" 304 -
186.30.30.67 - - [20/Dec/2021:08:41:20 -0500] "GET /sipse/faces/javax.faces.resource/images/ui-bg_flat_0_2d5972_40x100.png?ln=primefaces-aristo HTTP/1.1" 304 -
186.30.30.67 - - [20/Dec/2021:08:41:20 -0500] "POST /sipse/faces/bienvenido.xhtml HTTP/1.1" 200 2658
186.31.152.74 - - [20/Dec/2021:08:41:20 -0500] "POST /sipse/faces/presentacion/financiero/estudioPrevio/personalSolicitado/asociarProfesionPersonalSolicitado.xhtml HTTP/1.1" 200 21057
186.30.30.67 - - [20/Dec/2021:08:41:21 -0500] "POST /sipse/faces/bienvenido.xhtml HTTP/1.1" 200 61755
186.30.30.67 - - [20/Dec/2021:08:41:23 -0500] "GET /sipse/faces/javax.faces.resource/theme.css?ln=primefaces-sipse HTTP/1.1" 304 -
186.30.30.67 - - [20/Dec/2021:08:41:23 -0500] "GET /sipse/faces/javax.faces.resource/layout/layout.css?ln=primefaces&v=4.0 HTTP/1.1" 304 -
186.30.30.67 - - [20/Dec/2021:08:41:23 -0500] "GET /sipse/faces/javax.faces.resource/primefaces.css?ln=primefaces&v=4.0 HTTP/1.1" 304 -
186.30.30.67 - - [20/Dec/2021:08:41:23 -0500] "GET /sipse/faces/javax.faces.resource/jquery/jquery.js?ln=primefaces&v=4.0 HTTP/1.1" 304 -
186.30.30.67 - - [20/Dec/2021:08:41:23 -0500] "GET /sipse/faces/javax.faces.resource/jquery/jquery-plugins.js?ln=primefaces&v=4.0 HTTP/1.1" 304 -
186.30.30.67 - - [20/Dec/2021:08:41:23 -0500] "GET /sipse/faces/javax.faces.resource/primefaces.js?ln=primefaces&v=4.0 HTTP/1.1" 304 -
186.30.30.67 - - [20/Dec/2021:08:41:23 -0500] "GET /sipse/faces/javax.faces.resource/layout/layout.js?ln=primefaces&v=4.0 HTTP/1.1" 304 -
186.30.30.67 - - [20/Dec/2021:08:41:23 -0500] "POST /sipse/faces/presentacion/financiero/solicitudProceso/listarSolicitudProceso.xhtml HTTP/1.1" 200 1448
186.31.152.74 - - [20/Dec/2021:08:41:23 -0500] "POST /sipse/faces/presentacion/financiero/estudioPrevio/personalSolicitado/asociarProfesionPersonalSolicitado.xhtml HTTP/1.1" 200 21053
173.231.60.194 - - [20/Dec/2021:08:41:24 -0500] "GET /BLA/resoluciones/index.php?dir=RESOLUCIONES%202017%2F&sort=date&order=asc HTTP/1.1" 200 273053
186.31.152.74 - - [20/Dec/2021:08:41:25 -0500] "POST /sipse/faces/presentacion/financiero/estudioPrevio/personalSolicitado/asociarProfesionPersonalSolicitado.xhtml HTTP/1.1" 200 21044
186.31.152.74 - - [20/Dec/2021:08:41:26 -0500] "POST /sipse/faces/presentacion/financiero/estudioPrevio/personalSolicitado/asociarProfesionPersonalSolicitado.xhtml HTTP/1.1" 200 21040
157.55.39.216 - - [20/Dec/2021:08:41:28 -0500] "-" 408 -
191.156.179.144 - - [20/Dec/2021:08:41:28 -0500] "GET /sipse/faces/javax.faces.resource/theme.css?ln=primefaces-sipse HTTP/1.1" 304 -
191.156.190.60 - - [20/Dec/2021:08:41:29 -0500] "GET /sipse/faces/javax.faces.resource/primefaces.css?ln=primefaces&v=4.0 HTTP/1.1" 304 -
191.156.190.16 - - [20/Dec/2021:08:41:29 -0500] "GET /sipse/faces/javax.faces.resource/layout/layout.css?ln=primefaces&v=4.0 HTTP/1.1" 304 -
191.156.179.144 - - [20/Dec/2021:08:41:29 -0500] "GET /sipse/faces/javax.faces.resource/primefaces.js?ln=primefaces&v=4.0 HTTP/1.1" 304 -
191.156.190.60 - - [20/Dec/2021:08:41:29 -0500] "GET /sipse/faces/javax.faces.resource/jquery/jquery-plugins.js?ln=primefaces&v=4.0 HTTP/1.1" 304 -
191.156.190.16 - - [20/Dec/2021:08:41:29 -0500] "GET /sipse/faces/javax.faces.resource/jquery/jquery.js?ln=primefaces&v=4.0 HTTP/1.1" 304 -
191.156.190.60 - - [20/Dec/2021:08:41:29 -0500] "GET /sipse/faces/javax.faces.resource/layout/layout.js?ln=primefaces&v=4.0 HTTP/1.1" 304 -
191.156.190.16 - - [20/Dec/2021:08:41:28 -0500] "POST /sipse/faces/presentacion/sistema/anexos/cargarAnexoSolicitudProceso.xhtml HTTP/1.1" 200 171383
191.156.190.60 - - [20/Dec/2021:08:41:30 -0500] "GET /sipse/faces/javax.faces.resource/images/ui-icons_898989_256x240.png?ln=primefaces-aristo HTTP/1.1" 304 -
191.156.190.60 - - [20/Dec/2021:08:41:30 -0500] "GET /reportes_sipse/sdg/ServletReporte?reporte=experienia_idoneidad&solicitud=16461&pfdrid_c=false HTTP/1.1" 200 111565
173.231.60.194 - - [20/Dec/2021:08:41:32 -0500] "GET /BLA/resoluciones/index.php?dir=RESOLUCIONES%202017%2F&sort=size&order=asc HTTP/1.1" 200 273053
186.30.30.67 - - [20/Dec/2021:08:41:34 -0500] "POST /sipse/faces/presentacion/financiero/solicitudProceso/listarSolicitudProceso.xhtml HTTP/1.1" 200 116935
186.30.30.67 - - [20/Dec/2021:08:41:35 -0500] "GET /sipse/faces/javax.faces.resource/primefaces.css?ln=primefaces&v=4.0 HTTP/1.1" 304 -
186.30.30.67 - - [20/Dec/2021:08:41:35 -0500] "GET /sipse/faces/javax.faces.resource/layout/layout.css?ln=primefaces&v=4.0 HTTP/1.1" 304 -
186.30.30.67 - - [20/Dec/2021:08:41:35 -0500] "GET /sipse/faces/javax.faces.resource/theme.css?ln=primefaces-sipse HTTP/1.1" 304 -
186.30.30.67 - - [20/Dec/2021:08:41:35 -0500] "GET /sipse/faces/javax.faces.resource/jquery/jquery.js?ln=primefaces&v=4.0 HTTP/1.1" 304 -
186.30.30.67 - - [20/Dec/2021:08:41:35 -0500] "GET /sipse/faces/javax.faces.resource/jquery/jquery-plugins.js?ln=primefaces&v=4.0 HTTP/1.1" 304 -
186.30.30.67 - - [20/Dec/2021:08:41:35 -0500] "GET /sipse/faces/javax.faces.resource/primefaces.js?ln=primefaces&v=4.0 HTTP/1.1" 304 -
186.30.30.67 - - [20/Dec/2021:08:41:35 -0500] "GET /sipse/faces/javax.faces.resource/layout/layout.js?ln=primefaces&v=4.0 HTTP/1.1" 304 -
186.30.30.67 - - [20/Dec/2021:08:41:35 -0500] "GET /reportes_sipse/sdg/ServletReporte?reporte=experienia_idoneidad&solicitud=16461&pfdrid_c=false HTTP/1.1" 200 111565
201.245.192.253 - - [20/Dec/2021:08:41:37 -0500] "POST /sipse/faces/presentacion/financiero/solicitudAnulacion/solicitudAnulacion.xhtml HTTP/1.1" 200 43172
201.245.192.253 - - [20/Dec/2021:08:41:37 -0500] "GET /sipse/faces/javax.faces.resource/theme.css?ln=primefaces-sipse HTTP/1.1" 304 -
201.245.192.253 - - [20/Dec/2021:08:41:37 -0500] "GET /sipse/faces/javax.faces.resource/primefaces.css?ln=primefaces&v=4.0 HTTP/1.1" 304 -
201.245.192.253 - - [20/Dec/2021:08:41:37 -0500] "GET /sipse/faces/javax.faces.resource/layout/layout.css?ln=primefaces&v=4.0 HTTP/1.1" 304 -
186.31.152.74 - - [20/Dec/2021:08:41:36 -0500] "POST /sipse/faces/presentacion/financiero/estudioPrevio/personalSolicitado/asociarProfesionPersonalSolicitado.xhtml HTTP/1.1" 200 21074
201.245.192.253 - - [20/Dec/2021:08:41:37 -0500] "GET /sipse/faces/javax.faces.resource/jquery/jquery.js?ln=primefaces&v=4.0 HTTP/1.1" 304 -
201.245.192.253 - - [20/Dec/2021:08:41:37 -0500] "GET /sipse/faces/javax.faces.resource/jquery/jquery-plugins.js?ln=primefaces&v=4.0 HTTP/1.1" 304 -
201.245.192.253 - - [20/Dec/2021:08:41:37 -0500] "GET /sipse/faces/javax.faces.resource/primefaces.js?ln=primefaces&v=4.0 HTTP/1.1" 304 -
201.245.192.253 - - [20/Dec/2021:08:41:37 -0500] "GET /sipse/faces/javax.faces.resource/layout/layout.js?ln=primefaces&v=4.0 HTTP/1.1" 304 -
201.245.192.253 - - [20/Dec/2021:08:41:37 -0500] "POST /sipse/faces/presentacion/financiero/solicitudProceso/listarSolicitudProceso.xhtml HTTP/1.1" 200 1376
186.31.152.74 - - [20/Dec/2021:08:41:38 -0500] "POST /sipse/faces/presentacion/financiero/estudioPrevio/personalSolicitado/asociarProfesionPersonalSolicitado.xhtml HTTP/1.1" 200 21070
191.156.190.60 - - [20/Dec/2021:08:41:40 -0500] "GET /sipse/faces/javax.faces.resource/images/ui-bg_flat_0_2d5972_40x100.png?ln=primefaces-aristo HTTP/1.1" 304 -
173.231.60.194 - - [20/Dec/2021:08:41:39 -0500] "GET /BLA/resoluciones/index.php?dir=RESOLUCIONES%202018%2F&sort=date&order=asc HTTP/1.1" 200 250349
191.111.41.222 - - [20/Dec/2021:08:41:41 -0500] "POST /sipse/faces/presentacion/financiero/solicitudProceso/listarSolicitudProceso.xhtml HTTP/1.1" 200 4852
186.30.30.67 - - [20/Dec/2021:08:41:42 -0500] "POST /sipse/faces/presentacion/financiero/solicitudProceso/consultarSolicitudProceso.xhtml HTTP/1.1" 200 33205
186.30.30.67 - - [20/Dec/2021:08:41:42 -0500] "GET /sipse/faces/javax.faces.resource/layout/layout.css?ln=primefaces&v=4.0 HTTP/1.1" 304 -
186.30.30.67 - - [20/Dec/2021:08:41:42 -0500] "GET /sipse/faces/javax.faces.resource/theme.css?ln=primefaces-sipse HTTP/1.1" 304 -
186.30.30.67 - - [20/Dec/2021:08:41:42 -0500] "GET /sipse/faces/javax.faces.resource/jquery/jquery.js?ln=primefaces&v=4.0 HTTP/1.1" 304 -
186.30.30.67 - - [20/Dec/2021:08:41:42 -0500] "GET /sipse/faces/javax.faces.resource/primefaces.css?ln=primefaces&v=4.0 HTTP/1.1" 304 -
186.30.30.67 - - [20/Dec/2021:08:41:43 -0500] "GET /sipse/faces/javax.faces.resource/layout/layout.js?ln=primefaces&v=4.0 HTTP/1.1" 304 -
186.30.30.67 - - [20/Dec/2021:08:41:43 -0500] "GET /sipse/faces/javax.faces.resource/jquery/jquery-plugins.js?ln=primefaces&v=4.0 HTTP/1.1" 304 -
186.30.30.67 - - [20/Dec/2021:08:41:43 -0500] "GET /sipse/faces/javax.faces.resource/primefaces.js?ln=primefaces&v=4.0 HTTP/1.1" 304 -
186.30.30.67 - - [20/Dec/2021:08:41:43 -0500] "GET /sipse/faces/javax.faces.resource/images/ui-icons_898989_256x240.png?ln=primefaces-aristo HTTP/1.1" 304 -
186.31.152.74 - - [20/Dec/2021:08:41:42 -0500] "POST /sipse/faces/presentacion/financiero/estudioPrevio/personalSolicitado/asociarProfesionPersonalSolicitado.xhtml HTTP/1.1" 200 21225
186.31.152.74 - - [20/Dec/2021:08:41:44 -0500] "POST /sipse/faces/presentacion/financiero/estudioPrevio/personalSolicitado/asociarProfesionPersonalSolicitado.xhtml HTTP/1.1" 200 21221
186.31.152.74 - - [20/Dec/2021:08:41:44 -0500] "POST /sipse/faces/presentacion/financiero/estudioPrevio/personalSolicitado/asociarProfesionPersonalSolicitado.xhtml HTTP/1.1" 200 21225
191.111.41.222 - - [20/Dec/2021:08:41:44 -0500] "POST /sipse/faces/presentacion/financiero/solicitudProceso/listarSolicitudProceso.xhtml HTTP/1.1" 200 132335
191.111.41.222 - - [20/Dec/2021:08:41:46 -0500] "GET /sipse/faces/javax.faces.resource/jquery/jquery.js?ln=primefaces&v=4.0 HTTP/1.1" 304 -
191.111.41.222 - - [20/Dec/2021:08:41:46 -0500] "GET /sipse/faces/javax.faces.resource/jquery/jquery-plugins.js?ln=primefaces&v=4.0 HTTP/1.1" 304 -
191.111.41.222 - - [20/Dec/2021:08:41:46 -0500] "GET /sipse/faces/javax.faces.resource/primefaces.js?ln=primefaces&v=4.0 HTTP/1.1" 304 -
191.156.234.222 - - [20/Dec/2021:08:41:46 -0500] "GET /appsia/controlador HTTP/1.1" 200 4799
191.111.41.222 - - [20/Dec/2021:08:41:46 -0500] "GET /sipse/faces/javax.faces.resource/layout/layout.js?ln=primefaces&v=4.0 HTTP/1.1" 304 -
191.156.234.222 - - [20/Dec/2021:08:41:46 -0500] "GET /appsia/scripts/validarIngreso.js HTTP/1.1" 200 851
191.156.234.222 - - [20/Dec/2021:08:41:46 -0500] "GET /appsia/css/estilos.css HTTP/1.1" 200 4804
186.31.152.74 - - [20/Dec/2021:08:41:45 -0500] "POST /sipse/faces/presentacion/financiero/estudioPrevio/personalSolicitado/asociarProfesionPersonalSolicitado.xhtml HTTP/1.1" 200 21221
191.156.190.60 - - [20/Dec/2021:08:41:43 -0500] "POST /sipse/faces/presentacion/financiero/solicitudProceso/consultarSolicitudProceso.xhtml HTTP/1.1" 200 63008
191.156.234.222 - - [20/Dec/2021:08:41:46 -0500] "GET /appsia/images/logo_bogota_p.png HTTP/1.1" 200 14951
191.156.190.60 - - [20/Dec/2021:08:41:46 -0500] "GET /sipse/faces/javax.faces.resource/theme.css?ln=primefaces-sipse HTTP/1.1" 304 -
191.156.234.222 - - [20/Dec/2021:08:41:46 -0500] "GET /appsia/images/cabezoteHojaVida.png HTTP/1.1" 200 32493
191.156.180.91 - - [20/Dec/2021:08:41:46 -0500] "GET /sipse/faces/javax.faces.resource/primefaces.css?ln=primefaces&v=4.0 HTTP/1.1" 304 -
191.156.190.16 - - [20/Dec/2021:08:41:47 -0500] "GET /sipse/faces/javax.faces.resource/layout/layout.css?ln=primefaces&v=4.0 HTTP/1.1" 304 -
191.156.190.60 - - [20/Dec/2021:08:41:47 -0500] "GET /sipse/faces/javax.faces.resource/jquery/jquery.js?ln=primefaces&v=4.0 HTTP/1.1" 304 -
191.156.234.222 - - [20/Dec/2021:08:41:47 -0500] "GET /favicon.ico HTTP/1.1" 200 7782
191.156.190.60 - - [20/Dec/2021:08:41:47 -0500] "GET /sipse/faces/javax.faces.resource/jquery/jquery-plugins.js?ln=primefaces&v=4.0 HTTP/1.1" 304 -
191.156.190.60 - - [20/Dec/2021:08:41:47 -0500] "GET /sipse/faces/javax.faces.resource/primefaces.js?ln=primefaces&v=4.0 HTTP/1.1" 304 -
191.156.190.60 - - [20/Dec/2021:08:41:47 -0500] "GET /sipse/faces/javax.faces.resource/layout/layout.js?ln=primefaces&v=4.0 HTTP/1.1" 304 -
191.111.41.222 - - [20/Dec/2021:08:41:46 -0500] "GET /reportes_sipse/sdg/ServletReporte?reporte=experienia_idoneidad&solicitud=16461&pfdrid_c=false HTTP/1.1" 200 111565
173.231.60.194 - - [20/Dec/2021:08:41:46 -0500] "GET /BLA/resoluciones/index.php?dir=RESOLUCIONES%202018%2F&sort=size&order=asc HTTP/1.1" 200 250349
191.156.182.84 - - [20/Dec/2021:08:41:48 -0500] "GET /sipse/faces/javax.faces.resource/messages/messages.png?ln=primefaces&v=4.0 HTTP/1.1" 304 -
186.31.152.74 - - [20/Dec/2021:08:41:48 -0500] "POST /sipse/faces/presentacion/financiero/estudioPrevio/personalSolicitado/asociarProfesionPersonalSolicitado.xhtml HTTP/1.1" 200 21225
191.156.176.176 - - [20/Dec/2021:08:41:48 -0500] "POST /sipse/faces/presentacion/financiero/solicitudProceso/listarSolicitudProceso.xhtml HTTP/1.1" 200 1448
186.31.152.74 - - [20/Dec/2021:08:41:49 -0500] "POST /sipse/faces/presentacion/financiero/estudioPrevio/personalSolicitado/asociarProfesionPersonalSolicitado.xhtml HTTP/1.1" 200 1423
201.244.138.69 - - [20/Dec/2021:08:41:51 -0500] "GET /en-esta-navidad-bogota-esta-mejorando-con-mas-espacios-verdes-para-el-disfrute-de-la-ciudadania.html HTTP/1.1" 200 1114
186.31.152.74 - - [20/Dec/2021:08:41:51 -0500] "POST /sipse/faces/presentacion/financiero/estudioPrevio/personalSolicitado/asociarProfesionPersonalSolicitado.xhtml HTTP/1.1" 200 1427
186.30.30.67 - - [20/Dec/2021:08:41:52 -0500] "GET /sipse/faces/javax.faces.resource/layout/layout.css?ln=primefaces&v=4.0 HTTP/1.1" 304 -
186.30.30.67 - - [20/Dec/2021:08:41:52 -0500] "GET /sipse/faces/javax.faces.resource/jquery/jquery-plugins.js?ln=primefaces&v=4.0 HTTP/1.1" 304 -
186.30.30.67 - - [20/Dec/2021:08:41:52 -0500] "GET /sipse/faces/javax.faces.resource/jquery/jquery.js?ln=primefaces&v=4.0 HTTP/1.1" 304 -
186.30.30.67 - - [20/Dec/2021:08:41:52 -0500] "GET /sipse/faces/javax.faces.resource/primefaces.css?ln=primefaces&v=4.0 HTTP/1.1" 304 -
186.30.30.67 - - [20/Dec/2021:08:41:52 -0500] "GET /sipse/faces/javax.faces.resource/theme.css?ln=primefaces-sipse HTTP/1.1" 304 -
186.30.30.67 - - [20/Dec/2021:08:41:52 -0500] "GET /sipse/faces/javax.faces.resource/primefaces.js?ln=primefaces&v=4.0 HTTP/1.1" 304 -
186.30.30.67 - - [20/Dec/2021:08:41:52 -0500] "GET /sipse/faces/javax.faces.resource/layout/layout.js?ln=primefaces&v=4.0 HTTP/1.1" 304 -
186.30.30.67 - - [20/Dec/2021:08:41:52 -0500] "GET /sipse/css/imagen/contrasena.png HTTP/1.1" 404 383
186.30.30.67 - - [20/Dec/2021:08:41:52 -0500] "GET /sipse/faces/javax.faces.resource/images/ui-icons_898989_256x240.png?ln=primefaces-aristo HTTP/1.1" 304 -
186.30.30.67 - - [20/Dec/2021:08:41:52 -0500] "POST /sipse/faces/presentacion/financiero/solicitudProceso/consultarHistorialSolProceso.xhtml HTTP/1.1" 200 161865
186.30.30.67 - - [20/Dec/2021:08:41:53 -0500] "GET /reportes_sipse/sdg/ServletReporte?reporte=experienia_idoneidad&solicitud=16461&pfdrid_c=false HTTP/1.1" 200 111565
201.245.192.253 - - [20/Dec/2021:08:41:53 -0500] "POST /sipse/faces/presentacion/proyectos/proyecto/actividad/crearActividad.xhtml HTTP/1.1" 200 83287
201.245.192.253 - - [20/Dec/2021:08:41:54 -0500] "GET /sipse/faces/javax.faces.resource/theme.css?ln=primefaces-sipse HTTP/1.1" 304 -
201.245.192.253 - - [20/Dec/2021:08:41:54 -0500] "GET /sipse/faces/javax.faces.resource/primefaces.css?ln=primefaces&v=4.0 HTTP/1.1" 304 -
201.245.192.253 - - [20/Dec/2021:08:41:54 -0500] "GET /sipse/faces/javax.faces.resource/layout/layout.css?ln=primefaces&v=4.0 HTTP/1.1" 304 -
201.245.192.253 - - [20/Dec/2021:08:41:55 -0500] "GET /sipse/faces/javax.faces.resource/jquery/jquery.js?ln=primefaces&v=4.0 HTTP/1.1" 304 -
201.245.192.253 - - [20/Dec/2021:08:41:55 -0500] "GET /sipse/faces/javax.faces.resource/jquery/jquery-plugins.js?ln=primefaces&v=4.0 HTTP/1.1" 304 -
201.245.192.253 - - [20/Dec/2021:08:41:55 -0500] "GET /sipse/faces/javax.faces.resource/primefaces.js?ln=primefaces&v=4.0 HTTP/1.1" 304 -
201.245.192.253 - - [20/Dec/2021:08:41:55 -0500] "GET /sipse/faces/javax.faces.resource/layout/layout.js?ln=primefaces&v=4.0 HTTP/1.1" 304 -
201.245.192.253 - - [20/Dec/2021:08:41:55 -0500] "GET /sipse/css/imagen/contrasena.png HTTP/1.1" 404 383
186.31.152.74 - - [20/Dec/2021:08:41:54 -0500] "POST /sipse/faces/presentacion/financiero/estudioPrevio/personalSolicitado/asociarProfesionPersonalSolicitado.xhtml HTTP/1.1" 200 21121
173.231.60.194 - - [20/Dec/2021:08:41:54 -0500] "GET /BLA/resoluciones/index.php?dir=RESOLUCIONES%202019%2F&sort=date&order=asc HTTP/1.1" 200 228912
201.245.192.253 - - [20/Dec/2021:08:41:55 -0500] "POST /sipse/faces/presentacion/proyectos/proyecto/proyecto.xhtml HTTP/1.1" 200 3829
201.245.192.253 - - [20/Dec/2021:08:41:56 -0500] "POST /sipse/faces/presentacion/proyectos/proyecto/proyecto.xhtml HTTP/1.1" 200 3829
186.31.152.74 - - [20/Dec/2021:08:41:57 -0500] "POST /sipse/faces/presentacion/financiero/estudioPrevio/personalSolicitado/asociarProfesionPersonalSolicitado.xhtml HTTP/1.1" 200 20981
186.31.152.74 - - [20/Dec/2021:08:41:58 -0500] "POST /sipse/faces/presentacion/financiero/estudioPrevio/personalSolicitado/asociarProfesionPersonalSolicitado.xhtml HTTP/1.1" 200 20981
201.245.192.253 - - [20/Dec/2021:08:42:00 -0500] "POST /sipse/faces/presentacion/proyectos/proyecto/proyecto.xhtml HTTP/1.1" 200 16960
191.156.234.222 - - [20/Dec/2021:08:42:03 -0500] "POST /appsia/controlador HTTP/1.1" 200 5437
186.31.152.74 - - [20/Dec/2021:08:42:01 -0500] "POST /sipse/faces/presentacion/financiero/estudioPrevio/personalSolicitado/asociarProfesionPersonalSolicitado.xhtml HTTP/1.1" 200 21125
173.231.60.194 - - [20/Dec/2021:08:42:02 -0500] "GET /BLA/resoluciones/index.php?dir=RESOLUCIONES%202019%2F&sort=size&order=asc HTTP/1.1" 200 228912
186.31.152.74 - - [20/Dec/2021:08:42:04 -0500] "POST /sipse/faces/presentacion/financiero/estudioPrevio/personalSolicitado/asociarProfesionPersonalSolicitado.xhtml HTTP/1.1" 200 21121
191.156.234.222 - - [20/Dec/2021:08:42:05 -0500] "POST /appsia/controlador HTTP/1.1" 200 9933
191.156.234.222 - - [20/Dec/2021:08:42:05 -0500] "GET /appsia/images/logo_escudo.png HTTP/1.1" 200 36965
186.31.152.74 - - [20/Dec/2021:08:42:05 -0500] "POST /sipse/faces/presentacion/financiero/estudioPrevio/personalSolicitado/asociarProfesionPersonalSolicitado.xhtml HTTP/1.1" 200 21121
186.31.152.74 - - [20/Dec/2021:08:42:07 -0500] "POST /sipse/faces/presentacion/financiero/estudioPrevio/personalSolicitado/asociarProfesionPersonalSolicitado.xhtml HTTP/1.1" 200 21411
173.231.60.194 - - [20/Dec/2021:08:42:09 -0500] "GET /BLA/resoluciones/index.php?dir=RESOLUCIONES%202020%2F&sort=date&order=asc HTTP/1.1" 200 156811
186.31.152.74 - - [20/Dec/2021:08:42:09 -0500] "POST /sipse/faces/presentacion/financiero/estudioPrevio/personalSolicitado/asociarProfesionPersonalSolicitado.xhtml HTTP/1.1" 200 21114
186.31.152.74 - - [20/Dec/2021:08:42:11 -0500] "POST /sipse/faces/presentacion/financiero/estudioPrevio/personalSolicitado/asociarProfesionPersonalSolicitado.xhtml HTTP/1.1" 200 21699
186.31.152.74 - - [20/Dec/2021:08:42:13 -0500] "POST /sipse/faces/presentacion/financiero/estudioPrevio/personalSolicitado/asociarProfesionPersonalSolicitado.xhtml HTTP/1.1" 200 21703
191.156.234.222 - - [20/Dec/2021:08:42:15 -0500] "GET /appsia/controlador HTTP/1.1" 200 5437
201.245.192.253 - - [20/Dec/2021:08:42:14 -0500] "POST /sipse/faces/presentacion/proyectos/proyecto/proyecto.xhtml HTTP/1.1" 200 116106
201.245.192.253 - - [20/Dec/2021:08:42:16 -0500] "GET /sipse/faces/javax.faces.resource/theme.css?ln=primefaces-sipse HTTP/1.1" 304 -
201.245.192.253 - - [20/Dec/2021:08:42:16 -0500] "GET /sipse/faces/javax.faces.resource/primefaces.css?ln=primefaces&v=4.0 HTTP/1.1" 304 -
201.245.192.253 - - [20/Dec/2021:08:42:16 -0500] "GET /sipse/faces/javax.faces.resource/layout/layout.css?ln=primefaces&v=4.0 HTTP/1.1" 304 -
201.245.192.253 - - [20/Dec/2021:08:42:16 -0500] "GET /sipse/faces/javax.faces.resource/jquery/jquery.js?ln=primefaces&v=4.0 HTTP/1.1" 304 -
201.245.192.253 - - [20/Dec/2021:08:42:16 -0500] "GET /sipse/faces/javax.faces.resource/jquery/jquery-plugins.js?ln=primefaces&v=4.0 HTTP/1.1" 304 -
201.245.192.253 - - [20/Dec/2021:08:42:16 -0500] "GET /sipse/faces/javax.faces.resource/primefaces.js?ln=primefaces&v=4.0 HTTP/1.1" 304 -
201.245.192.253 - - [20/Dec/2021:08:42:16 -0500] "GET /sipse/faces/javax.faces.resource/layout/layout.js?ln=primefaces&v=4.0 HTTP/1.1" 304 -
186.31.152.74 - - [20/Dec/2021:08:42:15 -0500] "POST /sipse/faces/presentacion/financiero/estudioPrevio/personalSolicitado/asociarProfesionPersonalSolicitado.xhtml HTTP/1.1" 200 21699
201.245.192.253 - - [20/Dec/2021:08:42:16 -0500] "GET /sipse/css/imagen/contrasena.png HTTP/1.1" 404 383
173.231.60.194 - - [20/Dec/2021:08:42:16 -0500] "GET /BLA/resoluciones/index.php?dir=RESOLUCIONES%202020%2F&sort=size&order=asc HTTP/1.1" 200 156811
186.31.152.74 - - [20/Dec/2021:08:42:17 -0500] "POST /sipse/faces/presentacion/financiero/estudioPrevio/personalSolicitado/asociarProfesionPersonalSolicitado.xhtml HTTP/1.1" 200 21703
186.31.152.74 - - [20/Dec/2021:08:42:19 -0500] "POST /sipse/faces/presentacion/financiero/estudioPrevio/personalSolicitado/asociarProfesionPersonalSolicitado.xhtml HTTP/1.1" 200 21694
173.231.60.194 - - [20/Dec/2021:08:42:23 -0500] "GET /BLA/resoluciones/index.php?dir=RESOLUCIONES%202021%2F&sort=date&order=asc HTTP/1.1" 200 195754
201.245.192.253 - - [20/Dec/2021:08:42:26 -0500] "POST /sipse/faces/presentacion/proyectos/proyecto/meta/meta.xhtml HTTP/1.1" 200 72134
201.245.192.253 - - [20/Dec/2021:08:42:27 -0500] "GET /sipse/faces/javax.faces.resource/theme.css?ln=primefaces-sipse HTTP/1.1" 304 -
201.245.192.253 - - [20/Dec/2021:08:42:27 -0500] "GET /sipse/faces/javax.faces.resource/primefaces.css?ln=primefaces&v=4.0 HTTP/1.1" 304 -
