201.245.192.253 - - [20/Dec/2021:08:42:27 -0500] "GET /sipse/faces/javax.faces.resource/layout/layout.css?ln=primefaces&v=4.0 HTTP/1.1" 304 -
201.245.192.253 - - [20/Dec/2021:08:42:27 -0500] "GET /sipse/faces/javax.faces.resource/jquery/jquery.js?ln=primefaces&v=4.0 HTTP/1.1" 304 -
201.245.192.253 - - [20/Dec/2021:08:42:27 -0500] "GET /sipse/faces/javax.faces.resource/jquery/jquery-plugins.js?ln=primefaces&v=4.0 HTTP/1.1" 304 -
201.245.192.253 - - [20/Dec/2021:08:42:27 -0500] "GET /sipse/faces/javax.faces.resource/primefaces.js?ln=primefaces&v=4.0 HTTP/1.1" 304 -
201.245.192.253 - - [20/Dec/2021:08:42:27 -0500] "GET /sipse/faces/javax.faces.resource/layout/layout.js?ln=primefaces&v=4.0 HTTP/1.1" 304 -
201.245.192.253 - - [20/Dec/2021:08:42:27 -0500] "GET /sipse/faces/javax.faces.resource/spacer/dot_clear.gif?ln=primefaces&v=4.0 HTTP/1.1" 304 -
201.245.192.253 - - [20/Dec/2021:08:42:27 -0500] "GET /sipse/css/imagen/contrasena.png HTTP/1.1" 404 383
201.245.192.253 - - [20/Dec/2021:08:42:28 -0500] "GET /sipse/faces/javax.faces.resource/images/ui-bg_flat_0_2d5972_40x100.png?ln=primefaces-aristo HTTP/1.1" 304 -
201.245.192.253 - - [20/Dec/2021:08:42:28 -0500] "POST /sipse/faces/presentacion/proyectos/proyecto/proyecto.xhtml HTTP/1.1" 200 3393
191.156.176.176 - - [20/Dec/2021:08:42:30 -0500] "POST /sipse/faces/presentacion/financiero/solicitudProceso/listarSolicitudProceso.xhtml HTTP/1.1" 200 123105
201.245.192.253 - - [20/Dec/2021:08:42:31 -0500] "POST /sipse/faces/presentacion/proyectos/proyecto/proyecto.xhtml HTTP/1.1" 200 84650
201.245.192.253 - - [20/Dec/2021:08:42:32 -0500] "GET /sipse/faces/javax.faces.resource/theme.css?ln=primefaces-sipse HTTP/1.1" 304 -
201.245.192.253 - - [20/Dec/2021:08:42:32 -0500] "GET /sipse/faces/javax.faces.resource/layout/layout.css?ln=primefaces&v=4.0 HTTP/1.1" 304 -
201.245.192.253 - - [20/Dec/2021:08:42:32 -0500] "GET /sipse/faces/javax.faces.resource/primefaces.css?ln=primefaces&v=4.0 HTTP/1.1" 304 -
191.156.176.176 - - [20/Dec/2021:08:42:32 -0500] "GET /sipse/faces/javax.faces.resource/theme.css?ln=primefaces-sipse HTTP/1.1" 304 -
201.245.192.253 - - [20/Dec/2021:08:42:32 -0500] "GET /sipse/faces/javax.faces.resource/jquery/jquery.js?ln=primefaces&v=4.0 HTTP/1.1" 304 -
201.245.192.253 - - [20/Dec/2021:08:42:32 -0500] "GET /sipse/faces/javax.faces.resource/jquery/jquery-plugins.js?ln=primefaces&v=4.0 HTTP/1.1" 304 -
191.156.177.125 - - [20/Dec/2021:08:42:32 -0500] "GET /sipse/faces/javax.faces.resource/primefaces.css?ln=primefaces&v=4.0 HTTP/1.1" 304 -
191.156.185.72 - - [20/Dec/2021:08:42:32 -0500] "GET /sipse/faces/javax.faces.resource/layout/layout.css?ln=primefaces&v=4.0 HTTP/1.1" 304 -
201.245.192.253 - - [20/Dec/2021:08:42:32 -0500] "GET /sipse/faces/javax.faces.resource/primefaces.js?ln=primefaces&v=4.0 HTTP/1.1" 304 -
191.156.185.72 - - [20/Dec/2021:08:42:32 -0500] "GET /sipse/faces/javax.faces.resource/jquery/jquery.js?ln=primefaces&v=4.0 HTTP/1.1" 304 -
201.245.192.253 - - [20/Dec/2021:08:42:32 -0500] "GET /sipse/faces/javax.faces.resource/layout/layout.js?ln=primefaces&v=4.0 HTTP/1.1" 304 -
173.231.60.194 - - [20/Dec/2021:08:42:31 -0500] "GET /BLA/resoluciones/index.php?dir=RESOLUCIONES%202021%2F&sort=size&order=asc HTTP/1.1" 200 195754
201.245.192.253 - - [20/Dec/2021:08:42:32 -0500] "GET /sipse/css/imagen/contrasena.png HTTP/1.1" 404 383
191.156.185.72 - - [20/Dec/2021:08:42:32 -0500] "GET /sipse/faces/javax.faces.resource/jquery/jquery-plugins.js?ln=primefaces&v=4.0 HTTP/1.1" 304 -
191.156.185.72 - - [20/Dec/2021:08:42:32 -0500] "GET /sipse/faces/javax.faces.resource/primefaces.js?ln=primefaces&v=4.0 HTTP/1.1" 304 -
191.156.185.72 - - [20/Dec/2021:08:42:32 -0500] "GET /sipse/faces/javax.faces.resource/layout/layout.js?ln=primefaces&v=4.0 HTTP/1.1" 304 -
201.245.192.253 - - [20/Dec/2021:08:42:34 -0500] "POST /sipse/faces/presentacion/proyectos/proyecto/listarProyecto.xhtml HTTP/1.1" 200 4863
191.156.185.72 - - [20/Dec/2021:08:42:33 -0500] "GET /reportes_sipse/sdg/ServletReporte?reporte=experienia_idoneidad&solicitud=16461&pfdrid_c=false HTTP/1.1" 200 111565
201.245.192.253 - - [20/Dec/2021:08:42:35 -0500] "POST /sipse/faces/presentacion/proyectos/proyecto/listarProyecto.xhtml HTTP/1.1" 200 163
191.156.177.125 - - [20/Dec/2021:08:42:35 -0500] "POST /sipse/faces/presentacion/financiero/solicitudProceso/consultarSolicitudProceso.xhtml HTTP/1.1" 200 62531
191.156.177.125 - - [20/Dec/2021:08:42:36 -0500] "GET /sipse/faces/javax.faces.resource/theme.css?ln=primefaces-sipse HTTP/1.1" 304 -
191.156.176.176 - - [20/Dec/2021:08:42:36 -0500] "GET /sipse/faces/javax.faces.resource/primefaces.css?ln=primefaces&v=4.0 HTTP/1.1" 304 -
191.156.179.144 - - [20/Dec/2021:08:42:36 -0500] "GET /sipse/faces/javax.faces.resource/layout/layout.css?ln=primefaces&v=4.0 HTTP/1.1" 304 -
191.156.179.144 - - [20/Dec/2021:08:42:36 -0500] "GET /sipse/faces/javax.faces.resource/jquery/jquery.js?ln=primefaces&v=4.0 HTTP/1.1" 304 -
191.156.179.144 - - [20/Dec/2021:08:42:36 -0500] "GET /sipse/faces/javax.faces.resource/jquery/jquery-plugins.js?ln=primefaces&v=4.0 HTTP/1.1" 304 -
191.156.179.144 - - [20/Dec/2021:08:42:37 -0500] "GET /sipse/faces/javax.faces.resource/primefaces.js?ln=primefaces&v=4.0 HTTP/1.1" 304 -
201.245.192.253 - - [20/Dec/2021:08:42:36 -0500] "GET /sipse/faces/presentacion/proyectos/proyecto/proyecto.xhtml HTTP/1.1" 200 90221
191.156.179.144 - - [20/Dec/2021:08:42:37 -0500] "GET /sipse/faces/javax.faces.resource/layout/layout.js?ln=primefaces&v=4.0 HTTP/1.1" 304 -
201.245.192.253 - - [20/Dec/2021:08:42:37 -0500] "GET /sipse/faces/javax.faces.resource/layout/layout.css?ln=primefaces&v=4.0 HTTP/1.1" 304 -
201.245.192.253 - - [20/Dec/2021:08:42:37 -0500] "GET /sipse/faces/javax.faces.resource/primefaces.js?ln=primefaces&v=4.0 HTTP/1.1" 304 -
201.245.192.253 - - [20/Dec/2021:08:42:37 -0500] "GET /sipse/faces/javax.faces.resource/primefaces.css?ln=primefaces&v=4.0 HTTP/1.1" 304 -
201.245.192.253 - - [20/Dec/2021:08:42:37 -0500] "GET /sipse/faces/javax.faces.resource/theme.css?ln=primefaces-sipse HTTP/1.1" 304 -
201.245.192.253 - - [20/Dec/2021:08:42:37 -0500] "GET /sipse/faces/javax.faces.resource/jquery/jquery.js?ln=primefaces&v=4.0 HTTP/1.1" 304 -
201.245.192.253 - - [20/Dec/2021:08:42:37 -0500] "GET /sipse/faces/javax.faces.resource/jquery/jquery-plugins.js?ln=primefaces&v=4.0 HTTP/1.1" 304 -
201.245.192.253 - - [20/Dec/2021:08:42:37 -0500] "GET /sipse/faces/javax.faces.resource/layout/layout.js?ln=primefaces&v=4.0 HTTP/1.1" 304 -
173.231.60.194 - - [20/Dec/2021:08:42:37 -0500] "GET /BLA/resoluciones/index.php?dir=RESOLUCIONES%201992%2F&sort=name&order=desc HTTP/1.1" 200 2870
191.156.179.144 - - [20/Dec/2021:08:42:37 -0500] "POST /sipse/faces/presentacion/financiero/solicitudProceso/listarSolicitudProceso.xhtml HTTP/1.1" 200 55791
201.245.192.253 - - [20/Dec/2021:08:42:37 -0500] "POST /sipse/faces/presentacion/proyectos/proyecto/proyecto.xhtml HTTP/1.1" 200 3261
191.156.179.144 - - [20/Dec/2021:08:42:38 -0500] "POST /sipse/faces/presentacion/financiero/solicitudProceso/listarSolicitudProceso.xhtml HTTP/1.1" 200 55791
191.156.179.144 - - [20/Dec/2021:08:42:39 -0500] "POST /sipse/faces/presentacion/financiero/solicitudProceso/listarSolicitudProceso.xhtml HTTP/1.1" 200 1448
201.245.192.253 - - [20/Dec/2021:08:42:39 -0500] "POST /sipse/faces/presentacion/financiero/estudioPrevio/personalSolicitado/personalSolicitadoSolicitudProceso.xhtml HTTP/1.1" 200 36956
201.245.192.253 - - [20/Dec/2021:08:42:39 -0500] "GET /sipse/faces/javax.faces.resource/theme.css?ln=primefaces-sipse HTTP/1.1" 304 -
201.245.192.253 - - [20/Dec/2021:08:42:39 -0500] "GET /sipse/faces/javax.faces.resource/primefaces.css?ln=primefaces&v=4.0 HTTP/1.1" 304 -
201.245.192.253 - - [20/Dec/2021:08:42:39 -0500] "GET /sipse/faces/javax.faces.resource/layout/layout.css?ln=primefaces&v=4.0 HTTP/1.1" 304 -
201.245.192.253 - - [20/Dec/2021:08:42:39 -0500] "GET /sipse/faces/javax.faces.resource/jquery/jquery.js?ln=primefaces&v=4.0 HTTP/1.1" 304 -
201.245.192.253 - - [20/Dec/2021:08:42:40 -0500] "GET /sipse/faces/javax.faces.resource/jquery/jquery-plugins.js?ln=primefaces&v=4.0 HTTP/1.1" 304 -
201.245.192.253 - - [20/Dec/2021:08:42:40 -0500] "GET /sipse/faces/javax.faces.resource/primefaces.js?ln=primefaces&v=4.0 HTTP/1.1" 304 -
201.245.192.253 - - [20/Dec/2021:08:42:40 -0500] "GET /sipse/faces/javax.faces.resource/layout/layout.js?ln=primefaces&v=4.0 HTTP/1.1" 304 -
201.245.192.253 - - [20/Dec/2021:08:42:40 -0500] "GET /sipse/faces/javax.faces.resource/images/ui-icons_898989_256x240.png?ln=primefaces-aristo HTTP/1.1" 304 -
201.245.192.253 - - [20/Dec/2021:08:42:40 -0500] "POST /sipse/faces/presentacion/proyectos/proyecto/proyecto.xhtml HTTP/1.1" 200 20041
201.245.192.253 - - [20/Dec/2021:08:42:40 -0500] "GET /sipse/faces/javax.faces.resource/spacer/dot_clear.gif?ln=primefaces&v=4.0 HTTP/1.1" 304 -
191.156.179.144 - - [20/Dec/2021:08:42:39 -0500] "POST /sipse/faces/presentacion/financiero/solicitudProceso/listarSolicitudProceso.xhtml HTTP/1.1" 200 1448
191.156.179.144 - - [20/Dec/2021:08:42:41 -0500] "POST /sipse/faces/presentacion/financiero/solicitudProceso/listarSolicitudProceso.xhtml HTTP/1.1" 200 1448
201.245.192.253 - - [20/Dec/2021:08:42:43 -0500] "GET /sipse/faces/javax.faces.resource/images/ui-bg_flat_0_2d5972_40x100.png?ln=primefaces-aristo HTTP/1.1" 304 -
201.245.192.253 - - [20/Dec/2021:08:42:43 -0500] "POST /sipse/faces/presentacion/financiero/estudioPrevio/personalSolicitado/asociarProfesionPersonalSolicitado.xhtml HTTP/1.1" 200 10393
201.245.192.253 - - [20/Dec/2021:08:42:43 -0500] "POST /sipse/faces/presentacion/proyectos/proyecto/proyecto.xhtml HTTP/1.1" 200 124620
201.245.192.253 - - [20/Dec/2021:08:42:44 -0500] "GET /sipse/faces/javax.faces.resource/theme.css?ln=primefaces-sipse HTTP/1.1" 304 -
201.245.192.253 - - [20/Dec/2021:08:42:44 -0500] "GET /sipse/faces/javax.faces.resource/primefaces.css?ln=primefaces&v=4.0 HTTP/1.1" 304 -
201.245.192.253 - - [20/Dec/2021:08:42:44 -0500] "GET /sipse/faces/javax.faces.resource/layout/layout.css?ln=primefaces&v=4.0 HTTP/1.1" 304 -
201.245.192.253 - - [20/Dec/2021:08:42:44 -0500] "GET /sipse/faces/javax.faces.resource/jquery/jquery.js?ln=primefaces&v=4.0 HTTP/1.1" 304 -
201.245.192.253 - - [20/Dec/2021:08:42:44 -0500] "GET /sipse/faces/javax.faces.resource/jquery/jquery-plugins.js?ln=primefaces&v=4.0 HTTP/1.1" 304 -
173.231.60.194 - - [20/Dec/2021:08:42:44 -0500] "GET /BLA/resoluciones/index.php?dir=RESOLUCIONES%201993%2F&sort=name&order=desc HTTP/1.1" 200 2878
201.245.192.253 - - [20/Dec/2021:08:42:44 -0500] "GET /sipse/faces/javax.faces.resource/primefaces.js?ln=primefaces&v=4.0 HTTP/1.1" 304 -
201.245.192.253 - - [20/Dec/2021:08:42:44 -0500] "GET /sipse/faces/javax.faces.resource/layout/layout.js?ln=primefaces&v=4.0 HTTP/1.1" 304 -
191.156.179.144 - - [20/Dec/2021:08:42:44 -0500] "POST /sipse/faces/presentacion/financiero/solicitudProceso/listarSolicitudProceso.xhtml HTTP/1.1" 200 36491
201.245.192.253 - - [20/Dec/2021:08:42:46 -0500] "POST /sipse/faces/presentacion/financiero/estudioPrevio/personalSolicitado/asociarProfesionPersonalSolicitado.xhtml HTTP/1.1" 200 53390
201.245.192.253 - - [20/Dec/2021:08:42:46 -0500] "GET /sipse/faces/javax.faces.resource/theme.css?ln=primefaces-sipse HTTP/1.1" 304 -
201.245.192.253 - - [20/Dec/2021:08:42:46 -0500] "GET /sipse/faces/javax.faces.resource/layout/layout.css?ln=primefaces&v=4.0 HTTP/1.1" 304 -
201.245.192.253 - - [20/Dec/2021:08:42:46 -0500] "GET /sipse/faces/javax.faces.resource/primefaces.css?ln=primefaces&v=4.0 HTTP/1.1" 304 -
201.245.192.253 - - [20/Dec/2021:08:42:46 -0500] "GET /sipse/faces/javax.faces.resource/jquery/jquery-plugins.js?ln=primefaces&v=4.0 HTTP/1.1" 304 -
201.245.192.253 - - [20/Dec/2021:08:42:46 -0500] "GET /sipse/faces/javax.faces.resource/jquery/jquery.js?ln=primefaces&v=4.0 HTTP/1.1" 304 -
201.245.192.253 - - [20/Dec/2021:08:42:46 -0500] "GET /sipse/faces/javax.faces.resource/primefaces.js?ln=primefaces&v=4.0 HTTP/1.1" 304 -
201.245.192.253 - - [20/Dec/2021:08:42:46 -0500] "GET /sipse/faces/javax.faces.resource/layout/layout.js?ln=primefaces&v=4.0 HTTP/1.1" 304 -
201.245.192.253 - - [20/Dec/2021:08:42:46 -0500] "GET /sipse/faces/javax.faces.resource/images/ui-icons_898989_256x240.png?ln=primefaces-aristo HTTP/1.1" 304 -
201.244.138.69 - - [20/Dec/2021:08:42:50 -0500] "GET /documents/10184/2325415/pieza-concurso-buenas-practicas-20-septiembre.jpg HTTP/1.1" 404 1030
201.245.192.253 - - [20/Dec/2021:08:42:51 -0500] "POST /sipse/faces/presentacion/financiero/estudioPrevio/personalSolicitado/personalSolicitadoSolicitudProceso.xhtml HTTP/1.1" 200 36960
201.245.192.253 - - [20/Dec/2021:08:42:51 -0500] "GET /sipse/faces/javax.faces.resource/theme.css?ln=primefaces-sipse HTTP/1.1" 304 -
201.245.192.253 - - [20/Dec/2021:08:42:51 -0500] "GET /sipse/faces/javax.faces.resource/primefaces.css?ln=primefaces&v=4.0 HTTP/1.1" 304 -
201.245.192.253 - - [20/Dec/2021:08:42:51 -0500] "GET /sipse/faces/javax.faces.resource/layout/layout.css?ln=primefaces&v=4.0 HTTP/1.1" 304 -
201.245.192.253 - - [20/Dec/2021:08:42:52 -0500] "GET /sipse/faces/javax.faces.resource/jquery/jquery.js?ln=primefaces&v=4.0 HTTP/1.1" 304 -
201.245.192.253 - - [20/Dec/2021:08:42:52 -0500] "GET /sipse/faces/javax.faces.resource/jquery/jquery-plugins.js?ln=primefaces&v=4.0 HTTP/1.1" 304 -
201.245.192.253 - - [20/Dec/2021:08:42:52 -0500] "GET /sipse/faces/javax.faces.resource/primefaces.js?ln=primefaces&v=4.0 HTTP/1.1" 304 -
201.245.192.253 - - [20/Dec/2021:08:42:52 -0500] "GET /sipse/faces/javax.faces.resource/layout/layout.js?ln=primefaces&v=4.0 HTTP/1.1" 304 -
173.231.60.194 - - [20/Dec/2021:08:42:52 -0500] "GET /BLA/resoluciones/index.php?dir=RESOLUCIONES%201994%2F&sort=name&order=desc HTTP/1.1" 200 2478
186.31.152.74 - - [20/Dec/2021:08:42:55 -0500] "GET /sipse/faces/javax.faces.resource/theme.css?ln=primefaces-sipse HTTP/1.1" 304 -
186.31.152.74 - - [20/Dec/2021:08:42:55 -0500] "GET /sipse/faces/javax.faces.resource/primefaces.css?ln=primefaces&v=4.0 HTTP/1.1" 304 -
186.31.152.74 - - [20/Dec/2021:08:42:55 -0500] "GET /sipse/faces/javax.faces.resource/jquery/jquery.js?ln=primefaces&v=4.0 HTTP/1.1" 304 -
186.31.152.74 - - [20/Dec/2021:08:42:55 -0500] "GET /sipse/faces/javax.faces.resource/layout/layout.css?ln=primefaces&v=4.0 HTTP/1.1" 304 -
186.31.152.74 - - [20/Dec/2021:08:42:55 -0500] "GET /sipse/faces/javax.faces.resource/primefaces.js?ln=primefaces&v=4.0 HTTP/1.1" 304 -
186.31.152.74 - - [20/Dec/2021:08:42:55 -0500] "GET /sipse/faces/javax.faces.resource/jquery/jquery-plugins.js?ln=primefaces&v=4.0 HTTP/1.1" 304 -
186.31.152.74 - - [20/Dec/2021:08:42:55 -0500] "GET /sipse/faces/javax.faces.resource/layout/layout.js?ln=primefaces&v=4.0 HTTP/1.1" 304 -
186.31.152.74 - - [20/Dec/2021:08:42:54 -0500] "POST /sipse/faces/presentacion/financiero/estudioPrevio/personalSolicitado/asociarProfesionPersonalSolicitado.xhtml HTTP/1.1" 200 50863
186.31.152.74 - - [20/Dec/2021:08:42:55 -0500] "GET /sipse/css/imagen/contrasena.png HTTP/1.1" 404 383
186.31.152.74 - - [20/Dec/2021:08:42:55 -0500] "GET /sipse/faces/javax.faces.resource/images/ui-icons_898989_256x240.png?ln=primefaces-aristo HTTP/1.1" 304 -
201.245.192.253 - - [20/Dec/2021:08:42:54 -0500] "POST /sipse/faces/presentacion/financiero/estudioPrevio/personalSolicitado/asociarProfesionPersonalSolicitado.xhtml HTTP/1.1" 200 21434
201.245.192.253 - - [20/Dec/2021:08:42:57 -0500] "POST /sipse/faces/presentacion/financiero/estudioPrevio/personalSolicitado/asociarProfesionPersonalSolicitado.xhtml HTTP/1.1" 200 54651
201.245.192.253 - - [20/Dec/2021:08:42:57 -0500] "GET /sipse/faces/javax.faces.resource/theme.css?ln=primefaces-sipse HTTP/1.1" 304 -
201.245.192.253 - - [20/Dec/2021:08:42:57 -0500] "GET /sipse/faces/javax.faces.resource/primefaces.css?ln=primefaces&v=4.0 HTTP/1.1" 304 -
201.245.192.253 - - [20/Dec/2021:08:42:57 -0500] "GET /sipse/faces/javax.faces.resource/layout/layout.css?ln=primefaces&v=4.0 HTTP/1.1" 304 -
201.245.192.253 - - [20/Dec/2021:08:42:57 -0500] "GET /sipse/faces/javax.faces.resource/jquery/jquery.js?ln=primefaces&v=4.0 HTTP/1.1" 304 -
201.245.192.253 - - [20/Dec/2021:08:42:57 -0500] "GET /sipse/faces/javax.faces.resource/jquery/jquery-plugins.js?ln=primefaces&v=4.0 HTTP/1.1" 304 -
201.245.192.253 - - [20/Dec/2021:08:42:57 -0500] "GET /sipse/faces/javax.faces.resource/primefaces.js?ln=primefaces&v=4.0 HTTP/1.1" 304 -
201.245.192.253 - - [20/Dec/2021:08:42:57 -0500] "GET /sipse/faces/javax.faces.resource/layout/layout.js?ln=primefaces&v=4.0 HTTP/1.1" 304 -
173.231.60.194 - - [20/Dec/2021:08:42:58 -0500] "GET /BLA/resoluciones/index.php?dir=RESOLUCIONES%201995%2F&sort=name&order=desc HTTP/1.1" 200 12326
186.28.142.26 - - [20/Dec/2021:08:43:02 -0500] "POST /appsia/controlador HTTP/1.1" 200 5437
173.231.60.194 - - [20/Dec/2021:08:43:04 -0500] "GET /BLA/resoluciones/index.php?dir=RESOLUCIONES%201996%2F&sort=name&order=desc HTTP/1.1" 200 8966
181.63.121.19 - - [20/Dec/2021:08:43:07 -0500] "POST /sipse/faces/presentacion/financiero/solicitudProceso/listarSolicitudProceso.xhtml HTTP/1.1" 200 911
201.245.192.253 - - [20/Dec/2021:08:43:08 -0500] "GET /sipse/faces/javax.faces.resource/images/ui-icons_898989_256x240.png?ln=primefaces-aristo HTTP/1.1" 304 -
201.245.192.253 - - [20/Dec/2021:08:43:08 -0500] "POST /sipse/faces/presentacion/financiero/estudioPrevio/personalSolicitado/personalSolicitadoSolicitudProceso.xhtml HTTP/1.1" 200 179058
201.245.192.253 - - [20/Dec/2021:08:43:09 -0500] "GET /sipse/faces/javax.faces.resource/theme.css?ln=primefaces-sipse HTTP/1.1" 304 -
201.245.192.253 - - [20/Dec/2021:08:43:09 -0500] "GET /sipse/faces/javax.faces.resource/primefaces.css?ln=primefaces&v=4.0 HTTP/1.1" 304 -
201.245.192.253 - - [20/Dec/2021:08:43:09 -0500] "GET /sipse/faces/javax.faces.resource/jquery/jquery-plugins.js?ln=primefaces&v=4.0 HTTP/1.1" 304 -
201.245.192.253 - - [20/Dec/2021:08:43:09 -0500] "GET /sipse/faces/javax.faces.resource/layout/layout.css?ln=primefaces&v=4.0 HTTP/1.1" 304 -
201.245.192.253 - - [20/Dec/2021:08:43:09 -0500] "GET /sipse/faces/javax.faces.resource/jquery/jquery.js?ln=primefaces&v=4.0 HTTP/1.1" 304 -
201.245.192.253 - - [20/Dec/2021:08:43:09 -0500] "GET /sipse/faces/javax.faces.resource/primefaces.js?ln=primefaces&v=4.0 HTTP/1.1" 304 -
201.245.192.253 - - [20/Dec/2021:08:43:09 -0500] "GET /sipse/faces/javax.faces.resource/layout/layout.js?ln=primefaces&v=4.0 HTTP/1.1" 304 -
201.245.192.253 - - [20/Dec/2021:08:43:09 -0500] "GET /sipse/faces/javax.faces.resource/images/ui-icons_898989_256x240.png?ln=primefaces-aristo HTTP/1.1" 304 -
201.245.192.253 - - [20/Dec/2021:08:43:09 -0500] "GET /reportes_sipse/sdg/ServletReporte?reporte=experienia_idoneidad&solicitud=16461&pfdrid_c=false HTTP/1.1" 200 111565
173.231.60.194 - - [20/Dec/2021:08:43:11 -0500] "GET /BLA/resoluciones/index.php?dir=RESOLUCIONES%201997%2F&sort=name&order=desc HTTP/1.1" 200 16814
201.245.192.253 - - [20/Dec/2021:08:43:13 -0500] "POST /sipse/faces/presentacion/financiero/solicitudProceso/consultarSolicitudProceso.xhtml HTTP/1.1" 200 60178
201.245.192.253 - - [20/Dec/2021:08:43:15 -0500] "GET /sipse/faces/javax.faces.resource/theme.css?ln=primefaces-sipse HTTP/1.1" 304 -
201.245.192.253 - - [20/Dec/2021:08:43:15 -0500] "GET /sipse/faces/javax.faces.resource/primefaces.css?ln=primefaces&v=4.0 HTTP/1.1" 304 -
201.245.192.253 - - [20/Dec/2021:08:43:15 -0500] "GET /sipse/faces/javax.faces.resource/layout/layout.css?ln=primefaces&v=4.0 HTTP/1.1" 304 -
201.245.192.253 - - [20/Dec/2021:08:43:15 -0500] "GET /sipse/faces/javax.faces.resource/jquery/jquery.js?ln=primefaces&v=4.0 HTTP/1.1" 304 -
201.245.192.253 - - [20/Dec/2021:08:43:15 -0500] "GET /sipse/faces/javax.faces.resource/jquery/jquery-plugins.js?ln=primefaces&v=4.0 HTTP/1.1" 304 -
201.245.192.253 - - [20/Dec/2021:08:43:15 -0500] "GET /sipse/faces/javax.faces.resource/primefaces.js?ln=primefaces&v=4.0 HTTP/1.1" 304 -
201.245.192.253 - - [20/Dec/2021:08:43:15 -0500] "GET /sipse/faces/javax.faces.resource/layout/layout.js?ln=primefaces&v=4.0 HTTP/1.1" 304 -
201.245.192.253 - - [20/Dec/2021:08:43:15 -0500] "GET /sipse/faces/javax.faces.resource/messages/messages.png?ln=primefaces&v=4.0 HTTP/1.1" 304 -
201.245.192.253 - - [20/Dec/2021:08:43:15 -0500] "POST /sipse/faces/presentacion/financiero/solicitudProceso/listarSolicitudProceso.xhtml HTTP/1.1" 200 1448
173.231.60.194 - - [20/Dec/2021:08:43:18 -0500] "GET /BLA/resoluciones/index.php?dir=RESOLUCIONES%201998%2F&sort=name&order=desc HTTP/1.1" 200 13224
201.245.192.253 - - [20/Dec/2021:08:43:19 -0500] "POST /sipse/faces/presentacion/financiero/solicitudProceso/listarSolicitudProceso.xhtml HTTP/1.1" 200 29730
201.245.192.253 - - [20/Dec/2021:08:43:22 -0500] "POST /sipse/faces/presentacion/proyectos/proyecto/meta/meta.xhtml HTTP/1.1" 200 157564
201.245.192.253 - - [20/Dec/2021:08:43:23 -0500] "GET /sipse/faces/javax.faces.resource/theme.css?ln=primefaces-sipse HTTP/1.1" 304 -
201.245.192.253 - - [20/Dec/2021:08:43:23 -0500] "GET /sipse/faces/javax.faces.resource/primefaces.css?ln=primefaces&v=4.0 HTTP/1.1" 304 -
201.245.192.253 - - [20/Dec/2021:08:43:23 -0500] "GET /sipse/faces/javax.faces.resource/layout/layout.css?ln=primefaces&v=4.0 HTTP/1.1" 304 -
201.245.192.253 - - [20/Dec/2021:08:43:23 -0500] "GET /sipse/faces/javax.faces.resource/jquery/jquery.js?ln=primefaces&v=4.0 HTTP/1.1" 304 -
201.245.192.253 - - [20/Dec/2021:08:43:23 -0500] "GET /sipse/faces/javax.faces.resource/jquery/jquery-plugins.js?ln=primefaces&v=4.0 HTTP/1.1" 304 -
201.245.192.253 - - [20/Dec/2021:08:43:23 -0500] "GET /sipse/faces/javax.faces.resource/primefaces.js?ln=primefaces&v=4.0 HTTP/1.1" 304 -
201.245.192.253 - - [20/Dec/2021:08:43:23 -0500] "GET /sipse/faces/javax.faces.resource/layout/layout.js?ln=primefaces&v=4.0 HTTP/1.1" 304 -
173.231.60.194 - - [20/Dec/2021:08:43:25 -0500] "GET /BLA/resoluciones/index.php?dir=RESOLUCIONES%201999%2F&sort=name&order=desc HTTP/1.1" 200 10037
173.231.60.194 - - [20/Dec/2021:08:43:31 -0500] "GET /BLA/resoluciones/index.php?dir=RESOLUCIONES%202000%2F&sort=name&order=desc HTTP/1.1" 200 27318
186.28.142.26 - - [20/Dec/2021:08:43:32 -0500] "POST /appsia/controlador HTTP/1.1" 200 7731
186.28.142.26 - - [20/Dec/2021:08:43:33 -0500] "GET /appsia/images/logo_escudo.png HTTP/1.1" 200 36965
173.231.60.194 - - [20/Dec/2021:08:43:38 -0500] "GET /BLA/resoluciones/index.php?dir=RESOLUCIONES%202001%2F&sort=name&order=desc HTTP/1.1" 200 24982
173.231.60.194 - - [20/Dec/2021:08:43:45 -0500] "GET /BLA/resoluciones/index.php?dir=RESOLUCIONES%202002%2F&sort=name&order=desc HTTP/1.1" 200 24570
201.245.192.253 - - [20/Dec/2021:08:43:57 -0500] "POST /sipse/faces/presentacion/financiero/solicitudProceso/listarSolicitudProceso.xhtml HTTP/1.1" 200 59162
201.245.192.253 - - [20/Dec/2021:08:43:57 -0500] "GET /sipse/faces/javax.faces.resource/primefaces.css?ln=primefaces&v=4.0 HTTP/1.1" 304 -
201.245.192.253 - - [20/Dec/2021:08:43:57 -0500] "GET /sipse/faces/javax.faces.resource/layout/layout.css?ln=primefaces&v=4.0 HTTP/1.1" 304 -
201.245.192.253 - - [20/Dec/2021:08:43:57 -0500] "GET /sipse/faces/javax.faces.resource/theme.css?ln=primefaces-sipse HTTP/1.1" 304 -
201.245.192.253 - - [20/Dec/2021:08:43:57 -0500] "GET /sipse/faces/javax.faces.resource/jquery/jquery.js?ln=primefaces&v=4.0 HTTP/1.1" 304 -
201.245.192.253 - - [20/Dec/2021:08:43:57 -0500] "GET /sipse/faces/javax.faces.resource/jquery/jquery-plugins.js?ln=primefaces&v=4.0 HTTP/1.1" 304 -
201.245.192.253 - - [20/Dec/2021:08:43:57 -0500] "GET /sipse/faces/javax.faces.resource/primefaces.js?ln=primefaces&v=4.0 HTTP/1.1" 304 -
201.245.192.253 - - [20/Dec/2021:08:43:57 -0500] "GET /sipse/faces/javax.faces.resource/layout/layout.js?ln=primefaces&v=4.0 HTTP/1.1" 304 -
173.231.60.194 - - [20/Dec/2021:08:43:59 -0500] "GET /BLA/resoluciones/index.php?dir=RESOLUCIONES%202003%2F&sort=name&order=desc HTTP/1.1" 200 31403
201.245.192.253 - - [20/Dec/2021:08:44:00 -0500] "POST /sipse/faces/presentacion/financiero/solicitudProceso/crearModificarSolicitudProceso.xhtml HTTP/1.1" 200 51777
201.245.192.253 - - [20/Dec/2021:08:44:05 -0500] "POST /sipse/faces/presentacion/proyectos/proyecto/actividad/crearActividad.xhtml HTTP/1.1" 200 2544
173.231.60.194 - - [20/Dec/2021:08:44:06 -0500] "GET /BLA/resoluciones/index.php?dir=RESOLUCIONES%202004%2F&sort=name&order=desc HTTP/1.1" 200 31824
201.245.192.253 - - [20/Dec/2021:08:44:07 -0500] "POST /sipse/faces/presentacion/financiero/solicitudProceso/crearModificarSolicitudProceso.xhtml HTTP/1.1" 200 25142
201.245.192.253 - - [20/Dec/2021:08:44:09 -0500] "POST /sipse/faces/presentacion/proyectos/proyecto/actividad/crearActividad.xhtml HTTP/1.1" 200 2560
201.245.192.253 - - [20/Dec/2021:08:44:11 -0500] "POST /sipse/faces/presentacion/proyectos/proyecto/actividad/crearActividad.xhtml HTTP/1.1" 200 2568
173.231.60.194 - - [20/Dec/2021:08:44:13 -0500] "GET /BLA/resoluciones/index.php?dir=RESOLUCIONES%202005%2F&sort=name&order=desc HTTP/1.1" 200 49517
201.245.192.253 - - [20/Dec/2021:08:44:16 -0500] "POST /sipse/faces/presentacion/financiero/solicitudProceso/crearModificarSolicitudProceso.xhtml HTTP/1.1" 200 6307
201.245.192.253 - - [20/Dec/2021:08:43:36 -0500] "POST /kwsrmcab/Wsrmcab HTTP/1.1" 200 45520
173.231.60.194 - - [20/Dec/2021:08:44:19 -0500] "GET /BLA/resoluciones/index.php?dir=RESOLUCIONES%202006%2F&sort=name&order=desc HTTP/1.1" 200 38541
173.231.60.194 - - [20/Dec/2021:08:44:25 -0500] "GET /BLA/resoluciones/index.php?dir=RESOLUCIONES%202007%2F&sort=name&order=desc HTTP/1.1" 200 34599
201.245.192.253 - - [20/Dec/2021:08:44:25 -0500] "POST /sipse/faces/presentacion/financiero/solicitudProceso/crearModificarSolicitudProceso.xhtml HTTP/1.1" 200 9548
201.245.192.253 - - [20/Dec/2021:08:44:26 -0500] "POST /sipse/faces/presentacion/proyectos/proyecto/actividad/crearActividad.xhtml HTTP/1.1" 200 2568
201.245.192.253 - - [20/Dec/2021:08:44:29 -0500] "POST /sipse/faces/presentacion/financiero/solicitudProceso/crearModificarSolicitudProceso.xhtml HTTP/1.1" 200 7350
173.231.60.194 - - [20/Dec/2021:08:44:33 -0500] "GET /BLA/resoluciones/index.php?dir=RESOLUCIONES%202007%2FRES%202007%20901%20AL%201000%2F HTTP/1.1" 200 26734
201.245.192.253 - - [20/Dec/2021:08:44:36 -0500] "POST /sipse/faces/presentacion/proyectos/proyecto/actividad/crearActividad.xhtml HTTP/1.1" 200 2580
201.245.192.253 - - [20/Dec/2021:08:44:40 -0500] "POST /sipse/faces/presentacion/proyectos/proyecto/actividad/crearActividad.xhtml HTTP/1.1" 200 2592
201.245.192.253 - - [20/Dec/2021:08:44:42 -0500] "POST /sipse/faces/presentacion/proyectos/proyecto/actividad/crearActividad.xhtml HTTP/1.1" 200 2592
201.245.192.253 - - [20/Dec/2021:08:44:43 -0500] "POST /sipse/faces/presentacion/financiero/solicitudProceso/crearModificarSolicitudProceso.xhtml HTTP/1.1" 200 24719
201.245.192.253 - - [20/Dec/2021:08:44:43 -0500] "GET /sipse/faces/javax.faces.resource/theme.css?ln=primefaces-sipse HTTP/1.1" 304 -
201.245.192.253 - - [20/Dec/2021:08:44:43 -0500] "GET /sipse/faces/javax.faces.resource/primefaces.css?ln=primefaces&v=4.0 HTTP/1.1" 304 -
201.245.192.253 - - [20/Dec/2021:08:44:43 -0500] "GET /sipse/faces/javax.faces.resource/layout/layout.css?ln=primefaces&v=4.0 HTTP/1.1" 304 -
201.245.192.253 - - [20/Dec/2021:08:44:43 -0500] "GET /sipse/faces/javax.faces.resource/jquery/jquery.js?ln=primefaces&v=4.0 HTTP/1.1" 304 -
201.245.192.253 - - [20/Dec/2021:08:44:43 -0500] "GET /sipse/faces/javax.faces.resource/primefaces.js?ln=primefaces&v=4.0 HTTP/1.1" 304 -
201.245.192.253 - - [20/Dec/2021:08:44:43 -0500] "GET /sipse/faces/javax.faces.resource/layout/layout.js?ln=primefaces&v=4.0 HTTP/1.1" 304 -
201.245.192.253 - - [20/Dec/2021:08:44:43 -0500] "GET /sipse/faces/javax.faces.resource/jquery/jquery-plugins.js?ln=primefaces&v=4.0 HTTP/1.1" 304 -
173.231.60.194 - - [20/Dec/2021:08:44:41 -0500] "GET /BLA/resoluciones/index.php?dir=RESOLUCIONES%202008%2F&sort=name&order=desc HTTP/1.1" 200 976271
190.90.132.167 - - [20/Dec/2021:08:44:47 -0500] "GET /BLA/boletinlegal/style.css HTTP/1.1" 200 9406
190.90.132.167 - - [20/Dec/2021:08:44:47 -0500] "GET /BLA/boletinlegal/styles2.css HTTP/1.1" 200 1838
190.90.132.167 - - [20/Dec/2021:08:44:47 -0500] "GET /BLA/boletinlegal/js/jquery.js HTTP/1.1" 200 57254
190.90.132.167 - - [20/Dec/2021:08:44:47 -0500] "GET /BLA/boletinlegal/js/jquery.scrollTo-min.js HTTP/1.1" 200 1150
190.90.132.167 - - [20/Dec/2021:08:44:47 -0500] "GET /BLA/boletinlegal/js/jquery.scrollShow.js HTTP/1.1" 200 4586
190.90.132.167 - - [20/Dec/2021:08:44:47 -0500] "GET /BLA/boletinlegal/images/cabezote%20BLEGAL.jpg HTTP/1.1" 200 118164
190.90.132.167 - - [20/Dec/2021:08:44:48 -0500] "GET /BLA/boletinlegal/images/subscribe-icon-big.png HTTP/1.1" 200 47702
190.90.132.167 - - [20/Dec/2021:08:44:48 -0500] "GET /BLA/boletinlegal/images/historia.png HTTP/1.1" 200 52775
190.90.132.167 - - [20/Dec/2021:08:44:48 -0500] "GET /BLA/boletinlegal/images/arr_l.jpg HTTP/1.1" 200 1979
190.90.132.167 - - [20/Dec/2021:08:44:48 -0500] "GET /BLA/boletinlegal/images/registro-usuarios.png HTTP/1.1" 200 8106
190.90.132.167 - - [20/Dec/2021:08:44:48 -0500] "GET /BLA/boletinlegal/images/screen_1.png HTTP/1.1" 200 202547
190.90.132.167 - - [20/Dec/2021:08:44:48 -0500] "GET /BLA/boletinlegal/images/launch.jpg HTTP/1.1" 200 14577
190.90.132.167 - - [20/Dec/2021:08:44:48 -0500] "GET /BLA/boletinlegal/images/body_bg.jpg HTTP/1.1" 200 1601
190.90.132.167 - - [20/Dec/2021:08:44:48 -0500] "GET /BLA/boletinlegal/images/menu_lft.gif HTTP/1.1" 200 1713
190.90.132.167 - - [20/Dec/2021:08:44:48 -0500] "GET /BLA/boletinlegal/images/menu_bg.jpg HTTP/1.1" 200 620
190.90.132.167 - - [20/Dec/2021:08:44:48 -0500] "GET /BLA/boletinlegal/images/text.jpg HTTP/1.1" 200 568
190.90.132.167 - - [20/Dec/2021:08:44:48 -0500] "GET /BLA/boletinlegal/images/hover.jpg HTTP/1.1" 200 640
190.90.132.167 - - [20/Dec/2021:08:44:48 -0500] "GET /BLA/boletinlegal/images/menu_rght.gif HTTP/1.1" 200 1627
190.90.132.167 - - [20/Dec/2021:08:44:48 -0500] "GET /BLA/boletinlegal/images/bg_top.jpg HTTP/1.1" 200 522
201.245.192.253 - - [20/Dec/2021:08:44:48 -0500] "POST /sipse/faces/presentacion/financiero/solicitudProyectoActividad/asociarProyectoSolicitud.xhtml HTTP/1.1" 200 6603
201.245.192.253 - - [20/Dec/2021:08:44:50 -0500] "POST /sipse/faces/presentacion/financiero/solicitudProyectoActividad/asociarProyectoSolicitud.xhtml HTTP/1.1" 200 1700
201.245.192.253 - - [20/Dec/2021:08:44:50 -0500] "POST /sipse/faces/presentacion/financiero/solicitudProyectoActividad/asociarProyectoSolicitud.xhtml HTTP/1.1" 200 40059
201.245.192.253 - - [20/Dec/2021:08:44:50 -0500] "GET /sipse/faces/javax.faces.resource/primefaces.css?ln=primefaces&v=4.0 HTTP/1.1" 304 -
201.245.192.253 - - [20/Dec/2021:08:44:50 -0500] "GET /sipse/faces/javax.faces.resource/theme.css?ln=primefaces-sipse HTTP/1.1" 304 -
201.245.192.253 - - [20/Dec/2021:08:44:50 -0500] "GET /sipse/faces/javax.faces.resource/layout/layout.css?ln=primefaces&v=4.0 HTTP/1.1" 304 -
201.245.192.253 - - [20/Dec/2021:08:44:50 -0500] "GET /sipse/faces/javax.faces.resource/jquery/jquery.js?ln=primefaces&v=4.0 HTTP/1.1" 304 -
190.90.132.167 - - [20/Dec/2021:08:44:50 -0500] "GET /BLA/boletinlegal/actos.php HTTP/1.1" 200 9519
201.245.192.253 - - [20/Dec/2021:08:44:50 -0500] "GET /sipse/faces/javax.faces.resource/jquery/jquery-plugins.js?ln=primefaces&v=4.0 HTTP/1.1" 304 -
201.245.192.253 - - [20/Dec/2021:08:44:50 -0500] "GET /sipse/faces/javax.faces.resource/primefaces.js?ln=primefaces&v=4.0 HTTP/1.1" 304 -
190.90.132.167 - - [20/Dec/2021:08:44:50 -0500] "GET /BLA/boletinlegal/niceforms.js HTTP/1.1" 200 22876
190.90.132.167 - - [20/Dec/2021:08:44:50 -0500] "GET /BLA/boletinlegal/js/ajax_actos.js HTTP/1.1" 200 1322
190.90.132.167 - - [20/Dec/2021:08:44:50 -0500] "GET /BLA/boletinlegal/niceforms-default.css HTTP/1.1" 200 6694
190.90.132.167 - - [20/Dec/2021:08:44:50 -0500] "GET /BLA/boletinlegal/js/lib.js HTTP/1.1" 200 6474
201.245.192.253 - - [20/Dec/2021:08:44:50 -0500] "GET /sipse/faces/javax.faces.resource/layout/layout.js?ln=primefaces&v=4.0 HTTP/1.1" 304 -
190.90.132.167 - - [20/Dec/2021:08:44:50 -0500] "GET /BLA/boletinlegal/js/popup.js HTTP/1.1" 200 1270
190.90.132.167 - - [20/Dec/2021:08:44:50 -0500] "GET /BLA/boletinlegal/js/jquery1.js HTTP/1.1" 200 29846
190.90.132.167 - - [20/Dec/2021:08:44:51 -0500] "GET /BLA/boletinlegal/images/abajo.png HTTP/1.1" 200 96676
190.90.132.167 - - [20/Dec/2021:08:44:51 -0500] "GET /BLA/boletinlegal/images/green-yellow-blue-pink-th.png HTTP/1.1" 200 7394
190.90.132.167 - - [20/Dec/2021:08:44:51 -0500] "GET /BLA/boletinlegal/images/tel.png HTTP/1.1" 200 14477
190.90.132.167 - - [20/Dec/2021:08:44:51 -0500] "GET /BLA/boletinlegal/images/icono-email.png HTTP/1.1" 200 5544
190.90.132.167 - - [20/Dec/2021:08:44:51 -0500] "GET /BLA/boletinlegal/images/footer_bg_l.jpg HTTP/1.1" 200 776
190.90.132.167 - - [20/Dec/2021:08:44:51 -0500] "GET /BLA/boletinlegal/images/footer_bg.jpg HTTP/1.1" 200 586
190.90.132.167 - - [20/Dec/2021:08:44:51 -0500] "GET /BLA/boletinlegal/img/0.png HTTP/1.1" 200 110
190.90.132.167 - - [20/Dec/2021:08:44:51 -0500] "GET /BLA/boletinlegal/img/select-left.png HTTP/1.1" 200 263
190.90.132.167 - - [20/Dec/2021:08:44:51 -0500] "GET /BLA/boletinlegal/img/button-left.png HTTP/1.1" 200 57071
190.90.132.167 - - [20/Dec/2021:08:44:51 -0500] "GET /BLA/boletinlegal/img/select-right.png HTTP/1.1" 200 44019
190.90.132.167 - - [20/Dec/2021:08:44:51 -0500] "GET /BLA/boletinlegal/img/button.png HTTP/1.1" 200 43241
190.90.132.167 - - [20/Dec/2021:08:44:51 -0500] "GET /BLA/boletinlegal/img/button-right.png HTTP/1.1" 200 57878
201.245.192.253 - - [20/Dec/2021:08:44:53 -0500] "POST /sipse/faces/presentacion/financiero/solicitudProyectoActividad/asociarActividadSolicitud.xhtml HTTP/1.1" 200 20178
201.245.192.253 - - [20/Dec/2021:08:44:53 -0500] "GET /sipse/faces/javax.faces.resource/theme.css?ln=primefaces-sipse HTTP/1.1" 304 -
201.245.192.253 - - [20/Dec/2021:08:44:53 -0500] "GET /sipse/faces/javax.faces.resource/layout/layout.css?ln=primefaces&v=4.0 HTTP/1.1" 304 -
201.245.192.253 - - [20/Dec/2021:08:44:53 -0500] "GET /sipse/faces/javax.faces.resource/primefaces.css?ln=primefaces&v=4.0 HTTP/1.1" 304 -
201.245.192.253 - - [20/Dec/2021:08:44:53 -0500] "GET /sipse/faces/javax.faces.resource/jquery/jquery.js?ln=primefaces&v=4.0 HTTP/1.1" 304 -
201.245.192.253 - - [20/Dec/2021:08:44:54 -0500] "GET /sipse/faces/javax.faces.resource/jquery/jquery-plugins.js?ln=primefaces&v=4.0 HTTP/1.1" 304 -
201.245.192.253 - - [20/Dec/2021:08:44:54 -0500] "GET /sipse/faces/javax.faces.resource/primefaces.js?ln=primefaces&v=4.0 HTTP/1.1" 304 -
201.245.192.253 - - [20/Dec/2021:08:44:54 -0500] "GET /sipse/faces/javax.faces.resource/layout/layout.js?ln=primefaces&v=4.0 HTTP/1.1" 304 -
173.231.60.194 - - [20/Dec/2021:08:44:53 -0500] "GET /BLA/resoluciones/index.php?dir=RESOLUCIONES%202009%2F&sort=name&order=desc HTTP/1.1" 200 1694100
201.245.192.253 - - [20/Dec/2021:08:44:20 -0500] "POST /kwsrmcab/Wsrmcab HTTP/1.1" 200 45528
201.245.192.253 - - [20/Dec/2021:08:45:04 -0500] "POST /sipse/faces/presentacion/proyectos/proyecto/actividad/crearActividad.xhtml HTTP/1.1" 200 2592
190.90.132.167 - - [20/Dec/2021:08:45:03 -0500] "GET /BLA/boletinlegal/consulta_actos.php?tipo=resoluciones&no=&usuario=&sector=&fecha=2019&resuelve= HTTP/1.1" 200 820504
190.90.132.167 - - [20/Dec/2021:08:45:05 -0500] "GET /BLA/boletinlegal/images/pdf.gif HTTP/1.1" 200 567
190.90.132.167 - - [20/Dec/2021:08:45:05 -0500] "GET /BLA/boletinlegal/images/background.gif HTTP/1.1" 200 -
173.231.60.194 - - [20/Dec/2021:08:45:03 -0500] "GET /BLA/resoluciones/index.php?dir=RESOLUCIONES%202010%2F&sort=name&order=desc HTTP/1.1" 200 1307797
190.90.132.167 - - [20/Dec/2021:08:44:46 -0500] "GET /BLA/boletinlegal/index.php HTTP/1.1" 200 16331
190.90.132.167 - - [20/Dec/2021:08:45:07 -0500] "GET /BLA/boletinlegal/consulta_actos.php?tipo=resoluciones&no=&usuario=&sector=&fecha=2019&resuelve= HTTP/1.1" 200 820504
201.245.192.253 - - [20/Dec/2021:08:45:09 -0500] "POST /sipse/faces/presentacion/proyectos/proyecto/actividad/crearActividad.xhtml HTTP/1.1" 200 7291
201.245.192.253 - - [20/Dec/2021:08:45:09 -0500] "POST /sipse/faces/presentacion/financiero/solicitudProyectoActividad/asociarFuentesSolicitud.xhtml HTTP/1.1" 200 82500
201.245.192.253 - - [20/Dec/2021:08:45:10 -0500] "GET /sipse/faces/javax.faces.resource/theme.css?ln=primefaces-sipse HTTP/1.1" 304 -
201.245.192.253 - - [20/Dec/2021:08:45:10 -0500] "GET /sipse/faces/javax.faces.resource/primefaces.css?ln=primefaces&v=4.0 HTTP/1.1" 304 -
201.245.192.253 - - [20/Dec/2021:08:45:10 -0500] "GET /sipse/faces/javax.faces.resource/layout/layout.css?ln=primefaces&v=4.0 HTTP/1.1" 304 -
201.245.192.253 - - [20/Dec/2021:08:45:10 -0500] "GET /sipse/faces/javax.faces.resource/jquery/jquery.js?ln=primefaces&v=4.0 HTTP/1.1" 304 -
201.245.192.253 - - [20/Dec/2021:08:45:10 -0500] "GET /sipse/faces/javax.faces.resource/jquery/jquery-plugins.js?ln=primefaces&v=4.0 HTTP/1.1" 304 -
201.245.192.253 - - [20/Dec/2021:08:45:10 -0500] "GET /sipse/faces/javax.faces.resource/layout/layout.js?ln=primefaces&v=4.0 HTTP/1.1" 304 -
201.245.192.253 - - [20/Dec/2021:08:45:10 -0500] "GET /sipse/faces/javax.faces.resource/primefaces.js?ln=primefaces&v=4.0 HTTP/1.1" 304 -
201.245.192.253 - - [20/Dec/2021:08:45:10 -0500] "POST /sipse/faces/presentacion/proyectos/proyecto/actividad/crearActividad.xhtml HTTP/1.1" 200 7298
201.245.192.253 - - [20/Dec/2021:08:45:12 -0500] "POST /sipse/faces/presentacion/proyectos/proyecto/actividad/crearActividad.xhtml HTTP/1.1" 200 7310
173.231.60.194 - - [20/Dec/2021:08:45:11 -0500] "GET /BLA/resoluciones/index.php?dir=RESOLUCIONES%202011%2F&sort=name&order=desc HTTP/1.1" 200 744609
201.245.192.253 - - [20/Dec/2021:08:45:14 -0500] "POST /sipse/faces/presentacion/proyectos/proyecto/actividad/crearActividad.xhtml HTTP/1.1" 200 3346
201.245.192.253 - - [20/Dec/2021:08:45:14 -0500] "GET /sipse/faces/javax.faces.resource/messages/messages.png?ln=primefaces&v=4.0 HTTP/1.1" 304 -
201.245.192.253 - - [20/Dec/2021:08:45:14 -0500] "POST /sipse/faces/presentacion/financiero/solicitudProceso/crearModificarSolicitudProceso.xhtml HTTP/1.1" 200 45671
201.245.192.253 - - [20/Dec/2021:08:45:18 -0500] "GET /sipse/faces/javax.faces.resource/theme.css?ln=primefaces-sipse HTTP/1.1" 304 -
201.245.192.253 - - [20/Dec/2021:08:45:18 -0500] "GET /sipse/faces/javax.faces.resource/primefaces.css?ln=primefaces&v=4.0 HTTP/1.1" 304 -
201.245.192.253 - - [20/Dec/2021:08:45:18 -0500] "GET /sipse/faces/javax.faces.resource/layout/layout.css?ln=primefaces&v=4.0 HTTP/1.1" 304 -
201.245.192.253 - - [20/Dec/2021:08:45:18 -0500] "GET /sipse/faces/javax.faces.resource/jquery/jquery.js?ln=primefaces&v=4.0 HTTP/1.1" 304 -
201.245.192.253 - - [20/Dec/2021:08:45:18 -0500] "GET /sipse/faces/javax.faces.resource/jquery/jquery-plugins.js?ln=primefaces&v=4.0 HTTP/1.1" 304 -
201.245.192.253 - - [20/Dec/2021:08:45:18 -0500] "GET /sipse/faces/javax.faces.resource/primefaces.js?ln=primefaces&v=4.0 HTTP/1.1" 304 -
201.245.192.253 - - [20/Dec/2021:08:45:18 -0500] "GET /sipse/faces/javax.faces.resource/layout/layout.js?ln=primefaces&v=4.0 HTTP/1.1" 304 -
173.231.60.194 - - [20/Dec/2021:08:45:25 -0500] "GET /BLA/resoluciones/index.php?dir=RESOLUCIONES%202012%2F&sort=name&order=desc HTTP/1.1" 200 139725
201.245.192.253 - - [20/Dec/2021:08:45:30 -0500] "POST /sipse/faces/presentacion/proyectos/proyecto/actividad/crearActividad.xhtml HTTP/1.1" 200 29042
201.245.192.253 - - [20/Dec/2021:08:45:31 -0500] "GET /sipse/faces/javax.faces.resource/theme.css?ln=primefaces-sipse HTTP/1.1" 304 -
201.245.192.253 - - [20/Dec/2021:08:45:31 -0500] "GET /sipse/faces/javax.faces.resource/layout/layout.css?ln=primefaces&v=4.0 HTTP/1.1" 304 -
201.245.192.253 - - [20/Dec/2021:08:45:31 -0500] "GET /sipse/faces/javax.faces.resource/jquery/jquery.js?ln=primefaces&v=4.0 HTTP/1.1" 304 -
201.245.192.253 - - [20/Dec/2021:08:45:31 -0500] "GET /sipse/faces/javax.faces.resource/primefaces.css?ln=primefaces&v=4.0 HTTP/1.1" 304 -
201.245.192.253 - - [20/Dec/2021:08:45:31 -0500] "GET /sipse/faces/javax.faces.resource/jquery/jquery-plugins.js?ln=primefaces&v=4.0 HTTP/1.1" 304 -
201.245.192.253 - - [20/Dec/2021:08:45:31 -0500] "GET /sipse/faces/javax.faces.resource/primefaces.js?ln=primefaces&v=4.0 HTTP/1.1" 304 -
201.245.192.253 - - [20/Dec/2021:08:45:31 -0500] "GET /sipse/faces/javax.faces.resource/layout/layout.js?ln=primefaces&v=4.0 HTTP/1.1" 304 -
173.231.60.194 - - [20/Dec/2021:08:45:34 -0500] "GET /BLA/resoluciones/index.php?dir=RESOLUCIONES%202013%2F&sort=name&order=desc HTTP/1.1" 200 236747
201.245.192.253 - - [20/Dec/2021:08:45:35 -0500] "POST /sipse/faces/presentacion/proyectos/proyecto/actividad/ponderacionVertical.xhtml HTTP/1.1" 200 7034
201.245.192.253 - - [20/Dec/2021:08:45:38 -0500] "POST /sipse/faces/presentacion/proyectos/proyecto/actividad/ponderacionVertical.xhtml HTTP/1.1" 200 7036
201.245.192.253 - - [20/Dec/2021:08:45:22 -0500] "POST /sipse/faces/presentacion/financiero/solicitudBienServicio/asociarBienServicioSolicitud.xhtml HTTP/1.1" 200 2724
201.245.192.253 - - [20/Dec/2021:08:45:39 -0500] "POST /sipse/faces/presentacion/proyectos/proyecto/actividad/ponderacionVertical.xhtml HTTP/1.1" 200 163093
201.245.192.253 - - [20/Dec/2021:08:45:40 -0500] "GET /sipse/faces/javax.faces.resource/theme.css?ln=primefaces-sipse HTTP/1.1" 304 -
201.245.192.253 - - [20/Dec/2021:08:45:40 -0500] "GET /sipse/faces/javax.faces.resource/primefaces.css?ln=primefaces&v=4.0 HTTP/1.1" 304 -
201.245.192.253 - - [20/Dec/2021:08:45:40 -0500] "GET /sipse/faces/javax.faces.resource/layout/layout.css?ln=primefaces&v=4.0 HTTP/1.1" 304 -
201.245.192.253 - - [20/Dec/2021:08:45:40 -0500] "GET /sipse/faces/javax.faces.resource/jquery/jquery.js?ln=primefaces&v=4.0 HTTP/1.1" 304 -
201.245.192.253 - - [20/Dec/2021:08:45:40 -0500] "GET /sipse/faces/javax.faces.resource/jquery/jquery-plugins.js?ln=primefaces&v=4.0 HTTP/1.1" 304 -
201.245.192.253 - - [20/Dec/2021:08:45:40 -0500] "GET /sipse/faces/javax.faces.resource/primefaces.js?ln=primefaces&v=4.0 HTTP/1.1" 304 -
201.245.192.253 - - [20/Dec/2021:08:45:40 -0500] "GET /sipse/faces/javax.faces.resource/layout/layout.js?ln=primefaces&v=4.0 HTTP/1.1" 304 -
201.245.192.253 - - [20/Dec/2021:08:45:40 -0500] "GET /sipse/faces/javax.faces.resource/spacer/dot_clear.gif?ln=primefaces&v=4.0 HTTP/1.1" 304 -
201.245.192.253 - - [20/Dec/2021:08:44:57 -0500] "POST /kwsrmcab/Wsrmcab HTTP/1.1" 200 115513
173.231.60.194 - - [20/Dec/2021:08:45:40 -0500] "GET /BLA/resoluciones/index.php?dir=RESOLUCIONES%202014%2F&sort=name&order=desc HTTP/1.1" 200 329420
186.31.152.74 - - [20/Dec/2021:08:45:47 -0500] "POST /sipse/faces/presentacion/financiero/estudioPrevio/personalSolicitado/personalSolicitadoSolicitudProceso.xhtml HTTP/1.1" 200 36952
186.31.152.74 - - [20/Dec/2021:08:45:48 -0500] "GET /sipse/faces/javax.faces.resource/theme.css?ln=primefaces-sipse HTTP/1.1" 304 -
186.31.152.74 - - [20/Dec/2021:08:45:48 -0500] "GET /sipse/faces/javax.faces.resource/primefaces.css?ln=primefaces&v=4.0 HTTP/1.1" 304 -
186.31.152.74 - - [20/Dec/2021:08:45:48 -0500] "GET /sipse/faces/javax.faces.resource/layout/layout.css?ln=primefaces&v=4.0 HTTP/1.1" 304 -
186.31.152.74 - - [20/Dec/2021:08:45:48 -0500] "GET /sipse/faces/javax.faces.resource/jquery/jquery.js?ln=primefaces&v=4.0 HTTP/1.1" 304 -
186.31.152.74 - - [20/Dec/2021:08:45:49 -0500] "GET /sipse/faces/javax.faces.resource/jquery/jquery-plugins.js?ln=primefaces&v=4.0 HTTP/1.1" 304 -
186.31.152.74 - - [20/Dec/2021:08:45:49 -0500] "GET /sipse/faces/javax.faces.resource/primefaces.js?ln=primefaces&v=4.0 HTTP/1.1" 304 -
173.231.60.194 - - [20/Dec/2021:08:45:48 -0500] "GET /BLA/resoluciones/index.php?dir=RESOLUCIONES%202015%2F&sort=name&order=desc HTTP/1.1" 200 128499
186.31.152.74 - - [20/Dec/2021:08:45:49 -0500] "GET /sipse/faces/javax.faces.resource/layout/layout.js?ln=primefaces&v=4.0 HTTP/1.1" 304 -
201.245.192.253 - - [20/Dec/2021:08:45:48 -0500] "POST /sipse/faces/presentacion/proyectos/proyecto/actividad/crearActividad.xhtml HTTP/1.1" 200 144594
201.245.192.253 - - [20/Dec/2021:08:45:50 -0500] "GET /sipse/faces/javax.faces.resource/theme.css?ln=primefaces-sipse HTTP/1.1" 304 -
201.245.192.253 - - [20/Dec/2021:08:45:50 -0500] "GET /sipse/faces/javax.faces.resource/primefaces.css?ln=primefaces&v=4.0 HTTP/1.1" 304 -
201.245.192.253 - - [20/Dec/2021:08:45:50 -0500] "GET /sipse/faces/javax.faces.resource/layout/layout.css?ln=primefaces&v=4.0 HTTP/1.1" 304 -
201.245.192.253 - - [20/Dec/2021:08:45:50 -0500] "GET /sipse/faces/javax.faces.resource/jquery/jquery.js?ln=primefaces&v=4.0 HTTP/1.1" 304 -
201.245.192.253 - - [20/Dec/2021:08:45:50 -0500] "GET /sipse/faces/javax.faces.resource/jquery/jquery-plugins.js?ln=primefaces&v=4.0 HTTP/1.1" 304 -
201.245.192.253 - - [20/Dec/2021:08:45:50 -0500] "GET /sipse/faces/javax.faces.resource/primefaces.js?ln=primefaces&v=4.0 HTTP/1.1" 304 -
201.245.192.253 - - [20/Dec/2021:08:45:50 -0500] "GET /sipse/faces/javax.faces.resource/layout/layout.js?ln=primefaces&v=4.0 HTTP/1.1" 304 -
173.231.60.194 - - [20/Dec/2021:08:45:56 -0500] "GET /BLA/resoluciones/index.php?dir=RESOLUCIONES%202016%2F&sort=name&order=desc HTTP/1.1" 200 162286
186.31.152.74 - - [20/Dec/2021:08:45:58 -0500] "POST /sipse/faces/presentacion/financiero/estudioPrevio/personalSolicitado/asociarProfesionPersonalSolicitado.xhtml HTTP/1.1" 200 21125
201.245.192.253 - - [20/Dec/2021:08:46:01 -0500] "GET /appsia/controlador HTTP/1.1" 200 4799
201.245.192.253 - - [20/Dec/2021:08:46:01 -0500] "GET /appsia/css/estilos.css HTTP/1.1" 200 4804
201.245.192.253 - - [20/Dec/2021:08:46:01 -0500] "GET /appsia/scripts/validarIngreso.js HTTP/1.1" 200 851
201.245.192.253 - - [20/Dec/2021:08:46:01 -0500] "GET /appsia/images/cabezoteHojaVida.png HTTP/1.1" 200 32493
201.245.192.253 - - [20/Dec/2021:08:46:01 -0500] "GET /appsia/images/logo_bogota_p.png HTTP/1.1" 200 14951
201.245.192.253 - - [20/Dec/2021:08:46:01 -0500] "GET /favicon.ico HTTP/1.1" 200 7782
186.31.152.74 - - [20/Dec/2021:08:46:01 -0500] "POST /sipse/faces/presentacion/financiero/estudioPrevio/personalSolicitado/asociarProfesionPersonalSolicitado.xhtml HTTP/1.1" 200 21151
186.31.152.74 - - [20/Dec/2021:08:46:03 -0500] "POST /sipse/faces/presentacion/financiero/estudioPrevio/personalSolicitado/asociarProfesionPersonalSolicitado.xhtml HTTP/1.1" 200 21176
186.31.152.74 - - [20/Dec/2021:08:46:05 -0500] "POST /sipse/faces/presentacion/financiero/estudioPrevio/personalSolicitado/asociarProfesionPersonalSolicitado.xhtml HTTP/1.1" 200 21176
186.31.152.74 - - [20/Dec/2021:08:46:07 -0500] "POST /sipse/faces/presentacion/financiero/estudioPrevio/personalSolicitado/asociarProfesionPersonalSolicitado.xhtml HTTP/1.1" 200 21180
190.147.224.65 - - [20/Dec/2021:08:46:08 -0500] "POST /sipse/faces/presentacion/contratacion/contratista/crearModificarContratista.xhtml HTTP/1.1" 200 8140
186.31.152.74 - - [20/Dec/2021:08:46:08 -0500] "POST /sipse/faces/presentacion/financiero/estudioPrevio/personalSolicitado/asociarProfesionPersonalSolicitado.xhtml HTTP/1.1" 200 21176
173.231.60.194 - - [20/Dec/2021:08:46:08 -0500] "GET /BLA/resoluciones/index.php?dir=RESOLUCIONES%202017%2F&sort=name&order=desc HTTP/1.1" 200 273052
186.31.152.74 - - [20/Dec/2021:08:46:10 -0500] "POST /sipse/faces/presentacion/financiero/estudioPrevio/personalSolicitado/asociarProfesionPersonalSolicitado.xhtml HTTP/1.1" 200 21180
190.147.224.65 - - [20/Dec/2021:08:46:11 -0500] "POST /sipse/faces/presentacion/contratacion/contratista/crearModificarContratista.xhtml HTTP/1.1" 200 9743
186.31.152.74 - - [20/Dec/2021:08:46:12 -0500] "POST /sipse/faces/presentacion/financiero/estudioPrevio/personalSolicitado/asociarProfesionPersonalSolicitado.xhtml HTTP/1.1" 200 21180
186.31.152.74 - - [20/Dec/2021:08:46:13 -0500] "POST /sipse/faces/presentacion/financiero/estudioPrevio/personalSolicitado/asociarProfesionPersonalSolicitado.xhtml HTTP/1.1" 200 21180
216.245.221.92 - - [20/Dec/2021:08:46:14 -0500] "HEAD / HTTP/1.1" 200 -
186.31.152.74 - - [20/Dec/2021:08:46:14 -0500] "POST /sipse/faces/presentacion/financiero/estudioPrevio/personalSolicitado/asociarProfesionPersonalSolicitado.xhtml HTTP/1.1" 200 21180
186.31.152.74 - - [20/Dec/2021:08:46:15 -0500] "POST /sipse/faces/presentacion/financiero/estudioPrevio/personalSolicitado/asociarProfesionPersonalSolicitado.xhtml HTTP/1.1" 200 21184
173.231.60.194 - - [20/Dec/2021:08:46:16 -0500] "GET /BLA/resoluciones/index.php?dir=RESOLUCIONES%202018%2F&sort=name&order=desc HTTP/1.1" 200 250348
201.245.192.253 - - [20/Dec/2021:08:46:18 -0500] "POST /appsia/controlador HTTP/1.1" 200 5437
186.31.152.74 - - [20/Dec/2021:08:46:18 -0500] "POST /sipse/faces/presentacion/financiero/estudioPrevio/personalSolicitado/asociarProfesionPersonalSolicitado.xhtml HTTP/1.1" 200 21180
186.31.152.74 - - [20/Dec/2021:08:46:20 -0500] "POST /sipse/faces/presentacion/financiero/estudioPrevio/personalSolicitado/asociarProfesionPersonalSolicitado.xhtml HTTP/1.1" 200 21184
186.31.152.74 - - [20/Dec/2021:08:46:21 -0500] "POST /sipse/faces/presentacion/financiero/estudioPrevio/personalSolicitado/asociarProfesionPersonalSolicitado.xhtml HTTP/1.1" 200 21180
201.245.192.253 - - [20/Dec/2021:08:46:23 -0500] "POST /appsia/controlador HTTP/1.1" 200 9229
201.245.192.253 - - [20/Dec/2021:08:46:23 -0500] "GET /appsia/images/logo_escudo.png HTTP/1.1" 200 36965
186.31.152.74 - - [20/Dec/2021:08:46:23 -0500] "POST /sipse/faces/presentacion/financiero/estudioPrevio/personalSolicitado/asociarProfesionPersonalSolicitado.xhtml HTTP/1.1" 200 21196
173.231.60.194 - - [20/Dec/2021:08:46:23 -0500] "GET /BLA/resoluciones/index.php?dir=RESOLUCIONES%202019%2F&sort=name&order=desc HTTP/1.1" 200 228911
186.31.152.74 - - [20/Dec/2021:08:46:25 -0500] "POST /sipse/faces/presentacion/financiero/estudioPrevio/personalSolicitado/asociarProfesionPersonalSolicitado.xhtml HTTP/1.1" 200 21196
186.31.152.74 - - [20/Dec/2021:08:46:26 -0500] "POST /sipse/faces/presentacion/financiero/estudioPrevio/personalSolicitado/asociarProfesionPersonalSolicitado.xhtml HTTP/1.1" 200 21247
