201.245.192.253 - - [23/Dec/2021:10:15:51 -0500] "POST /sipse/faces/presentacion/financiero/solicitudProceso/solicitudProcesoOtrosPagos.xhtml HTTP/1.1" 200 35775
201.245.192.253 - - [23/Dec/2021:10:15:51 -0500] "POST /sipse/faces/presentacion/financiero/solicitudProceso/solicitudProcesoOtrosPagos.xhtml HTTP/1.1" 200 35775
201.245.192.253 - - [23/Dec/2021:10:15:52 -0500] "POST /sipse/faces/presentacion/financiero/solicitudProceso/solicitudProcesoOtrosPagos.xhtml HTTP/1.1" 200 35775
201.245.192.253 - - [23/Dec/2021:10:15:52 -0500] "POST /sipse/faces/presentacion/financiero/solicitudProceso/solicitudProcesoOtrosPagos.xhtml HTTP/1.1" 200 35775
190.157.218.79 - - [23/Dec/2021:10:16:01 -0500] "GET /sipse/faces/javax.faces.resource/images/ui-bg_flat_0_2d5972_40x100.png?ln=primefaces-aristo HTTP/1.1" 304 -
190.157.218.79 - - [23/Dec/2021:10:16:01 -0500] "POST /sipse/faces/presentacion/financiero/solicitudProceso/consultar.xhtml HTTP/1.1" 200 12944
190.121.136.154 - - [23/Dec/2021:10:16:03 -0500] "POST /sipse/faces/presentacion/financiero/solicitudProceso/consultarSolicitudProceso.xhtml HTTP/1.1" 200 42048
190.121.136.154 - - [23/Dec/2021:10:16:03 -0500] "GET /sipse/faces/javax.faces.resource/theme.css?ln=primefaces-sipse HTTP/1.1" 304 -
190.121.136.154 - - [23/Dec/2021:10:16:03 -0500] "GET /sipse/faces/javax.faces.resource/jquery/jquery.js?ln=primefaces&v=4.0 HTTP/1.1" 304 -
190.121.136.154 - - [23/Dec/2021:10:16:03 -0500] "GET /sipse/faces/javax.faces.resource/primefaces.css?ln=primefaces&v=4.0 HTTP/1.1" 304 -
190.121.136.154 - - [23/Dec/2021:10:16:03 -0500] "GET /sipse/faces/javax.faces.resource/layout/layout.css?ln=primefaces&v=4.0 HTTP/1.1" 304 -
190.121.136.154 - - [23/Dec/2021:10:16:03 -0500] "GET /sipse/faces/javax.faces.resource/jquery/jquery-plugins.js?ln=primefaces&v=4.0 HTTP/1.1" 304 -
190.121.136.154 - - [23/Dec/2021:10:16:03 -0500] "GET /sipse/faces/javax.faces.resource/primefaces.js?ln=primefaces&v=4.0 HTTP/1.1" 304 -
216.245.221.92 - - [23/Dec/2021:10:16:03 -0500] "HEAD / HTTP/1.1" 200 -
190.121.136.154 - - [23/Dec/2021:10:16:03 -0500] "GET /sipse/faces/javax.faces.resource/layout/layout.js?ln=primefaces&v=4.0 HTTP/1.1" 304 -
190.121.136.154 - - [23/Dec/2021:10:16:03 -0500] "GET /sipse/css/imagen/contrasena.png HTTP/1.1" 404 383
190.157.218.79 - - [23/Dec/2021:10:16:05 -0500] "POST /sipse/faces/presentacion/financiero/solicitudProceso/consultar.xhtml HTTP/1.1" 200 12956
201.245.192.253 - - [23/Dec/2021:10:15:20 -0500] "POST /kwsrmcab/Wsrmcab HTTP/1.1" 200 109317
190.121.136.154 - - [23/Dec/2021:10:16:10 -0500] "POST /sipse/faces/presentacion/financiero/modificacionContrato/cargarModifiacion.xhtml HTTP/1.1" 200 5347
190.121.136.154 - - [23/Dec/2021:10:16:11 -0500] "POST /sipse/faces/presentacion/financiero/modificacionContrato/cargarModifiacion.xhtml HTTP/1.1" 200 5444
190.121.136.154 - - [23/Dec/2021:10:16:17 -0500] "POST /sipse/faces/presentacion/financiero/modificacionContrato/cargarModifiacion.xhtml HTTP/1.1" 200 5496
190.121.136.154 - - [23/Dec/2021:10:16:25 -0500] "POST /sipse/faces/presentacion/financiero/modificacionContrato/cargarModifiacion.xhtml HTTP/1.1" 200 126241
190.121.136.154 - - [23/Dec/2021:10:16:25 -0500] "GET /sipse/faces/javax.faces.resource/theme.css?ln=primefaces-sipse HTTP/1.1" 304 -
190.121.136.154 - - [23/Dec/2021:10:16:25 -0500] "GET /sipse/faces/javax.faces.resource/primefaces.css?ln=primefaces&v=4.0 HTTP/1.1" 304 -
190.121.136.154 - - [23/Dec/2021:10:16:26 -0500] "GET /sipse/faces/javax.faces.resource/jquery/jquery.js?ln=primefaces&v=4.0 HTTP/1.1" 304 -
190.121.136.154 - - [23/Dec/2021:10:16:26 -0500] "GET /sipse/faces/javax.faces.resource/layout/layout.css?ln=primefaces&v=4.0 HTTP/1.1" 304 -
190.121.136.154 - - [23/Dec/2021:10:16:26 -0500] "GET /sipse/faces/javax.faces.resource/jquery/jquery-plugins.js?ln=primefaces&v=4.0 HTTP/1.1" 304 -
190.121.136.154 - - [23/Dec/2021:10:16:26 -0500] "GET /sipse/faces/javax.faces.resource/primefaces.js?ln=primefaces&v=4.0 HTTP/1.1" 304 -
190.121.136.154 - - [23/Dec/2021:10:16:26 -0500] "GET /sipse/faces/javax.faces.resource/layout/layout.js?ln=primefaces&v=4.0 HTTP/1.1" 304 -
190.121.136.154 - - [23/Dec/2021:10:16:26 -0500] "GET /sipse/css/imagen/contrasena.png HTTP/1.1" 404 383
190.121.136.154 - - [23/Dec/2021:10:16:26 -0500] "GET /sipse/faces/javax.faces.resource/messages/messages.png?ln=primefaces&v=4.0 HTTP/1.1" 304 -
190.121.136.154 - - [23/Dec/2021:10:16:26 -0500] "GET /reportes_sipse/sdg/ServletReporte?reporte=experienia_idoneidad&solicitud=15982&pfdrid_c=false HTTP/1.1" 200 97436
186.30.30.67 - - [23/Dec/2021:10:16:28 -0500] "POST /sipse/faces/presentacion/financiero/estudioPrevio/personalSolicitado/personalSolicitadoSolicitudProceso.xhtml HTTP/1.1" 200 33744
186.30.30.67 - - [23/Dec/2021:10:16:30 -0500] "GET /sipse/faces/javax.faces.resource/theme.css?ln=primefaces-sipse HTTP/1.1" 304 -
186.30.30.67 - - [23/Dec/2021:10:16:30 -0500] "GET /sipse/faces/javax.faces.resource/layout/layout.css?ln=primefaces&v=4.0 HTTP/1.1" 304 -
186.30.30.67 - - [23/Dec/2021:10:16:30 -0500] "GET /sipse/faces/javax.faces.resource/primefaces.css?ln=primefaces&v=4.0 HTTP/1.1" 304 -
186.30.30.67 - - [23/Dec/2021:10:16:30 -0500] "GET /sipse/faces/javax.faces.resource/jquery/jquery.js?ln=primefaces&v=4.0 HTTP/1.1" 304 -
186.30.30.67 - - [23/Dec/2021:10:16:30 -0500] "GET /sipse/faces/javax.faces.resource/jquery/jquery-plugins.js?ln=primefaces&v=4.0 HTTP/1.1" 304 -
186.30.30.67 - - [23/Dec/2021:10:16:30 -0500] "GET /sipse/faces/javax.faces.resource/primefaces.js?ln=primefaces&v=4.0 HTTP/1.1" 304 -
186.30.30.67 - - [23/Dec/2021:10:16:30 -0500] "GET /sipse/faces/javax.faces.resource/layout/layout.js?ln=primefaces&v=4.0 HTTP/1.1" 304 -
190.121.136.154 - - [23/Dec/2021:10:16:37 -0500] "POST /sipse/faces/presentacion/financiero/solicitudProceso/consultarSolicitudProceso.xhtml HTTP/1.1" 200 53543
190.121.136.154 - - [23/Dec/2021:10:16:39 -0500] "GET /sipse/faces/javax.faces.resource/theme.css?ln=primefaces-sipse HTTP/1.1" 304 -
190.121.136.154 - - [23/Dec/2021:10:16:39 -0500] "GET /sipse/faces/javax.faces.resource/primefaces.css?ln=primefaces&v=4.0 HTTP/1.1" 304 -
190.121.136.154 - - [23/Dec/2021:10:16:39 -0500] "GET /sipse/faces/javax.faces.resource/layout/layout.css?ln=primefaces&v=4.0 HTTP/1.1" 304 -
190.121.136.154 - - [23/Dec/2021:10:16:39 -0500] "GET /sipse/faces/javax.faces.resource/jquery/jquery.js?ln=primefaces&v=4.0 HTTP/1.1" 304 -
190.121.136.154 - - [23/Dec/2021:10:16:40 -0500] "GET /sipse/faces/javax.faces.resource/jquery/jquery-plugins.js?ln=primefaces&v=4.0 HTTP/1.1" 304 -
190.121.136.154 - - [23/Dec/2021:10:16:40 -0500] "GET /sipse/faces/javax.faces.resource/primefaces.js?ln=primefaces&v=4.0 HTTP/1.1" 304 -
190.121.136.154 - - [23/Dec/2021:10:16:40 -0500] "GET /sipse/faces/javax.faces.resource/layout/layout.js?ln=primefaces&v=4.0 HTTP/1.1" 304 -
190.121.136.154 - - [23/Dec/2021:10:16:40 -0500] "GET /sipse/css/imagen/contrasena.png HTTP/1.1" 404 383
190.121.136.154 - - [23/Dec/2021:10:16:40 -0500] "POST /sipse/faces/presentacion/financiero/solicitudProceso/listarSolicitudProceso.xhtml HTTP/1.1" 200 1440
186.84.21.30 - - [23/Dec/2021:10:16:40 -0500] "GET /BLA/resoluciones/AUTOS%202021/4112.pdf HTTP/1.1" 200 384904
186.30.30.67 - - [23/Dec/2021:10:16:42 -0500] "POST /sipse/faces/presentacion/financiero/estudioPrevio/personalSolicitado/asociarEspecializacionPersonalSolicitado.xhtml HTTP/1.1" 200 1478
186.30.30.67 - - [23/Dec/2021:10:16:45 -0500] "POST /sipse/faces/presentacion/financiero/estudioPrevio/personalSolicitado/asociarEspecializacionPersonalSolicitado.xhtml HTTP/1.1" 200 1466
186.30.30.67 - - [23/Dec/2021:10:16:48 -0500] "POST /sipse/faces/presentacion/financiero/estudioPrevio/personalSolicitado/asociarEspecializacionPersonalSolicitado.xhtml HTTP/1.1" 200 1454
186.30.30.67 - - [23/Dec/2021:10:16:50 -0500] "POST /sipse/faces/presentacion/financiero/estudioPrevio/personalSolicitado/asociarEspecializacionPersonalSolicitado.xhtml HTTP/1.1" 200 4826
190.121.136.154 - - [23/Dec/2021:10:17:02 -0500] "POST /sipse/faces/presentacion/financiero/solicitudProceso/listarSolicitudProceso.xhtml HTTP/1.1" 200 162064
190.121.136.154 - - [23/Dec/2021:10:17:03 -0500] "GET /sipse/faces/javax.faces.resource/theme.css?ln=primefaces-sipse HTTP/1.1" 304 -
190.121.136.154 - - [23/Dec/2021:10:17:03 -0500] "GET /sipse/faces/javax.faces.resource/primefaces.css?ln=primefaces&v=4.0 HTTP/1.1" 304 -
190.121.136.154 - - [23/Dec/2021:10:17:03 -0500] "GET /sipse/faces/javax.faces.resource/jquery/jquery.js?ln=primefaces&v=4.0 HTTP/1.1" 304 -
190.121.136.154 - - [23/Dec/2021:10:17:03 -0500] "GET /sipse/faces/javax.faces.resource/layout/layout.css?ln=primefaces&v=4.0 HTTP/1.1" 304 -
190.121.136.154 - - [23/Dec/2021:10:17:04 -0500] "GET /sipse/faces/javax.faces.resource/jquery/jquery-plugins.js?ln=primefaces&v=4.0 HTTP/1.1" 304 -
190.121.136.154 - - [23/Dec/2021:10:17:04 -0500] "GET /sipse/faces/javax.faces.resource/primefaces.js?ln=primefaces&v=4.0 HTTP/1.1" 304 -
190.121.136.154 - - [23/Dec/2021:10:17:04 -0500] "GET /sipse/faces/javax.faces.resource/layout/layout.js?ln=primefaces&v=4.0 HTTP/1.1" 304 -
190.121.136.154 - - [23/Dec/2021:10:17:04 -0500] "GET /sipse/css/imagen/contrasena.png HTTP/1.1" 404 383
201.245.192.253 - - [23/Dec/2021:10:17:04 -0500] "POST /sipse/faces/presentacion/financiero/solicitudProceso/listarSolicitudProceso.xhtml HTTP/1.1" 200 30355
201.245.192.253 - - [23/Dec/2021:10:17:04 -0500] "GET /sipse/faces/javax.faces.resource/theme.css?ln=primefaces-sipse HTTP/1.1" 304 -
201.245.192.253 - - [23/Dec/2021:10:17:04 -0500] "GET /sipse/faces/javax.faces.resource/primefaces.css?ln=primefaces&v=4.0 HTTP/1.1" 304 -
201.245.192.253 - - [23/Dec/2021:10:17:04 -0500] "GET /sipse/css/imagen/contrasena.png HTTP/1.1" 404 383
201.245.192.253 - - [23/Dec/2021:10:17:04 -0500] "GET /sipse/faces/javax.faces.resource/layout/layout.css?ln=primefaces&v=4.0 HTTP/1.1" 304 -
201.245.192.253 - - [23/Dec/2021:10:17:04 -0500] "GET /sipse/faces/javax.faces.resource/jquery/jquery.js?ln=primefaces&v=4.0 HTTP/1.1" 304 -
201.245.192.253 - - [23/Dec/2021:10:17:05 -0500] "GET /sipse/faces/javax.faces.resource/jquery/jquery-plugins.js?ln=primefaces&v=4.0 HTTP/1.1" 304 -
201.245.192.253 - - [23/Dec/2021:10:17:05 -0500] "GET /sipse/faces/javax.faces.resource/primefaces.js?ln=primefaces&v=4.0 HTTP/1.1" 304 -
201.245.192.253 - - [23/Dec/2021:10:17:05 -0500] "GET /sipse/faces/javax.faces.resource/layout/layout.js?ln=primefaces&v=4.0 HTTP/1.1" 304 -
201.245.192.253 - - [23/Dec/2021:10:17:05 -0500] "GET /sipse/faces/javax.faces.resource/images/ui-icons_898989_256x240.png?ln=primefaces-aristo HTTP/1.1" 304 -
201.245.192.253 - - [23/Dec/2021:10:17:05 -0500] "POST /sipse/faces/presentacion/financiero/solicitudProceso/solicitudProcesoOtrosPagos.xhtml HTTP/1.1" 200 23626
190.121.136.154 - - [23/Dec/2021:10:17:04 -0500] "GET /reportes_sipse/sdg/ServletReporte?reporte=experienia_idoneidad&solicitud=15982&pfdrid_c=false HTTP/1.1" 200 97436
201.245.192.253 - - [23/Dec/2021:10:17:06 -0500] "GET /sipse/faces/javax.faces.resource/images/ui-bg_flat_0_2d5972_40x100.png?ln=primefaces-aristo HTTP/1.1" 304 -
201.245.192.253 - - [23/Dec/2021:10:17:06 -0500] "POST /sipse/faces/presentacion/financiero/solicitudProceso/solicitudProcesoOtrosPagos.xhtml HTTP/1.1" 200 184
186.30.30.67 - - [23/Dec/2021:10:17:05 -0500] "POST /sipse/faces/presentacion/financiero/estudioPrevio/personalSolicitado/asociarEspecializacionPersonalSolicitado.xhtml HTTP/1.1" 200 4826
201.245.192.253 - - [23/Dec/2021:10:17:06 -0500] "POST /sipse/faces/presentacion/financiero/solicitudProceso/solicitudProcesoOtrosPagos.xhtml HTTP/1.1" 200 184
201.245.192.253 - - [23/Dec/2021:10:17:06 -0500] "GET /sipse/faces/presentacion/financiero/solicitudAnulacion/solicitudAnulacion.xhtml HTTP/1.1" 200 28257
201.245.192.253 - - [23/Dec/2021:10:17:06 -0500] "POST /sipse/faces/presentacion/financiero/solicitudProceso/solicitudProcesoOtrosPagos.xhtml HTTP/1.1" 200 184
201.245.192.253 - - [23/Dec/2021:10:17:06 -0500] "GET /sipse/faces/presentacion/financiero/solicitudAnulacion/solicitudAnulacion.xhtml HTTP/1.1" 200 12285
201.245.192.253 - - [23/Dec/2021:10:17:06 -0500] "GET /sipse/faces/presentacion/financiero/solicitudAnulacion/solicitudAnulacion.xhtml HTTP/1.1" 200 34172
201.245.192.253 - - [23/Dec/2021:10:17:06 -0500] "GET /sipse/faces/javax.faces.resource/theme.css?ln=primefaces-sipse HTTP/1.1" 304 -
201.245.192.253 - - [23/Dec/2021:10:17:06 -0500] "GET /sipse/faces/javax.faces.resource/layout/layout.css?ln=primefaces&v=4.0 HTTP/1.1" 304 -
201.245.192.253 - - [23/Dec/2021:10:17:06 -0500] "GET /sipse/faces/javax.faces.resource/jquery/jquery.js?ln=primefaces&v=4.0 HTTP/1.1" 304 -
201.245.192.253 - - [23/Dec/2021:10:17:06 -0500] "GET /sipse/faces/javax.faces.resource/primefaces.css?ln=primefaces&v=4.0 HTTP/1.1" 304 -
201.245.192.253 - - [23/Dec/2021:10:17:06 -0500] "GET /sipse/faces/javax.faces.resource/jquery/jquery-plugins.js?ln=primefaces&v=4.0 HTTP/1.1" 304 -
201.245.192.253 - - [23/Dec/2021:10:17:06 -0500] "GET /sipse/faces/javax.faces.resource/primefaces.js?ln=primefaces&v=4.0 HTTP/1.1" 304 -
201.245.192.253 - - [23/Dec/2021:10:17:06 -0500] "GET /sipse/faces/javax.faces.resource/layout/layout.js?ln=primefaces&v=4.0 HTTP/1.1" 304 -
201.245.192.253 - - [23/Dec/2021:10:17:06 -0500] "POST /sipse/faces/presentacion/financiero/solicitudAnulacion/solicitudAnulacion.xhtml HTTP/1.1" 200 10464
201.245.192.253 - - [23/Dec/2021:10:17:06 -0500] "GET /sipse/faces/javax.faces.resource/messages/messages.png?ln=primefaces&v=4.0 HTTP/1.1" 304 -
186.30.30.67 - - [23/Dec/2021:10:17:06 -0500] "POST /sipse/faces/presentacion/financiero/estudioPrevio/personalSolicitado/asociarEspecializacionPersonalSolicitado.xhtml HTTP/1.1" 200 4826
201.245.192.253 - - [23/Dec/2021:10:17:07 -0500] "POST /sipse/faces/presentacion/financiero/solicitudAnulacion/solicitudAnulacion.xhtml HTTP/1.1" 200 33460
201.245.192.253 - - [23/Dec/2021:10:17:08 -0500] "GET /sipse/faces/javax.faces.resource/primefaces.css?ln=primefaces&v=4.0 HTTP/1.1" 304 -
201.245.192.253 - - [23/Dec/2021:10:17:08 -0500] "GET /sipse/faces/javax.faces.resource/layout/layout.css?ln=primefaces&v=4.0 HTTP/1.1" 304 -
201.245.192.253 - - [23/Dec/2021:10:17:08 -0500] "GET /sipse/faces/javax.faces.resource/theme.css?ln=primefaces-sipse HTTP/1.1" 304 -
201.245.192.253 - - [23/Dec/2021:10:17:08 -0500] "GET /sipse/faces/javax.faces.resource/jquery/jquery.js?ln=primefaces&v=4.0 HTTP/1.1" 304 -
201.245.192.253 - - [23/Dec/2021:10:17:08 -0500] "GET /sipse/faces/javax.faces.resource/jquery/jquery-plugins.js?ln=primefaces&v=4.0 HTTP/1.1" 304 -
201.245.192.253 - - [23/Dec/2021:10:17:08 -0500] "GET /sipse/faces/javax.faces.resource/primefaces.js?ln=primefaces&v=4.0 HTTP/1.1" 304 -
201.245.192.253 - - [23/Dec/2021:10:17:08 -0500] "GET /sipse/faces/javax.faces.resource/layout/layout.js?ln=primefaces&v=4.0 HTTP/1.1" 304 -
201.245.192.253 - - [23/Dec/2021:10:17:08 -0500] "GET /sipse/faces/javax.faces.resource/images/ui-icons_898989_256x240.png?ln=primefaces-aristo HTTP/1.1" 304 -
201.245.192.253 - - [23/Dec/2021:10:17:08 -0500] "POST /sipse/faces/presentacion/financiero/solicitudProceso/listarSolicitudProceso.xhtml HTTP/1.1" 200 1328
186.30.30.67 - - [23/Dec/2021:10:17:08 -0500] "POST /sipse/faces/presentacion/financiero/estudioPrevio/personalSolicitado/asociarEspecializacionPersonalSolicitado.xhtml HTTP/1.1" 200 2184
190.121.136.154 - - [23/Dec/2021:10:17:10 -0500] "POST /sipse/faces/presentacion/financiero/solicitudProceso/consultarSolicitudProceso.xhtml HTTP/1.1" 200 247831
186.30.30.67 - - [23/Dec/2021:10:17:10 -0500] "POST /sipse/faces/presentacion/financiero/estudioPrevio/personalSolicitado/asociarEspecializacionPersonalSolicitado.xhtml HTTP/1.1" 200 2184
186.30.30.67 - - [23/Dec/2021:10:17:11 -0500] "POST /sipse/faces/presentacion/financiero/estudioPrevio/personalSolicitado/asociarEspecializacionPersonalSolicitado.xhtml HTTP/1.1" 200 2184
186.30.30.67 - - [23/Dec/2021:10:17:12 -0500] "POST /sipse/faces/presentacion/financiero/estudioPrevio/personalSolicitado/asociarEspecializacionPersonalSolicitado.xhtml HTTP/1.1" 200 4826
186.30.30.67 - - [23/Dec/2021:10:17:14 -0500] "POST /sipse/faces/presentacion/financiero/estudioPrevio/personalSolicitado/asociarEspecializacionPersonalSolicitado.xhtml HTTP/1.1" 200 4826
186.30.30.67 - - [23/Dec/2021:10:17:16 -0500] "POST /sipse/faces/presentacion/financiero/estudioPrevio/personalSolicitado/asociarEspecializacionPersonalSolicitado.xhtml HTTP/1.1" 200 2184
190.121.136.154 - - [23/Dec/2021:10:17:17 -0500] "POST /sipse/faces/presentacion/financiero/solicitudProceso/consultarSolicitudProceso.xhtml HTTP/1.1" 200 695668
190.121.136.154 - - [23/Dec/2021:10:17:22 -0500] "POST /sipse/faces/presentacion/financiero/solicitudProceso/consultarSolicitudProceso.xhtml HTTP/1.1" 200 355498
186.30.30.67 - - [23/Dec/2021:10:17:22 -0500] "POST /sipse/faces/presentacion/financiero/estudioPrevio/personalSolicitado/asociarEspecializacionPersonalSolicitado.xhtml HTTP/1.1" 200 17921
186.30.30.67 - - [23/Dec/2021:10:17:24 -0500] "POST /sipse/faces/presentacion/financiero/estudioPrevio/personalSolicitado/asociarEspecializacionPersonalSolicitado.xhtml HTTP/1.1" 200 18072
186.30.30.67 - - [23/Dec/2021:10:17:25 -0500] "POST /sipse/faces/presentacion/financiero/estudioPrevio/personalSolicitado/asociarEspecializacionPersonalSolicitado.xhtml HTTP/1.1" 200 18281
186.30.30.67 - - [23/Dec/2021:10:17:28 -0500] "POST /sipse/faces/presentacion/financiero/estudioPrevio/personalSolicitado/asociarEspecializacionPersonalSolicitado.xhtml HTTP/1.1" 200 8280
190.121.136.154 - - [23/Dec/2021:10:17:28 -0500] "POST /sipse/faces/presentacion/financiero/solicitudProceso/consultarSolicitudProceso.xhtml HTTP/1.1" 200 73632
190.121.136.154 - - [23/Dec/2021:10:17:29 -0500] "GET /sipse/faces/javax.faces.resource/theme.css?ln=primefaces-sipse HTTP/1.1" 304 -
190.121.136.154 - - [23/Dec/2021:10:17:29 -0500] "GET /sipse/faces/javax.faces.resource/primefaces.css?ln=primefaces&v=4.0 HTTP/1.1" 304 -
190.121.136.154 - - [23/Dec/2021:10:17:29 -0500] "GET /sipse/faces/javax.faces.resource/jquery/jquery.js?ln=primefaces&v=4.0 HTTP/1.1" 304 -
190.121.136.154 - - [23/Dec/2021:10:17:29 -0500] "GET /sipse/faces/javax.faces.resource/layout/layout.css?ln=primefaces&v=4.0 HTTP/1.1" 304 -
190.121.136.154 - - [23/Dec/2021:10:17:29 -0500] "GET /sipse/faces/javax.faces.resource/jquery/jquery-plugins.js?ln=primefaces&v=4.0 HTTP/1.1" 304 -
190.121.136.154 - - [23/Dec/2021:10:17:29 -0500] "GET /sipse/faces/javax.faces.resource/primefaces.js?ln=primefaces&v=4.0 HTTP/1.1" 304 -
190.121.136.154 - - [23/Dec/2021:10:17:29 -0500] "GET /sipse/faces/javax.faces.resource/layout/layout.js?ln=primefaces&v=4.0 HTTP/1.1" 304 -
190.121.136.154 - - [23/Dec/2021:10:17:29 -0500] "GET /sipse/css/imagen/contrasena.png HTTP/1.1" 404 383
186.30.30.67 - - [23/Dec/2021:10:17:30 -0500] "POST /sipse/faces/presentacion/financiero/estudioPrevio/personalSolicitado/asociarEspecializacionPersonalSolicitado.xhtml HTTP/1.1" 200 8284
190.27.245.107 - - [23/Dec/2021:10:17:32 -0500] "GET /sipse/ HTTP/1.1" 302 -
186.80.251.208 - - [23/Dec/2021:10:17:32 -0500] "GET /sipse/faces/autenticacion.xhtml HTTP/1.1" 200 12496
186.80.251.208 - - [23/Dec/2021:10:17:32 -0500] "GET /sipse/css/custom_css_sg.css HTTP/1.1" 200 9694
186.80.251.208 - - [23/Dec/2021:10:17:32 -0500] "GET /sipse/css/custom_css_sg_prime_login.css HTTP/1.1" 200 443
186.80.251.208 - - [23/Dec/2021:10:17:32 -0500] "GET /sipse/js/disable_browser_buttons.js HTTP/1.1" 200 3230
186.80.251.208 - - [23/Dec/2021:10:17:32 -0500] "GET /sipse/faces/javax.faces.resource/layout/layout.css;jsessionid=DiHoWM4+8vB8b8pKNZiVnT96.undefined?ln=primefaces&v=4.0 HTTP/1.1" 200 542
186.80.251.208 - - [23/Dec/2021:10:17:32 -0500] "GET /sipse/js/funciones.js HTTP/1.1" 200 12592
186.80.251.208 - - [23/Dec/2021:10:17:32 -0500] "GET /sipse/faces/javax.faces.resource/primefaces.css;jsessionid=DiHoWM4+8vB8b8pKNZiVnT96.undefined?ln=primefaces&v=4.0 HTTP/1.1" 200 53295
186.80.251.208 - - [23/Dec/2021:10:17:32 -0500] "GET /sipse/faces/javax.faces.resource/theme.css?ln=primefaces-sipse HTTP/1.1" 200 50058
186.80.251.208 - - [23/Dec/2021:10:17:32 -0500] "GET /sipse/faces/javax.faces.resource/layout/layout.js;jsessionid=DiHoWM4+8vB8b8pKNZiVnT96.undefined?ln=primefaces&v=4.0 HTTP/1.1" 200 87560
186.80.251.208 - - [23/Dec/2021:10:17:32 -0500] "GET /sipse/faces/javax.faces.resource/jquery/jquery.js;jsessionid=DiHoWM4+8vB8b8pKNZiVnT96.undefined?ln=primefaces&v=4.0 HTTP/1.1" 200 105384
186.80.251.208 - - [23/Dec/2021:10:17:32 -0500] "GET /sipse/faces/javax.faces.resource/jquery/jquery-plugins.js;jsessionid=DiHoWM4+8vB8b8pKNZiVnT96.undefined?ln=primefaces&v=4.0 HTTP/1.1" 200 220526
186.80.251.208 - - [23/Dec/2021:10:17:32 -0500] "GET /sipse/faces/javax.faces.resource/primefaces.js;jsessionid=DiHoWM4+8vB8b8pKNZiVnT96.undefined?ln=primefaces&v=4.0 HTTP/1.1" 200 276924
186.80.251.208 - - [23/Dec/2021:10:17:32 -0500] "GET /sipse/faces/javax.faces.resource/images/ui-icons_898989_256x240.png?ln=primefaces-aristo HTTP/1.1" 200 5355
186.80.251.208 - - [23/Dec/2021:10:17:32 -0500] "GET /sipse/css/imagen/loginimg.png HTTP/1.1" 200 71635
186.80.251.208 - - [23/Dec/2021:10:17:32 -0500] "GET /sipse/css/imagen/logoSDG.png HTTP/1.1" 200 53064
186.80.251.208 - - [23/Dec/2021:10:17:33 -0500] "GET /sipse/faces/index.xhtml HTTP/1.1" 200 677
186.80.251.208 - - [23/Dec/2021:10:17:33 -0500] "GET /sipse/faces/javax.faces.resource/theme.css?ln=primefaces-sipse HTTP/1.1" 304 -
186.80.251.208 - - [23/Dec/2021:10:17:33 -0500] "GET /favicon.ico HTTP/1.1" 200 7782
186.80.251.208 - - [23/Dec/2021:10:17:37 -0500] "GET /sipse/faces/index.xhtml HTTP/1.1" 200 677
186.80.251.208 - - [23/Dec/2021:10:17:37 -0500] "GET /sipse/faces/javax.faces.resource/theme.css?ln=primefaces-sipse HTTP/1.1" 200 50058
186.80.251.208 - - [23/Dec/2021:10:17:37 -0500] "GET /favicon.ico HTTP/1.1" 200 7782
186.80.251.208 - - [23/Dec/2021:10:17:42 -0500] "GET /sipse/faces/faces/autenticacion.xhtml HTTP/1.1" 200 12174
186.80.251.208 - - [23/Dec/2021:10:17:42 -0500] "GET /sipse/faces/javax.faces.resource/theme.css?ln=primefaces-sipse HTTP/1.1" 304 -
186.80.251.208 - - [23/Dec/2021:10:17:42 -0500] "GET /sipse/js/disable_browser_buttons.js HTTP/1.1" 200 3230
186.80.251.208 - - [23/Dec/2021:10:17:42 -0500] "GET /sipse/js/funciones.js HTTP/1.1" 200 12592
186.80.251.208 - - [23/Dec/2021:10:17:42 -0500] "GET /sipse/css/custom_css_sg_prime_login.css HTTP/1.1" 200 443
186.80.251.208 - - [23/Dec/2021:10:17:42 -0500] "GET /sipse/css/custom_css_sg.css HTTP/1.1" 200 9694
186.80.251.208 - - [23/Dec/2021:10:17:42 -0500] "GET /sipse/faces/javax.faces.resource/layout/layout.css?ln=primefaces&v=4.0 HTTP/1.1" 200 542
186.80.251.208 - - [23/Dec/2021:10:17:42 -0500] "GET /sipse/faces/javax.faces.resource/jquery/jquery.js?ln=primefaces&v=4.0 HTTP/1.1" 200 105384
186.80.251.208 - - [23/Dec/2021:10:17:42 -0500] "GET /sipse/faces/javax.faces.resource/layout/layout.js?ln=primefaces&v=4.0 HTTP/1.1" 200 87560
186.80.251.208 - - [23/Dec/2021:10:17:42 -0500] "GET /sipse/faces/javax.faces.resource/primefaces.css?ln=primefaces&v=4.0 HTTP/1.1" 200 53295
186.80.251.208 - - [23/Dec/2021:10:17:42 -0500] "GET /sipse/faces/javax.faces.resource/primefaces.js?ln=primefaces&v=4.0 HTTP/1.1" 200 276924
186.80.251.208 - - [23/Dec/2021:10:17:42 -0500] "GET /sipse/faces/javax.faces.resource/jquery/jquery-plugins.js?ln=primefaces&v=4.0 HTTP/1.1" 200 220526
186.84.20.3 - - [23/Dec/2021:10:17:43 -0500] "POST /sipse/faces/presentacion/financiero/solicitudProceso/consultar.xhtml HTTP/1.1" 200 13000
186.80.251.208 - - [23/Dec/2021:10:17:43 -0500] "GET /sipse/faces/javax.faces.resource/images/ui-icons_898989_256x240.png?ln=primefaces-aristo HTTP/1.1" 200 5355
186.80.251.208 - - [23/Dec/2021:10:17:43 -0500] "GET /sipse/css/imagen/logoSDG.png HTTP/1.1" 200 53064
186.80.251.208 - - [23/Dec/2021:10:17:43 -0500] "GET /sipse/css/imagen/loginimg.png HTTP/1.1" 200 71635
186.30.30.67 - - [23/Dec/2021:10:17:42 -0500] "POST /sipse/faces/presentacion/financiero/estudioPrevio/personalSolicitado/asociarEspecializacionPersonalSolicitado.xhtml HTTP/1.1" 200 6538
186.84.20.3 - - [23/Dec/2021:10:17:44 -0500] "POST /sipse/faces/presentacion/financiero/solicitudProceso/consultar.xhtml HTTP/1.1" 200 64296
186.84.20.3 - - [23/Dec/2021:10:17:45 -0500] "GET /sipse/faces/javax.faces.resource/primefaces.css?ln=primefaces&v=4.0 HTTP/1.1" 304 -
186.84.20.3 - - [23/Dec/2021:10:17:45 -0500] "GET /sipse/faces/javax.faces.resource/theme.css?ln=primefaces-sipse HTTP/1.1" 304 -
186.84.20.3 - - [23/Dec/2021:10:17:45 -0500] "GET /sipse/faces/javax.faces.resource/layout/layout.css?ln=primefaces&v=4.0 HTTP/1.1" 304 -
186.84.20.3 - - [23/Dec/2021:10:17:45 -0500] "GET /sipse/faces/javax.faces.resource/jquery/jquery.js?ln=primefaces&v=4.0 HTTP/1.1" 304 -
186.84.20.3 - - [23/Dec/2021:10:17:45 -0500] "GET /sipse/faces/javax.faces.resource/jquery/jquery-plugins.js?ln=primefaces&v=4.0 HTTP/1.1" 304 -
186.84.20.3 - - [23/Dec/2021:10:17:45 -0500] "GET /sipse/faces/javax.faces.resource/primefaces.js?ln=primefaces&v=4.0 HTTP/1.1" 304 -
186.30.30.67 - - [23/Dec/2021:10:17:44 -0500] "POST /sipse/faces/presentacion/financiero/estudioPrevio/personalSolicitado/asociarEspecializacionPersonalSolicitado.xhtml HTTP/1.1" 200 6542
186.84.20.3 - - [23/Dec/2021:10:17:45 -0500] "GET /sipse/faces/javax.faces.resource/layout/layout.js?ln=primefaces&v=4.0 HTTP/1.1" 304 -
186.84.20.3 - - [23/Dec/2021:10:17:45 -0500] "GET /sipse/css/imagen/contrasena.png HTTP/1.1" 404 383
186.84.20.3 - - [23/Dec/2021:10:17:45 -0500] "POST /sipse/faces/presentacion/financiero/solicitudProceso/listarSolicitudProceso.xhtml HTTP/1.1" 200 57563
186.84.20.3 - - [23/Dec/2021:10:17:45 -0500] "POST /sipse/faces/presentacion/financiero/solicitudProceso/listarSolicitudProceso.xhtml HTTP/1.1" 200 1448
186.84.20.3 - - [23/Dec/2021:10:17:46 -0500] "POST /sipse/faces/presentacion/financiero/solicitudProceso/listarSolicitudProceso.xhtml HTTP/1.1" 200 1448
186.30.30.67 - - [23/Dec/2021:10:17:49 -0500] "POST /sipse/faces/presentacion/financiero/estudioPrevio/personalSolicitado/asociarEspecializacionPersonalSolicitado.xhtml HTTP/1.1" 200 6542
186.84.20.3 - - [23/Dec/2021:10:17:50 -0500] "POST /sipse/faces/presentacion/financiero/solicitudProceso/listarSolicitudProceso.xhtml HTTP/1.1" 200 16172
186.30.30.67 - - [23/Dec/2021:10:17:50 -0500] "POST /sipse/faces/presentacion/financiero/estudioPrevio/personalSolicitado/asociarEspecializacionPersonalSolicitado.xhtml HTTP/1.1" 200 6546
186.84.89.2 - - [23/Dec/2021:10:17:51 -0500] "GET /sipse/faces/index.xhtml HTTP/1.1" 200 677
186.84.89.2 - - [23/Dec/2021:10:17:52 -0500] "GET /sipse/faces/javax.faces.resource/theme.css?ln=primefaces-sipse HTTP/1.1" 304 -
186.84.89.2 - - [23/Dec/2021:10:17:52 -0500] "GET /sipse/faces/faces/autenticacion.xhtml HTTP/1.1" 200 12174
186.84.89.2 - - [23/Dec/2021:10:17:52 -0500] "GET /sipse/faces/javax.faces.resource/theme.css?ln=primefaces-sipse HTTP/1.1" 304 -
186.84.89.2 - - [23/Dec/2021:10:17:52 -0500] "GET /sipse/faces/javax.faces.resource/primefaces.css?ln=primefaces&v=4.0 HTTP/1.1" 304 -
186.84.89.2 - - [23/Dec/2021:10:17:52 -0500] "GET /sipse/faces/javax.faces.resource/layout/layout.css?ln=primefaces&v=4.0 HTTP/1.1" 304 -
186.84.89.2 - - [23/Dec/2021:10:17:52 -0500] "GET /sipse/faces/javax.faces.resource/jquery/jquery.js?ln=primefaces&v=4.0 HTTP/1.1" 304 -
186.84.89.2 - - [23/Dec/2021:10:17:52 -0500] "GET /sipse/faces/javax.faces.resource/jquery/jquery-plugins.js?ln=primefaces&v=4.0 HTTP/1.1" 304 -
186.84.89.2 - - [23/Dec/2021:10:17:52 -0500] "GET /sipse/faces/javax.faces.resource/primefaces.js?ln=primefaces&v=4.0 HTTP/1.1" 304 -
186.84.89.2 - - [23/Dec/2021:10:17:52 -0500] "GET /sipse/faces/javax.faces.resource/layout/layout.js?ln=primefaces&v=4.0 HTTP/1.1" 304 -
186.84.89.2 - - [23/Dec/2021:10:17:52 -0500] "GET /sipse/faces/javax.faces.resource/images/ui-icons_898989_256x240.png?ln=primefaces-aristo HTTP/1.1" 304 -
186.30.30.67 - - [23/Dec/2021:10:17:52 -0500] "POST /sipse/faces/presentacion/financiero/estudioPrevio/personalSolicitado/asociarEspecializacionPersonalSolicitado.xhtml HTTP/1.1" 200 6542
186.84.20.3 - - [23/Dec/2021:10:17:52 -0500] "POST /sipse/faces/presentacion/financiero/solicitudProceso/listarSolicitudProceso.xhtml HTTP/1.1" 200 139718
186.84.20.3 - - [23/Dec/2021:10:17:53 -0500] "GET /sipse/faces/javax.faces.resource/theme.css?ln=primefaces-sipse HTTP/1.1" 304 -
186.84.20.3 - - [23/Dec/2021:10:17:53 -0500] "GET /sipse/faces/javax.faces.resource/primefaces.css?ln=primefaces&v=4.0 HTTP/1.1" 304 -
186.84.20.3 - - [23/Dec/2021:10:17:53 -0500] "GET /sipse/faces/javax.faces.resource/layout/layout.css?ln=primefaces&v=4.0 HTTP/1.1" 304 -
186.84.20.3 - - [23/Dec/2021:10:17:53 -0500] "GET /sipse/faces/javax.faces.resource/jquery/jquery.js?ln=primefaces&v=4.0 HTTP/1.1" 304 -
186.84.20.3 - - [23/Dec/2021:10:17:53 -0500] "GET /sipse/faces/javax.faces.resource/jquery/jquery-plugins.js?ln=primefaces&v=4.0 HTTP/1.1" 304 -
186.84.20.3 - - [23/Dec/2021:10:17:53 -0500] "GET /sipse/faces/javax.faces.resource/primefaces.js?ln=primefaces&v=4.0 HTTP/1.1" 304 -
186.84.20.3 - - [23/Dec/2021:10:17:53 -0500] "GET /sipse/faces/javax.faces.resource/layout/layout.js?ln=primefaces&v=4.0 HTTP/1.1" 304 -
186.84.20.3 - - [23/Dec/2021:10:17:53 -0500] "GET /sipse/css/imagen/contrasena.png HTTP/1.1" 404 383
186.80.251.208 - - [23/Dec/2021:10:17:54 -0500] "POST /sipse/faces/autenticacion.xhtml HTTP/1.1" 200 11436
186.80.251.208 - - [23/Dec/2021:10:17:54 -0500] "GET /sipse/css/custom_css_sg_prime.css HTTP/1.1" 200 5201
186.80.251.208 - - [23/Dec/2021:10:17:54 -0500] "GET /sipse/faces/javax.faces.resource/jquery/jquery.js?ln=primefaces&v=4.0 HTTP/1.1" 304 -
186.30.30.67 - - [23/Dec/2021:10:17:53 -0500] "POST /sipse/faces/presentacion/financiero/estudioPrevio/personalSolicitado/asociarEspecializacionPersonalSolicitado.xhtml HTTP/1.1" 200 6546
186.80.251.208 - - [23/Dec/2021:10:17:54 -0500] "GET /sipse/faces/javax.faces.resource/jquery/jquery-plugins.js?ln=primefaces&v=4.0 HTTP/1.1" 304 -
186.80.251.208 - - [23/Dec/2021:10:17:54 -0500] "GET /sipse/faces/javax.faces.resource/primefaces.js?ln=primefaces&v=4.0 HTTP/1.1" 304 -
186.80.251.208 - - [23/Dec/2021:10:17:54 -0500] "GET /sipse/faces/javax.faces.resource/layout/layout.js?ln=primefaces&v=4.0 HTTP/1.1" 304 -
186.84.20.3 - - [23/Dec/2021:10:17:53 -0500] "GET /reportes_sipse/sdg/ServletReporte?reporte=experienia_idoneidad&solicitud=15982&pfdrid_c=false HTTP/1.1" 200 97436
186.80.251.208 - - [23/Dec/2021:10:17:55 -0500] "GET /sipse/faces/javax.faces.resource/messages/messages.png?ln=primefaces&v=4.0 HTTP/1.1" 200 27209
186.84.89.2 - - [23/Dec/2021:10:17:55 -0500] "POST /sipse/faces/autenticacion.xhtml HTTP/1.1" 200 2220
186.84.89.2 - - [23/Dec/2021:10:17:55 -0500] "GET /sipse/faces/javax.faces.resource/messages/messages.png?ln=primefaces&v=4.0 HTTP/1.1" 304 -
186.30.30.67 - - [23/Dec/2021:10:17:55 -0500] "POST /sipse/faces/presentacion/financiero/estudioPrevio/personalSolicitado/asociarEspecializacionPersonalSolicitado.xhtml HTTP/1.1" 200 6546
186.84.89.2 - - [23/Dec/2021:10:17:56 -0500] "POST /sipse/faces/autenticacion.xhtml HTTP/1.1" 200 16362
186.84.89.2 - - [23/Dec/2021:10:17:56 -0500] "GET /sipse/faces/javax.faces.resource/jquery/jquery.js?ln=primefaces&v=4.0 HTTP/1.1" 304 -
186.84.89.2 - - [23/Dec/2021:10:17:56 -0500] "GET /sipse/faces/javax.faces.resource/jquery/jquery-plugins.js?ln=primefaces&v=4.0 HTTP/1.1" 304 -
186.84.89.2 - - [23/Dec/2021:10:17:56 -0500] "GET /sipse/faces/javax.faces.resource/primefaces.js?ln=primefaces&v=4.0 HTTP/1.1" 304 -
186.84.89.2 - - [23/Dec/2021:10:17:57 -0500] "GET /sipse/faces/javax.faces.resource/layout/layout.js?ln=primefaces&v=4.0 HTTP/1.1" 304 -
186.84.89.2 - - [23/Dec/2021:10:17:57 -0500] "GET /sipse/css/imagen/contrasena.png HTTP/1.1" 404 383
186.30.30.67 - - [23/Dec/2021:10:17:57 -0500] "POST /sipse/faces/presentacion/financiero/estudioPrevio/personalSolicitado/asociarEspecializacionPersonalSolicitado.xhtml HTTP/1.1" 200 6546
186.80.251.208 - - [23/Dec/2021:10:17:58 -0500] "POST /sipse/faces/presentacion/sistema/seguridad/seleccionRol.xhtml HTTP/1.1" 200 5801
186.80.251.208 - - [23/Dec/2021:10:18:00 -0500] "POST /sipse/faces/presentacion/sistema/seguridad/seleccionRol.xhtml HTTP/1.1" 200 13934
186.80.251.208 - - [23/Dec/2021:10:18:00 -0500] "GET /sipse/js/jquery.min.js HTTP/1.1" 200 85582
186.80.251.208 - - [23/Dec/2021:10:18:01 -0500] "GET /sipse/faces/javax.faces.resource/jquery/jquery.js?ln=primefaces&v=4.0 HTTP/1.1" 304 -
186.80.251.208 - - [23/Dec/2021:10:18:01 -0500] "GET /sipse/faces/javax.faces.resource/jquery/jquery-plugins.js?ln=primefaces&v=4.0 HTTP/1.1" 304 -
186.80.251.208 - - [23/Dec/2021:10:18:01 -0500] "GET /sipse/faces/javax.faces.resource/primefaces.js?ln=primefaces&v=4.0 HTTP/1.1" 304 -
186.80.251.208 - - [23/Dec/2021:10:18:01 -0500] "GET /sipse/faces/javax.faces.resource/layout/layout.js?ln=primefaces&v=4.0 HTTP/1.1" 304 -
186.80.251.208 - - [23/Dec/2021:10:18:01 -0500] "GET /sipse/css/imagen/contrasena.png HTTP/1.1" 404 383
186.80.251.208 - - [23/Dec/2021:10:18:01 -0500] "GET /sipse/imagenes/cargando.gif HTTP/1.1" 200 36959
186.80.251.208 - - [23/Dec/2021:10:18:01 -0500] "GET /sipse/imagenes/logoAplicacion.jpg HTTP/1.1" 200 155084
186.80.251.208 - - [23/Dec/2021:10:18:02 -0500] "GET /sipse/faces/javax.faces.resource/images/ui-bg_flat_0_2d5972_40x100.png?ln=primefaces-aristo HTTP/1.1" 200 183
186.80.251.208 - - [23/Dec/2021:10:18:02 -0500] "POST /sipse/faces/bienvenido.xhtml HTTP/1.1" 200 1471
186.80.251.208 - - [23/Dec/2021:10:18:04 -0500] "POST /sipse/faces/bienvenido.xhtml HTTP/1.1" 200 19878
186.80.251.208 - - [23/Dec/2021:10:18:04 -0500] "GET /sipse/faces/javax.faces.resource/jquery/jquery.js?ln=primefaces&v=4.0 HTTP/1.1" 304 -
186.80.251.208 - - [23/Dec/2021:10:18:04 -0500] "GET /sipse/faces/javax.faces.resource/jquery/jquery-plugins.js?ln=primefaces&v=4.0 HTTP/1.1" 304 -
186.80.251.208 - - [23/Dec/2021:10:18:04 -0500] "GET /sipse/faces/javax.faces.resource/primefaces.js?ln=primefaces&v=4.0 HTTP/1.1" 304 -
186.80.251.208 - - [23/Dec/2021:10:18:04 -0500] "GET /sipse/faces/javax.faces.resource/layout/layout.js?ln=primefaces&v=4.0 HTTP/1.1" 304 -
186.30.30.67 - - [23/Dec/2021:10:18:05 -0500] "POST /sipse/faces/presentacion/financiero/estudioPrevio/personalSolicitado/asociarEspecializacionPersonalSolicitado.xhtml HTTP/1.1" 200 8284
186.80.251.208 - - [23/Dec/2021:10:18:06 -0500] "POST /sipse/faces/presentacion/sistema/reporte/listarReportes.xhtml HTTP/1.1" 200 15273
186.80.251.208 - - [23/Dec/2021:10:18:06 -0500] "GET /sipse/faces/javax.faces.resource/theme.css?ln=primefaces-sipse HTTP/1.1" 304 -
186.80.251.208 - - [23/Dec/2021:10:18:06 -0500] "GET /sipse/faces/javax.faces.resource/primefaces.css?ln=primefaces&v=4.0 HTTP/1.1" 304 -
186.80.251.208 - - [23/Dec/2021:10:18:06 -0500] "GET /sipse/faces/javax.faces.resource/layout/layout.css?ln=primefaces&v=4.0 HTTP/1.1" 304 -
186.80.251.208 - - [23/Dec/2021:10:18:06 -0500] "GET /sipse/faces/javax.faces.resource/jquery/jquery.js?ln=primefaces&v=4.0 HTTP/1.1" 304 -
186.80.251.208 - - [23/Dec/2021:10:18:06 -0500] "GET /sipse/faces/javax.faces.resource/jquery/jquery-plugins.js?ln=primefaces&v=4.0 HTTP/1.1" 304 -
186.80.251.208 - - [23/Dec/2021:10:18:06 -0500] "GET /sipse/faces/javax.faces.resource/primefaces.js?ln=primefaces&v=4.0 HTTP/1.1" 304 -
186.80.251.208 - - [23/Dec/2021:10:18:06 -0500] "GET /sipse/faces/javax.faces.resource/layout/layout.js?ln=primefaces&v=4.0 HTTP/1.1" 304 -
186.80.251.208 - - [23/Dec/2021:10:18:06 -0500] "GET /sipse/faces/javax.faces.resource/images/ui-icons_898989_256x240.png?ln=primefaces-aristo HTTP/1.1" 304 -
186.30.30.67 - - [23/Dec/2021:10:18:08 -0500] "POST /sipse/faces/presentacion/financiero/estudioPrevio/personalSolicitado/asociarEspecializacionPersonalSolicitado.xhtml HTTP/1.1" 200 17925
186.30.30.67 - - [23/Dec/2021:10:18:10 -0500] "POST /sipse/faces/presentacion/financiero/estudioPrevio/personalSolicitado/asociarEspecializacionPersonalSolicitado.xhtml HTTP/1.1" 200 18433
186.84.89.2 - - [23/Dec/2021:10:18:12 -0500] "GET /sipse/faces/javax.faces.resource/images/ui-bg_flat_0_2d5972_40x100.png?ln=primefaces-aristo HTTP/1.1" 304 -
186.84.89.2 - - [23/Dec/2021:10:18:12 -0500] "POST /sipse/faces/bienvenido.xhtml HTTP/1.1" 200 2658
186.30.30.67 - - [23/Dec/2021:10:18:13 -0500] "POST /sipse/faces/presentacion/financiero/estudioPrevio/personalSolicitado/asociarEspecializacionPersonalSolicitado.xhtml HTTP/1.1" 200 18342
186.84.89.2 - - [23/Dec/2021:10:18:13 -0500] "POST /sipse/faces/bienvenido.xhtml HTTP/1.1" 200 61541
186.84.89.2 - - [23/Dec/2021:10:18:14 -0500] "GET /sipse/faces/javax.faces.resource/jquery/jquery.js?ln=primefaces&v=4.0 HTTP/1.1" 304 -
186.84.89.2 - - [23/Dec/2021:10:18:14 -0500] "GET /sipse/faces/javax.faces.resource/jquery/jquery-plugins.js?ln=primefaces&v=4.0 HTTP/1.1" 304 -
186.84.89.2 - - [23/Dec/2021:10:18:14 -0500] "GET /sipse/faces/javax.faces.resource/primefaces.js?ln=primefaces&v=4.0 HTTP/1.1" 304 -
186.84.89.2 - - [23/Dec/2021:10:18:14 -0500] "GET /sipse/faces/javax.faces.resource/layout/layout.js?ln=primefaces&v=4.0 HTTP/1.1" 304 -
186.84.89.2 - - [23/Dec/2021:10:18:14 -0500] "POST /sipse/faces/presentacion/financiero/solicitudProceso/listarSolicitudProceso.xhtml HTTP/1.1" 200 1448
186.30.30.67 - - [23/Dec/2021:10:18:15 -0500] "POST /sipse/faces/presentacion/financiero/estudioPrevio/personalSolicitado/asociarEspecializacionPersonalSolicitado.xhtml HTTP/1.1" 200 18342
186.30.30.67 - - [23/Dec/2021:10:18:18 -0500] "POST /sipse/faces/presentacion/financiero/estudioPrevio/personalSolicitado/asociarEspecializacionPersonalSolicitado.xhtml HTTP/1.1" 200 18342
186.80.251.208 - - [23/Dec/2021:10:18:06 -0500] "GET /reportes_sipse/sdg/ServletReporte?reporte=Seguimiento_Modificaciones HTTP/1.1" 200 63165
201.245.192.253 - - [23/Dec/2021:10:18:22 -0500] "POST /sipse/faces/presentacion/financiero/solicitudProceso/solicitudProcesoOtrosPagos.xhtml HTTP/1.1" 200 57300
201.245.192.253 - - [23/Dec/2021:10:18:23 -0500] "GET /sipse/faces/javax.faces.resource/theme.css?ln=primefaces-sipse HTTP/1.1" 304 -
201.245.192.253 - - [23/Dec/2021:10:18:23 -0500] "GET /sipse/faces/javax.faces.resource/primefaces.css?ln=primefaces&v=4.0 HTTP/1.1" 304 -
201.245.192.253 - - [23/Dec/2021:10:18:23 -0500] "GET /sipse/faces/javax.faces.resource/fileupload/fileupload.css?ln=primefaces&v=4.0 HTTP/1.1" 304 -
201.245.192.253 - - [23/Dec/2021:10:18:23 -0500] "GET /sipse/faces/javax.faces.resource/layout/layout.css?ln=primefaces&v=4.0 HTTP/1.1" 304 -
201.245.192.253 - - [23/Dec/2021:10:18:23 -0500] "GET /sipse/faces/javax.faces.resource/jquery/jquery.js?ln=primefaces&v=4.0 HTTP/1.1" 304 -
201.245.192.253 - - [23/Dec/2021:10:18:23 -0500] "GET /sipse/faces/javax.faces.resource/jquery/jquery-plugins.js?ln=primefaces&v=4.0 HTTP/1.1" 304 -
201.245.192.253 - - [23/Dec/2021:10:18:23 -0500] "GET /sipse/faces/javax.faces.resource/primefaces.js?ln=primefaces&v=4.0 HTTP/1.1" 304 -
201.245.192.253 - - [23/Dec/2021:10:18:23 -0500] "GET /sipse/faces/javax.faces.resource/layout/layout.js?ln=primefaces&v=4.0 HTTP/1.1" 304 -
201.245.192.253 - - [23/Dec/2021:10:18:23 -0500] "GET /sipse/faces/javax.faces.resource/fileupload/fileupload.js?ln=primefaces&v=4.0 HTTP/1.1" 304 -
201.245.192.253 - - [23/Dec/2021:10:18:23 -0500] "GET /reportes_sipse/sdg/ServletReporte?reporte=experienia_idoneidad&solicitud=15982&pfdrid_c=false HTTP/1.1" 200 97436
186.30.30.67 - - [23/Dec/2021:10:18:22 -0500] "POST /sipse/faces/presentacion/financiero/estudioPrevio/personalSolicitado/asociarEspecializacionPersonalSolicitado.xhtml HTTP/1.1" 200 18354
186.30.30.67 - - [23/Dec/2021:10:18:31 -0500] "POST /sipse/faces/presentacion/financiero/estudioPrevio/personalSolicitado/asociarEspecializacionPersonalSolicitado.xhtml HTTP/1.1" 200 17921
186.80.251.208 - - [23/Dec/2021:10:18:32 -0500] "GET /sipse/faces/javax.faces.resource/images/ui-bg_flat_0_2d5972_40x100.png?ln=primefaces-aristo HTTP/1.1" 304 -
186.80.251.208 - - [23/Dec/2021:10:18:32 -0500] "POST /sipse/faces/presentacion/sistema/reporte/ventanaVerReporteParametros.xhtml HTTP/1.1" 200 19878
201.245.192.253 - - [23/Dec/2021:10:18:32 -0500] "POST /sipse/faces/presentacion/financiero/solicitudProceso/detalleSolicitudProcesoOtrosPagos.xhtml HTTP/1.1" 200 358455
186.80.251.208 - - [23/Dec/2021:10:18:32 -0500] "GET /sipse/faces/javax.faces.resource/jquery/jquery.js?ln=primefaces&v=4.0 HTTP/1.1" 304 -
186.80.251.208 - - [23/Dec/2021:10:18:32 -0500] "GET /sipse/faces/javax.faces.resource/jquery/jquery-plugins.js?ln=primefaces&v=4.0 HTTP/1.1" 304 -
186.80.251.208 - - [23/Dec/2021:10:18:32 -0500] "GET /sipse/faces/javax.faces.resource/primefaces.js?ln=primefaces&v=4.0 HTTP/1.1" 304 -
186.80.251.208 - - [23/Dec/2021:10:18:32 -0500] "GET /sipse/faces/javax.faces.resource/layout/layout.js?ln=primefaces&v=4.0 HTTP/1.1" 304 -
186.30.30.67 - - [23/Dec/2021:10:18:34 -0500] "POST /sipse/faces/presentacion/financiero/estudioPrevio/personalSolicitado/asociarEspecializacionPersonalSolicitado.xhtml HTTP/1.1" 200 17921
186.80.251.208 - - [23/Dec/2021:10:18:34 -0500] "POST /sipse/faces/presentacion/sistema/reporte/listarReportes.xhtml HTTP/1.1" 200 15267
186.80.251.208 - - [23/Dec/2021:10:18:34 -0500] "GET /sipse/faces/javax.faces.resource/theme.css?ln=primefaces-sipse HTTP/1.1" 304 -
186.80.251.208 - - [23/Dec/2021:10:18:34 -0500] "GET /sipse/faces/javax.faces.resource/primefaces.css?ln=primefaces&v=4.0 HTTP/1.1" 304 -
186.80.251.208 - - [23/Dec/2021:10:18:34 -0500] "GET /sipse/faces/javax.faces.resource/jquery/jquery.js?ln=primefaces&v=4.0 HTTP/1.1" 304 -
186.80.251.208 - - [23/Dec/2021:10:18:34 -0500] "GET /sipse/faces/javax.faces.resource/jquery/jquery-plugins.js?ln=primefaces&v=4.0 HTTP/1.1" 304 -
186.80.251.208 - - [23/Dec/2021:10:18:34 -0500] "GET /sipse/faces/javax.faces.resource/layout/layout.css?ln=primefaces&v=4.0 HTTP/1.1" 304 -
186.80.251.208 - - [23/Dec/2021:10:18:34 -0500] "GET /sipse/faces/javax.faces.resource/primefaces.js?ln=primefaces&v=4.0 HTTP/1.1" 304 -
186.80.251.208 - - [23/Dec/2021:10:18:34 -0500] "GET /sipse/faces/javax.faces.resource/layout/layout.js?ln=primefaces&v=4.0 HTTP/1.1" 304 -
186.80.251.208 - - [23/Dec/2021:10:18:34 -0500] "GET /sipse/faces/javax.faces.resource/images/ui-icons_898989_256x240.png?ln=primefaces-aristo HTTP/1.1" 304 -
186.30.30.67 - - [23/Dec/2021:10:18:36 -0500] "POST /sipse/faces/presentacion/financiero/estudioPrevio/personalSolicitado/asociarEspecializacionPersonalSolicitado.xhtml HTTP/1.1" 200 18281
186.30.30.67 - - [23/Dec/2021:10:18:38 -0500] "POST /sipse/faces/presentacion/financiero/estudioPrevio/personalSolicitado/asociarEspecializacionPersonalSolicitado.xhtml HTTP/1.1" 200 8280
186.30.30.67 - - [23/Dec/2021:10:18:40 -0500] "POST /sipse/faces/presentacion/financiero/estudioPrevio/personalSolicitado/asociarEspecializacionPersonalSolicitado.xhtml HTTP/1.1" 200 8288
186.30.30.67 - - [23/Dec/2021:10:18:43 -0500] "POST /sipse/faces/presentacion/financiero/estudioPrevio/personalSolicitado/asociarEspecializacionPersonalSolicitado.xhtml HTTP/1.1" 200 8288
186.30.30.67 - - [23/Dec/2021:10:18:45 -0500] "POST /sipse/faces/presentacion/financiero/estudioPrevio/personalSolicitado/asociarEspecializacionPersonalSolicitado.xhtml HTTP/1.1" 200 6546
186.30.30.67 - - [23/Dec/2021:10:18:48 -0500] "POST /sipse/faces/presentacion/financiero/estudioPrevio/personalSolicitado/asociarEspecializacionPersonalSolicitado.xhtml HTTP/1.1" 200 6542
186.30.30.67 - - [23/Dec/2021:10:18:52 -0500] "POST /sipse/faces/presentacion/financiero/estudioPrevio/personalSolicitado/asociarEspecializacionPersonalSolicitado.xhtml HTTP/1.1" 200 17921
186.84.89.199 - - [23/Dec/2021:10:18:56 -0500] "GET /appsia/controlador HTTP/1.1" 200 4799
186.84.89.199 - - [23/Dec/2021:10:18:57 -0500] "GET /appsia/css/estilos.css HTTP/1.1" 200 4804
186.84.89.199 - - [23/Dec/2021:10:18:57 -0500] "GET /appsia/scripts/validarIngreso.js HTTP/1.1" 200 851
186.84.89.199 - - [23/Dec/2021:10:18:57 -0500] "GET /appsia/images/cabezoteHojaVida.png HTTP/1.1" 200 32493
186.84.89.199 - - [23/Dec/2021:10:18:57 -0500] "GET /appsia/images/logo_bogota_p.png HTTP/1.1" 200 14951
186.84.89.199 - - [23/Dec/2021:10:18:57 -0500] "GET /favicon.ico HTTP/1.1" 200 7782
186.30.30.67 - - [23/Dec/2021:10:18:59 -0500] "POST /sipse/faces/presentacion/financiero/estudioPrevio/personalSolicitado/asociarEspecializacionPersonalSolicitado.xhtml HTTP/1.1" 200 18065
186.30.30.67 - - [23/Dec/2021:10:19:00 -0500] "POST /sipse/faces/presentacion/financiero/estudioPrevio/personalSolicitado/asociarEspecializacionPersonalSolicitado.xhtml HTTP/1.1" 200 18681
191.95.52.236 - - [23/Dec/2021:10:19:02 -0500] "GET /sipse/faces/index.xhtml HTTP/1.1" 200 677
191.95.52.236 - - [23/Dec/2021:10:19:03 -0500] "GET /sipse/faces/javax.faces.resource/theme.css?ln=primefaces-sipse HTTP/1.1" 200 50058
191.95.52.236 - - [23/Dec/2021:10:19:03 -0500] "GET /sipse/faces/faces/autenticacion.xhtml HTTP/1.1" 200 12174
191.95.52.236 - - [23/Dec/2021:10:19:03 -0500] "GET /sipse/faces/javax.faces.resource/theme.css?ln=primefaces-sipse HTTP/1.1" 304 -
191.95.52.236 - - [23/Dec/2021:10:19:03 -0500] "GET /sipse/faces/javax.faces.resource/jquery/jquery.js?ln=primefaces&v=4.0 HTTP/1.1" 304 -
191.95.52.236 - - [23/Dec/2021:10:19:03 -0500] "GET /sipse/faces/javax.faces.resource/primefaces.js?ln=primefaces&v=4.0 HTTP/1.1" 304 -
191.95.52.236 - - [23/Dec/2021:10:19:03 -0500] "GET /sipse/faces/javax.faces.resource/layout/layout.js?ln=primefaces&v=4.0 HTTP/1.1" 304 -
191.95.52.236 - - [23/Dec/2021:10:19:03 -0500] "GET /sipse/faces/javax.faces.resource/jquery/jquery-plugins.js?ln=primefaces&v=4.0 HTTP/1.1" 304 -
191.95.52.236 - - [23/Dec/2021:10:19:03 -0500] "GET /sipse/faces/javax.faces.resource/layout/layout.css?ln=primefaces&v=4.0 HTTP/1.1" 304 -
191.95.52.236 - - [23/Dec/2021:10:19:03 -0500] "GET /sipse/faces/javax.faces.resource/primefaces.css?ln=primefaces&v=4.0 HTTP/1.1" 304 -
191.95.52.236 - - [23/Dec/2021:10:19:04 -0500] "GET /sipse/css/imagen/logoSDG.png HTTP/1.1" 200 15714
191.95.52.236 - - [23/Dec/2021:10:19:04 -0500] "GET /sipse/faces/javax.faces.resource/images/ui-icons_898989_256x240.png?ln=primefaces-aristo HTTP/1.1" 304 -
191.95.52.236 - - [23/Dec/2021:10:19:04 -0500] "GET /sipse/css/imagen/loginimg.png HTTP/1.1" 200 15714
186.30.30.67 - - [23/Dec/2021:10:19:03 -0500] "POST /sipse/faces/presentacion/financiero/estudioPrevio/personalSolicitado/asociarEspecializacionPersonalSolicitado.xhtml HTTP/1.1" 200 18683
186.30.30.67 - - [23/Dec/2021:10:19:05 -0500] "POST /sipse/faces/presentacion/financiero/estudioPrevio/personalSolicitado/asociarEspecializacionPersonalSolicitado.xhtml HTTP/1.1" 200 18699
191.95.52.236 - - [23/Dec/2021:10:19:07 -0500] "POST /sipse/faces/autenticacion.xhtml HTTP/1.1" 200 2216
191.95.52.236 - - [23/Dec/2021:10:19:07 -0500] "GET /sipse/faces/javax.faces.resource/messages/messages.png?ln=primefaces&v=4.0 HTTP/1.1" 304 -
186.80.251.208 - - [23/Dec/2021:10:18:34 -0500] "GET /reportes_sipse/sdg/ServletReporte?reporte=Seguimiento_Procesos HTTP/1.1" 200 168140
186.30.30.67 - - [23/Dec/2021:10:19:07 -0500] "POST /sipse/faces/presentacion/financiero/estudioPrevio/personalSolicitado/asociarEspecializacionPersonalSolicitado.xhtml HTTP/1.1" 200 18699
186.84.89.199 - - [23/Dec/2021:10:19:09 -0500] "POST /appsia/controlador HTTP/1.1" 200 5437
186.30.30.67 - - [23/Dec/2021:10:19:09 -0500] "POST /sipse/faces/presentacion/financiero/estudioPrevio/personalSolicitado/asociarEspecializacionPersonalSolicitado.xhtml HTTP/1.1" 200 18703
191.95.52.236 - - [23/Dec/2021:10:19:11 -0500] "POST /sipse/faces/autenticacion.xhtml HTTP/1.1" 200 16383
191.95.52.236 - - [23/Dec/2021:10:19:11 -0500] "GET /sipse/faces/javax.faces.resource/jquery/jquery.js?ln=primefaces&v=4.0 HTTP/1.1" 304 -
191.95.52.236 - - [23/Dec/2021:10:19:12 -0500] "GET /sipse/faces/javax.faces.resource/jquery/jquery-plugins.js?ln=primefaces&v=4.0 HTTP/1.1" 304 -
191.95.52.236 - - [23/Dec/2021:10:19:12 -0500] "GET /sipse/faces/javax.faces.resource/primefaces.js?ln=primefaces&v=4.0 HTTP/1.1" 304 -
191.95.52.236 - - [23/Dec/2021:10:19:12 -0500] "GET /sipse/faces/javax.faces.resource/layout/layout.js?ln=primefaces&v=4.0 HTTP/1.1" 304 -
191.95.52.236 - - [23/Dec/2021:10:19:12 -0500] "GET /sipse/css/imagen/contrasena.png HTTP/1.1" 404 383
186.84.89.199 - - [23/Dec/2021:10:19:12 -0500] "POST /appsia/controlador HTTP/1.1" 200 7732
186.84.89.199 - - [23/Dec/2021:10:19:12 -0500] "GET /appsia/images/logo_escudo.png HTTP/1.1" 200 36965
186.30.30.67 - - [23/Dec/2021:10:19:12 -0500] "POST /sipse/faces/presentacion/financiero/estudioPrevio/personalSolicitado/asociarEspecializacionPersonalSolicitado.xhtml HTTP/1.1" 200 18617
186.30.30.67 - - [23/Dec/2021:10:19:13 -0500] "POST /sipse/faces/presentacion/financiero/estudioPrevio/personalSolicitado/asociarEspecializacionPersonalSolicitado.xhtml HTTP/1.1" 200 18621
186.30.30.67 - - [23/Dec/2021:10:19:15 -0500] "POST /sipse/faces/presentacion/financiero/estudioPrevio/personalSolicitado/asociarEspecializacionPersonalSolicitado.xhtml HTTP/1.1" 200 18621
186.30.30.67 - - [23/Dec/2021:10:19:17 -0500] "POST /sipse/faces/presentacion/financiero/estudioPrevio/personalSolicitado/asociarEspecializacionPersonalSolicitado.xhtml HTTP/1.1" 200 18800
191.95.52.236 - - [23/Dec/2021:10:19:18 -0500] "GET /sipse/faces/javax.faces.resource/images/ui-bg_flat_0_2d5972_40x100.png?ln=primefaces-aristo HTTP/1.1" 200 183
191.95.52.236 - - [23/Dec/2021:10:19:18 -0500] "POST /sipse/faces/bienvenido.xhtml HTTP/1.1" 200 2658
186.30.30.67 - - [23/Dec/2021:10:19:19 -0500] "POST /sipse/faces/presentacion/financiero/estudioPrevio/personalSolicitado/asociarEspecializacionPersonalSolicitado.xhtml HTTP/1.1" 200 17959
191.95.52.236 - - [23/Dec/2021:10:19:20 -0500] "POST /sipse/faces/bienvenido.xhtml HTTP/1.1" 200 61103
191.95.52.236 - - [23/Dec/2021:10:19:20 -0500] "GET /sipse/faces/javax.faces.resource/jquery/jquery.js?ln=primefaces&v=4.0 HTTP/1.1" 304 -
