186.84.20.3 - - [25/Dec/2021:14:04:05 -0500] "GET /sipse/faces/javax.faces.resource/layout/layout.js;jsessionid=On-x26wi5hVKkDbrTaDR6AXy.undefined?ln=primefaces&v=4.0 HTTP/1.1" 200 87560
186.84.20.3 - - [25/Dec/2021:14:04:05 -0500] "GET /sipse/faces/javax.faces.resource/jquery/jquery-plugins.js;jsessionid=On-x26wi5hVKkDbrTaDR6AXy.undefined?ln=primefaces&v=4.0 HTTP/1.1" 200 220526
186.84.20.3 - - [25/Dec/2021:14:04:05 -0500] "GET /sipse/faces/javax.faces.resource/primefaces.js;jsessionid=On-x26wi5hVKkDbrTaDR6AXy.undefined?ln=primefaces&v=4.0 HTTP/1.1" 200 276924
186.84.20.3 - - [25/Dec/2021:14:04:06 -0500] "GET /sipse/css/imagen/logoSDG.png HTTP/1.1" 200 53064
186.84.20.3 - - [25/Dec/2021:14:04:06 -0500] "GET /sipse/faces/javax.faces.resource/images/ui-icons_898989_256x240.png?ln=primefaces-aristo HTTP/1.1" 200 5355
186.84.20.3 - - [25/Dec/2021:14:04:06 -0500] "GET /sipse/css/imagen/loginimg.png HTTP/1.1" 200 71635
186.84.20.3 - - [25/Dec/2021:14:04:06 -0500] "GET /sipse/faces/faces/faces/index.xhtml HTTP/1.1" 200 677
186.84.20.3 - - [25/Dec/2021:14:04:07 -0500] "GET /sipse/faces/javax.faces.resource/theme.css?ln=primefaces-sipse HTTP/1.1" 304 -
186.84.20.3 - - [25/Dec/2021:14:04:07 -0500] "GET /favicon.ico HTTP/1.1" 200 7782
186.84.20.3 - - [25/Dec/2021:14:04:10 -0500] "GET /sipse/faces/faces/faces/faces/autenticacion.xhtml HTTP/1.1" 200 12175
186.84.20.3 - - [25/Dec/2021:14:04:10 -0500] "GET /sipse/faces/javax.faces.resource/theme.css?ln=primefaces-sipse HTTP/1.1" 304 -
186.84.20.3 - - [25/Dec/2021:14:04:10 -0500] "GET /sipse/faces/javax.faces.resource/layout/layout.css?ln=primefaces&v=4.0 HTTP/1.1" 200 542
186.84.20.3 - - [25/Dec/2021:14:04:10 -0500] "GET /sipse/faces/javax.faces.resource/jquery/jquery.js?ln=primefaces&v=4.0 HTTP/1.1" 200 105384
186.84.20.3 - - [25/Dec/2021:14:04:10 -0500] "GET /sipse/faces/javax.faces.resource/primefaces.css?ln=primefaces&v=4.0 HTTP/1.1" 200 53295
186.84.20.3 - - [25/Dec/2021:14:04:10 -0500] "GET /sipse/faces/javax.faces.resource/jquery/jquery-plugins.js?ln=primefaces&v=4.0 HTTP/1.1" 200 220526
186.84.20.3 - - [25/Dec/2021:14:04:10 -0500] "GET /sipse/faces/javax.faces.resource/layout/layout.js?ln=primefaces&v=4.0 HTTP/1.1" 200 87560
186.84.20.3 - - [25/Dec/2021:14:04:10 -0500] "GET /sipse/faces/javax.faces.resource/primefaces.js?ln=primefaces&v=4.0 HTTP/1.1" 200 276924
186.84.20.3 - - [25/Dec/2021:14:04:11 -0500] "GET /sipse/faces/javax.faces.resource/images/ui-icons_898989_256x240.png?ln=primefaces-aristo HTTP/1.1" 304 -
186.84.20.3 - - [25/Dec/2021:14:04:11 -0500] "GET /sipse/faces/faces/faces/faces/index.xhtml HTTP/1.1" 200 677
186.84.20.3 - - [25/Dec/2021:14:04:11 -0500] "GET /sipse/faces/javax.faces.resource/theme.css?ln=primefaces-sipse HTTP/1.1" 304 -
186.84.20.3 - - [25/Dec/2021:14:04:11 -0500] "GET /sipse/faces/faces/faces/faces/faces/autenticacion.xhtml HTTP/1.1" 200 12175
186.84.20.3 - - [25/Dec/2021:14:04:12 -0500] "GET /sipse/faces/javax.faces.resource/theme.css?ln=primefaces-sipse HTTP/1.1" 304 -
186.84.20.3 - - [25/Dec/2021:14:04:12 -0500] "GET /sipse/faces/javax.faces.resource/primefaces.css?ln=primefaces&v=4.0 HTTP/1.1" 304 -
186.84.20.3 - - [25/Dec/2021:14:04:12 -0500] "GET /sipse/faces/javax.faces.resource/layout/layout.css?ln=primefaces&v=4.0 HTTP/1.1" 304 -
186.84.20.3 - - [25/Dec/2021:14:04:12 -0500] "GET /sipse/faces/javax.faces.resource/jquery/jquery.js?ln=primefaces&v=4.0 HTTP/1.1" 304 -
186.84.20.3 - - [25/Dec/2021:14:04:12 -0500] "GET /sipse/faces/javax.faces.resource/primefaces.js?ln=primefaces&v=4.0 HTTP/1.1" 304 -
186.84.20.3 - - [25/Dec/2021:14:04:12 -0500] "GET /sipse/faces/javax.faces.resource/layout/layout.js?ln=primefaces&v=4.0 HTTP/1.1" 304 -
186.84.20.3 - - [25/Dec/2021:14:04:12 -0500] "GET /sipse/faces/javax.faces.resource/jquery/jquery-plugins.js?ln=primefaces&v=4.0 HTTP/1.1" 304 -
186.84.20.3 - - [25/Dec/2021:14:04:12 -0500] "GET /sipse/faces/javax.faces.resource/images/ui-icons_898989_256x240.png?ln=primefaces-aristo HTTP/1.1" 304 -
186.84.20.3 - - [25/Dec/2021:14:04:21 -0500] "POST /sipse/faces/autenticacion.xhtml HTTP/1.1" 200 16196
186.84.20.3 - - [25/Dec/2021:14:04:21 -0500] "GET /sipse/css/custom_css_sg_prime.css HTTP/1.1" 200 5201
186.84.20.3 - - [25/Dec/2021:14:04:21 -0500] "GET /sipse/faces/javax.faces.resource/theme.css?ln=primefaces-sipse HTTP/1.1" 304 -
186.84.20.3 - - [25/Dec/2021:14:04:21 -0500] "GET /sipse/faces/javax.faces.resource/primefaces.css?ln=primefaces&v=4.0 HTTP/1.1" 304 -
186.84.20.3 - - [25/Dec/2021:14:04:21 -0500] "GET /sipse/faces/javax.faces.resource/layout/layout.css?ln=primefaces&v=4.0 HTTP/1.1" 304 -
186.84.20.3 - - [25/Dec/2021:14:04:21 -0500] "GET /sipse/js/jquery.min.js HTTP/1.1" 200 85582
186.84.20.3 - - [25/Dec/2021:14:04:22 -0500] "GET /sipse/faces/javax.faces.resource/jquery/jquery.js?ln=primefaces&v=4.0 HTTP/1.1" 304 -
186.84.20.3 - - [25/Dec/2021:14:04:22 -0500] "GET /sipse/faces/javax.faces.resource/jquery/jquery-plugins.js?ln=primefaces&v=4.0 HTTP/1.1" 304 -
186.84.20.3 - - [25/Dec/2021:14:04:22 -0500] "GET /sipse/faces/javax.faces.resource/primefaces.js?ln=primefaces&v=4.0 HTTP/1.1" 304 -
186.84.20.3 - - [25/Dec/2021:14:04:22 -0500] "GET /sipse/faces/javax.faces.resource/layout/layout.js?ln=primefaces&v=4.0 HTTP/1.1" 304 -
186.84.20.3 - - [25/Dec/2021:14:04:22 -0500] "GET /sipse/css/imagen/contrasena.png HTTP/1.1" 404 383
186.84.20.3 - - [25/Dec/2021:14:04:22 -0500] "GET /sipse/imagenes/cargando.gif HTTP/1.1" 200 36959
186.84.20.3 - - [25/Dec/2021:14:04:22 -0500] "GET /sipse/imagenes/logoAplicacion.jpg HTTP/1.1" 200 155084
186.84.20.3 - - [25/Dec/2021:14:04:22 -0500] "GET /sipse/faces/javax.faces.resource/messages/messages.png?ln=primefaces&v=4.0 HTTP/1.1" 200 27209
186.84.20.3 - - [25/Dec/2021:14:04:35 -0500] "GET /sipse/faces/javax.faces.resource/images/ui-bg_flat_0_2d5972_40x100.png?ln=primefaces-aristo HTTP/1.1" 200 183
186.84.20.3 - - [25/Dec/2021:14:04:35 -0500] "POST /sipse/faces/bienvenido.xhtml HTTP/1.1" 200 1471
186.84.20.3 - - [25/Dec/2021:14:04:36 -0500] "POST /sipse/faces/bienvenido.xhtml HTTP/1.1" 200 58217
186.84.20.3 - - [25/Dec/2021:14:04:37 -0500] "GET /sipse/faces/javax.faces.resource/theme.css?ln=primefaces-sipse HTTP/1.1" 304 -
186.84.20.3 - - [25/Dec/2021:14:04:37 -0500] "GET /sipse/faces/javax.faces.resource/primefaces.css?ln=primefaces&v=4.0 HTTP/1.1" 304 -
186.84.20.3 - - [25/Dec/2021:14:04:37 -0500] "GET /sipse/faces/javax.faces.resource/layout/layout.css?ln=primefaces&v=4.0 HTTP/1.1" 304 -
186.84.20.3 - - [25/Dec/2021:14:04:37 -0500] "GET /sipse/faces/javax.faces.resource/jquery/jquery.js?ln=primefaces&v=4.0 HTTP/1.1" 304 -
186.84.20.3 - - [25/Dec/2021:14:04:37 -0500] "GET /sipse/faces/javax.faces.resource/jquery/jquery-plugins.js?ln=primefaces&v=4.0 HTTP/1.1" 304 -
186.84.20.3 - - [25/Dec/2021:14:04:37 -0500] "GET /sipse/faces/javax.faces.resource/primefaces.js?ln=primefaces&v=4.0 HTTP/1.1" 304 -
186.84.20.3 - - [25/Dec/2021:14:04:37 -0500] "GET /sipse/faces/javax.faces.resource/layout/layout.js?ln=primefaces&v=4.0 HTTP/1.1" 304 -
186.84.20.3 - - [25/Dec/2021:14:04:38 -0500] "POST /sipse/faces/presentacion/financiero/solicitudProceso/listarSolicitudProceso.xhtml HTTP/1.1" 200 1448
186.84.20.3 - - [25/Dec/2021:14:04:46 -0500] "POST /sipse/faces/presentacion/financiero/solicitudProceso/listarSolicitudProceso.xhtml HTTP/1.1" 200 16278
201.245.192.253 - - [25/Dec/2021:14:04:44 -0500] "POST /kwsrmcab/Wsrmcab HTTP/1.1" 200 213
216.245.221.92 - - [25/Dec/2021:14:05:56 -0500] "HEAD / HTTP/1.1" 200 -
40.77.167.55 - - [25/Dec/2021:14:06:17 -0500] "GET /bla/resoluciones/autos%202010/0803.pdf HTTP/1.1" 200 177277
191.95.145.170 - - [25/Dec/2021:14:07:39 -0500] "GET /galeria/galeria/jquery.fancybox.css?v=2.1.5 HTTP/1.1" 200 4895
216.245.221.92 - - [25/Dec/2021:14:10:56 -0500] "HEAD / HTTP/1.1" 200 -
201.245.192.253 - - [25/Dec/2021:14:12:41 -0500] "POST /kwsrmcab/Wsrmcab HTTP/1.1" 200 114624
191.156.227.29 - - [25/Dec/2021:14:15:08 -0500] "GET /documents/10184/2325415/pieza-concurso-buenas-practicas-20-septiembre.jpg HTTP/1.1" 404 1132
186.84.90.94 - - [25/Dec/2021:14:15:28 -0500] "GET /appsia/controlador HTTP/1.1" 200 4799
186.84.90.94 - - [25/Dec/2021:14:15:46 -0500] "POST /appsia/controlador HTTP/1.1" 200 4621
186.84.90.94 - - [25/Dec/2021:14:15:48 -0500] "POST /appsia/controlador HTTP/1.1" 200 7729
216.245.221.92 - - [25/Dec/2021:14:15:56 -0500] "HEAD / HTTP/1.1" 200 -
201.245.192.253 - - [25/Dec/2021:14:16:19 -0500] "POST /kwsrmcab/Wsrmcab HTTP/1.1" 200 114624
186.84.90.94 - - [25/Dec/2021:14:17:53 -0500] "GET /appsia/controlado HTTP/1.1" 404 68
186.84.90.94 - - [25/Dec/2021:14:18:11 -0500] "GET /appsia/controlado HTTP/1.1" 404 68
157.55.39.91 - - [25/Dec/2021:14:20:15 -0500] "GET /bla/resoluciones/autos%202010/6677.pdf HTTP/1.1" 200 199243
216.245.221.92 - - [25/Dec/2021:14:20:56 -0500] "HEAD / HTTP/1.1" 200 -
195.54.160.149 - - [25/Dec/2021:14:21:07 -0500] "GET /console/ HTTP/1.1" 404 1018
157.55.39.186 - - [25/Dec/2021:14:21:11 -0500] "GET /portaldeninos/2021/05/30/cambio-climatico/ HTTP/1.1" 200 86914
114.119.139.94 - - [25/Dec/2021:14:21:46 -0500] "-" 408 -
201.245.192.253 - - [25/Dec/2021:14:22:30 -0500] "POST /kwsrmcab/Wsrmcab HTTP/1.1" 200 114624
201.245.192.253 - - [25/Dec/2021:14:23:11 -0500] "POST /kwsrmcab/Wsrmcab HTTP/1.1" 200 45669
207.46.13.113 - - [25/Dec/2021:14:24:04 -0500] "GET /bla/resoluciones/autos%202010/4580.pdf HTTP/1.1" 200 2143230
157.55.39.106 - - [25/Dec/2021:14:24:19 -0500] "GET /bla/resoluciones/autos%202010/4360.pdf HTTP/1.1" 200 245229
207.46.13.88 - - [25/Dec/2021:14:24:37 -0500] "GET /bla/resoluciones/autos%202010/5272.pdf HTTP/1.1" 200 1604252
201.245.192.253 - - [25/Dec/2021:14:23:59 -0500] "POST /kwsrmcab/Wsrmcab HTTP/1.1" 200 45368
216.245.221.92 - - [25/Dec/2021:14:25:56 -0500] "HEAD / HTTP/1.1" 200 -
173.252.83.11 - - [25/Dec/2021:14:26:17 -0500] "GET /images/nueva-jornada-reciclaton-ambiente-cajas-12-noviembre.jpg HTTP/1.1" 200 479427
201.245.192.253 - - [25/Dec/2021:14:26:23 -0500] "POST /kwsrmcab/Wsrmcab HTTP/1.1" 200 114624
207.46.13.88 - - [25/Dec/2021:14:27:57 -0500] "GET /bla/resoluciones/autos%202010/5326.pdf HTTP/1.1" 200 354770
157.55.39.91 - - [25/Dec/2021:14:28:46 -0500] "GET /bla/resoluciones/autos%202010/1844.pdf HTTP/1.1" 200 1861230
216.245.221.92 - - [25/Dec/2021:14:30:55 -0500] "HEAD / HTTP/1.1" 200 -
207.46.13.113 - - [25/Dec/2021:14:32:04 -0500] "GET /bla/resoluciones/autos%202010/4396.pdf HTTP/1.1" 200 140965
190.27.245.107 - - [25/Dec/2021:14:32:59 -0500] "GET /sipse/ HTTP/1.1" 302 -
186.29.254.185 - - [25/Dec/2021:14:32:59 -0500] "GET /sipse/faces/autenticacion.xhtml HTTP/1.1" 200 12497
186.29.254.185 - - [25/Dec/2021:14:33:00 -0500] "GET /sipse/faces/javax.faces.resource/layout/layout.css;jsessionid=V3z5Bcnt2Vi84VPN+an8Y6cu.undefined?ln=primefaces&v=4.0 HTTP/1.1" 200 542
186.29.254.185 - - [25/Dec/2021:14:33:00 -0500] "GET /sipse/faces/javax.faces.resource/primefaces.css;jsessionid=V3z5Bcnt2Vi84VPN+an8Y6cu.undefined?ln=primefaces&v=4.0 HTTP/1.1" 200 53295
186.29.254.185 - - [25/Dec/2021:14:33:00 -0500] "GET /sipse/faces/javax.faces.resource/theme.css?ln=primefaces-sipse HTTP/1.1" 304 -
186.29.254.185 - - [25/Dec/2021:14:33:00 -0500] "GET /sipse/faces/javax.faces.resource/jquery/jquery-plugins.js;jsessionid=V3z5Bcnt2Vi84VPN+an8Y6cu.undefined?ln=primefaces&v=4.0 HTTP/1.1" 200 220526
186.29.254.185 - - [25/Dec/2021:14:33:00 -0500] "GET /sipse/faces/javax.faces.resource/jquery/jquery.js;jsessionid=V3z5Bcnt2Vi84VPN+an8Y6cu.undefined?ln=primefaces&v=4.0 HTTP/1.1" 200 105384
186.29.254.185 - - [25/Dec/2021:14:33:00 -0500] "GET /sipse/faces/javax.faces.resource/layout/layout.js;jsessionid=V3z5Bcnt2Vi84VPN+an8Y6cu.undefined?ln=primefaces&v=4.0 HTTP/1.1" 200 87560
186.29.254.185 - - [25/Dec/2021:14:33:00 -0500] "GET /sipse/faces/javax.faces.resource/primefaces.js;jsessionid=V3z5Bcnt2Vi84VPN+an8Y6cu.undefined?ln=primefaces&v=4.0 HTTP/1.1" 200 276924
186.29.254.185 - - [25/Dec/2021:14:33:01 -0500] "GET /sipse/faces/javax.faces.resource/images/ui-icons_898989_256x240.png?ln=primefaces-aristo HTTP/1.1" 304 -
186.29.254.185 - - [25/Dec/2021:14:33:01 -0500] "GET /sipse/faces/index.xhtml HTTP/1.1" 200 677
186.29.254.185 - - [25/Dec/2021:14:33:01 -0500] "GET /sipse/faces/javax.faces.resource/theme.css?ln=primefaces-sipse HTTP/1.1" 304 -
186.29.254.185 - - [25/Dec/2021:14:33:01 -0500] "GET /sipse/faces/faces/autenticacion.xhtml HTTP/1.1" 200 12175
186.29.254.185 - - [25/Dec/2021:14:33:01 -0500] "GET /sipse/faces/javax.faces.resource/theme.css?ln=primefaces-sipse HTTP/1.1" 304 -
186.29.254.185 - - [25/Dec/2021:14:33:01 -0500] "GET /sipse/faces/javax.faces.resource/layout/layout.css?ln=primefaces&v=4.0 HTTP/1.1" 304 -
186.29.254.185 - - [25/Dec/2021:14:33:01 -0500] "GET /sipse/faces/javax.faces.resource/primefaces.css?ln=primefaces&v=4.0 HTTP/1.1" 304 -
186.29.254.185 - - [25/Dec/2021:14:33:01 -0500] "GET /sipse/faces/javax.faces.resource/jquery/jquery.js?ln=primefaces&v=4.0 HTTP/1.1" 304 -
186.29.254.185 - - [25/Dec/2021:14:33:01 -0500] "GET /sipse/faces/javax.faces.resource/primefaces.js?ln=primefaces&v=4.0 HTTP/1.1" 304 -
186.29.254.185 - - [25/Dec/2021:14:33:01 -0500] "GET /sipse/faces/javax.faces.resource/jquery/jquery-plugins.js?ln=primefaces&v=4.0 HTTP/1.1" 304 -
186.29.254.185 - - [25/Dec/2021:14:33:01 -0500] "GET /sipse/faces/javax.faces.resource/layout/layout.js?ln=primefaces&v=4.0 HTTP/1.1" 304 -
186.29.254.185 - - [25/Dec/2021:14:33:04 -0500] "POST /sipse/faces/autenticacion.xhtml HTTP/1.1" 200 16187
186.29.254.185 - - [25/Dec/2021:14:33:04 -0500] "GET /sipse/faces/javax.faces.resource/theme.css?ln=primefaces-sipse HTTP/1.1" 304 -
186.29.254.185 - - [25/Dec/2021:14:33:04 -0500] "GET /sipse/faces/javax.faces.resource/primefaces.css?ln=primefaces&v=4.0 HTTP/1.1" 304 -
186.29.254.185 - - [25/Dec/2021:14:33:04 -0500] "GET /sipse/faces/javax.faces.resource/layout/layout.css?ln=primefaces&v=4.0 HTTP/1.1" 304 -
186.29.254.185 - - [25/Dec/2021:14:33:04 -0500] "GET /sipse/faces/javax.faces.resource/jquery/jquery.js?ln=primefaces&v=4.0 HTTP/1.1" 304 -
186.29.254.185 - - [25/Dec/2021:14:33:04 -0500] "GET /sipse/faces/javax.faces.resource/jquery/jquery-plugins.js?ln=primefaces&v=4.0 HTTP/1.1" 304 -
186.29.254.185 - - [25/Dec/2021:14:33:05 -0500] "GET /sipse/faces/javax.faces.resource/primefaces.js?ln=primefaces&v=4.0 HTTP/1.1" 304 -
186.29.254.185 - - [25/Dec/2021:14:33:05 -0500] "GET /sipse/faces/javax.faces.resource/layout/layout.js?ln=primefaces&v=4.0 HTTP/1.1" 304 -
186.29.254.185 - - [25/Dec/2021:14:33:05 -0500] "GET /sipse/css/imagen/contrasena.png HTTP/1.1" 404 383
186.29.254.185 - - [25/Dec/2021:14:33:05 -0500] "GET /sipse/faces/javax.faces.resource/messages/messages.png?ln=primefaces&v=4.0 HTTP/1.1" 304 -
186.29.254.185 - - [25/Dec/2021:14:33:06 -0500] "GET /sipse/faces/javax.faces.resource/images/ui-bg_flat_0_2d5972_40x100.png?ln=primefaces-aristo HTTP/1.1" 304 -
186.29.254.185 - - [25/Dec/2021:14:33:06 -0500] "POST /sipse/faces/bienvenido.xhtml HTTP/1.1" 200 1471
186.29.254.185 - - [25/Dec/2021:14:33:07 -0500] "POST /sipse/faces/bienvenido.xhtml HTTP/1.1" 200 40902
186.29.254.185 - - [25/Dec/2021:14:33:07 -0500] "GET /sipse/faces/javax.faces.resource/theme.css?ln=primefaces-sipse HTTP/1.1" 304 -
186.29.254.185 - - [25/Dec/2021:14:33:07 -0500] "GET /sipse/faces/javax.faces.resource/primefaces.css?ln=primefaces&v=4.0 HTTP/1.1" 304 -
186.29.254.185 - - [25/Dec/2021:14:33:07 -0500] "GET /sipse/faces/javax.faces.resource/layout/layout.css?ln=primefaces&v=4.0 HTTP/1.1" 304 -
186.29.254.185 - - [25/Dec/2021:14:33:07 -0500] "GET /sipse/faces/javax.faces.resource/jquery/jquery.js?ln=primefaces&v=4.0 HTTP/1.1" 304 -
186.29.254.185 - - [25/Dec/2021:14:33:07 -0500] "GET /sipse/faces/javax.faces.resource/jquery/jquery-plugins.js?ln=primefaces&v=4.0 HTTP/1.1" 304 -
186.29.254.185 - - [25/Dec/2021:14:33:08 -0500] "GET /sipse/faces/javax.faces.resource/primefaces.js?ln=primefaces&v=4.0 HTTP/1.1" 304 -
186.29.254.185 - - [25/Dec/2021:14:33:08 -0500] "GET /sipse/faces/javax.faces.resource/layout/layout.js?ln=primefaces&v=4.0 HTTP/1.1" 304 -
186.29.254.185 - - [25/Dec/2021:14:33:08 -0500] "POST /sipse/faces/presentacion/financiero/solicitudProceso/listarSolicitudProceso.xhtml HTTP/1.1" 200 1392
66.249.79.238 - - [25/Dec/2021:14:33:11 -0500] "-" 408 -
186.29.254.185 - - [25/Dec/2021:14:33:23 -0500] "GET /sipse/faces/javax.faces.resource/images/ui-icons_898989_256x240.png?ln=primefaces-aristo HTTP/1.1" 304 -
186.29.254.185 - - [25/Dec/2021:14:33:23 -0500] "POST /sipse/faces/presentacion/financiero/solicitudProceso/listarSolicitudProceso.xhtml HTTP/1.1" 200 123884
186.29.254.185 - - [25/Dec/2021:14:33:24 -0500] "GET /sipse/faces/javax.faces.resource/theme.css?ln=primefaces-sipse HTTP/1.1" 304 -
186.29.254.185 - - [25/Dec/2021:14:33:24 -0500] "GET /sipse/faces/javax.faces.resource/layout/layout.css?ln=primefaces&v=4.0 HTTP/1.1" 304 -
186.29.254.185 - - [25/Dec/2021:14:33:24 -0500] "GET /sipse/faces/javax.faces.resource/primefaces.css?ln=primefaces&v=4.0 HTTP/1.1" 304 -
186.29.254.185 - - [25/Dec/2021:14:33:24 -0500] "GET /sipse/faces/javax.faces.resource/jquery/jquery.js?ln=primefaces&v=4.0 HTTP/1.1" 304 -
186.29.254.185 - - [25/Dec/2021:14:33:24 -0500] "GET /sipse/faces/javax.faces.resource/jquery/jquery-plugins.js?ln=primefaces&v=4.0 HTTP/1.1" 304 -
186.29.254.185 - - [25/Dec/2021:14:33:24 -0500] "GET /sipse/faces/javax.faces.resource/primefaces.js?ln=primefaces&v=4.0 HTTP/1.1" 304 -
186.29.254.185 - - [25/Dec/2021:14:33:24 -0500] "GET /sipse/faces/javax.faces.resource/layout/layout.js?ln=primefaces&v=4.0 HTTP/1.1" 304 -
186.29.254.185 - - [25/Dec/2021:14:33:25 -0500] "GET /reportes_sipse/sdg/ServletReporte?reporte=solicitud_cdp&Solicitud=17391&pfdrid_c=false HTTP/1.1" 200 108239
186.29.254.185 - - [25/Dec/2021:14:33:31 -0500] "POST /sipse/faces/presentacion/financiero/solicitudProceso/consultarSolicitudProceso.xhtml HTTP/1.1" 200 181609
201.245.192.253 - - [25/Dec/2021:14:33:11 -0500] "POST /kwsrmcab/Wsrmcab HTTP/1.1" 200 45669
201.245.192.253 - - [25/Dec/2021:14:33:33 -0500] "POST /kwsrmcab/Wsrmcab HTTP/1.1" 200 114624
201.245.192.253 - - [25/Dec/2021:14:34:01 -0500] "POST /kwsrmcab/Wsrmcab HTTP/1.1" 200 45368
216.245.221.92 - - [25/Dec/2021:14:35:55 -0500] "HEAD / HTTP/1.1" 200 -
66.94.125.75 - - [25/Dec/2021:14:37:05 -0500] "GET /phpmyadmin/index.php HTTP/1.1" 403 1165
66.94.125.75 - - [25/Dec/2021:14:37:06 -0500] "GET /pmd/index.php HTTP/1.1" 404 1018
66.94.125.75 - - [25/Dec/2021:14:37:06 -0500] "GET /pmd/index.php HTTP/1.1" 404 1018
201.245.192.253 - - [25/Dec/2021:14:36:36 -0500] "POST /kwsrmcab/Wsrmcab HTTP/1.1" 200 114624
157.55.39.236 - - [25/Dec/2021:14:38:09 -0500] "GET /portaldeninos/ HTTP/1.1" 200 154346
66.249.79.236 - - [25/Dec/2021:14:39:09 -0500] "-" 408 -
207.46.13.113 - - [25/Dec/2021:14:40:45 -0500] "GET /bla/resoluciones/resoluciones%202021/2492.pdf HTTP/1.1" 200 475706
216.245.221.92 - - [25/Dec/2021:14:40:55 -0500] "HEAD / HTTP/1.1" 200 -
157.55.39.91 - - [25/Dec/2021:14:42:57 -0500] "GET /sipse/faces/presentacion/sistema/anexos/cargarAnexoSolicitudProceso.xhtml HTTP/1.1" 302 -
157.55.39.91 - - [25/Dec/2021:14:43:07 -0500] "GET /sipse/faces/autenticacion.xhtml HTTP/1.1" 200 12175
201.245.192.253 - - [25/Dec/2021:14:43:11 -0500] "POST /kwsrmcab/Wsrmcab HTTP/1.1" 200 45669
201.245.192.253 - - [25/Dec/2021:14:43:59 -0500] "POST /kwsrmcab/Wsrmcab HTTP/1.1" 200 45368
66.249.79.236 - - [25/Dec/2021:14:44:51 -0500] "-" 408 -
216.245.221.92 - - [25/Dec/2021:14:45:55 -0500] "HEAD / HTTP/1.1" 200 -
207.46.13.52 - - [25/Dec/2021:14:46:46 -0500] "GET /bla/resoluciones/autos%202010/5354.pdf HTTP/1.1" 200 7360322
191.156.153.156 - - [25/Dec/2021:14:46:50 -0500] "GET /galeria/galeria/jquery.fancybox.css?v=2.1.5 HTTP/1.1" 200 4895
190.27.245.107 - - [25/Dec/2021:14:47:23 -0500] "GET /sipse/ HTTP/1.1" 302 -
186.29.254.185 - - [25/Dec/2021:14:47:23 -0500] "GET /sipse/faces/autenticacion.xhtml HTTP/1.1" 200 12184
186.29.254.185 - - [25/Dec/2021:14:47:23 -0500] "GET /sipse/faces/javax.faces.resource/theme.css?ln=primefaces-sipse HTTP/1.1" 304 -
186.29.254.185 - - [25/Dec/2021:14:47:24 -0500] "GET /sipse/faces/javax.faces.resource/primefaces.css?ln=primefaces&v=4.0 HTTP/1.1" 304 -
186.29.254.185 - - [25/Dec/2021:14:47:24 -0500] "GET /sipse/faces/javax.faces.resource/primefaces.js?ln=primefaces&v=4.0 HTTP/1.1" 304 -
186.29.254.185 - - [25/Dec/2021:14:47:24 -0500] "GET /sipse/faces/javax.faces.resource/jquery/jquery-plugins.js?ln=primefaces&v=4.0 HTTP/1.1" 304 -
186.29.254.185 - - [25/Dec/2021:14:47:24 -0500] "GET /sipse/faces/javax.faces.resource/layout/layout.css?ln=primefaces&v=4.0 HTTP/1.1" 304 -
186.29.254.185 - - [25/Dec/2021:14:47:24 -0500] "GET /sipse/faces/javax.faces.resource/jquery/jquery.js?ln=primefaces&v=4.0 HTTP/1.1" 304 -
186.29.254.185 - - [25/Dec/2021:14:47:24 -0500] "GET /sipse/faces/javax.faces.resource/layout/layout.js?ln=primefaces&v=4.0 HTTP/1.1" 304 -
186.29.254.185 - - [25/Dec/2021:14:47:24 -0500] "GET /sipse/faces/javax.faces.resource/images/ui-icons_898989_256x240.png?ln=primefaces-aristo HTTP/1.1" 304 -
186.29.254.185 - - [25/Dec/2021:14:47:24 -0500] "GET /sipse/faces/index.xhtml HTTP/1.1" 200 677
186.29.254.185 - - [25/Dec/2021:14:47:24 -0500] "GET /sipse/faces/javax.faces.resource/theme.css?ln=primefaces-sipse HTTP/1.1" 304 -
186.29.254.185 - - [25/Dec/2021:14:47:24 -0500] "GET /sipse/faces/faces/autenticacion.xhtml HTTP/1.1" 200 12184
186.29.254.185 - - [25/Dec/2021:14:47:24 -0500] "GET /sipse/faces/javax.faces.resource/theme.css?ln=primefaces-sipse HTTP/1.1" 304 -
186.29.254.185 - - [25/Dec/2021:14:47:24 -0500] "GET /sipse/faces/javax.faces.resource/layout/layout.css?ln=primefaces&v=4.0 HTTP/1.1" 304 -
186.29.254.185 - - [25/Dec/2021:14:47:24 -0500] "GET /sipse/faces/javax.faces.resource/primefaces.css?ln=primefaces&v=4.0 HTTP/1.1" 304 -
186.29.254.185 - - [25/Dec/2021:14:47:24 -0500] "GET /sipse/faces/javax.faces.resource/primefaces.js?ln=primefaces&v=4.0 HTTP/1.1" 304 -
186.29.254.185 - - [25/Dec/2021:14:47:24 -0500] "GET /sipse/faces/javax.faces.resource/jquery/jquery-plugins.js?ln=primefaces&v=4.0 HTTP/1.1" 304 -
186.29.254.185 - - [25/Dec/2021:14:47:24 -0500] "GET /sipse/faces/javax.faces.resource/jquery/jquery.js?ln=primefaces&v=4.0 HTTP/1.1" 304 -
186.29.254.185 - - [25/Dec/2021:14:47:24 -0500] "GET /sipse/faces/javax.faces.resource/layout/layout.js?ln=primefaces&v=4.0 HTTP/1.1" 304 -
186.29.254.185 - - [25/Dec/2021:14:47:28 -0500] "POST /sipse/faces/autenticacion.xhtml HTTP/1.1" 200 16219
186.29.254.185 - - [25/Dec/2021:14:47:28 -0500] "GET /sipse/faces/javax.faces.resource/layout/layout.css?ln=primefaces&v=4.0 HTTP/1.1" 304 -
186.29.254.185 - - [25/Dec/2021:14:47:28 -0500] "GET /sipse/faces/javax.faces.resource/primefaces.css?ln=primefaces&v=4.0 HTTP/1.1" 304 -
186.29.254.185 - - [25/Dec/2021:14:47:28 -0500] "GET /sipse/faces/javax.faces.resource/theme.css?ln=primefaces-sipse HTTP/1.1" 304 -
186.29.254.185 - - [25/Dec/2021:14:47:28 -0500] "GET /sipse/faces/javax.faces.resource/jquery/jquery.js?ln=primefaces&v=4.0 HTTP/1.1" 304 -
186.29.254.185 - - [25/Dec/2021:14:47:28 -0500] "GET /sipse/faces/javax.faces.resource/jquery/jquery-plugins.js?ln=primefaces&v=4.0 HTTP/1.1" 304 -
186.29.254.185 - - [25/Dec/2021:14:47:28 -0500] "GET /sipse/faces/javax.faces.resource/primefaces.js?ln=primefaces&v=4.0 HTTP/1.1" 304 -
186.29.254.185 - - [25/Dec/2021:14:47:29 -0500] "GET /sipse/faces/javax.faces.resource/layout/layout.js?ln=primefaces&v=4.0 HTTP/1.1" 304 -
186.29.254.185 - - [25/Dec/2021:14:47:29 -0500] "GET /sipse/css/imagen/contrasena.png HTTP/1.1" 404 383
186.29.254.185 - - [25/Dec/2021:14:47:29 -0500] "GET /sipse/faces/javax.faces.resource/messages/messages.png?ln=primefaces&v=4.0 HTTP/1.1" 304 -
186.29.254.185 - - [25/Dec/2021:14:47:32 -0500] "GET /sipse/faces/javax.faces.resource/images/ui-bg_flat_0_2d5972_40x100.png?ln=primefaces-aristo HTTP/1.1" 304 -
186.29.254.185 - - [25/Dec/2021:14:47:32 -0500] "POST /sipse/faces/bienvenido.xhtml HTTP/1.1" 200 1471
186.29.254.185 - - [25/Dec/2021:14:47:33 -0500] "POST /sipse/faces/bienvenido.xhtml HTTP/1.1" 200 40902
186.29.254.185 - - [25/Dec/2021:14:47:33 -0500] "GET /sipse/faces/javax.faces.resource/primefaces.css?ln=primefaces&v=4.0 HTTP/1.1" 304 -
186.29.254.185 - - [25/Dec/2021:14:47:33 -0500] "GET /sipse/faces/javax.faces.resource/theme.css?ln=primefaces-sipse HTTP/1.1" 304 -
186.29.254.185 - - [25/Dec/2021:14:47:33 -0500] "GET /sipse/faces/javax.faces.resource/layout/layout.css?ln=primefaces&v=4.0 HTTP/1.1" 304 -
186.29.254.185 - - [25/Dec/2021:14:47:33 -0500] "GET /sipse/faces/javax.faces.resource/jquery/jquery.js?ln=primefaces&v=4.0 HTTP/1.1" 304 -
186.29.254.185 - - [25/Dec/2021:14:47:33 -0500] "GET /sipse/faces/javax.faces.resource/jquery/jquery-plugins.js?ln=primefaces&v=4.0 HTTP/1.1" 304 -
186.29.254.185 - - [25/Dec/2021:14:47:33 -0500] "GET /sipse/faces/javax.faces.resource/primefaces.js?ln=primefaces&v=4.0 HTTP/1.1" 304 -
186.29.254.185 - - [25/Dec/2021:14:47:33 -0500] "GET /sipse/faces/javax.faces.resource/layout/layout.js?ln=primefaces&v=4.0 HTTP/1.1" 304 -
186.29.254.185 - - [25/Dec/2021:14:47:34 -0500] "POST /sipse/faces/presentacion/financiero/solicitudProceso/listarSolicitudProceso.xhtml HTTP/1.1" 200 1392
186.29.254.185 - - [25/Dec/2021:14:47:45 -0500] "GET /sipse/faces/javax.faces.resource/images/ui-icons_898989_256x240.png?ln=primefaces-aristo HTTP/1.1" 304 -
186.29.254.185 - - [25/Dec/2021:14:47:45 -0500] "POST /sipse/faces/presentacion/financiero/solicitudProceso/listarSolicitudProceso.xhtml HTTP/1.1" 200 144745
186.29.254.185 - - [25/Dec/2021:14:47:46 -0500] "GET /sipse/faces/javax.faces.resource/theme.css?ln=primefaces-sipse HTTP/1.1" 304 -
186.29.254.185 - - [25/Dec/2021:14:47:46 -0500] "GET /sipse/faces/javax.faces.resource/primefaces.css?ln=primefaces&v=4.0 HTTP/1.1" 304 -
186.29.254.185 - - [25/Dec/2021:14:47:46 -0500] "GET /sipse/faces/javax.faces.resource/layout/layout.css?ln=primefaces&v=4.0 HTTP/1.1" 304 -
186.29.254.185 - - [25/Dec/2021:14:47:47 -0500] "GET /sipse/faces/javax.faces.resource/jquery/jquery.js?ln=primefaces&v=4.0 HTTP/1.1" 304 -
186.29.254.185 - - [25/Dec/2021:14:47:47 -0500] "GET /sipse/faces/javax.faces.resource/jquery/jquery-plugins.js?ln=primefaces&v=4.0 HTTP/1.1" 304 -
186.29.254.185 - - [25/Dec/2021:14:47:47 -0500] "GET /sipse/faces/javax.faces.resource/primefaces.js?ln=primefaces&v=4.0 HTTP/1.1" 304 -
186.29.254.185 - - [25/Dec/2021:14:47:47 -0500] "GET /sipse/faces/javax.faces.resource/layout/layout.js?ln=primefaces&v=4.0 HTTP/1.1" 304 -
186.29.254.185 - - [25/Dec/2021:14:47:47 -0500] "GET /reportes_sipse/sdg/ServletReporte?reporte=solicitud_cdp&Solicitud=17391&pfdrid_c=false HTTP/1.1" 200 108239
186.29.254.185 - - [25/Dec/2021:14:47:54 -0500] "POST /sipse/faces/presentacion/financiero/solicitudProceso/consultarSolicitudProceso.xhtml HTTP/1.1" 200 138543
186.29.254.185 - - [25/Dec/2021:14:48:23 -0500] "POST /sipse/faces/presentacion/financiero/solicitudProceso/consultarSolicitudProceso.xhtml HTTP/1.1" 200 5544
186.29.254.185 - - [25/Dec/2021:14:48:23 -0500] "GET /reportes_sipse/sdg/ServletReporte?reporte=experienia_idoneidad&solicitud=17319&pfdrid_c=false HTTP/1.1" 200 194850
66.249.79.236 - - [25/Dec/2021:14:50:35 -0500] "-" 408 -
216.245.221.92 - - [25/Dec/2021:14:50:55 -0500] "HEAD / HTTP/1.1" 200 -
201.245.192.253 - - [25/Dec/2021:14:53:47 -0500] "POST /kwsrmcab/Wsrmcab HTTP/1.1" 200 114624
216.245.221.92 - - [25/Dec/2021:14:55:55 -0500] "HEAD / HTTP/1.1" 200 -
34.90.222.78 - - [25/Dec/2021:14:56:16 -0500] "GET / HTTP/1.1" 200 319
66.249.79.236 - - [25/Dec/2021:14:56:23 -0500] "-" 408 -
201.245.192.253 - - [25/Dec/2021:14:55:46 -0500] "POST /kwsrmcab/Wsrmcab HTTP/1.1" 200 114624
186.29.254.185 - - [25/Dec/2021:14:57:30 -0500] "POST /sipse/faces/presentacion/financiero/solicitudProceso/consultarSolicitudProceso.xhtml HTTP/1.1" 200 40902
186.29.254.185 - - [25/Dec/2021:14:57:30 -0500] "GET /sipse/faces/javax.faces.resource/theme.css?ln=primefaces-sipse HTTP/1.1" 304 -
186.29.254.185 - - [25/Dec/2021:14:57:30 -0500] "GET /sipse/faces/javax.faces.resource/primefaces.css?ln=primefaces&v=4.0 HTTP/1.1" 304 -
186.29.254.185 - - [25/Dec/2021:14:57:30 -0500] "GET /sipse/faces/javax.faces.resource/layout/layout.css?ln=primefaces&v=4.0 HTTP/1.1" 304 -
186.29.254.185 - - [25/Dec/2021:14:57:30 -0500] "GET /sipse/css/imagen/contrasena.png HTTP/1.1" 404 383
186.29.254.185 - - [25/Dec/2021:14:57:30 -0500] "GET /sipse/faces/javax.faces.resource/jquery/jquery.js?ln=primefaces&v=4.0 HTTP/1.1" 304 -
186.29.254.185 - - [25/Dec/2021:14:57:30 -0500] "GET /sipse/faces/javax.faces.resource/jquery/jquery-plugins.js?ln=primefaces&v=4.0 HTTP/1.1" 304 -
186.29.254.185 - - [25/Dec/2021:14:57:30 -0500] "GET /sipse/faces/javax.faces.resource/primefaces.js?ln=primefaces&v=4.0 HTTP/1.1" 304 -
186.29.254.185 - - [25/Dec/2021:14:57:30 -0500] "GET /sipse/faces/javax.faces.resource/layout/layout.js?ln=primefaces&v=4.0 HTTP/1.1" 304 -
186.29.254.185 - - [25/Dec/2021:14:57:30 -0500] "POST /sipse/faces/presentacion/financiero/solicitudProceso/listarSolicitudProceso.xhtml HTTP/1.1" 200 34177
186.29.254.185 - - [25/Dec/2021:14:57:31 -0500] "POST /sipse/faces/presentacion/financiero/solicitudProceso/listarSolicitudProceso.xhtml HTTP/1.1" 200 34177
186.29.254.185 - - [25/Dec/2021:14:57:31 -0500] "POST /sipse/faces/presentacion/financiero/solicitudProceso/listarSolicitudProceso.xhtml HTTP/1.1" 200 1392
186.29.254.185 - - [25/Dec/2021:14:57:31 -0500] "POST /sipse/faces/presentacion/financiero/solicitudProceso/listarSolicitudProceso.xhtml HTTP/1.1" 200 1392
186.29.254.185 - - [25/Dec/2021:14:57:31 -0500] "POST /sipse/faces/presentacion/financiero/solicitudProceso/listarSolicitudProceso.xhtml HTTP/1.1" 200 1392
186.29.254.185 - - [25/Dec/2021:14:57:44 -0500] "POST /sipse/faces/presentacion/financiero/solicitudProceso/listarSolicitudProceso.xhtml HTTP/1.1" 200 123891
186.29.254.185 - - [25/Dec/2021:14:57:45 -0500] "GET /sipse/faces/javax.faces.resource/theme.css?ln=primefaces-sipse HTTP/1.1" 304 -
186.29.254.185 - - [25/Dec/2021:14:57:45 -0500] "GET /sipse/faces/javax.faces.resource/primefaces.css?ln=primefaces&v=4.0 HTTP/1.1" 304 -
186.29.254.185 - - [25/Dec/2021:14:57:45 -0500] "GET /sipse/faces/javax.faces.resource/layout/layout.css?ln=primefaces&v=4.0 HTTP/1.1" 304 -
186.29.254.185 - - [25/Dec/2021:14:57:45 -0500] "GET /sipse/faces/javax.faces.resource/jquery/jquery.js?ln=primefaces&v=4.0 HTTP/1.1" 304 -
186.29.254.185 - - [25/Dec/2021:14:57:45 -0500] "GET /sipse/faces/javax.faces.resource/jquery/jquery-plugins.js?ln=primefaces&v=4.0 HTTP/1.1" 304 -
186.29.254.185 - - [25/Dec/2021:14:57:45 -0500] "GET /sipse/faces/javax.faces.resource/primefaces.js?ln=primefaces&v=4.0 HTTP/1.1" 304 -
186.29.254.185 - - [25/Dec/2021:14:57:45 -0500] "GET /sipse/faces/javax.faces.resource/layout/layout.js?ln=primefaces&v=4.0 HTTP/1.1" 304 -
186.29.254.185 - - [25/Dec/2021:14:57:45 -0500] "GET /sipse/css/imagen/contrasena.png HTTP/1.1" 404 383
186.29.254.185 - - [25/Dec/2021:14:57:46 -0500] "GET /reportes_sipse/sdg/ServletReporte?reporte=experienia_idoneidad&solicitud=17319&pfdrid_c=false HTTP/1.1" 200 194850
186.29.254.185 - - [25/Dec/2021:14:57:55 -0500] "POST /sipse/faces/presentacion/financiero/solicitudProceso/consultarSolicitudProceso.xhtml HTTP/1.1" 200 181609
186.29.254.185 - - [25/Dec/2021:14:58:46 -0500] "POST /sipse/faces/presentacion/financiero/solicitudProceso/consultarSolicitudProceso.xhtml HTTP/1.1" 200 27823
173.231.60.194 - - [25/Dec/2021:14:59:54 -0500] "-" 408 -
216.245.221.92 - - [25/Dec/2021:15:00:55 -0500] "HEAD / HTTP/1.1" 200 -
195.54.160.149 - - [25/Dec/2021:15:01:34 -0500] "POST /Autodiscover/Autodiscover.xml HTTP/1.1" 404 1018
173.231.60.194 - - [25/Dec/2021:15:01:54 -0500] "-" 408 -
66.249.79.236 - - [25/Dec/2021:15:02:10 -0500] "-" 408 -
181.54.192.89 - - [25/Dec/2021:15:02:25 -0500] "GET /appsia/controlador HTTP/1.1" 200 4799
201.245.192.253 - - [25/Dec/2021:15:01:37 -0500] "POST /kwsrmcab/Wsrmcab HTTP/1.1" 200 114624
186.29.254.185 - - [25/Dec/2021:15:02:33 -0500] "POST /sipse/faces/presentacion/financiero/solicitudProceso/consultarSolicitudProceso.xhtml HTTP/1.1" 200 5465
186.29.254.185 - - [25/Dec/2021:15:02:33 -0500] "GET /sipse/faces/javax.faces.resource/dynamiccontent.properties?ln=primefaces&pfdrid=XjOR5%2F%2FfPAZAuY9TpWQeCiM0BhlXxYRBGKi%2FQcXXfeA%3D&pfdrid_c=false HTTP/1.1" 200 105751
181.54.192.89 - - [25/Dec/2021:15:02:35 -0500] "POST /appsia/controlador HTTP/1.1" 200 4621
181.54.192.89 - - [25/Dec/2021:15:02:39 -0500] "POST /appsia/controlador HTTP/1.1" 200 12782
186.29.254.185 - - [25/Dec/2021:15:03:02 -0500] "POST /sipse/faces/presentacion/financiero/solicitudProceso/consultarSolicitudProceso.xhtml HTTP/1.1" 200 132676
186.29.254.185 - - [25/Dec/2021:15:03:36 -0500] "POST /sipse/faces/presentacion/financiero/solicitudProceso/consultarSolicitudProceso.xhtml HTTP/1.1" 200 1568141
207.46.13.52 - - [25/Dec/2021:15:04:27 -0500] "GET /bla/resoluciones/autos%202010/0820.pdf HTTP/1.1" 200 175913
216.245.221.92 - - [25/Dec/2021:15:05:55 -0500] "HEAD / HTTP/1.1" 200 -
201.245.192.253 - - [25/Dec/2021:15:06:50 -0500] "POST /kwsrmcab/Wsrmcab HTTP/1.1" 200 114618
66.249.79.236 - - [25/Dec/2021:15:09:36 -0500] "-" 408 -
186.29.254.185 - - [25/Dec/2021:15:10:02 -0500] "POST /sipse/faces/presentacion/financiero/solicitudProceso/consultarSolicitudProceso.xhtml HTTP/1.1" 200 223690
207.46.13.52 - - [25/Dec/2021:15:10:28 -0500] "GET /bla/resoluciones/autos%202010/5653.pdf HTTP/1.1" 200 217448
216.245.221.92 - - [25/Dec/2021:15:10:55 -0500] "HEAD / HTTP/1.1" 200 -
191.106.185.255 - - [25/Dec/2021:15:11:39 -0500] "GET /galeria/galeria/jquery.fancybox.css?v=2.1.5 HTTP/1.1" 200 4895
201.245.192.253 - - [25/Dec/2021:15:11:36 -0500] "POST /kwsrmcab/Wsrmcab HTTP/1.1" 200 114618
173.252.107.11 - - [25/Dec/2021:15:13:40 -0500] "GET /images/PIGA1.jpeg HTTP/1.1" 200 167676
173.252.95.117 - - [25/Dec/2021:15:14:33 -0500] "GET /images/pieza-grafica-actividades-navidad-13-diciembre.jpg HTTP/1.1" 200 46733
173.252.83.111 - - [25/Dec/2021:15:15:03 -0500] "GET /images/Mision1.jpeg HTTP/1.1" 200 129758
173.252.107.24 - - [25/Dec/2021:15:15:04 -0500] "GET /caminatas-recorridos-interpretativos-novenas-ambientales-y-mas-en-la-econavidad-de-bogota.html HTTP/1.1" 206 946
69.171.249.23 - - [25/Dec/2021:15:15:24 -0500] "GET /images/cuco-americano-23-noviembre.jpg HTTP/1.1" 200 34532
216.245.221.92 - - [25/Dec/2021:15:15:55 -0500] "HEAD / HTTP/1.1" 200 -
173.252.107.12 - - [25/Dec/2021:15:15:56 -0500] "GET /dora-villalobos-la-protectora-del-humedal-la-vaca.html HTTP/1.1" 206 893
173.252.107.6 - - [25/Dec/2021:15:15:56 -0500] "GET /dora-villalobos-la-protectora-del-humedal-la-vaca.html HTTP/1.1" 206 893
207.46.13.88 - - [25/Dec/2021:15:15:58 -0500] "GET /BLA/resoluciones/RESOLUCIONES%202018/1315.pdf HTTP/1.1" 200 951358
201.245.192.253 - - [25/Dec/2021:15:15:12 -0500] "POST /kwsrmcab/Wsrmcab HTTP/1.1" 200 114618
207.46.13.113 - - [25/Dec/2021:15:16:28 -0500] "GET /bla/resoluciones/resoluciones%202021/2877.pdf HTTP/1.1" 200 330237
186.84.90.94 - - [25/Dec/2021:15:19:29 -0500] "GET /appsia/controlador HTTP/1.1" 200 4799
186.84.90.94 - - [25/Dec/2021:15:20:05 -0500] "POST /appsia/controlador HTTP/1.1" 200 4621
186.84.90.94 - - [25/Dec/2021:15:20:08 -0500] "POST /appsia/controlador HTTP/1.1" 200 7729
216.245.221.92 - - [25/Dec/2021:15:20:55 -0500] "HEAD / HTTP/1.1" 200 -
186.84.90.94 - - [25/Dec/2021:15:21:55 -0500] "GET /appsia/controlador HTTP/1.1" 200 4799
207.46.13.88 - - [25/Dec/2021:15:23:33 -0500] "GET /BLA/resoluciones/RESOLUCIONES%202021/2276.pdf HTTP/1.1" 304 -
201.245.192.253 - - [25/Dec/2021:15:23:11 -0500] "POST /kwsrmcab/Wsrmcab HTTP/1.1" 200 45659
201.245.192.253 - - [25/Dec/2021:15:23:39 -0500] "POST /kwsrmcab/Wsrmcab HTTP/1.1" 200 114618
201.245.192.253 - - [25/Dec/2021:15:24:01 -0500] "POST /kwsrmcab/Wsrmcab HTTP/1.1" 200 45362
216.245.221.92 - - [25/Dec/2021:15:25:55 -0500] "HEAD / HTTP/1.1" 200 -
201.245.192.253 - - [25/Dec/2021:15:26:16 -0500] "POST /kwsrmcab/Wsrmcab HTTP/1.1" 200 114618
216.245.221.92 - - [25/Dec/2021:15:30:55 -0500] "HEAD / HTTP/1.1" 200 -
173.252.83.19 - - [25/Dec/2021:15:31:16 -0500] "GET /images/cuco-americano-23-noviembre.jpg HTTP/1.1" 200 34532
69.63.184.116 - - [25/Dec/2021:15:31:16 -0500] "GET /images/Mision1.jpeg HTTP/1.1" 200 129758
173.252.87.1 - - [25/Dec/2021:15:31:21 -0500] "GET /images/atencion-ciudadano-cade-oficinaprincipalsda-7-diciembre.jpg HTTP/1.1" 200 32428
173.252.107.18 - - [25/Dec/2021:15:31:26 -0500] "GET /images/cronica-mujer-biodiveridad-30-noviembre.jpg HTTP/1.1" 200 63270
173.252.107.15 - - [25/Dec/2021:15:31:30 -0500] "GET /images/reserva-thomas-van-charla-25-noviembre.jpg HTTP/1.1" 200 110800
195.54.160.149 - - [25/Dec/2021:15:33:22 -0500] "GET /_ignition/execute-solution HTTP/1.1" 404 1018
40.77.167.55 - - [25/Dec/2021:15:33:26 -0500] "GET /sipse/faces/autenticacion.xhtml HTTP/1.1" 200 12497
201.245.192.253 - - [25/Dec/2021:15:33:10 -0500] "POST /kwsrmcab/Wsrmcab HTTP/1.1" 200 45659
201.245.192.253 - - [25/Dec/2021:15:33:59 -0500] "POST /kwsrmcab/Wsrmcab HTTP/1.1" 200 45362
201.245.192.253 - - [25/Dec/2021:15:34:53 -0500] "POST /kwsrmcab/Wsrmcab HTTP/1.1" 200 114618
216.245.221.92 - - [25/Dec/2021:15:35:55 -0500] "HEAD / HTTP/1.1" 200 -
201.245.192.253 - - [25/Dec/2021:15:36:30 -0500] "POST /kwsrmcab/Wsrmcab HTTP/1.1" 200 114618
66.249.79.238 - - [25/Dec/2021:15:38:07 -0500] "-" 408 -
207.46.13.88 - - [25/Dec/2021:15:38:21 -0500] "GET /BLA/resoluciones/index.php?dir=AUTOS+2012%2F HTTP/1.1" 200 270447
157.55.39.106 - - [25/Dec/2021:15:40:47 -0500] "GET /bla/resoluciones/autos%202010/1361.pdf HTTP/1.1" 200 256838
216.245.221.92 - - [25/Dec/2021:15:40:55 -0500] "HEAD / HTTP/1.1" 200 -
201.245.192.253 - - [25/Dec/2021:15:40:59 -0500] "POST /kwsrmcab/Wsrmcab HTTP/1.1" 200 114618
201.245.192.253 - - [25/Dec/2021:15:43:10 -0500] "POST /kwsrmcab/Wsrmcab HTTP/1.1" 200 45659
172.105.78.243 - - [25/Dec/2021:15:44:00 -0500] "GET / HTTP/1.1" 200 319
40.77.167.55 - - [25/Dec/2021:15:44:07 -0500] "GET /bla/resoluciones/autos%202010/1160.pdf HTTP/1.1" 200 163063
201.245.192.253 - - [25/Dec/2021:15:44:00 -0500] "POST /kwsrmcab/Wsrmcab HTTP/1.1" 200 45362
216.245.221.92 - - [25/Dec/2021:15:45:55 -0500] "HEAD / HTTP/1.1" 200 -
23.100.232.233 - - [25/Dec/2021:15:46:16 -0500] "GET /galeria/galeria/jquery.fancybox.js?v=2.1.5 HTTP/1.1" 200 48706
23.100.232.233 - - [25/Dec/2021:15:46:16 -0500] "GET /BLA/boletinlegal/js/jquery.scrollShow.js HTTP/1.1" 200 4586
23.100.232.233 - - [25/Dec/2021:15:46:16 -0500] "GET /galeria/galeria/jquery.fancybox.css?v=2.1.5 HTTP/1.1" 200 4895
179.19.109.124 - - [25/Dec/2021:15:46:58 -0500] "GET /galeria/galeria/jquery.fancybox.css?v=2.1.5 HTTP/1.1" 200 4895
66.249.79.236 - - [25/Dec/2021:15:47:58 -0500] "-" 408 -
173.252.95.7 - - [25/Dec/2021:15:50:08 -0500] "GET /programese-este-fin-de-semana-para-las-ferias-de-servicios-y-realice-sus-tramites-ambientales.html HTTP/1.1" 206 866
173.252.95.111 - - [25/Dec/2021:15:50:08 -0500] "GET /programese-este-fin-de-semana-para-las-ferias-de-servicios-y-realice-sus-tramites-ambientales.html HTTP/1.1" 206 866
173.252.127.16 - - [25/Dec/2021:15:50:09 -0500] "GET /images/feria-movil-sda-19-noviembre.jpg HTTP/1.1" 200 47278
186.102.31.242 - - [25/Dec/2021:15:50:33 -0500] "GET /galeria/galeria/jquery.fancybox.css?v=2.1.5 HTTP/1.1" 200 4895
216.245.221.92 - - [25/Dec/2021:15:50:55 -0500] "HEAD / HTTP/1.1" 200 -
40.77.167.55 - - [25/Dec/2021:15:51:47 -0500] "GET /BLA/resoluciones/AUTOS%202018/2546.pdf HTTP/1.1" 200 2099141
201.245.192.253 - - [25/Dec/2021:15:52:15 -0500] "POST /kwsrmcab/Wsrmcab HTTP/1.1" 200 114618
66.249.79.236 - - [25/Dec/2021:15:54:03 -0500] "-" 408 -
207.46.13.52 - - [25/Dec/2021:15:55:42 -0500] "GET /bla/resoluciones/resoluciones%202021/1954.pdf HTTP/1.1" 200 426625
216.245.221.92 - - [25/Dec/2021:15:55:55 -0500] "HEAD / HTTP/1.1" 200 -
201.245.192.253 - - [25/Dec/2021:15:55:12 -0500] "POST /kwsrmcab/Wsrmcab HTTP/1.1" 200 114618
186.29.254.185 - - [25/Dec/2021:15:58:34 -0500] "POST /sipse/faces/presentacion/financiero/solicitudProceso/consultarSolicitudProceso.xhtml HTTP/1.1" 200 19421
186.29.254.185 - - [25/Dec/2021:15:58:35 -0500] "GET /sipse/faces/javax.faces.resource/primefaces.css?ln=primefaces&v=4.0 HTTP/1.1" 304 -
186.29.254.185 - - [25/Dec/2021:15:58:35 -0500] "GET /sipse/faces/javax.faces.resource/theme.css?ln=primefaces-sipse HTTP/1.1" 304 -
186.29.254.185 - - [25/Dec/2021:15:58:35 -0500] "GET /sipse/faces/javax.faces.resource/layout/layout.css?ln=primefaces&v=4.0 HTTP/1.1" 304 -
186.29.254.185 - - [25/Dec/2021:15:58:35 -0500] "GET /sipse/faces/javax.faces.resource/fileupload/fileupload.css?ln=primefaces&v=4.0 HTTP/1.1" 304 -
186.29.254.185 - - [25/Dec/2021:15:58:35 -0500] "GET /sipse/faces/javax.faces.resource/jquery/jquery-plugins.js?ln=primefaces&v=4.0 HTTP/1.1" 304 -
186.29.254.185 - - [25/Dec/2021:15:58:35 -0500] "GET /sipse/faces/javax.faces.resource/jquery/jquery.js?ln=primefaces&v=4.0 HTTP/1.1" 304 -
186.29.254.185 - - [25/Dec/2021:15:58:35 -0500] "GET /sipse/faces/javax.faces.resource/layout/layout.js?ln=primefaces&v=4.0 HTTP/1.1" 304 -
186.29.254.185 - - [25/Dec/2021:15:58:35 -0500] "GET /sipse/faces/javax.faces.resource/primefaces.js?ln=primefaces&v=4.0 HTTP/1.1" 304 -
186.29.254.185 - - [25/Dec/2021:15:58:35 -0500] "GET /sipse/faces/javax.faces.resource/fileupload/fileupload.js?ln=primefaces&v=4.0 HTTP/1.1" 304 -
186.29.254.185 - - [25/Dec/2021:15:58:35 -0500] "GET /sipse/css/imagen/contrasena.png HTTP/1.1" 404 383
186.29.254.185 - - [25/Dec/2021:15:58:35 -0500] "GET /sipse/faces/javax.faces.resource/images/ui-icons_898989_256x240.png?ln=primefaces-aristo HTTP/1.1" 304 -
186.29.254.185 - - [25/Dec/2021:15:58:58 -0500] "POST /sipse/faces/presentacion/sistema/anexos/cargarAnexoSolicitudProceso.xhtml HTTP/1.1" 200 171296
186.29.254.185 - - [25/Dec/2021:15:58:59 -0500] "GET /sipse/faces/javax.faces.resource/primefaces.css?ln=primefaces&v=4.0 HTTP/1.1" 304 -
186.29.254.185 - - [25/Dec/2021:15:58:59 -0500] "GET /sipse/faces/javax.faces.resource/theme.css?ln=primefaces-sipse HTTP/1.1" 304 -
186.29.254.185 - - [25/Dec/2021:15:58:59 -0500] "GET /sipse/faces/javax.faces.resource/layout/layout.css?ln=primefaces&v=4.0 HTTP/1.1" 304 -
186.29.254.185 - - [25/Dec/2021:15:58:59 -0500] "GET /sipse/faces/javax.faces.resource/jquery/jquery.js?ln=primefaces&v=4.0 HTTP/1.1" 304 -
186.29.254.185 - - [25/Dec/2021:15:58:59 -0500] "GET /sipse/faces/javax.faces.resource/primefaces.js?ln=primefaces&v=4.0 HTTP/1.1" 304 -
186.29.254.185 - - [25/Dec/2021:15:58:59 -0500] "GET /sipse/faces/javax.faces.resource/jquery/jquery-plugins.js?ln=primefaces&v=4.0 HTTP/1.1" 304 -
186.29.254.185 - - [25/Dec/2021:15:58:59 -0500] "GET /sipse/faces/javax.faces.resource/layout/layout.js?ln=primefaces&v=4.0 HTTP/1.1" 304 -
186.29.254.185 - - [25/Dec/2021:15:58:59 -0500] "GET /sipse/css/imagen/contrasena.png HTTP/1.1" 404 383
186.29.254.185 - - [25/Dec/2021:15:58:59 -0500] "GET /sipse/faces/javax.faces.resource/images/ui-icons_898989_256x240.png?ln=primefaces-aristo HTTP/1.1" 304 -
186.29.254.185 - - [25/Dec/2021:15:59:00 -0500] "GET /sipse/faces/javax.faces.resource/dynamiccontent.properties?ln=primefaces&pfdrid=XjOR5%2F%2FfPAZAuY9TpWQeCiM0BhlXxYRBGKi%2FQcXXfeA%3D&pfdrid_c=false HTTP/1.1" 500 383
186.29.254.185 - - [25/Dec/2021:15:59:10 -0500] "GET /sipse/faces/javax.faces.resource/images/ui-bg_flat_0_2d5972_40x100.png?ln=primefaces-aristo HTTP/1.1" 304 -
186.29.254.185 - - [25/Dec/2021:15:59:10 -0500] "POST /sipse/faces/presentacion/financiero/solicitudProceso/consultarSolicitudProceso.xhtml HTTP/1.1" 200 40902
186.29.254.185 - - [25/Dec/2021:15:59:11 -0500] "GET /sipse/faces/javax.faces.resource/theme.css?ln=primefaces-sipse HTTP/1.1" 304 -
186.29.254.185 - - [25/Dec/2021:15:59:11 -0500] "GET /sipse/faces/javax.faces.resource/primefaces.css?ln=primefaces&v=4.0 HTTP/1.1" 304 -
186.29.254.185 - - [25/Dec/2021:15:59:11 -0500] "GET /sipse/faces/javax.faces.resource/layout/layout.css?ln=primefaces&v=4.0 HTTP/1.1" 304 -
186.29.254.185 - - [25/Dec/2021:15:59:11 -0500] "GET /sipse/faces/javax.faces.resource/jquery/jquery.js?ln=primefaces&v=4.0 HTTP/1.1" 304 -
186.29.254.185 - - [25/Dec/2021:15:59:11 -0500] "GET /sipse/faces/javax.faces.resource/jquery/jquery-plugins.js?ln=primefaces&v=4.0 HTTP/1.1" 304 -
186.29.254.185 - - [25/Dec/2021:15:59:11 -0500] "GET /sipse/faces/javax.faces.resource/primefaces.js?ln=primefaces&v=4.0 HTTP/1.1" 304 -
186.29.254.185 - - [25/Dec/2021:15:59:11 -0500] "GET /sipse/faces/javax.faces.resource/layout/layout.js?ln=primefaces&v=4.0 HTTP/1.1" 304 -
186.29.254.185 - - [25/Dec/2021:15:59:11 -0500] "GET /sipse/css/imagen/contrasena.png HTTP/1.1" 404 383
186.29.254.185 - - [25/Dec/2021:15:59:11 -0500] "POST /sipse/faces/presentacion/financiero/solicitudProceso/listarSolicitudProceso.xhtml HTTP/1.1" 200 1392
66.249.79.236 - - [25/Dec/2021:16:00:33 -0500] "-" 408 -
216.245.221.92 - - [25/Dec/2021:16:00:55 -0500] "HEAD / HTTP/1.1" 200 -
34.91.242.250 - - [25/Dec/2021:16:03:57 -0500] "GET / HTTP/1.1" 200 319
217.182.171.12 - - [25/Dec/2021:16:04:15 -0500] "HEAD /BLA/resoluciones/RESOLUCIONES%202009/0759.pdf HTTP/1.1" 200 -
201.245.192.253 - - [25/Dec/2021:16:04:50 -0500] "POST /kwsrmcab/Wsrmcab HTTP/1.1" 200 213
216.245.221.92 - - [25/Dec/2021:16:05:55 -0500] "HEAD / HTTP/1.1" 200 -
191.156.191.221 - - [25/Dec/2021:16:06:53 -0500] "GET /galeria/galeria/jquery.fancybox.css?v=2.1.5 HTTP/1.1" 200 4895
66.249.79.236 - - [25/Dec/2021:16:07:16 -0500] "-" 408 -
201.245.192.253 - - [25/Dec/2021:16:06:55 -0500] "POST /kwsrmcab/Wsrmcab HTTP/1.1" 200 115004
195.54.160.149 - - [25/Dec/2021:16:08:24 -0500] "GET / HTTP/1.1" 200 319
181.33.193.118 - - [25/Dec/2021:16:08:31 -0500] "GET /galeria/galeria/jquery.fancybox.css?v=2.1.5 HTTP/1.1" 200 4895
216.245.221.92 - - [25/Dec/2021:16:10:55 -0500] "HEAD / HTTP/1.1" 200 -
201.245.192.253 - - [25/Dec/2021:16:11:03 -0500] "POST /kwsrmcab/Wsrmcab HTTP/1.1" 200 115004
66.249.79.236 - - [25/Dec/2021:16:15:24 -0500] "-" 408 -
216.245.221.92 - - [25/Dec/2021:16:15:55 -0500] "HEAD / HTTP/1.1" 200 -
201.245.192.253 - - [25/Dec/2021:16:16:25 -0500] "POST /kwsrmcab/Wsrmcab HTTP/1.1" 200 115004
157.55.39.106 - - [25/Dec/2021:16:18:19 -0500] "GET /bla/resoluciones/autos%202010/1404.pdf HTTP/1.1" 200 257350
163.179.235.68 - - [25/Dec/2021:16:20:11 -0500] "POST /GponForm/diag_Form?images/ HTTP/1.1" 404 1013
216.245.221.92 - - [25/Dec/2021:16:20:55 -0500] "HEAD / HTTP/1.1" 200 -
157.55.39.106 - - [25/Dec/2021:16:22:11 -0500] "GET /bla/resoluciones/autos%202010/5324.pdf HTTP/1.1" 200 151492
186.84.89.13 - - [25/Dec/2021:16:22:41 -0500] "GET /galeria/galeria/jquery.fancybox.css?v=2.1.5 HTTP/1.1" 200 4895
186.30.40.119 - - [25/Dec/2021:16:22:45 -0500] "GET /galeria/galeria/jquery.fancybox.css?v=2.1.5 HTTP/1.1" 200 4895
40.77.167.55 - - [25/Dec/2021:16:23:21 -0500] "GET /bla/resoluciones/autos%202010/6596.pdf HTTP/1.1" 200 147693
201.245.192.253 - - [25/Dec/2021:16:22:52 -0500] "POST /kwsrmcab/Wsrmcab HTTP/1.1" 200 115004
201.245.192.253 - - [25/Dec/2021:16:23:11 -0500] "POST /kwsrmcab/Wsrmcab HTTP/1.1" 200 45668
66.249.79.236 - - [25/Dec/2021:16:24:02 -0500] "-" 408 -
201.245.192.253 - - [25/Dec/2021:16:23:59 -0500] "POST /kwsrmcab/Wsrmcab HTTP/1.1" 200 45505
13.57.177.70 - - [25/Dec/2021:16:25:27 -0500] "GET / HTTP/1.1" 200 319
216.245.221.92 - - [25/Dec/2021:16:25:55 -0500] "HEAD / HTTP/1.1" 200 -
201.245.192.253 - - [25/Dec/2021:16:26:12 -0500] "POST /kwsrmcab/Wsrmcab HTTP/1.1" 200 115004
190.14.255.68 - - [25/Dec/2021:16:28:14 -0500] "GET /boa-recuperada-en-la-avenida-nqs-de-bogota-regreso-a-su-habitat-natural.html HTTP/1.1" 200 924
66.249.79.236 - - [25/Dec/2021:16:30:05 -0500] "-" 408 -
216.245.221.92 - - [25/Dec/2021:16:30:55 -0500] "HEAD / HTTP/1.1" 200 -
207.46.13.52 - - [25/Dec/2021:16:32:15 -0500] "GET /BLA/resoluciones/index.php?dir=AUTOS+2016%2F HTTP/1.1" 200 324287
40.77.167.55 - - [25/Dec/2021:16:32:40 -0500] "GET /BLA/resoluciones/dlf/styles.css HTTP/1.1" 200 3049
201.245.192.253 - - [25/Dec/2021:16:32:23 -0500] "POST /kwsrmcab/Wsrmcab HTTP/1.1" 200 115004
173.252.107.4 - - [25/Dec/2021:16:33:35 -0500] "GET /alcaldesa-claudia-lopez-sembro-el-arbol-numero-100-mil-de-su-administracion.html HTTP/1.1" 206 1031
173.252.107.24 - - [25/Dec/2021:16:33:35 -0500] "GET /alcaldesa-claudia-lopez-sembro-el-arbol-numero-100-mil-de-su-administracion.html HTTP/1.1" 206 1031
201.245.192.253 - - [25/Dec/2021:16:33:10 -0500] "POST /kwsrmcab/Wsrmcab HTTP/1.1" 200 45668
201.245.192.253 - - [25/Dec/2021:16:33:59 -0500] "POST /kwsrmcab/Wsrmcab HTTP/1.1" 200 45505
216.245.221.92 - - [25/Dec/2021:16:35:55 -0500] "HEAD / HTTP/1.1" 200 -
66.249.79.236 - - [25/Dec/2021:16:36:17 -0500] "-" 408 -
201.245.192.253 - - [25/Dec/2021:16:35:46 -0500] "POST /kwsrmcab/Wsrmcab HTTP/1.1" 200 115004
216.245.221.92 - - [25/Dec/2021:16:40:55 -0500] "HEAD / HTTP/1.1" 200 -
66.249.79.236 - - [25/Dec/2021:16:42:05 -0500] "-" 408 -
198.98.49.124 - - [25/Dec/2021:16:42:46 -0500] "GET / HTTP/1.1" 200 319
201.245.192.253 - - [25/Dec/2021:16:43:10 -0500] "POST /kwsrmcab/Wsrmcab HTTP/1.1" 200 45668
201.245.192.253 - - [25/Dec/2021:16:43:59 -0500] "POST /kwsrmcab/Wsrmcab HTTP/1.1" 200 45505
201.245.192.253 - - [25/Dec/2021:16:44:01 -0500] "POST /kwsrmcab/Wsrmcab HTTP/1.1" 200 115004
216.245.221.92 - - [25/Dec/2021:16:45:55 -0500] "HEAD / HTTP/1.1" 200 -
181.50.145.56 - - [25/Dec/2021:16:46:35 -0500] "GET /sipse/faces/index.xhtml HTTP/1.1" 200 677
181.50.145.56 - - [25/Dec/2021:16:46:35 -0500] "GET /sipse/faces/javax.faces.resource/theme.css?ln=primefaces-sipse HTTP/1.1" 304 -
181.50.145.56 - - [25/Dec/2021:16:46:35 -0500] "GET /sipse/faces/faces/autenticacion.xhtml HTTP/1.1" 200 12175
181.50.145.56 - - [25/Dec/2021:16:46:35 -0500] "GET /sipse/js/disable_browser_buttons.js HTTP/1.1" 304 -
181.50.145.56 - - [25/Dec/2021:16:46:35 -0500] "GET /sipse/css/custom_css_sg.css HTTP/1.1" 304 -
181.50.145.56 - - [25/Dec/2021:16:46:35 -0500] "GET /sipse/js/funciones.js HTTP/1.1" 304 -
181.50.145.56 - - [25/Dec/2021:16:46:35 -0500] "GET /sipse/css/custom_css_sg_prime_login.css HTTP/1.1" 304 -
