186.29.254.185 - - [27/Dec/2021:10:29:29 -0500] "GET /sipse/faces/javax.faces.resource/jquery/jquery.js?ln=primefaces&v=4.0 HTTP/1.1" 304 -
201.245.192.253 - - [27/Dec/2021:10:29:29 -0500] "GET /sipse/faces/javax.faces.resource/images/ui-bg_flat_0_2d5972_40x100.png?ln=primefaces-aristo HTTP/1.1" 304 -
186.29.254.185 - - [27/Dec/2021:10:29:29 -0500] "GET /sipse/faces/javax.faces.resource/jquery/jquery-plugins.js?ln=primefaces&v=4.0 HTTP/1.1" 304 -
186.29.254.185 - - [27/Dec/2021:10:29:29 -0500] "GET /sipse/faces/javax.faces.resource/primefaces.js?ln=primefaces&v=4.0 HTTP/1.1" 304 -
186.29.254.185 - - [27/Dec/2021:10:29:29 -0500] "GET /sipse/faces/javax.faces.resource/layout/layout.js?ln=primefaces&v=4.0 HTTP/1.1" 304 -
201.245.192.253 - - [27/Dec/2021:10:29:29 -0500] "POST /sipse/faces/bienvenido.xhtml HTTP/1.1" 200 1471
186.29.254.185 - - [27/Dec/2021:10:29:29 -0500] "POST /sipse/faces/presentacion/financiero/solicitudProceso/listarSolicitudProceso.xhtml HTTP/1.1" 200 31821
201.245.192.253 - - [27/Dec/2021:10:29:29 -0500] "POST /sipse/faces/presentacion/financiero/solicitudProceso/listarSolicitudProceso.xhtml HTTP/1.1" 200 29540
186.102.29.141 - - [27/Dec/2021:10:29:28 -0500] "POST /sipse/faces/bienvenido.xhtml HTTP/1.1" 200 62585
186.29.254.185 - - [27/Dec/2021:10:29:29 -0500] "POST /sipse/faces/presentacion/financiero/solicitudProceso/listarSolicitudProceso.xhtml HTTP/1.1" 200 31821
186.102.29.141 - - [27/Dec/2021:10:29:29 -0500] "GET /sipse/faces/javax.faces.resource/theme.css?ln=primefaces-sipse HTTP/1.1" 304 -
186.102.29.141 - - [27/Dec/2021:10:29:29 -0500] "GET /sipse/faces/javax.faces.resource/primefaces.css?ln=primefaces&v=4.0 HTTP/1.1" 304 -
186.102.29.141 - - [27/Dec/2021:10:29:29 -0500] "GET /sipse/faces/javax.faces.resource/layout/layout.css?ln=primefaces&v=4.0 HTTP/1.1" 304 -
186.102.29.141 - - [27/Dec/2021:10:29:29 -0500] "GET /sipse/faces/javax.faces.resource/jquery/jquery.js?ln=primefaces&v=4.0 HTTP/1.1" 304 -
186.102.29.141 - - [27/Dec/2021:10:29:29 -0500] "GET /sipse/faces/javax.faces.resource/jquery/jquery-plugins.js?ln=primefaces&v=4.0 HTTP/1.1" 304 -
186.102.29.141 - - [27/Dec/2021:10:29:29 -0500] "GET /sipse/faces/javax.faces.resource/primefaces.js?ln=primefaces&v=4.0 HTTP/1.1" 304 -
186.29.254.185 - - [27/Dec/2021:10:29:29 -0500] "POST /sipse/faces/presentacion/financiero/solicitudProceso/listarSolicitudProceso.xhtml HTTP/1.1" 200 31821
186.102.29.141 - - [27/Dec/2021:10:29:30 -0500] "GET /sipse/faces/javax.faces.resource/layout/layout.js?ln=primefaces&v=4.0 HTTP/1.1" 304 -
201.245.192.253 - - [27/Dec/2021:10:29:30 -0500] "POST /sipse/faces/bienvenido.xhtml HTTP/1.1" 200 43720
201.245.192.253 - - [27/Dec/2021:10:29:30 -0500] "GET /sipse/faces/javax.faces.resource/theme.css?ln=primefaces-sipse HTTP/1.1" 304 -
201.245.192.253 - - [27/Dec/2021:10:29:30 -0500] "GET /sipse/faces/javax.faces.resource/primefaces.css?ln=primefaces&v=4.0 HTTP/1.1" 304 -
201.245.192.253 - - [27/Dec/2021:10:29:30 -0500] "GET /sipse/faces/javax.faces.resource/layout/layout.css?ln=primefaces&v=4.0 HTTP/1.1" 304 -
201.245.192.253 - - [27/Dec/2021:10:29:30 -0500] "GET /sipse/faces/javax.faces.resource/jquery/jquery.js?ln=primefaces&v=4.0 HTTP/1.1" 304 -
201.245.192.253 - - [27/Dec/2021:10:29:30 -0500] "GET /sipse/faces/javax.faces.resource/jquery/jquery-plugins.js?ln=primefaces&v=4.0 HTTP/1.1" 304 -
201.245.192.253 - - [27/Dec/2021:10:29:30 -0500] "GET /sipse/faces/javax.faces.resource/primefaces.js?ln=primefaces&v=4.0 HTTP/1.1" 304 -
186.29.254.185 - - [27/Dec/2021:10:29:30 -0500] "POST /sipse/faces/presentacion/financiero/solicitudProceso/listarSolicitudProceso.xhtml HTTP/1.1" 200 31821
201.245.192.253 - - [27/Dec/2021:10:29:30 -0500] "GET /sipse/faces/javax.faces.resource/layout/layout.js?ln=primefaces&v=4.0 HTTP/1.1" 304 -
186.29.254.185 - - [27/Dec/2021:10:29:30 -0500] "POST /sipse/faces/presentacion/financiero/solicitudProceso/listarSolicitudProceso.xhtml HTTP/1.1" 200 1376
201.245.192.253 - - [27/Dec/2021:10:29:30 -0500] "POST /sipse/faces/presentacion/financiero/solicitudProceso/listarSolicitudProceso.xhtml HTTP/1.1" 200 1408
186.29.254.185 - - [27/Dec/2021:10:29:30 -0500] "POST /sipse/faces/presentacion/financiero/solicitudProceso/listarSolicitudProceso.xhtml HTTP/1.1" 200 1376
186.29.254.185 - - [27/Dec/2021:10:29:30 -0500] "POST /sipse/faces/presentacion/financiero/solicitudProceso/listarSolicitudProceso.xhtml HTTP/1.1" 200 1376
186.29.254.185 - - [27/Dec/2021:10:29:30 -0500] "POST /sipse/faces/presentacion/financiero/solicitudProceso/listarSolicitudProceso.xhtml HTTP/1.1" 200 1376
181.61.205.151 - - [27/Dec/2021:10:29:30 -0500] "POST /sipse/faces/presentacion/financiero/solicitudProceso/consultar.xhtml HTTP/1.1" 200 12832
186.102.29.141 - - [27/Dec/2021:10:29:30 -0500] "POST /sipse/faces/presentacion/financiero/solicitudProceso/listarSolicitudProceso.xhtml HTTP/1.1" 200 1448
186.29.254.185 - - [27/Dec/2021:10:29:31 -0500] "POST /sipse/faces/presentacion/financiero/solicitudProceso/listarSolicitudProceso.xhtml HTTP/1.1" 200 1376
201.245.192.253 - - [27/Dec/2021:10:29:31 -0500] "POST /sipse/faces/presentacion/financiero/solicitudProceso/listarSolicitudProceso.xhtml HTTP/1.1" 200 10667
201.245.192.253 - - [27/Dec/2021:10:29:32 -0500] "POST /sipse/faces/presentacion/financiero/solicitudProceso/listarSolicitudProceso.xhtml HTTP/1.1" 200 10495
201.245.192.253 - - [27/Dec/2021:10:29:34 -0500] "POST /sipse/faces/presentacion/financiero/solicitudProceso/listarSolicitudProceso.xhtml HTTP/1.1" 200 29386
181.61.205.151 - - [27/Dec/2021:10:29:36 -0500] "POST /sipse/faces/presentacion/financiero/solicitudProceso/consultar.xhtml HTTP/1.1" 200 12841
201.245.192.253 - - [27/Dec/2021:10:29:36 -0500] "POST /sipse/faces/presentacion/financiero/solicitudProceso/listarSolicitudProceso.xhtml HTTP/1.1" 200 10531
186.102.29.141 - - [27/Dec/2021:10:29:37 -0500] "POST /sipse/faces/presentacion/financiero/solicitudProceso/listarSolicitudProceso.xhtml HTTP/1.1" 200 9498
201.245.192.253 - - [27/Dec/2021:10:29:37 -0500] "POST /sipse/faces/presentacion/financiero/solicitudProceso/listarSolicitudProceso.xhtml HTTP/1.1" 200 29546
201.245.192.253 - - [27/Dec/2021:10:29:37 -0500] "POST /sipse/faces/presentacion/financiero/solicitudProceso/listarSolicitudProceso.xhtml HTTP/1.1" 200 147213
201.245.192.253 - - [27/Dec/2021:10:29:38 -0500] "GET /sipse/faces/javax.faces.resource/layout/layout.css?ln=primefaces&v=4.0 HTTP/1.1" 304 -
201.245.192.253 - - [27/Dec/2021:10:29:38 -0500] "GET /sipse/faces/javax.faces.resource/theme.css?ln=primefaces-sipse HTTP/1.1" 304 -
201.245.192.253 - - [27/Dec/2021:10:29:38 -0500] "GET /sipse/faces/javax.faces.resource/primefaces.css?ln=primefaces&v=4.0 HTTP/1.1" 304 -
201.245.192.253 - - [27/Dec/2021:10:29:38 -0500] "GET /sipse/faces/javax.faces.resource/jquery/jquery.js?ln=primefaces&v=4.0 HTTP/1.1" 304 -
201.245.192.253 - - [27/Dec/2021:10:29:38 -0500] "GET /sipse/faces/javax.faces.resource/jquery/jquery-plugins.js?ln=primefaces&v=4.0 HTTP/1.1" 304 -
201.245.192.253 - - [27/Dec/2021:10:29:38 -0500] "GET /sipse/faces/javax.faces.resource/primefaces.js?ln=primefaces&v=4.0 HTTP/1.1" 304 -
201.245.192.253 - - [27/Dec/2021:10:29:38 -0500] "GET /sipse/faces/javax.faces.resource/layout/layout.js?ln=primefaces&v=4.0 HTTP/1.1" 304 -
186.29.254.185 - - [27/Dec/2021:10:29:38 -0500] "POST /sipse/faces/presentacion/financiero/solicitudProceso/listarSolicitudProceso.xhtml HTTP/1.1" 200 122284
186.29.254.185 - - [27/Dec/2021:10:29:39 -0500] "GET /sipse/faces/javax.faces.resource/theme.css?ln=primefaces-sipse HTTP/1.1" 304 -
186.29.254.185 - - [27/Dec/2021:10:29:39 -0500] "GET /sipse/faces/javax.faces.resource/primefaces.css?ln=primefaces&v=4.0 HTTP/1.1" 304 -
186.29.254.185 - - [27/Dec/2021:10:29:39 -0500] "GET /sipse/faces/javax.faces.resource/layout/layout.css?ln=primefaces&v=4.0 HTTP/1.1" 304 -
186.29.254.185 - - [27/Dec/2021:10:29:39 -0500] "GET /sipse/faces/javax.faces.resource/jquery/jquery.js?ln=primefaces&v=4.0 HTTP/1.1" 304 -
186.29.254.185 - - [27/Dec/2021:10:29:39 -0500] "GET /sipse/faces/javax.faces.resource/jquery/jquery-plugins.js?ln=primefaces&v=4.0 HTTP/1.1" 304 -
186.29.254.185 - - [27/Dec/2021:10:29:39 -0500] "GET /sipse/faces/javax.faces.resource/primefaces.js?ln=primefaces&v=4.0 HTTP/1.1" 304 -
186.29.254.185 - - [27/Dec/2021:10:29:39 -0500] "GET /sipse/faces/javax.faces.resource/layout/layout.js?ln=primefaces&v=4.0 HTTP/1.1" 304 -
201.245.192.253 - - [27/Dec/2021:10:29:39 -0500] "POST /sipse/faces/presentacion/financiero/solicitudProceso/listarSolicitudProceso.xhtml HTTP/1.1" 200 10542
201.245.192.253 - - [27/Dec/2021:10:29:39 -0500] "GET /reportes_sipse/sdg/ServletReporte?reporte=experienia_idoneidad&solicitud=16919&pfdrid_c=false HTTP/1.1" 200 126279
186.29.254.185 - - [27/Dec/2021:10:29:40 -0500] "GET /reportes_sipse/sdg/ServletReporte?reporte=experienia_idoneidad&solicitud=16919&pfdrid_c=false HTTP/1.1" 200 126279
181.61.205.151 - - [27/Dec/2021:10:29:43 -0500] "POST /sipse/faces/presentacion/financiero/solicitudProceso/consultar.xhtml HTTP/1.1" 200 12907
201.245.192.253 - - [27/Dec/2021:10:29:44 -0500] "POST /sipse/faces/presentacion/financiero/solicitudProceso/listarSolicitudProceso.xhtml HTTP/1.1" 200 29698
201.245.192.253 - - [27/Dec/2021:10:29:45 -0500] "POST /sipse/faces/presentacion/financiero/solicitudProceso/listarSolicitudProceso.xhtml HTTP/1.1" 200 10578
201.245.192.253 - - [27/Dec/2021:10:29:47 -0500] "POST /sipse/faces/presentacion/financiero/solicitudProceso/listarSolicitudProceso.xhtml HTTP/1.1" 200 10553
186.29.254.185 - - [27/Dec/2021:10:29:48 -0500] "POST /sipse/faces/presentacion/financiero/solicitudProceso/consultarSolicitudProceso.xhtml HTTP/1.1" 200 589685
181.61.205.151 - - [27/Dec/2021:10:29:52 -0500] "POST /sipse/faces/presentacion/financiero/solicitudProceso/consultar.xhtml HTTP/1.1" 200 12998
162.142.125.59 - - [27/Dec/2021:10:29:56 -0500] "GET / HTTP/1.1" 200 319
162.142.125.59 - - [27/Dec/2021:10:29:57 -0500] "GET / HTTP/1.1" 200 319
186.84.89.200 - - [27/Dec/2021:10:29:57 -0500] "GET /appsia/controlador HTTP/1.1" 200 4799
201.245.192.253 - - [27/Dec/2021:10:29:56 -0500] "POST /sipse/faces/presentacion/financiero/solicitudProceso/consultarSolicitudProceso.xhtml HTTP/1.1" 200 6293
201.245.192.253 - - [27/Dec/2021:10:29:57 -0500] "POST /sipse/faces/presentacion/financiero/solicitudProceso/listarSolicitudProceso.xhtml HTTP/1.1" 200 10552
181.61.205.151 - - [27/Dec/2021:10:29:58 -0500] "POST /sipse/faces/presentacion/financiero/solicitudProceso/consultar.xhtml HTTP/1.1" 200 125734
181.61.205.151 - - [27/Dec/2021:10:29:59 -0500] "GET /sipse/faces/javax.faces.resource/theme.css?ln=primefaces-sipse HTTP/1.1" 304 -
181.61.205.151 - - [27/Dec/2021:10:29:59 -0500] "GET /sipse/faces/javax.faces.resource/primefaces.css?ln=primefaces&v=4.0 HTTP/1.1" 304 -
181.61.205.151 - - [27/Dec/2021:10:29:59 -0500] "GET /sipse/faces/javax.faces.resource/layout/layout.css?ln=primefaces&v=4.0 HTTP/1.1" 304 -
181.61.205.151 - - [27/Dec/2021:10:29:59 -0500] "GET /sipse/faces/javax.faces.resource/jquery/jquery.js?ln=primefaces&v=4.0 HTTP/1.1" 304 -
181.61.205.151 - - [27/Dec/2021:10:29:59 -0500] "GET /sipse/faces/javax.faces.resource/jquery/jquery-plugins.js?ln=primefaces&v=4.0 HTTP/1.1" 304 -
181.61.205.151 - - [27/Dec/2021:10:29:59 -0500] "GET /sipse/faces/javax.faces.resource/primefaces.js?ln=primefaces&v=4.0 HTTP/1.1" 304 -
181.61.205.151 - - [27/Dec/2021:10:29:59 -0500] "GET /sipse/faces/javax.faces.resource/layout/layout.js?ln=primefaces&v=4.0 HTTP/1.1" 304 -
181.61.205.151 - - [27/Dec/2021:10:29:59 -0500] "GET /sipse/css/imagen/contrasena.png HTTP/1.1" 404 383
181.61.205.151 - - [27/Dec/2021:10:29:59 -0500] "GET /reportes_sipse/sdg/ServletReporte?reporte=experienia_idoneidad&solicitud=16919&pfdrid_c=false HTTP/1.1" 200 126279
201.245.192.253 - - [27/Dec/2021:10:30:03 -0500] "GET /appsia/controlador HTTP/1.1" 200 4799
201.245.192.253 - - [27/Dec/2021:10:30:03 -0500] "GET /appsia/css/estilos.css HTTP/1.1" 200 4804
201.245.192.253 - - [27/Dec/2021:10:30:03 -0500] "GET /appsia/scripts/validarIngreso.js HTTP/1.1" 200 851
201.245.192.253 - - [27/Dec/2021:10:30:03 -0500] "GET /appsia/images/logo_bogota_p.png HTTP/1.1" 200 14951
201.245.192.253 - - [27/Dec/2021:10:30:03 -0500] "GET /appsia/images/cabezoteHojaVida.png HTTP/1.1" 200 32493
201.245.192.253 - - [27/Dec/2021:10:30:03 -0500] "GET /favicon.ico HTTP/1.1" 200 7782
186.30.30.67 - - [27/Dec/2021:10:30:15 -0500] "POST /sipse/faces/presentacion/financiero/estudioPrevio/personalSolicitado/personalSolicitadoSolicitudProceso.xhtml HTTP/1.1" 200 34706
186.30.30.67 - - [27/Dec/2021:10:30:15 -0500] "GET /sipse/faces/javax.faces.resource/theme.css?ln=primefaces-sipse HTTP/1.1" 304 -
186.30.30.67 - - [27/Dec/2021:10:30:15 -0500] "GET /sipse/faces/javax.faces.resource/primefaces.css?ln=primefaces&v=4.0 HTTP/1.1" 304 -
186.30.30.67 - - [27/Dec/2021:10:30:15 -0500] "GET /sipse/faces/javax.faces.resource/jquery/jquery.js?ln=primefaces&v=4.0 HTTP/1.1" 304 -
186.30.30.67 - - [27/Dec/2021:10:30:15 -0500] "GET /sipse/faces/javax.faces.resource/layout/layout.css?ln=primefaces&v=4.0 HTTP/1.1" 304 -
186.30.30.67 - - [27/Dec/2021:10:30:15 -0500] "GET /sipse/faces/javax.faces.resource/jquery/jquery-plugins.js?ln=primefaces&v=4.0 HTTP/1.1" 304 -
186.30.30.67 - - [27/Dec/2021:10:30:15 -0500] "GET /sipse/faces/javax.faces.resource/primefaces.js?ln=primefaces&v=4.0 HTTP/1.1" 304 -
186.30.30.67 - - [27/Dec/2021:10:30:15 -0500] "GET /sipse/faces/javax.faces.resource/layout/layout.js?ln=primefaces&v=4.0 HTTP/1.1" 304 -
186.30.30.67 - - [27/Dec/2021:10:30:15 -0500] "GET /sipse/css/imagen/contrasena.png HTTP/1.1" 404 383
186.30.30.67 - - [27/Dec/2021:10:30:15 -0500] "POST /sipse/faces/presentacion/financiero/solicitudProceso/listarSolicitudProceso.xhtml HTTP/1.1" 200 27975
201.245.192.253 - - [27/Dec/2021:10:30:15 -0500] "POST /sipse/faces/presentacion/financiero/solicitudProceso/listarSolicitudProceso.xhtml HTTP/1.1" 200 10520
186.30.30.67 - - [27/Dec/2021:10:30:16 -0500] "POST /sipse/faces/presentacion/financiero/solicitudProceso/listarSolicitudProceso.xhtml HTTP/1.1" 200 1344
186.30.30.67 - - [27/Dec/2021:10:30:16 -0500] "POST /sipse/faces/presentacion/financiero/solicitudProceso/listarSolicitudProceso.xhtml HTTP/1.1" 200 1344
201.245.192.253 - - [27/Dec/2021:10:30:20 -0500] "POST /appsia/controlador HTTP/1.1" 200 4621
201.245.192.253 - - [27/Dec/2021:10:30:22 -0500] "POST /appsia/controlador HTTP/1.1" 200 10098
201.245.192.253 - - [27/Dec/2021:10:30:22 -0500] "GET /appsia/images/logo_escudo.png HTTP/1.1" 200 36965
186.30.30.67 - - [27/Dec/2021:10:30:28 -0500] "POST /sipse/faces/presentacion/financiero/solicitudProceso/listarSolicitudProceso.xhtml HTTP/1.1" 200 4494
181.61.205.151 - - [27/Dec/2021:10:30:29 -0500] "POST /sipse/faces/presentacion/financiero/solicitudProceso/consultarSolicitudProceso.xhtml HTTP/1.1" 200 44050
181.61.205.151 - - [27/Dec/2021:10:30:29 -0500] "GET /sipse/faces/javax.faces.resource/theme.css?ln=primefaces-sipse HTTP/1.1" 304 -
181.61.205.151 - - [27/Dec/2021:10:30:29 -0500] "GET /sipse/faces/javax.faces.resource/primefaces.css?ln=primefaces&v=4.0 HTTP/1.1" 304 -
181.61.205.151 - - [27/Dec/2021:10:30:29 -0500] "GET /sipse/faces/javax.faces.resource/layout/layout.css?ln=primefaces&v=4.0 HTTP/1.1" 304 -
181.61.205.151 - - [27/Dec/2021:10:30:29 -0500] "GET /sipse/faces/javax.faces.resource/jquery/jquery.js?ln=primefaces&v=4.0 HTTP/1.1" 304 -
181.61.205.151 - - [27/Dec/2021:10:30:29 -0500] "GET /sipse/faces/javax.faces.resource/jquery/jquery-plugins.js?ln=primefaces&v=4.0 HTTP/1.1" 304 -
181.61.205.151 - - [27/Dec/2021:10:30:29 -0500] "GET /sipse/faces/javax.faces.resource/primefaces.js?ln=primefaces&v=4.0 HTTP/1.1" 304 -
181.61.205.151 - - [27/Dec/2021:10:30:29 -0500] "GET /sipse/faces/javax.faces.resource/layout/layout.js?ln=primefaces&v=4.0 HTTP/1.1" 304 -
181.61.205.151 - - [27/Dec/2021:10:30:29 -0500] "GET /sipse/css/imagen/contrasena.png HTTP/1.1" 404 383
201.245.192.253 - - [27/Dec/2021:10:30:29 -0500] "POST /sipse/faces/presentacion/financiero/solicitudProceso/consultarSolicitudProceso.xhtml HTTP/1.1" 200 6184
181.61.205.151 - - [27/Dec/2021:10:30:29 -0500] "POST /sipse/faces/presentacion/financiero/solicitudProceso/consultar.xhtml HTTP/1.1" 200 37347
181.61.205.151 - - [27/Dec/2021:10:30:30 -0500] "POST /sipse/faces/presentacion/financiero/solicitudProceso/consultar.xhtml HTTP/1.1" 200 37347
181.61.205.151 - - [27/Dec/2021:10:30:30 -0500] "POST /sipse/faces/presentacion/financiero/solicitudProceso/consultar.xhtml HTTP/1.1" 200 37347
186.30.30.67 - - [27/Dec/2021:10:30:30 -0500] "POST /sipse/faces/presentacion/financiero/solicitudProceso/listarSolicitudProceso.xhtml HTTP/1.1" 200 5589
181.61.205.151 - - [27/Dec/2021:10:30:30 -0500] "POST /sipse/faces/presentacion/financiero/solicitudProceso/consultar.xhtml HTTP/1.1" 200 37347
201.245.192.253 - - [27/Dec/2021:10:30:30 -0500] "POST /sipse/faces/presentacion/financiero/solicitudProceso/listarSolicitudProceso.xhtml HTTP/1.1" 200 10506
186.30.30.67 - - [27/Dec/2021:10:30:31 -0500] "POST /sipse/faces/presentacion/financiero/solicitudProceso/listarSolicitudProceso.xhtml HTTP/1.1" 200 40833
186.30.30.67 - - [27/Dec/2021:10:30:31 -0500] "GET /sipse/faces/javax.faces.resource/theme.css?ln=primefaces-sipse HTTP/1.1" 304 -
186.30.30.67 - - [27/Dec/2021:10:30:31 -0500] "GET /sipse/faces/javax.faces.resource/primefaces.css?ln=primefaces&v=4.0 HTTP/1.1" 304 -
186.30.30.67 - - [27/Dec/2021:10:30:31 -0500] "GET /sipse/faces/javax.faces.resource/jquery/jquery.js?ln=primefaces&v=4.0 HTTP/1.1" 304 -
186.30.30.67 - - [27/Dec/2021:10:30:31 -0500] "GET /sipse/faces/javax.faces.resource/layout/layout.css?ln=primefaces&v=4.0 HTTP/1.1" 304 -
186.30.30.67 - - [27/Dec/2021:10:30:31 -0500] "GET /sipse/faces/javax.faces.resource/jquery/jquery-plugins.js?ln=primefaces&v=4.0 HTTP/1.1" 304 -
186.30.30.67 - - [27/Dec/2021:10:30:31 -0500] "GET /sipse/faces/javax.faces.resource/primefaces.js?ln=primefaces&v=4.0 HTTP/1.1" 304 -
186.30.30.67 - - [27/Dec/2021:10:30:31 -0500] "GET /sipse/faces/javax.faces.resource/layout/layout.js?ln=primefaces&v=4.0 HTTP/1.1" 304 -
186.30.30.67 - - [27/Dec/2021:10:30:32 -0500] "GET /sipse/css/imagen/contrasena.png HTTP/1.1" 404 383
186.30.30.67 - - [27/Dec/2021:10:30:32 -0500] "POST /sipse/faces/presentacion/financiero/solicitudProceso/consultar.xhtml HTTP/1.1" 200 34128
186.30.30.67 - - [27/Dec/2021:10:30:32 -0500] "POST /sipse/faces/presentacion/financiero/solicitudProceso/consultar.xhtml HTTP/1.1" 200 34128
181.61.205.151 - - [27/Dec/2021:10:30:32 -0500] "POST /sipse/faces/presentacion/financiero/solicitudProceso/consultar.xhtml HTTP/1.1" 200 12880
186.30.30.67 - - [27/Dec/2021:10:30:34 -0500] "POST /sipse/faces/presentacion/financiero/solicitudProceso/consultar.xhtml HTTP/1.1" 200 12864
201.245.192.253 - - [27/Dec/2021:10:30:37 -0500] "POST /sipse/faces/presentacion/financiero/solicitudProceso/listarSolicitudProceso.xhtml HTTP/1.1" 200 10475
186.30.30.67 - - [27/Dec/2021:10:30:37 -0500] "POST /sipse/faces/presentacion/financiero/solicitudProceso/consultar.xhtml HTTP/1.1" 200 144874
186.30.30.67 - - [27/Dec/2021:10:30:38 -0500] "GET /sipse/faces/javax.faces.resource/primefaces.css?ln=primefaces&v=4.0 HTTP/1.1" 304 -
186.30.30.67 - - [27/Dec/2021:10:30:38 -0500] "GET /sipse/faces/javax.faces.resource/theme.css?ln=primefaces-sipse HTTP/1.1" 304 -
186.30.30.67 - - [27/Dec/2021:10:30:38 -0500] "GET /sipse/faces/javax.faces.resource/layout/layout.css?ln=primefaces&v=4.0 HTTP/1.1" 304 -
186.30.30.67 - - [27/Dec/2021:10:30:38 -0500] "GET /sipse/faces/javax.faces.resource/jquery/jquery.js?ln=primefaces&v=4.0 HTTP/1.1" 304 -
186.30.30.67 - - [27/Dec/2021:10:30:38 -0500] "GET /sipse/faces/javax.faces.resource/jquery/jquery-plugins.js?ln=primefaces&v=4.0 HTTP/1.1" 304 -
181.61.205.151 - - [27/Dec/2021:10:30:38 -0500] "POST /sipse/faces/presentacion/financiero/solicitudProceso/consultar.xhtml HTTP/1.1" 200 12933
186.30.30.67 - - [27/Dec/2021:10:30:38 -0500] "GET /sipse/faces/javax.faces.resource/primefaces.js?ln=primefaces&v=4.0 HTTP/1.1" 304 -
186.30.30.67 - - [27/Dec/2021:10:30:39 -0500] "GET /sipse/faces/javax.faces.resource/layout/layout.js?ln=primefaces&v=4.0 HTTP/1.1" 304 -
186.30.30.67 - - [27/Dec/2021:10:30:39 -0500] "GET /sipse/css/imagen/contrasena.png HTTP/1.1" 404 383
186.30.30.67 - - [27/Dec/2021:10:30:39 -0500] "GET /reportes_sipse/sdg/ServletReporte?reporte=experienia_idoneidad&solicitud=16919&pfdrid_c=false HTTP/1.1" 200 126279
201.245.192.253 - - [27/Dec/2021:10:30:40 -0500] "POST /sipse/faces/presentacion/financiero/solicitudProceso/listarSolicitudProceso.xhtml HTTP/1.1" 200 10511
201.245.192.253 - - [27/Dec/2021:10:30:41 -0500] "POST /sipse/faces/presentacion/financiero/solicitudProceso/listarSolicitudProceso.xhtml HTTP/1.1" 200 10546
186.84.89.200 - - [27/Dec/2021:10:30:43 -0500] "POST /appsia/controlador HTTP/1.1" 200 4621
181.61.88.117 - - [27/Dec/2021:10:30:44 -0500] "POST /sipse/faces/presentacion/financiero/solicitudProceso/listarSolicitudProceso.xhtml HTTP/1.1" 200 136382
181.61.88.117 - - [27/Dec/2021:10:30:45 -0500] "GET /sipse/faces/javax.faces.resource/theme.css?ln=primefaces-sipse HTTP/1.1" 304 -
181.61.88.117 - - [27/Dec/2021:10:30:45 -0500] "GET /sipse/faces/javax.faces.resource/layout/layout.css?ln=primefaces&v=4.0 HTTP/1.1" 304 -
181.61.88.117 - - [27/Dec/2021:10:30:45 -0500] "GET /sipse/faces/javax.faces.resource/primefaces.css?ln=primefaces&v=4.0 HTTP/1.1" 304 -
181.61.88.117 - - [27/Dec/2021:10:30:45 -0500] "GET /sipse/faces/javax.faces.resource/jquery/jquery.js?ln=primefaces&v=4.0 HTTP/1.1" 304 -
181.61.88.117 - - [27/Dec/2021:10:30:45 -0500] "GET /sipse/faces/javax.faces.resource/jquery/jquery-plugins.js?ln=primefaces&v=4.0 HTTP/1.1" 304 -
181.61.88.117 - - [27/Dec/2021:10:30:45 -0500] "GET /sipse/faces/javax.faces.resource/primefaces.js?ln=primefaces&v=4.0 HTTP/1.1" 304 -
181.61.88.117 - - [27/Dec/2021:10:30:45 -0500] "GET /sipse/faces/javax.faces.resource/layout/layout.js?ln=primefaces&v=4.0 HTTP/1.1" 304 -
181.61.88.117 - - [27/Dec/2021:10:30:45 -0500] "GET /sipse/css/imagen/contrasena.png HTTP/1.1" 404 383
181.61.88.117 - - [27/Dec/2021:10:30:45 -0500] "GET /reportes_sipse/sdg/ServletReporte?reporte=experienia_idoneidad&solicitud=16919&pfdrid_c=false HTTP/1.1" 200 126279
201.245.192.253 - - [27/Dec/2021:10:30:46 -0500] "POST /sipse/faces/presentacion/financiero/solicitudProceso/listarSolicitudProceso.xhtml HTTP/1.1" 200 10582
186.84.89.200 - - [27/Dec/2021:10:30:47 -0500] "POST /appsia/controlador HTTP/1.1" 200 9229
181.61.88.117 - - [27/Dec/2021:10:30:47 -0500] "POST /sipse/faces/presentacion/financiero/solicitudProceso/consultarSolicitudProceso.xhtml HTTP/1.1" 200 21228
181.61.88.117 - - [27/Dec/2021:10:30:47 -0500] "GET /sipse/faces/javax.faces.resource/theme.css?ln=primefaces-sipse HTTP/1.1" 304 -
181.61.88.117 - - [27/Dec/2021:10:30:47 -0500] "GET /sipse/faces/javax.faces.resource/primefaces.css?ln=primefaces&v=4.0 HTTP/1.1" 304 -
181.61.88.117 - - [27/Dec/2021:10:30:47 -0500] "GET /sipse/faces/javax.faces.resource/layout/layout.css?ln=primefaces&v=4.0 HTTP/1.1" 304 -
181.61.88.117 - - [27/Dec/2021:10:30:47 -0500] "GET /sipse/faces/javax.faces.resource/layout/layout.js?ln=primefaces&v=4.0 HTTP/1.1" 304 -
181.61.88.117 - - [27/Dec/2021:10:30:47 -0500] "GET /sipse/faces/javax.faces.resource/fileupload/fileupload.css?ln=primefaces&v=4.0 HTTP/1.1" 304 -
181.61.88.117 - - [27/Dec/2021:10:30:47 -0500] "GET /sipse/faces/javax.faces.resource/primefaces.js?ln=primefaces&v=4.0 HTTP/1.1" 304 -
181.61.88.117 - - [27/Dec/2021:10:30:47 -0500] "GET /sipse/faces/javax.faces.resource/jquery/jquery.js?ln=primefaces&v=4.0 HTTP/1.1" 304 -
181.61.88.117 - - [27/Dec/2021:10:30:47 -0500] "GET /sipse/faces/javax.faces.resource/jquery/jquery-plugins.js?ln=primefaces&v=4.0 HTTP/1.1" 304 -
181.61.88.117 - - [27/Dec/2021:10:30:47 -0500] "GET /sipse/faces/javax.faces.resource/fileupload/fileupload.js?ln=primefaces&v=4.0 HTTP/1.1" 304 -
181.61.88.117 - - [27/Dec/2021:10:30:47 -0500] "GET /sipse/css/imagen/contrasena.png HTTP/1.1" 404 383
181.61.88.117 - - [27/Dec/2021:10:30:47 -0500] "GET /sipse/faces/javax.faces.resource/images/ui-icons_898989_256x240.png?ln=primefaces-aristo HTTP/1.1" 304 -
201.245.192.253 - - [27/Dec/2021:10:30:48 -0500] "POST /sipse/faces/presentacion/financiero/solicitudProceso/listarSolicitudProceso.xhtml HTTP/1.1" 200 10588
181.61.205.151 - - [27/Dec/2021:10:30:49 -0500] "POST /sipse/faces/presentacion/financiero/solicitudProceso/consultar.xhtml HTTP/1.1" 200 13030
216.245.221.92 - - [27/Dec/2021:10:30:49 -0500] "HEAD / HTTP/1.1" 200 -
181.61.88.117 - - [27/Dec/2021:10:30:53 -0500] "GET /sipse/faces/javax.faces.resource/layout/layout.css?ln=primefaces&v=4.0 HTTP/1.1" 304 -
181.61.88.117 - - [27/Dec/2021:10:30:53 -0500] "GET /sipse/faces/javax.faces.resource/theme.css?ln=primefaces-sipse HTTP/1.1" 304 -
181.61.88.117 - - [27/Dec/2021:10:30:53 -0500] "GET /sipse/faces/javax.faces.resource/primefaces.css?ln=primefaces&v=4.0 HTTP/1.1" 304 -
181.61.88.117 - - [27/Dec/2021:10:30:53 -0500] "GET /sipse/faces/javax.faces.resource/jquery/jquery.js?ln=primefaces&v=4.0 HTTP/1.1" 304 -
181.61.88.117 - - [27/Dec/2021:10:30:53 -0500] "GET /sipse/faces/javax.faces.resource/jquery/jquery-plugins.js?ln=primefaces&v=4.0 HTTP/1.1" 304 -
181.61.88.117 - - [27/Dec/2021:10:30:53 -0500] "GET /sipse/faces/javax.faces.resource/layout/layout.js?ln=primefaces&v=4.0 HTTP/1.1" 304 -
181.61.88.117 - - [27/Dec/2021:10:30:53 -0500] "GET /sipse/faces/javax.faces.resource/primefaces.js?ln=primefaces&v=4.0 HTTP/1.1" 304 -
181.61.88.117 - - [27/Dec/2021:10:30:53 -0500] "GET /sipse/css/imagen/contrasena.png HTTP/1.1" 404 383
181.61.88.117 - - [27/Dec/2021:10:30:53 -0500] "GET /sipse/faces/javax.faces.resource/images/ui-icons_898989_256x240.png?ln=primefaces-aristo HTTP/1.1" 304 -
181.61.88.117 - - [27/Dec/2021:10:30:52 -0500] "POST /sipse/faces/presentacion/sistema/anexos/cargarAnexoSolicitudProceso.xhtml HTTP/1.1" 200 183897
66.249.75.109 - - [27/Dec/2021:10:30:53 -0500] "-" 408 -
181.61.88.117 - - [27/Dec/2021:10:30:53 -0500] "GET /reportes_sipse/sdg/ServletReporte?reporte=experienia_idoneidad&solicitud=16919&pfdrid_c=false HTTP/1.1" 200 126279
181.61.205.151 - - [27/Dec/2021:10:30:54 -0500] "POST /sipse/faces/presentacion/financiero/solicitudProceso/consultar.xhtml HTTP/1.1" 200 12990
186.102.29.141 - - [27/Dec/2021:10:30:58 -0500] "POST /sipse/faces/presentacion/financiero/solicitudProceso/listarSolicitudProceso.xhtml HTTP/1.1" 200 9326
186.102.29.141 - - [27/Dec/2021:10:30:59 -0500] "POST /sipse/faces/presentacion/financiero/solicitudProceso/listarSolicitudProceso.xhtml HTTP/1.1" 200 9294
181.61.205.151 - - [27/Dec/2021:10:31:00 -0500] "POST /sipse/faces/presentacion/financiero/solicitudProceso/consultar.xhtml HTTP/1.1" 200 13061
181.61.88.117 - - [27/Dec/2021:10:31:03 -0500] "GET /sipse/faces/javax.faces.resource/images/ui-bg_flat_0_2d5972_40x100.png?ln=primefaces-aristo HTTP/1.1" 304 -
181.61.88.117 - - [27/Dec/2021:10:31:03 -0500] "POST /sipse/faces/presentacion/financiero/solicitudProceso/consultarSolicitudProceso.xhtml HTTP/1.1" 200 61135
181.61.88.117 - - [27/Dec/2021:10:31:06 -0500] "GET /sipse/faces/javax.faces.resource/theme.css?ln=primefaces-sipse HTTP/1.1" 304 -
181.61.88.117 - - [27/Dec/2021:10:31:06 -0500] "GET /sipse/faces/javax.faces.resource/layout/layout.css?ln=primefaces&v=4.0 HTTP/1.1" 304 -
181.61.88.117 - - [27/Dec/2021:10:31:06 -0500] "GET /sipse/faces/javax.faces.resource/primefaces.css?ln=primefaces&v=4.0 HTTP/1.1" 304 -
181.61.88.117 - - [27/Dec/2021:10:31:06 -0500] "GET /sipse/faces/javax.faces.resource/jquery/jquery.js?ln=primefaces&v=4.0 HTTP/1.1" 304 -
181.61.88.117 - - [27/Dec/2021:10:31:06 -0500] "GET /sipse/faces/javax.faces.resource/jquery/jquery-plugins.js?ln=primefaces&v=4.0 HTTP/1.1" 304 -
181.61.88.117 - - [27/Dec/2021:10:31:07 -0500] "GET /sipse/faces/javax.faces.resource/primefaces.js?ln=primefaces&v=4.0 HTTP/1.1" 304 -
181.61.88.117 - - [27/Dec/2021:10:31:07 -0500] "GET /sipse/faces/javax.faces.resource/layout/layout.js?ln=primefaces&v=4.0 HTTP/1.1" 304 -
181.61.88.117 - - [27/Dec/2021:10:31:07 -0500] "GET /sipse/css/imagen/contrasena.png HTTP/1.1" 404 383
181.61.88.117 - - [27/Dec/2021:10:31:07 -0500] "GET /sipse/faces/javax.faces.resource/messages/messages.png?ln=primefaces&v=4.0 HTTP/1.1" 304 -
181.61.88.117 - - [27/Dec/2021:10:31:07 -0500] "POST /sipse/faces/presentacion/financiero/solicitudProceso/listarSolicitudProceso.xhtml HTTP/1.1" 200 1448
207.46.13.113 - - [27/Dec/2021:10:31:10 -0500] "GET /bla/resoluciones/resoluciones%202021/2621.pdf HTTP/1.1" 200 536556
181.61.88.117 - - [27/Dec/2021:10:31:09 -0500] "POST /sipse/faces/presentacion/financiero/solicitudProceso/listarSolicitudProceso.xhtml HTTP/1.1" 200 35003
201.245.192.253 - - [27/Dec/2021:10:31:09 -0500] "POST /sipse/faces/presentacion/financiero/solicitudProceso/consultarSolicitudProceso.xhtml HTTP/1.1" 200 41282
201.245.192.253 - - [27/Dec/2021:10:31:11 -0500] "GET /sipse/faces/javax.faces.resource/theme.css?ln=primefaces-sipse HTTP/1.1" 304 -
201.245.192.253 - - [27/Dec/2021:10:31:11 -0500] "GET /sipse/faces/javax.faces.resource/primefaces.css?ln=primefaces&v=4.0 HTTP/1.1" 304 -
201.245.192.253 - - [27/Dec/2021:10:31:11 -0500] "GET /sipse/faces/javax.faces.resource/layout/layout.css?ln=primefaces&v=4.0 HTTP/1.1" 304 -
201.245.192.253 - - [27/Dec/2021:10:31:11 -0500] "GET /sipse/faces/javax.faces.resource/jquery/jquery.js?ln=primefaces&v=4.0 HTTP/1.1" 304 -
201.245.192.253 - - [27/Dec/2021:10:31:11 -0500] "GET /sipse/faces/javax.faces.resource/jquery/jquery-plugins.js?ln=primefaces&v=4.0 HTTP/1.1" 304 -
201.245.192.253 - - [27/Dec/2021:10:31:11 -0500] "GET /sipse/faces/javax.faces.resource/primefaces.js?ln=primefaces&v=4.0 HTTP/1.1" 304 -
201.245.192.253 - - [27/Dec/2021:10:31:11 -0500] "GET /sipse/faces/javax.faces.resource/layout/layout.js?ln=primefaces&v=4.0 HTTP/1.1" 304 -
201.245.192.253 - - [27/Dec/2021:10:31:11 -0500] "POST /sipse/faces/presentacion/financiero/solicitudProceso/listarSolicitudProceso.xhtml HTTP/1.1" 200 1392
201.245.192.253 - - [27/Dec/2021:10:31:15 -0500] "POST /sipse/faces/presentacion/financiero/solicitudProceso/listarSolicitudProceso.xhtml HTTP/1.1" 200 10691
181.61.88.117 - - [27/Dec/2021:10:31:14 -0500] "POST /sipse/faces/presentacion/financiero/solicitudProceso/listarSolicitudProceso.xhtml HTTP/1.1" 200 147633
181.61.88.117 - - [27/Dec/2021:10:31:16 -0500] "GET /sipse/faces/javax.faces.resource/layout/layout.css?ln=primefaces&v=4.0 HTTP/1.1" 304 -
181.61.88.117 - - [27/Dec/2021:10:31:16 -0500] "GET /sipse/faces/javax.faces.resource/theme.css?ln=primefaces-sipse HTTP/1.1" 304 -
181.61.88.117 - - [27/Dec/2021:10:31:16 -0500] "GET /sipse/faces/javax.faces.resource/primefaces.css?ln=primefaces&v=4.0 HTTP/1.1" 304 -
181.61.88.117 - - [27/Dec/2021:10:31:16 -0500] "GET /sipse/css/imagen/contrasena.png HTTP/1.1" 404 383
181.61.88.117 - - [27/Dec/2021:10:31:16 -0500] "GET /sipse/faces/javax.faces.resource/jquery/jquery.js?ln=primefaces&v=4.0 HTTP/1.1" 304 -
181.61.88.117 - - [27/Dec/2021:10:31:16 -0500] "GET /sipse/faces/javax.faces.resource/jquery/jquery-plugins.js?ln=primefaces&v=4.0 HTTP/1.1" 304 -
181.61.88.117 - - [27/Dec/2021:10:31:16 -0500] "GET /sipse/faces/javax.faces.resource/primefaces.js?ln=primefaces&v=4.0 HTTP/1.1" 304 -
181.61.88.117 - - [27/Dec/2021:10:31:16 -0500] "GET /sipse/faces/javax.faces.resource/layout/layout.js?ln=primefaces&v=4.0 HTTP/1.1" 304 -
181.61.88.117 - - [27/Dec/2021:10:31:16 -0500] "GET /reportes_sipse/sdg/ServletReporte?reporte=experienia_idoneidad&solicitud=16919&pfdrid_c=false HTTP/1.1" 200 126279
181.61.88.117 - - [27/Dec/2021:10:31:18 -0500] "POST /sipse/faces/presentacion/financiero/solicitudProceso/consultarSolicitudProceso.xhtml HTTP/1.1" 200 21228
181.61.88.117 - - [27/Dec/2021:10:31:18 -0500] "GET /sipse/faces/javax.faces.resource/layout/layout.css?ln=primefaces&v=4.0 HTTP/1.1" 304 -
181.61.88.117 - - [27/Dec/2021:10:31:18 -0500] "GET /sipse/faces/javax.faces.resource/primefaces.css?ln=primefaces&v=4.0 HTTP/1.1" 304 -
181.61.88.117 - - [27/Dec/2021:10:31:18 -0500] "GET /sipse/faces/javax.faces.resource/jquery/jquery.js?ln=primefaces&v=4.0 HTTP/1.1" 304 -
181.61.88.117 - - [27/Dec/2021:10:31:18 -0500] "GET /sipse/faces/javax.faces.resource/theme.css?ln=primefaces-sipse HTTP/1.1" 304 -
181.61.88.117 - - [27/Dec/2021:10:31:18 -0500] "GET /sipse/faces/javax.faces.resource/fileupload/fileupload.css?ln=primefaces&v=4.0 HTTP/1.1" 304 -
181.61.88.117 - - [27/Dec/2021:10:31:18 -0500] "GET /sipse/faces/javax.faces.resource/jquery/jquery-plugins.js?ln=primefaces&v=4.0 HTTP/1.1" 304 -
181.61.88.117 - - [27/Dec/2021:10:31:18 -0500] "GET /sipse/faces/javax.faces.resource/primefaces.js?ln=primefaces&v=4.0 HTTP/1.1" 304 -
181.61.88.117 - - [27/Dec/2021:10:31:18 -0500] "GET /sipse/faces/javax.faces.resource/layout/layout.js?ln=primefaces&v=4.0 HTTP/1.1" 304 -
181.61.88.117 - - [27/Dec/2021:10:31:18 -0500] "GET /sipse/faces/javax.faces.resource/fileupload/fileupload.js?ln=primefaces&v=4.0 HTTP/1.1" 304 -
181.61.88.117 - - [27/Dec/2021:10:31:18 -0500] "GET /sipse/css/imagen/contrasena.png HTTP/1.1" 404 383
181.61.88.117 - - [27/Dec/2021:10:31:18 -0500] "GET /sipse/faces/javax.faces.resource/images/ui-icons_898989_256x240.png?ln=primefaces-aristo HTTP/1.1" 304 -
201.245.192.253 - - [27/Dec/2021:10:31:19 -0500] "POST /sipse/faces/presentacion/financiero/solicitudProceso/listarSolicitudProceso.xhtml HTTP/1.1" 200 10655
201.245.192.253 - - [27/Dec/2021:10:31:21 -0500] "POST /sipse/faces/presentacion/financiero/solicitudProceso/listarSolicitudProceso.xhtml HTTP/1.1" 200 10549
201.245.192.253 - - [27/Dec/2021:10:31:25 -0500] "POST /sipse/faces/presentacion/financiero/solicitudProceso/listarSolicitudProceso.xhtml HTTP/1.1" 200 10513
201.245.192.253 - - [27/Dec/2021:10:31:26 -0500] "POST /sipse/faces/presentacion/financiero/solicitudProceso/listarSolicitudProceso.xhtml HTTP/1.1" 200 10548
186.29.254.185 - - [27/Dec/2021:10:31:27 -0500] "POST /sipse/faces/presentacion/financiero/solicitudProceso/consultarSolicitudProceso.xhtml HTTP/1.1" 200 613720
181.61.88.117 - - [27/Dec/2021:10:31:31 -0500] "GET /sipse/faces/javax.faces.resource/jquery/jquery.js?ln=primefaces&v=4.0 HTTP/1.1" 304 -
181.61.88.117 - - [27/Dec/2021:10:31:31 -0500] "GET /sipse/faces/javax.faces.resource/theme.css?ln=primefaces-sipse HTTP/1.1" 304 -
181.61.88.117 - - [27/Dec/2021:10:31:31 -0500] "GET /sipse/faces/javax.faces.resource/layout/layout.css?ln=primefaces&v=4.0 HTTP/1.1" 304 -
181.61.88.117 - - [27/Dec/2021:10:31:31 -0500] "GET /sipse/faces/javax.faces.resource/primefaces.css?ln=primefaces&v=4.0 HTTP/1.1" 304 -
181.61.88.117 - - [27/Dec/2021:10:31:31 -0500] "GET /sipse/faces/javax.faces.resource/jquery/jquery-plugins.js?ln=primefaces&v=4.0 HTTP/1.1" 304 -
181.61.88.117 - - [27/Dec/2021:10:31:31 -0500] "GET /sipse/faces/javax.faces.resource/primefaces.js?ln=primefaces&v=4.0 HTTP/1.1" 304 -
181.61.88.117 - - [27/Dec/2021:10:31:31 -0500] "GET /sipse/faces/javax.faces.resource/layout/layout.js?ln=primefaces&v=4.0 HTTP/1.1" 304 -
181.61.88.117 - - [27/Dec/2021:10:31:31 -0500] "GET /sipse/css/imagen/contrasena.png HTTP/1.1" 404 383
181.61.88.117 - - [27/Dec/2021:10:31:31 -0500] "GET /sipse/faces/javax.faces.resource/images/ui-icons_898989_256x240.png?ln=primefaces-aristo HTTP/1.1" 304 -
181.61.88.117 - - [27/Dec/2021:10:31:30 -0500] "POST /sipse/faces/presentacion/sistema/anexos/cargarAnexoSolicitudProceso.xhtml HTTP/1.1" 200 195788
201.245.192.253 - - [27/Dec/2021:10:31:31 -0500] "POST /sipse/faces/presentacion/financiero/solicitudProceso/listarSolicitudProceso.xhtml HTTP/1.1" 200 10512
66.102.8.248 - - [27/Dec/2021:10:31:32 -0500] "GET /galeria/galeria/fotos/Soratama1G.jpg HTTP/1.1" 200 127762
181.61.88.117 - - [27/Dec/2021:10:31:31 -0500] "GET /reportes_sipse/sdg/ServletReporte?reporte=experienia_idoneidad&solicitud=16919&pfdrid_c=false HTTP/1.1" 200 126279
201.245.192.253 - - [27/Dec/2021:10:31:33 -0500] "POST /sipse/faces/presentacion/financiero/solicitudProceso/listarSolicitudProceso.xhtml HTTP/1.1" 200 10558
181.61.88.117 - - [27/Dec/2021:10:31:36 -0500] "GET /sipse/faces/javax.faces.resource/images/ui-bg_flat_0_2d5972_40x100.png?ln=primefaces-aristo HTTP/1.1" 304 -
181.61.88.117 - - [27/Dec/2021:10:31:36 -0500] "POST /sipse/faces/presentacion/financiero/solicitudProceso/consultarSolicitudProceso.xhtml HTTP/1.1" 200 6184
181.61.88.117 - - [27/Dec/2021:10:31:36 -0500] "GET /sipse/faces/javax.faces.resource/messages/messages.png?ln=primefaces&v=4.0 HTTP/1.1" 304 -
201.245.192.253 - - [27/Dec/2021:10:31:37 -0500] "POST /sipse/faces/presentacion/financiero/solicitudProceso/listarSolicitudProceso.xhtml HTTP/1.1" 200 10522
201.245.192.253 - - [27/Dec/2021:10:31:39 -0500] "POST /sipse/faces/presentacion/financiero/solicitudProceso/listarSolicitudProceso.xhtml HTTP/1.1" 200 10558
181.61.88.117 - - [27/Dec/2021:10:31:37 -0500] "POST /sipse/faces/presentacion/financiero/solicitudProceso/consultarSolicitudProceso.xhtml HTTP/1.1" 200 61128
181.61.88.117 - - [27/Dec/2021:10:31:40 -0500] "GET /sipse/faces/javax.faces.resource/theme.css?ln=primefaces-sipse HTTP/1.1" 304 -
181.61.88.117 - - [27/Dec/2021:10:31:40 -0500] "GET /sipse/faces/javax.faces.resource/jquery/jquery.js?ln=primefaces&v=4.0 HTTP/1.1" 304 -
181.61.88.117 - - [27/Dec/2021:10:31:40 -0500] "GET /sipse/faces/javax.faces.resource/jquery/jquery-plugins.js?ln=primefaces&v=4.0 HTTP/1.1" 304 -
181.61.88.117 - - [27/Dec/2021:10:31:40 -0500] "GET /sipse/faces/javax.faces.resource/primefaces.js?ln=primefaces&v=4.0 HTTP/1.1" 304 -
181.61.88.117 - - [27/Dec/2021:10:31:40 -0500] "GET /sipse/faces/javax.faces.resource/layout/layout.js?ln=primefaces&v=4.0 HTTP/1.1" 304 -
181.61.88.117 - - [27/Dec/2021:10:31:40 -0500] "GET /sipse/faces/javax.faces.resource/primefaces.css?ln=primefaces&v=4.0 HTTP/1.1" 304 -
181.61.88.117 - - [27/Dec/2021:10:31:40 -0500] "GET /sipse/faces/javax.faces.resource/layout/layout.css?ln=primefaces&v=4.0 HTTP/1.1" 304 -
181.61.88.117 - - [27/Dec/2021:10:31:40 -0500] "GET /sipse/css/imagen/contrasena.png HTTP/1.1" 404 383
181.61.88.117 - - [27/Dec/2021:10:31:40 -0500] "POST /sipse/faces/presentacion/financiero/solicitudProceso/listarSolicitudProceso.xhtml HTTP/1.1" 200 1448
186.102.29.141 - - [27/Dec/2021:10:31:41 -0500] "POST /sipse/faces/presentacion/financiero/solicitudProceso/listarSolicitudProceso.xhtml HTTP/1.1" 200 9330
201.245.192.253 - - [27/Dec/2021:10:31:41 -0500] "POST /sipse/faces/presentacion/financiero/solicitudProceso/listarSolicitudProceso.xhtml HTTP/1.1" 200 10466
186.84.89.200 - - [27/Dec/2021:10:31:48 -0500] "POST /appsia/controlador HTTP/1.1" 200 4621
186.84.89.200 - - [27/Dec/2021:10:31:50 -0500] "POST /appsia/controlador HTTP/1.1" 200 9229
201.245.192.253 - - [27/Dec/2021:10:31:49 -0500] "POST /sipse/faces/presentacion/financiero/solicitudProceso/listarSolicitudProceso.xhtml HTTP/1.1" 200 136327
201.245.192.253 - - [27/Dec/2021:10:31:50 -0500] "GET /sipse/faces/javax.faces.resource/theme.css?ln=primefaces-sipse HTTP/1.1" 304 -
201.245.192.253 - - [27/Dec/2021:10:31:50 -0500] "GET /sipse/faces/javax.faces.resource/layout/layout.css?ln=primefaces&v=4.0 HTTP/1.1" 304 -
201.245.192.253 - - [27/Dec/2021:10:31:50 -0500] "GET /sipse/faces/javax.faces.resource/primefaces.css?ln=primefaces&v=4.0 HTTP/1.1" 304 -
201.245.192.253 - - [27/Dec/2021:10:31:50 -0500] "GET /sipse/faces/javax.faces.resource/jquery/jquery.js?ln=primefaces&v=4.0 HTTP/1.1" 304 -
201.245.192.253 - - [27/Dec/2021:10:31:50 -0500] "GET /sipse/faces/javax.faces.resource/jquery/jquery-plugins.js?ln=primefaces&v=4.0 HTTP/1.1" 304 -
201.245.192.253 - - [27/Dec/2021:10:31:50 -0500] "GET /sipse/faces/javax.faces.resource/primefaces.js?ln=primefaces&v=4.0 HTTP/1.1" 304 -
201.245.192.253 - - [27/Dec/2021:10:31:50 -0500] "GET /sipse/faces/javax.faces.resource/layout/layout.js?ln=primefaces&v=4.0 HTTP/1.1" 304 -
201.245.192.253 - - [27/Dec/2021:10:31:50 -0500] "POST /sipse/faces/presentacion/financiero/solicitudProceso/listarSolicitudProceso.xhtml HTTP/1.1" 200 10595
201.245.192.253 - - [27/Dec/2021:10:31:50 -0500] "GET /reportes_sipse/sdg/ServletReporte?reporte=experienia_idoneidad&solicitud=16919&pfdrid_c=false HTTP/1.1" 200 126279
186.84.89.200 - - [27/Dec/2021:10:31:52 -0500] "POST /appsia/controlador HTTP/1.1" 200 4621
201.245.192.253 - - [27/Dec/2021:10:31:55 -0500] "POST /sipse/faces/presentacion/financiero/solicitudProceso/listarSolicitudProceso.xhtml HTTP/1.1" 200 10559
201.245.192.253 - - [27/Dec/2021:10:31:56 -0500] "POST /sipse/faces/presentacion/financiero/solicitudProceso/listarSolicitudProceso.xhtml HTTP/1.1" 200 10495
181.53.11.109 - - [27/Dec/2021:10:31:59 -0500] "POST /sipse/faces/autenticacion.xhtml HTTP/1.1" 200 2220
181.53.11.109 - - [27/Dec/2021:10:31:59 -0500] "GET /sipse/faces/javax.faces.resource/messages/messages.png?ln=primefaces&v=4.0 HTTP/1.1" 304 -
181.53.11.109 - - [27/Dec/2021:10:32:00 -0500] "GET /sipse/faces/javax.faces.resource/images/ui-icons_898989_256x240.png?ln=primefaces-aristo HTTP/1.1" 304 -
181.53.11.109 - - [27/Dec/2021:10:32:00 -0500] "POST /sipse/faces/autenticacion.xhtml HTTP/1.1" 200 16375
181.53.11.109 - - [27/Dec/2021:10:32:00 -0500] "GET /sipse/css/custom_css_sg_prime.css HTTP/1.1" 304 -
181.53.11.109 - - [27/Dec/2021:10:32:00 -0500] "GET /sipse/js/jquery.min.js HTTP/1.1" 304 -
181.53.11.109 - - [27/Dec/2021:10:32:00 -0500] "GET /sipse/faces/javax.faces.resource/theme.css?ln=primefaces-sipse HTTP/1.1" 304 -
181.53.11.109 - - [27/Dec/2021:10:32:00 -0500] "GET /sipse/faces/javax.faces.resource/layout/layout.css?ln=primefaces&v=4.0 HTTP/1.1" 304 -
181.53.11.109 - - [27/Dec/2021:10:32:00 -0500] "GET /sipse/faces/javax.faces.resource/primefaces.css?ln=primefaces&v=4.0 HTTP/1.1" 304 -
181.53.11.109 - - [27/Dec/2021:10:32:00 -0500] "GET /sipse/faces/javax.faces.resource/jquery/jquery.js?ln=primefaces&v=4.0 HTTP/1.1" 304 -
181.53.11.109 - - [27/Dec/2021:10:32:00 -0500] "GET /sipse/faces/javax.faces.resource/jquery/jquery-plugins.js?ln=primefaces&v=4.0 HTTP/1.1" 304 -
181.53.11.109 - - [27/Dec/2021:10:32:00 -0500] "GET /sipse/faces/javax.faces.resource/primefaces.js?ln=primefaces&v=4.0 HTTP/1.1" 304 -
181.53.11.109 - - [27/Dec/2021:10:32:00 -0500] "GET /sipse/faces/javax.faces.resource/layout/layout.js?ln=primefaces&v=4.0 HTTP/1.1" 304 -
181.53.11.109 - - [27/Dec/2021:10:32:00 -0500] "GET /sipse/imagenes/logoAplicacion.jpg HTTP/1.1" 304 -
181.53.11.109 - - [27/Dec/2021:10:32:00 -0500] "GET /sipse/css/imagen/contrasena.png HTTP/1.1" 404 383
181.53.11.109 - - [27/Dec/2021:10:32:00 -0500] "GET /sipse/imagenes/cargando.gif HTTP/1.1" 304 -
201.245.192.253 - - [27/Dec/2021:10:32:00 -0500] "POST /sipse/faces/presentacion/financiero/solicitudProceso/listarSolicitudProceso.xhtml HTTP/1.1" 200 10459
181.53.11.109 - - [27/Dec/2021:10:32:02 -0500] "GET /sipse/faces/javax.faces.resource/images/ui-bg_flat_0_2d5972_40x100.png?ln=primefaces-aristo HTTP/1.1" 304 -
181.53.11.109 - - [27/Dec/2021:10:32:02 -0500] "POST /sipse/faces/bienvenido.xhtml HTTP/1.1" 200 2073
201.245.192.253 - - [27/Dec/2021:10:32:02 -0500] "POST /sipse/faces/presentacion/financiero/solicitudProceso/listarSolicitudProceso.xhtml HTTP/1.1" 200 10702
181.53.11.109 - - [27/Dec/2021:10:32:03 -0500] "POST /sipse/faces/bienvenido.xhtml HTTP/1.1" 200 39091
181.53.11.109 - - [27/Dec/2021:10:32:03 -0500] "GET /sipse/faces/javax.faces.resource/layout/layout.css?ln=primefaces&v=4.0 HTTP/1.1" 304 -
181.53.11.109 - - [27/Dec/2021:10:32:03 -0500] "GET /sipse/faces/javax.faces.resource/primefaces.css?ln=primefaces&v=4.0 HTTP/1.1" 304 -
181.53.11.109 - - [27/Dec/2021:10:32:03 -0500] "GET /sipse/faces/javax.faces.resource/theme.css?ln=primefaces-sipse HTTP/1.1" 304 -
181.53.11.109 - - [27/Dec/2021:10:32:03 -0500] "GET /sipse/faces/javax.faces.resource/jquery/jquery.js?ln=primefaces&v=4.0 HTTP/1.1" 304 -
181.53.11.109 - - [27/Dec/2021:10:32:03 -0500] "GET /sipse/faces/javax.faces.resource/jquery/jquery-plugins.js?ln=primefaces&v=4.0 HTTP/1.1" 304 -
181.53.11.109 - - [27/Dec/2021:10:32:03 -0500] "GET /sipse/faces/javax.faces.resource/primefaces.js?ln=primefaces&v=4.0 HTTP/1.1" 304 -
181.53.11.109 - - [27/Dec/2021:10:32:03 -0500] "GET /sipse/faces/javax.faces.resource/layout/layout.js?ln=primefaces&v=4.0 HTTP/1.1" 304 -
190.27.245.107 - - [27/Dec/2021:10:32:08 -0500] "GET /sipse/ HTTP/1.1" 302 -
201.245.192.253 - - [27/Dec/2021:10:32:08 -0500] "GET /sipse/faces/autenticacion.xhtml HTTP/1.1" 200 12173
201.245.192.253 - - [27/Dec/2021:10:32:08 -0500] "GET /sipse/faces/javax.faces.resource/theme.css?ln=primefaces-sipse HTTP/1.1" 304 -
201.245.192.253 - - [27/Dec/2021:10:32:08 -0500] "GET /sipse/faces/javax.faces.resource/primefaces.css?ln=primefaces&v=4.0 HTTP/1.1" 304 -
201.245.192.253 - - [27/Dec/2021:10:32:08 -0500] "GET /sipse/faces/javax.faces.resource/jquery/jquery.js?ln=primefaces&v=4.0 HTTP/1.1" 304 -
201.245.192.253 - - [27/Dec/2021:10:32:08 -0500] "GET /sipse/faces/javax.faces.resource/primefaces.js?ln=primefaces&v=4.0 HTTP/1.1" 304 -
201.245.192.253 - - [27/Dec/2021:10:32:08 -0500] "GET /sipse/faces/javax.faces.resource/layout/layout.css?ln=primefaces&v=4.0 HTTP/1.1" 304 -
201.245.192.253 - - [27/Dec/2021:10:32:08 -0500] "GET /sipse/faces/javax.faces.resource/jquery/jquery-plugins.js?ln=primefaces&v=4.0 HTTP/1.1" 304 -
201.245.192.253 - - [27/Dec/2021:10:32:08 -0500] "GET /sipse/faces/javax.faces.resource/layout/layout.js?ln=primefaces&v=4.0 HTTP/1.1" 304 -
201.245.192.253 - - [27/Dec/2021:10:32:08 -0500] "GET /sipse/faces/javax.faces.resource/images/ui-icons_898989_256x240.png?ln=primefaces-aristo HTTP/1.1" 304 -
201.245.192.253 - - [27/Dec/2021:10:32:08 -0500] "GET /sipse/faces/index.xhtml HTTP/1.1" 200 677
201.245.192.253 - - [27/Dec/2021:10:32:08 -0500] "GET /sipse/faces/javax.faces.resource/theme.css?ln=primefaces-sipse HTTP/1.1" 304 -
201.245.192.253 - - [27/Dec/2021:10:32:08 -0500] "GET /sipse/faces/faces/autenticacion.xhtml HTTP/1.1" 200 12173
201.245.192.253 - - [27/Dec/2021:10:32:08 -0500] "GET /sipse/faces/javax.faces.resource/theme.css?ln=primefaces-sipse HTTP/1.1" 304 -
201.245.192.253 - - [27/Dec/2021:10:32:08 -0500] "GET /sipse/faces/javax.faces.resource/primefaces.css?ln=primefaces&v=4.0 HTTP/1.1" 304 -
201.245.192.253 - - [27/Dec/2021:10:32:08 -0500] "GET /sipse/faces/javax.faces.resource/jquery/jquery.js?ln=primefaces&v=4.0 HTTP/1.1" 304 -
201.245.192.253 - - [27/Dec/2021:10:32:08 -0500] "GET /sipse/faces/javax.faces.resource/layout/layout.css?ln=primefaces&v=4.0 HTTP/1.1" 304 -
201.245.192.253 - - [27/Dec/2021:10:32:08 -0500] "GET /sipse/faces/javax.faces.resource/primefaces.js?ln=primefaces&v=4.0 HTTP/1.1" 304 -
201.245.192.253 - - [27/Dec/2021:10:32:08 -0500] "GET /sipse/faces/javax.faces.resource/jquery/jquery-plugins.js?ln=primefaces&v=4.0 HTTP/1.1" 304 -
201.245.192.253 - - [27/Dec/2021:10:32:08 -0500] "GET /sipse/faces/javax.faces.resource/layout/layout.js?ln=primefaces&v=4.0 HTTP/1.1" 304 -
201.245.192.253 - - [27/Dec/2021:10:32:10 -0500] "POST /sipse/faces/autenticacion.xhtml HTTP/1.1" 200 2220
201.245.192.253 - - [27/Dec/2021:10:32:10 -0500] "GET /sipse/faces/javax.faces.resource/messages/messages.png?ln=primefaces&v=4.0 HTTP/1.1" 304 -
181.53.11.109 - - [27/Dec/2021:10:32:10 -0500] "POST /sipse/faces/presentacion/financiero/solicitudProceso/consultar.xhtml HTTP/1.1" 200 12790
201.245.192.253 - - [27/Dec/2021:10:32:11 -0500] "GET /sipse/faces/javax.faces.resource/images/ui-icons_898989_256x240.png?ln=primefaces-aristo HTTP/1.1" 304 -
201.245.192.253 - - [27/Dec/2021:10:32:11 -0500] "POST /sipse/faces/autenticacion.xhtml HTTP/1.1" 200 16357
201.245.192.253 - - [27/Dec/2021:10:32:12 -0500] "GET /sipse/faces/javax.faces.resource/layout/layout.css?ln=primefaces&v=4.0 HTTP/1.1" 304 -
201.245.192.253 - - [27/Dec/2021:10:32:12 -0500] "GET /sipse/faces/javax.faces.resource/primefaces.css?ln=primefaces&v=4.0 HTTP/1.1" 304 -
201.245.192.253 - - [27/Dec/2021:10:32:12 -0500] "GET /sipse/faces/javax.faces.resource/theme.css?ln=primefaces-sipse HTTP/1.1" 304 -
201.245.192.253 - - [27/Dec/2021:10:32:12 -0500] "GET /sipse/faces/javax.faces.resource/jquery/jquery.js?ln=primefaces&v=4.0 HTTP/1.1" 304 -
201.245.192.253 - - [27/Dec/2021:10:32:12 -0500] "GET /sipse/faces/javax.faces.resource/jquery/jquery-plugins.js?ln=primefaces&v=4.0 HTTP/1.1" 304 -
201.245.192.253 - - [27/Dec/2021:10:32:12 -0500] "GET /sipse/faces/javax.faces.resource/primefaces.js?ln=primefaces&v=4.0 HTTP/1.1" 304 -
201.245.192.253 - - [27/Dec/2021:10:32:12 -0500] "GET /sipse/faces/javax.faces.resource/layout/layout.js?ln=primefaces&v=4.0 HTTP/1.1" 304 -
201.245.192.253 - - [27/Dec/2021:10:32:12 -0500] "GET /sipse/css/imagen/contrasena.png HTTP/1.1" 404 383
201.245.192.253 - - [27/Dec/2021:10:32:14 -0500] "GET /sipse/faces/javax.faces.resource/images/ui-bg_flat_0_2d5972_40x100.png?ln=primefaces-aristo HTTP/1.1" 304 -
201.245.192.253 - - [27/Dec/2021:10:32:14 -0500] "POST /sipse/faces/bienvenido.xhtml HTTP/1.1" 200 2073
201.245.192.253 - - [27/Dec/2021:10:32:14 -0500] "POST /sipse/faces/presentacion/financiero/solicitudProceso/listarSolicitudProceso.xhtml HTTP/1.1" 200 10461
201.245.192.253 - - [27/Dec/2021:10:32:15 -0500] "POST /sipse/faces/bienvenido.xhtml HTTP/1.1" 200 39073
181.53.11.109 - - [27/Dec/2021:10:32:14 -0500] "POST /sipse/faces/presentacion/financiero/solicitudProceso/consultar.xhtml HTTP/1.1" 200 124739
181.53.11.109 - - [27/Dec/2021:10:32:15 -0500] "GET /sipse/faces/javax.faces.resource/theme.css?ln=primefaces-sipse HTTP/1.1" 304 -
181.53.11.109 - - [27/Dec/2021:10:32:15 -0500] "GET /sipse/faces/javax.faces.resource/primefaces.css?ln=primefaces&v=4.0 HTTP/1.1" 304 -
181.53.11.109 - - [27/Dec/2021:10:32:15 -0500] "GET /sipse/faces/javax.faces.resource/layout/layout.css?ln=primefaces&v=4.0 HTTP/1.1" 304 -
181.53.11.109 - - [27/Dec/2021:10:32:15 -0500] "GET /sipse/faces/javax.faces.resource/jquery/jquery.js?ln=primefaces&v=4.0 HTTP/1.1" 304 -
181.53.11.109 - - [27/Dec/2021:10:32:15 -0500] "GET /sipse/faces/javax.faces.resource/jquery/jquery-plugins.js?ln=primefaces&v=4.0 HTTP/1.1" 304 -
