190.250.227.78 - - [01/Jan/2022:06:44:30 -0500] "GET /portaldeninos/wp-content/uploads/2019/08/Humedal-Tibanica.jpg HTTP/1.1" 200 152887
190.250.227.78 - - [01/Jan/2022:06:44:30 -0500] "GET /portaldeninos/wp-content/uploads/2019/08/Humedal-La-Vaca.jpg HTTP/1.1" 200 197748
190.250.227.78 - - [01/Jan/2022:06:44:30 -0500] "GET /portaldeninos/wp-content/uploads/2019/08/Humedal-Juan-Amarillo.jpg HTTP/1.1" 200 179884
190.250.227.78 - - [01/Jan/2022:06:44:30 -0500] "GET /portaldeninos/wp-content/uploads/2019/08/Humedal-Torca-y-Guaymaral.jpg HTTP/1.1" 200 448572
190.250.227.78 - - [01/Jan/2022:06:44:30 -0500] "GET /portaldeninos/wp-content/uploads/2019/08/Humedal-Tunjo.jpg HTTP/1.1" 200 561428
190.250.227.78 - - [01/Jan/2022:06:44:30 -0500] "GET /portaldeninos/wp-content/uploads/2019/08/Humedal-Cordoba.jpg HTTP/1.1" 200 190285
190.250.227.78 - - [01/Jan/2022:06:44:30 -0500] "GET /portaldeninos/wp-content/uploads/2019/08/Humedal-El-Burro.jpg HTTP/1.1" 200 158205
190.250.227.78 - - [01/Jan/2022:06:44:30 -0500] "GET /portaldeninos/wp-content/uploads/2019/08/Humedal-Capellania.jpg HTTP/1.1" 200 170582
190.250.227.78 - - [01/Jan/2022:06:44:31 -0500] "GET /portaldeninos/wp-content/uploads/2019/08/Humedal-Jaboque.jpg HTTP/1.1" 200 154626
190.250.227.78 - - [01/Jan/2022:06:44:31 -0500] "GET /portaldeninos/wp-content/uploads/2019/08/Humedal-Techo.jpg HTTP/1.1" 200 143206
190.250.227.78 - - [01/Jan/2022:06:44:30 -0500] "GET /portaldeninos/wp-content/uploads/2019/08/Humedal-Salitre.jpg HTTP/1.1" 200 439750
190.250.227.78 - - [01/Jan/2022:06:44:31 -0500] "GET /portaldeninos/wp-content/uploads/2020/05/fb.jpg HTTP/1.1" 200 9893
190.250.227.78 - - [01/Jan/2022:06:44:31 -0500] "GET /portaldeninos/wp-content/uploads/2019/08/Humedal-Meandro-del-Say.jpg HTTP/1.1" 200 329496
190.250.227.78 - - [01/Jan/2022:06:44:31 -0500] "GET /portaldeninos/wp-content/uploads/2020/05/ig.jpg HTTP/1.1" 200 11470
190.250.227.78 - - [01/Jan/2022:06:44:31 -0500] "GET /portaldeninos/wp-content/uploads/2020/06/yt.jpg HTTP/1.1" 200 10577
190.250.227.78 - - [01/Jan/2022:06:44:31 -0500] "GET /portaldeninos/wp-content/uploads/2020/06/tw.jpg HTTP/1.1" 200 11056
190.250.227.78 - - [01/Jan/2022:06:44:31 -0500] "GET /portaldeninos/wp-content/uploads/2019/08/Humedal-La-Isla.jpg HTTP/1.1" 200 392691
190.250.227.78 - - [01/Jan/2022:06:44:31 -0500] "GET /portaldeninos/wp-content/themes/betheme/images/box_shadow.png HTTP/1.1" 200 108
190.250.227.78 - - [01/Jan/2022:06:44:31 -0500] "GET /portaldeninos/wp-json/pum/v1/analytics/?event=open&pid=1126&_cache=1641037515894 HTTP/1.1" 204 -
190.250.227.78 - - [01/Jan/2022:06:44:31 -0500] "GET /portaldeninos/wp-content/uploads/2020/06/mapa-humedales-de-bogot%C3%A1-1.jpg HTTP/1.1" 200 1170768
190.250.227.78 - - [01/Jan/2022:06:44:31 -0500] "GET /portaldeninos/wp-content/uploads/2021/10/videoplayback-7.mp4 HTTP/1.1" 206 4909326
190.250.227.78 - - [01/Jan/2022:06:44:31 -0500] "GET /portaldeninos/wp-content/uploads/2020/02/Santa-Mar%C3%ADa-del-Lago-principal-1.jpg HTTP/1.1" 200 5916309
190.250.227.78 - - [01/Jan/2022:06:44:31 -0500] "GET /portaldeninos/wp-content/uploads/2019/06/CabezoteAMBIENTIC.mp4 HTTP/1.1" 206 6568166
216.245.221.92 - - [01/Jan/2022:06:45:32 -0500] "HEAD / HTTP/1.1" 200 -
138.255.12.97 - - [01/Jan/2022:06:46:26 -0500] "GET / HTTP/1.1" 200 319
201.245.192.253 - - [01/Jan/2022:06:45:51 -0500] "POST /kwsrmcab/Wsrmcab HTTP/1.1" 200 213
157.55.39.106 - - [01/Jan/2022:06:50:29 -0500] "GET /bla/resoluciones/resoluciones%202021/4272.pdf HTTP/1.1" 200 372830
216.245.221.92 - - [01/Jan/2022:06:50:32 -0500] "HEAD / HTTP/1.1" 200 -
207.46.13.113 - - [01/Jan/2022:06:51:22 -0500] "GET /sipse/faces/faces/autenticacion.xhtml HTTP/1.1" 200 12492
157.55.39.106 - - [01/Jan/2022:06:51:28 -0500] "GET /BLA/resoluciones/RESOLUCIONES%202020/0769.pdf HTTP/1.1" 304 -
201.245.192.253 - - [01/Jan/2022:06:51:04 -0500] "POST /kwsrmcab/Wsrmcab HTTP/1.1" 200 213
216.245.221.92 - - [01/Jan/2022:06:55:32 -0500] "HEAD / HTTP/1.1" 200 -
201.245.192.253 - - [01/Jan/2022:06:54:47 -0500] "POST /kwsrmcab/Wsrmcab HTTP/1.1" 200 213
138.0.116.188 - - [01/Jan/2022:07:00:27 -0500] "GET /esperanza-galeano-una-mujer-que-reverdece-y-con-su-saber-contribuye-al-cuidado-del-ambiente.html?fbclid=IwAR3Zle6gFBDRnE42cWFPU5Dg_We_RJt8kU7rSbT1obhJ8kfUdlQYxHdI9dM HTTP/1.1" 200 932
216.245.221.92 - - [01/Jan/2022:07:00:32 -0500] "HEAD / HTTP/1.1" 200 -
157.55.39.33 - - [01/Jan/2022:07:02:06 -0500] "GET / HTTP/1.1" 200 319
201.245.192.253 - - [01/Jan/2022:07:03:10 -0500] "POST /kwsrmcab/Wsrmcab HTTP/1.1" 200 213
103.137.192.98 - - [01/Jan/2022:07:04:50 -0500] "GET / HTTP/1.1" 200 319
216.245.221.92 - - [01/Jan/2022:07:05:32 -0500] "HEAD / HTTP/1.1" 200 -
201.245.192.253 - - [01/Jan/2022:07:06:01 -0500] "POST /kwsrmcab/Wsrmcab HTTP/1.1" 200 213
191.102.197.150 - - [01/Jan/2022:07:06:51 -0500] "GET /galeria/galeria/jquery.fancybox.css?v=2.1.5 HTTP/1.1" 200 4895
173.252.107.14 - - [01/Jan/2022:07:07:33 -0500] "GET /realiza-tus-tramites-ambientales-en-la-feria-bogota-imparable.html HTTP/1.1" 206 848
173.252.107.116 - - [01/Jan/2022:07:07:33 -0500] "GET /realiza-tus-tramites-ambientales-en-la-feria-bogota-imparable.html HTTP/1.1" 206 848
157.55.39.33 - - [01/Jan/2022:07:08:56 -0500] "GET /portaldeninos/wp-content/uploads/2019/09/Introducci%C3%B3n-%C3%A1rboles.jpg HTTP/1.1" 200 264318
216.245.221.92 - - [01/Jan/2022:07:10:32 -0500] "HEAD / HTTP/1.1" 200 -
201.245.192.253 - - [01/Jan/2022:07:10:55 -0500] "POST /kwsrmcab/Wsrmcab HTTP/1.1" 200 213
216.245.221.92 - - [01/Jan/2022:07:15:32 -0500] "HEAD / HTTP/1.1" 200 -
123.183.224.29 - - [01/Jan/2022:07:15:38 -0500] "GET / HTTP/1.1" 200 319
201.245.192.253 - - [01/Jan/2022:07:16:06 -0500] "POST /kwsrmcab/Wsrmcab HTTP/1.1" 200 213
207.46.13.88 - - [01/Jan/2022:07:17:14 -0500] "GET /BLA/resoluciones/index.php?dir=RESOLUCIONES+2008%2F HTTP/1.1" 200 976272
216.245.221.92 - - [01/Jan/2022:07:20:32 -0500] "HEAD / HTTP/1.1" 200 -
201.245.192.253 - - [01/Jan/2022:07:22:28 -0500] "POST /kwsrmcab/Wsrmcab HTTP/1.1" 200 213
201.245.192.253 - - [01/Jan/2022:07:22:39 -0500] "POST /kwsrmcab/Wsrmcab HTTP/1.1" 200 45090
201.245.192.253 - - [01/Jan/2022:07:23:29 -0500] "POST /kwsrmcab/Wsrmcab HTTP/1.1" 200 213
216.245.221.92 - - [01/Jan/2022:07:25:32 -0500] "HEAD / HTTP/1.1" 200 -
186.84.22.48 - - [01/Jan/2022:07:27:51 -0500] "GET /galeria/galeria/jquery.fancybox.css?v=2.1.5 HTTP/1.1" 200 4895
45.88.109.151 - - [01/Jan/2022:07:28:15 -0500] "CONNECT 49.12.205.139:4444 HTTP/1.1" 405 941
216.245.221.92 - - [01/Jan/2022:07:30:32 -0500] "HEAD / HTTP/1.1" 200 -
201.245.192.253 - - [01/Jan/2022:07:32:12 -0500] "POST /kwsrmcab/Wsrmcab HTTP/1.1" 200 213
201.245.192.253 - - [01/Jan/2022:07:32:39 -0500] "POST /kwsrmcab/Wsrmcab HTTP/1.1" 200 45090
34.90.100.78 - - [01/Jan/2022:07:33:45 -0500] "GET / HTTP/1.1" 200 319
201.245.192.253 - - [01/Jan/2022:07:33:27 -0500] "POST /kwsrmcab/Wsrmcab HTTP/1.1" 200 213
216.245.221.92 - - [01/Jan/2022:07:35:32 -0500] "HEAD / HTTP/1.1" 200 -
180.163.220.46 - - [01/Jan/2022:07:36:09 -0500] "GET / HTTP/1.1" 200 319
201.245.192.253 - - [01/Jan/2022:07:36:17 -0500] "POST /kwsrmcab/Wsrmcab HTTP/1.1" 200 213
128.14.209.162 - - [01/Jan/2022:07:39:31 -0500] "GET / HTTP/1.1" 200 319
216.245.221.92 - - [01/Jan/2022:07:40:32 -0500] "HEAD / HTTP/1.1" 200 -
207.46.13.113 - - [01/Jan/2022:07:40:36 -0500] "GET /Autoliquidacion/ HTTP/1.1" 200 6629
201.245.192.253 - - [01/Jan/2022:07:41:53 -0500] "POST /kwsrmcab/Wsrmcab HTTP/1.1" 200 213
201.245.192.253 - - [01/Jan/2022:07:42:40 -0500] "POST /kwsrmcab/Wsrmcab HTTP/1.1" 200 45090
201.245.192.253 - - [01/Jan/2022:07:43:28 -0500] "POST /kwsrmcab/Wsrmcab HTTP/1.1" 200 213
216.245.221.92 - - [01/Jan/2022:07:45:32 -0500] "HEAD / HTTP/1.1" 200 -
201.245.192.253 - - [01/Jan/2022:07:45:48 -0500] "POST /kwsrmcab/Wsrmcab HTTP/1.1" 200 213
104.168.102.21 - - [01/Jan/2022:07:47:29 -0500] "GET /%0D%0ASet-Cookie:crlfinjection=crlfinjection HTTP/1.1" 403 1006
216.245.221.92 - - [01/Jan/2022:07:50:32 -0500] "HEAD / HTTP/1.1" 200 -
201.245.192.253 - - [01/Jan/2022:07:51:56 -0500] "POST /kwsrmcab/Wsrmcab HTTP/1.1" 200 213
40.77.167.55 - - [01/Jan/2022:07:54:23 -0500] "GET /galeria/galeria/fotos/humedal-Burro4G.jpg HTTP/1.1" 200 436973
157.55.39.106 - - [01/Jan/2022:07:54:35 -0500] "GET /siipev/Diseno%20de%20Elementos%20de%20Mobiliario%20Urbano/Parte2.html HTTP/1.1" 304 -
216.245.221.92 - - [01/Jan/2022:07:55:32 -0500] "HEAD / HTTP/1.1" 200 -
40.77.167.95 - - [01/Jan/2022:07:55:53 -0500] "-" 408 -
201.245.192.253 - - [01/Jan/2022:07:55:52 -0500] "POST /kwsrmcab/Wsrmcab HTTP/1.1" 200 213
23.100.232.233 - - [01/Jan/2022:07:59:45 -0500] "GET /bla/resoluciones/resoluciones%202021/4272.pdf HTTP/1.1" 200 372830
216.245.221.92 - - [01/Jan/2022:08:00:32 -0500] "HEAD / HTTP/1.1" 200 -
201.245.192.253 - - [01/Jan/2022:08:02:01 -0500] "POST /kwsrmcab/Wsrmcab HTTP/1.1" 200 213
186.84.90.242 - - [01/Jan/2022:08:05:30 -0500] "GET /galeria/galeria/jquery.fancybox.css?v=2.1.5 HTTP/1.1" 200 4895
216.245.221.92 - - [01/Jan/2022:08:05:32 -0500] "HEAD / HTTP/1.1" 200 -
201.245.192.253 - - [01/Jan/2022:08:06:40 -0500] "POST /kwsrmcab/Wsrmcab HTTP/1.1" 200 213
40.77.188.10 - - [01/Jan/2022:08:08:57 -0500] "GET /BLA/boletinlegal/js/jquery.scrollShow.js HTTP/1.1" 200 4586
216.245.221.92 - - [01/Jan/2022:08:10:32 -0500] "HEAD / HTTP/1.1" 200 -
158.69.241.99 - - [01/Jan/2022:08:12:09 -0500] "GET /auambari-deleito-con-sus-sonidos-ambientales-a-los-asistentes-de-fima-2021.html HTTP/1.1" 200 888
201.245.192.253 - - [01/Jan/2022:08:12:11 -0500] "POST /kwsrmcab/Wsrmcab HTTP/1.1" 200 213
45.224.21.231 - - [01/Jan/2022:08:13:59 -0500] "GET / HTTP/1.1" 200 319
173.252.83.26 - - [01/Jan/2022:08:14:59 -0500] "GET /galeria/galeria/jquery.fancybox.js?v=2.1.5 HTTP/1.1" 206 48706
31.13.103.16 - - [01/Jan/2022:08:14:59 -0500] "GET /galeria/galeria/jquery.fancybox.js?v=2.1.5 HTTP/1.1" 206 48706
216.245.221.92 - - [01/Jan/2022:08:15:32 -0500] "HEAD / HTTP/1.1" 200 -
66.249.75.111 - - [01/Jan/2022:08:15:32 -0500] "-" 408 -
201.245.192.253 - - [01/Jan/2022:08:15:52 -0500] "POST /kwsrmcab/Wsrmcab HTTP/1.1" 200 213
190.24.56.230 - - [01/Jan/2022:08:17:35 -0500] "GET /galeria/galeria/jquery.fancybox.css?v=2.1.5 HTTP/1.1" 200 4895
54.183.214.154 - - [01/Jan/2022:08:18:18 -0500] "GET http://azenv.net/ HTTP/1.1" 200 319
216.245.221.92 - - [01/Jan/2022:08:20:32 -0500] "HEAD / HTTP/1.1" 200 -
157.55.39.91 - - [01/Jan/2022:08:20:42 -0500] "GET /POT-2013/Cartografia/31_TRATAMIENTO_DE_CONSERVACION.pdf HTTP/1.1" 304 -
201.245.192.253 - - [01/Jan/2022:08:20:36 -0500] "POST /kwsrmcab/Wsrmcab HTTP/1.1" 200 213
201.245.192.253 - - [01/Jan/2022:08:22:40 -0500] "POST /kwsrmcab/Wsrmcab HTTP/1.1" 200 45080
201.245.192.253 - - [01/Jan/2022:08:23:25 -0500] "POST /kwsrmcab/Wsrmcab HTTP/1.1" 200 213
216.245.221.92 - - [01/Jan/2022:08:25:32 -0500] "HEAD / HTTP/1.1" 200 -
201.245.192.253 - - [01/Jan/2022:08:26:03 -0500] "POST /kwsrmcab/Wsrmcab HTTP/1.1" 200 213
216.245.221.92 - - [01/Jan/2022:08:30:32 -0500] "HEAD / HTTP/1.1" 200 -
186.154.39.124 - - [01/Jan/2022:08:31:04 -0500] "GET /galeria/galeria/jquery.fancybox.css?v=2.1.5 HTTP/1.1" 200 4895
191.156.147.119 - - [01/Jan/2022:08:31:46 -0500] "GET /documents/10184/2325415/pieza-concurso-buenas-practicas-20-septiembre.jpg HTTP/1.1" 404 1132
201.245.192.253 - - [01/Jan/2022:08:32:39 -0500] "POST /kwsrmcab/Wsrmcab HTTP/1.1" 200 45080
201.245.192.253 - - [01/Jan/2022:08:32:52 -0500] "POST /kwsrmcab/Wsrmcab HTTP/1.1" 200 213
201.245.192.253 - - [01/Jan/2022:08:33:25 -0500] "POST /kwsrmcab/Wsrmcab HTTP/1.1" 200 213
114.119.142.72 - - [01/Jan/2022:08:35:10 -0500] "-" 408 -
216.245.221.92 - - [01/Jan/2022:08:35:32 -0500] "HEAD / HTTP/1.1" 200 -
114.119.135.209 - - [01/Jan/2022:08:35:40 -0500] "-" 408 -
114.119.137.177 - - [01/Jan/2022:08:36:14 -0500] "-" 408 -
114.119.134.203 - - [01/Jan/2022:08:36:45 -0500] "-" 408 -
186.114.23.93 - - [01/Jan/2022:08:36:45 -0500] "GET /galeria/galeria/jquery.fancybox.css?v=2.1.5 HTTP/1.1" 200 4895
186.114.23.93 - - [01/Jan/2022:08:36:45 -0500] "GET /galeria/galeria/jquery.fancybox.js?v=2.1.5 HTTP/1.1" 200 48706
201.245.192.253 - - [01/Jan/2022:08:36:21 -0500] "POST /kwsrmcab/Wsrmcab HTTP/1.1" 200 213
114.119.132.131 - - [01/Jan/2022:08:37:16 -0500] "-" 408 -
114.119.128.57 - - [01/Jan/2022:08:37:49 -0500] "-" 408 -
173.252.95.9 - - [01/Jan/2022:08:37:51 -0500] "GET /esperanza-galeano-una-mujer-que-reverdece-y-con-su-saber-contribuye-al-cuidado-del-ambiente.html?fbclid=IwAR2ytoGx7ukjflU3Ez7HUo2QgiiRu-YBkEFqdNt-Y8jod26M9lggvvtyQsY HTTP/1.1" 200 932
66.220.149.17 - - [01/Jan/2022:08:37:52 -0500] "GET /esperanza-galeano-una-mujer-que-reverdece-y-con-su-saber-contribuye-al-cuidado-del-ambiente.html?fbclid=IwAR0nLXJvLgCUjXIewxO03LyMKPIC5Rx3UhUWuT4fut3X9ltGxbgMvs6IddA HTTP/1.1" 200 932
173.252.127.26 - - [01/Jan/2022:08:38:03 -0500] "GET /esperanza-galeano-una-mujer-que-reverdece-y-con-su-saber-contribuye-al-cuidado-del-ambiente.html?fbclid=IwAR1Sd2N6YRFuRDs3Hpe3kOke_8xfgqlhDfJie3hXYSvYLYID3ruuMmGCPP4 HTTP/1.1" 200 932
34.90.222.78 - - [01/Jan/2022:08:38:16 -0500] "GET / HTTP/1.1" 200 319
216.245.221.92 - - [01/Jan/2022:08:40:32 -0500] "HEAD / HTTP/1.1" 200 -
195.54.160.149 - - [01/Jan/2022:08:41:28 -0500] "GET /vendor/phpunit/phpunit/src/Util/PHP/eval-stdin.php HTTP/1.1" 404 1018
201.245.192.253 - - [01/Jan/2022:08:41:54 -0500] "POST /kwsrmcab/Wsrmcab HTTP/1.1" 200 213
201.245.192.253 - - [01/Jan/2022:08:42:39 -0500] "POST /kwsrmcab/Wsrmcab HTTP/1.1" 200 45080
186.102.15.227 - - [01/Jan/2022:08:44:10 -0500] "GET /galeria/galeria/jquery.fancybox.css?v=2.1.5 HTTP/1.1" 200 4895
201.245.192.253 - - [01/Jan/2022:08:43:28 -0500] "POST /kwsrmcab/Wsrmcab HTTP/1.1" 200 213
173.252.111.5 - - [01/Jan/2022:08:44:42 -0500] "GET /esperanza-galeano-una-mujer-que-reverdece-y-con-su-saber-contribuye-al-cuidado-del-ambiente.html HTTP/1.1" 206 932
186.169.183.18 - - [01/Jan/2022:08:45:04 -0500] "GET /galeria/galeria/jquery.fancybox.css?v=2.1.5 HTTP/1.1" 200 4895
216.245.221.92 - - [01/Jan/2022:08:45:32 -0500] "HEAD / HTTP/1.1" 200 -
201.245.192.253 - - [01/Jan/2022:08:45:20 -0500] "POST /kwsrmcab/Wsrmcab HTTP/1.1" 200 213
104.152.52.73 - - [01/Jan/2022:08:47:26 -0500] "GET / HTTP/1.0" 200 319
66.249.75.111 - - [01/Jan/2022:08:49:17 -0500] "-" 408 -
191.156.61.156 - - [01/Jan/2022:08:49:37 -0500] "GET /esperanza-galeano-una-mujer-que-reverdece-y-con-su-saber-contribuye-al-cuidado-del-ambiente.html?fbclid=IwAR0mYmb62C5rHHuQmsI00o41gT0UQbppW91Gp_zEMATdGl86gtGfVhaLJzY HTTP/1.1" 200 932
216.245.221.92 - - [01/Jan/2022:08:50:32 -0500] "HEAD / HTTP/1.1" 200 -
201.245.192.253 - - [01/Jan/2022:08:50:48 -0500] "POST /kwsrmcab/Wsrmcab HTTP/1.1" 200 213
23.100.232.233 - - [01/Jan/2022:08:52:01 -0500] "GET /bla/resoluciones/autos%202018/3623.pdf HTTP/1.1" 200 286850
201.234.185.162 - - [01/Jan/2022:08:53:40 -0500] "GET /galeria/galeria/jquery.fancybox.css?v=2.1.5 HTTP/1.1" 200 4895
216.245.221.92 - - [01/Jan/2022:08:55:32 -0500] "HEAD / HTTP/1.1" 200 -
216.245.221.92 - - [01/Jan/2022:09:00:32 -0500] "HEAD / HTTP/1.1" 200 -
66.249.75.109 - - [01/Jan/2022:09:02:33 -0500] "-" 408 -
201.245.192.253 - - [01/Jan/2022:09:02:49 -0500] "POST /kwsrmcab/Wsrmcab HTTP/1.1" 200 213
216.245.221.92 - - [01/Jan/2022:09:05:32 -0500] "HEAD / HTTP/1.1" 200 -
192.99.101.184 - - [01/Jan/2022:09:06:30 -0500] "GET /auambari-deleito-con-sus-sonidos-ambientales-a-los-asistentes-de-fima-2021.html HTTP/1.1" 200 888
201.245.192.253 - - [01/Jan/2022:09:06:43 -0500] "POST /kwsrmcab/Wsrmcab HTTP/1.1" 200 213
216.245.221.92 - - [01/Jan/2022:09:10:32 -0500] "HEAD / HTTP/1.1" 200 -
66.249.75.109 - - [01/Jan/2022:09:11:45 -0500] "-" 408 -
201.245.192.253 - - [01/Jan/2022:09:12:06 -0500] "POST /kwsrmcab/Wsrmcab HTTP/1.1" 200 213
23.100.232.233 - - [01/Jan/2022:09:14:02 -0500] "GET /galeria/galeria/jquery.fancybox.js?v=2.1.5 HTTP/1.1" 200 48706
23.100.232.233 - - [01/Jan/2022:09:14:02 -0500] "GET /galeria/galeria/jquery.fancybox.css?v=2.1.5 HTTP/1.1" 200 4895
216.245.221.92 - - [01/Jan/2022:09:15:32 -0500] "HEAD / HTTP/1.1" 200 -
201.245.192.253 - - [01/Jan/2022:09:15:52 -0500] "POST /kwsrmcab/Wsrmcab HTTP/1.1" 200 213
23.100.232.233 - - [01/Jan/2022:09:20:08 -0500] "GET /BLA/boletinlegal/js/jquery.scrollShow.js HTTP/1.1" 200 4586
23.100.232.233 - - [01/Jan/2022:09:20:08 -0500] "GET /galeria/galeria/jquery.fancybox.js?v=2.1.5 HTTP/1.1" 200 48706
23.100.232.233 - - [01/Jan/2022:09:20:08 -0500] "GET /galeria/galeria/jquery.fancybox.css?v=2.1.5 HTTP/1.1" 200 4895
23.100.232.233 - - [01/Jan/2022:09:20:14 -0500] "GET /galeria/carrusel/Carrusel/jquery-ui-1.8.13.custom.min.js HTTP/1.1" 200 10800
23.100.232.233 - - [01/Jan/2022:09:20:14 -0500] "GET /galeria/carrusel/Carrusel/jquery.thumbnailScroller.css HTTP/1.1" 200 2066
23.100.232.233 - - [01/Jan/2022:09:20:14 -0500] "GET /galeria/carrusel/Carrusel/jquery.thumbnailScroller.js HTTP/1.1" 200 8157
23.100.232.233 - - [01/Jan/2022:09:20:14 -0500] "GET /galeria/nivo-slider/demo/banner.html HTTP/1.1" 200 5446
23.100.232.233 - - [01/Jan/2022:09:20:17 -0500] "GET /galeria/nivo-slider/themes/pascal/pascal.css HTTP/1.1" 200 2258
23.100.232.233 - - [01/Jan/2022:09:20:17 -0500] "GET /galeria/nivo-slider/themes/default/default.css HTTP/1.1" 200 1569
23.100.232.233 - - [01/Jan/2022:09:20:17 -0500] "GET /galeria/nivo-slider/themes/orman/orman.css HTTP/1.1" 200 2152
23.100.232.233 - - [01/Jan/2022:09:20:17 -0500] "GET /galeria/nivo-slider/nivo-slider.css HTTP/1.1" 200 1507
23.100.232.233 - - [01/Jan/2022:09:20:17 -0500] "GET /galeria/nivo-slider/demo/scripts/jquery-1.7.1.min.js HTTP/1.1" 200 93868
23.100.232.233 - - [01/Jan/2022:09:20:17 -0500] "GET /galeria/nivo-slider/jquery.nivo.slider.pack.js HTTP/1.1" 200 11561
23.100.232.233 - - [01/Jan/2022:09:20:17 -0500] "GET /galeria/nivo-slider/demo/style.css HTTP/1.1" 200 2222
216.245.221.92 - - [01/Jan/2022:09:20:32 -0500] "HEAD / HTTP/1.1" 200 -
23.100.232.233 - - [01/Jan/2022:09:22:33 -0500] "GET /bla/resoluciones/autos%202021/4146.pdf HTTP/1.1" 200 353875
201.245.192.253 - - [01/Jan/2022:09:21:56 -0500] "POST /kwsrmcab/Wsrmcab HTTP/1.1" 200 213
66.249.75.109 - - [01/Jan/2022:09:22:51 -0500] "-" 408 -
201.245.192.253 - - [01/Jan/2022:09:22:39 -0500] "POST /kwsrmcab/Wsrmcab HTTP/1.1" 200 45078
201.245.192.253 - - [01/Jan/2022:09:23:29 -0500] "POST /kwsrmcab/Wsrmcab HTTP/1.1" 200 213
13.92.185.72 - - [01/Jan/2022:09:24:15 -0500] "GET /portaldeninos/ HTTP/1.1" 200 154346
216.245.221.92 - - [01/Jan/2022:09:25:32 -0500] "HEAD / HTTP/1.1" 200 -
92.118.234.202 - - [01/Jan/2022:09:28:09 -0500] "GET http://azenv.net/ HTTP/1.1" 200 319
216.245.221.92 - - [01/Jan/2022:09:30:32 -0500] "HEAD / HTTP/1.1" 200 -
191.97.15.98 - - [01/Jan/2022:09:30:33 -0500] "GET /no-se-deje-enganar-mujeres-que-reverdecen-no-solicita-informacion-por-cadenas-de-whatsapp.html HTTP/1.1" 200 1026
201.245.192.253 - - [01/Jan/2022:09:32:21 -0500] "POST /kwsrmcab/Wsrmcab HTTP/1.1" 200 213
201.245.192.253 - - [01/Jan/2022:09:32:38 -0500] "POST /kwsrmcab/Wsrmcab HTTP/1.1" 200 45078
201.245.192.253 - - [01/Jan/2022:09:33:27 -0500] "POST /kwsrmcab/Wsrmcab HTTP/1.1" 200 213
216.245.221.92 - - [01/Jan/2022:09:35:32 -0500] "HEAD / HTTP/1.1" 200 -
201.245.192.253 - - [01/Jan/2022:09:36:12 -0500] "POST /kwsrmcab/Wsrmcab HTTP/1.1" 200 213
157.55.39.91 - - [01/Jan/2022:09:37:19 -0500] "GET /BLA/resoluciones/index.php?dir=AUTOS+2019%2F HTTP/1.1" 200 330916
216.245.221.92 - - [01/Jan/2022:09:40:32 -0500] "HEAD / HTTP/1.1" 200 -
201.245.192.253 - - [01/Jan/2022:09:41:58 -0500] "POST /kwsrmcab/Wsrmcab HTTP/1.1" 200 213
201.245.192.253 - - [01/Jan/2022:09:42:39 -0500] "POST /kwsrmcab/Wsrmcab HTTP/1.1" 200 45078
201.245.192.253 - - [01/Jan/2022:09:43:30 -0500] "POST /kwsrmcab/Wsrmcab HTTP/1.1" 200 213
67.129.123.70 - - [01/Jan/2022:09:44:36 -0500] "GET /.env HTTP/1.1" 404 1018
67.129.123.70 - - [01/Jan/2022:09:44:37 -0500] "POST / HTTP/1.1" 200 319
216.245.221.92 - - [01/Jan/2022:09:45:32 -0500] "HEAD / HTTP/1.1" 200 -
66.249.75.111 - - [01/Jan/2022:09:46:08 -0500] "-" 408 -
201.245.192.253 - - [01/Jan/2022:09:45:50 -0500] "POST /kwsrmcab/Wsrmcab HTTP/1.1" 200 213
173.252.107.14 - - [01/Jan/2022:09:47:01 -0500] "GET /galeria/nivo-slider/demo/images/ecolecta2016.jpg HTTP/1.1" 206 147170
34.91.177.229 - - [01/Jan/2022:09:48:46 -0500] "GET / HTTP/1.1" 200 319
195.54.160.149 - - [01/Jan/2022:09:49:11 -0500] "-" 408 -
23.100.232.233 - - [01/Jan/2022:09:50:13 -0500] "GET /BLA/boletinlegal/js/jquery.scrollShow.js HTTP/1.1" 200 4586
23.100.232.233 - - [01/Jan/2022:09:50:13 -0500] "GET /galeria/galeria/jquery.fancybox.js?v=2.1.5 HTTP/1.1" 200 48706
23.100.232.233 - - [01/Jan/2022:09:50:13 -0500] "GET /galeria/galeria/jquery.fancybox.css?v=2.1.5 HTTP/1.1" 200 4895
216.245.221.92 - - [01/Jan/2022:09:50:32 -0500] "HEAD / HTTP/1.1" 200 -
157.55.39.91 - - [01/Jan/2022:09:49:01 -0500] "GET /BLA/boletinlegal/ HTTP/1.1" 200 63268
66.249.75.109 - - [01/Jan/2022:09:52:33 -0500] "-" 408 -
201.245.192.253 - - [01/Jan/2022:09:52:04 -0500] "POST /kwsrmcab/Wsrmcab HTTP/1.1" 200 213
173.252.107.1 - - [01/Jan/2022:09:54:07 -0500] "GET /images/Senderos1.jpeg HTTP/1.1" 200 172777
216.245.221.92 - - [01/Jan/2022:09:55:32 -0500] "HEAD / HTTP/1.1" 200 -
201.245.192.253 - - [01/Jan/2022:09:55:49 -0500] "POST /kwsrmcab/Wsrmcab HTTP/1.1" 200 213
191.95.49.39 - - [01/Jan/2022:09:58:09 -0500] "GET /galeria/galeria/jquery.fancybox.css?v=2.1.5 HTTP/1.1" 200 4895
216.245.221.92 - - [01/Jan/2022:10:00:32 -0500] "HEAD / HTTP/1.1" 200 -
45.227.255.159 - - [01/Jan/2022:10:00:54 -0500] "GET /wp-login.php HTTP/1.1" 404 1018
201.245.192.253 - - [01/Jan/2022:10:00:37 -0500] "POST /kwsrmcab/Wsrmcab HTTP/1.1" 200 213
66.249.75.109 - - [01/Jan/2022:10:03:20 -0500] "-" 408 -
216.245.221.92 - - [01/Jan/2022:10:05:32 -0500] "HEAD / HTTP/1.1" 200 -
201.245.192.253 - - [01/Jan/2022:10:06:31 -0500] "POST /kwsrmcab/Wsrmcab HTTP/1.1" 200 213
216.245.221.92 - - [01/Jan/2022:10:10:32 -0500] "HEAD / HTTP/1.1" 200 -
201.245.192.253 - - [01/Jan/2022:10:12:05 -0500] "POST /kwsrmcab/Wsrmcab HTTP/1.1" 200 213
66.249.75.109 - - [01/Jan/2022:10:13:57 -0500] "-" 408 -
157.55.39.91 - - [01/Jan/2022:10:14:23 -0500] "GET /BLA/resoluciones/RESOLUCIONES%202004/RESOLUCION%201608%20DE%202004.PDF HTTP/1.1" 200 899652
216.245.221.92 - - [01/Jan/2022:10:15:32 -0500] "HEAD / HTTP/1.1" 200 -
195.54.160.149 - - [01/Jan/2022:10:16:00 -0500] "GET /index.php?s=/Index/\\think\\app/invokefunction&function=call_user_func_array&vars[0]=md5&vars[1][]=HelloThinkPHP21 HTTP/1.1" 404 1018
201.245.192.253 - - [01/Jan/2022:10:15:51 -0500] "POST /kwsrmcab/Wsrmcab HTTP/1.1" 200 213
157.55.39.91 - - [01/Jan/2022:10:20:23 -0500] "GET /BLA/resoluciones/index.php?dir= HTTP/1.1" 200 12684
66.249.75.109 - - [01/Jan/2022:10:20:31 -0500] "-" 408 -
216.245.221.92 - - [01/Jan/2022:10:20:31 -0500] "HEAD / HTTP/1.1" 200 -
23.100.232.233 - - [01/Jan/2022:10:20:42 -0500] "GET /galeria/galeria/jquery.fancybox.js?v=2.1.5 HTTP/1.1" 200 48706
23.100.232.233 - - [01/Jan/2022:10:20:42 -0500] "GET /galeria/galeria/jquery.fancybox.css?v=2.1.5 HTTP/1.1" 200 4895
201.245.192.253 - - [01/Jan/2022:10:22:06 -0500] "POST /kwsrmcab/Wsrmcab HTTP/1.1" 200 213
201.245.192.253 - - [01/Jan/2022:10:22:38 -0500] "POST /kwsrmcab/Wsrmcab HTTP/1.1" 200 45365
201.245.192.253 - - [01/Jan/2022:10:23:28 -0500] "POST /kwsrmcab/Wsrmcab HTTP/1.1" 200 213
181.237.164.28 - - [01/Jan/2022:10:24:21 -0500] "GET /galeria/galeria/jquery.fancybox.css?v=2.1.5 HTTP/1.1" 200 4895
195.54.160.149 - - [01/Jan/2022:10:25:05 -0500] "GET /?a=fetch&content=<php>die(@md5(HelloThinkCMF))</php> HTTP/1.1" 200 319
216.245.221.92 - - [01/Jan/2022:10:25:32 -0500] "HEAD / HTTP/1.1" 200 -
66.220.149.2 - - [01/Jan/2022:10:26:20 -0500] "GET /esperanza-galeano-una-mujer-que-reverdece-y-con-su-saber-contribuye-al-cuidado-del-ambiente.html?fbclid=IwAR1-p13Q72Zt2jQMHwUI9hMfOfFKiFWb7ib-d43Ywh51SGcOEfs4g174EK8 HTTP/1.1" 200 932
201.245.192.253 - - [01/Jan/2022:10:25:53 -0500] "POST /kwsrmcab/Wsrmcab HTTP/1.1" 200 213
216.245.221.92 - - [01/Jan/2022:10:30:32 -0500] "HEAD / HTTP/1.1" 200 -
201.245.192.253 - - [01/Jan/2022:10:31:55 -0500] "POST /kwsrmcab/Wsrmcab HTTP/1.1" 200 213
173.252.107.117 - - [01/Jan/2022:10:33:16 -0500] "GET /images/Trafico1.jpeg HTTP/1.1" 200 83575
173.252.107.117 - - [01/Jan/2022:10:33:16 -0500] "GET /images/PIGA1.jpeg HTTP/1.1" 200 167676
69.171.249.5 - - [01/Jan/2022:10:33:16 -0500] "GET /images/pieza-grafica-actividades-navidad-13-diciembre.jpg HTTP/1.1" 200 46733
69.171.249.9 - - [01/Jan/2022:10:33:16 -0500] "GET /images/Senderos1.jpeg HTTP/1.1" 200 172777
69.63.189.4 - - [01/Jan/2022:10:33:16 -0500] "GET /images/Aguanoso2.jpeg HTTP/1.1" 200 128232
173.252.107.7 - - [01/Jan/2022:10:33:16 -0500] "GET /images/humedales-agua-14-diciembre.jpg HTTP/1.1" 200 111054
69.63.184.116 - - [01/Jan/2022:10:33:22 -0500] "GET /images/atencion-ciudadano-cade-oficinaprincipalsda-7-diciembre.jpg HTTP/1.1" 200 32428
173.252.107.16 - - [01/Jan/2022:10:33:22 -0500] "GET /images/paneles-solares-22septiembre.jpeg HTTP/1.1" 200 66691
69.63.184.120 - - [01/Jan/2022:10:33:22 -0500] "GET /images/Aniversario1.jpg HTTP/1.1" 200 103242
173.252.107.6 - - [01/Jan/2022:10:33:22 -0500] "GET /images/Mision1.jpeg HTTP/1.1" 200 129758
69.63.184.119 - - [01/Jan/2022:10:33:26 -0500] "GET /images/tarantulas-incatuacion-dorado-1-diciembre.jpg HTTP/1.1" 200 31749
201.245.192.253 - - [01/Jan/2022:10:32:38 -0500] "POST /kwsrmcab/Wsrmcab HTTP/1.1" 200 45365
201.245.192.253 - - [01/Jan/2022:10:33:27 -0500] "POST /kwsrmcab/Wsrmcab HTTP/1.1" 200 213
207.46.13.52 - - [01/Jan/2022:10:34:36 -0500] "GET /bla/resoluciones/resoluciones%202021/1075.pdf HTTP/1.1" 200 396509
152.32.234.60 - - [01/Jan/2022:10:34:48 -0500] "GET / HTTP/1.0" 200 319
186.80.57.111 - - [01/Jan/2022:10:35:29 -0500] "GET /appsia/controlador HTTP/1.1" 200 4799
186.80.57.111 - - [01/Jan/2022:10:35:30 -0500] "GET /appsia/css/estilos.css HTTP/1.1" 304 -
186.80.57.111 - - [01/Jan/2022:10:35:30 -0500] "GET /appsia/scripts/validarIngreso.js HTTP/1.1" 304 -
186.80.57.111 - - [01/Jan/2022:10:35:30 -0500] "GET /appsia/images/cabezoteHojaVida.png HTTP/1.1" 304 -
186.80.57.111 - - [01/Jan/2022:10:35:30 -0500] "GET /appsia/images/logo_bogota_p.png HTTP/1.1" 304 -
216.245.221.92 - - [01/Jan/2022:10:35:32 -0500] "HEAD / HTTP/1.1" 200 -
186.80.57.111 - - [01/Jan/2022:10:35:38 -0500] "POST /appsia/controlador HTTP/1.1" 200 3596
186.80.57.111 - - [01/Jan/2022:10:35:38 -0500] "GET /appsia/jscripts/validarSolicitud.js HTTP/1.1" 404 68
186.80.57.111 - - [01/Jan/2022:10:35:42 -0500] "POST /appsia/controlador HTTP/1.1" 200 4799
186.80.57.111 - - [01/Jan/2022:10:35:51 -0500] "POST /appsia/controlador HTTP/1.1" 200 5437
186.80.57.111 - - [01/Jan/2022:10:35:53 -0500] "POST /appsia/controlador HTTP/1.1" 200 7775
186.80.57.111 - - [01/Jan/2022:10:36:00 -0500] "POST /appsia/controlador HTTP/1.1" 200 6640
186.80.57.111 - - [01/Jan/2022:10:36:01 -0500] "POST /appsia/controlador HTTP/1.1" 200 12380
186.80.57.111 - - [01/Jan/2022:10:36:10 -0500] "POST /appsia/controlador HTTP/1.1" 200 7775
186.80.57.111 - - [01/Jan/2022:10:36:13 -0500] "POST /appsia/controlador HTTP/1.1" 200 5437
186.80.57.111 - - [01/Jan/2022:10:36:19 -0500] "POST /appsia/controlador HTTP/1.1" 200 32734
186.80.57.111 - - [01/Jan/2022:10:36:20 -0500] "GET /appsia/images/logo_escudo.png HTTP/1.1" 304 -
186.102.188.247 - - [01/Jan/2022:10:36:54 -0500] "GET /galeria/nivo-slider/demo/escuadron.mp4 HTTP/1.1" 206 2
186.102.188.247 - - [01/Jan/2022:10:36:56 -0500] "GET /galeria/nivo-slider/demo/escuadron.mp4 HTTP/1.1" 206 63088
201.245.192.253 - - [01/Jan/2022:10:36:10 -0500] "POST /kwsrmcab/Wsrmcab HTTP/1.1" 200 213
186.102.188.247 - - [01/Jan/2022:10:36:55 -0500] "GET /galeria/nivo-slider/demo/escuadron.mp4 HTTP/1.1" 206 141851941
186.102.188.247 - - [01/Jan/2022:10:36:55 -0500] "GET /galeria/nivo-slider/demo/escuadron.mp4 HTTP/1.1" 206 141917477
186.80.57.111 - - [01/Jan/2022:10:37:34 -0500] "POST /appsia/controlador HTTP/1.1" 200 5437
186.80.57.111 - - [01/Jan/2022:10:37:36 -0500] "POST /appsia/controlador HTTP/1.1" 200 4799
186.80.57.111 - - [01/Jan/2022:10:37:39 -0500] "GET /sipsesda/ HTTP/1.1" 200 1477
186.80.57.111 - - [01/Jan/2022:10:37:39 -0500] "GET /css/segobdis.css HTTP/1.1" 404 1264
186.80.57.111 - - [01/Jan/2022:10:37:39 -0500] "GET /sipsesda/faces/login.jspx HTTP/1.1" 200 7588
186.80.57.111 - - [01/Jan/2022:10:37:39 -0500] "GET /sipsesda/js/disable_browser_buttons.js;jsessionid=ac16012b22b800b4ea26b57a487ca6c8d0eae58d0ba3.e34Lc3uRbN4Oc40Pchr0 HTTP/1.1" 200 2767
186.80.57.111 - - [01/Jan/2022:10:37:39 -0500] "GET /sipsesda/adf/styles/cache/segobdis16-desktop-10_1_3_4_0-webkit.css;jsessionid=ac16012b22b800b4ea26b57a487ca6c8d0eae58d0ba3.e34Lc3uRbN4Oc40Pchr0 HTTP/1.1" 200 57326
186.80.57.111 - - [01/Jan/2022:10:37:39 -0500] "GET /sipsesda/js/funciones.js;jsessionid=ac16012b22b800b4ea26b57a487ca6c8d0eae58d0ba3.e34Lc3uRbN4Oc40Pchr0 HTTP/1.1" 200 36377
186.80.57.111 - - [01/Jan/2022:10:37:39 -0500] "GET /sipsesda/imagenes/encabezado.jpg;jsessionid=ac16012b22b800b4ea26b57a487ca6c8d0eae58d0ba3.e34Lc3uRbN4Oc40Pchr0 HTTP/1.1" 200 18018
186.80.57.111 - - [01/Jan/2022:10:37:39 -0500] "GET /sipsesda/adf/images/t.gif;jsessionid=ac16012b22b800b4ea26b57a487ca6c8d0eae58d0ba3.e34Lc3uRbN4Oc40Pchr0 HTTP/1.1" 200 86
186.80.57.111 - - [01/Jan/2022:10:37:39 -0500] "GET /sipsesda/adf/jsLibs/Common10_1_3_4_0.js;jsessionid=ac16012b22b800b4ea26b57a487ca6c8d0eae58d0ba3.e34Lc3uRbN4Oc40Pchr0 HTTP/1.1" 200 132959
186.80.57.111 - - [01/Jan/2022:10:37:48 -0500] "POST /sipsesda/faces/login.jspx;jsessionid=ac16012b22b800b4ea26b57a487ca6c8d0eae58d0ba3.e34Lc3uRbN4Oc40Pchr0 HTTP/1.1" 200 5285
186.80.57.111 - - [01/Jan/2022:10:37:48 -0500] "GET /sipsesda/js/disable_browser_buttons.js HTTP/1.1" 200 2767
186.80.57.111 - - [01/Jan/2022:10:37:48 -0500] "GET /sipsesda/adf/styles/cache/segobdis16-desktop-10_1_3_4_0-webkit.css HTTP/1.1" 200 57326
186.80.57.111 - - [01/Jan/2022:10:37:48 -0500] "GET /sipsesda/js/funciones.js HTTP/1.1" 200 36377
186.80.57.111 - - [01/Jan/2022:10:37:48 -0500] "GET /sipsesda/adf/images/t.gif HTTP/1.1" 200 86
186.80.57.111 - - [01/Jan/2022:10:37:48 -0500] "GET /sipsesda/imagenes/encabezado.jpg HTTP/1.1" 200 18018
186.80.57.111 - - [01/Jan/2022:10:37:48 -0500] "GET /sipsesda/adf/jsLibs/Common10_1_3_4_0.js HTTP/1.1" 200 132959
186.80.57.111 - - [01/Jan/2022:10:37:53 -0500] "POST /sipsesda/faces/vista/sistema/seleccionRol.jspx HTTP/1.1" 200 27995
186.80.57.111 - - [01/Jan/2022:10:37:54 -0500] "GET /sipsesda/js/menu.js HTTP/1.1" 200 5358
186.80.57.111 - - [01/Jan/2022:10:37:54 -0500] "GET /sipsesda/js/jquery-latest.js HTTP/1.1" 200 92556
186.80.57.111 - - [01/Jan/2022:10:37:54 -0500] "GET /sipsesda/js/menu13_compact.js HTTP/1.1" 200 22980
186.80.57.111 - - [01/Jan/2022:10:37:54 -0500] "GET /sipsesda/faces/imagenes/vinetaAbajo.gif HTTP/1.1" 200 72
186.80.57.111 - - [01/Jan/2022:10:37:54 -0500] "GET /sipsesda/faces/imagenes/vinetaDerecha.gif HTTP/1.1" 200 107
186.80.57.111 - - [01/Jan/2022:10:37:54 -0500] "GET /sipsesda/imagenes/logoAplicacion.jpg HTTP/1.1" 200 155084
186.80.57.111 - - [01/Jan/2022:10:38:04 -0500] "POST /sipsesda/faces/vista/sistema/inicial.jspx HTTP/1.1" 302 201
201.219.193.54 - - [01/Jan/2022:10:40:01 -0500] "GET /galeria/galeria/jquery.fancybox.css?v=2.1.5 HTTP/1.1" 200 4895
216.245.221.92 - - [01/Jan/2022:10:40:31 -0500] "HEAD / HTTP/1.1" 200 -
190.25.171.31 - - [01/Jan/2022:10:40:39 -0500] "GET /appsia/images/cabezoteHojaVida.png HTTP/1.1" 200 32493
201.245.192.253 - - [01/Jan/2022:10:40:47 -0500] "POST /kwsrmcab/Wsrmcab HTTP/1.1" 200 213
186.102.188.247 - - [01/Jan/2022:10:36:57 -0500] "GET /galeria/nivo-slider/demo/escuadron.mp4 HTTP/1.1" 206 141774545
186.102.70.45 - - [01/Jan/2022:10:42:37 -0500] "GET /galeria/galeria/jquery.fancybox.css?v=2.1.5 HTTP/1.1" 200 4895
201.245.192.253 - - [01/Jan/2022:10:42:39 -0500] "POST /kwsrmcab/Wsrmcab HTTP/1.1" 200 45365
201.245.192.253 - - [01/Jan/2022:10:43:28 -0500] "POST /kwsrmcab/Wsrmcab HTTP/1.1" 200 213
177.255.113.113 - - [01/Jan/2022:10:45:25 -0500] "GET /galeria/galeria/jquery.fancybox.css?v=2.1.5 HTTP/1.1" 200 4895
216.245.221.92 - - [01/Jan/2022:10:45:31 -0500] "HEAD / HTTP/1.1" 200 -
201.245.192.253 - - [01/Jan/2022:10:44:48 -0500] "POST /kwsrmcab/Wsrmcab HTTP/1.1" 200 213
92.118.234.202 - - [01/Jan/2022:10:48:21 -0500] "GET http://azenv.net/ HTTP/1.1" 200 319
23.100.232.233 - - [01/Jan/2022:10:48:46 -0500] "GET /galeria/galeria/jquery.fancybox.css?v=2.1.5 HTTP/1.1" 200 4895
23.100.232.233 - - [01/Jan/2022:10:48:46 -0500] "GET /galeria/galeria/jquery.fancybox.js?v=2.1.5 HTTP/1.1" 200 48706
20.185.79.15 - - [01/Jan/2022:10:49:48 -0500] "GET /galeria/galeria/jquery.fancybox.css?v=2.1.5 HTTP/1.1" 200 4895
20.185.79.15 - - [01/Jan/2022:10:49:48 -0500] "GET /galeria/galeria/jquery.fancybox.js?v=2.1.5 HTTP/1.1" 200 48706
20.185.79.15 - - [01/Jan/2022:10:49:52 -0500] "GET /galeria/galeria/jquery.fancybox.css?v=2.1.5 HTTP/1.1" 200 4895
20.185.79.15 - - [01/Jan/2022:10:49:52 -0500] "GET /galeria/galeria/jquery.fancybox.js?v=2.1.5 HTTP/1.1" 200 48706
216.245.221.92 - - [01/Jan/2022:10:50:31 -0500] "HEAD / HTTP/1.1" 200 -
20.185.79.15 - - [01/Jan/2022:10:51:01 -0500] "GET /galeria/galeria/jquery.fancybox.js?v=2.1.5 HTTP/1.1" 200 48706
20.185.79.15 - - [01/Jan/2022:10:51:01 -0500] "GET /galeria/galeria/jquery.fancybox.css?v=2.1.5 HTTP/1.1" 200 4895
20.185.79.15 - - [01/Jan/2022:10:51:03 -0500] "GET /galeria/galeria/jquery.fancybox.js?v=2.1.5 HTTP/1.1" 200 48706
20.185.79.15 - - [01/Jan/2022:10:51:03 -0500] "GET /galeria/galeria/jquery.fancybox.css?v=2.1.5 HTTP/1.1" 200 4895
207.46.13.113 - - [01/Jan/2022:10:52:44 -0500] "GET /BLA/resoluciones/RESOLUCIONES%202021/1992.pdf HTTP/1.1" 200 797163
201.245.192.253 - - [01/Jan/2022:10:52:23 -0500] "POST /kwsrmcab/Wsrmcab HTTP/1.1" 200 213
34.90.84.202 - - [01/Jan/2022:10:53:23 -0500] "GET / HTTP/1.1" 200 319
20.185.79.15 - - [01/Jan/2022:10:53:54 -0500] "GET /galeria/galeria/jquery.fancybox.css?v=2.1.5 HTTP/1.1" 200 4895
20.185.79.15 - - [01/Jan/2022:10:53:54 -0500] "GET /galeria/galeria/jquery.fancybox.js?v=2.1.5 HTTP/1.1" 200 48706
20.185.79.15 - - [01/Jan/2022:10:53:57 -0500] "GET /galeria/galeria/jquery.fancybox.js?v=2.1.5 HTTP/1.1" 200 48706
20.185.79.15 - - [01/Jan/2022:10:53:57 -0500] "GET /galeria/galeria/jquery.fancybox.css?v=2.1.5 HTTP/1.1" 200 4895
20.185.79.15 - - [01/Jan/2022:10:54:39 -0500] "GET /galeria/galeria/jquery.fancybox.js?v=2.1.5 HTTP/1.1" 200 48706
20.185.79.15 - - [01/Jan/2022:10:54:39 -0500] "GET /galeria/galeria/jquery.fancybox.css?v=2.1.5 HTTP/1.1" 200 4895
20.185.79.15 - - [01/Jan/2022:10:54:41 -0500] "GET /galeria/galeria/jquery.fancybox.js?v=2.1.5 HTTP/1.1" 200 48706
20.185.79.15 - - [01/Jan/2022:10:54:41 -0500] "GET /galeria/galeria/jquery.fancybox.css?v=2.1.5 HTTP/1.1" 200 4895
66.249.75.113 - - [01/Jan/2022:10:54:52 -0500] "-" 408 -
20.185.79.15 - - [01/Jan/2022:10:55:20 -0500] "GET /galeria/galeria/jquery.fancybox.js?v=2.1.5 HTTP/1.1" 200 48706
20.185.79.15 - - [01/Jan/2022:10:55:20 -0500] "GET /galeria/galeria/jquery.fancybox.css?v=2.1.5 HTTP/1.1" 200 4895
20.185.79.15 - - [01/Jan/2022:10:55:22 -0500] "GET /galeria/galeria/jquery.fancybox.js?v=2.1.5 HTTP/1.1" 200 48706
20.185.79.15 - - [01/Jan/2022:10:55:22 -0500] "GET /galeria/galeria/jquery.fancybox.css?v=2.1.5 HTTP/1.1" 200 4895
216.245.221.92 - - [01/Jan/2022:10:55:31 -0500] "HEAD / HTTP/1.1" 200 -
20.185.79.15 - - [01/Jan/2022:10:56:12 -0500] "GET /galeria/galeria/jquery.fancybox.css?v=2.1.5 HTTP/1.1" 200 4895
20.185.79.15 - - [01/Jan/2022:10:56:12 -0500] "GET /galeria/galeria/jquery.fancybox.js?v=2.1.5 HTTP/1.1" 200 48706
20.185.79.15 - - [01/Jan/2022:10:56:14 -0500] "GET /galeria/galeria/jquery.fancybox.css?v=2.1.5 HTTP/1.1" 200 4895
20.185.79.15 - - [01/Jan/2022:10:56:14 -0500] "GET /galeria/galeria/jquery.fancybox.js?v=2.1.5 HTTP/1.1" 200 48706
201.245.192.253 - - [01/Jan/2022:10:55:49 -0500] "POST /kwsrmcab/Wsrmcab HTTP/1.1" 200 213
216.245.221.92 - - [01/Jan/2022:11:00:31 -0500] "HEAD / HTTP/1.1" 200 -
201.245.192.253 - - [01/Jan/2022:11:02:09 -0500] "POST /kwsrmcab/Wsrmcab HTTP/1.1" 200 213
216.245.221.92 - - [01/Jan/2022:11:05:31 -0500] "HEAD / HTTP/1.1" 200 -
173.252.83.23 - - [01/Jan/2022:11:07:08 -0500] "GET /esperanza-galeano-una-mujer-que-reverdece-y-con-su-saber-contribuye-al-cuidado-del-ambiente.html HTTP/1.1" 206 932
173.252.111.7 - - [01/Jan/2022:11:07:08 -0500] "GET /esperanza-galeano-una-mujer-que-reverdece-y-con-su-saber-contribuye-al-cuidado-del-ambiente.html HTTP/1.1" 206 932
201.245.192.253 - - [01/Jan/2022:11:06:29 -0500] "POST /kwsrmcab/Wsrmcab HTTP/1.1" 200 213
216.245.221.92 - - [01/Jan/2022:11:10:31 -0500] "HEAD / HTTP/1.1" 200 -
201.245.192.253 - - [01/Jan/2022:11:10:55 -0500] "POST /kwsrmcab/Wsrmcab HTTP/1.1" 200 213
66.249.75.111 - - [01/Jan/2022:11:12:03 -0500] "-" 408 -
195.54.160.149 - - [01/Jan/2022:11:13:23 -0500] "GET /?XDEBUG_SESSION_START=phpstorm HTTP/1.1" 200 319
216.245.221.92 - - [01/Jan/2022:11:15:31 -0500] "HEAD / HTTP/1.1" 200 -
207.46.13.113 - - [01/Jan/2022:11:15:35 -0500] "GET /galeria/mapa/3MapaBogot%C3%A1.jpg HTTP/1.1" 200 688183
190.27.17.215 - - [01/Jan/2022:11:19:54 -0500] "GET /galeria/galeria/jquery.fancybox.css?v=2.1.5 HTTP/1.1" 200 4895
109.237.103.123 - - [01/Jan/2022:11:19:56 -0500] "GET /.env HTTP/1.1" 404 1018
216.245.221.92 - - [01/Jan/2022:11:20:31 -0500] "HEAD / HTTP/1.1" 200 -
201.245.192.253 - - [01/Jan/2022:11:22:11 -0500] "POST /kwsrmcab/Wsrmcab HTTP/1.1" 200 213
201.245.192.253 - - [01/Jan/2022:11:22:38 -0500] "POST /kwsrmcab/Wsrmcab HTTP/1.1" 200 45360
201.245.192.253 - - [01/Jan/2022:11:23:24 -0500] "POST /kwsrmcab/Wsrmcab HTTP/1.1" 200 213
66.249.75.109 - - [01/Jan/2022:11:24:58 -0500] "-" 408 -
216.245.221.92 - - [01/Jan/2022:11:25:31 -0500] "HEAD / HTTP/1.1" 200 -
201.245.192.253 - - [01/Jan/2022:11:26:12 -0500] "POST /kwsrmcab/Wsrmcab HTTP/1.1" 200 213
216.245.221.92 - - [01/Jan/2022:11:30:31 -0500] "HEAD / HTTP/1.1" 200 -
201.245.192.253 - - [01/Jan/2022:11:32:38 -0500] "POST /kwsrmcab/Wsrmcab HTTP/1.1" 200 45360
190.249.27.62 - - [01/Jan/2022:11:33:27 -0500] "GET /galeria/galeria/jquery.fancybox.css?v=2.1.5 HTTP/1.1" 200 4895
201.245.192.253 - - [01/Jan/2022:11:33:01 -0500] "POST /kwsrmcab/Wsrmcab HTTP/1.1" 200 213
201.245.192.253 - - [01/Jan/2022:11:33:26 -0500] "POST /kwsrmcab/Wsrmcab HTTP/1.1" 200 213
216.245.221.92 - - [01/Jan/2022:11:35:31 -0500] "HEAD / HTTP/1.1" 200 -
201.245.192.253 - - [01/Jan/2022:11:36:30 -0500] "POST /kwsrmcab/Wsrmcab HTTP/1.1" 200 213
207.46.13.113 - - [01/Jan/2022:11:39:48 -0500] "GET /BLA/resoluciones/AUTOS%202017/0746.pdf HTTP/1.1" 304 -
216.245.221.92 - - [01/Jan/2022:11:40:31 -0500] "HEAD / HTTP/1.1" 200 -
201.245.192.253 - - [01/Jan/2022:11:41:25 -0500] "POST /kwsrmcab/Wsrmcab HTTP/1.1" 200 213
201.245.192.253 - - [01/Jan/2022:11:42:38 -0500] "POST /kwsrmcab/Wsrmcab HTTP/1.1" 200 45360
66.249.75.109 - - [01/Jan/2022:11:43:58 -0500] "-" 408 -
201.245.192.253 - - [01/Jan/2022:11:43:27 -0500] "POST /kwsrmcab/Wsrmcab HTTP/1.1" 200 213
216.245.221.92 - - [01/Jan/2022:11:45:31 -0500] "HEAD / HTTP/1.1" 200 -
201.245.192.253 - - [01/Jan/2022:11:46:08 -0500] "POST /kwsrmcab/Wsrmcab HTTP/1.1" 200 213
190.26.48.237 - - [01/Jan/2022:11:49:54 -0500] "GET /galeria/galeria/jquery.fancybox.css?v=2.1.5 HTTP/1.1" 200 4895
216.245.221.92 - - [01/Jan/2022:11:50:31 -0500] "HEAD / HTTP/1.1" 200 -
157.55.39.91 - - [01/Jan/2022:11:51:11 -0500] "GET /galeria/galeria/fotos/Humedal-Santa-Mar%C3%ADa-del-Lago3G.jpg HTTP/1.1" 200 271832
66.249.75.111 - - [01/Jan/2022:11:52:21 -0500] "-" 408 -
201.245.192.253 - - [01/Jan/2022:11:53:02 -0500] "POST /kwsrmcab/Wsrmcab HTTP/1.1" 200 213
181.140.201.126 - - [01/Jan/2022:11:54:24 -0500] "GET /galeria/galeria/jquery.fancybox.css?v=2.1.5 HTTP/1.1" 200 4895
157.55.39.171 - - [01/Jan/2022:11:54:27 -0500] "GET /images/INTRANET.jpg HTTP/1.1" 200 37297
216.245.221.92 - - [01/Jan/2022:11:55:31 -0500] "HEAD / HTTP/1.1" 200 -
207.46.13.113 - - [01/Jan/2022:11:56:09 -0500] "GET /BLA/resoluciones/index.php HTTP/1.1" 200 12684
201.245.192.253 - - [01/Jan/2022:11:55:54 -0500] "POST /kwsrmcab/Wsrmcab HTTP/1.1" 200 213
40.77.167.55 - - [01/Jan/2022:11:56:57 -0500] "GET /bla/resoluciones/resoluciones%202021/3837.pdf HTTP/1.1" 200 377248
35.204.106.61 - - [01/Jan/2022:11:58:06 -0500] "GET / HTTP/1.1" 200 319
92.118.234.202 - - [01/Jan/2022:11:59:38 -0500] "GET http://azenv.net/ HTTP/1.1" 200 319
195.54.160.149 - - [01/Jan/2022:12:00:22 -0500] "GET /console/ HTTP/1.1" 404 1018
216.245.221.92 - - [01/Jan/2022:12:00:31 -0500] "HEAD / HTTP/1.1" 200 -
143.137.99.26 - - [01/Jan/2022:12:00:43 -0500] "GET /galeria/galeria/jquery.fancybox.css?v=2.1.5 HTTP/1.1" 200 4895
66.249.75.109 - - [01/Jan/2022:12:01:16 -0500] "-" 408 -
201.245.192.253 - - [01/Jan/2022:12:02:48 -0500] "POST /kwsrmcab/Wsrmcab HTTP/1.1" 200 213
190.26.151.165 - - [01/Jan/2022:12:05:12 -0500] "GET /galeria/galeria/jquery.fancybox.css?v=2.1.5 HTTP/1.1" 200 4895
216.245.221.92 - - [01/Jan/2022:12:05:31 -0500] "HEAD / HTTP/1.1" 200 -
186.29.204.175 - - [01/Jan/2022:12:05:36 -0500] "GET /galeria/galeria/jquery.fancybox.css?v=2.1.5 HTTP/1.1" 200 4895
201.245.192.253 - - [01/Jan/2022:12:06:10 -0500] "POST /kwsrmcab/Wsrmcab HTTP/1.1" 200 213
191.95.58.172 - - [01/Jan/2022:12:08:04 -0500] "GET /mas-de-130-000-tramites-y-servicios-ambientales-fueron-atendidos-durante-2021.html HTTP/1.1" 200 866
191.95.58.172 - - [01/Jan/2022:12:08:12 -0500] "GET /mas-de-130-000-tramites-y-servicios-ambientales-fueron-atendidos-durante-2021.html HTTP/1.1" 200 866
191.95.58.172 - - [01/Jan/2022:12:08:16 -0500] "GET /favicon.ico HTTP/1.1" 404 1458
66.249.75.109 - - [01/Jan/2022:12:10:26 -0500] "-" 408 -
216.245.221.92 - - [01/Jan/2022:12:10:31 -0500] "HEAD / HTTP/1.1" 200 -
201.245.192.253 - - [01/Jan/2022:12:10:37 -0500] "POST /kwsrmcab/Wsrmcab HTTP/1.1" 200 213
216.245.221.92 - - [01/Jan/2022:12:15:31 -0500] "HEAD / HTTP/1.1" 200 -
201.245.192.253 - - [01/Jan/2022:12:16:01 -0500] "POST /kwsrmcab/Wsrmcab HTTP/1.1" 200 213
195.54.160.149 - - [01/Jan/2022:12:19:00 -0500] "POST /Autodiscover/Autodiscover.xml HTTP/1.1" 404 1018
216.245.221.92 - - [01/Jan/2022:12:20:31 -0500] "HEAD / HTTP/1.1" 200 -
201.245.192.253 - - [01/Jan/2022:12:22:23 -0500] "POST /kwsrmcab/Wsrmcab HTTP/1.1" 200 213
201.245.192.253 - - [01/Jan/2022:12:22:38 -0500] "POST /kwsrmcab/Wsrmcab HTTP/1.1" 200 45224
217.182.171.12 - - [01/Jan/2022:12:23:31 -0500] "HEAD /BLA/resoluciones/AUTOS 2011/5720.pdf HTTP/1.1" 404 -
201.245.192.253 - - [01/Jan/2022:12:23:22 -0500] "POST /kwsrmcab/Wsrmcab HTTP/1.1" 200 213
216.245.221.92 - - [01/Jan/2022:12:25:31 -0500] "HEAD / HTTP/1.1" 200 -
216.245.221.92 - - [01/Jan/2022:12:30:31 -0500] "HEAD / HTTP/1.1" 200 -
192.241.208.238 - - [01/Jan/2022:12:31:59 -0500] "GET / HTTP/1.1" 200 319
66.249.75.111 - - [01/Jan/2022:12:32:51 -0500] "-" 408 -
201.245.192.253 - - [01/Jan/2022:12:32:23 -0500] "POST /kwsrmcab/Wsrmcab HTTP/1.1" 200 213
201.245.192.253 - - [01/Jan/2022:12:32:38 -0500] "POST /kwsrmcab/Wsrmcab HTTP/1.1" 200 45224
201.245.192.253 - - [01/Jan/2022:12:33:27 -0500] "POST /kwsrmcab/Wsrmcab HTTP/1.1" 200 213
159.223.169.4 - - [01/Jan/2022:12:35:11 -0500] "GET /.env HTTP/1.1" 404 1018
159.223.169.4 - - [01/Jan/2022:12:35:12 -0500] "POST / HTTP/1.1" 200 319
216.245.221.92 - - [01/Jan/2022:12:35:31 -0500] "HEAD / HTTP/1.1" 200 -
201.245.192.253 - - [01/Jan/2022:12:35:39 -0500] "POST /kwsrmcab/Wsrmcab HTTP/1.1" 200 213
207.46.13.88 - - [01/Jan/2022:12:38:03 -0500] "GET /BLA/resoluciones/index.php?dir=RESOLUCIONES+2020%2F HTTP/1.1" 200 157321
216.245.221.92 - - [01/Jan/2022:12:40:31 -0500] "HEAD / HTTP/1.1" 200 -
157.55.39.106 - - [01/Jan/2022:12:42:21 -0500] "GET /requerimientos/consulta.php HTTP/1.1" 200 1163211
118.123.105.67 - - [01/Jan/2022:12:43:22 -0500] "GET /galeria/galeria/jquery.fancybox.js?v=2.1.5 HTTP/1.1" 200 48706
118.123.105.67 - - [01/Jan/2022:12:43:22 -0500] "GET /galeria/galeria/jquery.fancybox.css?v=2.1.5 HTTP/1.1" 200 4895
118.123.105.67 - - [01/Jan/2022:12:43:22 -0500] "GET /BLA/boletinlegal/js/jquery.scrollShow.js HTTP/1.1" 200 4586
201.245.192.253 - - [01/Jan/2022:12:42:38 -0500] "POST /kwsrmcab/Wsrmcab HTTP/1.1" 200 45224
118.123.105.67 - - [01/Jan/2022:12:43:27 -0500] "GET /galeria/carrusel/Carrusel/jquery.thumbnailScroller.css HTTP/1.1" 200 2066
118.123.105.67 - - [01/Jan/2022:12:43:27 -0500] "GET /galeria/carrusel/Carrusel/jquery-ui-1.8.13.custom.min.js HTTP/1.1" 200 10800
118.123.105.67 - - [01/Jan/2022:12:43:27 -0500] "GET /galeria/carrusel/Carrusel/jquery.thumbnailScroller.js HTTP/1.1" 200 8157
118.123.105.67 - - [01/Jan/2022:12:43:32 -0500] "GET /galeria/nivo-slider/demo/banner.html HTTP/1.1" 200 5446
118.123.105.67 - - [01/Jan/2022:12:43:35 -0500] "GET /galeria/nivo-slider/themes/default/default.css HTTP/1.1" 200 1569
118.123.105.67 - - [01/Jan/2022:12:43:35 -0500] "GET /galeria/nivo-slider/nivo-slider.css HTTP/1.1" 200 1507
118.123.105.67 - - [01/Jan/2022:12:43:35 -0500] "GET /galeria/nivo-slider/themes/orman/orman.css HTTP/1.1" 200 2152
118.123.105.67 - - [01/Jan/2022:12:43:35 -0500] "GET /galeria/nivo-slider/themes/pascal/pascal.css HTTP/1.1" 200 2258
118.123.105.67 - - [01/Jan/2022:12:43:35 -0500] "GET /galeria/nivo-slider/demo/scripts/jquery-1.7.1.min.js HTTP/1.1" 200 93868
118.123.105.67 - - [01/Jan/2022:12:43:35 -0500] "GET /galeria/nivo-slider/demo/style.css HTTP/1.1" 200 2222
118.123.105.67 - - [01/Jan/2022:12:43:35 -0500] "GET /galeria/nivo-slider/jquery.nivo.slider.pack.js HTTP/1.1" 200 11561
201.245.192.253 - - [01/Jan/2022:12:42:59 -0500] "POST /kwsrmcab/Wsrmcab HTTP/1.1" 200 213
201.245.192.253 - - [01/Jan/2022:12:43:27 -0500] "POST /kwsrmcab/Wsrmcab HTTP/1.1" 200 213
216.245.221.92 - - [01/Jan/2022:12:45:31 -0500] "HEAD / HTTP/1.1" 200 -
201.245.192.253 - - [01/Jan/2022:12:45:48 -0500] "POST /kwsrmcab/Wsrmcab HTTP/1.1" 200 213
181.53.202.221 - - [01/Jan/2022:12:46:43 -0500] "GET /galeria/galeria/jquery.fancybox.css?v=2.1.5 HTTP/1.1" 200 4895
173.252.111.16 - - [01/Jan/2022:12:49:17 -0500] "GET /distrito-firma-acuerdos-de-conservacion-con-academia-y-sociedad-civil-para-proteger-22-hectareas-en-suba-y-cerros-orientales.html HTTP/1.1" 206 1062
173.252.111.16 - - [01/Jan/2022:12:49:17 -0500] "GET /distrito-firma-acuerdos-de-conservacion-con-academia-y-sociedad-civil-para-proteger-22-hectareas-en-suba-y-cerros-orientales.html HTTP/1.1" 206 1062
173.252.111.7 - - [01/Jan/2022:12:49:17 -0500] "GET /zuma-propuesta-de-pot-una-herramienta-clave-para-seguir-mejorando-la-calidad-del-aire-de-bogota.html HTTP/1.1" 206 1029
173.252.111.119 - - [01/Jan/2022:12:49:17 -0500] "GET /zuma-propuesta-de-pot-una-herramienta-clave-para-seguir-mejorando-la-calidad-del-aire-de-bogota.html HTTP/1.1" 206 1029
66.249.75.111 - - [01/Jan/2022:12:50:28 -0500] "-" 408 -
216.245.221.92 - - [01/Jan/2022:12:50:31 -0500] "HEAD / HTTP/1.1" 200 -
207.46.13.113 - - [01/Jan/2022:12:51:14 -0500] "GET /bla/resoluciones/resoluciones%202021/4072.pdf HTTP/1.1" 200 372216
216.245.221.92 - - [01/Jan/2022:12:55:31 -0500] "HEAD / HTTP/1.1" 200 -
201.245.192.253 - - [01/Jan/2022:12:55:53 -0500] "POST /kwsrmcab/Wsrmcab HTTP/1.1" 200 213
157.55.39.91 - - [01/Jan/2022:12:57:27 -0500] "GET /galeria/galeria/fotos/Soratama1P.jpg HTTP/1.1" 200 9622
216.245.221.92 - - [01/Jan/2022:13:00:31 -0500] "HEAD / HTTP/1.1" 200 -
186.84.89.106 - - [01/Jan/2022:13:00:36 -0500] "GET /galeria/galeria/jquery.fancybox.css?v=2.1.5 HTTP/1.1" 200 4895
201.245.192.253 - - [01/Jan/2022:13:02:14 -0500] "POST /kwsrmcab/Wsrmcab HTTP/1.1" 200 213
190.25.34.213 - - [01/Jan/2022:13:03:14 -0500] "GET /galeria/galeria/jquery.fancybox.css?v=2.1.5 HTTP/1.1" 200 4895
216.245.221.92 - - [01/Jan/2022:13:05:31 -0500] "HEAD / HTTP/1.1" 200 -
201.245.192.253 - - [01/Jan/2022:13:06:11 -0500] "POST /kwsrmcab/Wsrmcab HTTP/1.1" 200 213
205.169.39.176 - - [01/Jan/2022:13:07:02 -0500] "GET /galeria/galeria/jquery.fancybox.js?v=2.1.5 HTTP/1.1" 200 48706
170.79.88.81 - - [01/Jan/2022:13:08:10 -0500] "GET /appsia/controlador HTTP/1.1" 200 4799
170.79.88.81 - - [01/Jan/2022:13:08:11 -0500] "GET /appsia/scripts/validarIngreso.js HTTP/1.1" 200 851
170.79.88.81 - - [01/Jan/2022:13:08:11 -0500] "GET /appsia/css/estilos.css HTTP/1.1" 200 4804
170.79.88.81 - - [01/Jan/2022:13:08:11 -0500] "GET /appsia/images/cabezoteHojaVida.png HTTP/1.1" 200 32493
170.79.88.81 - - [01/Jan/2022:13:08:11 -0500] "GET /appsia/images/logo_bogota_p.png HTTP/1.1" 200 14951
170.79.88.81 - - [01/Jan/2022:13:08:11 -0500] "GET /favicon.ico HTTP/1.1" 200 7782
34.91.67.111 - - [01/Jan/2022:13:08:15 -0500] "GET / HTTP/1.1" 200 319
170.79.88.81 - - [01/Jan/2022:13:08:20 -0500] "POST /appsia/controlador HTTP/1.1" 200 5437
181.48.255.68 - - [01/Jan/2022:13:08:21 -0500] "GET /appsia/controlador HTTP/1.1" 200 4799
181.48.255.68 - - [01/Jan/2022:13:08:21 -0500] "GET /appsia/css/estilos.css HTTP/1.1" 200 4804
181.48.255.68 - - [01/Jan/2022:13:08:22 -0500] "GET /appsia/images/cabezoteHojaVida.png HTTP/1.1" 200 32493
181.48.255.68 - - [01/Jan/2022:13:08:23 -0500] "GET /appsia/scripts/validarIngreso.js HTTP/1.1" 200 851
181.48.255.68 - - [01/Jan/2022:13:08:23 -0500] "GET /appsia/images/logo_bogota_p.png HTTP/1.1" 200 14951
170.79.88.81 - - [01/Jan/2022:13:08:24 -0500] "POST /appsia/controlador HTTP/1.1" 200 7725
170.79.88.81 - - [01/Jan/2022:13:08:24 -0500] "GET /appsia/images/logo_escudo.png HTTP/1.1" 200 36965
216.245.221.92 - - [01/Jan/2022:13:10:31 -0500] "HEAD / HTTP/1.1" 200 -
179.51.112.201 - - [01/Jan/2022:13:11:29 -0500] "GET /galeria/galeria/jquery.fancybox.css?v=2.1.5 HTTP/1.1" 200 4895
201.245.192.253 - - [01/Jan/2022:13:11:47 -0500] "POST /kwsrmcab/Wsrmcab HTTP/1.1" 200 213
66.249.75.113 - - [01/Jan/2022:13:12:48 -0500] "-" 408 -
207.46.13.88 - - [01/Jan/2022:13:13:45 -0500] "GET /galeria/galeria/fotos/micos6G.jpg HTTP/1.1" 200 270262
216.245.221.92 - - [01/Jan/2022:13:15:31 -0500] "HEAD / HTTP/1.1" 200 -
186.84.89.137 - - [01/Jan/2022:13:16:48 -0500] "GET /galeria/galeria/jquery.fancybox.css?v=2.1.5 HTTP/1.1" 200 4895
66.249.75.109 - - [01/Jan/2022:13:18:27 -0500] "-" 408 -
216.245.221.92 - - [01/Jan/2022:13:20:31 -0500] "HEAD / HTTP/1.1" 200 -
190.199.228.122 - - [01/Jan/2022:13:20:53 -0500] "GET /phpmyadmin/ HTTP/1.1" 403 1165
