191.95.59.140 - - [05/Jan/2022:09:06:47 -0500] "POST /sipse/faces/autenticacion.xhtml HTTP/1.1" 200 16375
191.95.59.140 - - [05/Jan/2022:09:06:47 -0500] "GET /sipse/css/custom_css_sg_prime.css HTTP/1.1" 200 5201
191.95.59.140 - - [05/Jan/2022:09:06:47 -0500] "GET /sipse/faces/javax.faces.resource/theme.css?ln=primefaces-sipse HTTP/1.1" 304 -
191.95.59.140 - - [05/Jan/2022:09:06:47 -0500] "GET /sipse/faces/javax.faces.resource/layout/layout.css?ln=primefaces&v=4.0 HTTP/1.1" 304 -
191.95.59.140 - - [05/Jan/2022:09:06:47 -0500] "GET /sipse/faces/javax.faces.resource/primefaces.css?ln=primefaces&v=4.0 HTTP/1.1" 304 -
191.95.59.140 - - [05/Jan/2022:09:06:47 -0500] "GET /sipse/js/jquery.min.js HTTP/1.1" 200 85582
191.95.59.140 - - [05/Jan/2022:09:06:48 -0500] "GET /sipse/faces/javax.faces.resource/jquery/jquery.js?ln=primefaces&v=4.0 HTTP/1.1" 304 -
191.95.59.140 - - [05/Jan/2022:09:06:48 -0500] "GET /sipse/faces/javax.faces.resource/jquery/jquery-plugins.js?ln=primefaces&v=4.0 HTTP/1.1" 304 -
191.95.59.140 - - [05/Jan/2022:09:06:48 -0500] "GET /sipse/faces/javax.faces.resource/primefaces.js?ln=primefaces&v=4.0 HTTP/1.1" 304 -
191.95.59.140 - - [05/Jan/2022:09:06:48 -0500] "GET /sipse/faces/javax.faces.resource/layout/layout.js?ln=primefaces&v=4.0 HTTP/1.1" 304 -
191.95.59.140 - - [05/Jan/2022:09:06:48 -0500] "GET /sipse/css/imagen/contrasena.png HTTP/1.1" 404 383
191.95.59.140 - - [05/Jan/2022:09:06:48 -0500] "GET /sipse/imagenes/cargando.gif HTTP/1.1" 200 36959
191.95.59.140 - - [05/Jan/2022:09:06:48 -0500] "GET /sipse/imagenes/logoAplicacion.jpg HTTP/1.1" 200 155084
186.84.89.157 - - [05/Jan/2022:09:06:49 -0500] "GET /sipse/faces/javax.faces.resource/theme.css?ln=primefaces-sipse HTTP/1.1" 304 -
186.84.89.157 - - [05/Jan/2022:09:06:48 -0500] "POST /sipse/faces/presentacion/financiero/solicitudProceso/consultarSolicitudProceso.xhtml HTTP/1.1" 200 37201
186.84.89.157 - - [05/Jan/2022:09:06:49 -0500] "GET /sipse/faces/javax.faces.resource/primefaces.css?ln=primefaces&v=4.0 HTTP/1.1" 304 -
186.84.89.157 - - [05/Jan/2022:09:06:49 -0500] "GET /sipse/faces/javax.faces.resource/layout/layout.css?ln=primefaces&v=4.0 HTTP/1.1" 304 -
186.84.89.157 - - [05/Jan/2022:09:06:49 -0500] "GET /sipse/faces/javax.faces.resource/jquery/jquery.js?ln=primefaces&v=4.0 HTTP/1.1" 304 -
186.84.89.157 - - [05/Jan/2022:09:06:49 -0500] "GET /sipse/faces/javax.faces.resource/primefaces.js?ln=primefaces&v=4.0 HTTP/1.1" 304 -
186.84.89.157 - - [05/Jan/2022:09:06:49 -0500] "GET /sipse/faces/javax.faces.resource/jquery/jquery-plugins.js?ln=primefaces&v=4.0 HTTP/1.1" 304 -
186.84.89.157 - - [05/Jan/2022:09:06:49 -0500] "GET /sipse/faces/javax.faces.resource/layout/layout.js?ln=primefaces&v=4.0 HTTP/1.1" 304 -
191.95.59.140 - - [05/Jan/2022:09:06:51 -0500] "GET /sipse/faces/javax.faces.resource/images/ui-bg_flat_0_2d5972_40x100.png?ln=primefaces-aristo HTTP/1.1" 200 183
191.95.59.140 - - [05/Jan/2022:09:06:51 -0500] "POST /sipse/faces/bienvenido.xhtml HTTP/1.1" 200 2658
201.245.192.253 - - [05/Jan/2022:09:06:03 -0500] "POST /kwsrmcab/Wsrmcab HTTP/1.1" 200 113563
181.61.7.90 - - [05/Jan/2022:09:06:53 -0500] "POST /sipse/faces/presentacion/workflow/reasignarReenrutar.xhtml HTTP/1.1" 200 15602
191.95.59.140 - - [05/Jan/2022:09:06:52 -0500] "POST /sipse/faces/bienvenido.xhtml HTTP/1.1" 200 62583
191.95.59.140 - - [05/Jan/2022:09:06:53 -0500] "GET /sipse/faces/javax.faces.resource/theme.css?ln=primefaces-sipse HTTP/1.1" 304 -
191.95.59.140 - - [05/Jan/2022:09:06:53 -0500] "GET /sipse/faces/javax.faces.resource/primefaces.css?ln=primefaces&v=4.0 HTTP/1.1" 304 -
191.95.59.140 - - [05/Jan/2022:09:06:53 -0500] "GET /sipse/faces/javax.faces.resource/layout/layout.css?ln=primefaces&v=4.0 HTTP/1.1" 304 -
191.95.59.140 - - [05/Jan/2022:09:06:53 -0500] "GET /sipse/faces/javax.faces.resource/jquery/jquery.js?ln=primefaces&v=4.0 HTTP/1.1" 304 -
191.95.59.140 - - [05/Jan/2022:09:06:54 -0500] "GET /sipse/faces/javax.faces.resource/jquery/jquery-plugins.js?ln=primefaces&v=4.0 HTTP/1.1" 304 -
191.95.59.140 - - [05/Jan/2022:09:06:54 -0500] "GET /sipse/faces/javax.faces.resource/primefaces.js?ln=primefaces&v=4.0 HTTP/1.1" 304 -
191.95.59.140 - - [05/Jan/2022:09:06:54 -0500] "GET /sipse/faces/javax.faces.resource/layout/layout.js?ln=primefaces&v=4.0 HTTP/1.1" 304 -
191.95.59.140 - - [05/Jan/2022:09:06:54 -0500] "POST /sipse/faces/presentacion/financiero/solicitudProceso/listarSolicitudProceso.xhtml HTTP/1.1" 200 1448
181.61.7.90 - - [05/Jan/2022:09:06:59 -0500] "POST /sipse/faces/presentacion/workflow/reasignarReenrutar.xhtml HTTP/1.1" 200 15675
181.61.7.90 - - [05/Jan/2022:09:07:00 -0500] "POST /sipse/faces/presentacion/workflow/reasignarReenrutar.xhtml HTTP/1.1" 200 52205
181.61.7.90 - - [05/Jan/2022:09:07:08 -0500] "POST /sipse/faces/presentacion/workflow/reasignarReenrutar.xhtml HTTP/1.1" 200 52217
181.61.7.90 - - [05/Jan/2022:09:07:15 -0500] "POST /sipse/faces/presentacion/workflow/reasignarReenrutar.xhtml HTTP/1.1" 200 52795
181.61.7.90 - - [05/Jan/2022:09:07:16 -0500] "POST /sipse/faces/presentacion/workflow/reasignarReenrutar.xhtml HTTP/1.1" 200 4925
181.61.7.90 - - [05/Jan/2022:09:07:29 -0500] "POST /sipse/faces/presentacion/workflow/reasignarReenrutar.xhtml HTTP/1.1" 200 15602
181.61.7.90 - - [05/Jan/2022:09:07:31 -0500] "POST /sipse/faces/presentacion/workflow/reasignarReenrutar.xhtml HTTP/1.1" 200 15675
191.102.120.98 - - [05/Jan/2022:09:07:30 -0500] "POST /sipse/faces/presentacion/financiero/solicitudProceso/consultarSolicitudProceso.xhtml HTTP/1.1" 200 33733
191.102.120.98 - - [05/Jan/2022:09:07:33 -0500] "GET /sipse/faces/javax.faces.resource/theme.css?ln=primefaces-sipse HTTP/1.1" 304 -
191.102.120.98 - - [05/Jan/2022:09:07:33 -0500] "GET /sipse/faces/javax.faces.resource/primefaces.css?ln=primefaces&v=4.0 HTTP/1.1" 304 -
191.102.120.98 - - [05/Jan/2022:09:07:33 -0500] "GET /sipse/faces/javax.faces.resource/layout/layout.css?ln=primefaces&v=4.0 HTTP/1.1" 304 -
191.102.120.98 - - [05/Jan/2022:09:07:33 -0500] "GET /sipse/faces/javax.faces.resource/jquery/jquery.js?ln=primefaces&v=4.0 HTTP/1.1" 304 -
191.102.120.98 - - [05/Jan/2022:09:07:33 -0500] "GET /sipse/faces/javax.faces.resource/jquery/jquery-plugins.js?ln=primefaces&v=4.0 HTTP/1.1" 304 -
191.102.120.98 - - [05/Jan/2022:09:07:33 -0500] "GET /sipse/css/imagen/contrasena.png HTTP/1.1" 404 383
191.102.120.98 - - [05/Jan/2022:09:07:33 -0500] "GET /sipse/faces/javax.faces.resource/primefaces.js?ln=primefaces&v=4.0 HTTP/1.1" 304 -
191.102.120.98 - - [05/Jan/2022:09:07:33 -0500] "GET /sipse/faces/javax.faces.resource/layout/layout.js?ln=primefaces&v=4.0 HTTP/1.1" 304 -
191.102.120.98 - - [05/Jan/2022:09:07:33 -0500] "POST /sipse/faces/presentacion/sistema/reporte/listarReportes.xhtml HTTP/1.1" 200 27046
191.102.120.98 - - [05/Jan/2022:09:07:33 -0500] "POST /sipse/faces/presentacion/sistema/reporte/listarReportes.xhtml HTTP/1.1" 200 27046
191.102.120.98 - - [05/Jan/2022:09:07:34 -0500] "POST /sipse/faces/presentacion/sistema/reporte/listarReportes.xhtml HTTP/1.1" 200 27046
191.102.120.98 - - [05/Jan/2022:09:07:34 -0500] "POST /sipse/faces/presentacion/sistema/reporte/listarReportes.xhtml HTTP/1.1" 200 27046
191.102.120.98 - - [05/Jan/2022:09:07:37 -0500] "POST /sipse/faces/presentacion/sistema/reporte/listarReportes.xhtml HTTP/1.1" 200 22343
191.102.120.98 - - [05/Jan/2022:09:07:37 -0500] "GET /sipse/faces/javax.faces.resource/primefaces.css?ln=primefaces&v=4.0 HTTP/1.1" 304 -
191.102.120.98 - - [05/Jan/2022:09:07:37 -0500] "GET /sipse/faces/javax.faces.resource/theme.css?ln=primefaces-sipse HTTP/1.1" 304 -
191.102.120.98 - - [05/Jan/2022:09:07:37 -0500] "GET /sipse/faces/javax.faces.resource/layout/layout.css?ln=primefaces&v=4.0 HTTP/1.1" 304 -
191.102.120.98 - - [05/Jan/2022:09:07:37 -0500] "GET /sipse/faces/javax.faces.resource/jquery/jquery.js?ln=primefaces&v=4.0 HTTP/1.1" 304 -
191.102.120.98 - - [05/Jan/2022:09:07:37 -0500] "GET /sipse/faces/javax.faces.resource/primefaces.js?ln=primefaces&v=4.0 HTTP/1.1" 304 -
191.102.120.98 - - [05/Jan/2022:09:07:37 -0500] "GET /sipse/faces/javax.faces.resource/layout/layout.js?ln=primefaces&v=4.0 HTTP/1.1" 304 -
191.102.120.98 - - [05/Jan/2022:09:07:37 -0500] "GET /sipse/faces/javax.faces.resource/jquery/jquery-plugins.js?ln=primefaces&v=4.0 HTTP/1.1" 304 -
191.102.120.98 - - [05/Jan/2022:09:07:37 -0500] "GET /sipse/css/imagen/contrasena.png HTTP/1.1" 404 383
191.102.120.98 - - [05/Jan/2022:09:07:37 -0500] "GET /reportes_sipse/sdg/ServletReporte?reporte=no_hay HTTP/1.1" 200 5373
181.61.7.90 - - [05/Jan/2022:09:07:33 -0500] "POST /sipse/faces/presentacion/workflow/reasignarReenrutar.xhtml HTTP/1.1" 200 52193
191.102.120.98 - - [05/Jan/2022:09:07:43 -0500] "POST /reportes_sipse/sdg/ServletControlador HTTP/1.1" 200 148871
181.61.7.90 - - [05/Jan/2022:09:07:44 -0500] "POST /sipse/faces/presentacion/workflow/reasignarReenrutar.xhtml HTTP/1.1" 200 52205
191.102.120.98 - - [05/Jan/2022:09:07:48 -0500] "GET /reportes_sipse/sdg/ServletControlador HTTP/1.1" 200 148871
181.61.7.90 - - [05/Jan/2022:09:07:51 -0500] "POST /sipse/faces/presentacion/workflow/reasignarReenrutar.xhtml HTTP/1.1" 200 52787
192.168.172.26 - - [05/Jan/2022:09:07:52 -0500] "GET /BLA/boletinlegal/actos.php HTTP/1.1" 200 9515
181.61.7.90 - - [05/Jan/2022:09:07:52 -0500] "POST /sipse/faces/presentacion/workflow/reasignarReenrutar.xhtml HTTP/1.1" 200 4921
191.95.59.140 - - [05/Jan/2022:09:07:59 -0500] "POST /sipse/faces/presentacion/financiero/solicitudProceso/listarSolicitudProceso.xhtml HTTP/1.1" 200 35564
191.95.59.140 - - [05/Jan/2022:09:08:00 -0500] "POST /sipse/faces/presentacion/financiero/solicitudProceso/listarSolicitudProceso.xhtml HTTP/1.1" 200 12286
181.61.7.90 - - [05/Jan/2022:09:08:01 -0500] "POST /sipse/faces/presentacion/workflow/reasignarReenrutar.xhtml HTTP/1.1" 200 15602
181.61.7.90 - - [05/Jan/2022:09:08:04 -0500] "POST /sipse/faces/presentacion/workflow/reasignarReenrutar.xhtml HTTP/1.1" 200 15675
191.95.59.140 - - [05/Jan/2022:09:08:08 -0500] "POST /sipse/faces/presentacion/financiero/solicitudProceso/listarSolicitudProceso.xhtml HTTP/1.1" 200 35564
191.95.59.140 - - [05/Jan/2022:09:08:08 -0500] "POST /sipse/faces/presentacion/financiero/solicitudProceso/listarSolicitudProceso.xhtml HTTP/1.1" 200 12282
181.61.7.90 - - [05/Jan/2022:09:08:06 -0500] "POST /sipse/faces/presentacion/workflow/reasignarReenrutar.xhtml HTTP/1.1" 200 52217
192.168.172.26 - - [05/Jan/2022:09:08:12 -0500] "POST /BLA/boletinlegal/admin/actos/ingresar.php HTTP/1.1" 200 7236
181.61.7.90 - - [05/Jan/2022:09:08:15 -0500] "POST /sipse/faces/presentacion/workflow/reasignarReenrutar.xhtml HTTP/1.1" 200 52233
192.168.172.26 - - [05/Jan/2022:09:08:16 -0500] "GET /BLA/boletinlegal/consulta_actos.php?tipo=autos&no=6837&usuario=&sector=&fecha=2021&resuelve= HTTP/1.1" 200 1082
191.95.59.140 - - [05/Jan/2022:09:08:16 -0500] "POST /sipse/faces/presentacion/financiero/solicitudProceso/listarSolicitudProceso.xhtml HTTP/1.1" 200 35564
191.95.59.140 - - [05/Jan/2022:09:08:17 -0500] "POST /sipse/faces/presentacion/financiero/solicitudProceso/listarSolicitudProceso.xhtml HTTP/1.1" 200 14995
181.61.7.90 - - [05/Jan/2022:09:08:19 -0500] "POST /sipse/faces/presentacion/workflow/reasignarReenrutar.xhtml HTTP/1.1" 200 52807
191.95.59.140 - - [05/Jan/2022:09:08:26 -0500] "POST /sipse/faces/presentacion/financiero/solicitudProceso/listarSolicitudProceso.xhtml HTTP/1.1" 200 35564
181.61.7.90 - - [05/Jan/2022:09:08:28 -0500] "POST /sipse/faces/presentacion/workflow/reasignarReenrutar.xhtml HTTP/1.1" 200 4921
191.95.59.140 - - [05/Jan/2022:09:08:29 -0500] "POST /sipse/faces/presentacion/financiero/solicitudProceso/listarSolicitudProceso.xhtml HTTP/1.1" 200 12282
191.95.59.140 - - [05/Jan/2022:09:08:36 -0500] "POST /sipse/faces/presentacion/financiero/solicitudProceso/listarSolicitudProceso.xhtml HTTP/1.1" 200 35564
181.61.7.90 - - [05/Jan/2022:09:08:37 -0500] "POST /sipse/faces/presentacion/workflow/reasignarReenrutar.xhtml HTTP/1.1" 200 15602
181.61.7.90 - - [05/Jan/2022:09:08:39 -0500] "POST /sipse/faces/presentacion/workflow/reasignarReenrutar.xhtml HTTP/1.1" 200 15675
181.61.7.90 - - [05/Jan/2022:09:08:41 -0500] "POST /sipse/faces/presentacion/workflow/reasignarReenrutar.xhtml HTTP/1.1" 200 52133
181.61.7.90 - - [05/Jan/2022:09:08:49 -0500] "POST /sipse/faces/presentacion/workflow/reasignarReenrutar.xhtml HTTP/1.1" 200 52145
181.61.7.90 - - [05/Jan/2022:09:08:54 -0500] "POST /sipse/faces/presentacion/workflow/reasignarReenrutar.xhtml HTTP/1.1" 200 52723
181.61.7.90 - - [05/Jan/2022:09:08:56 -0500] "POST /sipse/faces/presentacion/workflow/reasignarReenrutar.xhtml HTTP/1.1" 200 4925
186.84.89.157 - - [05/Jan/2022:09:08:57 -0500] "POST /sipse/faces/presentacion/financiero/solicitudProceso/consultarHistorialSolProceso.xhtml HTTP/1.1" 200 43922
186.84.89.157 - - [05/Jan/2022:09:08:58 -0500] "GET /sipse/faces/javax.faces.resource/theme.css?ln=primefaces-sipse HTTP/1.1" 304 -
186.84.89.157 - - [05/Jan/2022:09:08:58 -0500] "GET /sipse/faces/javax.faces.resource/jquery/jquery.js?ln=primefaces&v=4.0 HTTP/1.1" 304 -
186.84.89.157 - - [05/Jan/2022:09:08:58 -0500] "GET /sipse/faces/javax.faces.resource/layout/layout.css?ln=primefaces&v=4.0 HTTP/1.1" 304 -
186.84.89.157 - - [05/Jan/2022:09:08:58 -0500] "GET /sipse/faces/javax.faces.resource/primefaces.css?ln=primefaces&v=4.0 HTTP/1.1" 304 -
186.84.89.157 - - [05/Jan/2022:09:08:58 -0500] "GET /sipse/faces/javax.faces.resource/jquery/jquery-plugins.js?ln=primefaces&v=4.0 HTTP/1.1" 304 -
186.84.89.157 - - [05/Jan/2022:09:08:58 -0500] "GET /sipse/css/imagen/contrasena.png HTTP/1.1" 404 383
186.84.89.157 - - [05/Jan/2022:09:08:58 -0500] "GET /sipse/faces/javax.faces.resource/primefaces.js?ln=primefaces&v=4.0 HTTP/1.1" 304 -
186.84.89.157 - - [05/Jan/2022:09:08:58 -0500] "GET /sipse/faces/javax.faces.resource/layout/layout.js?ln=primefaces&v=4.0 HTTP/1.1" 304 -
186.84.89.157 - - [05/Jan/2022:09:08:58 -0500] "GET /sipse/faces/javax.faces.resource/images/ui-icons_898989_256x240.png?ln=primefaces-aristo HTTP/1.1" 304 -
186.84.89.157 - - [05/Jan/2022:09:09:00 -0500] "GET /sipse/faces/javax.faces.resource/images/ui-bg_flat_0_2d5972_40x100.png?ln=primefaces-aristo HTTP/1.1" 304 -
186.84.89.157 - - [05/Jan/2022:09:09:00 -0500] "POST /sipse/faces/presentacion/financiero/solicitudProceso/consultar.xhtml HTTP/1.1" 200 12792
181.61.7.90 - - [05/Jan/2022:09:09:04 -0500] "POST /sipse/faces/presentacion/workflow/reasignarReenrutar.xhtml HTTP/1.1" 200 15602
186.84.89.157 - - [05/Jan/2022:09:09:06 -0500] "POST /sipse/faces/presentacion/financiero/solicitudProceso/consultar.xhtml HTTP/1.1" 200 12801
181.61.7.90 - - [05/Jan/2022:09:09:07 -0500] "POST /sipse/faces/presentacion/workflow/reasignarReenrutar.xhtml HTTP/1.1" 200 15675
181.61.7.90 - - [05/Jan/2022:09:09:08 -0500] "POST /sipse/faces/presentacion/workflow/reasignarReenrutar.xhtml HTTP/1.1" 200 52165
186.84.89.157 - - [05/Jan/2022:09:09:13 -0500] "POST /sipse/faces/presentacion/financiero/solicitudProceso/consultar.xhtml HTTP/1.1" 200 12790
186.84.89.157 - - [05/Jan/2022:09:09:19 -0500] "POST /sipse/faces/presentacion/financiero/solicitudProceso/consultar.xhtml HTTP/1.1" 200 12807
186.84.89.157 - - [05/Jan/2022:09:09:25 -0500] "POST /sipse/faces/presentacion/financiero/solicitudProceso/consultar.xhtml HTTP/1.1" 200 12802
216.245.221.92 - - [05/Jan/2022:09:09:29 -0500] "HEAD / HTTP/1.1" 200 -
186.84.89.157 - - [05/Jan/2022:09:09:32 -0500] "POST /sipse/faces/presentacion/financiero/solicitudProceso/consultar.xhtml HTTP/1.1" 200 12784
181.61.7.90 - - [05/Jan/2022:09:09:33 -0500] "POST /sipse/faces/presentacion/workflow/reasignarReenrutar.xhtml HTTP/1.1" 200 52173
181.61.7.90 - - [05/Jan/2022:09:09:37 -0500] "POST /sipse/faces/presentacion/workflow/reasignarReenrutar.xhtml HTTP/1.1" 200 52755
186.84.89.157 - - [05/Jan/2022:09:09:38 -0500] "POST /sipse/faces/presentacion/financiero/solicitudProceso/consultar.xhtml HTTP/1.1" 200 12818
181.61.7.90 - - [05/Jan/2022:09:09:38 -0500] "POST /sipse/faces/presentacion/workflow/reasignarReenrutar.xhtml HTTP/1.1" 200 4925
186.84.89.157 - - [05/Jan/2022:09:09:44 -0500] "POST /sipse/faces/presentacion/financiero/solicitudProceso/consultar.xhtml HTTP/1.1" 200 12806
181.61.7.90 - - [05/Jan/2022:09:09:46 -0500] "POST /sipse/faces/presentacion/workflow/reasignarReenrutar.xhtml HTTP/1.1" 200 42950
181.61.7.90 - - [05/Jan/2022:09:09:46 -0500] "GET /sipse/faces/javax.faces.resource/jquery/jquery.js?ln=primefaces&v=4.0 HTTP/1.1" 304 -
181.61.7.90 - - [05/Jan/2022:09:09:46 -0500] "GET /sipse/faces/javax.faces.resource/jquery/jquery-plugins.js?ln=primefaces&v=4.0 HTTP/1.1" 304 -
181.61.7.90 - - [05/Jan/2022:09:09:46 -0500] "GET /sipse/faces/javax.faces.resource/primefaces.js?ln=primefaces&v=4.0 HTTP/1.1" 304 -
181.61.7.90 - - [05/Jan/2022:09:09:46 -0500] "GET /sipse/faces/javax.faces.resource/layout/layout.js?ln=primefaces&v=4.0 HTTP/1.1" 304 -
181.61.7.90 - - [05/Jan/2022:09:09:46 -0500] "POST /sipse/faces/presentacion/financiero/solicitudProceso/consultar.xhtml HTTP/1.1" 200 36242
181.61.7.90 - - [05/Jan/2022:09:09:47 -0500] "POST /sipse/faces/presentacion/financiero/solicitudProceso/consultar.xhtml HTTP/1.1" 200 36242
181.61.7.90 - - [05/Jan/2022:09:09:47 -0500] "POST /sipse/faces/presentacion/financiero/solicitudProceso/consultar.xhtml HTTP/1.1" 200 36242
181.61.7.90 - - [05/Jan/2022:09:09:47 -0500] "POST /sipse/faces/presentacion/financiero/solicitudProceso/consultar.xhtml HTTP/1.1" 200 36242
181.61.7.90 - - [05/Jan/2022:09:09:48 -0500] "POST /sipse/faces/presentacion/financiero/solicitudProceso/consultar.xhtml HTTP/1.1" 200 36242
181.61.7.90 - - [05/Jan/2022:09:09:48 -0500] "POST /sipse/faces/presentacion/financiero/solicitudProceso/consultar.xhtml HTTP/1.1" 200 36242
181.61.7.90 - - [05/Jan/2022:09:09:48 -0500] "POST /sipse/faces/presentacion/financiero/solicitudProceso/consultar.xhtml HTTP/1.1" 200 36242
181.61.7.90 - - [05/Jan/2022:09:09:49 -0500] "POST /sipse/faces/presentacion/financiero/solicitudProceso/consultar.xhtml HTTP/1.1" 200 36242
181.61.7.90 - - [05/Jan/2022:09:09:49 -0500] "POST /sipse/faces/presentacion/financiero/solicitudProceso/consultar.xhtml HTTP/1.1" 200 36242
186.84.89.157 - - [05/Jan/2022:09:09:51 -0500] "POST /sipse/faces/presentacion/financiero/solicitudProceso/consultar.xhtml HTTP/1.1" 200 12957
186.84.89.157 - - [05/Jan/2022:09:09:57 -0500] "POST /sipse/faces/presentacion/financiero/solicitudProceso/consultar.xhtml HTTP/1.1" 200 12861
181.61.7.90 - - [05/Jan/2022:09:10:01 -0500] "POST /sipse/faces/presentacion/financiero/solicitudProceso/consultar.xhtml HTTP/1.1" 200 12878
181.61.7.90 - - [05/Jan/2022:09:10:09 -0500] "POST /sipse/faces/presentacion/financiero/solicitudProceso/consultar.xhtml HTTP/1.1" 200 12941
186.84.89.157 - - [05/Jan/2022:09:10:10 -0500] "POST /sipse/faces/presentacion/financiero/solicitudProceso/consultar.xhtml HTTP/1.1" 200 12767
181.61.7.90 - - [05/Jan/2022:09:10:16 -0500] "POST /sipse/faces/presentacion/financiero/solicitudProceso/consultar.xhtml HTTP/1.1" 200 12969
181.61.7.90 - - [05/Jan/2022:09:10:22 -0500] "POST /sipse/faces/presentacion/financiero/solicitudProceso/consultar.xhtml HTTP/1.1" 200 12969
181.61.7.90 - - [05/Jan/2022:09:10:28 -0500] "POST /sipse/faces/presentacion/financiero/solicitudProceso/consultar.xhtml HTTP/1.1" 200 12969
181.61.7.90 - - [05/Jan/2022:09:10:34 -0500] "POST /sipse/faces/presentacion/financiero/solicitudProceso/consultar.xhtml HTTP/1.1" 200 12969
181.61.7.90 - - [05/Jan/2022:09:10:41 -0500] "POST /sipse/faces/presentacion/financiero/solicitudProceso/consultar.xhtml HTTP/1.1" 200 9857
181.61.7.90 - - [05/Jan/2022:09:10:46 -0500] "POST /sipse/faces/presentacion/financiero/solicitudProceso/consultar.xhtml HTTP/1.1" 200 12969
181.61.7.90 - - [05/Jan/2022:09:10:54 -0500] "POST /sipse/faces/presentacion/financiero/solicitudProceso/consultar.xhtml HTTP/1.1" 200 12969
186.84.89.157 - - [05/Jan/2022:09:10:57 -0500] "POST /sipse/faces/presentacion/financiero/solicitudProceso/consultar.xhtml HTTP/1.1" 200 12911
181.61.7.90 - - [05/Jan/2022:09:11:01 -0500] "POST /sipse/faces/presentacion/financiero/solicitudProceso/consultar.xhtml HTTP/1.1" 200 12806
186.84.89.157 - - [05/Jan/2022:09:11:03 -0500] "POST /sipse/faces/presentacion/financiero/solicitudProceso/consultar.xhtml HTTP/1.1" 200 12860
181.61.7.90 - - [05/Jan/2022:09:11:08 -0500] "POST /sipse/faces/presentacion/financiero/solicitudProceso/consultar.xhtml HTTP/1.1" 200 12890
186.84.89.157 - - [05/Jan/2022:09:11:09 -0500] "POST /sipse/faces/presentacion/financiero/solicitudProceso/consultar.xhtml HTTP/1.1" 200 12902
181.61.7.90 - - [05/Jan/2022:09:11:14 -0500] "POST /sipse/faces/presentacion/financiero/solicitudProceso/consultar.xhtml HTTP/1.1" 200 12902
181.61.7.90 - - [05/Jan/2022:09:11:21 -0500] "POST /sipse/faces/presentacion/financiero/solicitudProceso/consultar.xhtml HTTP/1.1" 200 12770
181.61.7.90 - - [05/Jan/2022:09:11:28 -0500] "POST /sipse/faces/presentacion/financiero/solicitudProceso/consultar.xhtml HTTP/1.1" 200 12858
192.168.172.26 - - [05/Jan/2022:09:11:51 -0500] "POST /BLA/boletinlegal/admin/actos/ingresar.php HTTP/1.1" 200 7236
186.102.14.34 - - [05/Jan/2022:09:11:53 -0500] "GET /appsia/controlador HTTP/1.1" 200 4799
192.168.172.26 - - [05/Jan/2022:09:11:56 -0500] "GET /BLA/boletinlegal/consulta_actos.php?tipo=autos&no=6836&usuario=&sector=&fecha=2021&resuelve= HTTP/1.1" 200 1082
186.102.14.34 - - [05/Jan/2022:09:12:07 -0500] "POST /appsia/controlador HTTP/1.1" 200 5437
186.102.14.34 - - [05/Jan/2022:09:12:09 -0500] "POST /appsia/controlador HTTP/1.1" 200 9405
186.84.89.157 - - [05/Jan/2022:09:12:19 -0500] "POST /sipse/faces/presentacion/financiero/solicitudProceso/consultar.xhtml HTTP/1.1" 200 12859
186.84.89.157 - - [05/Jan/2022:09:12:26 -0500] "POST /sipse/faces/presentacion/financiero/solicitudProceso/consultar.xhtml HTTP/1.1" 200 12900
186.84.89.157 - - [05/Jan/2022:09:12:32 -0500] "POST /sipse/faces/presentacion/financiero/solicitudProceso/consultar.xhtml HTTP/1.1" 200 12907
201.245.192.253 - - [05/Jan/2022:09:12:12 -0500] "POST /kwsrmcab/Wsrmcab HTTP/1.1" 200 113563
186.84.89.157 - - [05/Jan/2022:09:13:19 -0500] "POST /sipse/faces/presentacion/financiero/solicitudProceso/consultar.xhtml HTTP/1.1" 200 12900
201.245.192.253 - - [05/Jan/2022:09:13:22 -0500] "GET /sipse/faces/index.xhtml HTTP/1.1" 200 677
201.245.192.253 - - [05/Jan/2022:09:13:22 -0500] "GET /sipse/faces/javax.faces.resource/theme.css?ln=primefaces-sipse HTTP/1.1" 200 50058
201.245.192.253 - - [05/Jan/2022:09:13:22 -0500] "GET /favicon.ico HTTP/1.1" 200 7782
201.245.192.253 - - [05/Jan/2022:09:13:22 -0500] "GET /sipse/faces/faces/autenticacion.xhtml HTTP/1.1" 200 12173
201.245.192.253 - - [05/Jan/2022:09:13:22 -0500] "GET /sipse/css/custom_css_sg.css HTTP/1.1" 200 9694
201.245.192.253 - - [05/Jan/2022:09:13:22 -0500] "GET /sipse/css/custom_css_sg_prime_login.css HTTP/1.1" 200 443
201.245.192.253 - - [05/Jan/2022:09:13:22 -0500] "GET /sipse/faces/javax.faces.resource/theme.css?ln=primefaces-sipse HTTP/1.1" 304 -
201.245.192.253 - - [05/Jan/2022:09:13:22 -0500] "GET /sipse/faces/javax.faces.resource/layout/layout.css?ln=primefaces&v=4.0 HTTP/1.1" 200 542
201.245.192.253 - - [05/Jan/2022:09:13:22 -0500] "GET /sipse/js/disable_browser_buttons.js HTTP/1.1" 304 -
201.245.192.253 - - [05/Jan/2022:09:13:22 -0500] "GET /sipse/js/funciones.js HTTP/1.1" 304 -
201.245.192.253 - - [05/Jan/2022:09:13:22 -0500] "GET /sipse/faces/javax.faces.resource/primefaces.css?ln=primefaces&v=4.0 HTTP/1.1" 200 53295
201.245.192.253 - - [05/Jan/2022:09:13:22 -0500] "GET /sipse/faces/javax.faces.resource/jquery/jquery.js?ln=primefaces&v=4.0 HTTP/1.1" 304 -
201.245.192.253 - - [05/Jan/2022:09:13:22 -0500] "GET /sipse/faces/javax.faces.resource/jquery/jquery-plugins.js?ln=primefaces&v=4.0 HTTP/1.1" 304 -
201.245.192.253 - - [05/Jan/2022:09:13:22 -0500] "GET /sipse/faces/javax.faces.resource/primefaces.js?ln=primefaces&v=4.0 HTTP/1.1" 304 -
201.245.192.253 - - [05/Jan/2022:09:13:23 -0500] "GET /sipse/faces/javax.faces.resource/layout/layout.js?ln=primefaces&v=4.0 HTTP/1.1" 304 -
201.245.192.253 - - [05/Jan/2022:09:13:23 -0500] "GET /sipse/faces/javax.faces.resource/images/ui-icons_898989_256x240.png?ln=primefaces-aristo HTTP/1.1" 200 5355
201.245.192.253 - - [05/Jan/2022:09:13:23 -0500] "GET /sipse/css/imagen/logoSDG.png HTTP/1.1" 200 53064
201.245.192.253 - - [05/Jan/2022:09:13:23 -0500] "GET /sipse/css/imagen/loginimg.png HTTP/1.1" 200 71635
186.84.89.157 - - [05/Jan/2022:09:13:26 -0500] "POST /sipse/faces/presentacion/financiero/solicitudProceso/consultar.xhtml HTTP/1.1" 200 12865
192.168.172.26 - - [05/Jan/2022:09:13:32 -0500] "POST /BLA/boletinlegal/admin/actos/ingresar.php HTTP/1.1" 200 7236
186.84.89.157 - - [05/Jan/2022:09:13:32 -0500] "POST /sipse/faces/presentacion/financiero/solicitudProceso/consultar.xhtml HTTP/1.1" 200 12841
186.84.89.157 - - [05/Jan/2022:09:13:38 -0500] "POST /sipse/faces/presentacion/financiero/solicitudProceso/consultar.xhtml HTTP/1.1" 200 12914
186.84.89.157 - - [05/Jan/2022:09:13:47 -0500] "POST /sipse/faces/presentacion/financiero/solicitudProceso/consultar.xhtml HTTP/1.1" 200 12925
186.84.89.157 - - [05/Jan/2022:09:13:54 -0500] "POST /sipse/faces/presentacion/financiero/solicitudProceso/consultar.xhtml HTTP/1.1" 200 12944
201.245.192.253 - - [05/Jan/2022:09:13:54 -0500] "POST /sipse/faces/autenticacion.xhtml HTTP/1.1" 200 2218
201.245.192.253 - - [05/Jan/2022:09:13:54 -0500] "GET /sipse/faces/javax.faces.resource/messages/messages.png?ln=primefaces&v=4.0 HTTP/1.1" 200 27209
201.245.192.253 - - [05/Jan/2022:09:13:55 -0500] "POST /sipse/faces/autenticacion.xhtml HTTP/1.1" 200 16371
201.245.192.253 - - [05/Jan/2022:09:13:55 -0500] "GET /sipse/css/custom_css_sg_prime.css HTTP/1.1" 200 5201
201.245.192.253 - - [05/Jan/2022:09:13:55 -0500] "GET /sipse/js/jquery.min.js HTTP/1.1" 304 -
201.245.192.253 - - [05/Jan/2022:09:13:55 -0500] "GET /sipse/faces/javax.faces.resource/jquery/jquery.js?ln=primefaces&v=4.0 HTTP/1.1" 304 -
201.245.192.253 - - [05/Jan/2022:09:13:55 -0500] "GET /sipse/faces/javax.faces.resource/jquery/jquery-plugins.js?ln=primefaces&v=4.0 HTTP/1.1" 304 -
201.245.192.253 - - [05/Jan/2022:09:13:56 -0500] "GET /sipse/faces/javax.faces.resource/primefaces.js?ln=primefaces&v=4.0 HTTP/1.1" 304 -
201.245.192.253 - - [05/Jan/2022:09:13:56 -0500] "GET /sipse/faces/javax.faces.resource/layout/layout.js?ln=primefaces&v=4.0 HTTP/1.1" 304 -
201.245.192.253 - - [05/Jan/2022:09:13:56 -0500] "GET /sipse/imagenes/cargando.gif HTTP/1.1" 200 36959
201.245.192.253 - - [05/Jan/2022:09:13:56 -0500] "GET /sipse/css/imagen/contrasena.png HTTP/1.1" 404 383
201.245.192.253 - - [05/Jan/2022:09:13:56 -0500] "GET /sipse/imagenes/logoAplicacion.jpg HTTP/1.1" 200 155084
201.245.192.253 - - [05/Jan/2022:09:13:57 -0500] "GET /sipse/faces/javax.faces.resource/images/ui-bg_flat_0_2d5972_40x100.png?ln=primefaces-aristo HTTP/1.1" 200 183
201.245.192.253 - - [05/Jan/2022:09:13:57 -0500] "POST /sipse/faces/bienvenido.xhtml HTTP/1.1" 200 2658
186.84.89.157 - - [05/Jan/2022:09:14:01 -0500] "POST /sipse/faces/presentacion/financiero/solicitudProceso/consultar.xhtml HTTP/1.1" 200 13001
201.245.192.253 - - [05/Jan/2022:09:13:59 -0500] "POST /sipse/faces/bienvenido.xhtml HTTP/1.1" 200 60722
201.245.192.253 - - [05/Jan/2022:09:14:02 -0500] "GET /sipse/faces/javax.faces.resource/jquery/jquery.js?ln=primefaces&v=4.0 HTTP/1.1" 304 -
201.245.192.253 - - [05/Jan/2022:09:14:02 -0500] "GET /sipse/faces/javax.faces.resource/jquery/jquery-plugins.js?ln=primefaces&v=4.0 HTTP/1.1" 304 -
201.245.192.253 - - [05/Jan/2022:09:14:02 -0500] "GET /sipse/faces/javax.faces.resource/primefaces.js?ln=primefaces&v=4.0 HTTP/1.1" 304 -
201.245.192.253 - - [05/Jan/2022:09:14:02 -0500] "GET /sipse/faces/javax.faces.resource/layout/layout.js?ln=primefaces&v=4.0 HTTP/1.1" 304 -
201.245.192.253 - - [05/Jan/2022:09:14:02 -0500] "POST /sipse/faces/presentacion/financiero/solicitudProceso/listarSolicitudProceso.xhtml HTTP/1.1" 200 1448
201.245.192.253 - - [05/Jan/2022:09:14:08 -0500] "POST /sipse/faces/presentacion/financiero/solicitudProceso/listarSolicitudProceso.xhtml HTTP/1.1" 200 30861
201.245.192.253 - - [05/Jan/2022:09:14:09 -0500] "POST /sipse/faces/presentacion/financiero/solicitudProceso/listarSolicitudProceso.xhtml HTTP/1.1" 200 31167
201.245.192.253 - - [05/Jan/2022:09:14:10 -0500] "POST /sipse/faces/presentacion/financiero/solicitudProceso/listarSolicitudProceso.xhtml HTTP/1.1" 200 5946
201.245.192.253 - - [05/Jan/2022:09:14:10 -0500] "POST /sipse/faces/presentacion/financiero/solicitudProceso/listarSolicitudProceso.xhtml HTTP/1.1" 200 5970
201.245.192.253 - - [05/Jan/2022:09:14:11 -0500] "POST /sipse/faces/presentacion/financiero/solicitudProceso/listarSolicitudProceso.xhtml HTTP/1.1" 200 5950
186.84.89.157 - - [05/Jan/2022:09:14:11 -0500] "POST /sipse/faces/presentacion/financiero/solicitudProceso/consultar.xhtml HTTP/1.1" 200 12819
201.245.192.253 - - [05/Jan/2022:09:14:13 -0500] "POST /sipse/faces/presentacion/financiero/solicitudProceso/listarSolicitudProceso.xhtml HTTP/1.1" 200 130428
201.245.192.253 - - [05/Jan/2022:09:14:14 -0500] "GET /sipse/faces/javax.faces.resource/jquery/jquery.js?ln=primefaces&v=4.0 HTTP/1.1" 304 -
201.245.192.253 - - [05/Jan/2022:09:14:14 -0500] "GET /sipse/faces/javax.faces.resource/jquery/jquery-plugins.js?ln=primefaces&v=4.0 HTTP/1.1" 304 -
201.245.192.253 - - [05/Jan/2022:09:14:14 -0500] "GET /sipse/faces/javax.faces.resource/primefaces.js?ln=primefaces&v=4.0 HTTP/1.1" 304 -
201.245.192.253 - - [05/Jan/2022:09:14:14 -0500] "GET /sipse/faces/javax.faces.resource/layout/layout.js?ln=primefaces&v=4.0 HTTP/1.1" 304 -
201.245.192.253 - - [05/Jan/2022:09:14:14 -0500] "GET /sipse/faces/javax.faces.resource/dynamiccontent.properties?ln=primefaces&pfdrid=XjOR5%2F%2FfPAZAuY9TpWQeCiM0BhlXxYRBGKi%2FQcXXfeA%3D&pfdrid_c=false HTTP/1.1" 500 383
192.168.172.26 - - [05/Jan/2022:09:14:16 -0500] "GET /BLA/boletinlegal/consulta_actos.php?tipo=autos&no=6835&usuario=&sector=&fecha=2021&resuelve= HTTP/1.1" 200 1082
186.102.14.34 - - [05/Jan/2022:09:14:16 -0500] "POST /appsia/controlador HTTP/1.1" 200 9405
192.168.172.26 - - [05/Jan/2022:09:14:17 -0500] "GET /BLA/boletinlegal/consulta_actos.php?tipo=autos&no=6835&usuario=&sector=&fecha=2021&resuelve= HTTP/1.1" 200 1082
186.84.89.157 - - [05/Jan/2022:09:14:18 -0500] "POST /sipse/faces/presentacion/financiero/solicitudProceso/consultar.xhtml HTTP/1.1" 200 12840
201.245.192.253 - - [05/Jan/2022:09:14:19 -0500] "POST /sipse/faces/presentacion/financiero/solicitudProceso/consultarSolicitudProceso.xhtml HTTP/1.1" 200 82940
216.245.221.92 - - [05/Jan/2022:09:14:29 -0500] "HEAD / HTTP/1.1" 200 -
201.245.192.253 - - [05/Jan/2022:09:14:29 -0500] "POST /sipse/faces/presentacion/financiero/solicitudProceso/consultarSolicitudProceso.xhtml HTTP/1.1" 200 82940
186.83.184.37 - - [05/Jan/2022:09:14:37 -0500] "GET /sipse/faces/javax.faces.resource/theme.css?ln=primefaces-sipse HTTP/1.1" 304 -
186.83.184.37 - - [05/Jan/2022:09:14:37 -0500] "GET /sipse/faces/javax.faces.resource/layout/layout.css?ln=primefaces&v=4.0 HTTP/1.1" 304 -
186.83.184.37 - - [05/Jan/2022:09:14:37 -0500] "GET /sipse/faces/javax.faces.resource/jquery/jquery-plugins.js?ln=primefaces&v=4.0 HTTP/1.1" 304 -
186.83.184.37 - - [05/Jan/2022:09:14:37 -0500] "GET /sipse/faces/javax.faces.resource/jquery/jquery.js?ln=primefaces&v=4.0 HTTP/1.1" 304 -
186.83.184.37 - - [05/Jan/2022:09:14:37 -0500] "GET /sipse/faces/javax.faces.resource/primefaces.css?ln=primefaces&v=4.0 HTTP/1.1" 304 -
186.83.184.37 - - [05/Jan/2022:09:14:37 -0500] "GET /sipse/faces/javax.faces.resource/layout/layout.js?ln=primefaces&v=4.0 HTTP/1.1" 304 -
186.83.184.37 - - [05/Jan/2022:09:14:37 -0500] "GET /sipse/faces/javax.faces.resource/primefaces.js?ln=primefaces&v=4.0 HTTP/1.1" 304 -
186.83.184.37 - - [05/Jan/2022:09:14:36 -0500] "POST /sipse/faces/presentacion/financiero/solicitudProceso/consultarHistorialSolProceso.xhtml HTTP/1.1" 200 177058
186.83.184.37 - - [05/Jan/2022:09:14:37 -0500] "GET /sipse/faces/javax.faces.resource/images/ui-icons_898989_256x240.png?ln=primefaces-aristo HTTP/1.1" 304 -
186.83.184.37 - - [05/Jan/2022:09:14:37 -0500] "GET /sipse/css/imagen/contrasena.png HTTP/1.1" 404 383
186.83.184.37 - - [05/Jan/2022:09:14:38 -0500] "GET /sipse/faces/javax.faces.resource/dynamiccontent.properties?ln=primefaces&pfdrid=XjOR5%2F%2FfPAZAuY9TpWQeCiM0BhlXxYRBGKi%2FQcXXfeA%3D&pfdrid_c=false HTTP/1.1" 500 383
201.245.192.253 - - [05/Jan/2022:09:14:40 -0500] "POST /sipse/faces/presentacion/financiero/solicitudProceso/consultarSolicitudProceso.xhtml HTTP/1.1" 200 34497
201.245.192.253 - - [05/Jan/2022:09:14:41 -0500] "GET /sipse/faces/javax.faces.resource/jquery/jquery.js?ln=primefaces&v=4.0 HTTP/1.1" 304 -
201.245.192.253 - - [05/Jan/2022:09:14:41 -0500] "GET /sipse/faces/javax.faces.resource/jquery/jquery-plugins.js?ln=primefaces&v=4.0 HTTP/1.1" 304 -
201.245.192.253 - - [05/Jan/2022:09:14:41 -0500] "GET /sipse/faces/javax.faces.resource/primefaces.js?ln=primefaces&v=4.0 HTTP/1.1" 304 -
201.245.192.253 - - [05/Jan/2022:09:14:41 -0500] "GET /sipse/faces/javax.faces.resource/layout/layout.js?ln=primefaces&v=4.0 HTTP/1.1" 304 -
201.245.192.253 - - [05/Jan/2022:09:14:41 -0500] "POST /sipse/faces/presentacion/financiero/solicitudProceso/listarSolicitudProceso.xhtml HTTP/1.1" 200 27754
201.245.192.253 - - [05/Jan/2022:09:14:41 -0500] "POST /sipse/faces/presentacion/financiero/solicitudProceso/listarSolicitudProceso.xhtml HTTP/1.1" 200 27754
201.245.192.253 - - [05/Jan/2022:09:14:42 -0500] "POST /sipse/faces/presentacion/financiero/solicitudProceso/listarSolicitudProceso.xhtml HTTP/1.1" 200 1344
201.245.192.253 - - [05/Jan/2022:09:14:42 -0500] "POST /sipse/faces/presentacion/financiero/solicitudProceso/listarSolicitudProceso.xhtml HTTP/1.1" 200 1344
201.245.192.253 - - [05/Jan/2022:09:14:43 -0500] "POST /sipse/faces/presentacion/financiero/solicitudProceso/listarSolicitudProceso.xhtml HTTP/1.1" 200 1344
186.83.184.37 - - [05/Jan/2022:09:14:56 -0500] "GET /sipse/faces/javax.faces.resource/images/ui-bg_flat_0_2d5972_40x100.png?ln=primefaces-aristo HTTP/1.1" 304 -
186.83.184.37 - - [05/Jan/2022:09:14:56 -0500] "POST /sipse/faces/presentacion/financiero/solicitudProceso/consultarSolicitudProceso.xhtml HTTP/1.1" 200 62084
186.83.184.37 - - [05/Jan/2022:09:14:57 -0500] "GET /sipse/faces/javax.faces.resource/theme.css?ln=primefaces-sipse HTTP/1.1" 304 -
186.83.184.37 - - [05/Jan/2022:09:14:57 -0500] "GET /sipse/faces/javax.faces.resource/primefaces.css?ln=primefaces&v=4.0 HTTP/1.1" 304 -
186.83.184.37 - - [05/Jan/2022:09:14:57 -0500] "GET /sipse/faces/javax.faces.resource/layout/layout.css?ln=primefaces&v=4.0 HTTP/1.1" 304 -
186.83.184.37 - - [05/Jan/2022:09:14:57 -0500] "GET /sipse/faces/javax.faces.resource/jquery/jquery.js?ln=primefaces&v=4.0 HTTP/1.1" 304 -
186.83.184.37 - - [05/Jan/2022:09:14:57 -0500] "GET /sipse/faces/javax.faces.resource/jquery/jquery-plugins.js?ln=primefaces&v=4.0 HTTP/1.1" 304 -
186.83.184.37 - - [05/Jan/2022:09:14:57 -0500] "GET /sipse/faces/javax.faces.resource/primefaces.js?ln=primefaces&v=4.0 HTTP/1.1" 304 -
186.83.184.37 - - [05/Jan/2022:09:14:57 -0500] "GET /sipse/faces/javax.faces.resource/layout/layout.js?ln=primefaces&v=4.0 HTTP/1.1" 304 -
186.83.184.37 - - [05/Jan/2022:09:14:57 -0500] "POST /sipse/faces/presentacion/financiero/solicitudProceso/listarSolicitudProceso.xhtml HTTP/1.1" 200 1448
186.84.89.157 - - [05/Jan/2022:09:15:36 -0500] "POST /sipse/faces/presentacion/financiero/solicitudProceso/consultar.xhtml HTTP/1.1" 200 12835
186.155.115.188 - - [05/Jan/2022:09:15:46 -0500] "GET /appsia/controlador HTTP/1.1" 200 4799
186.155.115.188 - - [05/Jan/2022:09:15:46 -0500] "GET /appsia/css/estilos.css HTTP/1.1" 200 4804
186.155.115.188 - - [05/Jan/2022:09:15:46 -0500] "GET /appsia/scripts/validarIngreso.js HTTP/1.1" 200 851
186.155.115.188 - - [05/Jan/2022:09:15:47 -0500] "GET /appsia/images/cabezoteHojaVida.png HTTP/1.1" 200 32493
186.155.115.188 - - [05/Jan/2022:09:15:47 -0500] "GET /appsia/images/logo_bogota_p.png HTTP/1.1" 200 14951
186.155.115.188 - - [05/Jan/2022:09:15:47 -0500] "GET /favicon.ico HTTP/1.1" 200 7782
192.168.172.26 - - [05/Jan/2022:09:15:57 -0500] "POST /BLA/boletinlegal/admin/actos/ingresar.php HTTP/1.1" 200 7236
186.84.89.157 - - [05/Jan/2022:09:16:01 -0500] "POST /sipse/faces/presentacion/financiero/solicitudProceso/consultar.xhtml HTTP/1.1" 200 12873
201.245.192.253 - - [05/Jan/2022:09:16:02 -0500] "POST /sipse/faces/presentacion/financiero/solicitudProceso/listarSolicitudProceso.xhtml HTTP/1.1" 200 30861
201.245.192.253 - - [05/Jan/2022:09:16:02 -0500] "POST /sipse/faces/presentacion/financiero/solicitudProceso/listarSolicitudProceso.xhtml HTTP/1.1" 200 30881
192.168.172.26 - - [05/Jan/2022:09:16:03 -0500] "GET /BLA/boletinlegal/consulta_actos.php?tipo=autos&no=6834&usuario=&sector=&fecha=2021&resuelve= HTTP/1.1" 200 1082
201.245.192.253 - - [05/Jan/2022:09:16:04 -0500] "POST /sipse/faces/presentacion/financiero/solicitudProceso/listarSolicitudProceso.xhtml HTTP/1.1" 200 31147
201.245.192.253 - - [05/Jan/2022:09:16:05 -0500] "POST /sipse/faces/presentacion/financiero/solicitudProceso/listarSolicitudProceso.xhtml HTTP/1.1" 200 31168
201.245.192.253 - - [05/Jan/2022:09:16:06 -0500] "POST /sipse/faces/presentacion/financiero/solicitudProceso/listarSolicitudProceso.xhtml HTTP/1.1" 200 22474
201.245.192.253 - - [05/Jan/2022:09:16:07 -0500] "POST /sipse/faces/presentacion/financiero/solicitudProceso/listarSolicitudProceso.xhtml HTTP/1.1" 200 6031
186.84.89.157 - - [05/Jan/2022:09:16:08 -0500] "POST /sipse/faces/presentacion/financiero/solicitudProceso/consultar.xhtml HTTP/1.1" 200 12903
186.155.115.188 - - [05/Jan/2022:09:16:09 -0500] "POST /appsia/controlador HTTP/1.1" 200 3600
186.155.115.188 - - [05/Jan/2022:09:16:09 -0500] "GET /appsia/jscripts/validarSolicitud.js HTTP/1.1" 404 68
201.245.192.253 - - [05/Jan/2022:09:16:09 -0500] "POST /sipse/faces/presentacion/financiero/solicitudProceso/listarSolicitudProceso.xhtml HTTP/1.1" 200 130365
201.245.192.253 - - [05/Jan/2022:09:16:10 -0500] "GET /sipse/faces/javax.faces.resource/jquery/jquery.js?ln=primefaces&v=4.0 HTTP/1.1" 304 -
201.245.192.253 - - [05/Jan/2022:09:16:10 -0500] "GET /sipse/faces/javax.faces.resource/jquery/jquery-plugins.js?ln=primefaces&v=4.0 HTTP/1.1" 304 -
201.245.192.253 - - [05/Jan/2022:09:16:10 -0500] "GET /sipse/faces/javax.faces.resource/primefaces.js?ln=primefaces&v=4.0 HTTP/1.1" 304 -
201.245.192.253 - - [05/Jan/2022:09:16:10 -0500] "GET /sipse/faces/javax.faces.resource/layout/layout.js?ln=primefaces&v=4.0 HTTP/1.1" 304 -
201.245.192.253 - - [05/Jan/2022:09:16:10 -0500] "GET /sipse/faces/javax.faces.resource/dynamiccontent.properties?ln=primefaces&pfdrid=XjOR5%2F%2FfPAZAuY9TpWQeCiM0BhlXxYRBGKi%2FQcXXfeA%3D&pfdrid_c=false HTTP/1.1" 500 383
186.84.89.157 - - [05/Jan/2022:09:16:14 -0500] "POST /sipse/faces/presentacion/financiero/solicitudProceso/consultar.xhtml HTTP/1.1" 200 12911
186.84.89.157 - - [05/Jan/2022:09:16:20 -0500] "POST /sipse/faces/presentacion/financiero/solicitudProceso/consultar.xhtml HTTP/1.1" 200 12901
186.155.115.188 - - [05/Jan/2022:09:16:22 -0500] "POST /appsia/controlador HTTP/1.1" 200 4799
201.245.192.253 - - [05/Jan/2022:09:16:28 -0500] "POST /sipse/faces/presentacion/financiero/solicitudProceso/consultarSolicitudProceso.xhtml HTTP/1.1" 200 105583
201.245.192.253 - - [05/Jan/2022:09:15:43 -0500] "POST /kwsrmcab/Wsrmcab HTTP/1.1" 200 113563
186.84.89.157 - - [05/Jan/2022:09:16:29 -0500] "POST /sipse/faces/presentacion/financiero/solicitudProceso/consultar.xhtml HTTP/1.1" 200 12931
186.84.89.157 - - [05/Jan/2022:09:16:36 -0500] "POST /sipse/faces/presentacion/financiero/solicitudProceso/consultar.xhtml HTTP/1.1" 200 12812
186.84.89.157 - - [05/Jan/2022:09:16:45 -0500] "POST /sipse/faces/presentacion/financiero/solicitudProceso/consultar.xhtml HTTP/1.1" 200 12948
186.84.89.157 - - [05/Jan/2022:09:16:51 -0500] "POST /sipse/faces/presentacion/financiero/solicitudProceso/consultar.xhtml HTTP/1.1" 200 12884
186.155.115.188 - - [05/Jan/2022:09:16:57 -0500] "POST /appsia/controlador HTTP/1.1" 200 5437
186.84.89.157 - - [05/Jan/2022:09:16:58 -0500] "POST /sipse/faces/presentacion/financiero/solicitudProceso/consultar.xhtml HTTP/1.1" 200 12835
186.155.115.188 - - [05/Jan/2022:09:17:01 -0500] "POST /appsia/controlador HTTP/1.1" 200 8512
186.155.115.188 - - [05/Jan/2022:09:17:01 -0500] "GET /appsia/images/logo_escudo.png HTTP/1.1" 200 36965
186.84.89.157 - - [05/Jan/2022:09:17:07 -0500] "POST /sipse/faces/presentacion/financiero/solicitudProceso/consultar.xhtml HTTP/1.1" 200 12894
186.84.89.157 - - [05/Jan/2022:09:17:13 -0500] "POST /sipse/faces/presentacion/financiero/solicitudProceso/consultar.xhtml HTTP/1.1" 200 12850
66.249.79.236 - - [05/Jan/2022:09:17:28 -0500] "-" 408 -
181.50.145.56 - - [05/Jan/2022:09:17:30 -0500] "GET /sipse/faces/javax.faces.resource/theme.css?ln=primefaces-sipse HTTP/1.1" 304 -
181.50.145.56 - - [05/Jan/2022:09:17:30 -0500] "GET /sipse/faces/javax.faces.resource/layout/layout.css?ln=primefaces&v=4.0 HTTP/1.1" 304 -
181.50.145.56 - - [05/Jan/2022:09:17:30 -0500] "GET /sipse/faces/javax.faces.resource/primefaces.css?ln=primefaces&v=4.0 HTTP/1.1" 304 -
181.50.145.56 - - [05/Jan/2022:09:17:30 -0500] "GET /sipse/faces/javax.faces.resource/primefaces.js?ln=primefaces&v=4.0 HTTP/1.1" 304 -
181.50.145.56 - - [05/Jan/2022:09:17:30 -0500] "GET /sipse/faces/javax.faces.resource/jquery/jquery.js?ln=primefaces&v=4.0 HTTP/1.1" 304 -
181.50.145.56 - - [05/Jan/2022:09:17:30 -0500] "GET /sipse/faces/javax.faces.resource/jquery/jquery-plugins.js?ln=primefaces&v=4.0 HTTP/1.1" 304 -
181.50.145.56 - - [05/Jan/2022:09:17:30 -0500] "GET /sipse/faces/javax.faces.resource/layout/layout.js?ln=primefaces&v=4.0 HTTP/1.1" 304 -
181.50.145.56 - - [05/Jan/2022:09:17:30 -0500] "GET /sipse/faces/javax.faces.resource/images/ui-icons_898989_256x240.png?ln=primefaces-aristo HTTP/1.1" 304 -
181.50.145.56 - - [05/Jan/2022:09:17:29 -0500] "POST /sipse/faces/presentacion/financiero/solicitudProceso/consultarHistorialSolProceso.xhtml HTTP/1.1" 200 184882
181.50.145.56 - - [05/Jan/2022:09:17:31 -0500] "GET /sipse/faces/javax.faces.resource/dynamiccontent.properties?ln=primefaces&pfdrid=XjOR5%2F%2FfPAZAuY9TpWQeCiM0BhlXxYRBGKi%2FQcXXfeA%3D&pfdrid_c=false HTTP/1.1" 500 383
181.50.145.56 - - [05/Jan/2022:09:17:35 -0500] "GET /sipse/faces/javax.faces.resource/images/ui-bg_flat_0_2d5972_40x100.png?ln=primefaces-aristo HTTP/1.1" 304 -
181.50.145.56 - - [05/Jan/2022:09:17:35 -0500] "POST /sipse/faces/presentacion/financiero/solicitudProceso/consultarSolicitudProceso.xhtml HTTP/1.1" 200 32926
181.50.145.56 - - [05/Jan/2022:09:17:37 -0500] "GET /sipse/faces/javax.faces.resource/jquery/jquery.js?ln=primefaces&v=4.0 HTTP/1.1" 304 -
181.50.145.56 - - [05/Jan/2022:09:17:37 -0500] "GET /sipse/faces/javax.faces.resource/jquery/jquery-plugins.js?ln=primefaces&v=4.0 HTTP/1.1" 304 -
181.50.145.56 - - [05/Jan/2022:09:17:37 -0500] "GET /sipse/faces/javax.faces.resource/primefaces.js?ln=primefaces&v=4.0 HTTP/1.1" 304 -
181.50.145.56 - - [05/Jan/2022:09:17:37 -0500] "GET /sipse/faces/javax.faces.resource/layout/layout.js?ln=primefaces&v=4.0 HTTP/1.1" 304 -
207.46.13.52 - - [05/Jan/2022:09:17:38 -0500] "GET /BLA/resoluciones/index.php?dir=2018%2F HTTP/1.1" 200 1608
181.50.145.56 - - [05/Jan/2022:09:17:38 -0500] "POST /sipse/faces/presentacion/financiero/solicitudProceso/listarSolicitudProceso.xhtml HTTP/1.1" 200 1344
181.50.145.56 - - [05/Jan/2022:09:17:41 -0500] "POST /sipse/faces/presentacion/financiero/solicitudProceso/listarSolicitudProceso.xhtml HTTP/1.1" 200 31159
181.50.145.56 - - [05/Jan/2022:09:17:44 -0500] "POST /sipse/faces/presentacion/financiero/solicitudProceso/listarSolicitudProceso.xhtml HTTP/1.1" 200 31734
181.50.145.56 - - [05/Jan/2022:09:17:46 -0500] "POST /sipse/faces/presentacion/financiero/solicitudProceso/listarSolicitudProceso.xhtml HTTP/1.1" 200 2802
181.50.145.56 - - [05/Jan/2022:09:17:48 -0500] "POST /sipse/faces/presentacion/financiero/solicitudProceso/listarSolicitudProceso.xhtml HTTP/1.1" 200 31730
181.50.145.56 - - [05/Jan/2022:09:17:49 -0500] "POST /sipse/faces/presentacion/financiero/solicitudProceso/listarSolicitudProceso.xhtml HTTP/1.1" 200 16839
181.50.145.56 - - [05/Jan/2022:09:17:50 -0500] "POST /sipse/faces/presentacion/financiero/solicitudProceso/listarSolicitudProceso.xhtml HTTP/1.1" 200 31730
181.50.145.56 - - [05/Jan/2022:09:17:51 -0500] "POST /sipse/faces/presentacion/financiero/solicitudProceso/listarSolicitudProceso.xhtml HTTP/1.1" 200 31128
181.50.145.56 - - [05/Jan/2022:09:17:52 -0500] "POST /sipse/faces/presentacion/financiero/solicitudProceso/listarSolicitudProceso.xhtml HTTP/1.1" 200 8445
181.50.145.56 - - [05/Jan/2022:09:17:55 -0500] "POST /sipse/faces/presentacion/financiero/solicitudProceso/listarSolicitudProceso.xhtml HTTP/1.1" 200 141746
181.50.145.56 - - [05/Jan/2022:09:17:57 -0500] "GET /sipse/faces/javax.faces.resource/jquery/jquery.js?ln=primefaces&v=4.0 HTTP/1.1" 304 -
181.50.145.56 - - [05/Jan/2022:09:17:57 -0500] "GET /sipse/faces/javax.faces.resource/jquery/jquery-plugins.js?ln=primefaces&v=4.0 HTTP/1.1" 304 -
181.50.145.56 - - [05/Jan/2022:09:17:57 -0500] "GET /sipse/faces/javax.faces.resource/primefaces.js?ln=primefaces&v=4.0 HTTP/1.1" 304 -
181.50.145.56 - - [05/Jan/2022:09:17:58 -0500] "GET /sipse/faces/javax.faces.resource/layout/layout.js?ln=primefaces&v=4.0 HTTP/1.1" 304 -
181.50.145.56 - - [05/Jan/2022:09:17:58 -0500] "GET /sipse/faces/javax.faces.resource/dynamiccontent.properties?ln=primefaces&pfdrid=XjOR5%2F%2FfPAZAuY9TpWQeCiM0BhlXxYRBGKi%2FQcXXfeA%3D&pfdrid_c=false HTTP/1.1" 500 383
186.155.160.107 - - [05/Jan/2022:09:19:01 -0500] "POST /sipse/faces/presentacion/financiero/estudioPrevio/personalSolicitado/asociarExperienciaContratista.xhtml HTTP/1.1" 200 46889
186.155.160.107 - - [05/Jan/2022:09:19:01 -0500] "GET /sipse/faces/javax.faces.resource/theme.css?ln=primefaces-sipse HTTP/1.1" 304 -
186.155.160.107 - - [05/Jan/2022:09:19:01 -0500] "GET /sipse/faces/javax.faces.resource/primefaces.css?ln=primefaces&v=4.0 HTTP/1.1" 304 -
186.155.160.107 - - [05/Jan/2022:09:19:01 -0500] "GET /sipse/faces/javax.faces.resource/layout/layout.css?ln=primefaces&v=4.0 HTTP/1.1" 304 -
186.155.160.107 - - [05/Jan/2022:09:19:01 -0500] "GET /sipse/faces/javax.faces.resource/jquery/jquery.js?ln=primefaces&v=4.0 HTTP/1.1" 304 -
186.155.160.107 - - [05/Jan/2022:09:19:01 -0500] "GET /sipse/faces/javax.faces.resource/jquery/jquery-plugins.js?ln=primefaces&v=4.0 HTTP/1.1" 304 -
186.155.160.107 - - [05/Jan/2022:09:19:01 -0500] "GET /sipse/faces/javax.faces.resource/primefaces.js?ln=primefaces&v=4.0 HTTP/1.1" 304 -
186.155.160.107 - - [05/Jan/2022:09:19:01 -0500] "GET /sipse/faces/javax.faces.resource/layout/layout.js?ln=primefaces&v=4.0 HTTP/1.1" 304 -
186.155.160.107 - - [05/Jan/2022:09:19:01 -0500] "GET /sipse/faces/javax.faces.resource/images/ui-icons_898989_256x240.png?ln=primefaces-aristo HTTP/1.1" 304 -
186.155.160.107 - - [05/Jan/2022:09:19:03 -0500] "GET /sipse/faces/javax.faces.resource/images/ui-bg_flat_0_2d5972_40x100.png?ln=primefaces-aristo HTTP/1.1" 304 -
186.155.160.107 - - [05/Jan/2022:09:19:03 -0500] "POST /sipse/faces/presentacion/financiero/estudioPrevio/personalSolicitado/expedirExperienciaIdoneidad.xhtml HTTP/1.1" 200 132006
186.155.160.107 - - [05/Jan/2022:09:19:04 -0500] "GET /sipse/faces/javax.faces.resource/jquery/jquery.js?ln=primefaces&v=4.0 HTTP/1.1" 304 -
186.155.160.107 - - [05/Jan/2022:09:19:04 -0500] "GET /sipse/faces/javax.faces.resource/jquery/jquery-plugins.js?ln=primefaces&v=4.0 HTTP/1.1" 304 -
186.155.160.107 - - [05/Jan/2022:09:19:05 -0500] "GET /sipse/faces/javax.faces.resource/primefaces.js?ln=primefaces&v=4.0 HTTP/1.1" 304 -
186.155.160.107 - - [05/Jan/2022:09:19:05 -0500] "GET /sipse/faces/javax.faces.resource/layout/layout.js?ln=primefaces&v=4.0 HTTP/1.1" 304 -
186.155.160.107 - - [05/Jan/2022:09:19:05 -0500] "GET /sipse/faces/javax.faces.resource/dynamiccontent.properties?ln=primefaces&pfdrid=XjOR5%2F%2FfPAZAuY9TpWQeCiM0BhlXxYRBGKi%2FQcXXfeA%3D&pfdrid_c=false HTTP/1.1" 500 383
186.84.89.157 - - [05/Jan/2022:09:19:15 -0500] "POST /sipse/faces/presentacion/financiero/solicitudProceso/consultar.xhtml HTTP/1.1" 200 12813
186.84.89.157 - - [05/Jan/2022:09:19:23 -0500] "POST /sipse/faces/presentacion/financiero/solicitudProceso/consultar.xhtml HTTP/1.1" 200 12896
216.245.221.92 - - [05/Jan/2022:09:19:29 -0500] "HEAD / HTTP/1.1" 200 -
190.146.172.114 - - [05/Jan/2022:09:19:36 -0500] "GET /galeria/galeria/jquery.fancybox.css?v=2.1.5 HTTP/1.1" 200 4895
186.84.89.157 - - [05/Jan/2022:09:19:38 -0500] "POST /sipse/faces/presentacion/financiero/solicitudProceso/consultar.xhtml HTTP/1.1" 200 12855
186.84.89.157 - - [05/Jan/2022:09:19:52 -0500] "POST /sipse/faces/presentacion/financiero/solicitudProceso/consultar.xhtml HTTP/1.1" 200 12886
186.83.184.37 - - [05/Jan/2022:09:19:58 -0500] "POST /sipse/faces/presentacion/financiero/solicitudProceso/listarSolicitudProceso.xhtml HTTP/1.1" 200 10625
186.83.184.37 - - [05/Jan/2022:09:20:07 -0500] "POST /sipse/faces/presentacion/financiero/solicitudProceso/listarSolicitudProceso.xhtml HTTP/1.1" 200 154152
186.83.184.37 - - [05/Jan/2022:09:20:08 -0500] "GET /sipse/faces/javax.faces.resource/theme.css?ln=primefaces-sipse HTTP/1.1" 304 -
186.83.184.37 - - [05/Jan/2022:09:20:08 -0500] "GET /sipse/faces/javax.faces.resource/primefaces.css?ln=primefaces&v=4.0 HTTP/1.1" 304 -
186.83.184.37 - - [05/Jan/2022:09:20:08 -0500] "GET /sipse/faces/javax.faces.resource/layout/layout.css?ln=primefaces&v=4.0 HTTP/1.1" 304 -
186.83.184.37 - - [05/Jan/2022:09:20:08 -0500] "GET /sipse/css/imagen/contrasena.png HTTP/1.1" 404 383
186.83.184.37 - - [05/Jan/2022:09:20:08 -0500] "GET /sipse/faces/javax.faces.resource/jquery/jquery.js?ln=primefaces&v=4.0 HTTP/1.1" 304 -
186.83.184.37 - - [05/Jan/2022:09:20:08 -0500] "GET /sipse/faces/javax.faces.resource/jquery/jquery-plugins.js?ln=primefaces&v=4.0 HTTP/1.1" 304 -
