173.231.60.194 - - [18/Feb/2022:02:58:10 -0500] "GET /BLA/resoluciones/index.php?dir=RESOLUCIONES%202002%2FRES%202002%201951-1971%2F&sort=date&order=asc HTTP/1.1" 200 6225
173.231.60.194 - - [18/Feb/2022:02:58:15 -0500] "GET /BLA/resoluciones/index.php?dir=RESOLUCIONES%202002%2FRES%202002%201951-1971%2F&sort=size&order=asc HTTP/1.1" 200 6225
207.46.13.159 - - [18/Feb/2022:02:58:15 -0500] "GET /bla/resoluciones/notificaciones/registros%202018/0365.pdf HTTP/1.1" 200 268227
173.231.60.194 - - [18/Feb/2022:02:58:21 -0500] "GET /BLA/resoluciones/index.php?dir=RESOLUCIONES%202002%2FRES%202002%20951-1000%2F&sort=name&order=desc HTTP/1.1" 200 12520
173.231.60.194 - - [18/Feb/2022:02:58:27 -0500] "GET /BLA/resoluciones/index.php?dir=RESOLUCIONES%202003%2FRES%202003%201001-1050%2F&sort=date&order=asc HTTP/1.1" 200 11566
114.119.141.69 - - [18/Feb/2022:02:58:28 -0500] "GET /BLA/resoluciones/RESOLUCIONES%202012/0168.pdf HTTP/1.1" 200 192786
173.231.60.194 - - [18/Feb/2022:02:58:33 -0500] "GET /BLA/resoluciones/index.php?dir=RESOLUCIONES%202003%2FRES%202003%201001-1050%2F&sort=size&order=asc HTTP/1.1" 200 11566
173.231.60.194 - - [18/Feb/2022:02:58:39 -0500] "GET /BLA/resoluciones/index.php?dir=RESOLUCIONES%202003%2FRES%202003%201051-1100%2F&sort=date&order=asc HTTP/1.1" 200 11571
173.231.60.194 - - [18/Feb/2022:02:58:45 -0500] "GET /BLA/resoluciones/index.php?dir=RESOLUCIONES%202003%2FRES%202003%201051-1100%2F&sort=size&order=asc HTTP/1.1" 200 11571
173.231.60.194 - - [18/Feb/2022:02:58:51 -0500] "GET /BLA/resoluciones/index.php?dir=RESOLUCIONES%202003%2FRES%202003%201101-1150%2F&sort=date&order=asc HTTP/1.1" 200 11572
173.231.60.194 - - [18/Feb/2022:02:58:56 -0500] "GET /BLA/resoluciones/index.php?dir=RESOLUCIONES%202003%2FRES%202003%201101-1150%2F&sort=size&order=asc HTTP/1.1" 200 11572
173.231.60.194 - - [18/Feb/2022:02:59:02 -0500] "GET /BLA/resoluciones/index.php?dir=RESOLUCIONES%202003%2FRES%202003%201151-1200%2F&sort=date&order=asc HTTP/1.1" 200 11570
173.231.60.194 - - [18/Feb/2022:02:59:08 -0500] "GET /BLA/resoluciones/index.php?dir=RESOLUCIONES%202003%2FRES%202003%201151-1200%2F&sort=size&order=asc HTTP/1.1" 200 11570
173.231.60.194 - - [18/Feb/2022:02:59:15 -0500] "GET /BLA/resoluciones/index.php?dir=RESOLUCIONES%202003%2FRES%202003%201201-1250%2F&sort=date&order=asc HTTP/1.1" 200 12626
173.231.60.194 - - [18/Feb/2022:02:59:21 -0500] "GET /BLA/resoluciones/index.php?dir=RESOLUCIONES%202003%2FRES%202003%201201-1250%2F&sort=size&order=asc HTTP/1.1" 200 12626
173.231.60.194 - - [18/Feb/2022:02:59:26 -0500] "GET /BLA/resoluciones/index.php?dir=RESOLUCIONES%202003%2FRES%202003%201251-1300%2F&sort=date&order=asc HTTP/1.1" 200 12202
173.231.60.194 - - [18/Feb/2022:02:59:32 -0500] "GET /BLA/resoluciones/index.php?dir=RESOLUCIONES%202003%2FRES%202003%201251-1300%2F&sort=size&order=asc HTTP/1.1" 200 12202
207.46.13.157 - - [18/Feb/2022:02:59:36 -0500] "GET /bla/resoluciones/notificaciones/autos%202015/07062.pdf HTTP/1.1" 200 795487
173.231.60.194 - - [18/Feb/2022:02:59:38 -0500] "GET /BLA/resoluciones/index.php?dir=RESOLUCIONES%202003%2FRES%202003%201301-1350%2F&sort=date&order=asc HTTP/1.1" 200 12156
173.231.60.194 - - [18/Feb/2022:02:59:43 -0500] "GET /BLA/resoluciones/index.php?dir=RESOLUCIONES%202003%2FRES%202003%201301-1350%2F&sort=size&order=asc HTTP/1.1" 200 12156
173.231.60.194 - - [18/Feb/2022:02:59:49 -0500] "GET /BLA/resoluciones/index.php?dir=RESOLUCIONES%202003%2FRES%202003%201351-1400%2F&sort=date&order=asc HTTP/1.1" 200 12157
173.231.60.194 - - [18/Feb/2022:02:59:55 -0500] "GET /BLA/resoluciones/index.php?dir=RESOLUCIONES%202003%2FRES%202003%201351-1400%2F&sort=size&order=asc HTTP/1.1" 200 12157
173.231.60.194 - - [18/Feb/2022:03:00:00 -0500] "GET /BLA/resoluciones/index.php?dir=RESOLUCIONES%202003%2FRES%202003%201401-1450%2F&sort=date&order=asc HTTP/1.1" 200 12156
173.231.60.194 - - [18/Feb/2022:03:00:06 -0500] "GET /BLA/resoluciones/index.php?dir=RESOLUCIONES%202003%2FRES%202003%201401-1450%2F&sort=size&order=asc HTTP/1.1" 200 12156
114.119.141.42 - - [18/Feb/2022:03:00:10 -0500] "GET /BLA/resoluciones/RESOLUCIONES%202010/2204.pdf HTTP/1.1" 200 544502
173.231.60.194 - - [18/Feb/2022:03:00:12 -0500] "GET /BLA/resoluciones/index.php?dir=RESOLUCIONES%202003%2FRES%202003%201451-1500%2F&sort=date&order=asc HTTP/1.1" 200 12159
207.46.13.124 - - [18/Feb/2022:03:00:16 -0500] "GET /bla/resoluciones/notificaciones/autos%202017/03374.pdf HTTP/1.1" 200 346734
173.231.60.194 - - [18/Feb/2022:03:00:17 -0500] "GET /BLA/resoluciones/index.php?dir=RESOLUCIONES%202003%2FRES%202003%201451-1500%2F&sort=size&order=asc HTTP/1.1" 200 12159
173.231.60.194 - - [18/Feb/2022:03:00:23 -0500] "GET /BLA/resoluciones/index.php?dir=RESOLUCIONES%202003%2FRES%202003%201501-1550%2F&sort=date&order=asc HTTP/1.1" 200 12137
173.231.60.194 - - [18/Feb/2022:03:00:32 -0500] "GET /BLA/resoluciones/index.php?dir=RESOLUCIONES%202003%2FRES%202003%201501-1550%2F&sort=size&order=asc HTTP/1.1" 200 12137
173.231.60.194 - - [18/Feb/2022:03:00:37 -0500] "GET /BLA/resoluciones/index.php?dir=RESOLUCIONES%202003%2FRES%202003%201551-1601%2F&sort=date&order=asc HTTP/1.1" 200 12156
173.231.60.194 - - [18/Feb/2022:03:00:43 -0500] "GET /BLA/resoluciones/index.php?dir=RESOLUCIONES%202003%2FRES%202003%201551-1601%2F&sort=size&order=asc HTTP/1.1" 200 12156
173.231.60.194 - - [18/Feb/2022:03:00:50 -0500] "GET /BLA/resoluciones/index.php?dir=RESOLUCIONES%202003%2FRES%202003%201601-1650%2F&sort=date&order=asc HTTP/1.1" 200 12152
173.231.60.194 - - [18/Feb/2022:03:00:55 -0500] "GET /BLA/resoluciones/index.php?dir=RESOLUCIONES%202003%2FRES%202003%201601-1650%2F&sort=size&order=asc HTTP/1.1" 200 12152
173.231.60.194 - - [18/Feb/2022:03:01:01 -0500] "GET /BLA/resoluciones/index.php?dir=RESOLUCIONES%202003%2FRES%202003%201651-1700%2F&sort=date&order=asc HTTP/1.1" 200 12148
157.55.39.123 - - [18/Feb/2022:03:01:05 -0500] "GET /bla/resoluciones/notificaciones/autos%202017/05019.pdf HTTP/1.1" 200 330688
173.231.60.194 - - [18/Feb/2022:03:01:07 -0500] "GET /BLA/resoluciones/index.php?dir=RESOLUCIONES%202003%2FRES%202003%201651-1700%2F&sort=size&order=asc HTTP/1.1" 200 12148
173.231.60.194 - - [18/Feb/2022:03:01:13 -0500] "GET /BLA/resoluciones/index.php?dir=RESOLUCIONES%202003%2FRES%202003%201701-1750%2F&sort=date&order=asc HTTP/1.1" 200 12147
173.231.60.194 - - [18/Feb/2022:03:01:18 -0500] "GET /BLA/resoluciones/index.php?dir=RESOLUCIONES%202003%2FRES%202003%201701-1750%2F&sort=size&order=asc HTTP/1.1" 200 12147
173.231.60.194 - - [18/Feb/2022:03:01:24 -0500] "GET /BLA/resoluciones/index.php?dir=RESOLUCIONES%202003%2FRES%202003%201751-1800%2F&sort=date&order=asc HTTP/1.1" 200 12151
216.245.221.92 - - [18/Feb/2022:03:01:28 -0500] "HEAD / HTTP/1.1" 200 -
173.231.60.194 - - [18/Feb/2022:03:01:30 -0500] "GET /BLA/resoluciones/index.php?dir=RESOLUCIONES%202003%2FRES%202003%201751-1800%2F&sort=size&order=asc HTTP/1.1" 200 12151
40.77.167.55 - - [18/Feb/2022:03:01:35 -0500] "GET /bla/resoluciones/notificaciones/autos%202017/01754.pdf HTTP/1.1" 200 286725
173.231.60.194 - - [18/Feb/2022:03:01:36 -0500] "GET /BLA/resoluciones/index.php?dir=RESOLUCIONES%202003%2FRES%202003%201801-1850%2F&sort=date&order=asc HTTP/1.1" 200 12154
40.77.167.55 - - [18/Feb/2022:03:01:38 -0500] "GET /bla/resoluciones/notificaciones/autos%202017/02854.pdf HTTP/1.1" 200 379978
173.231.60.194 - - [18/Feb/2022:03:01:42 -0500] "GET /BLA/resoluciones/index.php?dir=RESOLUCIONES%202003%2FRES%202003%201801-1850%2F&sort=size&order=asc HTTP/1.1" 200 12154
173.231.60.194 - - [18/Feb/2022:03:01:48 -0500] "GET /BLA/resoluciones/index.php?dir=RESOLUCIONES%202003%2FRES%202003%201901-1950%2F&sort=date&order=asc HTTP/1.1" 200 12158
173.231.60.194 - - [18/Feb/2022:03:01:53 -0500] "GET /BLA/resoluciones/index.php?dir=RESOLUCIONES%202003%2FRES%202003%201901-1950%2F&sort=size&order=asc HTTP/1.1" 200 12158
207.46.13.124 - - [18/Feb/2022:03:01:56 -0500] "GET /bla/resoluciones/notificaciones/autos%202017/01210.pdf HTTP/1.1" 200 348698
173.231.60.194 - - [18/Feb/2022:03:01:59 -0500] "GET /BLA/resoluciones/index.php?dir=RESOLUCIONES%202003%2FRES%202003%201951-2000%2F&sort=date&order=asc HTTP/1.1" 200 12149
173.231.60.194 - - [18/Feb/2022:03:02:07 -0500] "GET /BLA/resoluciones/index.php?dir=RESOLUCIONES%202003%2FRES%202003%201951-2000%2F&sort=size&order=asc HTTP/1.1" 200 12149
173.231.60.194 - - [18/Feb/2022:03:02:13 -0500] "GET /BLA/resoluciones/index.php?dir=RESOLUCIONES%202003%2FRES%202003%202001-2051%2F&sort=date&order=asc HTTP/1.1" 200 12159
173.231.60.194 - - [18/Feb/2022:03:02:18 -0500] "GET /BLA/resoluciones/index.php?dir=RESOLUCIONES%202003%2FRES%202003%202001-2051%2F&sort=size&order=asc HTTP/1.1" 200 12159
173.231.60.194 - - [18/Feb/2022:03:02:24 -0500] "GET /BLA/resoluciones/index.php?dir=RESOLUCIONES%202003%2FRES%202003%202051-2100%2F&sort=date&order=asc HTTP/1.1" 200 12152
173.231.60.194 - - [18/Feb/2022:03:02:30 -0500] "GET /BLA/resoluciones/index.php?dir=RESOLUCIONES%202003%2FRES%202003%202051-2100%2F&sort=size&order=asc HTTP/1.1" 200 12152
173.231.60.194 - - [18/Feb/2022:03:02:35 -0500] "GET /BLA/resoluciones/index.php?dir=RESOLUCIONES%202003%2FRES%202003%202101-2150%2F&sort=date&order=asc HTTP/1.1" 200 12160
173.231.60.194 - - [18/Feb/2022:03:02:41 -0500] "GET /BLA/resoluciones/index.php?dir=RESOLUCIONES%202003%2FRES%202003%202101-2150%2F&sort=size&order=asc HTTP/1.1" 200 12160
173.231.60.194 - - [18/Feb/2022:03:02:47 -0500] "GET /BLA/resoluciones/index.php?dir=RESOLUCIONES%202003%2FRES%202003%202151-2189%2F&sort=date&order=asc HTTP/1.1" 200 9915
201.245.192.253 - - [18/Feb/2022:03:02:00 -0500] "POST /kwsrmcab/Wsrmcab HTTP/1.1" 200 119509
173.231.60.194 - - [18/Feb/2022:03:02:53 -0500] "GET /BLA/resoluciones/index.php?dir=RESOLUCIONES%202003%2FRES%202003%202151-2189%2F&sort=size&order=asc HTTP/1.1" 200 9915
173.231.60.194 - - [18/Feb/2022:03:02:58 -0500] "GET /BLA/resoluciones/index.php?dir=RESOLUCIONES%202003%2FRES%202003%20951-1000%2F&sort=name&order=desc HTTP/1.1" 200 11178
173.231.60.194 - - [18/Feb/2022:03:03:05 -0500] "GET /BLA/resoluciones/index.php?dir=RESOLUCIONES%202002%2FANEXOS%2F&sort=name&order=asc HTTP/1.1" 200 2240
173.231.60.194 - - [18/Feb/2022:03:03:10 -0500] "GET /BLA/resoluciones/index.php?dir=Notificaciones%2FAUTOS%201985%2F&sort=name&order=asc HTTP/1.1" 200 2733
173.231.60.194 - - [18/Feb/2022:03:03:16 -0500] "GET /BLA/resoluciones/index.php?dir=Notificaciones%2FAUTOS%201988%2F&sort=name&order=asc HTTP/1.1" 200 2205
173.231.60.194 - - [18/Feb/2022:03:03:22 -0500] "GET /BLA/resoluciones/index.php?dir=Notificaciones%2FAUTOS%202012%2F&sort=name&order=asc HTTP/1.1" 200 3092
173.231.60.194 - - [18/Feb/2022:03:03:27 -0500] "GET /BLA/resoluciones/index.php?dir=Notificaciones%2FAUTOS%202013%2F&sort=name&order=asc HTTP/1.1" 200 39422
173.231.60.194 - - [18/Feb/2022:03:03:33 -0500] "GET /BLA/resoluciones/index.php?dir=Notificaciones%2FAUTOS%202014%2F&sort=name&order=asc HTTP/1.1" 200 307706
173.231.60.194 - - [18/Feb/2022:03:03:40 -0500] "GET /BLA/resoluciones/index.php?dir=Notificaciones%2FAUTOS%202015%2F&sort=name&order=asc HTTP/1.1" 200 102019
173.231.60.194 - - [18/Feb/2022:03:03:47 -0500] "GET /BLA/resoluciones/index.php?dir=Notificaciones%2FAUTOS%202016%2F&sort=name&order=asc HTTP/1.1" 200 75598
173.231.60.194 - - [18/Feb/2022:03:03:52 -0500] "GET /BLA/resoluciones/index.php?dir=Notificaciones%2FAUTOS%202017%2F&sort=name&order=asc HTTP/1.1" 200 138776
173.231.60.194 - - [18/Feb/2022:03:04:00 -0500] "GET /BLA/resoluciones/index.php?dir=Notificaciones%2FAUTOS%202018%2F&sort=name&order=asc HTTP/1.1" 200 97008
66.249.79.111 - - [18/Feb/2022:03:04:03 -0500] "-" 408 -
173.231.60.194 - - [18/Feb/2022:03:04:06 -0500] "GET /BLA/resoluciones/index.php?dir=Notificaciones%2FAUTOS%202019%2F&sort=name&order=asc HTTP/1.1" 200 106421
173.231.60.194 - - [18/Feb/2022:03:04:12 -0500] "GET /BLA/resoluciones/index.php?dir=Notificaciones%2FAUTOS%202020%2F&sort=name&order=asc HTTP/1.1" 200 111599
173.231.60.194 - - [18/Feb/2022:03:04:18 -0500] "GET /BLA/resoluciones/index.php?dir=Notificaciones%2FAUTOS%202021%2F&sort=name&order=asc HTTP/1.1" 200 148394
173.231.60.194 - - [18/Feb/2022:03:04:25 -0500] "GET /BLA/resoluciones/index.php?dir=RESOLUCIONES%202002%2FANEXOS%2F&sort=date&order=desc HTTP/1.1" 200 2239
173.231.60.194 - - [18/Feb/2022:03:04:30 -0500] "GET /BLA/resoluciones/index.php?dir=RESOLUCIONES%202002%2FANEXOS%2F&sort=size&order=desc HTTP/1.1" 200 2239
173.231.60.194 - - [18/Feb/2022:03:04:37 -0500] "GET /BLA/resoluciones/index.php?dir=Notificaciones%2FAUTOS%201985%2F&sort=date&order=desc HTTP/1.1" 200 2732
173.231.60.194 - - [18/Feb/2022:03:04:43 -0500] "GET /BLA/resoluciones/index.php?dir=Notificaciones%2FAUTOS%201985%2F&sort=size&order=desc HTTP/1.1" 200 2732
173.231.60.194 - - [18/Feb/2022:03:04:49 -0500] "GET /BLA/resoluciones/index.php?dir=Notificaciones%2FAUTOS%201988%2F&sort=date&order=desc HTTP/1.1" 200 2204
173.231.60.194 - - [18/Feb/2022:03:04:55 -0500] "GET /BLA/resoluciones/index.php?dir=Notificaciones%2FAUTOS%201988%2F&sort=size&order=desc HTTP/1.1" 200 2204
173.231.60.194 - - [18/Feb/2022:03:05:00 -0500] "GET /BLA/resoluciones/index.php?dir=Notificaciones%2FAUTOS%202012%2F&sort=date&order=desc HTTP/1.1" 200 3091
173.231.60.194 - - [18/Feb/2022:03:05:06 -0500] "GET /BLA/resoluciones/index.php?dir=Notificaciones%2FAUTOS%202012%2F&sort=size&order=desc HTTP/1.1" 200 3091
173.231.60.194 - - [18/Feb/2022:03:05:12 -0500] "GET /BLA/resoluciones/index.php?dir=Notificaciones%2FAUTOS%202013%2F&sort=date&order=desc HTTP/1.1" 200 39421
181.54.105.160 - - [18/Feb/2022:03:05:32 -0500] "GET /galeria/galeria/jquery.fancybox.css?v=2.1.5 HTTP/1.1" 200 4895
207.46.13.157 - - [18/Feb/2022:03:05:47 -0500] "GET /bla/resoluciones/resoluciones%202012/0813.pdf HTTP/1.1" 200 439338
207.46.13.159 - - [18/Feb/2022:03:06:16 -0500] "GET /bla/resoluciones/notificaciones/autos%202017/01604.pdf HTTP/1.1" 200 321429
207.46.13.159 - - [18/Feb/2022:03:06:17 -0500] "GET /bla/resoluciones/resoluciones%202012/0649.pdf HTTP/1.1" 200 576499
216.245.221.92 - - [18/Feb/2022:03:06:28 -0500] "HEAD / HTTP/1.1" 200 -
40.77.167.55 - - [18/Feb/2022:03:07:42 -0500] "GET /bla/resoluciones/notificaciones/registros%202014/01421.doc HTTP/1.1" 200 166912
40.77.167.55 - - [18/Feb/2022:03:07:43 -0500] "GET /bla/resoluciones/resoluciones%202012/0885.pdf HTTP/1.1" 200 443099
207.46.13.159 - - [18/Feb/2022:03:08:06 -0500] "GET /bla/resoluciones/resoluciones%202012/0586.pdf HTTP/1.1" 200 356317
207.46.13.124 - - [18/Feb/2022:03:08:07 -0500] "GET /bla/resoluciones/notificaciones/autos%202019/04551.pdf HTTP/1.1" 200 342407
207.46.13.157 - - [18/Feb/2022:03:08:36 -0500] "GET /bla/resoluciones/notificaciones/autos%202017/04269.pdf HTTP/1.1" 200 333059
114.119.141.71 - - [18/Feb/2022:03:09:14 -0500] "GET /BLA/resoluciones/RESOLUCIONES%202010/3661.pdf HTTP/1.1" 200 456873
188.166.165.115 - - [18/Feb/2022:03:09:55 -0500] "GET / HTTP/1.0" 200 319
66.249.79.111 - - [18/Feb/2022:03:09:58 -0500] "-" 408 -
207.46.13.157 - - [18/Feb/2022:03:10:07 -0500] "GET /bla/resoluciones/resoluciones%202012/0172.pdf HTTP/1.1" 200 175698
66.249.79.47 - - [18/Feb/2022:03:11:19 -0500] "-" 408 -
216.245.221.92 - - [18/Feb/2022:03:11:28 -0500] "HEAD / HTTP/1.1" 200 -
201.245.192.253 - - [18/Feb/2022:03:11:12 -0500] "POST /kwsrmcab/Wsrmcab HTTP/1.1" 200 120284
207.46.13.157 - - [18/Feb/2022:03:12:57 -0500] "GET /bla/resoluciones/resoluciones%202012/0888.pdf HTTP/1.1" 200 548558
157.55.39.123 - - [18/Feb/2022:03:14:35 -0500] "GET /bla/resoluciones/notificaciones/autos%202015/05352.doc HTTP/1.1" 200 130997
207.46.13.159 - - [18/Feb/2022:03:14:46 -0500] "GET /bla/resoluciones/resoluciones%202012/1385.pdf HTTP/1.1" 200 729696
207.46.13.124 - - [18/Feb/2022:03:17:06 -0500] "GET /bla/resoluciones/notificaciones/autos%202019/3974.pdf HTTP/1.1" 200 290157
40.77.167.55 - - [18/Feb/2022:03:17:12 -0500] "GET /bla/resoluciones/notificaciones/autos%202017/04006.pdf HTTP/1.1" 200 286238
216.245.221.92 - - [18/Feb/2022:03:17:18 -0500] "GET / HTTP/1.1" 200 319
157.55.39.123 - - [18/Feb/2022:03:17:46 -0500] "GET /bla/resoluciones/notificaciones/autos%202017/4043.pdf HTTP/1.1" 200 262194
207.46.13.159 - - [18/Feb/2022:03:17:57 -0500] "GET /bla/resoluciones/resoluciones%202012/0600.pdf HTTP/1.1" 200 301173
40.77.167.55 - - [18/Feb/2022:03:18:12 -0500] "GET /bla/resoluciones/resoluciones%202012/1551.pdf HTTP/1.1" 200 1265569
157.55.39.123 - - [18/Feb/2022:03:18:15 -0500] "GET /bla/resoluciones/notificaciones/autos%202019/3387.pdf HTTP/1.1" 200 297420
207.46.13.157 - - [18/Feb/2022:03:18:27 -0500] "GET /bla/resoluciones/resoluciones%202012/1531.pdf HTTP/1.1" 200 613773
173.252.107.12 - - [18/Feb/2022:03:18:35 -0500] "GET /en-2021-aumentaron-en-un-45-los-negocios-verdes-verificados-por-la-secretaria-de-ambiente-frente-a-2020.html HTTP/1.1" 206 1042
173.252.107.23 - - [18/Feb/2022:03:18:35 -0500] "GET /en-2021-aumentaron-en-un-45-los-negocios-verdes-verificados-por-la-secretaria-de-ambiente-frente-a-2020.html HTTP/1.1" 206 1042
173.252.107.20 - - [18/Feb/2022:03:18:35 -0500] "GET /del-22-al-26-de-noviembre-se-realizara-la-semana-ecoempresarial-en-bogota.html HTTP/1.1" 206 860
66.249.79.111 - - [18/Feb/2022:03:19:05 -0500] "-" 408 -
40.77.167.55 - - [18/Feb/2022:03:19:12 -0500] "GET /bla/resoluciones/notificaciones/autos%202017/00921.pdf HTTP/1.1" 200 968491
207.46.13.159 - - [18/Feb/2022:03:19:17 -0500] "GET /bla/resoluciones/resoluciones%202012/1822.pdf HTTP/1.1" 200 435552
40.77.167.55 - - [18/Feb/2022:03:19:25 -0500] "GET /bla/resoluciones/resoluciones%202012/0416.pdf HTTP/1.1" 200 412829
40.77.167.10 - - [18/Feb/2022:03:19:32 -0500] "GET /bla/resoluciones/resoluciones%202012/1892.pdf HTTP/1.1" 200 364555
207.46.13.157 - - [18/Feb/2022:03:20:18 -0500] "GET /bla/resoluciones/resoluciones%202012/0384.pdf HTTP/1.1" 200 321065
207.46.13.124 - - [18/Feb/2022:03:20:47 -0500] "GET /bla/resoluciones/notificaciones/autos%202017/732.pdf HTTP/1.1" 200 282554
157.55.39.123 - - [18/Feb/2022:03:20:56 -0500] "GET /bla/resoluciones/notificaciones/autos%202017/04482.pdf HTTP/1.1" 200 276197
201.245.192.253 - - [18/Feb/2022:03:20:55 -0500] "POST /kwsrmcab/Wsrmcab HTTP/1.1" 200 46607
157.55.39.123 - - [18/Feb/2022:03:21:46 -0500] "GET /bla/resoluciones/resoluciones%202012/0660.pdf HTTP/1.1" 200 256920
201.245.192.253 - - [18/Feb/2022:03:21:08 -0500] "POST /kwsrmcab/Wsrmcab HTTP/1.1" 200 120284
216.245.221.92 - - [18/Feb/2022:03:22:18 -0500] "HEAD / HTTP/1.1" 200 -
40.77.167.10 - - [18/Feb/2022:03:22:23 -0500] "GET /bla/resoluciones/resoluciones%202012/1257.pdf HTTP/1.1" 200 362351
207.46.13.159 - - [18/Feb/2022:03:22:27 -0500] "GET /bla/resoluciones/resoluciones%202012/0733.pdf HTTP/1.1" 200 280118
201.245.192.253 - - [18/Feb/2022:03:21:44 -0500] "POST /kwsrmcab/Wsrmcab HTTP/1.1" 200 47383
91.240.118.67 - - [18/Feb/2022:03:22:35 -0500] "GET / HTTP/1.1" 200 319
207.46.13.124 - - [18/Feb/2022:03:23:08 -0500] "GET /bla/resoluciones/resoluciones%202012/0824.pdf HTTP/1.1" 200 371641
157.55.39.123 - - [18/Feb/2022:03:23:37 -0500] "GET /bla/resoluciones/resoluciones%202012/1570.pdf HTTP/1.1" 200 767512
157.55.39.123 - - [18/Feb/2022:03:23:46 -0500] "GET /bla/resoluciones/autos%202020/4783.pdf HTTP/1.1" 200 371582
114.119.141.73 - - [18/Feb/2022:03:23:54 -0500] "GET /BLA/resoluciones/RESOLUCIONES%202011/3801.pdf HTTP/1.1" 200 732606
207.46.13.124 - - [18/Feb/2022:03:24:27 -0500] "GET /bla/resoluciones/notificaciones/autos%202015/06197.pdf HTTP/1.1" 200 895192
40.77.167.55 - - [18/Feb/2022:03:25:14 -0500] "GET /bla/resoluciones/resoluciones%202012/1299.pdf HTTP/1.1" 200 718643
207.46.13.124 - - [18/Feb/2022:03:25:17 -0500] "GET /bla/resoluciones/notificaciones/autos%202017/03387.pdf HTTP/1.1" 200 297638
66.249.79.111 - - [18/Feb/2022:03:25:26 -0500] "-" 408 -
40.77.167.55 - - [18/Feb/2022:03:25:27 -0500] "GET /bla/resoluciones/resoluciones%202012/0894.pdf HTTP/1.1" 200 466149
40.77.167.10 - - [18/Feb/2022:03:25:33 -0500] "GET /bla/resoluciones/resoluciones%202012/0982.pdf HTTP/1.1" 200 427914
114.119.141.42 - - [18/Feb/2022:03:25:34 -0500] "GET /BLA/resoluciones/RESOLUCIONES%202010/7560.pdf HTTP/1.1" 200 69143
157.55.39.123 - - [18/Feb/2022:03:25:46 -0500] "GET /bla/resoluciones/resoluciones%202012/1887.pdf HTTP/1.1" 200 1979362
40.77.167.10 - - [18/Feb/2022:03:25:53 -0500] "GET /bla/resoluciones/notificaciones/autos%202017/02158.doc HTTP/1.1" 200 1833072
207.46.13.124 - - [18/Feb/2022:03:26:47 -0500] "GET /bla/resoluciones/notificaciones/autos%202017/00312.pdf HTTP/1.1" 200 2042371
216.245.221.92 - - [18/Feb/2022:03:27:18 -0500] "HEAD / HTTP/1.1" 200 -
40.77.167.55 - - [18/Feb/2022:03:28:46 -0500] "GET /bla/resoluciones/resoluciones%202012/1087.pdf HTTP/1.1" 200 429267
114.119.141.71 - - [18/Feb/2022:03:31:27 -0500] "GET /BLA/resoluciones/AUTOS%202012/0513.pdf HTTP/1.1" 200 346590
201.245.192.253 - - [18/Feb/2022:03:30:55 -0500] "POST /kwsrmcab/Wsrmcab HTTP/1.1" 200 46607
207.46.13.124 - - [18/Feb/2022:03:31:48 -0500] "GET / HTTP/1.1" 200 319
66.249.79.111 - - [18/Feb/2022:03:31:51 -0500] "-" 408 -
201.245.192.253 - - [18/Feb/2022:03:31:12 -0500] "POST /kwsrmcab/Wsrmcab HTTP/1.1" 200 120284
216.245.221.92 - - [18/Feb/2022:03:32:18 -0500] "HEAD / HTTP/1.1" 200 -
157.55.39.123 - - [18/Feb/2022:03:32:18 -0500] "GET /sipse/faces/faces/autenticacion.xhtml HTTP/1.1" 200 12493
40.77.167.55 - - [18/Feb/2022:03:32:32 -0500] "GET /bla/resoluciones/notificaciones/autos%202017/02578.pdf HTTP/1.1" 200 442227
201.245.192.253 - - [18/Feb/2022:03:31:44 -0500] "POST /kwsrmcab/Wsrmcab HTTP/1.1" 200 47383
87.250.224.19 - - [18/Feb/2022:03:32:54 -0500] "-" 408 -
5.45.207.72 - - [18/Feb/2022:03:33:00 -0500] "-" 408 -
213.180.203.184 - - [18/Feb/2022:03:33:05 -0500] "-" 408 -
5.255.253.130 - - [18/Feb/2022:03:33:10 -0500] "-" 408 -
95.108.213.35 - - [18/Feb/2022:03:33:25 -0500] "-" 408 -
213.180.203.91 - - [18/Feb/2022:03:33:40 -0500] "-" 408 -
95.108.213.3 - - [18/Feb/2022:03:34:10 -0500] "-" 408 -
207.46.13.124 - - [18/Feb/2022:03:34:19 -0500] "GET /bla/resoluciones/resoluciones%202012/0507.pdf HTTP/1.1" 200 424571
157.55.39.123 - - [18/Feb/2022:03:34:57 -0500] "GET /bla/resoluciones/notificaciones/autos%202017/00965.doc HTTP/1.1" 200 373961
5.45.207.150 - - [18/Feb/2022:03:35:10 -0500] "-" 408 -
95.108.213.63 - - [18/Feb/2022:03:36:10 -0500] "-" 408 -
40.77.167.10 - - [18/Feb/2022:03:36:24 -0500] "GET /bla/resoluciones/resoluciones%202012/0797.pdf HTTP/1.1" 200 205881
216.245.221.92 - - [18/Feb/2022:03:37:18 -0500] "HEAD / HTTP/1.1" 200 -
66.249.79.111 - - [18/Feb/2022:03:37:54 -0500] "-" 408 -
207.46.13.159 - - [18/Feb/2022:03:37:58 -0500] "GET /bla/resoluciones/notificaciones/autos%202017/04492.pdf HTTP/1.1" 200 276283
213.180.203.70 - - [18/Feb/2022:03:38:10 -0500] "-" 408 -
40.77.167.10 - - [18/Feb/2022:03:38:25 -0500] "GET /bla/resoluciones/resoluciones%202012/1067.pdf HTTP/1.1" 200 593977
114.119.141.42 - - [18/Feb/2022:03:38:27 -0500] "GET /BLA/resoluciones/RESOLUCIONES%202014/2214.pdf HTTP/1.1" 200 774294
40.77.167.10 - - [18/Feb/2022:03:39:14 -0500] "GET /bla/resoluciones/notificaciones/autos%202017/433.pdf HTTP/1.1" 200 344885
207.46.13.159 - - [18/Feb/2022:03:39:49 -0500] "GET /bla/resoluciones/notificaciones/registros%202014/2161.doc HTTP/1.1" 200 207360
207.46.13.124 - - [18/Feb/2022:03:40:10 -0500] "GET /bla/resoluciones/notificaciones/autos%202017/03359.pdf HTTP/1.1" 200 266441
207.46.13.124 - - [18/Feb/2022:03:40:20 -0500] "GET /bla/resoluciones/resoluciones%202012/0474.pdf HTTP/1.1" 200 222288
87.250.224.38 - - [18/Feb/2022:03:41:10 -0500] "-" 408 -
201.245.192.253 - - [18/Feb/2022:03:40:55 -0500] "POST /kwsrmcab/Wsrmcab HTTP/1.1" 200 46607
216.245.221.92 - - [18/Feb/2022:03:42:18 -0500] "HEAD / HTTP/1.1" 200 -
201.245.192.253 - - [18/Feb/2022:03:41:45 -0500] "POST /kwsrmcab/Wsrmcab HTTP/1.1" 200 47383
207.46.13.157 - - [18/Feb/2022:03:43:00 -0500] "GET /bla/resoluciones/resoluciones%202012/0683.pdf HTTP/1.1" 200 252213
201.245.192.253 - - [18/Feb/2022:03:42:30 -0500] "POST /kwsrmcab/Wsrmcab HTTP/1.1" 200 120284
207.46.13.124 - - [18/Feb/2022:03:43:30 -0500] "GET /bla/resoluciones/notificaciones/registros%202018/01369.pdf HTTP/1.1" 200 266491
207.46.13.157 - - [18/Feb/2022:03:43:40 -0500] "GET /bla/resoluciones/notificaciones/autos%202018/4880.pdf HTTP/1.1" 200 223433
66.249.79.111 - - [18/Feb/2022:03:43:43 -0500] "-" 408 -
207.46.13.157 - - [18/Feb/2022:03:44:19 -0500] "GET /Residuos/curtiembres/curtiembres.html HTTP/1.1" 304 -
34.77.162.1 - - [18/Feb/2022:03:44:24 -0500] "GET / HTTP/1.1" 200 4720
207.46.13.124 - - [18/Feb/2022:03:44:30 -0500] "GET /bla/resoluciones/resoluciones%202012/0385.pdf HTTP/1.1" 200 379666
157.55.39.123 - - [18/Feb/2022:03:45:48 -0500] "GET /bla/resoluciones/notificaciones/autos%202019/1015.pdf HTTP/1.1" 200 284364
207.46.13.157 - - [18/Feb/2022:03:45:50 -0500] "GET /bla/resoluciones/autos%202021/6609.pdf HTTP/1.1" 200 382682
207.46.13.124 - - [18/Feb/2022:03:47:01 -0500] "GET /bla/resoluciones/resoluciones%202012/0280.pdf HTTP/1.1" 200 173486
216.245.221.92 - - [18/Feb/2022:03:47:18 -0500] "HEAD / HTTP/1.1" 200 -
40.77.167.10 - - [18/Feb/2022:03:47:35 -0500] "GET /bla/resoluciones/notificaciones/autos%202020/1523.pdf HTTP/1.1" 200 326063
207.46.13.157 - - [18/Feb/2022:03:47:51 -0500] "GET /bla/resoluciones/notificaciones/autos%202017/03456.pdf HTTP/1.1" 200 307125
207.46.13.159 - - [18/Feb/2022:03:47:59 -0500] "GET /bla/resoluciones/notificaciones/registros%202018/0160.pdf HTTP/1.1" 200 266277
207.46.13.159 - - [18/Feb/2022:03:49:20 -0500] "GET /bla/resoluciones/resoluciones%202012/1245.pdf HTTP/1.1" 200 391964
66.249.79.113 - - [18/Feb/2022:03:49:44 -0500] "-" 408 -
207.46.13.157 - - [18/Feb/2022:03:50:00 -0500] "GET /bla/resoluciones/resoluciones%202012/1070.pdf HTTP/1.1" 200 330267
40.77.167.10 - - [18/Feb/2022:03:50:05 -0500] "GET /bla/resoluciones/notificaciones/autos%202017/04668.pdf HTTP/1.1" 200 324243
114.119.141.69 - - [18/Feb/2022:03:50:08 -0500] "GET /BLA/resoluciones/AUTOS%202011/1834.pdf HTTP/1.1" 200 147935
157.55.39.123 - - [18/Feb/2022:03:50:10 -0500] "GET /bla/resoluciones/resoluciones%202012/1810.pdf HTTP/1.1" 200 466848
201.245.192.253 - - [18/Feb/2022:03:49:57 -0500] "POST /kwsrmcab/Wsrmcab HTTP/1.1" 200 120284
207.46.13.159 - - [18/Feb/2022:03:51:41 -0500] "GET /bla/resoluciones/notificaciones/autos%202017/1161.pdf HTTP/1.1" 200 287468
216.245.221.92 - - [18/Feb/2022:03:52:18 -0500] "HEAD / HTTP/1.1" 200 -
207.46.13.159 - - [18/Feb/2022:03:52:41 -0500] "GET /bla/resoluciones/resoluciones%202012/0752.pdf HTTP/1.1" 200 4480156
157.55.39.123 - - [18/Feb/2022:03:52:50 -0500] "GET /bla/resoluciones/notificaciones/autos%202017/04930.pdf HTTP/1.1" 200 282460
181.61.209.55 - - [18/Feb/2022:03:53:33 -0500] "GET /BLA/resoluciones/Notificaciones/AUTOS%202021/3828.pdf HTTP/1.1" 200 387318
181.61.209.55 - - [18/Feb/2022:03:53:34 -0500] "GET /favicon.ico HTTP/1.1" 200 7782
181.61.209.55 - - [18/Feb/2022:03:54:23 -0500] "GET /BLA/resoluciones/Notificaciones/AUTOS%202021/4133.pdf HTTP/1.1" 200 754499
207.46.13.157 - - [18/Feb/2022:03:54:41 -0500] "GET /bla/resoluciones/notificaciones/autos%202018/6720.pdf HTTP/1.1" 200 264042
66.249.79.111 - - [18/Feb/2022:03:55:55 -0500] "-" 408 -
216.245.221.92 - - [18/Feb/2022:03:57:18 -0500] "HEAD / HTTP/1.1" 200 -
181.61.209.55 - - [18/Feb/2022:03:58:31 -0500] "GET /BLA/resoluciones/Notificaciones/AUTOS%202021/5233.pdf HTTP/1.1" 200 402593
157.55.39.123 - - [18/Feb/2022:03:58:51 -0500] "GET /bla/resoluciones/resoluciones%202012/1848.pdf HTTP/1.1" 200 534833
207.46.13.159 - - [18/Feb/2022:03:58:51 -0500] "GET /bla/resoluciones/resoluciones%202012/1809.pdf HTTP/1.1" 200 645916
207.46.13.159 - - [18/Feb/2022:03:59:31 -0500] "GET /bla/resoluciones/resoluciones%202012/1230.pdf HTTP/1.1" 200 533724
207.46.13.124 - - [18/Feb/2022:03:59:31 -0500] "GET /bla/resoluciones/notificaciones/autos%202017/03446.pdf HTTP/1.1" 200 309323
181.61.209.55 - - [18/Feb/2022:04:00:12 -0500] "GET /BLA/resoluciones/Notificaciones/AUTOS%202021/1521.pdf HTTP/1.1" 200 734040
157.55.39.123 - - [18/Feb/2022:04:00:19 -0500] "GET /bla/resoluciones/notificaciones/autos%202019/4927.pdf HTTP/1.1" 200 277778
40.77.167.55 - - [18/Feb/2022:04:00:46 -0500] "GET /bla/resoluciones/resoluciones%202012/0578.pdf HTTP/1.1" 200 365881
114.119.141.69 - - [18/Feb/2022:04:00:49 -0500] "GET /BLA/resoluciones/RESOLUCIONES%202010/6913.pdf HTTP/1.1" 200 325112
40.77.167.55 - - [18/Feb/2022:04:00:52 -0500] "GET /bla/resoluciones/notificaciones/autos%202020/0943.pdf HTTP/1.1" 200 385024
207.46.13.124 - - [18/Feb/2022:04:00:52 -0500] "GET /bla/resoluciones/notificaciones/autos%202018/5011.pdf HTTP/1.1" 200 255754
201.245.192.253 - - [18/Feb/2022:04:00:10 -0500] "POST /kwsrmcab/Wsrmcab HTTP/1.1" 200 120284
207.46.13.159 - - [18/Feb/2022:04:01:01 -0500] "GET /bla/resoluciones/notificaciones/autos%202017/01180.pdf HTTP/1.1" 200 288168
207.46.13.157 - - [18/Feb/2022:04:01:02 -0500] "GET /bla/resoluciones/resoluciones%202012/0609.pdf HTTP/1.1" 200 340495
40.77.167.10 - - [18/Feb/2022:04:01:56 -0500] "GET /bla/resoluciones/index.php?dir=notificaciones/registros%202015/&sort=name&order=desc HTTP/1.1" 200 19556
66.249.79.111 - - [18/Feb/2022:04:02:00 -0500] "-" 408 -
216.245.221.92 - - [18/Feb/2022:04:02:18 -0500] "HEAD / HTTP/1.1" 200 -
114.119.132.76 - - [18/Feb/2022:04:02:25 -0500] "GET /BLA/resoluciones/RESOLUCIONES%202015/0203.pdf HTTP/1.1" 200 284642
207.46.13.159 - - [18/Feb/2022:04:03:12 -0500] "GET /bla/resoluciones/resoluciones%202012/0971.pdf HTTP/1.1" 200 493374
207.46.13.159 - - [18/Feb/2022:04:03:32 -0500] "GET /bla/resoluciones/resoluciones%202012/0417.pdf HTTP/1.1" 200 544681
207.46.13.124 - - [18/Feb/2022:04:05:12 -0500] "GET /bla/resoluciones/resoluciones%202012/0811.pdf HTTP/1.1" 200 339825
34.90.92.200 - - [18/Feb/2022:04:05:19 -0500] "GET / HTTP/1.1" 200 319
207.46.13.124 - - [18/Feb/2022:04:05:52 -0500] "GET /bla/resoluciones/resoluciones%202012/1888.pdf HTTP/1.1" 200 825696
216.245.221.92 - - [18/Feb/2022:04:07:18 -0500] "HEAD / HTTP/1.1" 200 -
40.77.167.55 - - [18/Feb/2022:04:07:49 -0500] "GET /bla/resoluciones/notificaciones/autos%202018/6181.pdf HTTP/1.1" 200 281763
157.55.39.123 - - [18/Feb/2022:04:08:31 -0500] "GET /bla/resoluciones/notificaciones/autos%202017/02376.pdf HTTP/1.1" 200 265605
207.46.13.159 - - [18/Feb/2022:04:08:50 -0500] "GET /bla/resoluciones/notificaciones/autos%202017/02371.pdf HTTP/1.1" 200 260204
207.46.13.124 - - [18/Feb/2022:04:09:02 -0500] "GET /bla/resoluciones/resoluciones%202012/0168.pdf HTTP/1.1" 200 192786
66.249.79.111 - - [18/Feb/2022:04:09:05 -0500] "-" 408 -
40.77.167.10 - - [18/Feb/2022:04:09:17 -0500] "GET /bla/resoluciones/notificaciones/autos%202017/00967.doc HTTP/1.1" 200 343887
40.77.167.10 - - [18/Feb/2022:04:11:08 -0500] "GET /bla/resoluciones/notificaciones/autos%202017/0888.pdf HTTP/1.1" 200 647839
157.55.39.123 - - [18/Feb/2022:04:11:21 -0500] "GET /bla/resoluciones/resoluciones%202012/1895.pdf HTTP/1.1" 200 7916484
201.245.192.253 - - [18/Feb/2022:04:11:09 -0500] "POST /kwsrmcab/Wsrmcab HTTP/1.1" 200 120286
40.77.167.10 - - [18/Feb/2022:04:12:08 -0500] "GET /bla/resoluciones/resoluciones%202012/1151.pdf HTTP/1.1" 200 883789
216.245.221.92 - - [18/Feb/2022:04:12:18 -0500] "HEAD / HTTP/1.1" 200 -
157.55.39.123 - - [18/Feb/2022:04:12:20 -0500] "GET /bla/resoluciones/notificaciones/autos%202019/0840.pdf HTTP/1.1" 200 248513
40.77.167.10 - - [18/Feb/2022:04:12:37 -0500] "GET /bla/resoluciones/resoluciones%202012/0341.pdf HTTP/1.1" 200 548893
207.46.13.124 - - [18/Feb/2022:04:13:13 -0500] "GET /bla/resoluciones/autos%202020/4509.pdf HTTP/1.1" 200 317696
40.77.167.55 - - [18/Feb/2022:04:14:08 -0500] "GET /bla/resoluciones/notificaciones/autos%202017/01381.pdf HTTP/1.1" 200 320946
66.249.79.115 - - [18/Feb/2022:04:14:59 -0500] "-" 408 -
31.148.130.130 - - [18/Feb/2022:04:15:29 -0500] "GET /BLA/resoluciones/AUTOS%202020/2641.pdf HTTP/1.1" 200 401085
40.77.167.55 - - [18/Feb/2022:04:16:17 -0500] "GET /bla/resoluciones/resoluciones%202012/1594.pdf HTTP/1.1" 200 465026
216.245.221.92 - - [18/Feb/2022:04:17:18 -0500] "HEAD / HTTP/1.1" 200 -
157.55.39.123 - - [18/Feb/2022:04:17:41 -0500] "GET /bla/resoluciones/notificaciones/autos%202015/06561.doc HTTP/1.1" 200 167983
190.25.104.254 - - [18/Feb/2022:04:17:42 -0500] "GET /galeria/galeria/jquery.fancybox.css?v=2.1.5 HTTP/1.1" 200 4895
114.119.141.53 - - [18/Feb/2022:04:18:02 -0500] "GET /BLA/resoluciones/RESOLUCIONES%202016/0438.pdf HTTP/1.1" 200 876674
207.46.13.157 - - [18/Feb/2022:04:18:33 -0500] "GET /bla/resoluciones/notificaciones/autos%202017/04208.pdf HTTP/1.1" 200 324779
207.46.13.124 - - [18/Feb/2022:04:19:03 -0500] "GET /bla/resoluciones/notificaciones/autos%202015/0348.doc HTTP/1.1" 200 153600
201.245.192.253 - - [18/Feb/2022:04:19:59 -0500] "POST /kwsrmcab/Wsrmcab HTTP/1.1" 200 120286
66.249.79.111 - - [18/Feb/2022:04:20:58 -0500] "-" 408 -
201.245.192.253 - - [18/Feb/2022:04:20:54 -0500] "POST /kwsrmcab/Wsrmcab HTTP/1.1" 200 46607
216.245.221.92 - - [18/Feb/2022:04:22:18 -0500] "HEAD / HTTP/1.1" 200 -
201.245.192.253 - - [18/Feb/2022:04:21:44 -0500] "POST /kwsrmcab/Wsrmcab HTTP/1.1" 200 47385
157.55.39.123 - - [18/Feb/2022:04:23:11 -0500] "GET /bla/resoluciones/notificaciones/registros%202018/0224.pdf HTTP/1.1" 200 265394
157.55.39.123 - - [18/Feb/2022:04:23:22 -0500] "GET /bla/resoluciones/resoluciones%202012/0720.pdf HTTP/1.1" 200 189023
40.77.167.55 - - [18/Feb/2022:04:23:28 -0500] "GET /bla/resoluciones/resoluciones%202012/1355.pdf HTTP/1.1" 200 291015
207.46.13.124 - - [18/Feb/2022:04:23:43 -0500] "GET /bla/resoluciones/notificaciones/autos%202015/07075.doc HTTP/1.1" 200 137502
23.95.100.141 - - [18/Feb/2022:04:26:27 -0500] "HEAD / HTTP/1.0" 200 -
114.119.132.76 - - [18/Feb/2022:04:26:47 -0500] "GET /BLA/resoluciones/RESOLUCIONES%202010/4259.pdf HTTP/1.1" 200 633080
216.245.221.92 - - [18/Feb/2022:04:27:18 -0500] "HEAD / HTTP/1.1" 200 -
207.46.13.159 - - [18/Feb/2022:04:27:42 -0500] "GET /bla/resoluciones/notificaciones/autos%202015/4133.doc HTTP/1.1" 200 169472
157.55.39.123 - - [18/Feb/2022:04:27:53 -0500] "GET /bla/resoluciones/resoluciones%202012/1863.pdf HTTP/1.1" 200 535779
66.249.79.111 - - [18/Feb/2022:04:27:58 -0500] "-" 408 -
40.77.167.10 - - [18/Feb/2022:04:28:19 -0500] "GET /bla/resoluciones/notificaciones/autos%202018/0940.pdf HTTP/1.1" 200 274343
207.46.13.124 - - [18/Feb/2022:04:29:43 -0500] "GET /bla/resoluciones/notificaciones/autos%202017/03810.pdf HTTP/1.1" 200 852078
207.46.13.124 - - [18/Feb/2022:04:30:13 -0500] "GET /bla/resoluciones/resoluciones%202012/1150.pdf HTTP/1.1" 200 1076949
157.55.39.123 - - [18/Feb/2022:04:31:13 -0500] "GET /bla/resoluciones/notificaciones/autos%202017/02236.pdf HTTP/1.1" 200 286040
177.237.23.151 - - [18/Feb/2022:04:31:25 -0500] "GET /galeria/galeria/jquery.fancybox.css?v=2.1.5 HTTP/1.1" 200 4895
40.77.167.55 - - [18/Feb/2022:04:31:37 -0500] "GET /bla/resoluciones/notificaciones/registros%202018/01430.pdf HTTP/1.1" 200 266267
201.245.192.253 - - [18/Feb/2022:04:30:52 -0500] "POST /kwsrmcab/Wsrmcab HTTP/1.1" 200 120286
201.245.192.253 - - [18/Feb/2022:04:30:55 -0500] "POST /kwsrmcab/Wsrmcab HTTP/1.1" 200 46607
216.245.221.92 - - [18/Feb/2022:04:32:18 -0500] "HEAD / HTTP/1.1" 200 -
157.55.39.123 - - [18/Feb/2022:04:32:23 -0500] "GET /bla/resoluciones/resoluciones%202012/0681.pdf HTTP/1.1" 200 472851
201.245.192.253 - - [18/Feb/2022:04:31:43 -0500] "POST /kwsrmcab/Wsrmcab HTTP/1.1" 200 47385
66.249.79.111 - - [18/Feb/2022:04:34:07 -0500] "-" 408 -
157.55.39.123 - - [18/Feb/2022:04:35:03 -0500] "GET /bla/resoluciones/notificaciones/autos%202017/04481.pdf HTTP/1.1" 200 267717
216.245.221.92 - - [18/Feb/2022:04:37:18 -0500] "HEAD / HTTP/1.1" 200 -
207.46.13.157 - - [18/Feb/2022:04:39:35 -0500] "GET /bla/resoluciones/notificaciones/registros%202014/3295.doc HTTP/1.1" 200 199168
157.55.39.123 - - [18/Feb/2022:04:40:03 -0500] "GET /bla/resoluciones/notificaciones/autos%202017/1102.pdf HTTP/1.1" 200 284258
201.245.192.253 - - [18/Feb/2022:04:40:02 -0500] "POST /kwsrmcab/Wsrmcab HTTP/1.1" 200 120286
157.55.39.123 - - [18/Feb/2022:04:40:55 -0500] "GET /bla/resoluciones/resoluciones%202012/0945.pdf HTTP/1.1" 200 576325
207.46.13.124 - - [18/Feb/2022:04:40:56 -0500] "GET /bla/resoluciones/notificaciones/autos%202017/02380.pdf HTTP/1.1" 200 306062
207.46.13.159 - - [18/Feb/2022:04:41:05 -0500] "GET /bla/resoluciones/resoluciones%202012/1033.pdf HTTP/1.1" 200 640565
66.249.79.111 - - [18/Feb/2022:04:41:13 -0500] "-" 408 -
201.245.192.253 - - [18/Feb/2022:04:40:55 -0500] "POST /kwsrmcab/Wsrmcab HTTP/1.1" 200 46607
216.245.221.92 - - [18/Feb/2022:04:42:18 -0500] "HEAD / HTTP/1.1" 200 -
201.245.192.253 - - [18/Feb/2022:04:41:44 -0500] "POST /kwsrmcab/Wsrmcab HTTP/1.1" 200 47385
40.77.167.55 - - [18/Feb/2022:04:42:34 -0500] "GET /bla/resoluciones/notificaciones/autos%202017/3705.pdf HTTP/1.1" 200 310633
207.46.13.230 - - [18/Feb/2022:04:43:22 -0500] "-" 408 -
40.77.167.55 - - [18/Feb/2022:04:43:53 -0500] "GET /bla/resoluciones/notificaciones/autos%202017/02420.pdf HTTP/1.1" 200 310865
40.77.167.10 - - [18/Feb/2022:04:44:00 -0500] "GET /bla/resoluciones/notificaciones/autos%202017/00433.pdf HTTP/1.1" 200 344885
207.46.13.124 - - [18/Feb/2022:04:44:35 -0500] "GET /bla/resoluciones/resoluciones%202012/1247.pdf HTTP/1.1" 200 273120
157.55.39.123 - - [18/Feb/2022:04:46:03 -0500] "GET /bla/resoluciones/notificaciones/autos%202019/1757.pdf HTTP/1.1" 200 256966
114.119.141.42 - - [18/Feb/2022:04:46:38 -0500] "GET /BLA/resoluciones/RESOLUCIONES%202010/1315.pdf HTTP/1.1" 200 99513
216.245.221.92 - - [18/Feb/2022:04:47:18 -0500] "HEAD / HTTP/1.1" 200 -
207.46.13.128 - - [18/Feb/2022:04:47:27 -0500] "GET / HTTP/1.1" 200 4720
66.249.79.111 - - [18/Feb/2022:04:47:57 -0500] "-" 408 -
173.252.107.5 - - [18/Feb/2022:04:48:32 -0500] "GET /tarantulas-cucarachas-y-un-escorpion-fueron-incautadas-en-el-aeropuerto-el-dorado-su-destino-era-alemania.html HTTP/1.1" 206 931
207.46.13.157 - - [18/Feb/2022:04:49:56 -0500] "GET /bla/resoluciones/notificaciones/autos%202017/03970.pdf HTTP/1.1" 200 289544
207.46.13.124 - - [18/Feb/2022:04:49:56 -0500] "GET /bla/resoluciones/resoluciones%202012/0880.pdf HTTP/1.1" 200 429577
207.46.13.159 - - [18/Feb/2022:04:50:16 -0500] "GET /bla/resoluciones/resoluciones%202012/1279.pdf HTTP/1.1" 200 1112567
207.46.13.159 - - [18/Feb/2022:04:50:26 -0500] "GET /bla/resoluciones/resoluciones%202012/0281.pdf HTTP/1.1" 200 303127
114.119.141.73 - - [18/Feb/2022:04:52:17 -0500] "GET /BLA/resoluciones/RESOLUCIONES%202007/RES%202007%201101%20AL%201200/RESOLUCION%201110%20DE%202007.pdf HTTP/1.1" 200 195116
216.245.221.92 - - [18/Feb/2022:04:52:18 -0500] "HEAD / HTTP/1.1" 200 -
201.245.192.253 - - [18/Feb/2022:04:51:35 -0500] "POST /kwsrmcab/Wsrmcab HTTP/1.1" 200 120286
40.77.167.10 - - [18/Feb/2022:04:52:41 -0500] "GET /bla/resoluciones/notificaciones/autos%202015/1219.doc HTTP/1.1" 200 151552
40.77.167.10 - - [18/Feb/2022:04:53:01 -0500] "GET /bla/resoluciones/resoluciones%202012/0633.pdf HTTP/1.1" 200 583007
207.46.13.157 - - [18/Feb/2022:04:53:16 -0500] "GET /bla/resoluciones/resoluciones%202012/1280.pdf HTTP/1.1" 200 629777
40.77.167.55 - - [18/Feb/2022:04:53:35 -0500] "GET /bla/resoluciones/notificaciones/autos%202015/3453.doc HTTP/1.1" 200 801792
40.77.167.55 - - [18/Feb/2022:04:53:36 -0500] "GET /bla/resoluciones/resoluciones%202012/0036.pdf HTTP/1.1" 200 314144
66.249.79.111 - - [18/Feb/2022:04:53:49 -0500] "-" 408 -
31.13.103.16 - - [18/Feb/2022:04:53:49 -0500] "GET /images/mujeres-reverdecen-humedales-2-febrero.jpg HTTP/1.1" 200 47327
40.77.167.55 - - [18/Feb/2022:04:55:40 -0500] "GET /bla/resoluciones/notificaciones/autos%202017/01890.pdf HTTP/1.1" 200 357504
40.77.167.55 - - [18/Feb/2022:04:56:37 -0500] "GET /bla/resoluciones/notificaciones/autos%202017/02085.pdf HTTP/1.1" 200 318337
216.245.221.92 - - [18/Feb/2022:04:57:18 -0500] "HEAD / HTTP/1.1" 200 -
207.46.13.159 - - [18/Feb/2022:04:57:26 -0500] "GET /bla/resoluciones/notificaciones/autos%202017/4178.pdf HTTP/1.1" 200 261742
40.77.167.55 - - [18/Feb/2022:04:57:37 -0500] "GET /bla/resoluciones/notificaciones/autos%202017/03277.pdf HTTP/1.1" 200 2039075
207.46.13.159 - - [18/Feb/2022:04:57:49 -0500] "GET /bla/resoluciones/resoluciones%202012/1805.pdf HTTP/1.1" 200 1843878
207.46.13.159 - - [18/Feb/2022:04:57:58 -0500] "GET /bla/resoluciones/resoluciones%202012/0882.pdf HTTP/1.1" 200 464755
157.55.39.123 - - [18/Feb/2022:04:59:35 -0500] "GET /bla/resoluciones/notificaciones/autos%202017/03597.pdf HTTP/1.1" 200 270182
66.249.79.111 - - [18/Feb/2022:04:59:44 -0500] "-" 408 -
207.46.13.124 - - [18/Feb/2022:05:00:07 -0500] "GET /bla/resoluciones/resoluciones%202012/0587.pdf HTTP/1.1" 200 364171
40.77.167.55 - - [18/Feb/2022:05:02:03 -0500] "GET /bla/resoluciones/resoluciones%202012/0291.pdf HTTP/1.1" 200 578027
216.245.221.92 - - [18/Feb/2022:05:02:18 -0500] "HEAD / HTTP/1.1" 200 -
201.245.192.253 - - [18/Feb/2022:05:01:35 -0500] "POST /kwsrmcab/Wsrmcab HTTP/1.1" 200 120286
207.46.13.124 - - [18/Feb/2022:05:02:37 -0500] "GET /bla/resoluciones/notificaciones/autos%202017/04968.pdf HTTP/1.1" 200 283390
207.46.13.157 - - [18/Feb/2022:05:02:38 -0500] "GET /bla/resoluciones/resoluciones%202012/0913.pdf HTTP/1.1" 200 442327
207.46.13.157 - - [18/Feb/2022:05:05:08 -0500] "GET /bla/resoluciones/notificaciones/autos%202017/03548.pdf HTTP/1.1" 200 329776
66.249.79.111 - - [18/Feb/2022:05:05:51 -0500] "-" 408 -
157.55.39.123 - - [18/Feb/2022:05:06:06 -0500] "GET /bla/resoluciones/resoluciones%202012/1015.pdf HTTP/1.1" 200 560924
157.55.39.123 - - [18/Feb/2022:05:06:08 -0500] "GET /bla/resoluciones/resoluciones%202012/1256.pdf HTTP/1.1" 200 1167478
207.46.13.157 - - [18/Feb/2022:05:06:27 -0500] "GET /bla/resoluciones/notificaciones/autos%202015/4755.doc HTTP/1.1" 200 182784
216.245.221.92 - - [18/Feb/2022:05:07:18 -0500] "HEAD / HTTP/1.1" 200 -
207.46.13.157 - - [18/Feb/2022:05:08:48 -0500] "GET /bla/resoluciones/resoluciones%202012/1550.pdf HTTP/1.1" 200 1140765
66.249.79.132 - - [18/Feb/2022:05:10:02 -0500] "-" 408 -
157.55.39.123 - - [18/Feb/2022:05:11:17 -0500] "GET /bla/resoluciones/resoluciones%202012/1797.pdf HTTP/1.1" 200 490828
207.46.13.157 - - [18/Feb/2022:05:11:38 -0500] "GET /bla/resoluciones/resoluciones%202012/1587.pdf HTTP/1.1" 200 3493026
66.249.79.111 - - [18/Feb/2022:05:11:44 -0500] "-" 408 -
216.245.221.92 - - [18/Feb/2022:05:12:18 -0500] "HEAD / HTTP/1.1" 200 -
201.245.192.253 - - [18/Feb/2022:05:12:48 -0500] "POST /kwsrmcab/Wsrmcab HTTP/1.1" 200 120292
40.77.167.55 - - [18/Feb/2022:05:13:54 -0500] "GET /bla/resoluciones/resoluciones%202012/0291.pdf HTTP/1.1" 200 578027
207.46.13.124 - - [18/Feb/2022:05:15:17 -0500] "GET /bla/resoluciones/notificaciones/autos%202017/04968.pdf HTTP/1.1" 200 283390
207.46.13.159 - - [18/Feb/2022:05:15:57 -0500] "GET /bla/resoluciones/resoluciones%202012/0579.pdf HTTP/1.1" 200 218789
207.46.13.124 - - [18/Feb/2022:05:17:07 -0500] "GET /bla/resoluciones/notificaciones/autos%202017/01819.pdf HTTP/1.1" 200 1331747
157.55.39.123 - - [18/Feb/2022:05:17:17 -0500] "GET /bla/resoluciones/notificaciones/autos%202017/03722.pdf HTTP/1.1" 200 2153135
216.245.221.92 - - [18/Feb/2022:05:17:18 -0500] "HEAD / HTTP/1.1" 200 -
66.249.79.111 - - [18/Feb/2022:05:17:37 -0500] "-" 408 -
207.46.13.159 - - [18/Feb/2022:05:18:27 -0500] "GET /bla/resoluciones/resoluciones%202012/0728.pdf HTTP/1.1" 200 377931
40.77.167.55 - - [18/Feb/2022:05:19:02 -0500] "GET /bla/resoluciones/notificaciones/autos%202017/4472.pdf HTTP/1.1" 200 293120
40.77.167.55 - - [18/Feb/2022:05:20:02 -0500] "GET /bla/resoluciones/notificaciones/autos%202017/04413.pdf HTTP/1.1" 200 261671
200.118.64.109 - - [18/Feb/2022:05:20:21 -0500] "GET /forms/frmservlet?config=sia HTTP/1.1" 200 4046
200.118.64.109 - - [18/Feb/2022:05:20:23 -0500] "GET /forms/frmservlet?config=sia HTTP/1.1" 200 4046
200.118.64.109 - - [18/Feb/2022:05:20:23 -0500] "GET /forms/java/frmall_jinit.jar HTTP/1.1" 304 -
200.118.64.109 - - [18/Feb/2022:05:20:23 -0500] "GET /forms/java/icons.jar HTTP/1.1" 304 -
200.118.64.109 - - [18/Feb/2022:05:20:23 -0500] "GET /forms/java/java/awt/KeyboardFocusManager.class HTTP/1.1" 404 352
200.118.64.109 - - [18/Feb/2022:05:20:23 -0500] "GET /forms/java/java/awt/event/MouseWheelListener.class HTTP/1.1" 404 356
200.118.64.109 - - [18/Feb/2022:05:20:24 -0500] "GET /forms/java/oracle/forms/registry/Registry.dat HTTP/1.1" 200 4213
200.118.64.109 - - [18/Feb/2022:05:20:24 -0500] "GET /forms/java/oracle/forms/registry/default.dat HTTP/1.1" 404 350
200.118.64.109 - - [18/Feb/2022:05:20:24 -0500] "GET /forms/frmservlet?config=sia&acceptLanguage=en-us,en;q=0.5&ifcmd=startsession HTTP/1.1" 200 118
200.118.64.109 - - [18/Feb/2022:05:20:24 -0500] "GET /forms/lservlet;jsessionid=ac16012b30d6b74341339a094cf49fb6bfdb72ca8073.e3iSbxaKaheRe3uOcheLaNmQaO1ynknvrkLOlQzNp65In0?ifcmd=getinfo HTTP/1.1" 200 8
200.118.64.109 - - [18/Feb/2022:05:20:24 -0500] "POST /forms/lservlet;jsessionid=ac16012b30d6b74341339a094cf49fb6bfdb72ca8073.e3iSbxaKaheRe3uOcheLaNmQaO1ynknvrkLOlQzNp65In0 HTTP/1.1" 200 8
200.118.64.109 - - [18/Feb/2022:05:20:25 -0500] "GET /forms/java/oracle/forms/engine/RunformBundle_es_CO.class HTTP/1.1" 404 362
200.118.64.109 - - [18/Feb/2022:05:20:25 -0500] "GET /forms/java/oracle/forms/engine/RunformBundle_es_CO.properties HTTP/1.1" 404 367
200.118.64.109 - - [18/Feb/2022:05:20:25 -0500] "POST /forms/lservlet;jsessionid=ac16012b30d6b74341339a094cf49fb6bfdb72ca8073.e3iSbxaKaheRe3uOcheLaNmQaO1ynknvrkLOlQzNp65In0 HTTP/1.1" 200 64000
200.118.64.109 - - [18/Feb/2022:05:20:26 -0500] "POST /forms/lservlet;jsessionid=ac16012b30d6b74341339a094cf49fb6bfdb72ca8073.e3iSbxaKaheRe3uOcheLaNmQaO1ynknvrkLOlQzNp65In0 HTTP/1.1" 200 64000
200.118.64.109 - - [18/Feb/2022:05:20:26 -0500] "POST /forms/lservlet;jsessionid=ac16012b30d6b74341339a094cf49fb6bfdb72ca8073.e3iSbxaKaheRe3uOcheLaNmQaO1ynknvrkLOlQzNp65In0 HTTP/1.1" 200 63623
200.118.64.109 - - [18/Feb/2022:05:20:27 -0500] "HEAD /imagenes/dama_logo.gif HTTP/1.1" 200 -
200.118.64.109 - - [18/Feb/2022:05:20:27 -0500] "GET /imagenes/dama_logo.gif HTTP/1.1" 200 21482
200.118.64.109 - - [18/Feb/2022:05:20:27 -0500] "POST /forms/lservlet;jsessionid=ac16012b30d6b74341339a094cf49fb6bfdb72ca8073.e3iSbxaKaheRe3uOcheLaNmQaO1ynknvrkLOlQzNp65In0 HTTP/1.1" 200 2
200.118.64.109 - - [18/Feb/2022:05:20:27 -0500] "POST /forms/lservlet;jsessionid=ac16012b30d6b74341339a094cf49fb6bfdb72ca8073.e3iSbxaKaheRe3uOcheLaNmQaO1ynknvrkLOlQzNp65In0 HTTP/1.1" 200 2
200.118.64.109 - - [18/Feb/2022:05:20:54 -0500] "POST /forms/lservlet;jsessionid=ac16012b30d6b74341339a094cf49fb6bfdb72ca8073.e3iSbxaKaheRe3uOcheLaNmQaO1ynknvrkLOlQzNp65In0 HTTP/1.1" 200 14
200.118.64.109 - - [18/Feb/2022:05:20:55 -0500] "POST /forms/lservlet;jsessionid=ac16012b30d6b74341339a094cf49fb6bfdb72ca8073.e3iSbxaKaheRe3uOcheLaNmQaO1ynknvrkLOlQzNp65In0 HTTP/1.1" 200 14
200.118.64.109 - - [18/Feb/2022:05:20:56 -0500] "POST /forms/lservlet;jsessionid=ac16012b30d6b74341339a094cf49fb6bfdb72ca8073.e3iSbxaKaheRe3uOcheLaNmQaO1ynknvrkLOlQzNp65In0 HTTP/1.1" 200 14
200.118.64.109 - - [18/Feb/2022:05:20:58 -0500] "POST /forms/lservlet;jsessionid=ac16012b30d6b74341339a094cf49fb6bfdb72ca8073.e3iSbxaKaheRe3uOcheLaNmQaO1ynknvrkLOlQzNp65In0 HTTP/1.1" 200 14
200.118.64.109 - - [18/Feb/2022:05:21:00 -0500] "POST /forms/lservlet;jsessionid=ac16012b30d6b74341339a094cf49fb6bfdb72ca8073.e3iSbxaKaheRe3uOcheLaNmQaO1ynknvrkLOlQzNp65In0 HTTP/1.1" 200 15
200.118.64.109 - - [18/Feb/2022:05:21:02 -0500] "POST /forms/lservlet;jsessionid=ac16012b30d6b74341339a094cf49fb6bfdb72ca8073.e3iSbxaKaheRe3uOcheLaNmQaO1ynknvrkLOlQzNp65In0 HTTP/1.1" 200 15
200.118.64.109 - - [18/Feb/2022:05:21:06 -0500] "POST /forms/lservlet;jsessionid=ac16012b30d6b74341339a094cf49fb6bfdb72ca8073.e3iSbxaKaheRe3uOcheLaNmQaO1ynknvrkLOlQzNp65In0 HTTP/1.1" 200 215
200.118.64.109 - - [18/Feb/2022:05:21:07 -0500] "POST /forms/lservlet;jsessionid=ac16012b30d6b74341339a094cf49fb6bfdb72ca8073.e3iSbxaKaheRe3uOcheLaNmQaO1ynknvrkLOlQzNp65In0 HTTP/1.1" 200 2
200.118.64.109 - - [18/Feb/2022:05:21:08 -0500] "POST /forms/lservlet;jsessionid=ac16012b30d6b74341339a094cf49fb6bfdb72ca8073.e3iSbxaKaheRe3uOcheLaNmQaO1ynknvrkLOlQzNp65In0 HTTP/1.1" 200 39
200.118.64.109 - - [18/Feb/2022:05:21:19 -0500] "POST /forms/lservlet;jsessionid=ac16012b30d6b74341339a094cf49fb6bfdb72ca8073.e3iSbxaKaheRe3uOcheLaNmQaO1ynknvrkLOlQzNp65In0 HTTP/1.1" 200 7886
200.118.64.109 - - [18/Feb/2022:05:21:19 -0500] "POST /forms/lservlet;jsessionid=ac16012b30d6b74341339a094cf49fb6bfdb72ca8073.e3iSbxaKaheRe3uOcheLaNmQaO1ynknvrkLOlQzNp65In0 HTTP/1.1" 200 64
200.118.64.109 - - [18/Feb/2022:05:21:20 -0500] "POST /forms/lservlet;jsessionid=ac16012b30d6b74341339a094cf49fb6bfdb72ca8073.e3iSbxaKaheRe3uOcheLaNmQaO1ynknvrkLOlQzNp65In0 HTTP/1.1" 200 2
200.118.64.109 - - [18/Feb/2022:05:21:20 -0500] "POST /forms/lservlet;jsessionid=ac16012b30d6b74341339a094cf49fb6bfdb72ca8073.e3iSbxaKaheRe3uOcheLaNmQaO1ynknvrkLOlQzNp65In0 HTTP/1.1" 200 2
200.118.64.109 - - [18/Feb/2022:05:21:20 -0500] "POST /forms/lservlet;jsessionid=ac16012b30d6b74341339a094cf49fb6bfdb72ca8073.e3iSbxaKaheRe3uOcheLaNmQaO1ynknvrkLOlQzNp65In0 HTTP/1.1" 200 2
200.118.64.109 - - [18/Feb/2022:05:21:23 -0500] "POST /forms/lservlet;jsessionid=ac16012b30d6b74341339a094cf49fb6bfdb72ca8073.e3iSbxaKaheRe3uOcheLaNmQaO1ynknvrkLOlQzNp65In0 HTTP/1.1" 200 34714
200.118.64.109 - - [18/Feb/2022:05:21:24 -0500] "GET /imagenes/listval.gif HTTP/1.1" 200 905
200.118.64.109 - - [18/Feb/2022:05:21:24 -0500] "GET /imagenes/tree1.gif HTTP/1.1" 200 1161
200.118.64.109 - - [18/Feb/2022:05:21:24 -0500] "GET /imagenes/listval.gif HTTP/1.1" 200 905
200.118.64.109 - - [18/Feb/2022:05:21:24 -0500] "GET /imagenes/CAMERA3.gif HTTP/1.1" 200 4150
200.118.64.109 - - [18/Feb/2022:05:21:24 -0500] "GET /imagenes/SLIDE1.gif HTTP/1.1" 200 1111
200.118.64.109 - - [18/Feb/2022:05:21:24 -0500] "GET /imagenes/flexcomb.gif HTTP/1.1" 200 1169
200.118.64.109 - - [18/Feb/2022:05:21:24 -0500] "GET /imagenes/GO.gif HTTP/1.1" 200 904
200.118.64.109 - - [18/Feb/2022:05:21:24 -0500] "GET /imagenes/HRTOOLS.gif HTTP/1.1" 200 2238
