200.118.64.109 - - [27/Feb/2022:14:19:52 -0500] "POST /forms/lservlet;jsessionid=ac16012b30d6944a1675a64b4fd5b7d6f9fe4207b8b3.e3iSbxaKaheRe3uOcheLaNmQaO1ynknvrkLOlQzNp65In0 HTTP/1.1" 200 14
200.118.64.109 - - [27/Feb/2022:14:19:53 -0500] "POST /forms/lservlet;jsessionid=ac16012b30d6944a1675a64b4fd5b7d6f9fe4207b8b3.e3iSbxaKaheRe3uOcheLaNmQaO1ynknvrkLOlQzNp65In0 HTTP/1.1" 200 4257
200.118.64.109 - - [27/Feb/2022:14:19:53 -0500] "POST /forms/lservlet;jsessionid=ac16012b30d6944a1675a64b4fd5b7d6f9fe4207b8b3.e3iSbxaKaheRe3uOcheLaNmQaO1ynknvrkLOlQzNp65In0 HTTP/1.1" 200 2
200.118.64.109 - - [27/Feb/2022:14:20:01 -0500] "POST /forms/lservlet;jsessionid=ac16012b30d6944a1675a64b4fd5b7d6f9fe4207b8b3.e3iSbxaKaheRe3uOcheLaNmQaO1ynknvrkLOlQzNp65In0 HTTP/1.1" 200 2
200.118.64.109 - - [27/Feb/2022:14:20:01 -0500] "POST /forms/lservlet;jsessionid=ac16012b30d6944a1675a64b4fd5b7d6f9fe4207b8b3.e3iSbxaKaheRe3uOcheLaNmQaO1ynknvrkLOlQzNp65In0 HTTP/1.1" 200 14
200.118.64.109 - - [27/Feb/2022:14:20:06 -0500] "POST /forms/lservlet;jsessionid=ac16012b30d6944a1675a64b4fd5b7d6f9fe4207b8b3.e3iSbxaKaheRe3uOcheLaNmQaO1ynknvrkLOlQzNp65In0 HTTP/1.1" 200 14
200.118.64.109 - - [27/Feb/2022:14:20:07 -0500] "POST /forms/lservlet;jsessionid=ac16012b30d6944a1675a64b4fd5b7d6f9fe4207b8b3.e3iSbxaKaheRe3uOcheLaNmQaO1ynknvrkLOlQzNp65In0 HTTP/1.1" 200 127
200.118.64.109 - - [27/Feb/2022:14:20:07 -0500] "POST /forms/lservlet;jsessionid=ac16012b30d6944a1675a64b4fd5b7d6f9fe4207b8b3.e3iSbxaKaheRe3uOcheLaNmQaO1ynknvrkLOlQzNp65In0 HTTP/1.1" 200 2
200.118.64.109 - - [27/Feb/2022:14:20:08 -0500] "GET /reports/rwservlet/getjobid71606?server=repnomi HTTP/1.1" 200 47825
200.118.64.109 - - [27/Feb/2022:14:20:55 -0500] "POST /forms/lservlet;jsessionid=ac16012b30d6944a1675a64b4fd5b7d6f9fe4207b8b3.e3iSbxaKaheRe3uOcheLaNmQaO1ynknvrkLOlQzNp65In0 HTTP/1.1" 200 2
200.118.64.109 - - [27/Feb/2022:14:20:56 -0500] "POST /forms/lservlet;jsessionid=ac16012b30d6944a1675a64b4fd5b7d6f9fe4207b8b3.e3iSbxaKaheRe3uOcheLaNmQaO1ynknvrkLOlQzNp65In0 HTTP/1.1" 200 14
200.118.64.109 - - [27/Feb/2022:14:20:57 -0500] "POST /forms/lservlet;jsessionid=ac16012b30d6944a1675a64b4fd5b7d6f9fe4207b8b3.e3iSbxaKaheRe3uOcheLaNmQaO1ynknvrkLOlQzNp65In0 HTTP/1.1" 200 112
200.118.64.109 - - [27/Feb/2022:14:20:58 -0500] "POST /forms/lservlet;jsessionid=ac16012b30d6944a1675a64b4fd5b7d6f9fe4207b8b3.e3iSbxaKaheRe3uOcheLaNmQaO1ynknvrkLOlQzNp65In0 HTTP/1.1" 200 2
200.118.64.109 - - [27/Feb/2022:14:20:58 -0500] "GET /reports/rwservlet/getjobid71607?server=repnomi HTTP/1.1" 200 47691
200.118.64.109 - - [27/Feb/2022:14:21:25 -0500] "POST /forms/lservlet;jsessionid=ac16012b30d6944a1675a64b4fd5b7d6f9fe4207b8b3.e3iSbxaKaheRe3uOcheLaNmQaO1ynknvrkLOlQzNp65In0 HTTP/1.1" 200 2
200.118.64.109 - - [27/Feb/2022:14:21:25 -0500] "POST /forms/lservlet;jsessionid=ac16012b30d6944a1675a64b4fd5b7d6f9fe4207b8b3.e3iSbxaKaheRe3uOcheLaNmQaO1ynknvrkLOlQzNp65In0 HTTP/1.1" 200 14
200.118.64.109 - - [27/Feb/2022:14:21:26 -0500] "POST /forms/lservlet;jsessionid=ac16012b30d6944a1675a64b4fd5b7d6f9fe4207b8b3.e3iSbxaKaheRe3uOcheLaNmQaO1ynknvrkLOlQzNp65In0 HTTP/1.1" 200 14
200.118.64.109 - - [27/Feb/2022:14:21:28 -0500] "POST /forms/lservlet;jsessionid=ac16012b30d6944a1675a64b4fd5b7d6f9fe4207b8b3.e3iSbxaKaheRe3uOcheLaNmQaO1ynknvrkLOlQzNp65In0 HTTP/1.1" 200 109
200.118.64.109 - - [27/Feb/2022:14:21:29 -0500] "POST /forms/lservlet;jsessionid=ac16012b30d6944a1675a64b4fd5b7d6f9fe4207b8b3.e3iSbxaKaheRe3uOcheLaNmQaO1ynknvrkLOlQzNp65In0 HTTP/1.1" 200 2
200.118.64.109 - - [27/Feb/2022:14:21:29 -0500] "GET /reports/rwservlet/getjobid71608?server=repnomi HTTP/1.1" 200 638208
200.118.64.109 - - [27/Feb/2022:14:21:49 -0500] "POST /forms/lservlet;jsessionid=ac16012b30d6944a1675a64b4fd5b7d6f9fe4207b8b3.e3iSbxaKaheRe3uOcheLaNmQaO1ynknvrkLOlQzNp65In0 HTTP/1.1" 200 2
201.245.192.253 - - [27/Feb/2022:14:21:47 -0500] "POST /kwsrmcab/Wsrmcab HTTP/1.1" 200 118598
69.63.184.13 - - [27/Feb/2022:14:22:49 -0500] "GET /images/Quebrada1.jpg HTTP/1.1" 200 77711
173.252.83.112 - - [27/Feb/2022:14:22:51 -0500] "GET /images/Quebrada1.jpg HTTP/1.1" 200 77711
173.252.95.8 - - [27/Feb/2022:14:22:52 -0500] "GET /caminos-de-los-cerros-espacios-naturales-seguros-para-cuidar-la-salud-fisica-y-mental-de-los-ciudadanos.html HTTP/1.1" 206 1139
18.210.147.12 - - [27/Feb/2022:14:22:55 -0500] "HEAD /caminos-de-los-cerros-espacios-naturales-seguros-para-cuidar-la-salud-fisica-y-mental-de-los-ciudadanos.html HTTP/1.1" 200 -
201.245.192.253 - - [27/Feb/2022:14:22:11 -0500] "POST /kwsrmcab/Wsrmcab HTTP/1.1" 200 46912
186.84.20.74 - - [27/Feb/2022:14:23:16 -0500] "GET /BLA/boletinlegal/js/jquery.scrollShow.js HTTP/1.1" 200 4586
186.84.20.74 - - [27/Feb/2022:14:23:16 -0500] "GET /galeria/galeria/jquery.fancybox.css?v=2.1.5 HTTP/1.1" 200 4895
186.84.20.74 - - [27/Feb/2022:14:23:16 -0500] "GET /galeria/galeria/jquery.fancybox.js?v=2.1.5 HTTP/1.1" 200 48706
186.84.20.74 - - [27/Feb/2022:14:23:20 -0500] "GET /galeria/carrusel/Carrusel/jquery.thumbnailScroller.css HTTP/1.1" 200 2066
186.84.20.74 - - [27/Feb/2022:14:23:20 -0500] "GET /galeria/carrusel/Carrusel/jquery.thumbnailScroller.js HTTP/1.1" 200 8157
186.84.20.74 - - [27/Feb/2022:14:23:20 -0500] "GET /galeria/carrusel/Carrusel/jquery-ui-1.8.13.custom.min.js HTTP/1.1" 200 10800
186.84.20.74 - - [27/Feb/2022:14:23:21 -0500] "GET /galeria/nivo-slider/demo/banner.html HTTP/1.1" 200 5446
186.84.20.74 - - [27/Feb/2022:14:23:21 -0500] "GET /galeria/nivo-slider/themes/default/default.css HTTP/1.1" 200 1569
186.84.20.74 - - [27/Feb/2022:14:23:21 -0500] "GET /galeria/nivo-slider/themes/pascal/pascal.css HTTP/1.1" 200 2258
186.84.20.74 - - [27/Feb/2022:14:23:21 -0500] "GET /galeria/nivo-slider/themes/orman/orman.css HTTP/1.1" 200 2152
186.84.20.74 - - [27/Feb/2022:14:23:21 -0500] "GET /galeria/nivo-slider/nivo-slider.css HTTP/1.1" 200 1507
186.84.20.74 - - [27/Feb/2022:14:23:21 -0500] "GET /galeria/nivo-slider/demo/style.css HTTP/1.1" 200 2222
186.84.20.74 - - [27/Feb/2022:14:23:21 -0500] "GET /galeria/nivo-slider/demo/scripts/jquery-1.7.1.min.js HTTP/1.1" 200 93868
186.84.20.74 - - [27/Feb/2022:14:23:21 -0500] "GET /galeria/nivo-slider/jquery.nivo.slider.pack.js HTTP/1.1" 200 11561
186.84.20.74 - - [27/Feb/2022:14:23:21 -0500] "GET /galeria/nivo-slider/demo/images/Bannermujeresquereverdecen.jpg HTTP/1.1" 200 46558
186.84.20.74 - - [27/Feb/2022:14:23:21 -0500] "GET /galeria/nivo-slider/demo/images/bannertortuga_optimized.jpg HTTP/1.1" 200 39066
186.84.20.74 - - [27/Feb/2022:14:23:21 -0500] "GET /galeria/nivo-slider/demo/images/bannertrafico_optimized.jpg HTTP/1.1" 200 42578
186.84.20.74 - - [27/Feb/2022:14:23:21 -0500] "GET /galeria/nivo-slider/themes/default/loading.gif HTTP/1.1" 200 1737
186.84.20.74 - - [27/Feb/2022:14:23:21 -0500] "GET /galeria/nivo-slider/demo/images/Bannersedeelectronica.jpg HTTP/1.1" 200 40383
186.84.20.74 - - [27/Feb/2022:14:23:21 -0500] "GET /galeria/nivo-slider/demo/images/4Simple_Slider.png HTTP/1.1" 200 11722
186.84.20.74 - - [27/Feb/2022:14:23:21 -0500] "GET /galeria/nivo-slider/demo/images/bannerrutaesperanza.jpg HTTP/1.1" 200 55560
186.84.20.74 - - [27/Feb/2022:14:23:21 -0500] "GET /galeria/nivo-slider/demo/images/banneraire2021.jpg HTTP/1.1" 200 265101
186.84.20.74 - - [27/Feb/2022:14:23:21 -0500] "GET /galeria/nivo-slider/demo/images/Bannerplasticosseptiembre.jpg HTTP/1.1" 200 45633
186.84.20.74 - - [27/Feb/2022:14:23:21 -0500] "GET /galeria/nivo-slider/demo/images/bannerresiduoshospitalariosagosto.jpg HTTP/1.1" 200 36499
186.84.20.74 - - [27/Feb/2022:14:23:21 -0500] "GET /galeria/nivo-slider/demo/images/banneraccionpopularcrr68.jpg HTTP/1.1" 200 51887
186.84.20.74 - - [27/Feb/2022:14:23:21 -0500] "GET /galeria/nivo-slider/demo/images/banneraccionpopular.jpeg HTTP/1.1" 200 41707
186.84.20.74 - - [27/Feb/2022:14:23:21 -0500] "GET /galeria/nivo-slider/demo/images/bannerclases2021.jpg HTTP/1.1" 200 68230
186.84.20.74 - - [27/Feb/2022:14:23:21 -0500] "GET /galeria/nivo-slider/demo/images/Bannerenvases.jpg HTTP/1.1" 200 37316
186.84.20.74 - - [27/Feb/2022:14:23:21 -0500] "GET /galeria/nivo-slider/demo/images/bannercapacitacionesbogota.jpg HTTP/1.1" 200 42416
186.84.20.74 - - [27/Feb/2022:14:23:21 -0500] "GET /galeria/nivo-slider/demo/images/Bannervirtualescanales.jpg HTTP/1.1" 200 174544
186.84.20.74 - - [27/Feb/2022:14:23:22 -0500] "GET /galeria/nivo-slider/themes/default/bullets.png HTTP/1.1" 200 1281
186.84.20.74 - - [27/Feb/2022:14:23:22 -0500] "GET /galeria/nivo-slider/themes/default/arrows.png HTTP/1.1" 200 824
216.245.221.92 - - [27/Feb/2022:14:23:29 -0500] "HEAD / HTTP/1.1" 200 -
157.55.39.48 - - [27/Feb/2022:14:23:36 -0500] "GET /sipse/faces/autenticacion.xhtml HTTP/1.1" 200 12493
200.118.64.109 - - [27/Feb/2022:14:23:49 -0500] "POST /forms/lservlet;jsessionid=ac16012b30d6944a1675a64b4fd5b7d6f9fe4207b8b3.e3iSbxaKaheRe3uOcheLaNmQaO1ynknvrkLOlQzNp65In0 HTTP/1.1" 200 2
186.30.41.70 - - [27/Feb/2022:14:24:15 -0500] "GET /BLA/resoluciones/ HTTP/1.1" 200 13093
186.30.41.70 - - [27/Feb/2022:14:24:16 -0500] "GET /favicon.ico HTTP/1.1" 200 7782
157.55.39.140 - - [27/Feb/2022:14:24:31 -0500] "GET /se-aproxima-nueva-jornada-de-recoleccion-masiva-de-residuos-especiales-y-peligrosos-en-bogota.html HTTP/1.1" 200 1048
186.30.41.70 - - [27/Feb/2022:14:24:33 -0500] "GET /BLA/resoluciones/index.php?dir=AUTOS+2021%2F HTTP/1.1" 200 298405
186.84.89.168 - - [27/Feb/2022:14:25:03 -0500] "GET /galeria/galeria/jquery.fancybox.css?v=2.1.5 HTTP/1.1" 200 4895
69.63.184.116 - - [27/Feb/2022:14:25:29 -0500] "GET /images/Quebrada1.jpg HTTP/1.1" 200 77711
66.220.149.38 - - [27/Feb/2022:14:25:30 -0500] "GET /images/Quebrada1.jpg HTTP/1.1" 200 77711
173.252.95.16 - - [27/Feb/2022:14:25:30 -0500] "GET /images/Quebrada1.jpg HTTP/1.1" 200 77711
200.118.64.109 - - [27/Feb/2022:14:25:49 -0500] "POST /forms/lservlet;jsessionid=ac16012b30d6944a1675a64b4fd5b7d6f9fe4207b8b3.e3iSbxaKaheRe3uOcheLaNmQaO1ynknvrkLOlQzNp65In0 HTTP/1.1" 200 2
200.118.64.109 - - [27/Feb/2022:14:27:49 -0500] "POST /forms/lservlet;jsessionid=ac16012b30d6944a1675a64b4fd5b7d6f9fe4207b8b3.e3iSbxaKaheRe3uOcheLaNmQaO1ynknvrkLOlQzNp65In0 HTTP/1.1" 200 2
216.245.221.92 - - [27/Feb/2022:14:28:29 -0500] "HEAD / HTTP/1.1" 200 -
200.118.64.109 - - [27/Feb/2022:14:29:50 -0500] "POST /forms/lservlet;jsessionid=ac16012b30d6944a1675a64b4fd5b7d6f9fe4207b8b3.e3iSbxaKaheRe3uOcheLaNmQaO1ynknvrkLOlQzNp65In0 HTTP/1.1" 200 2
209.141.52.239 - - [27/Feb/2022:14:30:57 -0500] "GET http://190.27.245.106:80/pma/scripts/setup.php HTTP/1.0" 404 1018
200.118.64.109 - - [27/Feb/2022:14:31:50 -0500] "POST /forms/lservlet;jsessionid=ac16012b30d6944a1675a64b4fd5b7d6f9fe4207b8b3.e3iSbxaKaheRe3uOcheLaNmQaO1ynknvrkLOlQzNp65In0 HTTP/1.1" 200 2
201.245.192.253 - - [27/Feb/2022:14:31:11 -0500] "POST /kwsrmcab/Wsrmcab HTTP/1.1" 200 45710
201.245.192.253 - - [27/Feb/2022:14:31:38 -0500] "POST /kwsrmcab/Wsrmcab HTTP/1.1" 200 118598
201.245.192.253 - - [27/Feb/2022:14:32:01 -0500] "POST /kwsrmcab/Wsrmcab HTTP/1.1" 200 46912
216.245.221.92 - - [27/Feb/2022:14:33:29 -0500] "HEAD / HTTP/1.1" 200 -
207.46.13.175 - - [27/Feb/2022:14:33:33 -0500] "GET /secretaria-de-ambiente-abre-las-votaciones-para-definir-las-mejores-practicas-ambientales-en-las-entidades-publicas.html HTTP/1.1" 200 996
200.118.64.109 - - [27/Feb/2022:14:33:53 -0500] "POST /forms/lservlet;jsessionid=ac16012b30d6944a1675a64b4fd5b7d6f9fe4207b8b3.e3iSbxaKaheRe3uOcheLaNmQaO1ynknvrkLOlQzNp65In0 HTTP/1.1" 200 2
201.244.117.174 - - [27/Feb/2022:14:34:59 -0500] "GET /galeria/galeria/jquery.fancybox.css?v=2.1.5 HTTP/1.1" 200 4895
181.61.209.222 - - [27/Feb/2022:14:35:34 -0500] "GET /galeria/galeria/jquery.fancybox.css?v=2.1.5 HTTP/1.1" 200 4895
200.118.64.109 - - [27/Feb/2022:14:35:54 -0500] "POST /forms/lservlet;jsessionid=ac16012b30d6944a1675a64b4fd5b7d6f9fe4207b8b3.e3iSbxaKaheRe3uOcheLaNmQaO1ynknvrkLOlQzNp65In0 HTTP/1.1" 200 2
200.118.64.109 - - [27/Feb/2022:14:37:54 -0500] "POST /forms/lservlet;jsessionid=ac16012b30d6944a1675a64b4fd5b7d6f9fe4207b8b3.e3iSbxaKaheRe3uOcheLaNmQaO1ynknvrkLOlQzNp65In0 HTTP/1.1" 200 2
216.245.221.92 - - [27/Feb/2022:14:38:29 -0500] "HEAD / HTTP/1.1" 200 -
190.158.204.29 - - [27/Feb/2022:14:38:57 -0500] "GET /BLA/resoluciones/index.php HTTP/1.1" 200 13093
190.158.204.29 - - [27/Feb/2022:14:38:58 -0500] "GET /BLA/resoluciones/index.php?dir=AUTOS+2020%2F HTTP/1.1" 200 317851
200.118.64.109 - - [27/Feb/2022:14:39:54 -0500] "POST /forms/lservlet;jsessionid=ac16012b30d6944a1675a64b4fd5b7d6f9fe4207b8b3.e3iSbxaKaheRe3uOcheLaNmQaO1ynknvrkLOlQzNp65In0 HTTP/1.1" 200 2
66.220.149.6 - - [27/Feb/2022:14:41:07 -0500] "GET /la-musica-como-bandera-para-el-cuidado-del-planeta.html?fbclid=IwAR2vl09ePW1UzH1Vdw6YJOnqG_GJlAsW6kCTiLRFsrPwUnWlLo5bct3B4wc HTTP/1.1" 200 855
69.171.251.23 - - [27/Feb/2022:14:41:27 -0500] "GET /caminos-de-los-cerros-espacios-naturales-seguros-para-cuidar-la-salud-fisica-y-mental-de-los-ciudadanos.html?fbclid=IwAR3CQYl_2Pavb4h6yQBKlEn0OBQ6ymcu3KCGVTwdWR6EO_rh654THI5w3mk HTTP/1.1" 200 1139
200.118.64.109 - - [27/Feb/2022:14:41:54 -0500] "POST /forms/lservlet;jsessionid=ac16012b30d6944a1675a64b4fd5b7d6f9fe4207b8b3.e3iSbxaKaheRe3uOcheLaNmQaO1ynknvrkLOlQzNp65In0 HTTP/1.1" 200 2
201.245.192.253 - - [27/Feb/2022:14:41:12 -0500] "POST /kwsrmcab/Wsrmcab HTTP/1.1" 200 45710
201.245.192.253 - - [27/Feb/2022:14:42:02 -0500] "POST /kwsrmcab/Wsrmcab HTTP/1.1" 200 46912
201.245.192.253 - - [27/Feb/2022:14:42:39 -0500] "POST /kwsrmcab/Wsrmcab HTTP/1.1" 200 118598
216.245.221.92 - - [27/Feb/2022:14:43:29 -0500] "HEAD / HTTP/1.1" 200 -
200.118.64.109 - - [27/Feb/2022:14:43:54 -0500] "POST /forms/lservlet;jsessionid=ac16012b30d6944a1675a64b4fd5b7d6f9fe4207b8b3.e3iSbxaKaheRe3uOcheLaNmQaO1ynknvrkLOlQzNp65In0 HTTP/1.1" 200 2
200.118.64.109 - - [27/Feb/2022:14:45:54 -0500] "POST /forms/lservlet;jsessionid=ac16012b30d6944a1675a64b4fd5b7d6f9fe4207b8b3.e3iSbxaKaheRe3uOcheLaNmQaO1ynknvrkLOlQzNp65In0 HTTP/1.1" 200 2
173.252.83.116 - - [27/Feb/2022:14:46:58 -0500] "GET /en-fontibon-se-realizara-recoleccion-de-residuos-especiales-y-peligrosos-y-actividades-de-educacion-ambiental.html HTTP/1.1" 206 1131
173.252.83.21 - - [27/Feb/2022:14:46:58 -0500] "GET /en-fontibon-se-realizara-recoleccion-de-residuos-especiales-y-peligrosos-y-actividades-de-educacion-ambiental.html HTTP/1.1" 206 1131
200.118.64.109 - - [27/Feb/2022:14:47:55 -0500] "POST /forms/lservlet;jsessionid=ac16012b30d6944a1675a64b4fd5b7d6f9fe4207b8b3.e3iSbxaKaheRe3uOcheLaNmQaO1ynknvrkLOlQzNp65In0 HTTP/1.1" 200 2
45.238.183.131 - - [27/Feb/2022:14:49:01 -0500] "GET /galeria/galeria/jquery.fancybox.css?v=2.1.5 HTTP/1.1" 200 4895
181.237.182.186 - - [27/Feb/2022:14:49:01 -0500] "GET /BLA/resoluciones/index.php?dir=RESOLUCIONES+2009%2F HTTP/1.1" 200 1694101
216.245.221.92 - - [27/Feb/2022:14:49:19 -0500] "GET / HTTP/1.1" 200 319
200.118.61.87 - - [27/Feb/2022:14:49:24 -0500] "GET /caminos-de-los-cerros-espacios-naturales-seguros-para-cuidar-la-salud-fisica-y-mental-de-los-ciudadanos.html HTTP/1.1" 304 -
200.118.64.109 - - [27/Feb/2022:14:49:55 -0500] "POST /forms/lservlet;jsessionid=ac16012b30d6944a1675a64b4fd5b7d6f9fe4207b8b3.e3iSbxaKaheRe3uOcheLaNmQaO1ynknvrkLOlQzNp65In0 HTTP/1.1" 200 2
200.118.64.109 - - [27/Feb/2022:14:51:56 -0500] "POST /forms/lservlet;jsessionid=ac16012b30d6944a1675a64b4fd5b7d6f9fe4207b8b3.e3iSbxaKaheRe3uOcheLaNmQaO1ynknvrkLOlQzNp65In0 HTTP/1.1" 200 2
201.245.192.253 - - [27/Feb/2022:14:52:11 -0500] "POST /kwsrmcab/Wsrmcab HTTP/1.1" 200 118598
200.118.64.109 - - [27/Feb/2022:14:53:56 -0500] "POST /forms/lservlet;jsessionid=ac16012b30d6944a1675a64b4fd5b7d6f9fe4207b8b3.e3iSbxaKaheRe3uOcheLaNmQaO1ynknvrkLOlQzNp65In0 HTTP/1.1" 200 2
216.245.221.92 - - [27/Feb/2022:14:54:19 -0500] "HEAD / HTTP/1.1" 200 -
200.118.64.109 - - [27/Feb/2022:14:55:56 -0500] "POST /forms/lservlet;jsessionid=ac16012b30d6944a1675a64b4fd5b7d6f9fe4207b8b3.e3iSbxaKaheRe3uOcheLaNmQaO1ynknvrkLOlQzNp65In0 HTTP/1.1" 200 2
200.118.64.109 - - [27/Feb/2022:14:57:56 -0500] "POST /forms/lservlet;jsessionid=ac16012b30d6944a1675a64b4fd5b7d6f9fe4207b8b3.e3iSbxaKaheRe3uOcheLaNmQaO1ynknvrkLOlQzNp65In0 HTTP/1.1" 200 2
216.245.221.92 - - [27/Feb/2022:14:59:19 -0500] "HEAD / HTTP/1.1" 200 -
200.118.64.109 - - [27/Feb/2022:14:59:59 -0500] "POST /forms/lservlet;jsessionid=ac16012b30d6944a1675a64b4fd5b7d6f9fe4207b8b3.e3iSbxaKaheRe3uOcheLaNmQaO1ynknvrkLOlQzNp65In0 HTTP/1.1" 200 2
157.55.39.123 - - [27/Feb/2022:15:01:59 -0500] "GET /sipse/faces/faces/autenticacion.xhtml HTTP/1.1" 200 12493
200.118.64.109 - - [27/Feb/2022:15:02:03 -0500] "POST /forms/lservlet;jsessionid=ac16012b30d6944a1675a64b4fd5b7d6f9fe4207b8b3.e3iSbxaKaheRe3uOcheLaNmQaO1ynknvrkLOlQzNp65In0 HTTP/1.1" 200 2
201.245.192.253 - - [27/Feb/2022:15:01:36 -0500] "POST /kwsrmcab/Wsrmcab HTTP/1.1" 200 118598
200.118.64.109 - - [27/Feb/2022:15:04:03 -0500] "POST /forms/lservlet;jsessionid=ac16012b30d6944a1675a64b4fd5b7d6f9fe4207b8b3.e3iSbxaKaheRe3uOcheLaNmQaO1ynknvrkLOlQzNp65In0 HTTP/1.1" 200 2
216.245.221.92 - - [27/Feb/2022:15:04:19 -0500] "HEAD / HTTP/1.1" 200 -
168.119.108.166 - - [27/Feb/2022:15:05:12 -0500] "GET /galeria/nivo-slider/demo/scripts/jquery-1.7.1.min.js HTTP/1.1" 200 93868
66.249.66.87 - - [27/Feb/2022:15:05:20 -0500] "-" 408 -
200.118.64.109 - - [27/Feb/2022:15:06:03 -0500] "POST /forms/lservlet;jsessionid=ac16012b30d6944a1675a64b4fd5b7d6f9fe4207b8b3.e3iSbxaKaheRe3uOcheLaNmQaO1ynknvrkLOlQzNp65In0 HTTP/1.1" 200 2
157.55.39.82 - - [27/Feb/2022:15:07:15 -0500] "-" 408 -
181.61.100.220 - - [27/Feb/2022:15:07:44 -0500] "GET /galeria/galeria/jquery.fancybox.css?v=2.1.5 HTTP/1.1" 200 4895
200.118.64.109 - - [27/Feb/2022:15:08:03 -0500] "POST /forms/lservlet;jsessionid=ac16012b30d6944a1675a64b4fd5b7d6f9fe4207b8b3.e3iSbxaKaheRe3uOcheLaNmQaO1ynknvrkLOlQzNp65In0 HTTP/1.1" 200 2
34.90.90.250 - - [27/Feb/2022:15:09:08 -0500] "GET / HTTP/1.1" 200 319
179.51.118.44 - - [27/Feb/2022:15:09:15 -0500] "GET /galeria/galeria/jquery.fancybox.css?v=2.1.5 HTTP/1.1" 200 4895
216.245.221.92 - - [27/Feb/2022:15:09:19 -0500] "HEAD / HTTP/1.1" 200 -
186.29.130.47 - - [27/Feb/2022:15:09:57 -0500] "GET /caminos-de-los-cerros-espacios-naturales-seguros-para-cuidar-la-salud-fisica-y-mental-de-los-ciudadanos.html?fbclid=IwAR3_YTjLV_o1_MU1RJVWWxTVg4id27LiHneNYGSfUvbmNJnkOwOPnu8IV5c HTTP/1.1" 200 1139
200.118.64.109 - - [27/Feb/2022:15:10:04 -0500] "POST /forms/lservlet;jsessionid=ac16012b30d6944a1675a64b4fd5b7d6f9fe4207b8b3.e3iSbxaKaheRe3uOcheLaNmQaO1ynknvrkLOlQzNp65In0 HTTP/1.1" 200 2
191.156.70.94 - - [27/Feb/2022:15:11:00 -0500] "GET /galeria/galeria/jquery.fancybox.css?v=2.1.5 HTTP/1.1" 200 4895
157.55.39.139 - - [27/Feb/2022:15:11:04 -0500] "GET /portaldeninos/aula-ambiental-artistica-itinerante-auambari/ HTTP/1.1" 200 82128
186.99.176.41 - - [27/Feb/2022:15:11:37 -0500] "GET /galeria/galeria/jquery.fancybox.css?v=2.1.5 HTTP/1.1" 200 4895
181.237.182.186 - - [27/Feb/2022:15:11:39 -0500] "GET /BLA/resoluciones/index.php?dir=AUTOS+2010%2F HTTP/1.1" 200 271559
181.78.5.41 - - [27/Feb/2022:15:11:46 -0500] "GET /galeria/galeria/jquery.fancybox.css?v=2.1.5 HTTP/1.1" 200 4895
200.118.64.109 - - [27/Feb/2022:15:12:04 -0500] "POST /forms/lservlet;jsessionid=ac16012b30d6944a1675a64b4fd5b7d6f9fe4207b8b3.e3iSbxaKaheRe3uOcheLaNmQaO1ynknvrkLOlQzNp65In0 HTTP/1.1" 200 2
201.245.192.253 - - [27/Feb/2022:15:12:00 -0500] "POST /kwsrmcab/Wsrmcab HTTP/1.1" 200 118611
181.237.182.186 - - [27/Feb/2022:15:13:26 -0500] "GET /BLA/resoluciones/index.php?dir=RESOLUCIONES+2009%2F HTTP/1.1" 200 1694101
200.118.64.109 - - [27/Feb/2022:15:14:04 -0500] "POST /forms/lservlet;jsessionid=ac16012b30d6944a1675a64b4fd5b7d6f9fe4207b8b3.e3iSbxaKaheRe3uOcheLaNmQaO1ynknvrkLOlQzNp65In0 HTTP/1.1" 200 2
216.245.221.92 - - [27/Feb/2022:15:14:19 -0500] "HEAD / HTTP/1.1" 200 -
164.90.133.172 - - [27/Feb/2022:15:15:17 -0500] "GET /galeria/galeria/jquery.fancybox.js?v=2.1.5 HTTP/1.1" 200 48706
164.90.133.172 - - [27/Feb/2022:15:15:17 -0500] "GET /galeria/galeria/jquery.fancybox.css?v=2.1.5 HTTP/1.1" 200 4895
164.90.133.172 - - [27/Feb/2022:15:15:17 -0500] "GET /galeria/galeria/jquery.fancybox.js?v=2.1.5 HTTP/1.1" 200 48706
164.90.133.172 - - [27/Feb/2022:15:15:17 -0500] "GET /galeria/galeria/jquery.fancybox.css?v=2.1.5 HTTP/1.1" 200 4895
164.90.133.172 - - [27/Feb/2022:15:15:21 -0500] "GET /galeria/galeria/jquery.fancybox.js?v=2.1.5&mdrv=190.27.245.106 HTTP/1.1" 200 48706
164.90.133.172 - - [27/Feb/2022:15:15:22 -0500] "GET /galeria/galeria/jquery.fancybox.js?v=2.1.5&mdrv=190.27.245.106 HTTP/1.1" 200 48706
164.90.133.172 - - [27/Feb/2022:15:15:22 -0500] "GET /galeria/galeria/jquery.fancybox.css?v=2.1.5&mdrv=190.27.245.106 HTTP/1.1" 200 4895
45.146.165.37 - - [27/Feb/2022:15:15:34 -0500] "GET / HTTP/1.1" 200 319
200.118.64.109 - - [27/Feb/2022:15:16:04 -0500] "POST /forms/lservlet;jsessionid=ac16012b30d6944a1675a64b4fd5b7d6f9fe4207b8b3.e3iSbxaKaheRe3uOcheLaNmQaO1ynknvrkLOlQzNp65In0 HTTP/1.1" 200 2
207.46.13.175 - - [27/Feb/2022:15:16:57 -0500] "GET / HTTP/1.1" 200 319
200.118.64.109 - - [27/Feb/2022:15:18:04 -0500] "POST /forms/lservlet;jsessionid=ac16012b30d6944a1675a64b4fd5b7d6f9fe4207b8b3.e3iSbxaKaheRe3uOcheLaNmQaO1ynknvrkLOlQzNp65In0 HTTP/1.1" 200 2
216.245.221.92 - - [27/Feb/2022:15:19:19 -0500] "HEAD / HTTP/1.1" 200 -
177.93.38.105 - - [27/Feb/2022:15:19:20 -0500] "GET /galeria/galeria/jquery.fancybox.css?v=2.1.5 HTTP/1.1" 200 4895
170.187.141.29 - - [27/Feb/2022:15:19:39 -0500] "GET / HTTP/1.1" 200 319
181.53.12.173 - - [27/Feb/2022:15:20:26 -0500] "GET /galeria/galeria/jquery.fancybox.css?v=2.1.5 HTTP/1.1" 200 4895
201.245.192.253 - - [27/Feb/2022:15:21:11 -0500] "POST /kwsrmcab/Wsrmcab HTTP/1.1" 200 45528
201.245.192.253 - - [27/Feb/2022:15:21:48 -0500] "POST /kwsrmcab/Wsrmcab HTTP/1.1" 200 118611
201.245.192.253 - - [27/Feb/2022:15:21:59 -0500] "POST /kwsrmcab/Wsrmcab HTTP/1.1" 200 46925
216.245.221.92 - - [27/Feb/2022:15:24:19 -0500] "HEAD / HTTP/1.1" 200 -
66.249.66.214 - - [27/Feb/2022:15:25:00 -0500] "-" 408 -
186.29.180.56 - - [27/Feb/2022:15:25:30 -0500] "GET /BLA/resoluciones/RESOLUCIONES%202022/0135.pdf HTTP/1.1" 200 581139
186.29.180.56 - - [27/Feb/2022:15:25:31 -0500] "GET /favicon.ico HTTP/1.1" 200 7782
181.237.182.186 - - [27/Feb/2022:15:26:21 -0500] "GET /BLA/resoluciones/index.php?dir=AUTOS+2010%2F HTTP/1.1" 200 271559
186.29.180.56 - - [27/Feb/2022:15:27:43 -0500] "GET /bla/resoluciones/RESOLUCIONES%202009/4955.pdf HTTP/1.1" 200 879460
190.27.158.23 - - [27/Feb/2022:15:28:10 -0500] "GET /galeria/galeria/jquery.fancybox.css?v=2.1.5 HTTP/1.1" 200 4895
186.29.180.56 - - [27/Feb/2022:15:29:16 -0500] "GET /BLA/resoluciones/RESOLUCIONES%202008/0909.pdf HTTP/1.1" 200 248880
216.245.221.92 - - [27/Feb/2022:15:29:19 -0500] "HEAD / HTTP/1.1" 200 -
186.97.224.234 - - [27/Feb/2022:15:29:56 -0500] "GET /galeria/galeria/jquery.fancybox.css?v=2.1.5 HTTP/1.1" 200 4895
179.19.75.34 - - [27/Feb/2022:15:31:51 -0500] "GET /galeria/galeria/jquery.fancybox.css?v=2.1.5 HTTP/1.1" 200 4895
201.245.192.253 - - [27/Feb/2022:15:31:53 -0500] "POST /kwsrmcab/Wsrmcab HTTP/1.1" 200 118611
190.9.206.106 - - [27/Feb/2022:15:32:56 -0500] "GET /galeria/galeria/jquery.fancybox.css?v=2.1.5 HTTP/1.1" 200 4895
201.245.192.253 - - [27/Feb/2022:15:32:11 -0500] "POST /kwsrmcab/Wsrmcab HTTP/1.1" 200 46925
216.245.221.92 - - [27/Feb/2022:15:34:19 -0500] "HEAD / HTTP/1.1" 200 -
186.29.180.56 - - [27/Feb/2022:15:35:29 -0500] "GET /bla/resoluciones/RESOLUCIONES%202011/1754.pdf HTTP/1.1" 200 5933639
186.84.22.45 - - [27/Feb/2022:15:35:34 -0500] "GET /galeria/galeria/jquery.fancybox.css?v=2.1.5 HTTP/1.1" 200 4895
186.84.22.45 - - [27/Feb/2022:15:35:34 -0500] "GET /BLA/boletinlegal/js/jquery.scrollShow.js HTTP/1.1" 200 4586
186.84.22.45 - - [27/Feb/2022:15:35:34 -0500] "GET /galeria/galeria/jquery.fancybox.js?v=2.1.5 HTTP/1.1" 200 48706
216.245.221.92 - - [27/Feb/2022:15:39:19 -0500] "HEAD / HTTP/1.1" 200 -
40.77.167.66 - - [27/Feb/2022:15:39:50 -0500] "GET / HTTP/1.1" 200 319
217.182.171.12 - - [27/Feb/2022:15:40:00 -0500] "HEAD /BLA/resoluciones/AUTOS%202013/1593.pdf HTTP/1.1" 200 -
186.29.180.56 - - [27/Feb/2022:15:40:49 -0500] "GET /BLA/resoluciones/Resoluciones%202011/0829.pdf HTTP/1.1" 200 2320483
201.245.192.253 - - [27/Feb/2022:15:41:11 -0500] "POST /kwsrmcab/Wsrmcab HTTP/1.1" 200 45528
201.245.192.253 - - [27/Feb/2022:15:42:01 -0500] "POST /kwsrmcab/Wsrmcab HTTP/1.1" 200 46925
201.245.192.253 - - [27/Feb/2022:15:42:44 -0500] "POST /kwsrmcab/Wsrmcab HTTP/1.1" 200 118611
216.245.221.92 - - [27/Feb/2022:15:44:19 -0500] "HEAD / HTTP/1.1" 200 -
173.231.60.194 - - [27/Feb/2022:15:44:59 -0500] "-" 408 -
173.231.60.194 - - [27/Feb/2022:15:46:59 -0500] "-" 408 -
216.245.221.92 - - [27/Feb/2022:15:49:19 -0500] "HEAD / HTTP/1.1" 200 -
186.31.76.1 - - [27/Feb/2022:15:50:45 -0500] "GET /BLA/resoluciones/ HTTP/1.1" 200 13093
186.31.76.1 - - [27/Feb/2022:15:50:51 -0500] "GET /BLA/resoluciones/index.php?dir=RESOLUCIONES+2013%2F HTTP/1.1" 200 12235
186.31.76.1 - - [27/Feb/2022:15:50:51 -0500] "GET /BLA/resoluciones/dlf/dirup.png HTTP/1.1" 200 644
186.31.76.1 - - [27/Feb/2022:15:50:51 -0500] "GET /BLA/resoluciones/dlf/pdf.gif HTTP/1.1" 200 272
186.31.76.1 - - [27/Feb/2022:15:50:51 -0500] "GET /BLA/resoluciones/index.php?dir=RESOLUCIONES+2013%2F HTTP/1.1" 200 236748
186.31.76.1 - - [27/Feb/2022:15:51:07 -0500] "GET /BLA/resoluciones/RESOLUCIONES%202013/2711.pdf HTTP/1.1" 200 618006
190.253.173.26 - - [27/Feb/2022:15:51:22 -0500] "GET /BLA/boletinlegal/js/jquery.scrollShow.js HTTP/1.1" 200 4586
190.253.173.26 - - [27/Feb/2022:15:51:22 -0500] "GET /galeria/galeria/jquery.fancybox.js?v=2.1.5 HTTP/1.1" 200 48706
190.253.173.26 - - [27/Feb/2022:15:51:23 -0500] "GET /galeria/carrusel/Carrusel/jquery.thumbnailScroller.css HTTP/1.1" 200 2066
190.253.173.26 - - [27/Feb/2022:15:51:23 -0500] "GET /galeria/carrusel/Carrusel/jquery-ui-1.8.13.custom.min.js HTTP/1.1" 200 10800
190.253.173.26 - - [27/Feb/2022:15:51:23 -0500] "GET /galeria/carrusel/Carrusel/jquery.thumbnailScroller.js HTTP/1.1" 200 8157
190.253.173.26 - - [27/Feb/2022:15:51:23 -0500] "GET /galeria/nivo-slider/demo/banner.html HTTP/1.1" 200 5446
190.253.173.26 - - [27/Feb/2022:15:51:23 -0500] "GET /galeria/nivo-slider/themes/default/default.css HTTP/1.1" 200 1569
190.253.173.26 - - [27/Feb/2022:15:51:23 -0500] "GET /galeria/nivo-slider/themes/pascal/pascal.css HTTP/1.1" 200 2258
190.253.173.26 - - [27/Feb/2022:15:51:23 -0500] "GET /galeria/nivo-slider/themes/orman/orman.css HTTP/1.1" 200 2152
190.253.173.26 - - [27/Feb/2022:15:51:23 -0500] "GET /galeria/nivo-slider/demo/images/bannertrafico_optimized.jpg HTTP/1.1" 200 42578
190.253.173.26 - - [27/Feb/2022:15:51:23 -0500] "GET /galeria/nivo-slider/nivo-slider.css HTTP/1.1" 200 1507
190.253.173.26 - - [27/Feb/2022:15:51:23 -0500] "GET /galeria/nivo-slider/demo/style.css HTTP/1.1" 200 2222
190.253.173.26 - - [27/Feb/2022:15:51:23 -0500] "GET /galeria/nivo-slider/demo/images/bannerresiduoshospitalariosagosto.jpg HTTP/1.1" 200 36499
190.253.173.26 - - [27/Feb/2022:15:51:23 -0500] "GET /galeria/nivo-slider/demo/images/bannerclases2021.jpg HTTP/1.1" 200 68230
190.253.173.26 - - [27/Feb/2022:15:51:23 -0500] "GET /galeria/nivo-slider/demo/images/banneraccionpopular.jpeg HTTP/1.1" 200 41707
190.253.173.26 - - [27/Feb/2022:15:51:24 -0500] "GET /galeria/nivo-slider/demo/images/Bannervirtualescanales.jpg HTTP/1.1" 200 174544
190.253.173.26 - - [27/Feb/2022:15:51:24 -0500] "GET /galeria/nivo-slider/demo/images/banneraire2021.jpg HTTP/1.1" 200 265101
190.253.173.26 - - [27/Feb/2022:15:51:24 -0500] "GET /galeria/nivo-slider/demo/images/Bannermujeresquereverdecen.jpg HTTP/1.1" 200 46558
190.253.173.26 - - [27/Feb/2022:15:51:24 -0500] "GET /galeria/nivo-slider/demo/images/banneraccionpopularcrr68.jpg HTTP/1.1" 200 51887
190.253.173.26 - - [27/Feb/2022:15:51:24 -0500] "GET /galeria/nivo-slider/demo/images/bannertortuga_optimized.jpg HTTP/1.1" 200 39066
190.253.173.26 - - [27/Feb/2022:15:51:24 -0500] "GET /galeria/nivo-slider/demo/images/bannercapacitacionesbogota.jpg HTTP/1.1" 200 42416
190.253.173.26 - - [27/Feb/2022:15:51:24 -0500] "GET /galeria/nivo-slider/demo/images/Bannerenvases.jpg HTTP/1.1" 200 37316
186.31.76.1 - - [27/Feb/2022:15:51:24 -0500] "GET /BLA/resoluciones/ HTTP/1.1" 200 13093
190.253.173.26 - - [27/Feb/2022:15:51:24 -0500] "GET /galeria/nivo-slider/demo/images/Bannersedeelectronica.jpg HTTP/1.1" 200 40383
190.253.173.26 - - [27/Feb/2022:15:51:24 -0500] "GET /galeria/nivo-slider/demo/images/Bannerplasticosseptiembre.jpg HTTP/1.1" 200 45633
190.253.173.26 - - [27/Feb/2022:15:51:24 -0500] "GET /galeria/nivo-slider/demo/images/bannerrutaesperanza.jpg HTTP/1.1" 200 55560
190.253.173.26 - - [27/Feb/2022:15:51:25 -0500] "GET /galeria/nivo-slider/themes/default/loading.gif HTTP/1.1" 200 1737
190.253.173.26 - - [27/Feb/2022:15:51:25 -0500] "GET /galeria/nivo-slider/demo/images/4Simple_Slider.png HTTP/1.1" 200 11722
190.253.173.26 - - [27/Feb/2022:15:51:25 -0500] "GET /galeria/nivo-slider/demo/scripts/jquery-1.7.1.min.js HTTP/1.1" 200 93868
190.253.173.26 - - [27/Feb/2022:15:51:25 -0500] "GET /galeria/nivo-slider/jquery.nivo.slider.pack.js HTTP/1.1" 200 11561
190.253.173.26 - - [27/Feb/2022:15:51:26 -0500] "GET /galeria/nivo-slider/themes/default/arrows.png HTTP/1.1" 200 824
190.253.173.26 - - [27/Feb/2022:15:51:26 -0500] "GET /galeria/nivo-slider/themes/default/bullets.png HTTP/1.1" 200 1281
186.31.76.1 - - [27/Feb/2022:15:51:28 -0500] "GET /BLA/resoluciones/index.php?dir=AUTOS+2013%2F HTTP/1.1" 200 12235
186.31.76.1 - - [27/Feb/2022:15:51:28 -0500] "GET /BLA/resoluciones/index.php?dir=AUTOS+2013%2F HTTP/1.1" 200 405309
192.241.218.209 - - [27/Feb/2022:15:51:30 -0500] "GET / HTTP/1.1" 200 319
23.95.100.141 - - [27/Feb/2022:15:51:58 -0500] "HEAD / HTTP/1.0" 200 -
201.245.192.253 - - [27/Feb/2022:15:51:41 -0500] "POST /kwsrmcab/Wsrmcab HTTP/1.1" 200 118611
181.53.12.61 - - [27/Feb/2022:15:52:38 -0500] "GET /galeria/galeria/jquery.fancybox.css?v=2.1.5 HTTP/1.1" 200 4895
190.253.173.26 - - [27/Feb/2022:15:53:08 -0500] "GET /galeria/carrusel/Carrusel/jquery.thumbnailScroller.css HTTP/1.1" 200 2066
190.253.173.26 - - [27/Feb/2022:15:53:09 -0500] "GET /galeria/nivo-slider/themes/default/default.css HTTP/1.1" 200 1569
190.253.173.26 - - [27/Feb/2022:15:53:09 -0500] "GET /galeria/nivo-slider/themes/pascal/pascal.css HTTP/1.1" 200 2258
190.253.173.26 - - [27/Feb/2022:15:53:09 -0500] "GET /galeria/nivo-slider/themes/orman/orman.css HTTP/1.1" 200 2152
190.253.173.26 - - [27/Feb/2022:15:53:09 -0500] "GET /galeria/nivo-slider/nivo-slider.css HTTP/1.1" 200 1507
190.253.173.26 - - [27/Feb/2022:15:53:09 -0500] "GET /galeria/nivo-slider/demo/style.css HTTP/1.1" 200 2222
190.253.173.26 - - [27/Feb/2022:15:53:09 -0500] "GET /galeria/nivo-slider/demo/images/bannertrafico_optimized.jpg HTTP/1.1" 200 42578
190.253.173.26 - - [27/Feb/2022:15:53:09 -0500] "GET /galeria/nivo-slider/demo/images/Bannersedeelectronica.jpg HTTP/1.1" 200 40383
190.253.173.26 - - [27/Feb/2022:15:53:09 -0500] "GET /galeria/nivo-slider/demo/images/Bannerplasticosseptiembre.jpg HTTP/1.1" 200 45633
190.253.173.26 - - [27/Feb/2022:15:53:09 -0500] "GET /galeria/nivo-slider/demo/images/bannerclases2021.jpg HTTP/1.1" 200 68230
190.253.173.26 - - [27/Feb/2022:15:53:09 -0500] "GET /galeria/nivo-slider/demo/images/banneraire2021.jpg HTTP/1.1" 200 265101
190.253.173.26 - - [27/Feb/2022:15:53:09 -0500] "GET /galeria/nivo-slider/demo/images/Bannermujeresquereverdecen.jpg HTTP/1.1" 200 46558
190.253.173.26 - - [27/Feb/2022:15:53:10 -0500] "GET /galeria/nivo-slider/demo/images/bannerrutaesperanza.jpg HTTP/1.1" 200 55560
190.253.173.26 - - [27/Feb/2022:15:53:10 -0500] "GET /galeria/nivo-slider/demo/images/bannercapacitacionesbogota.jpg HTTP/1.1" 200 42416
190.253.173.26 - - [27/Feb/2022:15:53:10 -0500] "GET /galeria/nivo-slider/demo/images/Bannervirtualescanales.jpg HTTP/1.1" 200 174544
190.253.173.26 - - [27/Feb/2022:15:53:10 -0500] "GET /galeria/nivo-slider/demo/images/bannerresiduoshospitalariosagosto.jpg HTTP/1.1" 200 36499
190.253.173.26 - - [27/Feb/2022:15:53:10 -0500] "GET /galeria/nivo-slider/demo/images/banneraccionpopular.jpeg HTTP/1.1" 200 41707
190.253.173.26 - - [27/Feb/2022:15:53:11 -0500] "GET /galeria/nivo-slider/demo/images/banneraccionpopularcrr68.jpg HTTP/1.1" 200 51887
190.253.173.26 - - [27/Feb/2022:15:53:11 -0500] "GET /galeria/nivo-slider/demo/images/Bannerenvases.jpg HTTP/1.1" 200 37316
190.253.173.26 - - [27/Feb/2022:15:53:11 -0500] "GET /galeria/nivo-slider/demo/images/bannertortuga_optimized.jpg HTTP/1.1" 200 39066
190.253.173.26 - - [27/Feb/2022:15:54:14 -0500] "GET /galeria/nivo-slider/demo/images/bannertortuga_optimized.jpg HTTP/1.1" 200 39066
190.253.173.26 - - [27/Feb/2022:15:54:14 -0500] "GET /galeria/nivo-slider/demo/images/Bannermujeresquereverdecen.jpg HTTP/1.1" 200 46558
190.253.173.26 - - [27/Feb/2022:15:54:14 -0500] "GET /galeria/nivo-slider/demo/images/bannertrafico_optimized.jpg HTTP/1.1" 200 42578
190.253.173.26 - - [27/Feb/2022:15:54:14 -0500] "GET /galeria/nivo-slider/demo/images/Bannersedeelectronica.jpg HTTP/1.1" 200 40383
190.253.173.26 - - [27/Feb/2022:15:54:14 -0500] "GET /galeria/nivo-slider/demo/images/bannerrutaesperanza.jpg HTTP/1.1" 200 55560
190.253.173.26 - - [27/Feb/2022:15:54:14 -0500] "GET /galeria/nivo-slider/demo/images/banneraire2021.jpg HTTP/1.1" 200 265101
190.253.173.26 - - [27/Feb/2022:15:54:14 -0500] "GET /galeria/nivo-slider/demo/images/Bannerplasticosseptiembre.jpg HTTP/1.1" 200 45633
190.253.173.26 - - [27/Feb/2022:15:54:15 -0500] "GET /galeria/nivo-slider/demo/images/bannerresiduoshospitalariosagosto.jpg HTTP/1.1" 200 36499
190.253.173.26 - - [27/Feb/2022:15:54:15 -0500] "GET /galeria/nivo-slider/demo/images/banneraccionpopularcrr68.jpg HTTP/1.1" 200 51887
190.253.173.26 - - [27/Feb/2022:15:54:15 -0500] "GET /galeria/nivo-slider/demo/images/banneraccionpopular.jpeg HTTP/1.1" 200 41707
190.253.173.26 - - [27/Feb/2022:15:54:15 -0500] "GET /galeria/nivo-slider/demo/images/bannerclases2021.jpg HTTP/1.1" 200 68230
190.253.173.26 - - [27/Feb/2022:15:54:15 -0500] "GET /galeria/nivo-slider/demo/images/bannercapacitacionesbogota.jpg HTTP/1.1" 200 42416
190.253.173.26 - - [27/Feb/2022:15:54:15 -0500] "GET /galeria/nivo-slider/demo/images/Bannerenvases.jpg HTTP/1.1" 200 37316
190.253.173.26 - - [27/Feb/2022:15:54:15 -0500] "GET /galeria/nivo-slider/demo/images/Bannervirtualescanales.jpg HTTP/1.1" 200 174544
216.245.221.92 - - [27/Feb/2022:15:54:19 -0500] "HEAD / HTTP/1.1" 200 -
190.253.173.26 - - [27/Feb/2022:15:56:26 -0500] "GET /galeria/galeria/jquery.fancybox.js?v=2.1.5 HTTP/1.1" 200 48706
190.253.173.26 - - [27/Feb/2022:15:56:57 -0500] "GET /galeria/nivo-slider/demo/images/bannertortuga_optimized.jpg HTTP/1.1" 200 39066
190.253.173.26 - - [27/Feb/2022:15:56:57 -0500] "GET /galeria/nivo-slider/demo/images/Bannermujeresquereverdecen.jpg HTTP/1.1" 200 46558
190.253.173.26 - - [27/Feb/2022:15:56:57 -0500] "GET /galeria/nivo-slider/demo/images/bannertrafico_optimized.jpg HTTP/1.1" 200 42578
190.253.173.26 - - [27/Feb/2022:15:56:57 -0500] "GET /galeria/nivo-slider/demo/images/Bannersedeelectronica.jpg HTTP/1.1" 200 40383
190.253.173.26 - - [27/Feb/2022:15:56:57 -0500] "GET /galeria/nivo-slider/demo/images/bannerrutaesperanza.jpg HTTP/1.1" 200 55560
190.253.173.26 - - [27/Feb/2022:15:56:57 -0500] "GET /galeria/nivo-slider/demo/images/banneraire2021.jpg HTTP/1.1" 200 265101
190.253.173.26 - - [27/Feb/2022:15:56:57 -0500] "GET /galeria/nivo-slider/demo/images/Bannerplasticosseptiembre.jpg HTTP/1.1" 200 45633
190.253.173.26 - - [27/Feb/2022:15:56:58 -0500] "GET /galeria/nivo-slider/demo/images/bannerresiduoshospitalariosagosto.jpg HTTP/1.1" 200 36499
190.253.173.26 - - [27/Feb/2022:15:56:58 -0500] "GET /galeria/nivo-slider/demo/images/banneraccionpopularcrr68.jpg HTTP/1.1" 200 51887
190.253.173.26 - - [27/Feb/2022:15:56:58 -0500] "GET /galeria/nivo-slider/demo/images/banneraccionpopular.jpeg HTTP/1.1" 200 41707
190.253.173.26 - - [27/Feb/2022:15:56:58 -0500] "GET /galeria/nivo-slider/demo/images/bannerclases2021.jpg HTTP/1.1" 200 68230
190.253.173.26 - - [27/Feb/2022:15:56:58 -0500] "GET /galeria/nivo-slider/demo/images/bannercapacitacionesbogota.jpg HTTP/1.1" 200 42416
190.253.173.26 - - [27/Feb/2022:15:56:58 -0500] "GET /galeria/nivo-slider/demo/images/Bannerenvases.jpg HTTP/1.1" 200 37316
190.253.173.26 - - [27/Feb/2022:15:56:58 -0500] "GET /galeria/nivo-slider/demo/images/Bannervirtualescanales.jpg HTTP/1.1" 200 174544
161.18.188.30 - - [27/Feb/2022:15:57:35 -0500] "GET /caminos-de-los-cerros-espacios-naturales-seguros-para-cuidar-la-salud-fisica-y-mental-de-los-ciudadanos.html HTTP/1.1" 200 1139
216.245.221.92 - - [27/Feb/2022:15:59:19 -0500] "HEAD / HTTP/1.1" 200 -
190.253.173.26 - - [27/Feb/2022:16:01:01 -0500] "GET /galeria/galeria/jquery.fancybox.js?v=2.1.5 HTTP/1.1" 200 48706
181.53.12.26 - - [27/Feb/2022:16:01:44 -0500] "GET /BLA/resoluciones/RESOLUCIONES%202020/2163.pdf HTTP/1.1" 200 447299
181.53.12.26 - - [27/Feb/2022:16:01:50 -0500] "GET /favicon.ico HTTP/1.1" 200 7782
195.154.172.59 - - [27/Feb/2022:16:02:13 -0500] "GET /galeria/galeria/jquery.fancybox.css?v=2.1.5 HTTP/1.1" 200 4895
190.253.173.26 - - [27/Feb/2022:16:02:48 -0500] "GET /galeria/galeria/jquery.fancybox.js?v=2.1.5 HTTP/1.1" 200 48706
201.245.192.253 - - [27/Feb/2022:16:02:46 -0500] "POST /kwsrmcab/Wsrmcab HTTP/1.1" 200 213
66.249.66.87 - - [27/Feb/2022:16:03:39 -0500] "-" 408 -
186.86.32.116 - - [27/Feb/2022:16:04:14 -0500] "GET /caminos-de-los-cerros-espacios-naturales-seguros-para-cuidar-la-salud-fisica-y-mental-de-los-ciudadanos.html HTTP/1.1" 200 1139
216.245.221.92 - - [27/Feb/2022:16:04:19 -0500] "HEAD / HTTP/1.1" 200 -
190.145.207.68 - - [27/Feb/2022:16:05:08 -0500] "GET /BLA/resoluciones/ HTTP/1.1" 200 13093
190.145.207.68 - - [27/Feb/2022:16:05:08 -0500] "GET /BLA/resoluciones/dlf/styles.css HTTP/1.1" 304 -
190.145.207.68 - - [27/Feb/2022:16:05:08 -0500] "GET /BLA/resoluciones/dlf/folder.png HTTP/1.1" 304 -
190.145.207.68 - - [27/Feb/2022:16:05:08 -0500] "GET /BLA/resoluciones/dlf/bg.gif HTTP/1.1" 304 -
216.245.221.92 - - [27/Feb/2022:16:09:19 -0500] "HEAD / HTTP/1.1" 200 -
190.145.207.68 - - [27/Feb/2022:16:09:34 -0500] "GET /BLA/resoluciones/dlf/dirup.png HTTP/1.1" 304 -
190.145.207.68 - - [27/Feb/2022:16:09:34 -0500] "GET /BLA/resoluciones/dlf/pdf.gif HTTP/1.1" 304 -
190.145.207.68 - - [27/Feb/2022:16:09:34 -0500] "GET /BLA/resoluciones/index.php?dir=AUTOS+2019%2F HTTP/1.1" 200 338088
190.145.207.68 - - [27/Feb/2022:16:09:54 -0500] "GET /BLA/resoluciones/AUTOS%202019/4923.pdf HTTP/1.1" 200 283254
190.145.207.68 - - [27/Feb/2022:16:09:54 -0500] "GET /BLA/resoluciones/AUTOS%202019/4923.pdf HTTP/1.1" 206 21110
186.168.252.99 - - [27/Feb/2022:16:10:41 -0500] "GET /galeria/galeria/jquery.fancybox.css?v=2.1.5 HTTP/1.1" 200 4895
191.156.186.134 - - [27/Feb/2022:16:10:51 -0500] "GET /caminos-de-los-cerros-espacios-naturales-seguros-para-cuidar-la-salud-fisica-y-mental-de-los-ciudadanos.html HTTP/1.1" 200 1139
201.245.192.253 - - [27/Feb/2022:16:12:18 -0500] "POST /kwsrmcab/Wsrmcab HTTP/1.1" 200 118607
191.95.143.224 - - [27/Feb/2022:16:13:39 -0500] "GET /galeria/galeria/jquery.fancybox.css?v=2.1.5 HTTP/1.1" 200 4895
216.245.221.92 - - [27/Feb/2022:16:14:19 -0500] "HEAD / HTTP/1.1" 200 -
190.145.207.68 - - [27/Feb/2022:16:14:49 -0500] "GET /BLA/resoluciones/ HTTP/1.1" 200 13093
190.145.207.68 - - [27/Feb/2022:16:14:52 -0500] "GET /BLA/resoluciones/index.php?dir=RESOLUCIONES+2013%2F HTTP/1.1" 200 236748
190.145.207.68 - - [27/Feb/2022:16:14:56 -0500] "GET /BLA/resoluciones/index.php?dir=RESOLUCIONES+2014%2F HTTP/1.1" 200 329421
194.31.98.165 - - [27/Feb/2022:16:15:00 -0500] "HEAD / HTTP/1.0" 200 -
190.145.207.68 - - [27/Feb/2022:16:15:31 -0500] "GET /BLA/resoluciones/index.php?dir=RESOLUCIONES+2014%2F HTTP/1.1" 200 329421
190.253.173.26 - - [27/Feb/2022:16:17:14 -0500] "GET /BLA/resoluciones/RESOLUCIONES%202018/2418.pdf HTTP/1.1" 200 249141
200.118.60.209 - - [27/Feb/2022:16:17:32 -0500] "GET /galeria/galeria/jquery.fancybox.css?v=2.1.5 HTTP/1.1" 200 4895
190.253.173.26 - - [27/Feb/2022:16:17:39 -0500] "GET /BLA/resoluciones/RESOLUCIONES%202018/2418.pdf HTTP/1.1" 200 249141
216.245.221.92 - - [27/Feb/2022:16:19:19 -0500] "HEAD / HTTP/1.1" 200 -
190.145.207.68 - - [27/Feb/2022:16:20:30 -0500] "GET /favicon.ico HTTP/1.1" 200 7782
190.145.207.68 - - [27/Feb/2022:16:20:32 -0500] "GET /BLA/resoluciones/index.php?dir=RESOLUCIONES+2015%2F HTTP/1.1" 200 128670
201.245.192.253 - - [27/Feb/2022:16:21:11 -0500] "POST /kwsrmcab/Wsrmcab HTTP/1.1" 200 45531
190.253.173.26 - - [27/Feb/2022:16:22:09 -0500] "GET /BLA/resoluciones/RESOLUCIONES%202018/2418.pdf HTTP/1.1" 200 249141
186.28.175.172 - - [27/Feb/2022:16:22:09 -0500] "GET /caminos-de-los-cerros-espacios-naturales-seguros-para-cuidar-la-salud-fisica-y-mental-de-los-ciudadanos.html HTTP/1.1" 200 1139
201.245.192.253 - - [27/Feb/2022:16:22:16 -0500] "POST /kwsrmcab/Wsrmcab HTTP/1.1" 200 118607
207.46.13.211 - - [27/Feb/2022:16:23:26 -0500] "GET /BLA/resoluciones/dlf/dirup.png HTTP/1.1" 200 644
216.245.221.92 - - [27/Feb/2022:16:24:19 -0500] "HEAD / HTTP/1.1" 200 -
81.16.252.185 - - [27/Feb/2022:16:24:38 -0500] "GET / HTTP/1.1" 200 319
190.24.59.153 - - [27/Feb/2022:16:26:31 -0500] "GET /galeria/galeria/jquery.fancybox.css?v=2.1.5 HTTP/1.1" 200 4895
192.241.215.114 - - [27/Feb/2022:16:27:21 -0500] "GET /manager/text/list HTTP/1.1" 404 1018
216.245.221.92 - - [27/Feb/2022:16:29:19 -0500] "HEAD / HTTP/1.1" 200 -
186.86.34.13 - - [27/Feb/2022:16:30:12 -0500] "GET /galeria/galeria/jquery.fancybox.css?v=2.1.5 HTTP/1.1" 200 4895
195.246.120.111 - - [27/Feb/2022:16:30:41 -0500] "GET / HTTP/1.1" 200 319
201.245.192.253 - - [27/Feb/2022:16:31:10 -0500] "POST /kwsrmcab/Wsrmcab HTTP/1.1" 200 45531
190.24.101.190 - - [27/Feb/2022:16:32:35 -0500] "GET /BLA/resoluciones/index.php?dir=AUTOS+2010%2F HTTP/1.1" 200 271559
157.55.39.48 - - [27/Feb/2022:16:32:38 -0500] "GET /bla/resoluciones/autos%202021/1578.pdf HTTP/1.1" 200 349510
201.245.192.253 - - [27/Feb/2022:16:31:59 -0500] "POST /kwsrmcab/Wsrmcab HTTP/1.1" 200 46921
181.53.12.61 - - [27/Feb/2022:16:32:56 -0500] "GET /galeria/galeria/jquery.fancybox.css?v=2.1.5 HTTP/1.1" 200 4895
201.245.192.253 - - [27/Feb/2022:16:32:09 -0500] "POST /kwsrmcab/Wsrmcab HTTP/1.1" 200 118607
190.24.101.190 - - [27/Feb/2022:16:33:23 -0500] "GET /BLA/resoluciones/index.php?dir=RESOLUCIONES+2010%2F HTTP/1.1" 200 1307798
190.24.101.190 - - [27/Feb/2022:16:33:59 -0500] "GET /BLA/resoluciones/RESOLUCIONES%202010/2301.pdf HTTP/1.1" 200 474789
190.24.101.190 - - [27/Feb/2022:16:34:00 -0500] "GET /BLA/resoluciones/RESOLUCIONES%202010/2301.pdf HTTP/1.1" 206 1
190.24.101.190 - - [27/Feb/2022:16:34:00 -0500] "GET /BLA/resoluciones/RESOLUCIONES%202010/2301.pdf HTTP/1.1" 200 474789
190.24.101.190 - - [27/Feb/2022:16:34:00 -0500] "GET /BLA/resoluciones/RESOLUCIONES%202010/2301.pdf HTTP/1.1" 206 1025
190.24.101.190 - - [27/Feb/2022:16:34:53 -0500] "GET /BLA/resoluciones/index.php?dir=AUTOS+2010%2F HTTP/1.1" 200 271559
216.245.221.92 - - [27/Feb/2022:16:35:09 -0500] "GET / HTTP/1.1" 200 319
34.90.75.209 - - [27/Feb/2022:16:40:45 -0500] "GET / HTTP/1.1" 200 319
216.245.221.92 - - [27/Feb/2022:16:40:59 -0500] "GET / HTTP/1.1" 200 319
201.245.192.253 - - [27/Feb/2022:16:41:11 -0500] "POST /kwsrmcab/Wsrmcab HTTP/1.1" 200 45531
201.245.192.253 - - [27/Feb/2022:16:42:01 -0500] "POST /kwsrmcab/Wsrmcab HTTP/1.1" 200 46921
186.116.223.194 - - [27/Feb/2022:16:44:46 -0500] "GET /galeria/galeria/jquery.fancybox.css?v=2.1.5 HTTP/1.1" 200 4895
45.146.165.37 - - [27/Feb/2022:16:45:04 -0500] "GET / HTTP/1.1" 200 319
209.141.61.19 - - [27/Feb/2022:16:45:33 -0500] "GET http://190.27.245.106:80/pma/scripts/setup.php HTTP/1.0" 404 1018
216.245.221.92 - - [27/Feb/2022:16:45:59 -0500] "HEAD / HTTP/1.1" 200 -
181.61.89.17 - - [27/Feb/2022:16:46:41 -0500] "GET /galeria/galeria/jquery.fancybox.css?v=2.1.5 HTTP/1.1" 200 4895
186.84.88.165 - - [27/Feb/2022:16:47:04 -0500] "GET /galeria/galeria/jquery.fancybox.css?v=2.1.5 HTTP/1.1" 200 4895
181.53.12.26 - - [27/Feb/2022:16:47:40 -0500] "GET /BLA/resoluciones/RESOLUCIONES%202020/2163.pdf HTTP/1.1" 200 447299
181.53.12.175 - - [27/Feb/2022:16:47:43 -0500] "GET /caminos-de-los-cerros-espacios-naturales-seguros-para-cuidar-la-salud-fisica-y-mental-de-los-ciudadanos.html?fbclid=IwAR3H_rwgR0sEehpSIjRB7LbTZkLu2gooKN-xCfXCDBqGqfsrab1uGhQw2rg HTTP/1.1" 200 1139
191.95.54.40 - - [27/Feb/2022:16:50:39 -0500] "GET /caminos-de-los-cerros-espacios-naturales-seguros-para-cuidar-la-salud-fisica-y-mental-de-los-ciudadanos.html HTTP/1.1" 304 -
216.245.221.92 - - [27/Feb/2022:16:50:59 -0500] "HEAD / HTTP/1.1" 200 -
200.118.64.109 - - [27/Feb/2022:16:51:00 -0500] "POST /forms/lservlet;jsessionid=ac16012b30d6944a1675a64b4fd5b7d6f9fe4207b8b3.e3iSbxaKaheRe3uOcheLaNmQaO1ynknvrkLOlQzNp65In0 HTTP/1.1" 200 13
200.118.64.109 - - [27/Feb/2022:16:51:01 -0500] "POST /forms/lservlet;jsessionid=ac16012b30d6944a1675a64b4fd5b7d6f9fe4207b8b3.e3iSbxaKaheRe3uOcheLaNmQaO1ynknvrkLOlQzNp65In0 HTTP/1.1" 200 13
200.118.64.109 - - [27/Feb/2022:16:51:02 -0500] "POST /forms/lservlet;jsessionid=ac16012b30d6944a1675a64b4fd5b7d6f9fe4207b8b3.e3iSbxaKaheRe3uOcheLaNmQaO1ynknvrkLOlQzNp65In0 HTTP/1.1" 200 13
200.118.64.109 - - [27/Feb/2022:16:51:03 -0500] "POST /forms/lservlet;jsessionid=ac16012b30d6944a1675a64b4fd5b7d6f9fe4207b8b3.e3iSbxaKaheRe3uOcheLaNmQaO1ynknvrkLOlQzNp65In0 HTTP/1.1" 200 13
200.118.64.109 - - [27/Feb/2022:16:51:04 -0500] "POST /forms/lservlet;jsessionid=ac16012b30d6944a1675a64b4fd5b7d6f9fe4207b8b3.e3iSbxaKaheRe3uOcheLaNmQaO1ynknvrkLOlQzNp65In0 HTTP/1.1" 200 13
200.118.64.109 - - [27/Feb/2022:16:51:06 -0500] "POST /forms/lservlet;jsessionid=ac16012b30d6944a1675a64b4fd5b7d6f9fe4207b8b3.e3iSbxaKaheRe3uOcheLaNmQaO1ynknvrkLOlQzNp65In0 HTTP/1.1" 200 13
200.118.64.109 - - [27/Feb/2022:16:51:18 -0500] "GET /forms/frmservlet?config=sia HTTP/1.1" 200 4046
200.118.64.109 - - [27/Feb/2022:16:51:18 -0500] "GET /forms/frmservlet?config=sia HTTP/1.1" 200 4046
200.118.64.109 - - [27/Feb/2022:16:51:18 -0500] "GET /forms/java/oracle/forms/registry/Registry.dat HTTP/1.1" 200 4213
200.118.64.109 - - [27/Feb/2022:16:51:18 -0500] "GET /forms/java/oracle/forms/registry/default.dat HTTP/1.1" 404 350
200.118.64.109 - - [27/Feb/2022:16:51:18 -0500] "GET /forms/frmservlet?config=sia&acceptLanguage=en-us,en;q=0.5&ifcmd=startsession HTTP/1.1" 200 118
200.118.64.109 - - [27/Feb/2022:16:51:19 -0500] "GET /forms/lservlet;jsessionid=ac16012b30d6a7eafc9f0d5d4effb94fe02d5680d2e7.e3iSbxaKaheRe3uOcheLaNmQaO1ynknvrkLOlQzNp65In0?ifcmd=getinfo HTTP/1.1" 200 8
200.118.64.109 - - [27/Feb/2022:16:51:19 -0500] "POST /forms/lservlet;jsessionid=ac16012b30d6a7eafc9f0d5d4effb94fe02d5680d2e7.e3iSbxaKaheRe3uOcheLaNmQaO1ynknvrkLOlQzNp65In0 HTTP/1.1" 200 8
200.118.64.109 - - [27/Feb/2022:16:51:23 -0500] "POST /forms/lservlet;jsessionid=ac16012b30d6a7eafc9f0d5d4effb94fe02d5680d2e7.e3iSbxaKaheRe3uOcheLaNmQaO1ynknvrkLOlQzNp65In0 HTTP/1.1" 200 64000
200.118.64.109 - - [27/Feb/2022:16:51:24 -0500] "HEAD /imagenes/dama_logo.gif HTTP/1.1" 200 -
200.118.64.109 - - [27/Feb/2022:16:51:24 -0500] "POST /forms/lservlet;jsessionid=ac16012b30d6a7eafc9f0d5d4effb94fe02d5680d2e7.e3iSbxaKaheRe3uOcheLaNmQaO1ynknvrkLOlQzNp65In0 HTTP/1.1" 200 64000
200.118.64.109 - - [27/Feb/2022:16:51:24 -0500] "POST /forms/lservlet;jsessionid=ac16012b30d6a7eafc9f0d5d4effb94fe02d5680d2e7.e3iSbxaKaheRe3uOcheLaNmQaO1ynknvrkLOlQzNp65In0 HTTP/1.1" 200 63623
200.118.64.109 - - [27/Feb/2022:16:51:24 -0500] "POST /forms/lservlet;jsessionid=ac16012b30d6a7eafc9f0d5d4effb94fe02d5680d2e7.e3iSbxaKaheRe3uOcheLaNmQaO1ynknvrkLOlQzNp65In0 HTTP/1.1" 200 2
40.77.167.66 - - [27/Feb/2022:16:51:28 -0500] "GET /ya-llegan-las-aves-migratorias-bogota-se-alista-para-recibirlas.html HTTP/1.1" 304 -
191.156.54.11 - - [27/Feb/2022:16:51:31 -0500] "GET /galeria/galeria/jquery.fancybox.css?v=2.1.5 HTTP/1.1" 200 4895
200.118.64.109 - - [27/Feb/2022:16:51:34 -0500] "POST /forms/lservlet;jsessionid=ac16012b30d6a7eafc9f0d5d4effb94fe02d5680d2e7.e3iSbxaKaheRe3uOcheLaNmQaO1ynknvrkLOlQzNp65In0 HTTP/1.1" 200 7979
200.118.64.109 - - [27/Feb/2022:16:51:35 -0500] "POST /forms/lservlet;jsessionid=ac16012b30d6a7eafc9f0d5d4effb94fe02d5680d2e7.e3iSbxaKaheRe3uOcheLaNmQaO1ynknvrkLOlQzNp65In0 HTTP/1.1" 200 64
200.118.64.109 - - [27/Feb/2022:16:51:35 -0500] "POST /forms/lservlet;jsessionid=ac16012b30d6a7eafc9f0d5d4effb94fe02d5680d2e7.e3iSbxaKaheRe3uOcheLaNmQaO1ynknvrkLOlQzNp65In0 HTTP/1.1" 200 2
200.118.64.109 - - [27/Feb/2022:16:51:35 -0500] "POST /forms/lservlet;jsessionid=ac16012b30d6a7eafc9f0d5d4effb94fe02d5680d2e7.e3iSbxaKaheRe3uOcheLaNmQaO1ynknvrkLOlQzNp65In0 HTTP/1.1" 200 2
200.118.64.109 - - [27/Feb/2022:16:51:35 -0500] "POST /forms/lservlet;jsessionid=ac16012b30d6a7eafc9f0d5d4effb94fe02d5680d2e7.e3iSbxaKaheRe3uOcheLaNmQaO1ynknvrkLOlQzNp65In0 HTTP/1.1" 200 2
200.118.64.109 - - [27/Feb/2022:16:52:06 -0500] "POST /forms/lservlet;jsessionid=ac16012b30d6a7eafc9f0d5d4effb94fe02d5680d2e7.e3iSbxaKaheRe3uOcheLaNmQaO1ynknvrkLOlQzNp65In0 HTTP/1.1" 200 34712
200.118.64.109 - - [27/Feb/2022:16:52:07 -0500] "GET /imagenes/listval.gif HTTP/1.1" 200 905
200.118.64.109 - - [27/Feb/2022:16:52:07 -0500] "GET /imagenes/tree1.gif HTTP/1.1" 200 1161
200.118.64.109 - - [27/Feb/2022:16:52:07 -0500] "GET /imagenes/listval.gif HTTP/1.1" 200 905
200.118.64.109 - - [27/Feb/2022:16:52:07 -0500] "GET /imagenes/CAMERA3.gif HTTP/1.1" 200 4150
200.118.64.109 - - [27/Feb/2022:16:52:07 -0500] "GET /imagenes/SLIDE1.gif HTTP/1.1" 200 1111
200.118.64.109 - - [27/Feb/2022:16:52:07 -0500] "GET /imagenes/flexcomb.gif HTTP/1.1" 200 1169
200.118.64.109 - - [27/Feb/2022:16:52:07 -0500] "GET /imagenes/GO.gif HTTP/1.1" 200 904
200.118.64.109 - - [27/Feb/2022:16:52:11 -0500] "GET /imagenes/HRTOOLS.gif HTTP/1.1" 200 2238
200.118.64.109 - - [27/Feb/2022:16:52:11 -0500] "GET /imagenes/rt_rec1.gif HTTP/1.1" 200 867
200.118.64.109 - - [27/Feb/2022:16:52:11 -0500] "GET /imagenes/apply.gif HTTP/1.1" 200 903
200.118.64.109 - - [27/Feb/2022:16:52:11 -0500] "GET /imagenes/exit.gif HTTP/1.1" 200 916
200.118.64.109 - - [27/Feb/2022:16:52:11 -0500] "GET /imagenes/LISTVAL.gif HTTP/1.1" 200 905
200.118.64.109 - - [27/Feb/2022:16:52:11 -0500] "GET /imagenes/edit.gif HTTP/1.1" 200 919
