200.118.64.109 - - [02/Mar/2022:06:07:08 -0500] "POST /forms/lservlet;jsessionid=ac16012b30d6a2e72a2e24744237a5e19c7f77e5c97b.e3iSbxaKaheRe3qTch0LbxeTa41ynknvrkLOlQzNp65In0 HTTP/1.1" 200 45
200.118.64.109 - - [02/Mar/2022:06:07:11 -0500] "POST /forms/lservlet;jsessionid=ac16012b30d6a2e72a2e24744237a5e19c7f77e5c97b.e3iSbxaKaheRe3qTch0LbxeTa41ynknvrkLOlQzNp65In0 HTTP/1.1" 200 34715
200.118.64.109 - - [02/Mar/2022:06:07:12 -0500] "GET /imagenes/listval.gif HTTP/1.1" 200 905
200.118.64.109 - - [02/Mar/2022:06:07:12 -0500] "POST /forms/lservlet;jsessionid=ac16012b30d6a2e72a2e24744237a5e19c7f77e5c97b.e3iSbxaKaheRe3qTch0LbxeTa41ynknvrkLOlQzNp65In0 HTTP/1.1" 200 7
200.118.64.109 - - [02/Mar/2022:06:07:12 -0500] "POST /forms/lservlet;jsessionid=ac16012b30d6a2e72a2e24744237a5e19c7f77e5c97b.e3iSbxaKaheRe3qTch0LbxeTa41ynknvrkLOlQzNp65In0 HTTP/1.1" 200 34
200.118.64.109 - - [02/Mar/2022:06:07:12 -0500] "POST /forms/lservlet;jsessionid=ac16012b30d6a2e72a2e24744237a5e19c7f77e5c97b.e3iSbxaKaheRe3qTch0LbxeTa41ynknvrkLOlQzNp65In0 HTTP/1.1" 200 2
200.118.64.109 - - [02/Mar/2022:06:07:13 -0500] "POST /forms/lservlet;jsessionid=ac16012b30d6a2e72a2e24744237a5e19c7f77e5c97b.e3iSbxaKaheRe3qTch0LbxeTa41ynknvrkLOlQzNp65In0 HTTP/1.1" 200 2
200.118.64.109 - - [02/Mar/2022:06:07:13 -0500] "POST /forms/lservlet;jsessionid=ac16012b30d6a2e72a2e24744237a5e19c7f77e5c97b.e3iSbxaKaheRe3qTch0LbxeTa41ynknvrkLOlQzNp65In0 HTTP/1.1" 200 662
200.118.64.109 - - [02/Mar/2022:06:07:13 -0500] "POST /forms/lservlet;jsessionid=ac16012b30d6a2e72a2e24744237a5e19c7f77e5c97b.e3iSbxaKaheRe3qTch0LbxeTa41ynknvrkLOlQzNp65In0 HTTP/1.1" 200 10
200.118.64.109 - - [02/Mar/2022:06:07:15 -0500] "POST /forms/lservlet;jsessionid=ac16012b30d6a2e72a2e24744237a5e19c7f77e5c97b.e3iSbxaKaheRe3qTch0LbxeTa41ynknvrkLOlQzNp65In0 HTTP/1.1" 200 26
200.118.64.109 - - [02/Mar/2022:06:07:15 -0500] "POST /forms/lservlet;jsessionid=ac16012b30d6a2e72a2e24744237a5e19c7f77e5c97b.e3iSbxaKaheRe3qTch0LbxeTa41ynknvrkLOlQzNp65In0 HTTP/1.1" 200 14
200.118.64.109 - - [02/Mar/2022:06:07:17 -0500] "POST /forms/lservlet;jsessionid=ac16012b30d6a2e72a2e24744237a5e19c7f77e5c97b.e3iSbxaKaheRe3qTch0LbxeTa41ynknvrkLOlQzNp65In0 HTTP/1.1" 200 3950
200.118.64.109 - - [02/Mar/2022:06:07:17 -0500] "POST /forms/lservlet;jsessionid=ac16012b30d6a2e72a2e24744237a5e19c7f77e5c97b.e3iSbxaKaheRe3qTch0LbxeTa41ynknvrkLOlQzNp65In0 HTTP/1.1" 200 2
200.118.64.109 - - [02/Mar/2022:06:07:32 -0500] "POST /forms/lservlet;jsessionid=ac16012b30d6a2e72a2e24744237a5e19c7f77e5c97b.e3iSbxaKaheRe3qTch0LbxeTa41ynknvrkLOlQzNp65In0 HTTP/1.1" 200 2
200.118.64.109 - - [02/Mar/2022:06:07:32 -0500] "POST /forms/lservlet;jsessionid=ac16012b30d6a2e72a2e24744237a5e19c7f77e5c97b.e3iSbxaKaheRe3qTch0LbxeTa41ynknvrkLOlQzNp65In0 HTTP/1.1" 200 14
200.118.64.109 - - [02/Mar/2022:06:07:33 -0500] "POST /forms/lservlet;jsessionid=ac16012b30d6a2e72a2e24744237a5e19c7f77e5c97b.e3iSbxaKaheRe3qTch0LbxeTa41ynknvrkLOlQzNp65In0 HTTP/1.1" 200 14
200.118.64.109 - - [02/Mar/2022:06:07:35 -0500] "POST /forms/lservlet;jsessionid=ac16012b30d6a2e72a2e24744237a5e19c7f77e5c97b.e3iSbxaKaheRe3qTch0LbxeTa41ynknvrkLOlQzNp65In0 HTTP/1.1" 200 14
200.118.64.109 - - [02/Mar/2022:06:07:36 -0500] "POST /forms/lservlet;jsessionid=ac16012b30d6a2e72a2e24744237a5e19c7f77e5c97b.e3iSbxaKaheRe3qTch0LbxeTa41ynknvrkLOlQzNp65In0 HTTP/1.1" 200 14
200.118.64.109 - - [02/Mar/2022:06:07:38 -0500] "POST /forms/lservlet;jsessionid=ac16012b30d6a2e72a2e24744237a5e19c7f77e5c97b.e3iSbxaKaheRe3qTch0LbxeTa41ynknvrkLOlQzNp65In0 HTTP/1.1" 200 15
200.118.64.109 - - [02/Mar/2022:06:07:41 -0500] "POST /forms/lservlet;jsessionid=ac16012b30d6a2e72a2e24744237a5e19c7f77e5c97b.e3iSbxaKaheRe3qTch0LbxeTa41ynknvrkLOlQzNp65In0 HTTP/1.1" 200 127
200.118.64.109 - - [02/Mar/2022:06:07:41 -0500] "POST /forms/lservlet;jsessionid=ac16012b30d6a2e72a2e24744237a5e19c7f77e5c97b.e3iSbxaKaheRe3qTch0LbxeTa41ynknvrkLOlQzNp65In0 HTTP/1.1" 200 2
200.118.64.109 - - [02/Mar/2022:06:07:41 -0500] "GET /reports/rwservlet/getjobid72149?server=repnomi HTTP/1.1" 200 47641
200.118.64.109 - - [02/Mar/2022:06:07:54 -0500] "POST /forms/lservlet;jsessionid=ac16012b30d6a2e72a2e24744237a5e19c7f77e5c97b.e3iSbxaKaheRe3qTch0LbxeTa41ynknvrkLOlQzNp65In0 HTTP/1.1" 200 2
200.114.55.5 - - [02/Mar/2022:06:08:19 -0500] "-" 408 -
200.118.64.109 - - [02/Mar/2022:06:08:28 -0500] "POST /forms/lservlet;jsessionid=ac16012b30d6a2e72a2e24744237a5e19c7f77e5c97b.e3iSbxaKaheRe3qTch0LbxeTa41ynknvrkLOlQzNp65In0 HTTP/1.1" 200 2
200.118.64.109 - - [02/Mar/2022:06:08:28 -0500] "POST /forms/lservlet;jsessionid=ac16012b30d6a2e72a2e24744237a5e19c7f77e5c97b.e3iSbxaKaheRe3qTch0LbxeTa41ynknvrkLOlQzNp65In0 HTTP/1.1" 200 14
66.249.79.150 - - [02/Mar/2022:06:08:29 -0500] "-" 408 -
200.118.64.109 - - [02/Mar/2022:06:08:29 -0500] "POST /forms/lservlet;jsessionid=ac16012b30d6a2e72a2e24744237a5e19c7f77e5c97b.e3iSbxaKaheRe3qTch0LbxeTa41ynknvrkLOlQzNp65In0 HTTP/1.1" 200 14
200.118.64.109 - - [02/Mar/2022:06:08:31 -0500] "POST /forms/lservlet;jsessionid=ac16012b30d6a2e72a2e24744237a5e19c7f77e5c97b.e3iSbxaKaheRe3qTch0LbxeTa41ynknvrkLOlQzNp65In0 HTTP/1.1" 200 112
200.118.64.109 - - [02/Mar/2022:06:08:31 -0500] "POST /forms/lservlet;jsessionid=ac16012b30d6a2e72a2e24744237a5e19c7f77e5c97b.e3iSbxaKaheRe3qTch0LbxeTa41ynknvrkLOlQzNp65In0 HTTP/1.1" 200 2
200.118.64.109 - - [02/Mar/2022:06:08:31 -0500] "GET /reports/rwservlet/getjobid72150?server=repnomi HTTP/1.1" 200 47696
66.249.79.111 - - [02/Mar/2022:06:08:56 -0500] "-" 408 -
216.245.221.92 - - [02/Mar/2022:06:09:21 -0500] "HEAD / HTTP/1.1" 200 -
200.118.64.109 - - [02/Mar/2022:06:09:32 -0500] "POST /forms/lservlet;jsessionid=ac16012b30d6a2e72a2e24744237a5e19c7f77e5c97b.e3iSbxaKaheRe3qTch0LbxeTa41ynknvrkLOlQzNp65In0 HTTP/1.1" 200 2
200.118.64.109 - - [02/Mar/2022:06:09:32 -0500] "POST /forms/lservlet;jsessionid=ac16012b30d6a2e72a2e24744237a5e19c7f77e5c97b.e3iSbxaKaheRe3qTch0LbxeTa41ynknvrkLOlQzNp65In0 HTTP/1.1" 200 14
200.118.64.109 - - [02/Mar/2022:06:09:33 -0500] "POST /forms/lservlet;jsessionid=ac16012b30d6a2e72a2e24744237a5e19c7f77e5c97b.e3iSbxaKaheRe3qTch0LbxeTa41ynknvrkLOlQzNp65In0 HTTP/1.1" 200 14
200.118.64.109 - - [02/Mar/2022:06:09:34 -0500] "POST /forms/lservlet;jsessionid=ac16012b30d6a2e72a2e24744237a5e19c7f77e5c97b.e3iSbxaKaheRe3qTch0LbxeTa41ynknvrkLOlQzNp65In0 HTTP/1.1" 200 109
200.118.64.109 - - [02/Mar/2022:06:09:35 -0500] "POST /forms/lservlet;jsessionid=ac16012b30d6a2e72a2e24744237a5e19c7f77e5c97b.e3iSbxaKaheRe3qTch0LbxeTa41ynknvrkLOlQzNp65In0 HTTP/1.1" 200 2
200.118.64.109 - - [02/Mar/2022:06:09:35 -0500] "GET /reports/rwservlet/getjobid72151?server=repnomi HTTP/1.1" 200 607554
200.118.64.109 - - [02/Mar/2022:06:09:54 -0500] "POST /forms/lservlet;jsessionid=ac16012b30d6a2e72a2e24744237a5e19c7f77e5c97b.e3iSbxaKaheRe3qTch0LbxeTa41ynknvrkLOlQzNp65In0 HTTP/1.1" 200 2
200.118.64.109 - - [02/Mar/2022:06:10:42 -0500] "POST /forms/lservlet;jsessionid=ac16012b30d6a2e72a2e24744237a5e19c7f77e5c97b.e3iSbxaKaheRe3qTch0LbxeTa41ynknvrkLOlQzNp65In0 HTTP/1.1" 200 2
200.118.64.109 - - [02/Mar/2022:06:10:42 -0500] "POST /forms/lservlet;jsessionid=ac16012b30d6a2e72a2e24744237a5e19c7f77e5c97b.e3iSbxaKaheRe3qTch0LbxeTa41ynknvrkLOlQzNp65In0 HTTP/1.1" 200 14
200.118.64.109 - - [02/Mar/2022:06:10:43 -0500] "POST /forms/lservlet;jsessionid=ac16012b30d6a2e72a2e24744237a5e19c7f77e5c97b.e3iSbxaKaheRe3qTch0LbxeTa41ynknvrkLOlQzNp65In0 HTTP/1.1" 200 109
200.118.64.109 - - [02/Mar/2022:06:10:44 -0500] "POST /forms/lservlet;jsessionid=ac16012b30d6a2e72a2e24744237a5e19c7f77e5c97b.e3iSbxaKaheRe3qTch0LbxeTa41ynknvrkLOlQzNp65In0 HTTP/1.1" 200 2
200.118.64.109 - - [02/Mar/2022:06:10:44 -0500] "GET /reports/rwservlet/getjobid72152?server=repnomi HTTP/1.1" 200 57803
200.118.64.109 - - [02/Mar/2022:06:11:55 -0500] "POST /forms/lservlet;jsessionid=ac16012b30d6a2e72a2e24744237a5e19c7f77e5c97b.e3iSbxaKaheRe3qTch0LbxeTa41ynknvrkLOlQzNp65In0 HTTP/1.1" 200 2
13.66.139.1 - - [02/Mar/2022:06:12:24 -0500] "-" 408 -
201.245.192.253 - - [02/Mar/2022:06:11:56 -0500] "POST /kwsrmcab/Wsrmcab HTTP/1.1" 200 116714
200.118.64.109 - - [02/Mar/2022:06:13:55 -0500] "POST /forms/lservlet;jsessionid=ac16012b30d6a2e72a2e24744237a5e19c7f77e5c97b.e3iSbxaKaheRe3qTch0LbxeTa41ynknvrkLOlQzNp65In0 HTTP/1.1" 200 2
216.245.221.92 - - [02/Mar/2022:06:14:21 -0500] "HEAD / HTTP/1.1" 200 -
200.118.64.109 - - [02/Mar/2022:06:15:55 -0500] "POST /forms/lservlet;jsessionid=ac16012b30d6a2e72a2e24744237a5e19c7f77e5c97b.e3iSbxaKaheRe3qTch0LbxeTa41ynknvrkLOlQzNp65In0 HTTP/1.1" 200 2
40.77.167.55 - - [02/Mar/2022:06:16:10 -0500] "GET /bla/resoluciones/autos%202021/1554.pdf HTTP/1.1" 200 617246
66.249.79.111 - - [02/Mar/2022:06:16:11 -0500] "-" 408 -
34.91.193.197 - - [02/Mar/2022:06:17:39 -0500] "GET / HTTP/1.1" 200 319
200.118.64.109 - - [02/Mar/2022:06:17:55 -0500] "POST /forms/lservlet;jsessionid=ac16012b30d6a2e72a2e24744237a5e19c7f77e5c97b.e3iSbxaKaheRe3qTch0LbxeTa41ynknvrkLOlQzNp65In0 HTTP/1.1" 200 2
216.245.221.92 - - [02/Mar/2022:06:19:21 -0500] "HEAD / HTTP/1.1" 200 -
200.118.64.109 - - [02/Mar/2022:06:19:55 -0500] "POST /forms/lservlet;jsessionid=ac16012b30d6a2e72a2e24744237a5e19c7f77e5c97b.e3iSbxaKaheRe3qTch0LbxeTa41ynknvrkLOlQzNp65In0 HTTP/1.1" 200 2
66.249.79.47 - - [02/Mar/2022:06:20:58 -0500] "GET /documents/10184/2325415/pieza-concurso-buenas-practicas-20-septiembre.jpg HTTP/1.1" 404 1030
200.118.64.109 - - [02/Mar/2022:06:21:55 -0500] "POST /forms/lservlet;jsessionid=ac16012b30d6a2e72a2e24744237a5e19c7f77e5c97b.e3iSbxaKaheRe3qTch0LbxeTa41ynknvrkLOlQzNp65In0 HTTP/1.1" 200 2
201.245.192.253 - - [02/Mar/2022:06:21:43 -0500] "POST /kwsrmcab/Wsrmcab HTTP/1.1" 200 116714
200.118.64.109 - - [02/Mar/2022:06:23:55 -0500] "POST /forms/lservlet;jsessionid=ac16012b30d6a2e72a2e24744237a5e19c7f77e5c97b.e3iSbxaKaheRe3qTch0LbxeTa41ynknvrkLOlQzNp65In0 HTTP/1.1" 200 2
216.245.221.92 - - [02/Mar/2022:06:25:11 -0500] "GET / HTTP/1.1" 200 319
200.118.64.109 - - [02/Mar/2022:06:25:55 -0500] "POST /forms/lservlet;jsessionid=ac16012b30d6a2e72a2e24744237a5e19c7f77e5c97b.e3iSbxaKaheRe3qTch0LbxeTa41ynknvrkLOlQzNp65In0 HTTP/1.1" 200 2
200.118.64.109 - - [02/Mar/2022:06:27:55 -0500] "POST /forms/lservlet;jsessionid=ac16012b30d6a2e72a2e24744237a5e19c7f77e5c97b.e3iSbxaKaheRe3qTch0LbxeTa41ynknvrkLOlQzNp65In0 HTTP/1.1" 200 2
173.252.107.18 - - [02/Mar/2022:06:29:30 -0500] "GET /construcciones-sostenibles-estas-son-sus-principales-caracteristicas.html HTTP/1.1" 206 939
173.252.107.1 - - [02/Mar/2022:06:29:30 -0500] "GET /construcciones-sostenibles-estas-son-sus-principales-caracteristicas.html HTTP/1.1" 206 939
173.252.107.8 - - [02/Mar/2022:06:29:31 -0500] "GET /images/empresas-27-septiembre.jpeg HTTP/1.1" 200 66691
200.118.64.109 - - [02/Mar/2022:06:29:55 -0500] "POST /forms/lservlet;jsessionid=ac16012b30d6a2e72a2e24744237a5e19c7f77e5c97b.e3iSbxaKaheRe3qTch0LbxeTa41ynknvrkLOlQzNp65In0 HTTP/1.1" 200 2
173.252.107.116 - - [02/Mar/2022:06:30:06 -0500] "GET /images/cronica-de-mujer-diciembre-30-diciembre.jpg HTTP/1.1" 200 54008
216.245.221.92 - - [02/Mar/2022:06:30:11 -0500] "HEAD / HTTP/1.1" 200 -
201.245.192.253 - - [02/Mar/2022:06:30:59 -0500] "POST /kwsrmcab/Wsrmcab HTTP/1.1" 200 45836
200.118.64.109 - - [02/Mar/2022:06:31:56 -0500] "POST /forms/lservlet;jsessionid=ac16012b30d6a2e72a2e24744237a5e19c7f77e5c97b.e3iSbxaKaheRe3qTch0LbxeTa41ynknvrkLOlQzNp65In0 HTTP/1.1" 200 2
66.249.79.111 - - [02/Mar/2022:06:32:07 -0500] "-" 408 -
201.245.192.253 - - [02/Mar/2022:06:31:30 -0500] "POST /kwsrmcab/Wsrmcab HTTP/1.1" 200 116714
201.245.192.253 - - [02/Mar/2022:06:31:48 -0500] "POST /kwsrmcab/Wsrmcab HTTP/1.1" 200 46000
64.62.197.212 - - [02/Mar/2022:06:33:47 -0500] "GET / HTTP/1.1" 200 319
200.118.64.109 - - [02/Mar/2022:06:33:56 -0500] "POST /forms/lservlet;jsessionid=ac16012b30d6a2e72a2e24744237a5e19c7f77e5c97b.e3iSbxaKaheRe3qTch0LbxeTa41ynknvrkLOlQzNp65In0 HTTP/1.1" 200 2
45.137.23.152 - - [02/Mar/2022:06:34:04 -0500] "GET /dispatch.asp HTTP/1.1" 404 1018
216.245.221.92 - - [02/Mar/2022:06:35:11 -0500] "HEAD / HTTP/1.1" 200 -
207.46.13.157 - - [02/Mar/2022:06:35:30 -0500] "GET /BLA/resoluciones/RESOLUCIONES%202006/RES%202006%201401-1450/00001444.tif HTTP/1.1" 200 114060
200.118.64.109 - - [02/Mar/2022:06:35:56 -0500] "POST /forms/lservlet;jsessionid=ac16012b30d6a2e72a2e24744237a5e19c7f77e5c97b.e3iSbxaKaheRe3qTch0LbxeTa41ynknvrkLOlQzNp65In0 HTTP/1.1" 200 2
191.156.146.87 - - [02/Mar/2022:06:36:29 -0500] "GET /galeria/galeria/jquery.fancybox.css?v=2.1.5 HTTP/1.1" 200 4895
200.118.64.109 - - [02/Mar/2022:06:37:56 -0500] "POST /forms/lservlet;jsessionid=ac16012b30d6a2e72a2e24744237a5e19c7f77e5c97b.e3iSbxaKaheRe3qTch0LbxeTa41ynknvrkLOlQzNp65In0 HTTP/1.1" 200 2
200.118.64.109 - - [02/Mar/2022:06:39:56 -0500] "POST /forms/lservlet;jsessionid=ac16012b30d6a2e72a2e24744237a5e19c7f77e5c97b.e3iSbxaKaheRe3qTch0LbxeTa41ynknvrkLOlQzNp65In0 HTTP/1.1" 200 2
216.245.221.92 - - [02/Mar/2022:06:40:11 -0500] "HEAD / HTTP/1.1" 200 -
201.245.192.253 - - [02/Mar/2022:06:40:58 -0500] "POST /kwsrmcab/Wsrmcab HTTP/1.1" 200 45836
200.118.64.109 - - [02/Mar/2022:06:41:56 -0500] "POST /forms/lservlet;jsessionid=ac16012b30d6a2e72a2e24744237a5e19c7f77e5c97b.e3iSbxaKaheRe3qTch0LbxeTa41ynknvrkLOlQzNp65In0 HTTP/1.1" 200 2
201.245.192.253 - - [02/Mar/2022:06:41:47 -0500] "POST /kwsrmcab/Wsrmcab HTTP/1.1" 200 46000
66.249.79.111 - - [02/Mar/2022:06:43:42 -0500] "-" 408 -
200.118.64.109 - - [02/Mar/2022:06:43:56 -0500] "POST /forms/lservlet;jsessionid=ac16012b30d6a2e72a2e24744237a5e19c7f77e5c97b.e3iSbxaKaheRe3qTch0LbxeTa41ynknvrkLOlQzNp65In0 HTTP/1.1" 200 2
216.245.221.92 - - [02/Mar/2022:06:45:11 -0500] "HEAD / HTTP/1.1" 200 -
200.118.64.109 - - [02/Mar/2022:06:45:56 -0500] "POST /forms/lservlet;jsessionid=ac16012b30d6a2e72a2e24744237a5e19c7f77e5c97b.e3iSbxaKaheRe3qTch0LbxeTa41ynknvrkLOlQzNp65In0 HTTP/1.1" 200 2
191.67.209.173 - - [02/Mar/2022:06:46:28 -0500] "GET /galeria/galeria/jquery.fancybox.css?v=2.1.5 HTTP/1.1" 200 4895
200.118.64.109 - - [02/Mar/2022:06:47:56 -0500] "POST /forms/lservlet;jsessionid=ac16012b30d6a2e72a2e24744237a5e19c7f77e5c97b.e3iSbxaKaheRe3qTch0LbxeTa41ynknvrkLOlQzNp65In0 HTTP/1.1" 200 2
190.27.245.107 - - [02/Mar/2022:06:48:07 -0500] "GET /sipse/ HTTP/1.1" 302 -
181.235.122.252 - - [02/Mar/2022:06:48:07 -0500] "GET /sipse/faces/autenticacion.xhtml HTTP/1.1" 200 12493
181.235.122.252 - - [02/Mar/2022:06:48:07 -0500] "GET /sipse/faces/javax.faces.resource/theme.css?ln=primefaces-sipse HTTP/1.1" 200 50058
181.235.122.252 - - [02/Mar/2022:06:48:07 -0500] "GET /sipse/faces/javax.faces.resource/layout/layout.css;jsessionid=1tlbYo6iErJMxfLrYktosPZ2.undefined?ln=primefaces&v=4.0 HTTP/1.1" 200 542
181.235.122.252 - - [02/Mar/2022:06:48:07 -0500] "GET /sipse/faces/javax.faces.resource/primefaces.css;jsessionid=1tlbYo6iErJMxfLrYktosPZ2.undefined?ln=primefaces&v=4.0 HTTP/1.1" 200 53295
181.235.122.252 - - [02/Mar/2022:06:48:07 -0500] "GET /sipse/faces/javax.faces.resource/layout/layout.js;jsessionid=1tlbYo6iErJMxfLrYktosPZ2.undefined?ln=primefaces&v=4.0 HTTP/1.1" 200 87560
181.235.122.252 - - [02/Mar/2022:06:48:07 -0500] "GET /sipse/faces/javax.faces.resource/jquery/jquery.js;jsessionid=1tlbYo6iErJMxfLrYktosPZ2.undefined?ln=primefaces&v=4.0 HTTP/1.1" 200 105384
181.235.122.252 - - [02/Mar/2022:06:48:07 -0500] "GET /sipse/faces/javax.faces.resource/jquery/jquery-plugins.js;jsessionid=1tlbYo6iErJMxfLrYktosPZ2.undefined?ln=primefaces&v=4.0 HTTP/1.1" 200 220526
181.235.122.252 - - [02/Mar/2022:06:48:07 -0500] "GET /sipse/faces/javax.faces.resource/primefaces.js;jsessionid=1tlbYo6iErJMxfLrYktosPZ2.undefined?ln=primefaces&v=4.0 HTTP/1.1" 200 276924
181.235.122.252 - - [02/Mar/2022:06:48:08 -0500] "GET /sipse/css/imagen/logoSDG.png HTTP/1.1" 200 53064
181.235.122.252 - - [02/Mar/2022:06:48:08 -0500] "GET /sipse/faces/javax.faces.resource/images/ui-icons_898989_256x240.png?ln=primefaces-aristo HTTP/1.1" 304 -
181.235.122.252 - - [02/Mar/2022:06:48:08 -0500] "GET /sipse/css/imagen/loginimg.png HTTP/1.1" 200 71635
181.235.122.252 - - [02/Mar/2022:06:48:09 -0500] "GET /sipse/faces/index.xhtml HTTP/1.1" 200 677
181.235.122.252 - - [02/Mar/2022:06:48:09 -0500] "GET /sipse/faces/javax.faces.resource/theme.css?ln=primefaces-sipse HTTP/1.1" 304 -
181.235.122.252 - - [02/Mar/2022:06:48:09 -0500] "GET /sipse/faces/faces/autenticacion.xhtml HTTP/1.1" 200 12171
181.235.122.252 - - [02/Mar/2022:06:48:09 -0500] "GET /sipse/faces/javax.faces.resource/theme.css?ln=primefaces-sipse HTTP/1.1" 304 -
181.235.122.252 - - [02/Mar/2022:06:48:09 -0500] "GET /sipse/faces/javax.faces.resource/layout/layout.css?ln=primefaces&v=4.0 HTTP/1.1" 304 -
181.235.122.252 - - [02/Mar/2022:06:48:09 -0500] "GET /sipse/faces/javax.faces.resource/primefaces.css?ln=primefaces&v=4.0 HTTP/1.1" 304 -
181.235.122.252 - - [02/Mar/2022:06:48:09 -0500] "GET /sipse/faces/javax.faces.resource/jquery/jquery-plugins.js?ln=primefaces&v=4.0 HTTP/1.1" 304 -
181.235.122.252 - - [02/Mar/2022:06:48:09 -0500] "GET /sipse/faces/javax.faces.resource/primefaces.js?ln=primefaces&v=4.0 HTTP/1.1" 304 -
181.235.122.252 - - [02/Mar/2022:06:48:09 -0500] "GET /sipse/faces/javax.faces.resource/layout/layout.js?ln=primefaces&v=4.0 HTTP/1.1" 304 -
181.235.122.252 - - [02/Mar/2022:06:48:09 -0500] "GET /sipse/faces/javax.faces.resource/jquery/jquery.js?ln=primefaces&v=4.0 HTTP/1.1" 200 105384
181.235.122.252 - - [02/Mar/2022:06:48:13 -0500] "POST /sipse/faces/autenticacion.xhtml HTTP/1.1" 200 2213
181.235.122.252 - - [02/Mar/2022:06:48:13 -0500] "GET /sipse/faces/javax.faces.resource/messages/messages.png?ln=primefaces&v=4.0 HTTP/1.1" 304 -
181.235.122.252 - - [02/Mar/2022:06:48:14 -0500] "GET /sipse/faces/javax.faces.resource/images/ui-icons_898989_256x240.png?ln=primefaces-aristo HTTP/1.1" 304 -
181.235.122.252 - - [02/Mar/2022:06:48:14 -0500] "POST /sipse/faces/autenticacion.xhtml HTTP/1.1" 200 16246
181.235.122.252 - - [02/Mar/2022:06:48:14 -0500] "GET /sipse/faces/javax.faces.resource/theme.css?ln=primefaces-sipse HTTP/1.1" 304 -
181.235.122.252 - - [02/Mar/2022:06:48:14 -0500] "GET /sipse/faces/javax.faces.resource/primefaces.css?ln=primefaces&v=4.0 HTTP/1.1" 304 -
181.235.122.252 - - [02/Mar/2022:06:48:14 -0500] "GET /sipse/faces/javax.faces.resource/layout/layout.css?ln=primefaces&v=4.0 HTTP/1.1" 304 -
181.235.122.252 - - [02/Mar/2022:06:48:15 -0500] "GET /sipse/faces/javax.faces.resource/jquery/jquery.js?ln=primefaces&v=4.0 HTTP/1.1" 304 -
181.235.122.252 - - [02/Mar/2022:06:48:15 -0500] "GET /sipse/faces/javax.faces.resource/jquery/jquery-plugins.js?ln=primefaces&v=4.0 HTTP/1.1" 304 -
181.235.122.252 - - [02/Mar/2022:06:48:15 -0500] "GET /sipse/faces/javax.faces.resource/primefaces.js?ln=primefaces&v=4.0 HTTP/1.1" 304 -
181.235.122.252 - - [02/Mar/2022:06:48:15 -0500] "GET /sipse/faces/javax.faces.resource/layout/layout.js?ln=primefaces&v=4.0 HTTP/1.1" 304 -
181.235.122.252 - - [02/Mar/2022:06:48:15 -0500] "GET /sipse/css/imagen/contrasena.png HTTP/1.1" 404 383
181.235.122.252 - - [02/Mar/2022:06:48:20 -0500] "GET /sipse/faces/javax.faces.resource/images/ui-bg_flat_0_2d5972_40x100.png?ln=primefaces-aristo HTTP/1.1" 304 -
181.235.122.252 - - [02/Mar/2022:06:48:20 -0500] "POST /sipse/faces/bienvenido.xhtml HTTP/1.1" 200 2658
181.235.122.252 - - [02/Mar/2022:06:48:21 -0500] "POST /sipse/faces/bienvenido.xhtml HTTP/1.1" 200 59883
181.235.122.252 - - [02/Mar/2022:06:48:24 -0500] "GET /sipse/faces/javax.faces.resource/theme.css?ln=primefaces-sipse HTTP/1.1" 304 -
181.235.122.252 - - [02/Mar/2022:06:48:24 -0500] "GET /sipse/faces/javax.faces.resource/primefaces.css?ln=primefaces&v=4.0 HTTP/1.1" 304 -
181.235.122.252 - - [02/Mar/2022:06:48:24 -0500] "GET /sipse/faces/javax.faces.resource/layout/layout.css?ln=primefaces&v=4.0 HTTP/1.1" 304 -
181.235.122.252 - - [02/Mar/2022:06:48:24 -0500] "GET /sipse/faces/javax.faces.resource/jquery/jquery.js?ln=primefaces&v=4.0 HTTP/1.1" 304 -
181.235.122.252 - - [02/Mar/2022:06:48:24 -0500] "GET /sipse/faces/javax.faces.resource/jquery/jquery-plugins.js?ln=primefaces&v=4.0 HTTP/1.1" 304 -
181.235.122.252 - - [02/Mar/2022:06:48:24 -0500] "GET /sipse/faces/javax.faces.resource/primefaces.js?ln=primefaces&v=4.0 HTTP/1.1" 304 -
181.235.122.252 - - [02/Mar/2022:06:48:24 -0500] "GET /sipse/faces/javax.faces.resource/layout/layout.js?ln=primefaces&v=4.0 HTTP/1.1" 304 -
181.235.122.252 - - [02/Mar/2022:06:48:25 -0500] "POST /sipse/faces/presentacion/financiero/solicitudProceso/listarSolicitudProceso.xhtml HTTP/1.1" 200 1444
181.235.122.252 - - [02/Mar/2022:06:48:30 -0500] "POST /sipse/faces/presentacion/financiero/solicitudProceso/listarSolicitudProceso.xhtml HTTP/1.1" 200 117622
181.235.122.252 - - [02/Mar/2022:06:48:31 -0500] "GET /sipse/faces/javax.faces.resource/theme.css?ln=primefaces-sipse HTTP/1.1" 304 -
181.235.122.252 - - [02/Mar/2022:06:48:31 -0500] "GET /sipse/faces/javax.faces.resource/layout/layout.css?ln=primefaces&v=4.0 HTTP/1.1" 304 -
181.235.122.252 - - [02/Mar/2022:06:48:31 -0500] "GET /sipse/faces/javax.faces.resource/primefaces.css?ln=primefaces&v=4.0 HTTP/1.1" 304 -
181.235.122.252 - - [02/Mar/2022:06:48:31 -0500] "GET /sipse/faces/javax.faces.resource/jquery/jquery.js?ln=primefaces&v=4.0 HTTP/1.1" 304 -
181.235.122.252 - - [02/Mar/2022:06:48:31 -0500] "GET /sipse/faces/javax.faces.resource/jquery/jquery-plugins.js?ln=primefaces&v=4.0 HTTP/1.1" 304 -
181.235.122.252 - - [02/Mar/2022:06:48:31 -0500] "GET /sipse/faces/javax.faces.resource/primefaces.js?ln=primefaces&v=4.0 HTTP/1.1" 304 -
181.235.122.252 - - [02/Mar/2022:06:48:31 -0500] "GET /sipse/faces/javax.faces.resource/layout/layout.js?ln=primefaces&v=4.0 HTTP/1.1" 304 -
181.235.122.252 - - [02/Mar/2022:06:48:40 -0500] "POST /sipse/faces/presentacion/financiero/solicitudProceso/consultarSolicitudProceso.xhtml HTTP/1.1" 200 29430
181.235.122.252 - - [02/Mar/2022:06:48:41 -0500] "GET /sipse/faces/javax.faces.resource/theme.css?ln=primefaces-sipse HTTP/1.1" 304 -
181.235.122.252 - - [02/Mar/2022:06:48:41 -0500] "GET /sipse/faces/javax.faces.resource/primefaces.css?ln=primefaces&v=4.0 HTTP/1.1" 304 -
181.235.122.252 - - [02/Mar/2022:06:48:41 -0500] "GET /sipse/faces/javax.faces.resource/layout/layout.css?ln=primefaces&v=4.0 HTTP/1.1" 304 -
181.235.122.252 - - [02/Mar/2022:06:48:41 -0500] "GET /sipse/faces/javax.faces.resource/jquery/jquery.js?ln=primefaces&v=4.0 HTTP/1.1" 304 -
181.235.122.252 - - [02/Mar/2022:06:48:41 -0500] "GET /sipse/faces/javax.faces.resource/layout/layout.js?ln=primefaces&v=4.0 HTTP/1.1" 304 -
181.235.122.252 - - [02/Mar/2022:06:48:41 -0500] "GET /sipse/faces/javax.faces.resource/jquery/jquery-plugins.js?ln=primefaces&v=4.0 HTTP/1.1" 304 -
181.235.122.252 - - [02/Mar/2022:06:48:41 -0500] "GET /sipse/faces/javax.faces.resource/primefaces.js?ln=primefaces&v=4.0 HTTP/1.1" 304 -
2.56.59.20 - - [02/Mar/2022:06:48:52 -0500] "GET / HTTP/1.1" 200 319
2.56.59.20 - - [02/Mar/2022:06:48:53 -0500] "POST /HNAP1/ HTTP/1.1" 404 1018
181.235.122.252 - - [02/Mar/2022:06:48:52 -0500] "POST /sipse/faces/presentacion/financiero/solicitudProceso/consultarHistorialSolProceso.xhtml HTTP/1.1" 200 161736
181.235.122.252 - - [02/Mar/2022:06:48:53 -0500] "GET /sipse/faces/javax.faces.resource/theme.css?ln=primefaces-sipse HTTP/1.1" 304 -
181.235.122.252 - - [02/Mar/2022:06:48:53 -0500] "GET /sipse/faces/javax.faces.resource/primefaces.css?ln=primefaces&v=4.0 HTTP/1.1" 304 -
181.235.122.252 - - [02/Mar/2022:06:48:53 -0500] "GET /sipse/faces/javax.faces.resource/jquery/jquery-plugins.js?ln=primefaces&v=4.0 HTTP/1.1" 304 -
181.235.122.252 - - [02/Mar/2022:06:48:53 -0500] "GET /sipse/faces/javax.faces.resource/jquery/jquery.js?ln=primefaces&v=4.0 HTTP/1.1" 304 -
181.235.122.252 - - [02/Mar/2022:06:48:53 -0500] "GET /sipse/faces/javax.faces.resource/layout/layout.css?ln=primefaces&v=4.0 HTTP/1.1" 304 -
181.235.122.252 - - [02/Mar/2022:06:48:53 -0500] "GET /sipse/faces/javax.faces.resource/primefaces.js?ln=primefaces&v=4.0 HTTP/1.1" 304 -
181.235.122.252 - - [02/Mar/2022:06:48:53 -0500] "GET /sipse/faces/javax.faces.resource/layout/layout.js?ln=primefaces&v=4.0 HTTP/1.1" 304 -
200.118.64.109 - - [02/Mar/2022:06:49:57 -0500] "POST /forms/lservlet;jsessionid=ac16012b30d6a2e72a2e24744237a5e19c7f77e5c97b.e3iSbxaKaheRe3qTch0LbxeTa41ynknvrkLOlQzNp65In0 HTTP/1.1" 200 2
216.245.221.92 - - [02/Mar/2022:06:50:11 -0500] "HEAD / HTTP/1.1" 200 -
200.118.64.109 - - [02/Mar/2022:06:51:57 -0500] "POST /forms/lservlet;jsessionid=ac16012b30d6a2e72a2e24744237a5e19c7f77e5c97b.e3iSbxaKaheRe3qTch0LbxeTa41ynknvrkLOlQzNp65In0 HTTP/1.1" 200 2
190.27.245.107 - - [02/Mar/2022:06:52:01 -0500] "GET /sipse/ HTTP/1.1" 302 -
181.235.122.252 - - [02/Mar/2022:06:52:01 -0500] "GET /sipse/faces/autenticacion.xhtml HTTP/1.1" 200 12493
181.235.122.252 - - [02/Mar/2022:06:52:01 -0500] "GET /sipse/faces/javax.faces.resource/layout/layout.css;jsessionid=EaW-5dGFYiifswo3E8rBB0WE.undefined?ln=primefaces&v=4.0 HTTP/1.1" 200 542
181.235.122.252 - - [02/Mar/2022:06:52:01 -0500] "GET /sipse/faces/javax.faces.resource/primefaces.css;jsessionid=EaW-5dGFYiifswo3E8rBB0WE.undefined?ln=primefaces&v=4.0 HTTP/1.1" 200 53295
181.235.122.252 - - [02/Mar/2022:06:52:01 -0500] "GET /sipse/faces/javax.faces.resource/layout/layout.js;jsessionid=EaW-5dGFYiifswo3E8rBB0WE.undefined?ln=primefaces&v=4.0 HTTP/1.1" 200 87560
181.235.122.252 - - [02/Mar/2022:06:52:01 -0500] "GET /sipse/faces/javax.faces.resource/jquery/jquery.js;jsessionid=EaW-5dGFYiifswo3E8rBB0WE.undefined?ln=primefaces&v=4.0 HTTP/1.1" 200 105384
181.235.122.252 - - [02/Mar/2022:06:52:01 -0500] "GET /sipse/faces/javax.faces.resource/theme.css?ln=primefaces-sipse HTTP/1.1" 304 -
181.235.122.252 - - [02/Mar/2022:06:52:01 -0500] "GET /sipse/faces/javax.faces.resource/jquery/jquery-plugins.js;jsessionid=EaW-5dGFYiifswo3E8rBB0WE.undefined?ln=primefaces&v=4.0 HTTP/1.1" 200 220526
181.235.122.252 - - [02/Mar/2022:06:52:01 -0500] "GET /sipse/faces/javax.faces.resource/primefaces.js;jsessionid=EaW-5dGFYiifswo3E8rBB0WE.undefined?ln=primefaces&v=4.0 HTTP/1.1" 200 276924
181.235.122.252 - - [02/Mar/2022:06:52:02 -0500] "GET /sipse/faces/javax.faces.resource/images/ui-icons_898989_256x240.png?ln=primefaces-aristo HTTP/1.1" 304 -
181.235.122.252 - - [02/Mar/2022:06:52:02 -0500] "GET /sipse/faces/index.xhtml HTTP/1.1" 200 677
181.235.122.252 - - [02/Mar/2022:06:52:02 -0500] "GET /sipse/faces/javax.faces.resource/theme.css?ln=primefaces-sipse HTTP/1.1" 304 -
181.235.122.252 - - [02/Mar/2022:06:52:02 -0500] "GET /sipse/faces/faces/autenticacion.xhtml HTTP/1.1" 200 12171
181.235.122.252 - - [02/Mar/2022:06:52:03 -0500] "GET /sipse/faces/javax.faces.resource/theme.css?ln=primefaces-sipse HTTP/1.1" 304 -
181.235.122.252 - - [02/Mar/2022:06:52:03 -0500] "GET /sipse/faces/javax.faces.resource/primefaces.css?ln=primefaces&v=4.0 HTTP/1.1" 304 -
181.235.122.252 - - [02/Mar/2022:06:52:03 -0500] "GET /sipse/faces/javax.faces.resource/layout/layout.css?ln=primefaces&v=4.0 HTTP/1.1" 304 -
181.235.122.252 - - [02/Mar/2022:06:52:03 -0500] "GET /sipse/faces/javax.faces.resource/jquery/jquery.js?ln=primefaces&v=4.0 HTTP/1.1" 304 -
181.235.122.252 - - [02/Mar/2022:06:52:03 -0500] "GET /sipse/faces/javax.faces.resource/layout/layout.js?ln=primefaces&v=4.0 HTTP/1.1" 304 -
181.235.122.252 - - [02/Mar/2022:06:52:03 -0500] "GET /sipse/faces/javax.faces.resource/jquery/jquery-plugins.js?ln=primefaces&v=4.0 HTTP/1.1" 304 -
181.235.122.252 - - [02/Mar/2022:06:52:03 -0500] "GET /sipse/faces/javax.faces.resource/primefaces.js?ln=primefaces&v=4.0 HTTP/1.1" 304 -
181.235.122.252 - - [02/Mar/2022:06:52:05 -0500] "POST /sipse/faces/autenticacion.xhtml HTTP/1.1" 200 2213
181.235.122.252 - - [02/Mar/2022:06:52:05 -0500] "GET /sipse/faces/javax.faces.resource/messages/messages.png?ln=primefaces&v=4.0 HTTP/1.1" 304 -
181.235.122.252 - - [02/Mar/2022:06:52:06 -0500] "GET /sipse/faces/javax.faces.resource/images/ui-icons_898989_256x240.png?ln=primefaces-aristo HTTP/1.1" 304 -
181.235.122.252 - - [02/Mar/2022:06:52:06 -0500] "POST /sipse/faces/autenticacion.xhtml HTTP/1.1" 200 16246
181.235.122.252 - - [02/Mar/2022:06:52:06 -0500] "GET /sipse/faces/javax.faces.resource/layout/layout.css?ln=primefaces&v=4.0 HTTP/1.1" 304 -
181.235.122.252 - - [02/Mar/2022:06:52:06 -0500] "GET /sipse/faces/javax.faces.resource/primefaces.css?ln=primefaces&v=4.0 HTTP/1.1" 304 -
181.235.122.252 - - [02/Mar/2022:06:52:06 -0500] "GET /sipse/faces/javax.faces.resource/theme.css?ln=primefaces-sipse HTTP/1.1" 304 -
181.235.122.252 - - [02/Mar/2022:06:52:06 -0500] "GET /sipse/faces/javax.faces.resource/jquery/jquery.js?ln=primefaces&v=4.0 HTTP/1.1" 304 -
181.235.122.252 - - [02/Mar/2022:06:52:06 -0500] "GET /sipse/faces/javax.faces.resource/jquery/jquery-plugins.js?ln=primefaces&v=4.0 HTTP/1.1" 304 -
181.235.122.252 - - [02/Mar/2022:06:52:06 -0500] "GET /sipse/faces/javax.faces.resource/primefaces.js?ln=primefaces&v=4.0 HTTP/1.1" 304 -
181.235.122.252 - - [02/Mar/2022:06:52:06 -0500] "GET /sipse/faces/javax.faces.resource/layout/layout.js?ln=primefaces&v=4.0 HTTP/1.1" 304 -
181.235.122.252 - - [02/Mar/2022:06:52:07 -0500] "GET /sipse/css/imagen/contrasena.png HTTP/1.1" 404 383
181.235.122.252 - - [02/Mar/2022:06:52:08 -0500] "GET /sipse/faces/javax.faces.resource/images/ui-bg_flat_0_2d5972_40x100.png?ln=primefaces-aristo HTTP/1.1" 304 -
181.235.122.252 - - [02/Mar/2022:06:52:08 -0500] "POST /sipse/faces/bienvenido.xhtml HTTP/1.1" 200 2658
201.245.192.253 - - [02/Mar/2022:06:51:21 -0500] "POST /kwsrmcab/Wsrmcab HTTP/1.1" 200 116714
181.235.122.252 - - [02/Mar/2022:06:52:08 -0500] "POST /sipse/faces/bienvenido.xhtml HTTP/1.1" 200 59883
181.235.122.252 - - [02/Mar/2022:06:52:11 -0500] "GET /sipse/faces/javax.faces.resource/theme.css?ln=primefaces-sipse HTTP/1.1" 304 -
181.235.122.252 - - [02/Mar/2022:06:52:11 -0500] "GET /sipse/faces/javax.faces.resource/layout/layout.css?ln=primefaces&v=4.0 HTTP/1.1" 304 -
181.235.122.252 - - [02/Mar/2022:06:52:11 -0500] "GET /sipse/faces/javax.faces.resource/primefaces.css?ln=primefaces&v=4.0 HTTP/1.1" 304 -
181.235.122.252 - - [02/Mar/2022:06:52:11 -0500] "GET /sipse/faces/javax.faces.resource/jquery/jquery.js?ln=primefaces&v=4.0 HTTP/1.1" 304 -
181.235.122.252 - - [02/Mar/2022:06:52:11 -0500] "GET /sipse/faces/javax.faces.resource/jquery/jquery-plugins.js?ln=primefaces&v=4.0 HTTP/1.1" 304 -
181.235.122.252 - - [02/Mar/2022:06:52:11 -0500] "GET /sipse/faces/javax.faces.resource/primefaces.js?ln=primefaces&v=4.0 HTTP/1.1" 304 -
181.235.122.252 - - [02/Mar/2022:06:52:11 -0500] "GET /sipse/faces/javax.faces.resource/layout/layout.js?ln=primefaces&v=4.0 HTTP/1.1" 304 -
181.235.122.252 - - [02/Mar/2022:06:52:11 -0500] "POST /sipse/faces/presentacion/financiero/solicitudProceso/listarSolicitudProceso.xhtml HTTP/1.1" 200 1444
181.235.122.252 - - [02/Mar/2022:06:52:13 -0500] "POST /sipse/faces/presentacion/financiero/solicitudProceso/listarSolicitudProceso.xhtml HTTP/1.1" 200 117622
181.235.122.252 - - [02/Mar/2022:06:52:14 -0500] "GET /sipse/faces/javax.faces.resource/theme.css?ln=primefaces-sipse HTTP/1.1" 304 -
181.235.122.252 - - [02/Mar/2022:06:52:14 -0500] "GET /sipse/faces/javax.faces.resource/primefaces.css?ln=primefaces&v=4.0 HTTP/1.1" 304 -
181.235.122.252 - - [02/Mar/2022:06:52:14 -0500] "GET /sipse/faces/javax.faces.resource/layout/layout.css?ln=primefaces&v=4.0 HTTP/1.1" 304 -
181.235.122.252 - - [02/Mar/2022:06:52:14 -0500] "GET /sipse/faces/javax.faces.resource/jquery/jquery.js?ln=primefaces&v=4.0 HTTP/1.1" 304 -
181.235.122.252 - - [02/Mar/2022:06:52:14 -0500] "GET /sipse/faces/javax.faces.resource/jquery/jquery-plugins.js?ln=primefaces&v=4.0 HTTP/1.1" 304 -
181.235.122.252 - - [02/Mar/2022:06:52:14 -0500] "GET /sipse/faces/javax.faces.resource/primefaces.js?ln=primefaces&v=4.0 HTTP/1.1" 304 -
181.235.122.252 - - [02/Mar/2022:06:52:14 -0500] "GET /sipse/faces/javax.faces.resource/layout/layout.js?ln=primefaces&v=4.0 HTTP/1.1" 304 -
181.235.122.252 - - [02/Mar/2022:06:52:15 -0500] "GET /reportes_sipse/sdg/ServletReporte?reporte=solicitud_cdp&Solicitud=17590&pfdrid_c=false HTTP/1.1" 200 97572
181.235.122.252 - - [02/Mar/2022:06:52:17 -0500] "POST /sipse/faces/presentacion/financiero/solicitudProceso/consultarSolicitudProceso.xhtml HTTP/1.1" 200 21122
181.235.122.252 - - [02/Mar/2022:06:52:17 -0500] "GET /sipse/faces/javax.faces.resource/theme.css?ln=primefaces-sipse HTTP/1.1" 304 -
181.235.122.252 - - [02/Mar/2022:06:52:17 -0500] "GET /sipse/faces/javax.faces.resource/jquery/jquery-plugins.js?ln=primefaces&v=4.0 HTTP/1.1" 304 -
181.235.122.252 - - [02/Mar/2022:06:52:17 -0500] "GET /sipse/faces/javax.faces.resource/primefaces.css?ln=primefaces&v=4.0 HTTP/1.1" 304 -
181.235.122.252 - - [02/Mar/2022:06:52:17 -0500] "GET /sipse/faces/javax.faces.resource/jquery/jquery.js?ln=primefaces&v=4.0 HTTP/1.1" 304 -
181.235.122.252 - - [02/Mar/2022:06:52:17 -0500] "GET /sipse/faces/javax.faces.resource/layout/layout.css?ln=primefaces&v=4.0 HTTP/1.1" 304 -
181.235.122.252 - - [02/Mar/2022:06:52:17 -0500] "GET /sipse/faces/javax.faces.resource/primefaces.js?ln=primefaces&v=4.0 HTTP/1.1" 304 -
181.235.122.252 - - [02/Mar/2022:06:52:17 -0500] "GET /sipse/faces/javax.faces.resource/fileupload/fileupload.css?ln=primefaces&v=4.0 HTTP/1.1" 304 -
181.235.122.252 - - [02/Mar/2022:06:52:17 -0500] "GET /sipse/faces/javax.faces.resource/fileupload/fileupload.js?ln=primefaces&v=4.0 HTTP/1.1" 304 -
181.235.122.252 - - [02/Mar/2022:06:52:17 -0500] "GET /sipse/faces/javax.faces.resource/layout/layout.js?ln=primefaces&v=4.0 HTTP/1.1" 304 -
181.235.122.252 - - [02/Mar/2022:06:52:29 -0500] "GET /sipse/faces/javax.faces.resource/layout/layout.css?ln=primefaces&v=4.0 HTTP/1.1" 304 -
181.235.122.252 - - [02/Mar/2022:06:52:29 -0500] "GET /sipse/faces/javax.faces.resource/theme.css?ln=primefaces-sipse HTTP/1.1" 304 -
181.235.122.252 - - [02/Mar/2022:06:52:29 -0500] "GET /sipse/faces/javax.faces.resource/jquery/jquery-plugins.js?ln=primefaces&v=4.0 HTTP/1.1" 304 -
181.235.122.252 - - [02/Mar/2022:06:52:29 -0500] "GET /sipse/faces/javax.faces.resource/primefaces.css?ln=primefaces&v=4.0 HTTP/1.1" 304 -
181.235.122.252 - - [02/Mar/2022:06:52:29 -0500] "GET /sipse/faces/javax.faces.resource/jquery/jquery.js?ln=primefaces&v=4.0 HTTP/1.1" 304 -
181.235.122.252 - - [02/Mar/2022:06:52:28 -0500] "POST /sipse/faces/presentacion/sistema/anexos/cargarAnexoSolicitudProceso.xhtml HTTP/1.1" 200 163521
181.235.122.252 - - [02/Mar/2022:06:52:29 -0500] "GET /sipse/faces/javax.faces.resource/primefaces.js?ln=primefaces&v=4.0 HTTP/1.1" 304 -
181.235.122.252 - - [02/Mar/2022:06:52:29 -0500] "GET /sipse/faces/javax.faces.resource/layout/layout.js?ln=primefaces&v=4.0 HTTP/1.1" 304 -
181.235.122.252 - - [02/Mar/2022:06:52:29 -0500] "GET /reportes_sipse/sdg/ServletReporte?reporte=solicitud_cdp&Solicitud=17590&pfdrid_c=false HTTP/1.1" 200 97572
181.235.122.252 - - [02/Mar/2022:06:52:49 -0500] "POST /sipse/faces/presentacion/financiero/solicitudProceso/consultarSolicitudProceso.xhtml HTTP/1.1" 200 60305
181.235.122.252 - - [02/Mar/2022:06:52:53 -0500] "GET /sipse/faces/javax.faces.resource/theme.css?ln=primefaces-sipse HTTP/1.1" 304 -
181.235.122.252 - - [02/Mar/2022:06:52:53 -0500] "GET /sipse/faces/javax.faces.resource/primefaces.css?ln=primefaces&v=4.0 HTTP/1.1" 304 -
181.235.122.252 - - [02/Mar/2022:06:52:53 -0500] "GET /sipse/faces/javax.faces.resource/jquery/jquery.js?ln=primefaces&v=4.0 HTTP/1.1" 304 -
181.235.122.252 - - [02/Mar/2022:06:52:54 -0500] "GET /sipse/faces/javax.faces.resource/jquery/jquery-plugins.js?ln=primefaces&v=4.0 HTTP/1.1" 304 -
181.235.122.252 - - [02/Mar/2022:06:52:54 -0500] "GET /sipse/faces/javax.faces.resource/primefaces.js?ln=primefaces&v=4.0 HTTP/1.1" 304 -
181.235.122.252 - - [02/Mar/2022:06:52:54 -0500] "GET /sipse/faces/javax.faces.resource/layout/layout.js?ln=primefaces&v=4.0 HTTP/1.1" 304 -
181.235.122.252 - - [02/Mar/2022:06:52:54 -0500] "GET /sipse/faces/javax.faces.resource/layout/layout.css?ln=primefaces&v=4.0 HTTP/1.1" 304 -
181.235.122.252 - - [02/Mar/2022:06:52:54 -0500] "POST /sipse/faces/presentacion/financiero/solicitudProceso/listarSolicitudProceso.xhtml HTTP/1.1" 200 1444
200.118.64.109 - - [02/Mar/2022:06:53:57 -0500] "POST /forms/lservlet;jsessionid=ac16012b30d6a2e72a2e24744237a5e19c7f77e5c97b.e3iSbxaKaheRe3qTch0LbxeTa41ynknvrkLOlQzNp65In0 HTTP/1.1" 200 2
216.245.221.92 - - [02/Mar/2022:06:55:11 -0500] "HEAD / HTTP/1.1" 200 -
66.249.79.111 - - [02/Mar/2022:06:55:17 -0500] "-" 408 -
200.118.64.109 - - [02/Mar/2022:06:55:57 -0500] "POST /forms/lservlet;jsessionid=ac16012b30d6a2e72a2e24744237a5e19c7f77e5c97b.e3iSbxaKaheRe3qTch0LbxeTa41ynknvrkLOlQzNp65In0 HTTP/1.1" 200 2
66.102.9.91 - - [02/Mar/2022:06:57:47 -0500] "GET /galeria/mapa/humedal2017.jpg HTTP/1.1" 200 644667
200.118.64.109 - - [02/Mar/2022:06:57:57 -0500] "POST /forms/lservlet;jsessionid=ac16012b30d6a2e72a2e24744237a5e19c7f77e5c97b.e3iSbxaKaheRe3qTch0LbxeTa41ynknvrkLOlQzNp65In0 HTTP/1.1" 200 2
200.118.64.109 - - [02/Mar/2022:06:59:57 -0500] "POST /forms/lservlet;jsessionid=ac16012b30d6a2e72a2e24744237a5e19c7f77e5c97b.e3iSbxaKaheRe3qTch0LbxeTa41ynknvrkLOlQzNp65In0 HTTP/1.1" 200 2
216.245.221.92 - - [02/Mar/2022:07:00:11 -0500] "HEAD / HTTP/1.1" 200 -
200.118.64.109 - - [02/Mar/2022:07:01:57 -0500] "POST /forms/lservlet;jsessionid=ac16012b30d6a2e72a2e24744237a5e19c7f77e5c97b.e3iSbxaKaheRe3qTch0LbxeTa41ynknvrkLOlQzNp65In0 HTTP/1.1" 200 2
201.245.192.253 - - [02/Mar/2022:07:01:33 -0500] "POST /kwsrmcab/Wsrmcab HTTP/1.1" 200 116714
191.102.224.196 - - [02/Mar/2022:07:02:40 -0500] "-" 408 -
66.249.79.183 - - [02/Mar/2022:07:02:50 -0500] "-" 408 -
200.118.64.109 - - [02/Mar/2022:07:03:57 -0500] "POST /forms/lservlet;jsessionid=ac16012b30d6a2e72a2e24744237a5e19c7f77e5c97b.e3iSbxaKaheRe3qTch0LbxeTa41ynknvrkLOlQzNp65In0 HTTP/1.1" 200 2
45.173.4.210 - - [02/Mar/2022:07:04:08 -0500] "GET /caminos-de-los-cerros-espacios-naturales-seguros-para-cuidar-la-salud-fisica-y-mental-de-los-ciudadanos.html HTTP/1.1" 200 1139
216.245.221.92 - - [02/Mar/2022:07:05:11 -0500] "HEAD / HTTP/1.1" 200 -
207.46.13.157 - - [02/Mar/2022:07:05:23 -0500] "GET /BLA/resoluciones/RESOLUCIONES%202006/RES%202006%201401-1450/00001416.tif HTTP/1.1" 200 326340
200.118.64.109 - - [02/Mar/2022:07:05:57 -0500] "POST /forms/lservlet;jsessionid=ac16012b30d6a2e72a2e24744237a5e19c7f77e5c97b.e3iSbxaKaheRe3qTch0LbxeTa41ynknvrkLOlQzNp65In0 HTTP/1.1" 200 2
186.86.152.57 - - [02/Mar/2022:07:06:37 -0500] "GET /BLA/boletinlegal/js/jquery.scrollShow.js HTTP/1.1" 200 4586
186.86.152.57 - - [02/Mar/2022:07:06:37 -0500] "GET /galeria/galeria/jquery.fancybox.css?v=2.1.5 HTTP/1.1" 200 4895
186.86.152.57 - - [02/Mar/2022:07:06:37 -0500] "GET /galeria/galeria/jquery.fancybox.js?v=2.1.5 HTTP/1.1" 200 48706
66.249.79.111 - - [02/Mar/2022:07:06:41 -0500] "-" 408 -
40.77.167.55 - - [02/Mar/2022:07:06:44 -0500] "GET /BLA/resoluciones/00001407.tif HTTP/1.1" 404 1018
200.118.64.109 - - [02/Mar/2022:07:07:57 -0500] "POST /forms/lservlet;jsessionid=ac16012b30d6a2e72a2e24744237a5e19c7f77e5c97b.e3iSbxaKaheRe3qTch0LbxeTa41ynknvrkLOlQzNp65In0 HTTP/1.1" 200 2
201.244.251.75 - - [02/Mar/2022:07:09:15 -0500] "GET /appsia/controlador HTTP/1.1" 200 4799
201.244.251.75 - - [02/Mar/2022:07:09:16 -0500] "GET /appsia/scripts/validarIngreso.js HTTP/1.1" 200 851
201.244.251.75 - - [02/Mar/2022:07:09:16 -0500] "GET /appsia/css/estilos.css HTTP/1.1" 200 4804
201.244.251.75 - - [02/Mar/2022:07:09:16 -0500] "GET /appsia/images/cabezoteHojaVida.png HTTP/1.1" 200 32493
201.244.251.75 - - [02/Mar/2022:07:09:16 -0500] "GET /appsia/images/logo_bogota_p.png HTTP/1.1" 200 14951
200.118.64.109 - - [02/Mar/2022:07:09:58 -0500] "POST /forms/lservlet;jsessionid=ac16012b30d6a2e72a2e24744237a5e19c7f77e5c97b.e3iSbxaKaheRe3qTch0LbxeTa41ynknvrkLOlQzNp65In0 HTTP/1.1" 200 2
216.245.221.92 - - [02/Mar/2022:07:10:11 -0500] "HEAD / HTTP/1.1" 200 -
179.19.15.6 - - [02/Mar/2022:07:10:14 -0500] "GET /galeria/galeria/jquery.fancybox.css?v=2.1.5 HTTP/1.1" 200 4895
179.19.15.6 - - [02/Mar/2022:07:10:14 -0500] "GET /galeria/galeria/jquery.fancybox.js?v=2.1.5 HTTP/1.1" 200 48706
179.19.15.6 - - [02/Mar/2022:07:10:14 -0500] "GET /BLA/boletinlegal/js/jquery.scrollShow.js HTTP/1.1" 200 4586
181.237.182.186 - - [02/Mar/2022:07:10:58 -0500] "GET /BLA/resoluciones/ HTTP/1.1" 200 13093
200.118.64.109 - - [02/Mar/2022:07:11:58 -0500] "POST /forms/lservlet;jsessionid=ac16012b30d6a2e72a2e24744237a5e19c7f77e5c97b.e3iSbxaKaheRe3qTch0LbxeTa41ynknvrkLOlQzNp65In0 HTTP/1.1" 200 2
191.156.137.36 - - [02/Mar/2022:07:12:23 -0500] "GET /galeria/galeria/jquery.fancybox.js?v=2.1.5 HTTP/1.1" 200 48706
191.156.137.36 - - [02/Mar/2022:07:12:23 -0500] "GET /galeria/galeria/jquery.fancybox.css?v=2.1.5 HTTP/1.1" 200 4895
201.245.192.253 - - [02/Mar/2022:07:11:47 -0500] "POST /kwsrmcab/Wsrmcab HTTP/1.1" 200 117119
200.118.64.109 - - [02/Mar/2022:07:13:58 -0500] "POST /forms/lservlet;jsessionid=ac16012b30d6a2e72a2e24744237a5e19c7f77e5c97b.e3iSbxaKaheRe3qTch0LbxeTa41ynknvrkLOlQzNp65In0 HTTP/1.1" 200 2
191.156.57.30 - - [02/Mar/2022:07:14:04 -0500] "GET /la-musica-como-bandera-para-el-cuidado-del-planeta.html HTTP/1.1" 200 855
216.245.221.92 - - [02/Mar/2022:07:15:11 -0500] "HEAD / HTTP/1.1" 200 -
207.46.13.157 - - [02/Mar/2022:07:15:53 -0500] "GET /BLA/resoluciones/00001430.tif HTTP/1.1" 404 1018
200.118.64.109 - - [02/Mar/2022:07:15:58 -0500] "POST /forms/lservlet;jsessionid=ac16012b30d6a2e72a2e24744237a5e19c7f77e5c97b.e3iSbxaKaheRe3qTch0LbxeTa41ynknvrkLOlQzNp65In0 HTTP/1.1" 200 2
199.16.157.182 - - [02/Mar/2022:07:16:49 -0500] "GET /documents/10184/2325415/pieza-concurso-buenas-practicas-20-septiembre.jpg HTTP/1.1" 404 1030
181.56.106.154 - - [02/Mar/2022:07:16:53 -0500] "GET /BLA/resoluciones/RESOLUCIONES%202019/3780.pdf HTTP/1.1" 200 369060
181.56.106.154 - - [02/Mar/2022:07:17:05 -0500] "GET /BLA/resoluciones/RESOLUCIONES%202019/3780.pdf HTTP/1.1" 206 1
181.56.106.154 - - [02/Mar/2022:07:17:05 -0500] "GET /BLA/resoluciones/RESOLUCIONES%202019/3780.pdf HTTP/1.1" 206 259284
181.56.106.154 - - [02/Mar/2022:07:17:08 -0500] "GET /BLA/resoluciones/RESOLUCIONES%202019/3781.pdf HTTP/1.1" 200 373850
181.56.106.154 - - [02/Mar/2022:07:17:11 -0500] "GET /BLA/resoluciones/RESOLUCIONES%202019/3780.pdf HTTP/1.1" 206 1
181.56.106.154 - - [02/Mar/2022:07:17:12 -0500] "GET /BLA/resoluciones/RESOLUCIONES%202019/3780.pdf HTTP/1.1" 206 258164
181.56.106.154 - - [02/Mar/2022:07:17:19 -0500] "GET /BLA/resoluciones/RESOLUCIONES%202019/3768.pdf HTTP/1.1" 200 329568
181.56.106.154 - - [02/Mar/2022:07:17:20 -0500] "GET /BLA/resoluciones/RESOLUCIONES%202019/3768.pdf HTTP/1.1" 206 1
181.56.106.154 - - [02/Mar/2022:07:17:20 -0500] "GET /BLA/resoluciones/RESOLUCIONES%202019/3768.pdf HTTP/1.1" 206 224136
200.118.64.109 - - [02/Mar/2022:07:17:58 -0500] "POST /forms/lservlet;jsessionid=ac16012b30d6a2e72a2e24744237a5e19c7f77e5c97b.e3iSbxaKaheRe3qTch0LbxeTa41ynknvrkLOlQzNp65In0 HTTP/1.1" 200 2
66.249.79.111 - - [02/Mar/2022:07:18:28 -0500] "-" 408 -
190.24.57.89 - - [02/Mar/2022:07:18:39 -0500] "GET /BLA/resoluciones/RESOLUCIONES%202022/0140.pdf HTTP/1.1" 200 439712
190.24.57.89 - - [02/Mar/2022:07:18:45 -0500] "GET /favicon.ico HTTP/1.1" 200 7782
186.112.116.154 - - [02/Mar/2022:07:19:10 -0500] "GET /galeria/galeria/jquery.fancybox.css?v=2.1.5 HTTP/1.1" 200 4895
179.19.179.133 - - [02/Mar/2022:07:19:20 -0500] "GET /galeria/galeria/jquery.fancybox.css?v=2.1.5 HTTP/1.1" 200 4895
181.56.106.154 - - [02/Mar/2022:07:19:33 -0500] "GET /BLA/resoluciones/RESOLUCIONES%202018/3850.pdf HTTP/1.1" 200 530687
181.56.106.154 - - [02/Mar/2022:07:19:34 -0500] "GET /favicon.ico HTTP/1.1" 200 7782
201.244.251.75 - - [02/Mar/2022:07:19:48 -0500] "POST /appsia/controlador HTTP/1.1" 200 4621
201.244.251.75 - - [02/Mar/2022:07:19:56 -0500] "POST /appsia/controlador HTTP/1.1" 200 7729
201.244.251.75 - - [02/Mar/2022:07:19:56 -0500] "GET /appsia/images/logo_escudo.png HTTP/1.1" 200 36965
200.118.64.109 - - [02/Mar/2022:07:19:58 -0500] "POST /forms/lservlet;jsessionid=ac16012b30d6a2e72a2e24744237a5e19c7f77e5c97b.e3iSbxaKaheRe3qTch0LbxeTa41ynknvrkLOlQzNp65In0 HTTP/1.1" 200 2
201.244.251.75 - - [02/Mar/2022:07:20:05 -0500] "POST /appsia/controlador HTTP/1.1" 200 4621
216.245.221.92 - - [02/Mar/2022:07:20:11 -0500] "HEAD / HTTP/1.1" 200 -
201.244.251.75 - - [02/Mar/2022:07:20:19 -0500] "POST /appsia/controlador HTTP/1.1" 200 7729
201.245.192.253 - - [02/Mar/2022:07:20:58 -0500] "POST /kwsrmcab/Wsrmcab HTTP/1.1" 200 45843
200.118.64.109 - - [02/Mar/2022:07:21:58 -0500] "POST /forms/lservlet;jsessionid=ac16012b30d6a2e72a2e24744237a5e19c7f77e5c97b.e3iSbxaKaheRe3qTch0LbxeTa41ynknvrkLOlQzNp65In0 HTTP/1.1" 200 2
201.245.192.253 - - [02/Mar/2022:07:21:30 -0500] "POST /kwsrmcab/Wsrmcab HTTP/1.1" 200 117119
181.118.152.100 - - [02/Mar/2022:07:22:19 -0500] "GET /galeria/galeria/jquery.fancybox.css?v=2.1.5 HTTP/1.1" 200 4895
201.245.192.253 - - [02/Mar/2022:07:21:46 -0500] "POST /kwsrmcab/Wsrmcab HTTP/1.1" 200 46162
40.77.167.55 - - [02/Mar/2022:07:22:44 -0500] "GET /transparencia/financiera/? HTTP/1.1" 200 56659
200.118.64.109 - - [02/Mar/2022:07:23:58 -0500] "POST /forms/lservlet;jsessionid=ac16012b30d6a2e72a2e24744237a5e19c7f77e5c97b.e3iSbxaKaheRe3qTch0LbxeTa41ynknvrkLOlQzNp65In0 HTTP/1.1" 200 2
181.55.221.224 - - [02/Mar/2022:07:24:26 -0500] "GET /BLA/resoluciones/AUTOS%202021/4791.pdf HTTP/1.1" 200 361487
181.55.221.224 - - [02/Mar/2022:07:24:27 -0500] "GET /favicon.ico HTTP/1.1" 200 7782
181.55.221.224 - - [02/Mar/2022:07:25:04 -0500] "GET /BLA/resoluciones/AUTOS%202021/6169.pdf HTTP/1.1" 200 3559618
216.245.221.92 - - [02/Mar/2022:07:25:11 -0500] "HEAD / HTTP/1.1" 200 -
200.118.64.109 - - [02/Mar/2022:07:25:58 -0500] "POST /forms/lservlet;jsessionid=ac16012b30d6a2e72a2e24744237a5e19c7f77e5c97b.e3iSbxaKaheRe3qTch0LbxeTa41ynknvrkLOlQzNp65In0 HTTP/1.1" 200 2
181.55.221.224 - - [02/Mar/2022:07:26:15 -0500] "GET /BLA/resoluciones/AUTOS%202021/0429.pdf HTTP/1.1" 200 798166
181.55.221.224 - - [02/Mar/2022:07:26:20 -0500] "GET /BLA/resoluciones/AUTOS%202021/1251.pdf HTTP/1.1" 200 552125
181.55.221.224 - - [02/Mar/2022:07:26:52 -0500] "GET /BLA/resoluciones/AUTOS%202021/2745.pdf HTTP/1.1" 200 1987701
200.118.64.109 - - [02/Mar/2022:07:27:59 -0500] "POST /forms/lservlet;jsessionid=ac16012b30d6a2e72a2e24744237a5e19c7f77e5c97b.e3iSbxaKaheRe3qTch0LbxeTa41ynknvrkLOlQzNp65In0 HTTP/1.1" 200 2
186.116.212.51 - - [02/Mar/2022:07:29:22 -0500] "GET /BLA/resoluciones/ HTTP/1.1" 200 13093
186.116.212.51 - - [02/Mar/2022:07:29:23 -0500] "GET /BLA/resoluciones/dlf/styles.css HTTP/1.1" 200 3049
186.116.212.51 - - [02/Mar/2022:07:29:23 -0500] "GET /BLA/resoluciones/dlf/folder.png HTTP/1.1" 200 410
186.116.212.51 - - [02/Mar/2022:07:29:23 -0500] "GET /BLA/resoluciones/dlf/bg.gif HTTP/1.1" 200 54
186.116.212.51 - - [02/Mar/2022:07:29:23 -0500] "GET /favicon.ico HTTP/1.1" 200 7782
191.156.191.197 - - [02/Mar/2022:07:29:34 -0500] "GET /sipse/faces/javax.faces.resource/theme.css?ln=primefaces-sipse HTTP/1.1" 304 -
191.156.176.198 - - [02/Mar/2022:07:29:34 -0500] "GET /sipse/faces/javax.faces.resource/layout/layout.css?ln=primefaces&v=4.0 HTTP/1.1" 304 -
191.156.176.198 - - [02/Mar/2022:07:29:34 -0500] "GET /sipse/faces/javax.faces.resource/primefaces.css?ln=primefaces&v=4.0 HTTP/1.1" 304 -
191.156.191.197 - - [02/Mar/2022:07:29:34 -0500] "GET /sipse/faces/javax.faces.resource/jquery/jquery-plugins.js?ln=primefaces&v=4.0 HTTP/1.1" 304 -
191.156.176.198 - - [02/Mar/2022:07:29:34 -0500] "GET /sipse/faces/javax.faces.resource/jquery/jquery.js?ln=primefaces&v=4.0 HTTP/1.1" 304 -
191.156.191.197 - - [02/Mar/2022:07:29:34 -0500] "GET /sipse/faces/javax.faces.resource/primefaces.js?ln=primefaces&v=4.0 HTTP/1.1" 304 -
191.156.176.198 - - [02/Mar/2022:07:29:34 -0500] "GET /sipse/faces/javax.faces.resource/layout/layout.js?ln=primefaces&v=4.0 HTTP/1.1" 304 -
191.156.176.198 - - [02/Mar/2022:07:29:34 -0500] "GET /sipse/faces/javax.faces.resource/images/ui-icons_898989_256x240.png?ln=primefaces-aristo HTTP/1.1" 304 -
191.156.176.198 - - [02/Mar/2022:07:29:35 -0500] "GET /sipse/faces/faces/faces/faces/faces/faces/faces/faces/faces/faces/faces/faces/faces/faces/faces/faces/faces/index.xhtml HTTP/1.1" 200 677
191.156.176.198 - - [02/Mar/2022:07:29:35 -0500] "GET /sipse/faces/javax.faces.resource/theme.css?ln=primefaces-sipse HTTP/1.1" 304 -
191.156.176.198 - - [02/Mar/2022:07:29:35 -0500] "GET /sipse/faces/faces/faces/faces/faces/faces/faces/faces/faces/faces/faces/faces/faces/faces/faces/faces/faces/faces/autenticacion.xhtml HTTP/1.1" 200 12171
191.156.176.198 - - [02/Mar/2022:07:29:35 -0500] "GET /sipse/faces/javax.faces.resource/theme.css?ln=primefaces-sipse HTTP/1.1" 304 -
191.156.191.197 - - [02/Mar/2022:07:29:35 -0500] "GET /sipse/faces/javax.faces.resource/primefaces.css?ln=primefaces&v=4.0 HTTP/1.1" 304 -
191.156.176.198 - - [02/Mar/2022:07:29:35 -0500] "GET /sipse/faces/javax.faces.resource/layout/layout.css?ln=primefaces&v=4.0 HTTP/1.1" 304 -
191.156.176.198 - - [02/Mar/2022:07:29:35 -0500] "GET /sipse/faces/javax.faces.resource/jquery/jquery-plugins.js?ln=primefaces&v=4.0 HTTP/1.1" 304 -
191.156.188.221 - - [02/Mar/2022:07:29:35 -0500] "GET /sipse/faces/javax.faces.resource/layout/layout.js?ln=primefaces&v=4.0 HTTP/1.1" 304 -
191.156.191.197 - - [02/Mar/2022:07:29:35 -0500] "GET /sipse/faces/javax.faces.resource/primefaces.js?ln=primefaces&v=4.0 HTTP/1.1" 304 -
191.156.191.25 - - [02/Mar/2022:07:29:35 -0500] "GET /sipse/faces/javax.faces.resource/jquery/jquery.js?ln=primefaces&v=4.0 HTTP/1.1" 304 -
186.116.212.51 - - [02/Mar/2022:07:29:45 -0500] "GET /BLA/resoluciones/dlf/dirup.png HTTP/1.1" 200 644
186.116.212.51 - - [02/Mar/2022:07:29:45 -0500] "GET /BLA/resoluciones/dlf/pdf.gif HTTP/1.1" 200 272
186.116.212.51 - - [02/Mar/2022:07:29:45 -0500] "GET /BLA/resoluciones/dlf/unknown.png HTTP/1.1" 200 266
186.116.212.51 - - [02/Mar/2022:07:29:44 -0500] "GET /BLA/resoluciones/index.php?dir=RESOLUCIONES+2008%2F HTTP/1.1" 200 976272
186.116.212.51 - - [02/Mar/2022:07:29:58 -0500] "GET /BLA/resoluciones/RESOLUCIONES%202008/3684.pdf HTTP/1.1" 200 510160
200.118.64.109 - - [02/Mar/2022:07:29:59 -0500] "POST /forms/lservlet;jsessionid=ac16012b30d6a2e72a2e24744237a5e19c7f77e5c97b.e3iSbxaKaheRe3qTch0LbxeTa41ynknvrkLOlQzNp65In0 HTTP/1.1" 200 2
66.249.79.179 - - [02/Mar/2022:07:30:03 -0500] "-" 408 -
