200.118.64.109 - - [09/Mar/2022:09:00:06 -0500] "POST /forms/lservlet;jsessionid=ac16012b30d6279b796e45e74f80b2dcbf112250ef17.e3iSbxaKaheRe3qTch0LbxeTa41ynknvrkLOlQzNp65In0 HTTP/1.1" 200 2
200.118.64.109 - - [09/Mar/2022:09:00:06 -0500] "POST /forms/lservlet;jsessionid=ac16012b30d6279b796e45e74f80b2dcbf112250ef17.e3iSbxaKaheRe3qTch0LbxeTa41ynknvrkLOlQzNp65In0 HTTP/1.1" 200 662
200.118.64.109 - - [09/Mar/2022:09:00:06 -0500] "GET /imagenes/Srch_frw.gif HTTP/1.1" 200 925
200.118.64.109 - - [09/Mar/2022:09:00:06 -0500] "POST /forms/lservlet;jsessionid=ac16012b30d6279b796e45e74f80b2dcbf112250ef17.e3iSbxaKaheRe3qTch0LbxeTa41ynknvrkLOlQzNp65In0 HTTP/1.1" 200 10
200.118.64.109 - - [09/Mar/2022:09:00:07 -0500] "POST /forms/lservlet;jsessionid=ac16012b30d6279b796e45e74f80b2dcbf112250ef17.e3iSbxaKaheRe3qTch0LbxeTa41ynknvrkLOlQzNp65In0 HTTP/1.1" 200 48
200.118.64.109 - - [09/Mar/2022:09:00:10 -0500] "POST /forms/lservlet;jsessionid=ac16012b30d6279b796e45e74f80b2dcbf112250ef17.e3iSbxaKaheRe3qTch0LbxeTa41ynknvrkLOlQzNp65In0 HTTP/1.1" 200 2
200.118.64.109 - - [09/Mar/2022:09:00:16 -0500] "POST /forms/lservlet;jsessionid=ac16012b30d6279b796e45e74f80b2dcbf112250ef17.e3iSbxaKaheRe3qTch0LbxeTa41ynknvrkLOlQzNp65In0 HTTP/1.1" 200 42
200.118.64.109 - - [09/Mar/2022:09:00:17 -0500] "POST /forms/lservlet;jsessionid=ac16012b30d6279b796e45e74f80b2dcbf112250ef17.e3iSbxaKaheRe3qTch0LbxeTa41ynknvrkLOlQzNp65In0 HTTP/1.1" 200 8
200.118.64.109 - - [09/Mar/2022:09:00:17 -0500] "POST /forms/lservlet;jsessionid=ac16012b30d6279b796e45e74f80b2dcbf112250ef17.e3iSbxaKaheRe3qTch0LbxeTa41ynknvrkLOlQzNp65In0 HTTP/1.1" 200 2
200.118.64.109 - - [09/Mar/2022:09:00:20 -0500] "POST /forms/lservlet;jsessionid=ac16012b30d6279b796e45e74f80b2dcbf112250ef17.e3iSbxaKaheRe3qTch0LbxeTa41ynknvrkLOlQzNp65In0 HTTP/1.1" 200 26
200.118.64.109 - - [09/Mar/2022:09:00:20 -0500] "POST /forms/lservlet;jsessionid=ac16012b30d6279b796e45e74f80b2dcbf112250ef17.e3iSbxaKaheRe3qTch0LbxeTa41ynknvrkLOlQzNp65In0 HTTP/1.1" 200 239
200.118.64.109 - - [09/Mar/2022:09:00:20 -0500] "POST /forms/lservlet;jsessionid=ac16012b30d6279b796e45e74f80b2dcbf112250ef17.e3iSbxaKaheRe3qTch0LbxeTa41ynknvrkLOlQzNp65In0 HTTP/1.1" 200 55
200.118.64.109 - - [09/Mar/2022:09:00:20 -0500] "POST /forms/lservlet;jsessionid=ac16012b30d6279b796e45e74f80b2dcbf112250ef17.e3iSbxaKaheRe3qTch0LbxeTa41ynknvrkLOlQzNp65In0 HTTP/1.1" 200 12
200.118.64.109 - - [09/Mar/2022:09:00:21 -0500] "POST /forms/lservlet;jsessionid=ac16012b30d6279b796e45e74f80b2dcbf112250ef17.e3iSbxaKaheRe3qTch0LbxeTa41ynknvrkLOlQzNp65In0 HTTP/1.1" 200 2
200.118.64.109 - - [09/Mar/2022:09:00:25 -0500] "POST /forms/lservlet;jsessionid=ac16012b30d6279b796e45e74f80b2dcbf112250ef17.e3iSbxaKaheRe3qTch0LbxeTa41ynknvrkLOlQzNp65In0 HTTP/1.1" 200 74
200.118.64.109 - - [09/Mar/2022:09:00:25 -0500] "POST /forms/lservlet;jsessionid=ac16012b30d6279b796e45e74f80b2dcbf112250ef17.e3iSbxaKaheRe3qTch0LbxeTa41ynknvrkLOlQzNp65In0 HTTP/1.1" 200 35
200.118.64.109 - - [09/Mar/2022:09:00:26 -0500] "POST /forms/lservlet;jsessionid=ac16012b30d6279b796e45e74f80b2dcbf112250ef17.e3iSbxaKaheRe3qTch0LbxeTa41ynknvrkLOlQzNp65In0 HTTP/1.1" 200 71
200.118.64.109 - - [09/Mar/2022:09:00:28 -0500] "POST /forms/lservlet;jsessionid=ac16012b30d6279b796e45e74f80b2dcbf112250ef17.e3iSbxaKaheRe3qTch0LbxeTa41ynknvrkLOlQzNp65In0 HTTP/1.1" 200 2
200.118.64.109 - - [09/Mar/2022:09:00:28 -0500] "POST /forms/lservlet;jsessionid=ac16012b30d6279b796e45e74f80b2dcbf112250ef17.e3iSbxaKaheRe3qTch0LbxeTa41ynknvrkLOlQzNp65In0 HTTP/1.1" 200 14
200.118.64.109 - - [09/Mar/2022:09:00:29 -0500] "POST /forms/lservlet;jsessionid=ac16012b30d6279b796e45e74f80b2dcbf112250ef17.e3iSbxaKaheRe3qTch0LbxeTa41ynknvrkLOlQzNp65In0 HTTP/1.1" 200 4689
200.118.64.109 - - [09/Mar/2022:09:00:30 -0500] "POST /forms/lservlet;jsessionid=ac16012b30d6279b796e45e74f80b2dcbf112250ef17.e3iSbxaKaheRe3qTch0LbxeTa41ynknvrkLOlQzNp65In0 HTTP/1.1" 200 19
200.118.64.109 - - [09/Mar/2022:09:00:32 -0500] "POST /forms/lservlet;jsessionid=ac16012b30d6279b796e45e74f80b2dcbf112250ef17.e3iSbxaKaheRe3qTch0LbxeTa41ynknvrkLOlQzNp65In0 HTTP/1.1" 200 2
200.118.64.109 - - [09/Mar/2022:09:00:32 -0500] "POST /forms/lservlet;jsessionid=ac16012b30d6279b796e45e74f80b2dcbf112250ef17.e3iSbxaKaheRe3qTch0LbxeTa41ynknvrkLOlQzNp65In0 HTTP/1.1" 200 14
200.118.64.109 - - [09/Mar/2022:09:00:33 -0500] "POST /forms/lservlet;jsessionid=ac16012b30d6279b796e45e74f80b2dcbf112250ef17.e3iSbxaKaheRe3qTch0LbxeTa41ynknvrkLOlQzNp65In0 HTTP/1.1" 200 3368
200.118.64.109 - - [09/Mar/2022:09:00:34 -0500] "POST /forms/lservlet;jsessionid=ac16012b30d6279b796e45e74f80b2dcbf112250ef17.e3iSbxaKaheRe3qTch0LbxeTa41ynknvrkLOlQzNp65In0 HTTP/1.1" 200 2
200.118.64.109 - - [09/Mar/2022:09:00:35 -0500] "POST /forms/lservlet;jsessionid=ac16012b30d6279b796e45e74f80b2dcbf112250ef17.e3iSbxaKaheRe3qTch0LbxeTa41ynknvrkLOlQzNp65In0 HTTP/1.1" 200 2
200.118.64.109 - - [09/Mar/2022:09:00:35 -0500] "POST /forms/lservlet;jsessionid=ac16012b30d6279b796e45e74f80b2dcbf112250ef17.e3iSbxaKaheRe3qTch0LbxeTa41ynknvrkLOlQzNp65In0 HTTP/1.1" 200 14
200.118.64.109 - - [09/Mar/2022:09:00:37 -0500] "POST /forms/lservlet;jsessionid=ac16012b30d6279b796e45e74f80b2dcbf112250ef17.e3iSbxaKaheRe3qTch0LbxeTa41ynknvrkLOlQzNp65In0 HTTP/1.1" 200 4157
200.118.64.109 - - [09/Mar/2022:09:00:38 -0500] "POST /forms/lservlet;jsessionid=ac16012b30d6279b796e45e74f80b2dcbf112250ef17.e3iSbxaKaheRe3qTch0LbxeTa41ynknvrkLOlQzNp65In0 HTTP/1.1" 200 2
201.245.192.253 - - [09/Mar/2022:09:00:41 -0500] "POST /sipse/faces/presentacion/financiero/solicitudProceso/listarSolicitudProceso.xhtml HTTP/1.1" 200 116294
201.245.192.253 - - [09/Mar/2022:09:00:41 -0500] "GET /sipse/faces/javax.faces.resource/theme.css?ln=primefaces-sipse HTTP/1.1" 304 -
201.245.192.253 - - [09/Mar/2022:09:00:41 -0500] "GET /sipse/faces/javax.faces.resource/layout/layout.css?ln=primefaces&v=4.0 HTTP/1.1" 304 -
201.245.192.253 - - [09/Mar/2022:09:00:41 -0500] "GET /sipse/faces/javax.faces.resource/primefaces.css?ln=primefaces&v=4.0 HTTP/1.1" 304 -
201.245.192.253 - - [09/Mar/2022:09:00:41 -0500] "GET /sipse/faces/javax.faces.resource/jquery/jquery.js?ln=primefaces&v=4.0 HTTP/1.1" 304 -
201.245.192.253 - - [09/Mar/2022:09:00:41 -0500] "GET /sipse/faces/javax.faces.resource/jquery/jquery-plugins.js?ln=primefaces&v=4.0 HTTP/1.1" 304 -
201.245.192.253 - - [09/Mar/2022:09:00:41 -0500] "GET /sipse/faces/javax.faces.resource/primefaces.js?ln=primefaces&v=4.0 HTTP/1.1" 304 -
201.245.192.253 - - [09/Mar/2022:09:00:41 -0500] "GET /sipse/faces/javax.faces.resource/layout/layout.js?ln=primefaces&v=4.0 HTTP/1.1" 304 -
201.245.192.253 - - [09/Mar/2022:09:00:41 -0500] "GET /reportes_sipse/sdg/ServletReporte?reporte=experienia_idoneidad&solicitud=16457&pfdrid_c=false HTTP/1.1" 200 116328
201.245.192.253 - - [09/Mar/2022:09:00:53 -0500] "POST /sipse/faces/presentacion/financiero/solicitudProceso/consultarSolicitudProceso.xhtml HTTP/1.1" 200 490825
201.245.192.253 - - [09/Mar/2022:09:00:59 -0500] "GET /galeria/galeria/jquery.fancybox.js?v=2.1.5 HTTP/1.1" 200 48706
201.245.192.253 - - [09/Mar/2022:09:01:11 -0500] "POST /sipse/faces/presentacion/financiero/solicitudProceso/consultarSolicitudProceso.xhtml HTTP/1.1" 200 87357
181.53.14.159 - - [09/Mar/2022:09:01:23 -0500] "GET /BLA/resoluciones/ HTTP/1.1" 200 13093
201.245.192.253 - - [09/Mar/2022:09:01:23 -0500] "POST /sipse/faces/presentacion/financiero/solicitudProceso/consultarSolicitudProceso.xhtml HTTP/1.1" 200 322305
181.53.14.159 - - [09/Mar/2022:09:01:23 -0500] "GET /favicon.ico HTTP/1.1" 200 7782
200.118.64.109 - - [09/Mar/2022:09:01:28 -0500] "POST /forms/lservlet;jsessionid=ac16012b30d6279b796e45e74f80b2dcbf112250ef17.e3iSbxaKaheRe3qTch0LbxeTa41ynknvrkLOlQzNp65In0 HTTP/1.1" 200 2
200.118.64.109 - - [09/Mar/2022:09:01:28 -0500] "POST /forms/lservlet;jsessionid=ac16012b30d6279b796e45e74f80b2dcbf112250ef17.e3iSbxaKaheRe3qTch0LbxeTa41ynknvrkLOlQzNp65In0 HTTP/1.1" 200 14
200.118.64.109 - - [09/Mar/2022:09:01:29 -0500] "POST /forms/lservlet;jsessionid=ac16012b30d6279b796e45e74f80b2dcbf112250ef17.e3iSbxaKaheRe3qTch0LbxeTa41ynknvrkLOlQzNp65In0 HTTP/1.1" 200 3197
200.118.64.109 - - [09/Mar/2022:09:01:30 -0500] "POST /forms/lservlet;jsessionid=ac16012b30d6279b796e45e74f80b2dcbf112250ef17.e3iSbxaKaheRe3qTch0LbxeTa41ynknvrkLOlQzNp65In0 HTTP/1.1" 200 2
201.245.192.253 - - [09/Mar/2022:09:01:35 -0500] "POST /sipse/faces/presentacion/financiero/solicitudProceso/consultarSolicitudProceso.xhtml HTTP/1.1" 200 3325179
200.118.64.109 - - [09/Mar/2022:09:01:37 -0500] "POST /forms/lservlet;jsessionid=ac16012b30d6279b796e45e74f80b2dcbf112250ef17.e3iSbxaKaheRe3qTch0LbxeTa41ynknvrkLOlQzNp65In0 HTTP/1.1" 200 101
181.53.14.159 - - [09/Mar/2022:09:01:45 -0500] "GET /BLA/resoluciones/index.php?dir=RESOLUCIONES+2008%2F HTTP/1.1" 200 12235
181.53.14.159 - - [09/Mar/2022:09:01:46 -0500] "GET /BLA/resoluciones/dlf/unknown.png HTTP/1.1" 200 266
181.53.14.159 - - [09/Mar/2022:09:01:45 -0500] "GET /BLA/resoluciones/index.php?dir=RESOLUCIONES+2008%2F HTTP/1.1" 200 976272
201.245.192.253 - - [09/Mar/2022:09:01:52 -0500] "POST /sipse/faces/presentacion/financiero/solicitudProceso/consultarSolicitudProceso.xhtml HTTP/1.1" 200 40068
201.245.192.253 - - [09/Mar/2022:09:01:52 -0500] "GET /sipse/faces/javax.faces.resource/primefaces.css?ln=primefaces&v=4.0 HTTP/1.1" 304 -
201.245.192.253 - - [09/Mar/2022:09:01:52 -0500] "GET /sipse/faces/javax.faces.resource/jquery/jquery.js?ln=primefaces&v=4.0 HTTP/1.1" 304 -
201.245.192.253 - - [09/Mar/2022:09:01:52 -0500] "GET /sipse/faces/javax.faces.resource/jquery/jquery-plugins.js?ln=primefaces&v=4.0 HTTP/1.1" 304 -
201.245.192.253 - - [09/Mar/2022:09:01:52 -0500] "GET /sipse/faces/javax.faces.resource/theme.css?ln=primefaces-sipse HTTP/1.1" 304 -
201.245.192.253 - - [09/Mar/2022:09:01:52 -0500] "GET /sipse/faces/javax.faces.resource/layout/layout.css?ln=primefaces&v=4.0 HTTP/1.1" 304 -
201.245.192.253 - - [09/Mar/2022:09:01:52 -0500] "GET /sipse/faces/javax.faces.resource/primefaces.js?ln=primefaces&v=4.0 HTTP/1.1" 304 -
201.245.192.253 - - [09/Mar/2022:09:01:52 -0500] "GET /sipse/faces/javax.faces.resource/layout/layout.js?ln=primefaces&v=4.0 HTTP/1.1" 304 -
181.53.14.159 - - [09/Mar/2022:09:01:53 -0500] "GET /BLA/resoluciones/RESOLUCIONES%202008/2190.pdf HTTP/1.1" 200 297149
200.118.64.109 - - [09/Mar/2022:09:02:10 -0500] "POST /forms/lservlet;jsessionid=ac16012b30d6279b796e45e74f80b2dcbf112250ef17.e3iSbxaKaheRe3qTch0LbxeTa41ynknvrkLOlQzNp65In0 HTTP/1.1" 200 2
200.118.64.109 - - [09/Mar/2022:09:02:15 -0500] "POST /forms/lservlet;jsessionid=ac16012b30d6279b796e45e74f80b2dcbf112250ef17.e3iSbxaKaheRe3qTch0LbxeTa41ynknvrkLOlQzNp65In0 HTTP/1.1" 200 173
192.168.172.47 - - [09/Mar/2022:09:02:31 -0500] "GET /BLA/boletinlegal/admin/index.php HTTP/1.1" 200 2324
192.168.172.47 - - [09/Mar/2022:09:02:31 -0500] "GET /BLA/boletinlegal/admin/index_files/style.css HTTP/1.1" 200 6223
192.168.172.47 - - [09/Mar/2022:09:02:31 -0500] "GET /BLA/boletinlegal/admin/images/bg.png HTTP/1.1" 200 332965
201.245.192.253 - - [09/Mar/2022:09:01:49 -0500] "POST /kwsrmcab/Wsrmcab HTTP/1.1" 200 116708
192.168.172.47 - - [09/Mar/2022:09:02:37 -0500] "POST /BLA/boletinlegal/admin/usuarios/process.php HTTP/1.1" 302 -
192.168.172.47 - - [09/Mar/2022:09:02:38 -0500] "GET /BLA/boletinlegal/admin/index.php HTTP/1.1" 200 7011
192.168.172.47 - - [09/Mar/2022:09:02:54 -0500] "GET /BLA/boletinlegal/images/can.png HTTP/1.1" 200 37574
192.168.172.47 - - [09/Mar/2022:09:02:54 -0500] "GET /BLA/boletinlegal/admin/index_files/2_2.gif HTTP/1.1" 200 1728
192.168.172.47 - - [09/Mar/2022:09:02:54 -0500] "GET /BLA/boletinlegal/admin/index_files/7_5.gif HTTP/1.1" 200 1565
192.168.172.47 - - [09/Mar/2022:09:02:54 -0500] "GET /BLA/boletinlegal/admin/index_files/3_5.gif HTTP/1.1" 200 1633
192.168.172.47 - - [09/Mar/2022:09:02:54 -0500] "GET /BLA/boletinlegal/admin/index_files/7_1.gif HTTP/1.1" 200 1455
192.168.172.47 - - [09/Mar/2022:09:02:54 -0500] "GET /BLA/boletinlegal/admin/index_files/2_4.gif HTTP/1.1" 200 1763
192.168.172.47 - - [09/Mar/2022:09:02:54 -0500] "GET /BLA/boletinlegal/admin/index_files/5_1.gif HTTP/1.1" 200 1623
192.168.172.47 - - [09/Mar/2022:09:02:54 -0500] "GET /BLA/boletinlegal/admin/index_files/index_files/tback.gif HTTP/1.1" 404 1322
192.168.172.47 - - [09/Mar/2022:09:02:54 -0500] "GET /BLA/boletinlegal/admin/index_files/header.png HTTP/1.1" 200 240212
192.168.172.47 - - [09/Mar/2022:09:03:08 -0500] "GET /BLA/boletinlegal/admin/actos/ingresar.php HTTP/1.1" 200 7143
192.168.172.47 - - [09/Mar/2022:09:03:08 -0500] "GET /BLA/boletinlegal/admin/js/nicEdit-latest.js HTTP/1.1" 200 38373
192.168.172.47 - - [09/Mar/2022:09:03:08 -0500] "GET /BLA/boletinlegal/admin/js/jquery-1.3.1.min.js HTTP/1.1" 200 55272
192.168.172.47 - - [09/Mar/2022:09:03:08 -0500] "GET /BLA/boletinlegal/admin/js/jquery.functions.js HTTP/1.1" 200 2317
192.168.172.47 - - [09/Mar/2022:09:03:08 -0500] "GET /BLA/boletinlegal/admin/css/default.css HTTP/1.1" 200 4379
192.168.172.47 - - [09/Mar/2022:09:03:08 -0500] "GET /BLA/boletinlegal/admin/img/h1.png HTTP/1.1" 200 3227
192.168.172.47 - - [09/Mar/2022:09:03:08 -0500] "GET /BLA/boletinlegal/admin/img/overlay.png HTTP/1.1" 200 984
192.168.172.47 - - [09/Mar/2022:09:03:08 -0500] "GET /BLA/boletinlegal/images/favicon.ico HTTP/1.1" 404 1316
192.168.181.127 - - [09/Mar/2022:09:04:10 -0500] "GET /BLA/resoluciones/ HTTP/1.1" 200 13093
200.118.64.109 - - [09/Mar/2022:09:04:10 -0500] "POST /forms/lservlet;jsessionid=ac16012b30d6279b796e45e74f80b2dcbf112250ef17.e3iSbxaKaheRe3qTch0LbxeTa41ynknvrkLOlQzNp65In0 HTTP/1.1" 200 2
190.130.105.104 - - [09/Mar/2022:09:04:12 -0500] "GET /galeria/galeria/jquery.fancybox.css?v=2.1.5 HTTP/1.1" 200 4895
192.168.181.127 - - [09/Mar/2022:09:04:16 -0500] "GET /BLA/resoluciones/index.php?dir=RESOLUCIONES+2017%2F HTTP/1.1" 200 276455
192.168.181.127 - - [09/Mar/2022:09:04:25 -0500] "GET /BLA/resoluciones/RESOLUCIONES%202017/2595.pdf HTTP/1.1" 200 324793
200.118.64.109 - - [09/Mar/2022:09:04:25 -0500] "POST /forms/lservlet;jsessionid=ac16012b30d6279b796e45e74f80b2dcbf112250ef17.e3iSbxaKaheRe3qTch0LbxeTa41ynknvrkLOlQzNp65In0 HTTP/1.1" 200 2
192.168.172.47 - - [09/Mar/2022:09:04:26 -0500] "GET /BLA/boletinlegal/actos.php HTTP/1.1" 200 9555
200.118.64.109 - - [09/Mar/2022:09:04:25 -0500] "POST /forms/lservlet;jsessionid=ac16012b30d6279b796e45e74f80b2dcbf112250ef17.e3iSbxaKaheRe3qTch0LbxeTa41ynknvrkLOlQzNp65In0 HTTP/1.1" 200 14
200.118.64.109 - - [09/Mar/2022:09:04:26 -0500] "POST /forms/lservlet;jsessionid=ac16012b30d6279b796e45e74f80b2dcbf112250ef17.e3iSbxaKaheRe3qTch0LbxeTa41ynknvrkLOlQzNp65In0 HTTP/1.1" 200 2989
200.118.64.109 - - [09/Mar/2022:09:04:27 -0500] "POST /forms/lservlet;jsessionid=ac16012b30d6279b796e45e74f80b2dcbf112250ef17.e3iSbxaKaheRe3qTch0LbxeTa41ynknvrkLOlQzNp65In0 HTTP/1.1" 200 19
200.118.64.109 - - [09/Mar/2022:09:04:33 -0500] "POST /forms/lservlet;jsessionid=ac16012b30d6279b796e45e74f80b2dcbf112250ef17.e3iSbxaKaheRe3qTch0LbxeTa41ynknvrkLOlQzNp65In0 HTTP/1.1" 200 2
200.118.64.109 - - [09/Mar/2022:09:04:34 -0500] "POST /forms/lservlet;jsessionid=ac16012b30d6279b796e45e74f80b2dcbf112250ef17.e3iSbxaKaheRe3qTch0LbxeTa41ynknvrkLOlQzNp65In0 HTTP/1.1" 200 14
200.118.64.109 - - [09/Mar/2022:09:04:35 -0500] "POST /forms/lservlet;jsessionid=ac16012b30d6279b796e45e74f80b2dcbf112250ef17.e3iSbxaKaheRe3qTch0LbxeTa41ynknvrkLOlQzNp65In0 HTTP/1.1" 200 2869
200.118.64.109 - - [09/Mar/2022:09:04:36 -0500] "POST /forms/lservlet;jsessionid=ac16012b30d6279b796e45e74f80b2dcbf112250ef17.e3iSbxaKaheRe3qTch0LbxeTa41ynknvrkLOlQzNp65In0 HTTP/1.1" 200 2
192.168.172.47 - - [09/Mar/2022:09:04:39 -0500] "GET /BLA/boletinlegal/consulta_actos.php?tipo=autos&no=6330&usuario=&sector=&fecha=2021&resuelve= HTTP/1.1" 200 626
200.118.64.109 - - [09/Mar/2022:09:04:41 -0500] "POST /forms/lservlet;jsessionid=ac16012b30d6279b796e45e74f80b2dcbf112250ef17.e3iSbxaKaheRe3qTch0LbxeTa41ynknvrkLOlQzNp65In0 HTTP/1.1" 200 2
200.118.64.109 - - [09/Mar/2022:09:04:41 -0500] "POST /forms/lservlet;jsessionid=ac16012b30d6279b796e45e74f80b2dcbf112250ef17.e3iSbxaKaheRe3qTch0LbxeTa41ynknvrkLOlQzNp65In0 HTTP/1.1" 200 14
200.118.64.109 - - [09/Mar/2022:09:04:42 -0500] "POST /forms/lservlet;jsessionid=ac16012b30d6279b796e45e74f80b2dcbf112250ef17.e3iSbxaKaheRe3qTch0LbxeTa41ynknvrkLOlQzNp65In0 HTTP/1.1" 200 2842
200.118.64.109 - - [09/Mar/2022:09:04:43 -0500] "POST /forms/lservlet;jsessionid=ac16012b30d6279b796e45e74f80b2dcbf112250ef17.e3iSbxaKaheRe3qTch0LbxeTa41ynknvrkLOlQzNp65In0 HTTP/1.1" 200 2
192.168.172.47 - - [09/Mar/2022:09:04:43 -0500] "POST /BLA/boletinlegal/admin/actos/ingresar.php HTTP/1.1" 200 7236
200.118.64.109 - - [09/Mar/2022:09:04:44 -0500] "POST /forms/lservlet;jsessionid=ac16012b30d6279b796e45e74f80b2dcbf112250ef17.e3iSbxaKaheRe3qTch0LbxeTa41ynknvrkLOlQzNp65In0 HTTP/1.1" 200 2
200.118.64.109 - - [09/Mar/2022:09:04:44 -0500] "POST /forms/lservlet;jsessionid=ac16012b30d6279b796e45e74f80b2dcbf112250ef17.e3iSbxaKaheRe3qTch0LbxeTa41ynknvrkLOlQzNp65In0 HTTP/1.1" 200 14
200.118.64.109 - - [09/Mar/2022:09:04:45 -0500] "POST /forms/lservlet;jsessionid=ac16012b30d6279b796e45e74f80b2dcbf112250ef17.e3iSbxaKaheRe3qTch0LbxeTa41ynknvrkLOlQzNp65In0 HTTP/1.1" 200 2922
200.118.64.109 - - [09/Mar/2022:09:04:46 -0500] "POST /forms/lservlet;jsessionid=ac16012b30d6279b796e45e74f80b2dcbf112250ef17.e3iSbxaKaheRe3qTch0LbxeTa41ynknvrkLOlQzNp65In0 HTTP/1.1" 200 2
179.32.5.239 - - [09/Mar/2022:09:04:46 -0500] "POST /sipse/faces/presentacion/financiero/solicitudProceso/listarSolicitudProceso.xhtml HTTP/1.1" 302 -
179.32.5.239 - - [09/Mar/2022:09:04:46 -0500] "GET /sipse/faces/autenticacion.xhtml HTTP/1.1" 200 1099
192.168.172.47 - - [09/Mar/2022:09:04:47 -0500] "GET /BLA/boletinlegal/consulta_actos.php?tipo=autos&no=6330&usuario=&sector=&fecha=2021&resuelve= HTTP/1.1" 200 1107
192.168.172.47 - - [09/Mar/2022:09:04:47 -0500] "GET /BLA/boletinlegal/images/pdf.gif HTTP/1.1" 200 567
179.32.5.239 - - [09/Mar/2022:09:04:48 -0500] "POST /sipse/faces/presentacion/financiero/solicitudProceso/listarSolicitudProceso.xhtml HTTP/1.1" 302 -
179.32.5.239 - - [09/Mar/2022:09:04:48 -0500] "GET /sipse/faces/autenticacion.xhtml HTTP/1.1" 200 1099
200.118.64.109 - - [09/Mar/2022:09:04:49 -0500] "POST /forms/lservlet;jsessionid=ac16012b30d6279b796e45e74f80b2dcbf112250ef17.e3iSbxaKaheRe3qTch0LbxeTa41ynknvrkLOlQzNp65In0 HTTP/1.1" 200 2
200.118.64.109 - - [09/Mar/2022:09:04:49 -0500] "POST /forms/lservlet;jsessionid=ac16012b30d6279b796e45e74f80b2dcbf112250ef17.e3iSbxaKaheRe3qTch0LbxeTa41ynknvrkLOlQzNp65In0 HTTP/1.1" 200 14
200.118.64.109 - - [09/Mar/2022:09:04:50 -0500] "POST /forms/lservlet;jsessionid=ac16012b30d6279b796e45e74f80b2dcbf112250ef17.e3iSbxaKaheRe3qTch0LbxeTa41ynknvrkLOlQzNp65In0 HTTP/1.1" 200 2832
200.118.64.109 - - [09/Mar/2022:09:04:50 -0500] "POST /forms/lservlet;jsessionid=ac16012b30d6279b796e45e74f80b2dcbf112250ef17.e3iSbxaKaheRe3qTch0LbxeTa41ynknvrkLOlQzNp65In0 HTTP/1.1" 200 2
179.32.5.239 - - [09/Mar/2022:09:04:52 -0500] "GET /sipse/faces/faces/index.xhtml HTTP/1.1" 200 677
179.32.5.239 - - [09/Mar/2022:09:04:53 -0500] "GET /sipse/faces/javax.faces.resource/theme.css?ln=primefaces-sipse HTTP/1.1" 304 -
179.32.5.239 - - [09/Mar/2022:09:04:53 -0500] "GET /sipse/faces/faces/faces/autenticacion.xhtml HTTP/1.1" 200 12173
179.32.5.239 - - [09/Mar/2022:09:04:53 -0500] "GET /sipse/js/disable_browser_buttons.js HTTP/1.1" 304 -
179.32.5.239 - - [09/Mar/2022:09:04:53 -0500] "GET /sipse/js/funciones.js HTTP/1.1" 304 -
179.32.5.239 - - [09/Mar/2022:09:04:53 -0500] "GET /sipse/css/custom_css_sg_prime_login.css HTTP/1.1" 304 -
179.32.5.239 - - [09/Mar/2022:09:04:53 -0500] "GET /sipse/css/custom_css_sg.css HTTP/1.1" 304 -
179.32.5.239 - - [09/Mar/2022:09:04:53 -0500] "GET /sipse/faces/javax.faces.resource/theme.css?ln=primefaces-sipse HTTP/1.1" 304 -
179.32.5.239 - - [09/Mar/2022:09:04:53 -0500] "GET /sipse/faces/javax.faces.resource/primefaces.css?ln=primefaces&v=4.0 HTTP/1.1" 304 -
179.32.5.239 - - [09/Mar/2022:09:04:53 -0500] "GET /sipse/faces/javax.faces.resource/jquery/jquery.js?ln=primefaces&v=4.0 HTTP/1.1" 304 -
179.32.5.239 - - [09/Mar/2022:09:04:53 -0500] "GET /sipse/faces/javax.faces.resource/layout/layout.css?ln=primefaces&v=4.0 HTTP/1.1" 304 -
179.32.5.239 - - [09/Mar/2022:09:04:53 -0500] "GET /sipse/faces/javax.faces.resource/jquery/jquery-plugins.js?ln=primefaces&v=4.0 HTTP/1.1" 304 -
179.32.5.239 - - [09/Mar/2022:09:04:53 -0500] "GET /sipse/faces/javax.faces.resource/primefaces.js?ln=primefaces&v=4.0 HTTP/1.1" 304 -
179.32.5.239 - - [09/Mar/2022:09:04:53 -0500] "GET /sipse/faces/javax.faces.resource/layout/layout.js?ln=primefaces&v=4.0 HTTP/1.1" 304 -
179.32.5.239 - - [09/Mar/2022:09:04:54 -0500] "GET /sipse/css/imagen/loginimg.png HTTP/1.1" 304 -
179.32.5.239 - - [09/Mar/2022:09:04:54 -0500] "GET /sipse/css/imagen/logoSDG.png HTTP/1.1" 304 -
179.32.5.239 - - [09/Mar/2022:09:04:54 -0500] "GET /sipse/faces/javax.faces.resource/images/ui-icons_898989_256x240.png?ln=primefaces-aristo HTTP/1.1" 304 -
200.118.64.109 - - [09/Mar/2022:09:04:57 -0500] "POST /forms/lservlet;jsessionid=ac16012b30d6279b796e45e74f80b2dcbf112250ef17.e3iSbxaKaheRe3qTch0LbxeTa41ynknvrkLOlQzNp65In0 HTTP/1.1" 200 101
179.32.5.239 - - [09/Mar/2022:09:04:57 -0500] "POST /sipse/faces/autenticacion.xhtml HTTP/1.1" 200 2224
179.32.5.239 - - [09/Mar/2022:09:04:57 -0500] "GET /sipse/faces/javax.faces.resource/messages/messages.png?ln=primefaces&v=4.0 HTTP/1.1" 304 -
186.30.132.173 - - [09/Mar/2022:09:04:57 -0500] "GET /sipse/faces/faces/index.xhtml HTTP/1.1" 200 677
186.30.132.173 - - [09/Mar/2022:09:04:58 -0500] "GET /sipse/faces/javax.faces.resource/theme.css?ln=primefaces-sipse HTTP/1.1" 304 -
179.32.5.239 - - [09/Mar/2022:09:04:58 -0500] "POST /sipse/faces/autenticacion.xhtml HTTP/1.1" 200 16241
179.32.5.239 - - [09/Mar/2022:09:04:58 -0500] "GET /sipse/css/custom_css_sg_prime.css HTTP/1.1" 304 -
179.32.5.239 - - [09/Mar/2022:09:04:58 -0500] "GET /sipse/faces/javax.faces.resource/layout/layout.css?ln=primefaces&v=4.0 HTTP/1.1" 304 -
179.32.5.239 - - [09/Mar/2022:09:04:58 -0500] "GET /sipse/faces/javax.faces.resource/theme.css?ln=primefaces-sipse HTTP/1.1" 304 -
179.32.5.239 - - [09/Mar/2022:09:04:58 -0500] "GET /sipse/js/jquery.min.js HTTP/1.1" 304 -
179.32.5.239 - - [09/Mar/2022:09:04:58 -0500] "GET /sipse/faces/javax.faces.resource/primefaces.css?ln=primefaces&v=4.0 HTTP/1.1" 304 -
179.32.5.239 - - [09/Mar/2022:09:04:58 -0500] "GET /sipse/faces/javax.faces.resource/jquery/jquery.js?ln=primefaces&v=4.0 HTTP/1.1" 304 -
179.32.5.239 - - [09/Mar/2022:09:04:58 -0500] "GET /sipse/faces/javax.faces.resource/jquery/jquery-plugins.js?ln=primefaces&v=4.0 HTTP/1.1" 304 -
179.32.5.239 - - [09/Mar/2022:09:04:58 -0500] "GET /sipse/faces/javax.faces.resource/primefaces.js?ln=primefaces&v=4.0 HTTP/1.1" 304 -
186.30.132.173 - - [09/Mar/2022:09:04:58 -0500] "GET /sipse/faces/faces/faces/autenticacion.xhtml HTTP/1.1" 200 12173
179.32.5.239 - - [09/Mar/2022:09:04:58 -0500] "GET /sipse/faces/javax.faces.resource/layout/layout.js?ln=primefaces&v=4.0 HTTP/1.1" 304 -
179.32.5.239 - - [09/Mar/2022:09:04:59 -0500] "GET /sipse/imagenes/cargando.gif HTTP/1.1" 304 -
179.32.5.239 - - [09/Mar/2022:09:04:59 -0500] "GET /sipse/imagenes/logoAplicacion.jpg HTTP/1.1" 304 -
179.32.5.239 - - [09/Mar/2022:09:04:59 -0500] "GET /sipse/css/imagen/contrasena.png HTTP/1.1" 404 383
186.30.132.173 - - [09/Mar/2022:09:04:59 -0500] "GET /sipse/css/custom_css_sg.css HTTP/1.1" 200 9694
186.30.132.173 - - [09/Mar/2022:09:04:59 -0500] "GET /sipse/css/custom_css_sg_prime_login.css HTTP/1.1" 200 443
186.30.132.173 - - [09/Mar/2022:09:04:59 -0500] "GET /sipse/faces/javax.faces.resource/theme.css?ln=primefaces-sipse HTTP/1.1" 304 -
186.30.132.173 - - [09/Mar/2022:09:04:59 -0500] "GET /sipse/js/disable_browser_buttons.js HTTP/1.1" 200 3230
186.30.132.173 - - [09/Mar/2022:09:04:59 -0500] "GET /sipse/faces/javax.faces.resource/primefaces.css?ln=primefaces&v=4.0 HTTP/1.1" 304 -
186.30.132.173 - - [09/Mar/2022:09:04:59 -0500] "GET /sipse/faces/javax.faces.resource/jquery/jquery.js?ln=primefaces&v=4.0 HTTP/1.1" 304 -
186.30.132.173 - - [09/Mar/2022:09:04:59 -0500] "GET /sipse/js/funciones.js HTTP/1.1" 200 12592
186.30.132.173 - - [09/Mar/2022:09:04:59 -0500] "GET /sipse/faces/javax.faces.resource/jquery/jquery-plugins.js?ln=primefaces&v=4.0 HTTP/1.1" 304 -
186.30.132.173 - - [09/Mar/2022:09:04:59 -0500] "GET /sipse/faces/javax.faces.resource/primefaces.js?ln=primefaces&v=4.0 HTTP/1.1" 304 -
186.30.132.173 - - [09/Mar/2022:09:04:59 -0500] "GET /sipse/faces/javax.faces.resource/layout/layout.js?ln=primefaces&v=4.0 HTTP/1.1" 304 -
186.30.132.173 - - [09/Mar/2022:09:04:59 -0500] "GET /sipse/faces/javax.faces.resource/layout/layout.css?ln=primefaces&v=4.0 HTTP/1.1" 304 -
186.30.132.173 - - [09/Mar/2022:09:04:59 -0500] "GET /sipse/css/imagen/logoSDG.png HTTP/1.1" 200 53064
186.30.132.173 - - [09/Mar/2022:09:04:59 -0500] "GET /sipse/css/imagen/loginimg.png HTTP/1.1" 200 71635
186.30.132.173 - - [09/Mar/2022:09:04:59 -0500] "GET /sipse/faces/javax.faces.resource/images/ui-icons_898989_256x240.png?ln=primefaces-aristo HTTP/1.1" 304 -
179.32.5.239 - - [09/Mar/2022:09:05:01 -0500] "GET /sipse/faces/javax.faces.resource/images/ui-bg_flat_0_2d5972_40x100.png?ln=primefaces-aristo HTTP/1.1" 304 -
179.32.5.239 - - [09/Mar/2022:09:05:01 -0500] "POST /sipse/faces/bienvenido.xhtml HTTP/1.1" 200 2073
200.118.64.109 - - [09/Mar/2022:09:05:01 -0500] "POST /forms/lservlet;jsessionid=ac16012b30d6279b796e45e74f80b2dcbf112250ef17.e3iSbxaKaheRe3qTch0LbxeTa41ynknvrkLOlQzNp65In0 HTTP/1.1" 200 2
179.32.5.239 - - [09/Mar/2022:09:05:01 -0500] "POST /sipse/faces/bienvenido.xhtml HTTP/1.1" 200 38966
179.32.5.239 - - [09/Mar/2022:09:05:02 -0500] "GET /sipse/faces/javax.faces.resource/layout/layout.css?ln=primefaces&v=4.0 HTTP/1.1" 304 -
179.32.5.239 - - [09/Mar/2022:09:05:02 -0500] "GET /sipse/faces/javax.faces.resource/theme.css?ln=primefaces-sipse HTTP/1.1" 304 -
179.32.5.239 - - [09/Mar/2022:09:05:02 -0500] "GET /sipse/faces/javax.faces.resource/primefaces.css?ln=primefaces&v=4.0 HTTP/1.1" 304 -
179.32.5.239 - - [09/Mar/2022:09:05:02 -0500] "GET /sipse/faces/javax.faces.resource/jquery/jquery.js?ln=primefaces&v=4.0 HTTP/1.1" 304 -
179.32.5.239 - - [09/Mar/2022:09:05:02 -0500] "GET /sipse/faces/javax.faces.resource/jquery/jquery-plugins.js?ln=primefaces&v=4.0 HTTP/1.1" 304 -
179.32.5.239 - - [09/Mar/2022:09:05:02 -0500] "GET /sipse/faces/javax.faces.resource/primefaces.js?ln=primefaces&v=4.0 HTTP/1.1" 304 -
200.118.64.109 - - [09/Mar/2022:09:05:01 -0500] "POST /forms/lservlet;jsessionid=ac16012b30d6279b796e45e74f80b2dcbf112250ef17.e3iSbxaKaheRe3qTch0LbxeTa41ynknvrkLOlQzNp65In0 HTTP/1.1" 200 14
179.32.5.239 - - [09/Mar/2022:09:05:02 -0500] "GET /sipse/faces/javax.faces.resource/layout/layout.js?ln=primefaces&v=4.0 HTTP/1.1" 304 -
200.118.64.109 - - [09/Mar/2022:09:05:02 -0500] "POST /forms/lservlet;jsessionid=ac16012b30d6279b796e45e74f80b2dcbf112250ef17.e3iSbxaKaheRe3qTch0LbxeTa41ynknvrkLOlQzNp65In0 HTTP/1.1" 200 2885
200.118.64.109 - - [09/Mar/2022:09:05:03 -0500] "POST /forms/lservlet;jsessionid=ac16012b30d6279b796e45e74f80b2dcbf112250ef17.e3iSbxaKaheRe3qTch0LbxeTa41ynknvrkLOlQzNp65In0 HTTP/1.1" 200 20
200.118.64.109 - - [09/Mar/2022:09:05:05 -0500] "POST /forms/lservlet;jsessionid=ac16012b30d6279b796e45e74f80b2dcbf112250ef17.e3iSbxaKaheRe3qTch0LbxeTa41ynknvrkLOlQzNp65In0 HTTP/1.1" 200 2
179.32.5.239 - - [09/Mar/2022:09:05:06 -0500] "POST /sipse/faces/presentacion/financiero/solicitudProceso/consultar.xhtml HTTP/1.1" 200 12849
200.118.64.109 - - [09/Mar/2022:09:05:05 -0500] "POST /forms/lservlet;jsessionid=ac16012b30d6279b796e45e74f80b2dcbf112250ef17.e3iSbxaKaheRe3qTch0LbxeTa41ynknvrkLOlQzNp65In0 HTTP/1.1" 200 14
186.30.132.173 - - [09/Mar/2022:09:05:06 -0500] "POST /sipse/faces/autenticacion.xhtml HTTP/1.1" 200 16065
186.30.132.173 - - [09/Mar/2022:09:05:06 -0500] "GET /sipse/css/custom_css_sg_prime.css HTTP/1.1" 200 5201
186.30.132.173 - - [09/Mar/2022:09:05:06 -0500] "GET /sipse/faces/javax.faces.resource/theme.css?ln=primefaces-sipse HTTP/1.1" 304 -
186.30.132.173 - - [09/Mar/2022:09:05:06 -0500] "GET /sipse/faces/javax.faces.resource/primefaces.css?ln=primefaces&v=4.0 HTTP/1.1" 304 -
186.30.132.173 - - [09/Mar/2022:09:05:06 -0500] "GET /sipse/faces/javax.faces.resource/layout/layout.css?ln=primefaces&v=4.0 HTTP/1.1" 304 -
186.30.132.173 - - [09/Mar/2022:09:05:06 -0500] "GET /sipse/js/jquery.min.js HTTP/1.1" 200 85582
186.30.132.173 - - [09/Mar/2022:09:05:07 -0500] "GET /sipse/faces/javax.faces.resource/jquery/jquery.js?ln=primefaces&v=4.0 HTTP/1.1" 304 -
200.118.64.109 - - [09/Mar/2022:09:05:06 -0500] "POST /forms/lservlet;jsessionid=ac16012b30d6279b796e45e74f80b2dcbf112250ef17.e3iSbxaKaheRe3qTch0LbxeTa41ynknvrkLOlQzNp65In0 HTTP/1.1" 200 2281
186.30.132.173 - - [09/Mar/2022:09:05:07 -0500] "GET /sipse/faces/javax.faces.resource/jquery/jquery-plugins.js?ln=primefaces&v=4.0 HTTP/1.1" 304 -
200.118.64.109 - - [09/Mar/2022:09:05:07 -0500] "POST /forms/lservlet;jsessionid=ac16012b30d6279b796e45e74f80b2dcbf112250ef17.e3iSbxaKaheRe3qTch0LbxeTa41ynknvrkLOlQzNp65In0 HTTP/1.1" 200 2
186.30.132.173 - - [09/Mar/2022:09:05:07 -0500] "GET /sipse/faces/javax.faces.resource/primefaces.js?ln=primefaces&v=4.0 HTTP/1.1" 304 -
186.30.132.173 - - [09/Mar/2022:09:05:07 -0500] "GET /sipse/faces/javax.faces.resource/layout/layout.js?ln=primefaces&v=4.0 HTTP/1.1" 304 -
186.30.132.173 - - [09/Mar/2022:09:05:07 -0500] "GET /sipse/css/imagen/contrasena.png HTTP/1.1" 404 383
186.30.132.173 - - [09/Mar/2022:09:05:07 -0500] "GET /sipse/imagenes/cargando.gif HTTP/1.1" 200 36959
186.30.132.173 - - [09/Mar/2022:09:05:07 -0500] "GET /sipse/imagenes/logoAplicacion.jpg HTTP/1.1" 200 155084
186.30.132.173 - - [09/Mar/2022:09:05:08 -0500] "GET /sipse/faces/javax.faces.resource/messages/messages.png?ln=primefaces&v=4.0 HTTP/1.1" 304 -
200.118.64.109 - - [09/Mar/2022:09:05:09 -0500] "POST /forms/lservlet;jsessionid=ac16012b30d6279b796e45e74f80b2dcbf112250ef17.e3iSbxaKaheRe3qTch0LbxeTa41ynknvrkLOlQzNp65In0 HTTP/1.1" 200 2
179.32.5.239 - - [09/Mar/2022:09:05:09 -0500] "POST /sipse/faces/presentacion/financiero/solicitudProceso/consultar.xhtml HTTP/1.1" 200 158133
179.32.5.239 - - [09/Mar/2022:09:05:10 -0500] "GET /sipse/faces/javax.faces.resource/theme.css?ln=primefaces-sipse HTTP/1.1" 304 -
179.32.5.239 - - [09/Mar/2022:09:05:10 -0500] "GET /sipse/faces/javax.faces.resource/primefaces.css?ln=primefaces&v=4.0 HTTP/1.1" 304 -
179.32.5.239 - - [09/Mar/2022:09:05:10 -0500] "GET /sipse/faces/javax.faces.resource/layout/layout.css?ln=primefaces&v=4.0 HTTP/1.1" 304 -
179.32.5.239 - - [09/Mar/2022:09:05:10 -0500] "GET /sipse/css/imagen/contrasena.png HTTP/1.1" 404 383
186.30.132.173 - - [09/Mar/2022:09:05:10 -0500] "GET /sipse/faces/javax.faces.resource/images/ui-bg_flat_0_2d5972_40x100.png?ln=primefaces-aristo HTTP/1.1" 304 -
179.32.5.239 - - [09/Mar/2022:09:05:10 -0500] "GET /sipse/faces/javax.faces.resource/jquery/jquery.js?ln=primefaces&v=4.0 HTTP/1.1" 304 -
186.30.132.173 - - [09/Mar/2022:09:05:10 -0500] "POST /sipse/faces/bienvenido.xhtml HTTP/1.1" 200 1473
179.32.5.239 - - [09/Mar/2022:09:05:10 -0500] "GET /sipse/faces/javax.faces.resource/jquery/jquery-plugins.js?ln=primefaces&v=4.0 HTTP/1.1" 304 -
179.32.5.239 - - [09/Mar/2022:09:05:10 -0500] "GET /sipse/faces/javax.faces.resource/primefaces.js?ln=primefaces&v=4.0 HTTP/1.1" 304 -
179.32.5.239 - - [09/Mar/2022:09:05:10 -0500] "GET /sipse/faces/javax.faces.resource/layout/layout.js?ln=primefaces&v=4.0 HTTP/1.1" 304 -
200.118.64.109 - - [09/Mar/2022:09:05:09 -0500] "POST /forms/lservlet;jsessionid=ac16012b30d6279b796e45e74f80b2dcbf112250ef17.e3iSbxaKaheRe3qTch0LbxeTa41ynknvrkLOlQzNp65In0 HTTP/1.1" 200 14
179.32.5.239 - - [09/Mar/2022:09:05:10 -0500] "GET /reportes_sipse/sdg/ServletReporte?reporte=experienia_idoneidad&solicitud=16457&pfdrid_c=false HTTP/1.1" 200 116328
200.118.64.109 - - [09/Mar/2022:09:05:10 -0500] "POST /forms/lservlet;jsessionid=ac16012b30d6279b796e45e74f80b2dcbf112250ef17.e3iSbxaKaheRe3qTch0LbxeTa41ynknvrkLOlQzNp65In0 HTTP/1.1" 200 2858
200.118.64.109 - - [09/Mar/2022:09:05:10 -0500] "POST /forms/lservlet;jsessionid=ac16012b30d6279b796e45e74f80b2dcbf112250ef17.e3iSbxaKaheRe3qTch0LbxeTa41ynknvrkLOlQzNp65In0 HTTP/1.1" 200 2
186.30.132.173 - - [09/Mar/2022:09:05:11 -0500] "POST /sipse/faces/bienvenido.xhtml HTTP/1.1" 200 37751
186.30.132.173 - - [09/Mar/2022:09:05:11 -0500] "GET /sipse/faces/javax.faces.resource/primefaces.css?ln=primefaces&v=4.0 HTTP/1.1" 304 -
186.30.132.173 - - [09/Mar/2022:09:05:11 -0500] "GET /sipse/faces/javax.faces.resource/theme.css?ln=primefaces-sipse HTTP/1.1" 304 -
186.30.132.173 - - [09/Mar/2022:09:05:11 -0500] "GET /sipse/faces/javax.faces.resource/layout/layout.css?ln=primefaces&v=4.0 HTTP/1.1" 304 -
186.30.132.173 - - [09/Mar/2022:09:05:11 -0500] "GET /sipse/faces/javax.faces.resource/jquery/jquery.js?ln=primefaces&v=4.0 HTTP/1.1" 304 -
186.30.132.173 - - [09/Mar/2022:09:05:11 -0500] "GET /sipse/faces/javax.faces.resource/jquery/jquery-plugins.js?ln=primefaces&v=4.0 HTTP/1.1" 304 -
200.118.64.109 - - [09/Mar/2022:09:05:11 -0500] "POST /forms/lservlet;jsessionid=ac16012b30d6279b796e45e74f80b2dcbf112250ef17.e3iSbxaKaheRe3qTch0LbxeTa41ynknvrkLOlQzNp65In0 HTTP/1.1" 200 2
186.30.132.173 - - [09/Mar/2022:09:05:11 -0500] "GET /sipse/faces/javax.faces.resource/primefaces.js?ln=primefaces&v=4.0 HTTP/1.1" 304 -
186.30.132.173 - - [09/Mar/2022:09:05:11 -0500] "GET /sipse/faces/javax.faces.resource/layout/layout.js?ln=primefaces&v=4.0 HTTP/1.1" 304 -
200.118.64.109 - - [09/Mar/2022:09:05:11 -0500] "POST /forms/lservlet;jsessionid=ac16012b30d6279b796e45e74f80b2dcbf112250ef17.e3iSbxaKaheRe3qTch0LbxeTa41ynknvrkLOlQzNp65In0 HTTP/1.1" 200 14
200.118.64.109 - - [09/Mar/2022:09:05:12 -0500] "POST /forms/lservlet;jsessionid=ac16012b30d6279b796e45e74f80b2dcbf112250ef17.e3iSbxaKaheRe3qTch0LbxeTa41ynknvrkLOlQzNp65In0 HTTP/1.1" 200 3245
200.118.64.109 - - [09/Mar/2022:09:05:13 -0500] "POST /forms/lservlet;jsessionid=ac16012b30d6279b796e45e74f80b2dcbf112250ef17.e3iSbxaKaheRe3qTch0LbxeTa41ynknvrkLOlQzNp65In0 HTTP/1.1" 200 2
186.30.132.173 - - [09/Mar/2022:09:05:13 -0500] "POST /sipse/faces/presentacion/financiero/solicitudProceso/consultar.xhtml HTTP/1.1" 200 2591
114.119.141.69 - - [09/Mar/2022:09:05:14 -0500] "GET /BLA/resoluciones/Notificaciones/AUTOS%202016/01813.doc HTTP/1.1" 200 389699
200.118.64.109 - - [09/Mar/2022:09:05:14 -0500] "POST /forms/lservlet;jsessionid=ac16012b30d6279b796e45e74f80b2dcbf112250ef17.e3iSbxaKaheRe3qTch0LbxeTa41ynknvrkLOlQzNp65In0 HTTP/1.1" 200 2
200.118.64.109 - - [09/Mar/2022:09:05:15 -0500] "POST /forms/lservlet;jsessionid=ac16012b30d6279b796e45e74f80b2dcbf112250ef17.e3iSbxaKaheRe3qTch0LbxeTa41ynknvrkLOlQzNp65In0 HTTP/1.1" 200 14
186.30.132.173 - - [09/Mar/2022:09:05:15 -0500] "POST /sipse/faces/presentacion/financiero/solicitudProceso/consultar.xhtml HTTP/1.1" 200 58145
186.30.132.173 - - [09/Mar/2022:09:05:16 -0500] "GET /sipse/faces/javax.faces.resource/primefaces.css?ln=primefaces&v=4.0 HTTP/1.1" 304 -
186.30.132.173 - - [09/Mar/2022:09:05:16 -0500] "GET /sipse/faces/javax.faces.resource/theme.css?ln=primefaces-sipse HTTP/1.1" 304 -
186.30.132.173 - - [09/Mar/2022:09:05:16 -0500] "GET /sipse/faces/javax.faces.resource/layout/layout.css?ln=primefaces&v=4.0 HTTP/1.1" 304 -
186.30.132.173 - - [09/Mar/2022:09:05:16 -0500] "GET /sipse/faces/javax.faces.resource/jquery/jquery.js?ln=primefaces&v=4.0 HTTP/1.1" 304 -
186.30.132.173 - - [09/Mar/2022:09:05:16 -0500] "GET /sipse/faces/javax.faces.resource/jquery/jquery-plugins.js?ln=primefaces&v=4.0 HTTP/1.1" 304 -
186.30.132.173 - - [09/Mar/2022:09:05:16 -0500] "GET /sipse/faces/javax.faces.resource/primefaces.js?ln=primefaces&v=4.0 HTTP/1.1" 304 -
186.30.132.173 - - [09/Mar/2022:09:05:16 -0500] "GET /sipse/faces/javax.faces.resource/layout/layout.js?ln=primefaces&v=4.0 HTTP/1.1" 304 -
200.118.64.109 - - [09/Mar/2022:09:05:16 -0500] "POST /forms/lservlet;jsessionid=ac16012b30d6279b796e45e74f80b2dcbf112250ef17.e3iSbxaKaheRe3qTch0LbxeTa41ynknvrkLOlQzNp65In0 HTTP/1.1" 200 3131
200.118.64.109 - - [09/Mar/2022:09:05:16 -0500] "POST /forms/lservlet;jsessionid=ac16012b30d6279b796e45e74f80b2dcbf112250ef17.e3iSbxaKaheRe3qTch0LbxeTa41ynknvrkLOlQzNp65In0 HTTP/1.1" 200 2
186.30.132.173 - - [09/Mar/2022:09:05:16 -0500] "POST /sipse/faces/presentacion/financiero/solicitudProceso/listarSolicitudProceso.xhtml HTTP/1.1" 200 51538
186.30.132.173 - - [09/Mar/2022:09:05:17 -0500] "POST /sipse/faces/presentacion/financiero/solicitudProceso/listarSolicitudProceso.xhtml HTTP/1.1" 200 1452
200.118.64.109 - - [09/Mar/2022:09:05:18 -0500] "POST /forms/lservlet;jsessionid=ac16012b30d6279b796e45e74f80b2dcbf112250ef17.e3iSbxaKaheRe3qTch0LbxeTa41ynknvrkLOlQzNp65In0 HTTP/1.1" 200 2
186.30.132.173 - - [09/Mar/2022:09:05:18 -0500] "POST /sipse/faces/presentacion/financiero/solicitudProceso/listarSolicitudProceso.xhtml HTTP/1.1" 200 1448
200.118.64.109 - - [09/Mar/2022:09:05:18 -0500] "POST /forms/lservlet;jsessionid=ac16012b30d6279b796e45e74f80b2dcbf112250ef17.e3iSbxaKaheRe3qTch0LbxeTa41ynknvrkLOlQzNp65In0 HTTP/1.1" 200 14
192.168.181.127 - - [09/Mar/2022:09:05:19 -0500] "GET /BLA/resoluciones/RESOLUCIONES%202017/0156.pdf HTTP/1.1" 200 349473
200.118.64.109 - - [09/Mar/2022:09:05:19 -0500] "POST /forms/lservlet;jsessionid=ac16012b30d6279b796e45e74f80b2dcbf112250ef17.e3iSbxaKaheRe3qTch0LbxeTa41ynknvrkLOlQzNp65In0 HTTP/1.1" 200 2746
200.118.64.109 - - [09/Mar/2022:09:05:19 -0500] "POST /forms/lservlet;jsessionid=ac16012b30d6279b796e45e74f80b2dcbf112250ef17.e3iSbxaKaheRe3qTch0LbxeTa41ynknvrkLOlQzNp65In0 HTTP/1.1" 200 2
200.118.64.109 - - [09/Mar/2022:09:05:21 -0500] "POST /forms/lservlet;jsessionid=ac16012b30d6279b796e45e74f80b2dcbf112250ef17.e3iSbxaKaheRe3qTch0LbxeTa41ynknvrkLOlQzNp65In0 HTTP/1.1" 200 2
200.118.64.109 - - [09/Mar/2022:09:05:21 -0500] "POST /forms/lservlet;jsessionid=ac16012b30d6279b796e45e74f80b2dcbf112250ef17.e3iSbxaKaheRe3qTch0LbxeTa41ynknvrkLOlQzNp65In0 HTTP/1.1" 200 14
200.118.64.109 - - [09/Mar/2022:09:05:22 -0500] "POST /forms/lservlet;jsessionid=ac16012b30d6279b796e45e74f80b2dcbf112250ef17.e3iSbxaKaheRe3qTch0LbxeTa41ynknvrkLOlQzNp65In0 HTTP/1.1" 200 2547
200.118.64.109 - - [09/Mar/2022:09:05:22 -0500] "POST /forms/lservlet;jsessionid=ac16012b30d6279b796e45e74f80b2dcbf112250ef17.e3iSbxaKaheRe3qTch0LbxeTa41ynknvrkLOlQzNp65In0 HTTP/1.1" 200 2
200.118.64.109 - - [09/Mar/2022:09:05:23 -0500] "POST /forms/lservlet;jsessionid=ac16012b30d6279b796e45e74f80b2dcbf112250ef17.e3iSbxaKaheRe3qTch0LbxeTa41ynknvrkLOlQzNp65In0 HTTP/1.1" 200 2
200.118.64.109 - - [09/Mar/2022:09:05:23 -0500] "POST /forms/lservlet;jsessionid=ac16012b30d6279b796e45e74f80b2dcbf112250ef17.e3iSbxaKaheRe3qTch0LbxeTa41ynknvrkLOlQzNp65In0 HTTP/1.1" 200 14
200.118.64.109 - - [09/Mar/2022:09:05:25 -0500] "POST /forms/lservlet;jsessionid=ac16012b30d6279b796e45e74f80b2dcbf112250ef17.e3iSbxaKaheRe3qTch0LbxeTa41ynknvrkLOlQzNp65In0 HTTP/1.1" 200 3666
200.118.64.109 - - [09/Mar/2022:09:05:25 -0500] "POST /forms/lservlet;jsessionid=ac16012b30d6279b796e45e74f80b2dcbf112250ef17.e3iSbxaKaheRe3qTch0LbxeTa41ynknvrkLOlQzNp65In0 HTTP/1.1" 200 2
200.118.64.109 - - [09/Mar/2022:09:05:26 -0500] "POST /forms/lservlet;jsessionid=ac16012b30d6279b796e45e74f80b2dcbf112250ef17.e3iSbxaKaheRe3qTch0LbxeTa41ynknvrkLOlQzNp65In0 HTTP/1.1" 200 2
200.118.64.109 - - [09/Mar/2022:09:05:26 -0500] "POST /forms/lservlet;jsessionid=ac16012b30d6279b796e45e74f80b2dcbf112250ef17.e3iSbxaKaheRe3qTch0LbxeTa41ynknvrkLOlQzNp65In0 HTTP/1.1" 200 14
186.30.132.173 - - [09/Mar/2022:09:05:28 -0500] "POST /sipse/faces/presentacion/financiero/solicitudProceso/listarSolicitudProceso.xhtml HTTP/1.1" 200 43849
200.118.64.109 - - [09/Mar/2022:09:05:28 -0500] "POST /forms/lservlet;jsessionid=ac16012b30d6279b796e45e74f80b2dcbf112250ef17.e3iSbxaKaheRe3qTch0LbxeTa41ynknvrkLOlQzNp65In0 HTTP/1.1" 200 2940
200.118.64.109 - - [09/Mar/2022:09:05:28 -0500] "POST /forms/lservlet;jsessionid=ac16012b30d6279b796e45e74f80b2dcbf112250ef17.e3iSbxaKaheRe3qTch0LbxeTa41ynknvrkLOlQzNp65In0 HTTP/1.1" 200 2
186.102.41.247 - - [09/Mar/2022:09:05:29 -0500] "GET /sipse/js/funciones.js HTTP/1.1" 304 -
186.102.41.247 - - [09/Mar/2022:09:05:29 -0500] "GET /sipse/js/disable_browser_buttons.js HTTP/1.1" 304 -
186.102.41.247 - - [09/Mar/2022:09:05:29 -0500] "GET /sipse/css/custom_css_sg_prime_login.css HTTP/1.1" 304 -
186.102.41.247 - - [09/Mar/2022:09:05:29 -0500] "GET /sipse/css/custom_css_sg.css HTTP/1.1" 304 -
186.102.41.247 - - [09/Mar/2022:09:05:29 -0500] "GET /sipse/faces/javax.faces.resource/layout/layout.css?ln=primefaces&v=4.0 HTTP/1.1" 304 -
186.102.41.247 - - [09/Mar/2022:09:05:29 -0500] "GET /sipse/faces/javax.faces.resource/theme.css?ln=primefaces-sipse HTTP/1.1" 304 -
186.102.41.247 - - [09/Mar/2022:09:05:29 -0500] "GET /sipse/faces/javax.faces.resource/primefaces.css?ln=primefaces&v=4.0 HTTP/1.1" 304 -
186.102.41.247 - - [09/Mar/2022:09:05:29 -0500] "GET /sipse/faces/javax.faces.resource/jquery/jquery.js?ln=primefaces&v=4.0 HTTP/1.1" 304 -
186.102.41.247 - - [09/Mar/2022:09:05:29 -0500] "GET /sipse/faces/javax.faces.resource/layout/layout.js?ln=primefaces&v=4.0 HTTP/1.1" 304 -
186.102.41.247 - - [09/Mar/2022:09:05:29 -0500] "GET /sipse/faces/javax.faces.resource/jquery/jquery-plugins.js?ln=primefaces&v=4.0 HTTP/1.1" 304 -
186.102.41.247 - - [09/Mar/2022:09:05:29 -0500] "GET /sipse/faces/javax.faces.resource/primefaces.js?ln=primefaces&v=4.0 HTTP/1.1" 304 -
186.102.41.247 - - [09/Mar/2022:09:05:30 -0500] "GET /sipse/css/imagen/logoSDG.png HTTP/1.1" 304 -
186.102.41.247 - - [09/Mar/2022:09:05:30 -0500] "GET /sipse/css/imagen/loginimg.png HTTP/1.1" 304 -
186.102.41.247 - - [09/Mar/2022:09:05:30 -0500] "GET /sipse/faces/javax.faces.resource/images/ui-icons_898989_256x240.png?ln=primefaces-aristo HTTP/1.1" 304 -
200.118.64.109 - - [09/Mar/2022:09:05:31 -0500] "POST /forms/lservlet;jsessionid=ac16012b30d6279b796e45e74f80b2dcbf112250ef17.e3iSbxaKaheRe3qTch0LbxeTa41ynknvrkLOlQzNp65In0 HTTP/1.1" 200 2
200.118.64.109 - - [09/Mar/2022:09:05:31 -0500] "POST /forms/lservlet;jsessionid=ac16012b30d6279b796e45e74f80b2dcbf112250ef17.e3iSbxaKaheRe3qTch0LbxeTa41ynknvrkLOlQzNp65In0 HTTP/1.1" 200 2228
186.102.41.247 - - [09/Mar/2022:09:05:31 -0500] "GET /sipse/faces/faces/faces/faces/index.xhtml HTTP/1.1" 200 677
200.118.64.109 - - [09/Mar/2022:09:05:31 -0500] "POST /forms/lservlet;jsessionid=ac16012b30d6279b796e45e74f80b2dcbf112250ef17.e3iSbxaKaheRe3qTch0LbxeTa41ynknvrkLOlQzNp65In0 HTTP/1.1" 200 10
186.102.41.247 - - [09/Mar/2022:09:05:32 -0500] "GET /sipse/faces/javax.faces.resource/theme.css?ln=primefaces-sipse HTTP/1.1" 304 -
186.102.41.247 - - [09/Mar/2022:09:05:32 -0500] "GET /sipse/faces/faces/faces/faces/faces/autenticacion.xhtml HTTP/1.1" 200 12173
186.102.41.247 - - [09/Mar/2022:09:05:33 -0500] "GET /sipse/faces/javax.faces.resource/theme.css?ln=primefaces-sipse HTTP/1.1" 304 -
186.102.41.247 - - [09/Mar/2022:09:05:33 -0500] "GET /sipse/faces/javax.faces.resource/primefaces.css?ln=primefaces&v=4.0 HTTP/1.1" 304 -
186.102.41.247 - - [09/Mar/2022:09:05:33 -0500] "GET /sipse/faces/javax.faces.resource/layout/layout.css?ln=primefaces&v=4.0 HTTP/1.1" 304 -
186.102.41.247 - - [09/Mar/2022:09:05:33 -0500] "GET /sipse/faces/javax.faces.resource/jquery/jquery.js?ln=primefaces&v=4.0 HTTP/1.1" 304 -
186.102.41.247 - - [09/Mar/2022:09:05:33 -0500] "GET /sipse/faces/javax.faces.resource/jquery/jquery-plugins.js?ln=primefaces&v=4.0 HTTP/1.1" 304 -
186.102.41.247 - - [09/Mar/2022:09:05:33 -0500] "GET /sipse/faces/javax.faces.resource/primefaces.js?ln=primefaces&v=4.0 HTTP/1.1" 304 -
186.102.41.247 - - [09/Mar/2022:09:05:33 -0500] "GET /sipse/faces/javax.faces.resource/layout/layout.js?ln=primefaces&v=4.0 HTTP/1.1" 304 -
200.118.64.109 - - [09/Mar/2022:09:05:33 -0500] "POST /forms/lservlet;jsessionid=ac16012b30d6279b796e45e74f80b2dcbf112250ef17.e3iSbxaKaheRe3qTch0LbxeTa41ynknvrkLOlQzNp65In0 HTTP/1.1" 200 2
200.118.64.109 - - [09/Mar/2022:09:05:33 -0500] "POST /forms/lservlet;jsessionid=ac16012b30d6279b796e45e74f80b2dcbf112250ef17.e3iSbxaKaheRe3qTch0LbxeTa41ynknvrkLOlQzNp65In0 HTTP/1.1" 200 14
200.118.64.109 - - [09/Mar/2022:09:05:35 -0500] "POST /forms/lservlet;jsessionid=ac16012b30d6279b796e45e74f80b2dcbf112250ef17.e3iSbxaKaheRe3qTch0LbxeTa41ynknvrkLOlQzNp65In0 HTTP/1.1" 200 3081
200.118.64.109 - - [09/Mar/2022:09:05:35 -0500] "POST /forms/lservlet;jsessionid=ac16012b30d6279b796e45e74f80b2dcbf112250ef17.e3iSbxaKaheRe3qTch0LbxeTa41ynknvrkLOlQzNp65In0 HTTP/1.1" 200 2
186.102.41.247 - - [09/Mar/2022:09:05:39 -0500] "POST /sipse/faces/autenticacion.xhtml HTTP/1.1" 200 2221
186.102.41.247 - - [09/Mar/2022:09:05:39 -0500] "GET /sipse/faces/javax.faces.resource/messages/messages.png?ln=primefaces&v=4.0 HTTP/1.1" 304 -
186.102.41.247 - - [09/Mar/2022:09:05:41 -0500] "GET /sipse/faces/javax.faces.resource/images/ui-icons_898989_256x240.png?ln=primefaces-aristo HTTP/1.1" 304 -
186.102.41.247 - - [09/Mar/2022:09:05:41 -0500] "POST /sipse/faces/autenticacion.xhtml HTTP/1.1" 200 16246
186.102.41.247 - - [09/Mar/2022:09:05:42 -0500] "GET /sipse/faces/javax.faces.resource/primefaces.css?ln=primefaces&v=4.0 HTTP/1.1" 304 -
186.102.41.247 - - [09/Mar/2022:09:05:42 -0500] "GET /sipse/faces/javax.faces.resource/theme.css?ln=primefaces-sipse HTTP/1.1" 304 -
186.102.41.247 - - [09/Mar/2022:09:05:42 -0500] "GET /sipse/faces/javax.faces.resource/layout/layout.css?ln=primefaces&v=4.0 HTTP/1.1" 304 -
186.102.41.247 - - [09/Mar/2022:09:05:42 -0500] "GET /sipse/faces/javax.faces.resource/jquery/jquery.js?ln=primefaces&v=4.0 HTTP/1.1" 304 -
186.102.41.247 - - [09/Mar/2022:09:05:42 -0500] "GET /sipse/faces/javax.faces.resource/jquery/jquery-plugins.js?ln=primefaces&v=4.0 HTTP/1.1" 304 -
186.102.41.247 - - [09/Mar/2022:09:05:42 -0500] "GET /sipse/faces/javax.faces.resource/primefaces.js?ln=primefaces&v=4.0 HTTP/1.1" 304 -
186.102.41.247 - - [09/Mar/2022:09:05:42 -0500] "GET /sipse/faces/javax.faces.resource/layout/layout.js?ln=primefaces&v=4.0 HTTP/1.1" 304 -
186.102.41.247 - - [09/Mar/2022:09:05:42 -0500] "GET /sipse/css/imagen/contrasena.png HTTP/1.1" 404 383
186.102.41.247 - - [09/Mar/2022:09:05:53 -0500] "GET /sipse/faces/faces/autenticacion.xhtml HTTP/1.1" 200 12179
186.102.41.247 - - [09/Mar/2022:09:05:54 -0500] "GET /sipse/faces/javax.faces.resource/theme.css?ln=primefaces-sipse HTTP/1.1" 304 -
201.245.192.253 - - [09/Mar/2022:09:05:54 -0500] "GET /galeria/galeria/jquery.fancybox.js?v=2.1.5 HTTP/1.1" 200 48706
201.245.192.253 - - [09/Mar/2022:09:05:54 -0500] "GET /galeria/galeria/jquery.fancybox.css?v=2.1.5 HTTP/1.1" 200 4895
186.102.41.247 - - [09/Mar/2022:09:05:54 -0500] "GET /sipse/faces/javax.faces.resource/primefaces.css?ln=primefaces&v=4.0 HTTP/1.1" 304 -
186.102.41.247 - - [09/Mar/2022:09:05:54 -0500] "GET /sipse/faces/javax.faces.resource/layout/layout.css?ln=primefaces&v=4.0 HTTP/1.1" 304 -
186.102.41.247 - - [09/Mar/2022:09:05:54 -0500] "GET /sipse/faces/javax.faces.resource/jquery/jquery.js?ln=primefaces&v=4.0 HTTP/1.1" 304 -
186.102.41.247 - - [09/Mar/2022:09:05:54 -0500] "GET /sipse/faces/javax.faces.resource/jquery/jquery-plugins.js?ln=primefaces&v=4.0 HTTP/1.1" 304 -
186.102.41.247 - - [09/Mar/2022:09:05:54 -0500] "GET /sipse/faces/javax.faces.resource/primefaces.js?ln=primefaces&v=4.0 HTTP/1.1" 304 -
186.102.41.247 - - [09/Mar/2022:09:05:54 -0500] "GET /sipse/faces/javax.faces.resource/layout/layout.js?ln=primefaces&v=4.0 HTTP/1.1" 304 -
186.102.41.247 - - [09/Mar/2022:09:05:54 -0500] "GET /sipse/faces/faces/index.xhtml HTTP/1.1" 200 677
186.102.41.247 - - [09/Mar/2022:09:05:55 -0500] "GET /sipse/faces/javax.faces.resource/theme.css?ln=primefaces-sipse HTTP/1.1" 304 -
186.102.41.247 - - [09/Mar/2022:09:05:55 -0500] "GET /sipse/faces/faces/faces/autenticacion.xhtml HTTP/1.1" 200 12179
186.102.41.247 - - [09/Mar/2022:09:05:55 -0500] "GET /sipse/faces/javax.faces.resource/theme.css?ln=primefaces-sipse HTTP/1.1" 304 -
186.102.41.247 - - [09/Mar/2022:09:05:55 -0500] "GET /sipse/faces/javax.faces.resource/primefaces.js?ln=primefaces&v=4.0 HTTP/1.1" 304 -
186.102.41.247 - - [09/Mar/2022:09:05:55 -0500] "GET /sipse/faces/javax.faces.resource/jquery/jquery.js?ln=primefaces&v=4.0 HTTP/1.1" 304 -
186.102.41.247 - - [09/Mar/2022:09:05:55 -0500] "GET /sipse/faces/javax.faces.resource/jquery/jquery-plugins.js?ln=primefaces&v=4.0 HTTP/1.1" 304 -
186.102.41.247 - - [09/Mar/2022:09:05:55 -0500] "GET /sipse/faces/javax.faces.resource/layout/layout.css?ln=primefaces&v=4.0 HTTP/1.1" 304 -
186.102.41.247 - - [09/Mar/2022:09:05:55 -0500] "GET /sipse/faces/javax.faces.resource/primefaces.css?ln=primefaces&v=4.0 HTTP/1.1" 304 -
186.102.41.247 - - [09/Mar/2022:09:05:55 -0500] "GET /sipse/faces/javax.faces.resource/layout/layout.js?ln=primefaces&v=4.0 HTTP/1.1" 304 -
186.102.41.247 - - [09/Mar/2022:09:06:01 -0500] "POST /sipse/faces/autenticacion.xhtml HTTP/1.1" 200 2221
186.102.41.247 - - [09/Mar/2022:09:06:04 -0500] "POST /sipse/faces/autenticacion.xhtml HTTP/1.1" 200 16246
186.102.41.247 - - [09/Mar/2022:09:06:04 -0500] "GET /sipse/faces/javax.faces.resource/theme.css?ln=primefaces-sipse HTTP/1.1" 304 -
186.102.41.247 - - [09/Mar/2022:09:06:04 -0500] "GET /sipse/faces/javax.faces.resource/primefaces.css?ln=primefaces&v=4.0 HTTP/1.1" 304 -
186.102.41.247 - - [09/Mar/2022:09:06:04 -0500] "GET /sipse/faces/javax.faces.resource/layout/layout.css?ln=primefaces&v=4.0 HTTP/1.1" 304 -
186.102.41.247 - - [09/Mar/2022:09:06:04 -0500] "GET /sipse/faces/javax.faces.resource/jquery/jquery.js?ln=primefaces&v=4.0 HTTP/1.1" 304 -
186.102.41.247 - - [09/Mar/2022:09:06:04 -0500] "GET /sipse/faces/javax.faces.resource/jquery/jquery-plugins.js?ln=primefaces&v=4.0 HTTP/1.1" 304 -
186.102.41.247 - - [09/Mar/2022:09:06:04 -0500] "GET /sipse/faces/javax.faces.resource/primefaces.js?ln=primefaces&v=4.0 HTTP/1.1" 304 -
186.102.41.247 - - [09/Mar/2022:09:06:05 -0500] "GET /sipse/faces/javax.faces.resource/layout/layout.js?ln=primefaces&v=4.0 HTTP/1.1" 304 -
186.102.41.247 - - [09/Mar/2022:09:06:08 -0500] "GET /sipse/faces/javax.faces.resource/images/ui-bg_flat_0_2d5972_40x100.png?ln=primefaces-aristo HTTP/1.1" 304 -
