190.130.73.49 - - [09/Mar/2022:12:43:10 -0500] "GET /sipse/faces/javax.faces.resource/layout/layout.css?ln=primefaces&v=4.0 HTTP/1.1" 304 -
190.130.73.49 - - [09/Mar/2022:12:43:10 -0500] "GET /sipse/faces/javax.faces.resource/theme.css?ln=primefaces-sipse HTTP/1.1" 304 -
190.130.73.49 - - [09/Mar/2022:12:43:10 -0500] "GET /sipse/faces/javax.faces.resource/primefaces.css?ln=primefaces&v=4.0 HTTP/1.1" 304 -
190.130.73.49 - - [09/Mar/2022:12:43:10 -0500] "GET /sipse/js/jquery.min.js HTTP/1.1" 304 -
190.130.73.49 - - [09/Mar/2022:12:43:10 -0500] "GET /sipse/faces/javax.faces.resource/jquery/jquery.js?ln=primefaces&v=4.0 HTTP/1.1" 304 -
190.130.73.49 - - [09/Mar/2022:12:43:10 -0500] "GET /sipse/faces/javax.faces.resource/jquery/jquery-plugins.js?ln=primefaces&v=4.0 HTTP/1.1" 304 -
190.130.73.49 - - [09/Mar/2022:12:43:10 -0500] "GET /sipse/faces/javax.faces.resource/primefaces.js?ln=primefaces&v=4.0 HTTP/1.1" 304 -
190.130.73.49 - - [09/Mar/2022:12:43:10 -0500] "GET /sipse/faces/javax.faces.resource/layout/layout.js?ln=primefaces&v=4.0 HTTP/1.1" 304 -
190.130.73.49 - - [09/Mar/2022:12:43:10 -0500] "GET /sipse/imagenes/logoAplicacion.jpg HTTP/1.1" 304 -
190.130.73.49 - - [09/Mar/2022:12:43:10 -0500] "GET /sipse/css/imagen/contrasena.png HTTP/1.1" 404 383
190.130.73.49 - - [09/Mar/2022:12:43:10 -0500] "GET /sipse/imagenes/cargando.gif HTTP/1.1" 304 -
201.245.192.253 - - [09/Mar/2022:12:42:27 -0500] "POST /kwsrmcab/Wsrmcab HTTP/1.1" 200 112396
190.130.73.49 - - [09/Mar/2022:12:43:27 -0500] "GET /sipse/faces/faces/index.xhtml HTTP/1.1" 200 677
190.130.73.49 - - [09/Mar/2022:12:43:27 -0500] "GET /sipse/faces/javax.faces.resource/theme.css?ln=primefaces-sipse HTTP/1.1" 304 -
190.130.73.49 - - [09/Mar/2022:12:43:28 -0500] "GET /sipse/faces/javax.faces.resource/theme.css?ln=primefaces-sipse HTTP/1.1" 304 -
190.130.73.49 - - [09/Mar/2022:12:43:28 -0500] "GET /sipse/faces/javax.faces.resource/layout/layout.css?ln=primefaces&v=4.0 HTTP/1.1" 304 -
190.130.73.49 - - [09/Mar/2022:12:43:28 -0500] "GET /sipse/faces/javax.faces.resource/primefaces.css?ln=primefaces&v=4.0 HTTP/1.1" 304 -
190.130.73.49 - - [09/Mar/2022:12:43:28 -0500] "GET /sipse/faces/javax.faces.resource/jquery/jquery.js?ln=primefaces&v=4.0 HTTP/1.1" 304 -
190.130.73.49 - - [09/Mar/2022:12:43:28 -0500] "GET /sipse/faces/javax.faces.resource/primefaces.js?ln=primefaces&v=4.0 HTTP/1.1" 304 -
190.130.73.49 - - [09/Mar/2022:12:43:28 -0500] "GET /sipse/faces/javax.faces.resource/jquery/jquery-plugins.js?ln=primefaces&v=4.0 HTTP/1.1" 304 -
190.130.73.49 - - [09/Mar/2022:12:43:28 -0500] "GET /sipse/faces/javax.faces.resource/layout/layout.js?ln=primefaces&v=4.0 HTTP/1.1" 304 -
190.130.73.49 - - [09/Mar/2022:12:43:27 -0500] "GET /sipse/faces/faces/faces/autenticacion.xhtml HTTP/1.1" 200 12181
192.168.181.127 - - [09/Mar/2022:12:43:33 -0500] "GET /BLA/resoluciones/ HTTP/1.1" 200 13093
190.130.73.49 - - [09/Mar/2022:12:43:33 -0500] "POST /sipse/faces/autenticacion.xhtml HTTP/1.1" 200 16686
190.130.73.49 - - [09/Mar/2022:12:43:34 -0500] "GET /sipse/faces/javax.faces.resource/theme.css?ln=primefaces-sipse HTTP/1.1" 304 -
190.130.73.49 - - [09/Mar/2022:12:43:34 -0500] "GET /sipse/faces/javax.faces.resource/primefaces.css?ln=primefaces&v=4.0 HTTP/1.1" 304 -
190.130.73.49 - - [09/Mar/2022:12:43:34 -0500] "GET /sipse/faces/javax.faces.resource/layout/layout.css?ln=primefaces&v=4.0 HTTP/1.1" 304 -
190.130.73.49 - - [09/Mar/2022:12:43:34 -0500] "GET /sipse/faces/javax.faces.resource/jquery/jquery.js?ln=primefaces&v=4.0 HTTP/1.1" 304 -
190.130.73.49 - - [09/Mar/2022:12:43:34 -0500] "GET /sipse/faces/javax.faces.resource/jquery/jquery-plugins.js?ln=primefaces&v=4.0 HTTP/1.1" 304 -
190.130.73.49 - - [09/Mar/2022:12:43:34 -0500] "GET /sipse/faces/javax.faces.resource/primefaces.js?ln=primefaces&v=4.0 HTTP/1.1" 304 -
190.130.73.49 - - [09/Mar/2022:12:43:34 -0500] "GET /sipse/faces/javax.faces.resource/layout/layout.js?ln=primefaces&v=4.0 HTTP/1.1" 304 -
190.130.73.49 - - [09/Mar/2022:12:43:34 -0500] "GET /sipse/faces/javax.faces.resource/messages/messages.png?ln=primefaces&v=4.0 HTTP/1.1" 304 -
190.130.73.49 - - [09/Mar/2022:12:43:37 -0500] "POST /sipse/faces/bienvenido.xhtml HTTP/1.1" 200 3255
190.130.73.49 - - [09/Mar/2022:12:43:37 -0500] "GET /sipse/faces/javax.faces.resource/images/ui-bg_flat_0_2d5972_40x100.png?ln=primefaces-aristo HTTP/1.1" 304 -
190.130.73.49 - - [09/Mar/2022:12:43:39 -0500] "POST /sipse/faces/bienvenido.xhtml HTTP/1.1" 200 34662
190.130.73.49 - - [09/Mar/2022:12:43:39 -0500] "GET /sipse/faces/javax.faces.resource/primefaces.css?ln=primefaces&v=4.0 HTTP/1.1" 304 -
190.130.73.49 - - [09/Mar/2022:12:43:39 -0500] "GET /sipse/faces/javax.faces.resource/layout/layout.css?ln=primefaces&v=4.0 HTTP/1.1" 304 -
190.130.73.49 - - [09/Mar/2022:12:43:39 -0500] "GET /sipse/faces/javax.faces.resource/theme.css?ln=primefaces-sipse HTTP/1.1" 304 -
190.130.73.49 - - [09/Mar/2022:12:43:39 -0500] "GET /sipse/faces/javax.faces.resource/jquery/jquery.js?ln=primefaces&v=4.0 HTTP/1.1" 304 -
190.130.73.49 - - [09/Mar/2022:12:43:39 -0500] "GET /sipse/faces/javax.faces.resource/jquery/jquery-plugins.js?ln=primefaces&v=4.0 HTTP/1.1" 304 -
190.130.73.49 - - [09/Mar/2022:12:43:40 -0500] "GET /sipse/faces/javax.faces.resource/primefaces.js?ln=primefaces&v=4.0 HTTP/1.1" 304 -
190.130.73.49 - - [09/Mar/2022:12:43:40 -0500] "GET /sipse/faces/javax.faces.resource/layout/layout.js?ln=primefaces&v=4.0 HTTP/1.1" 304 -
190.130.73.49 - - [09/Mar/2022:12:43:40 -0500] "POST /sipse/faces/presentacion/financiero/solicitudProceso/listarSolicitudProceso.xhtml HTTP/1.1" 200 1344
190.130.73.49 - - [09/Mar/2022:12:43:43 -0500] "POST /sipse/faces/presentacion/financiero/solicitudProceso/listarSolicitudProceso.xhtml HTTP/1.1" 200 118390
190.130.73.49 - - [09/Mar/2022:12:43:44 -0500] "GET /sipse/faces/javax.faces.resource/primefaces.css?ln=primefaces&v=4.0 HTTP/1.1" 304 -
190.130.73.49 - - [09/Mar/2022:12:43:44 -0500] "GET /sipse/faces/javax.faces.resource/theme.css?ln=primefaces-sipse HTTP/1.1" 304 -
190.130.73.49 - - [09/Mar/2022:12:43:44 -0500] "GET /sipse/faces/javax.faces.resource/layout/layout.css?ln=primefaces&v=4.0 HTTP/1.1" 304 -
190.130.73.49 - - [09/Mar/2022:12:43:44 -0500] "GET /sipse/faces/javax.faces.resource/jquery/jquery.js?ln=primefaces&v=4.0 HTTP/1.1" 304 -
190.130.73.49 - - [09/Mar/2022:12:43:44 -0500] "GET /sipse/faces/javax.faces.resource/jquery/jquery-plugins.js?ln=primefaces&v=4.0 HTTP/1.1" 304 -
190.130.73.49 - - [09/Mar/2022:12:43:44 -0500] "GET /sipse/faces/javax.faces.resource/primefaces.js?ln=primefaces&v=4.0 HTTP/1.1" 304 -
190.130.73.49 - - [09/Mar/2022:12:43:44 -0500] "GET /sipse/faces/javax.faces.resource/layout/layout.js?ln=primefaces&v=4.0 HTTP/1.1" 304 -
191.156.186.201 - - [09/Mar/2022:12:43:54 -0500] "GET /secretaria-de-ambiente-abre-ciclo-de-capacitaciones-sobre-techos-verdes-y-jardines-verticales.html?fbclid=IwAR01CzoagsMbMlZMk9zdIcADIz7Ql4GQngut_f5ZRqz4gAqmsQdlv4Df4N4 HTTP/1.1" 200 1078
200.118.64.109 - - [09/Mar/2022:12:43:55 -0500] "POST /forms/lservlet;jsessionid=ac16012b30d6279b796e45e74f80b2dcbf112250ef17.e3iSbxaKaheRe3qTch0LbxeTa41ynknvrkLOlQzNp65In0 HTTP/1.1" 200 2
190.130.73.49 - - [09/Mar/2022:12:43:59 -0500] "POST /sipse/faces/presentacion/financiero/solicitudProceso/consultarSolicitudProceso.xhtml HTTP/1.1" 200 32024
190.130.73.49 - - [09/Mar/2022:12:44:01 -0500] "GET /sipse/faces/javax.faces.resource/theme.css?ln=primefaces-sipse HTTP/1.1" 304 -
190.130.73.49 - - [09/Mar/2022:12:44:01 -0500] "GET /sipse/faces/javax.faces.resource/layout/layout.css?ln=primefaces&v=4.0 HTTP/1.1" 304 -
190.130.73.49 - - [09/Mar/2022:12:44:01 -0500] "GET /sipse/faces/javax.faces.resource/primefaces.css?ln=primefaces&v=4.0 HTTP/1.1" 304 -
190.130.73.49 - - [09/Mar/2022:12:44:01 -0500] "GET /sipse/faces/javax.faces.resource/jquery/jquery.js?ln=primefaces&v=4.0 HTTP/1.1" 304 -
190.130.73.49 - - [09/Mar/2022:12:44:01 -0500] "GET /sipse/faces/javax.faces.resource/jquery/jquery-plugins.js?ln=primefaces&v=4.0 HTTP/1.1" 304 -
190.130.73.49 - - [09/Mar/2022:12:44:02 -0500] "GET /sipse/faces/javax.faces.resource/primefaces.js?ln=primefaces&v=4.0 HTTP/1.1" 304 -
190.130.73.49 - - [09/Mar/2022:12:44:02 -0500] "GET /sipse/faces/javax.faces.resource/layout/layout.js?ln=primefaces&v=4.0 HTTP/1.1" 304 -
190.130.73.49 - - [09/Mar/2022:12:44:02 -0500] "POST /sipse/faces/presentacion/financiero/solicitudProceso/listarSolicitudProceso.xhtml HTTP/1.1" 200 1328
42.236.10.117 - - [09/Mar/2022:12:44:06 -0500] "GET / HTTP/1.1" 200 319
190.130.73.49 - - [09/Mar/2022:12:44:09 -0500] "GET /sipse/faces/faces/index.xhtml HTTP/1.1" 200 677
190.130.73.49 - - [09/Mar/2022:12:44:10 -0500] "GET /sipse/faces/javax.faces.resource/theme.css?ln=primefaces-sipse HTTP/1.1" 304 -
190.130.73.49 - - [09/Mar/2022:12:44:10 -0500] "GET /sipse/faces/faces/faces/autenticacion.xhtml HTTP/1.1" 200 12181
190.130.73.49 - - [09/Mar/2022:12:44:10 -0500] "GET /sipse/faces/javax.faces.resource/theme.css?ln=primefaces-sipse HTTP/1.1" 304 -
190.130.73.49 - - [09/Mar/2022:12:44:10 -0500] "GET /sipse/faces/javax.faces.resource/layout/layout.css?ln=primefaces&v=4.0 HTTP/1.1" 304 -
190.130.73.49 - - [09/Mar/2022:12:44:10 -0500] "GET /sipse/faces/javax.faces.resource/primefaces.css?ln=primefaces&v=4.0 HTTP/1.1" 304 -
190.130.73.49 - - [09/Mar/2022:12:44:10 -0500] "GET /sipse/faces/javax.faces.resource/jquery/jquery-plugins.js?ln=primefaces&v=4.0 HTTP/1.1" 304 -
190.130.73.49 - - [09/Mar/2022:12:44:10 -0500] "GET /sipse/faces/javax.faces.resource/jquery/jquery.js?ln=primefaces&v=4.0 HTTP/1.1" 304 -
190.130.73.49 - - [09/Mar/2022:12:44:10 -0500] "GET /sipse/faces/javax.faces.resource/primefaces.js?ln=primefaces&v=4.0 HTTP/1.1" 304 -
190.130.73.49 - - [09/Mar/2022:12:44:10 -0500] "GET /sipse/faces/javax.faces.resource/layout/layout.js?ln=primefaces&v=4.0 HTTP/1.1" 304 -
190.130.73.49 - - [09/Mar/2022:12:44:14 -0500] "POST /sipse/faces/autenticacion.xhtml HTTP/1.1" 200 2223
190.130.73.49 - - [09/Mar/2022:12:44:15 -0500] "POST /sipse/faces/autenticacion.xhtml HTTP/1.1" 200 16287
190.130.73.49 - - [09/Mar/2022:12:44:15 -0500] "GET /sipse/faces/javax.faces.resource/theme.css?ln=primefaces-sipse HTTP/1.1" 304 -
190.130.73.49 - - [09/Mar/2022:12:44:15 -0500] "GET /sipse/faces/javax.faces.resource/layout/layout.css?ln=primefaces&v=4.0 HTTP/1.1" 304 -
190.130.73.49 - - [09/Mar/2022:12:44:15 -0500] "GET /sipse/faces/javax.faces.resource/primefaces.css?ln=primefaces&v=4.0 HTTP/1.1" 304 -
190.130.73.49 - - [09/Mar/2022:12:44:15 -0500] "GET /sipse/faces/javax.faces.resource/jquery/jquery.js?ln=primefaces&v=4.0 HTTP/1.1" 304 -
190.130.73.49 - - [09/Mar/2022:12:44:15 -0500] "GET /sipse/faces/javax.faces.resource/jquery/jquery-plugins.js?ln=primefaces&v=4.0 HTTP/1.1" 304 -
190.130.73.49 - - [09/Mar/2022:12:44:16 -0500] "GET /sipse/faces/javax.faces.resource/primefaces.js?ln=primefaces&v=4.0 HTTP/1.1" 304 -
190.130.73.49 - - [09/Mar/2022:12:44:16 -0500] "GET /sipse/faces/javax.faces.resource/layout/layout.js?ln=primefaces&v=4.0 HTTP/1.1" 304 -
190.130.73.49 - - [09/Mar/2022:12:44:18 -0500] "POST /sipse/faces/bienvenido.xhtml HTTP/1.1" 200 9786
190.130.73.49 - - [09/Mar/2022:12:44:20 -0500] "POST /sipse/faces/bienvenido.xhtml HTTP/1.1" 200 2658
192.168.181.127 - - [09/Mar/2022:12:44:22 -0500] "GET /BLA/resoluciones/index.php?dir=AUTOS+2008%2F HTTP/1.1" 200 569644
190.130.73.49 - - [09/Mar/2022:12:44:21 -0500] "POST /sipse/faces/bienvenido.xhtml HTTP/1.1" 200 61208
190.130.73.49 - - [09/Mar/2022:12:44:23 -0500] "GET /sipse/faces/javax.faces.resource/theme.css?ln=primefaces-sipse HTTP/1.1" 304 -
190.130.73.49 - - [09/Mar/2022:12:44:23 -0500] "GET /sipse/faces/javax.faces.resource/primefaces.css?ln=primefaces&v=4.0 HTTP/1.1" 304 -
190.130.73.49 - - [09/Mar/2022:12:44:23 -0500] "GET /sipse/faces/javax.faces.resource/layout/layout.css?ln=primefaces&v=4.0 HTTP/1.1" 304 -
190.130.73.49 - - [09/Mar/2022:12:44:23 -0500] "GET /sipse/faces/javax.faces.resource/jquery/jquery.js?ln=primefaces&v=4.0 HTTP/1.1" 304 -
190.130.73.49 - - [09/Mar/2022:12:44:23 -0500] "GET /sipse/faces/javax.faces.resource/jquery/jquery-plugins.js?ln=primefaces&v=4.0 HTTP/1.1" 304 -
190.130.73.49 - - [09/Mar/2022:12:44:23 -0500] "GET /sipse/faces/javax.faces.resource/primefaces.js?ln=primefaces&v=4.0 HTTP/1.1" 304 -
190.130.73.49 - - [09/Mar/2022:12:44:23 -0500] "GET /sipse/faces/javax.faces.resource/layout/layout.js?ln=primefaces&v=4.0 HTTP/1.1" 304 -
190.130.73.49 - - [09/Mar/2022:12:44:24 -0500] "POST /sipse/faces/presentacion/financiero/solicitudProceso/listarSolicitudProceso.xhtml HTTP/1.1" 200 1452
23.100.232.233 - - [09/Mar/2022:12:44:35 -0500] "GET /galeria/galeria/jquery.fancybox.js?v=2.1.5 HTTP/1.1" 200 48706
23.100.232.233 - - [09/Mar/2022:12:44:35 -0500] "GET /galeria/galeria/jquery.fancybox.css?v=2.1.5 HTTP/1.1" 200 4895
192.168.181.127 - - [09/Mar/2022:12:44:38 -0500] "GET /BLA/resoluciones/AUTOS%202008/1712.pdf HTTP/1.1" 200 99297
181.55.146.228 - - [09/Mar/2022:12:44:51 -0500] "GET /BLA/resoluciones/ HTTP/1.1" 200 13093
181.55.146.228 - - [09/Mar/2022:12:44:51 -0500] "GET /BLA/resoluciones/dlf/styles.css HTTP/1.1" 200 3049
181.55.146.228 - - [09/Mar/2022:12:44:51 -0500] "GET /BLA/resoluciones/dlf/folder.png HTTP/1.1" 200 410
181.55.146.228 - - [09/Mar/2022:12:44:51 -0500] "GET /BLA/resoluciones/dlf/bg.gif HTTP/1.1" 200 54
181.48.202.190 - - [09/Mar/2022:12:44:53 -0500] "GET /BLA/resoluciones/RESOLUCIONES%202015/1042.pdf HTTP/1.1" 200 486040
181.55.146.228 - - [09/Mar/2022:12:44:53 -0500] "GET /BLA/resoluciones/dlf/dirup.png HTTP/1.1" 200 644
181.55.146.228 - - [09/Mar/2022:12:44:53 -0500] "GET /BLA/resoluciones/dlf/pdf.gif HTTP/1.1" 200 272
181.48.202.190 - - [09/Mar/2022:12:44:53 -0500] "GET /favicon.ico HTTP/1.1" 200 7782
181.55.146.228 - - [09/Mar/2022:12:44:53 -0500] "GET /BLA/resoluciones/index.php?dir=AUTOS+2015%2F HTTP/1.1" 200 576181
181.55.146.228 - - [09/Mar/2022:12:44:54 -0500] "GET /BLA/resoluciones/dlf/unknown.png HTTP/1.1" 200 266
103.178.236.75 - - [09/Mar/2022:12:45:41 -0500] "GET / HTTP/1.1" 200 319
200.118.64.109 - - [09/Mar/2022:12:45:55 -0500] "POST /forms/lservlet;jsessionid=ac16012b30d6279b796e45e74f80b2dcbf112250ef17.e3iSbxaKaheRe3qTch0LbxeTa41ynknvrkLOlQzNp65In0 HTTP/1.1" 200 2
181.94.208.144 - - [09/Mar/2022:12:46:17 -0500] "GET /galeria/galeria/jquery.fancybox.css?v=2.1.5 HTTP/1.1" 200 4895
181.94.208.144 - - [09/Mar/2022:12:46:17 -0500] "GET /BLA/boletinlegal/js/jquery.scrollShow.js HTTP/1.1" 200 4586
181.94.208.144 - - [09/Mar/2022:12:46:17 -0500] "GET /galeria/galeria/jquery.fancybox.js?v=2.1.5 HTTP/1.1" 200 48706
192.168.181.127 - - [09/Mar/2022:12:47:16 -0500] "GET /BLA/resoluciones/index.php?dir=AUTOS+2016%2F HTTP/1.1" 200 324450
186.155.43.72 - - [09/Mar/2022:12:47:30 -0500] "GET /se-abre-convocatoria-a-organizaciones-ambientales-para-generar-1-070-empleos-verdes-dirigidos-a-mujeres.html HTTP/1.1" 200 1128
216.245.221.92 - - [09/Mar/2022:12:47:39 -0500] "HEAD / HTTP/1.1" 200 -
186.29.181.37 - - [09/Mar/2022:12:47:47 -0500] "GET /galeria/galeria/jquery.fancybox.css?v=2.1.5 HTTP/1.1" 200 4895
186.29.181.37 - - [09/Mar/2022:12:47:47 -0500] "GET /galeria/galeria/jquery.fancybox.js?v=2.1.5 HTTP/1.1" 200 48706
200.118.64.109 - - [09/Mar/2022:12:47:56 -0500] "POST /forms/lservlet;jsessionid=ac16012b30d6279b796e45e74f80b2dcbf112250ef17.e3iSbxaKaheRe3qTch0LbxeTa41ynknvrkLOlQzNp65In0 HTTP/1.1" 200 2
179.33.135.190 - - [09/Mar/2022:12:48:34 -0500] "GET /galeria/galeria/jquery.fancybox.css?v=2.1.5 HTTP/1.1" 200 4895
192.168.181.127 - - [09/Mar/2022:12:49:42 -0500] "GET /BLA/resoluciones/index.php?dir=RESOLUCIONES+2017%2F HTTP/1.1" 200 276455
200.118.64.109 - - [09/Mar/2022:12:49:56 -0500] "POST /forms/lservlet;jsessionid=ac16012b30d6279b796e45e74f80b2dcbf112250ef17.e3iSbxaKaheRe3qTch0LbxeTa41ynknvrkLOlQzNp65In0 HTTP/1.1" 200 2
45.177.109.130 - - [09/Mar/2022:12:50:03 -0500] "GET /galeria/galeria/jquery.fancybox.css?v=2.1.5 HTTP/1.1" 200 4895
190.130.73.49 - - [09/Mar/2022:12:50:15 -0500] "GET /sipse/faces/javax.faces.resource/theme.css?ln=primefaces-sipse HTTP/1.1" 304 -
190.130.73.49 - - [09/Mar/2022:12:50:15 -0500] "GET /sipse/faces/javax.faces.resource/primefaces.css?ln=primefaces&v=4.0 HTTP/1.1" 304 -
190.130.73.49 - - [09/Mar/2022:12:50:15 -0500] "GET /sipse/faces/javax.faces.resource/jquery/jquery-plugins.js?ln=primefaces&v=4.0 HTTP/1.1" 304 -
190.130.73.49 - - [09/Mar/2022:12:50:15 -0500] "GET /sipse/faces/javax.faces.resource/layout/layout.css?ln=primefaces&v=4.0 HTTP/1.1" 304 -
190.130.73.49 - - [09/Mar/2022:12:50:15 -0500] "GET /sipse/faces/javax.faces.resource/jquery/jquery.js?ln=primefaces&v=4.0 HTTP/1.1" 304 -
190.130.73.49 - - [09/Mar/2022:12:50:15 -0500] "GET /sipse/faces/javax.faces.resource/primefaces.js?ln=primefaces&v=4.0 HTTP/1.1" 304 -
190.130.73.49 - - [09/Mar/2022:12:50:15 -0500] "GET /sipse/faces/javax.faces.resource/layout/layout.js?ln=primefaces&v=4.0 HTTP/1.1" 304 -
190.130.73.49 - - [09/Mar/2022:12:50:15 -0500] "GET /sipse/faces/javax.faces.resource/images/ui-icons_898989_256x240.png?ln=primefaces-aristo HTTP/1.1" 304 -
190.130.73.49 - - [09/Mar/2022:12:50:15 -0500] "GET /sipse/faces/faces/faces/index.xhtml HTTP/1.1" 200 677
190.130.73.49 - - [09/Mar/2022:12:50:16 -0500] "GET /sipse/faces/javax.faces.resource/theme.css?ln=primefaces-sipse HTTP/1.1" 304 -
190.130.73.49 - - [09/Mar/2022:12:50:16 -0500] "GET /sipse/faces/faces/faces/faces/autenticacion.xhtml HTTP/1.1" 200 12173
190.130.73.49 - - [09/Mar/2022:12:50:16 -0500] "GET /sipse/faces/javax.faces.resource/theme.css?ln=primefaces-sipse HTTP/1.1" 304 -
190.130.73.49 - - [09/Mar/2022:12:50:16 -0500] "GET /sipse/faces/javax.faces.resource/layout/layout.css?ln=primefaces&v=4.0 HTTP/1.1" 304 -
190.130.73.49 - - [09/Mar/2022:12:50:16 -0500] "GET /sipse/faces/javax.faces.resource/jquery/jquery.js?ln=primefaces&v=4.0 HTTP/1.1" 304 -
190.130.73.49 - - [09/Mar/2022:12:50:16 -0500] "GET /sipse/faces/javax.faces.resource/primefaces.css?ln=primefaces&v=4.0 HTTP/1.1" 304 -
190.130.73.49 - - [09/Mar/2022:12:50:16 -0500] "GET /sipse/faces/javax.faces.resource/jquery/jquery-plugins.js?ln=primefaces&v=4.0 HTTP/1.1" 304 -
190.130.73.49 - - [09/Mar/2022:12:50:16 -0500] "GET /sipse/faces/javax.faces.resource/primefaces.js?ln=primefaces&v=4.0 HTTP/1.1" 304 -
190.130.73.49 - - [09/Mar/2022:12:50:16 -0500] "GET /sipse/faces/javax.faces.resource/layout/layout.js?ln=primefaces&v=4.0 HTTP/1.1" 304 -
200.29.112.240 - - [09/Mar/2022:12:51:11 -0500] "GET /BLA/resoluciones/RESOLUCIONES%202021/5262.pdf HTTP/1.1" 200 370932
201.245.192.253 - - [09/Mar/2022:12:51:40 -0500] "GET /sipse/faces/javax.faces.resource/images/ui-bg_flat_0_2d5972_40x100.png?ln=primefaces-aristo HTTP/1.1" 304 -
201.245.192.253 - - [09/Mar/2022:12:51:40 -0500] "POST /sipse/faces/presentacion/financiero/solicitudProceso/consultarSolicitudProceso.xhtml HTTP/1.1" 200 40718
201.245.192.253 - - [09/Mar/2022:12:51:40 -0500] "GET /sipse/faces/javax.faces.resource/theme.css?ln=primefaces-sipse HTTP/1.1" 304 -
201.245.192.253 - - [09/Mar/2022:12:51:40 -0500] "GET /sipse/faces/javax.faces.resource/primefaces.css?ln=primefaces&v=4.0 HTTP/1.1" 304 -
201.245.192.253 - - [09/Mar/2022:12:51:40 -0500] "GET /sipse/faces/javax.faces.resource/layout/layout.css?ln=primefaces&v=4.0 HTTP/1.1" 304 -
201.245.192.253 - - [09/Mar/2022:12:51:40 -0500] "GET /sipse/faces/javax.faces.resource/jquery/jquery.js?ln=primefaces&v=4.0 HTTP/1.1" 304 -
201.245.192.253 - - [09/Mar/2022:12:51:40 -0500] "GET /sipse/faces/javax.faces.resource/jquery/jquery-plugins.js?ln=primefaces&v=4.0 HTTP/1.1" 304 -
201.245.192.253 - - [09/Mar/2022:12:51:40 -0500] "GET /sipse/css/imagen/contrasena.png HTTP/1.1" 404 383
201.245.192.253 - - [09/Mar/2022:12:51:40 -0500] "GET /sipse/faces/javax.faces.resource/primefaces.js?ln=primefaces&v=4.0 HTTP/1.1" 304 -
201.245.192.253 - - [09/Mar/2022:12:51:40 -0500] "GET /sipse/faces/javax.faces.resource/layout/layout.js?ln=primefaces&v=4.0 HTTP/1.1" 304 -
201.245.192.253 - - [09/Mar/2022:12:51:48 -0500] "POST /sipse/faces/presentacion/financiero/solicitudProceso/consultar.xhtml HTTP/1.1" 200 32955
201.245.192.253 - - [09/Mar/2022:12:51:48 -0500] "POST /sipse/faces/presentacion/financiero/solicitudProceso/consultar.xhtml HTTP/1.1" 200 32955
207.46.13.159 - - [09/Mar/2022:12:51:50 -0500] "GET /bla/resoluciones/resoluciones%202014/0534.pdf HTTP/1.1" 200 875473
200.118.64.109 - - [09/Mar/2022:12:51:56 -0500] "POST /forms/lservlet;jsessionid=ac16012b30d6279b796e45e74f80b2dcbf112250ef17.e3iSbxaKaheRe3qTch0LbxeTa41ynknvrkLOlQzNp65In0 HTTP/1.1" 200 2
201.245.192.253 - - [09/Mar/2022:12:51:51 -0500] "POST /kwsrmcab/Wsrmcab HTTP/1.1" 200 112396
216.245.221.92 - - [09/Mar/2022:12:52:39 -0500] "HEAD / HTTP/1.1" 200 -
200.118.64.109 - - [09/Mar/2022:12:53:56 -0500] "POST /forms/lservlet;jsessionid=ac16012b30d6279b796e45e74f80b2dcbf112250ef17.e3iSbxaKaheRe3qTch0LbxeTa41ynknvrkLOlQzNp65In0 HTTP/1.1" 200 2
190.26.142.137 - - [09/Mar/2022:12:54:56 -0500] "OPTIONS /kwssiamovil/sm/setfile/f? HTTP/1.1" 200 13
190.26.142.137 - - [09/Mar/2022:12:54:56 -0500] "POST /kwssiamovil/sm/setfile/f? HTTP/1.1" 200 381
190.26.142.137 - - [09/Mar/2022:12:54:59 -0500] "OPTIONS /kwssiamovil/sm/setfile/f? HTTP/1.1" 200 13
190.26.142.137 - - [09/Mar/2022:12:54:59 -0500] "POST /kwssiamovil/sm/setfile/f? HTTP/1.1" 200 381
190.26.142.137 - - [09/Mar/2022:12:55:02 -0500] "OPTIONS /kwssiamovil/sm/setfile/f? HTTP/1.1" 200 13
190.26.142.137 - - [09/Mar/2022:12:55:02 -0500] "POST /kwssiamovil/sm/setfile/f? HTTP/1.1" 200 381
190.26.142.137 - - [09/Mar/2022:12:55:04 -0500] "OPTIONS /kwssiamovil/sm/setfile/f? HTTP/1.1" 200 13
190.26.142.137 - - [09/Mar/2022:12:55:04 -0500] "POST /kwssiamovil/sm/setfile/f? HTTP/1.1" 200 381
190.26.142.137 - - [09/Mar/2022:12:55:14 -0500] "GET /kwssiamovil/sm/acme/a?s=U2FsdGVkX1+H1dNHwwgoFH/oRkbgNrWiVZKjjwNUF/l+WNLZMO85TFa0ItLsz8M2Xcp9XwaSne0f8a9BI5QIEZ2USVXGBvWa0Y90gPjQwVcuSFsit1AJtcK10fC+2XSD3tlFP47S91a64A4ECjIf4m5Gr2pVvq/uCPckQz0hbIcSAuf8tnoX92s0uMXRdt0ksAU2svdp1DDBmoOpP8HI0IBTzliTifRVJQ0EEM+zG3sWtChyIaiyfbfiC5NtFNiCMT6j+8PzgLF3gzuhmvPZnQ==&u=U2FsdGVkX19K+7SkkLP0lg+c2RJpH16FNx0X/FOeeNP+nfg+WKgdBNjLTKS0K5I7&y=U2FsdGVkX1+7pjaPLXaJELjshAbTkZXANvCL+nSgAGjKoG2uE0AFyXzUKtI+IjO2 HTTP/1.1" 200 25
190.26.142.137 - - [09/Mar/2022:12:55:14 -0500] "GET /kwssiamovil/sm/acme/a?s=U2FsdGVkX1+E1of1mdozeZ9qzd16X2qF73Kr0GueKAWW7s11sG4B0XjAUx9UQb7ILDIUOG36iE7LWXZV+462cw0MVQFjxz8TzXe5bdsQ9OnFW9W94a+QZXoNTLH5fc9RKJBm4iEg6bPTtNCOJTFxMinUWuBFkqAtSiJo7iIUoHBCcB3lvyK5zbWg0dyE8ujzFi6y78kMt71NViayf4UdH9tmD3g/ypBdv8YN61ZpdO8P7RLIBesIrUE+MTdzIeKU6yRJ0Ti56HkowxY6qkABNmSAitEoQXS0GQB4bVlVR1lRD0RF7LtY9YSGkAXCkyZkxfvSrLlporYSOZDUVH3/SrqVdf2rR7MeDt6jmL8Jn/Y6NYFEwsimaQ+zc+uRYeSa9RTTiPkUqUN7uofhfwOo/NZbm79j6WRii+ynw9UOcu3L+wEkG634DSM4htde4cb3XgQTInfAe2lZu50yRkMwIGRQG8j9S3pxlGbaa067Ptr2MJVPPd3jVdLnS4ZTn3DcZOxaqNf79LVoxl/j7m/KnJFP7UomVlylfjdL63vELVCqqjAQFPNg9VDE3+cUTlK9332df5wH/zVcZP26V8pgexMRUFj240/k5cZWJrOVRKU5vvy0ZiQOVDEBB0GYafN4KcZqi4vaK45RvJvDYAMRL5GmsWrOhzu0MfeIYYjoLjKfX+q9Myh72j2me/u7mrZ3aa5fIuwjTn4ly+EqO3sefc6lt7y13uEQLcGI3o6Bfos4bFwDCFVvT4GcuXfxEZXMAaOPFDqVN8h1e1dmKmVTCeubz2BhC2zvWGW22piA0mUoLxKpnUHUN33AQR+zDeMqM79bGXhJNoSjdcQoBOHFis52yPFo+k9lo9uRVYig5VuuWz8UyhqtRl8uso443UwMuWGNQERz0VXmpYGoMOWy5C5ptUQxiVTzf78VM6QXr6MaopovRDvzNfi1I5QfblhPMGuDRKZpPRCNFSMuYfmPu0CcNw237MSj/eHNIZ/8xeNWjiZfXpp6obwdcoWS1C3BAPHYxDri0lCysEJEGtu585ejFdDvAtRf9rgKgrWmnvP4y4B2LBK8LYz0Kk99eVGTeF4yloAkH5ZDIpZVhcekpBADx5W6VFe93s+hhVGkM8nj1lf6Y7Syw+iKiLERhyM8p/eO+KPTvttiUkcr2cgaDykm/xKwCvGRy2X8fFEIouqTudTYZpAE/kU54zMeU4I/h4FB8DkK6F8WyFLDJNMj/GrFS/Tm5KHCKojwtMCxVDk212g0q1LS+CqXKf+0165IqL3cTVQBmXYXtcBYcvuYYHXjm5L/LkUx7y8bqZodSV2CAGjKWFLZu5V1VaAG5Gop0rqPGENgHORxkipUmfVokBYHtaIxbzqtdWwGlQA3bhp+HrtBsEGuKucK/mOnDt06lNjAgLP2kvJUrvz3OhhirSoXqM9nWzPfgTVHdZhbKyHwJxHmBogOpZIlFS3PI+ikV7pn1+PHLnZVsv1A6ML8eGtq3CS00mQEYE6isxQQXKl6uWLhW+uaoQZSmp/+/xQCogF9i2kF81yrbP81ttH5h6ffilB1iXsgphf4UZm1wwotzawgdZIv7z0BnS9CKLkfti69v8KZ3OgbJCWRPqMIoEZORAOq5YHjip8f2ugNVROdOsG7VUCTQWqDKZfrrozh+XKVEF1BxaFQqnemx/nxU/nxrpI2wp/piCYNExGCudLuYeXH9AYenKHBVkeGKIrIL5/2CELKWgbihPi9PXIBz7T3PvvFNDAXAs0F3OI+SGSwt30ZMZ4QPHr/DglXN+MKgQAQEzymILL0XX/40ldUsL6WSEo4zJgv9uNMydQxc/7AI8mB/Ag+Tpv5Hk3ksWszdTIcUGYZBuv5JRqqmpsUXtEqCJM1a7urXY4XTuFAt7PRqJ5Z01PNsexms4XyAXUJBNcSb3D8YEI32P+I/PvSJ3i4DP5wdXldCXIunMA+RuawWSpKmqY9Ga1o6xDhV1ozriFV19JTQUG614QgzY9HwzEhRsLoqsibE7iHiXvTMY1+G+wPCIw9scOqSeEYSjBRcodsuysuP2QTtFEgzLLOTtzlLmNkOxLt/yp0hw7G4d2IY8HCuA4e5q8/ZP+hXZt9eWOzhNOf4cauFieaMSLLWPFRfW7oHCzKVCekjTvrLRDucazALqxRM5FZ3lTVQ0OVQA1S5GznUDJOAJVw3kd9loAbXv8ahXQam/UgSOfvDZi+ghguOuyqrPucDu2MEAEi5Fz+HCm3BD1LcxnhMbMvmQEdAGTtQy8mV6WnUHJOC1lREGm+LZHcxQNjK8IIHq6RwFZ7sVTcA4DJN/1Cij6re3EJ0p2cnpXsrHOF5D6PHTCxdWGeTkIeQ3Y6H3B4t1iNinXfdEAwiKGgVuPV8THITKxTH41kdOD/piQpikhBNroF2AlTAZIHqjnBsmKuu2wL8ysPc8yHOHV8hvP0TRWGqgiDf06Y34shqw9E6f3rANL2qnRMCV5vMR9YGsy0fzYtVMSQCW31OtemvJxaU8DKYaL6SpxGwTo9Pg6xbNq8SRBPnnP9Tc9sDMNUOSWXsQi0qKOdqULDXruMwLF+to/nqigVyEWSOuERnDj1Td4qQ9VomlepVFkqm1hgMLxGEXAFzWUZLXlTw2Xg47ceQt8aPjrwe2Bqqg+19gTz+FQQFeLoZpNI9iXehS5nCuYMKvyFahS5Fcjo0MRrpqFneGbgg3M8l6lr/nhkbvNNxW2kSe1VpKL3NNVbsHCDBMrUgbh4qPdVgmlxcxCXcwT78MKYdkkcRRIKgrWoQUj4nQvekIqa4YYZTeLMDhv94rAhGTMPliEm6SdcscGCKL3UTCz8z75/yBiMzQpz8/qWqeJC3bo=&u=U2FsdGVkX19K+7SkkLP0lg+c2RJpH16FNx0X/FOeeNP+nfg+WKgdBNjLTKS0K5I7&y=U2FsdGVkX1+7pjaPLXaJELjshAbTkZXANvCL+nSgAGjKoG2uE0AFyXzUKtI+IjO2 HTTP/1.1" 200 25
190.26.142.137 - - [09/Mar/2022:12:55:14 -0500] "GET /kwssiamovil/sm/acme/a?s=U2FsdGVkX18UEOcnzdGxxD8Ph0TxV1YDp7ehHR5QuWZ/8k7I6HIwolUDfoGPvxx20QnKMekx4Pac2Xfg1SGE7SrSgelD4OGFVsFZEcgQYjdAieYS/crWinWR68ryzM8yVFLe32cvpTcBw7l8NIA9FVIwQ0qUyritCAujvY+c2hE=&u=U2FsdGVkX19K+7SkkLP0lg+c2RJpH16FNx0X/FOeeNP+nfg+WKgdBNjLTKS0K5I7&y=U2FsdGVkX1+7pjaPLXaJELjshAbTkZXANvCL+nSgAGjKoG2uE0AFyXzUKtI+IjO2 HTTP/1.1" 200 25
190.26.142.137 - - [09/Mar/2022:12:55:14 -0500] "GET /kwssiamovil/sm/acme/a?s=U2FsdGVkX1+iExxk4Oj+/IcN+GW3RnJI14B4kbKwBsMGksLT5b2O3zRjPbUXmaH2m/xrAffwvxYr+Rw/8kKuOIQwpMVJG5Ik29QqgHDXT4mq1J5AgXfPIsqDDgGayu/9VYije1z4RfShBVnU/3iA/MVrMW2L6WQt2K3d+b3y+A4=&u=U2FsdGVkX19K+7SkkLP0lg+c2RJpH16FNx0X/FOeeNP+nfg+WKgdBNjLTKS0K5I7&y=U2FsdGVkX1+7pjaPLXaJELjshAbTkZXANvCL+nSgAGjKoG2uE0AFyXzUKtI+IjO2 HTTP/1.1" 200 25
190.26.142.137 - - [09/Mar/2022:12:55:14 -0500] "GET /kwssiamovil/sm/acme/a?s=U2FsdGVkX1/gv72xqaIsdzAXcEVe/4ZsMOTLDRTiSamiX+bLSnmjMnY3a1XbcRIykMBd0borF5TFQUBNGyXG9nAwgPoFDxW2rdHvXsn+0HldfDlbZPFSe7Fzy08fANXN62mdKRCRAr53YkQdrm0nl1I/2daG47ZID2WGD/CK+h4=&u=U2FsdGVkX19K+7SkkLP0lg+c2RJpH16FNx0X/FOeeNP+nfg+WKgdBNjLTKS0K5I7&y=U2FsdGVkX1+7pjaPLXaJELjshAbTkZXANvCL+nSgAGjKoG2uE0AFyXzUKtI+IjO2 HTTP/1.1" 200 25
190.26.142.137 - - [09/Mar/2022:12:55:15 -0500] "GET /kwssiamovil/sm/acme/a?s=U2FsdGVkX18E6j4gP58iLaaull5cdHnc94/YkqMJjPw4spYGTqYJputzxWZzZ6dDcyRetB8Cx5UHirYEWRVnkmLFPZsBgZBjE84J5xIOckp8DioPbve7vFoQQ/TnILLHhQhM3OZfauQrnZGL3m8MMCDZiz6XKR3dIFZ9GwoUe26kEL3qGyhuq4y4HhNdhvA356Y5lNjDDnH/WfZCMy9r8g==&u=U2FsdGVkX19K+7SkkLP0lg+c2RJpH16FNx0X/FOeeNP+nfg+WKgdBNjLTKS0K5I7&y=U2FsdGVkX1+7pjaPLXaJELjshAbTkZXANvCL+nSgAGjKoG2uE0AFyXzUKtI+IjO2 HTTP/1.1" 200 24
190.26.142.137 - - [09/Mar/2022:12:55:15 -0500] "GET /kwssiamovil/sm/acme/a?s=U2FsdGVkX1/Ee63g76U+N0LAnxJK2xKUNF8GYgrSKDVhaeQKCRkvme5QxOuCHmg4n6cgU0Vj71rxnEpjMD8FkS1CPb/afo0TSC8fCwvSSXtX7dFBUXLkhl2W72TZPNTeZVpxYRLD+Y4JQHzzAPlZVg0sILSFA2LguUNt7dfIiJpOLi4flgU0qFAvXqU5TJMoRhsBPWSJOH70Yv5WCxVPTw==&u=U2FsdGVkX19K+7SkkLP0lg+c2RJpH16FNx0X/FOeeNP+nfg+WKgdBNjLTKS0K5I7&y=U2FsdGVkX1+7pjaPLXaJELjshAbTkZXANvCL+nSgAGjKoG2uE0AFyXzUKtI+IjO2 HTTP/1.1" 200 25
190.26.142.137 - - [09/Mar/2022:12:55:15 -0500] "GET /kwssiamovil/sm/acme/a?s=U2FsdGVkX1+0ZE9rK2OEGR0GukeyN6AfLmVoT5uJt2HtNzFHS7ozebekVb/crV4zA0sWZ5imbS6Iv3xyAHgRShV/JC3tb3ErbdW17G5Wop+nal9iGOl6WalzyC1TqiBjGCfgT8XPGUxof4N9c9m2zaS24NkHoPv5N2gnEO6uxM305++RFioKyYVDs8Xstfxk&u=U2FsdGVkX19K+7SkkLP0lg+c2RJpH16FNx0X/FOeeNP+nfg+WKgdBNjLTKS0K5I7&y=U2FsdGVkX1+7pjaPLXaJELjshAbTkZXANvCL+nSgAGjKoG2uE0AFyXzUKtI+IjO2 HTTP/1.1" 200 24
190.26.142.137 - - [09/Mar/2022:12:55:15 -0500] "GET /kwssiamovil/sm/acme/a?s=U2FsdGVkX1+MTlBh2ICgxNwjuysWj6a79yFtAVAJ12DGKHMMpk+RWPZJ3PCUQuxg/JjePR8D+IcGnzfYIy4j2KKDqtlZYK+p+E3/Bn2YgIZcOcXKt5OGG01QhLoIphXrRju4X9UL/MwrL/8CWDhkV9ZPlw4o8zfYM31pD1Xc6HbcTbbTnisYLPMkCy1H08+L0eEsKw4pRfRacXr4a2RJIQ==&u=U2FsdGVkX19K+7SkkLP0lg+c2RJpH16FNx0X/FOeeNP+nfg+WKgdBNjLTKS0K5I7&y=U2FsdGVkX1+7pjaPLXaJELjshAbTkZXANvCL+nSgAGjKoG2uE0AFyXzUKtI+IjO2 HTTP/1.1" 200 25
190.26.142.137 - - [09/Mar/2022:12:55:15 -0500] "GET /kwssiamovil/sm/acme/a?s=U2FsdGVkX18G/c5Vn7lxThwfqtuCJmLAB153mErnOuZFLX5hYp1J+QFv40QYToddSmU4HOFUeEUrqcp/RSVVizMA/bSHTtw/y17O0rU6z76FN/5ha7oS2BQkmkEOgIHGYH2rA7efzHxNNL4O5syIIHsX+9k0bfe1ZdZYk+AUPl/MKq4suguiMgloV8nbFsie&u=U2FsdGVkX19K+7SkkLP0lg+c2RJpH16FNx0X/FOeeNP+nfg+WKgdBNjLTKS0K5I7&y=U2FsdGVkX1+7pjaPLXaJELjshAbTkZXANvCL+nSgAGjKoG2uE0AFyXzUKtI+IjO2 HTTP/1.1" 200 25
190.26.142.137 - - [09/Mar/2022:12:55:15 -0500] "GET /kwssiamovil/sm/acme/a?s=U2FsdGVkX195Jlc6WfDbm1aXTlb2lZWEGHG40Nd3uhjfVyLBMb/hkx6QlhEh/qV/OIAtgOiCsNR7b64TL21gMNiLAeG+89ZYUiIKDcBf0yM6D3y/Sv9iZKIKvx96IXpncSGd/LQa8xZ82R3LVcXyeAgqV8qbcj99ZU+jUOlFO7ufxUcs+D4bQO5yc7S6n4/jDcuRw/rNCmKGmjg37YHkiA==&u=U2FsdGVkX19K+7SkkLP0lg+c2RJpH16FNx0X/FOeeNP+nfg+WKgdBNjLTKS0K5I7&y=U2FsdGVkX1+7pjaPLXaJELjshAbTkZXANvCL+nSgAGjKoG2uE0AFyXzUKtI+IjO2 HTTP/1.1" 200 25
190.26.142.137 - - [09/Mar/2022:12:55:16 -0500] "GET /kwssiamovil/sm/acme/a?s=U2FsdGVkX18ocYi32rne+wKx6fmxcfOuamFK/UIr9v4qMhrUi6r0jKuZi9XuPYEKxzz16TcrnAoa3k9cePyUs6CDi0x0Ses3KmQhJc73KqXXB6pWUtNZViUYyRaI4FcbxGRI6D8/lJ9LiIIa+wuToLnXQl8QkHw+5dxnzjHZjFleN4XAqjDlPheWFSfsw4RU&u=U2FsdGVkX19K+7SkkLP0lg+c2RJpH16FNx0X/FOeeNP+nfg+WKgdBNjLTKS0K5I7&y=U2FsdGVkX1+7pjaPLXaJELjshAbTkZXANvCL+nSgAGjKoG2uE0AFyXzUKtI+IjO2 HTTP/1.1" 200 25
190.26.142.137 - - [09/Mar/2022:12:55:16 -0500] "GET /kwssiamovil/sm/acme/a?s=U2FsdGVkX18yDe6U4gAo+epfH+pZriwMHGZqBqnsxdi2Nl/6GxKw5hiRqsuABojM4duE9pF22qaSIM8uI+pfSYsOOWdXGpmFbOQSt5rFQcv8/gePBXJBgyHz9iYSJy+OLEogM4NggMuG9QAepnqJRcpTsQcJVbUvB5AFTmp/28z1J4/xaG8UYXdFdllyuFqQyIXUcQXoGFm4laqDhY/22A==&u=U2FsdGVkX19K+7SkkLP0lg+c2RJpH16FNx0X/FOeeNP+nfg+WKgdBNjLTKS0K5I7&y=U2FsdGVkX1+7pjaPLXaJELjshAbTkZXANvCL+nSgAGjKoG2uE0AFyXzUKtI+IjO2 HTTP/1.1" 200 25
190.26.142.137 - - [09/Mar/2022:12:55:16 -0500] "GET /kwssiamovil/sm/acme/a?s=U2FsdGVkX19FZqROnkQsKbhxWFZB4pCcFBiqLJDW4Mq6rJhpFzUt0pzQTCJfRpwBU61MXYc6Gx031qJNWjJJoXpdHBh80zzWTZ+lIYDEGOefKx4YizyEL9rpPeUkoNlArcXud1i0JOu7viz8nCG4Yr9jpuL0TGqQKWaUv/ifMXgvTUCNVxAubZzJRMp4xSgRQv8YKD/wLjaIlQ8FgYp07w==&u=U2FsdGVkX19K+7SkkLP0lg+c2RJpH16FNx0X/FOeeNP+nfg+WKgdBNjLTKS0K5I7&y=U2FsdGVkX1+7pjaPLXaJELjshAbTkZXANvCL+nSgAGjKoG2uE0AFyXzUKtI+IjO2 HTTP/1.1" 200 25
200.118.64.109 - - [09/Mar/2022:12:55:56 -0500] "POST /forms/lservlet;jsessionid=ac16012b30d6279b796e45e74f80b2dcbf112250ef17.e3iSbxaKaheRe3qTch0LbxeTa41ynknvrkLOlQzNp65In0 HTTP/1.1" 200 2
40.77.139.50 - - [09/Mar/2022:12:56:20 -0500] "GET /galeria/galeria/jquery.fancybox.js?v=2.1.5 HTTP/1.1" 200 48706
157.55.39.48 - - [09/Mar/2022:12:56:51 -0500] "GET /bla/resoluciones/resoluciones%202014/2734.pdf HTTP/1.1" 200 286873
216.245.221.92 - - [09/Mar/2022:12:57:39 -0500] "HEAD / HTTP/1.1" 200 -
200.118.64.109 - - [09/Mar/2022:12:57:56 -0500] "POST /forms/lservlet;jsessionid=ac16012b30d6279b796e45e74f80b2dcbf112250ef17.e3iSbxaKaheRe3qTch0LbxeTa41ynknvrkLOlQzNp65In0 HTTP/1.1" 200 2
40.77.167.66 - - [09/Mar/2022:12:57:57 -0500] "GET /portaldeninos/contactanos/ HTTP/1.1" 200 80957
173.231.60.194 - - [09/Mar/2022:12:58:21 -0500] "GET /BLA/resoluciones/index.php?dir=RESOLUCIONES%202005%2FRES%202005%20451-500%2F&sort=name&order=asc HTTP/1.1" 200 12244
173.252.95.20 - - [09/Mar/2022:12:58:23 -0500] "GET /acercar-programa-del-distrito-para-ayudar-a-las-empresas-a-crecer-de-manera-sostenible.html HTTP/1.1" 206 979
173.252.95.23 - - [09/Mar/2022:12:58:23 -0500] "GET /acercar-programa-del-distrito-para-ayudar-a-las-empresas-a-crecer-de-manera-sostenible.html HTTP/1.1" 206 979
173.231.60.194 - - [09/Mar/2022:12:58:26 -0500] "GET /BLA/resoluciones/index.php?dir=RESOLUCIONES%202005%2FRES%202005%20501-550%2F&sort=name&order=asc HTTP/1.1" 200 12244
173.231.60.194 - - [09/Mar/2022:12:58:32 -0500] "GET /BLA/resoluciones/index.php?dir=RESOLUCIONES%202005%2FRES%202005%20551-600%2F&sort=name&order=asc HTTP/1.1" 200 12249
173.231.60.194 - - [09/Mar/2022:12:58:38 -0500] "GET /BLA/resoluciones/index.php?dir=RESOLUCIONES%202005%2FRES%202005%20601-650%2F&sort=name&order=asc HTTP/1.1" 200 12246
173.231.60.194 - - [09/Mar/2022:12:58:43 -0500] "GET /BLA/resoluciones/index.php?dir=RESOLUCIONES%202005%2FRES%202005%20651-700%2F&sort=name&order=asc HTTP/1.1" 200 12232
173.231.60.194 - - [09/Mar/2022:12:58:49 -0500] "GET /BLA/resoluciones/index.php?dir=RESOLUCIONES%202005%2FRES%202005%20701-750%2F&sort=name&order=asc HTTP/1.1" 200 12247
173.231.60.194 - - [09/Mar/2022:12:58:55 -0500] "GET /BLA/resoluciones/index.php?dir=RESOLUCIONES%202005%2FRES%202005%20751-800%2F&sort=name&order=asc HTTP/1.1" 200 12254
173.231.60.194 - - [09/Mar/2022:12:59:01 -0500] "GET /BLA/resoluciones/index.php?dir=RESOLUCIONES%202005%2FRES%202005%20801-850%2F&sort=name&order=asc HTTP/1.1" 200 12246
173.231.60.194 - - [09/Mar/2022:12:59:06 -0500] "GET /BLA/resoluciones/index.php?dir=RESOLUCIONES%202005%2FRES%202005%20851-900%2F&sort=name&order=asc HTTP/1.1" 200 12242
173.231.60.194 - - [09/Mar/2022:12:59:12 -0500] "GET /BLA/resoluciones/index.php?dir=RESOLUCIONES%202005%2FRES%202005%20901-950%2F&sort=name&order=asc HTTP/1.1" 200 12245
173.231.60.194 - - [09/Mar/2022:12:59:19 -0500] "GET /BLA/resoluciones/index.php?dir=RESOLUCIONES%202006%2FRES%202006%20101-150%2F&sort=name&order=asc HTTP/1.1" 200 12241
40.77.167.55 - - [09/Mar/2022:12:57:42 -0500] "GET /BLA/boletinlegal/index.php HTTP/1.1" 200 63270
173.231.60.194 - - [09/Mar/2022:12:59:25 -0500] "GET /BLA/resoluciones/index.php?dir=RESOLUCIONES%202006%2FRES%202006%20151-200%2F&sort=name&order=asc HTTP/1.1" 200 12238
173.231.60.194 - - [09/Mar/2022:12:59:31 -0500] "GET /BLA/resoluciones/index.php?dir=RESOLUCIONES%202006%2FRES%202006%20201-250%2F&sort=name&order=asc HTTP/1.1" 200 12238
173.231.60.194 - - [09/Mar/2022:12:59:36 -0500] "GET /BLA/resoluciones/index.php?dir=RESOLUCIONES%202006%2FRES%202006%20251-300%2F&sort=name&order=asc HTTP/1.1" 200 12236
173.231.60.194 - - [09/Mar/2022:12:59:43 -0500] "GET /BLA/resoluciones/index.php?dir=RESOLUCIONES%202006%2FRES%202006%20301-350%2F&sort=name&order=asc HTTP/1.1" 200 12249
173.231.60.194 - - [09/Mar/2022:12:59:49 -0500] "GET /BLA/resoluciones/index.php?dir=RESOLUCIONES%202006%2FRES%202006%20351-400%2F&sort=name&order=asc HTTP/1.1" 200 12234
173.231.60.194 - - [09/Mar/2022:12:59:54 -0500] "GET /BLA/resoluciones/index.php?dir=RESOLUCIONES%202006%2FRES%202006%20401-450%2F&sort=name&order=asc HTTP/1.1" 200 12245
200.118.64.109 - - [09/Mar/2022:12:59:56 -0500] "POST /forms/lservlet;jsessionid=ac16012b30d6279b796e45e74f80b2dcbf112250ef17.e3iSbxaKaheRe3qTch0LbxeTa41ynknvrkLOlQzNp65In0 HTTP/1.1" 200 2
173.231.60.194 - - [09/Mar/2022:13:00:00 -0500] "GET /BLA/resoluciones/index.php?dir=RESOLUCIONES%202006%2FRES%202006%20451-500%2F&sort=name&order=asc HTTP/1.1" 200 12244
173.231.60.194 - - [09/Mar/2022:13:00:06 -0500] "GET /BLA/resoluciones/index.php?dir=RESOLUCIONES%202006%2FRES%202006%20501-550%2F&sort=name&order=asc HTTP/1.1" 200 12241
173.231.60.194 - - [09/Mar/2022:13:00:11 -0500] "GET /BLA/resoluciones/index.php?dir=RESOLUCIONES%202006%2FRES%202006%20551-600%2F&sort=name&order=asc HTTP/1.1" 200 12250
173.231.60.194 - - [09/Mar/2022:13:00:17 -0500] "GET /BLA/resoluciones/index.php?dir=RESOLUCIONES%202006%2FRES%202006%20601-650%2F&sort=name&order=asc HTTP/1.1" 200 12250
173.231.60.194 - - [09/Mar/2022:13:00:23 -0500] "GET /BLA/resoluciones/index.php?dir=RESOLUCIONES%202006%2FRES%202006%20651-700%2F&sort=name&order=asc HTTP/1.1" 200 12252
173.231.60.194 - - [09/Mar/2022:13:00:28 -0500] "GET /BLA/resoluciones/index.php?dir=RESOLUCIONES%202006%2FRES%202006%20701-750%2F&sort=name&order=asc HTTP/1.1" 200 12251
191.156.54.11 - - [09/Mar/2022:13:00:34 -0500] "GET /sipse/faces/faces/faces/faces/faces/faces/faces/faces/faces/faces/faces/faces/faces/faces/faces/faces/faces/faces/faces/faces/faces/faces/index.xhtml HTTP/1.1" 200 677
173.231.60.194 - - [09/Mar/2022:13:00:35 -0500] "GET /BLA/resoluciones/index.php?dir=RESOLUCIONES%202006%2FRES%202006%20751-800%2F&sort=name&order=asc HTTP/1.1" 200 12235
191.156.54.11 - - [09/Mar/2022:13:00:35 -0500] "GET /sipse/faces/javax.faces.resource/theme.css?ln=primefaces-sipse HTTP/1.1" 200 50058
173.231.60.194 - - [09/Mar/2022:13:00:40 -0500] "GET /BLA/resoluciones/index.php?dir=RESOLUCIONES%202006%2FRES%202006%20801-850%2F&sort=name&order=asc HTTP/1.1" 200 12230
173.231.60.194 - - [09/Mar/2022:13:00:46 -0500] "GET /BLA/resoluciones/index.php?dir=RESOLUCIONES%202006%2FRES%202006%20851-900%2F&sort=name&order=asc HTTP/1.1" 200 12234
173.231.60.194 - - [09/Mar/2022:13:00:52 -0500] "GET /BLA/resoluciones/index.php?dir=RESOLUCIONES%202006%2FRES%202006%20901-950%2F&sort=name&order=asc HTTP/1.1" 200 12239
173.231.60.194 - - [09/Mar/2022:13:00:57 -0500] "GET /BLA/resoluciones/index.php?dir=RESOLUCIONES%202002%2FRES%202002%20951-1000%2F&sort=name&order=asc HTTP/1.1" 200 12521
173.231.60.194 - - [09/Mar/2022:13:01:03 -0500] "GET /BLA/resoluciones/index.php?dir=RESOLUCIONES%202003%2FRES%202003%20951-1000%2F&sort=name&order=asc HTTP/1.1" 200 11179
173.231.60.194 - - [09/Mar/2022:13:01:09 -0500] "GET /BLA/resoluciones/index.php?dir=RESOLUCIONES%202004%2FRES%202004%20951-1000%2F&sort=name&order=asc HTTP/1.1" 200 12101
173.231.60.194 - - [09/Mar/2022:13:01:15 -0500] "GET /BLA/resoluciones/index.php?dir=RESOLUCIONES%202005%2FRES%202005%20201-250%2F&sort=size&order=desc HTTP/1.1" 200 12247
173.231.60.194 - - [09/Mar/2022:13:01:20 -0500] "GET /BLA/resoluciones/index.php?dir=RESOLUCIONES%202005%2FRES%202005%20251-300%2F&sort=date&order=desc HTTP/1.1" 200 12253
173.231.60.194 - - [09/Mar/2022:13:01:26 -0500] "GET /BLA/resoluciones/index.php?dir=RESOLUCIONES%202005%2FRES%202005%20251-300%2F&sort=size&order=desc HTTP/1.1" 200 12253
191.156.235.23 - - [09/Mar/2022:13:01:29 -0500] "GET /galeria/galeria/jquery.fancybox.css?v=2.1.5 HTTP/1.1" 200 4895
173.231.60.194 - - [09/Mar/2022:13:01:32 -0500] "GET /BLA/resoluciones/index.php?dir=RESOLUCIONES%202005%2FRES%202005%20301-351%2F&sort=date&order=desc HTTP/1.1" 200 12251
173.231.60.194 - - [09/Mar/2022:13:01:38 -0500] "GET /BLA/resoluciones/index.php?dir=RESOLUCIONES%202005%2FRES%202005%20301-351%2F&sort=size&order=desc HTTP/1.1" 200 12251
173.231.60.194 - - [09/Mar/2022:13:01:43 -0500] "GET /BLA/resoluciones/index.php?dir=RESOLUCIONES%202005%2FRES%202005%20351-400%2F&sort=date&order=desc HTTP/1.1" 200 12242
173.231.60.194 - - [09/Mar/2022:13:01:50 -0500] "GET /BLA/resoluciones/index.php?dir=RESOLUCIONES%202005%2FRES%202005%20351-400%2F&sort=size&order=desc HTTP/1.1" 200 12242
173.231.60.194 - - [09/Mar/2022:13:01:55 -0500] "GET /BLA/resoluciones/index.php?dir=RESOLUCIONES%202005%2FRES%202005%20401-450%2F&sort=date&order=desc HTTP/1.1" 200 12253
200.118.64.109 - - [09/Mar/2022:13:01:56 -0500] "POST /forms/lservlet;jsessionid=ac16012b30d6279b796e45e74f80b2dcbf112250ef17.e3iSbxaKaheRe3qTch0LbxeTa41ynknvrkLOlQzNp65In0 HTTP/1.1" 200 2
173.231.60.194 - - [09/Mar/2022:13:02:01 -0500] "GET /BLA/resoluciones/index.php?dir=RESOLUCIONES%202005%2FRES%202005%20401-450%2F&sort=size&order=desc HTTP/1.1" 200 12253
173.231.60.194 - - [09/Mar/2022:13:02:07 -0500] "GET /BLA/resoluciones/index.php?dir=RESOLUCIONES%202005%2FRES%202005%20451-500%2F&sort=date&order=desc HTTP/1.1" 200 12243
173.231.60.194 - - [09/Mar/2022:13:02:13 -0500] "GET /BLA/resoluciones/index.php?dir=RESOLUCIONES%202005%2FRES%202005%20451-500%2F&sort=size&order=desc HTTP/1.1" 200 12243
173.231.60.194 - - [09/Mar/2022:13:02:18 -0500] "GET /BLA/resoluciones/index.php?dir=RESOLUCIONES%202005%2FRES%202005%20501-550%2F&sort=date&order=desc HTTP/1.1" 200 12243
173.231.60.194 - - [09/Mar/2022:13:02:24 -0500] "GET /BLA/resoluciones/index.php?dir=RESOLUCIONES%202005%2FRES%202005%20501-550%2F&sort=size&order=desc HTTP/1.1" 200 12243
173.231.60.194 - - [09/Mar/2022:13:02:30 -0500] "GET /BLA/resoluciones/index.php?dir=RESOLUCIONES%202005%2FRES%202005%20551-600%2F&sort=date&order=desc HTTP/1.1" 200 12248
201.245.192.253 - - [09/Mar/2022:13:01:51 -0500] "POST /kwsrmcab/Wsrmcab HTTP/1.1" 200 112396
173.231.60.194 - - [09/Mar/2022:13:02:35 -0500] "GET /BLA/resoluciones/index.php?dir=RESOLUCIONES%202005%2FRES%202005%20551-600%2F&sort=size&order=desc HTTP/1.1" 200 12248
216.245.221.92 - - [09/Mar/2022:13:02:39 -0500] "HEAD / HTTP/1.1" 200 -
173.231.60.194 - - [09/Mar/2022:13:02:41 -0500] "GET /BLA/resoluciones/index.php?dir=RESOLUCIONES%202005%2FRES%202005%20601-650%2F&sort=date&order=desc HTTP/1.1" 200 12245
173.231.60.194 - - [09/Mar/2022:13:02:47 -0500] "GET /BLA/resoluciones/index.php?dir=RESOLUCIONES%202005%2FRES%202005%20601-650%2F&sort=size&order=desc HTTP/1.1" 200 12245
173.231.60.194 - - [09/Mar/2022:13:02:52 -0500] "GET /BLA/resoluciones/index.php?dir=RESOLUCIONES%202005%2FRES%202005%20651-700%2F&sort=date&order=desc HTTP/1.1" 200 12231
173.231.60.194 - - [09/Mar/2022:13:02:58 -0500] "GET /BLA/resoluciones/index.php?dir=RESOLUCIONES%202005%2FRES%202005%20651-700%2F&sort=size&order=desc HTTP/1.1" 200 12231
173.231.60.194 - - [09/Mar/2022:13:03:03 -0500] "GET /BLA/resoluciones/index.php?dir=RESOLUCIONES%202005%2FRES%202005%20701-750%2F&sort=date&order=desc HTTP/1.1" 200 12246
173.231.60.194 - - [09/Mar/2022:13:03:09 -0500] "GET /BLA/resoluciones/index.php?dir=RESOLUCIONES%202005%2FRES%202005%20701-750%2F&sort=size&order=desc HTTP/1.1" 200 12246
40.77.167.53 - - [09/Mar/2022:13:03:15 -0500] "GET /bla/resoluciones/resoluciones%202014/0355.pdf HTTP/1.1" 200 493723
173.231.60.194 - - [09/Mar/2022:13:03:15 -0500] "GET /BLA/resoluciones/index.php?dir=RESOLUCIONES%202005%2FRES%202005%20751-800%2F&sort=date&order=desc HTTP/1.1" 200 12253
173.231.60.194 - - [09/Mar/2022:13:03:21 -0500] "GET /BLA/resoluciones/index.php?dir=RESOLUCIONES%202005%2FRES%202005%20751-800%2F&sort=size&order=desc HTTP/1.1" 200 12253
173.231.60.194 - - [09/Mar/2022:13:03:27 -0500] "GET /BLA/resoluciones/index.php?dir=RESOLUCIONES%202005%2FRES%202005%20801-850%2F&sort=date&order=desc HTTP/1.1" 200 12245
173.231.60.194 - - [09/Mar/2022:13:03:33 -0500] "GET /BLA/resoluciones/index.php?dir=RESOLUCIONES%202005%2FRES%202005%20801-850%2F&sort=size&order=desc HTTP/1.1" 200 12245
173.231.60.194 - - [09/Mar/2022:13:03:40 -0500] "GET /BLA/resoluciones/index.php?dir=RESOLUCIONES%202005%2FRES%202005%20851-900%2F&sort=date&order=desc HTTP/1.1" 200 12241
173.231.60.194 - - [09/Mar/2022:13:03:46 -0500] "GET /BLA/resoluciones/index.php?dir=RESOLUCIONES%202005%2FRES%202005%20851-900%2F&sort=size&order=desc HTTP/1.1" 200 12241
173.231.60.194 - - [09/Mar/2022:13:03:53 -0500] "GET /BLA/resoluciones/index.php?dir=RESOLUCIONES%202005%2FRES%202005%20901-950%2F&sort=date&order=desc HTTP/1.1" 200 12244
200.118.64.109 - - [09/Mar/2022:13:03:56 -0500] "POST /forms/lservlet;jsessionid=ac16012b30d6279b796e45e74f80b2dcbf112250ef17.e3iSbxaKaheRe3qTch0LbxeTa41ynknvrkLOlQzNp65In0 HTTP/1.1" 200 2
173.231.60.194 - - [09/Mar/2022:13:03:59 -0500] "GET /BLA/resoluciones/index.php?dir=RESOLUCIONES%202005%2FRES%202005%20901-950%2F&sort=size&order=desc HTTP/1.1" 200 12244
173.231.60.194 - - [09/Mar/2022:13:04:04 -0500] "GET /BLA/resoluciones/index.php?dir=RESOLUCIONES%202005%2FRES%202005%20951-1000%2F&sort=name&order=asc HTTP/1.1" 200 12304
173.231.60.194 - - [09/Mar/2022:13:04:10 -0500] "GET /BLA/resoluciones/index.php?dir=RESOLUCIONES%202006%2FRES%202006%20101-150%2F&sort=date&order=desc HTTP/1.1" 200 12240
173.231.60.194 - - [09/Mar/2022:13:04:16 -0500] "GET /BLA/resoluciones/index.php?dir=RESOLUCIONES%202006%2FRES%202006%20101-150%2F&sort=size&order=desc HTTP/1.1" 200 12240
173.231.60.194 - - [09/Mar/2022:13:04:22 -0500] "GET /BLA/resoluciones/index.php?dir=RESOLUCIONES%202006%2FRES%202006%20151-200%2F&sort=date&order=desc HTTP/1.1" 200 12237
173.231.60.194 - - [09/Mar/2022:13:04:27 -0500] "GET /BLA/resoluciones/index.php?dir=RESOLUCIONES%202006%2FRES%202006%20151-200%2F&sort=size&order=desc HTTP/1.1" 200 12237
173.231.60.194 - - [09/Mar/2022:13:04:33 -0500] "GET /BLA/resoluciones/index.php?dir=RESOLUCIONES%202006%2FRES%202006%20201-250%2F&sort=date&order=desc HTTP/1.1" 200 12237
173.231.60.194 - - [09/Mar/2022:13:04:39 -0500] "GET /BLA/resoluciones/index.php?dir=RESOLUCIONES%202006%2FRES%202006%20201-250%2F&sort=size&order=desc HTTP/1.1" 200 12237
173.231.60.194 - - [09/Mar/2022:13:04:45 -0500] "GET /BLA/resoluciones/index.php?dir=RESOLUCIONES%202006%2FRES%202006%20251-300%2F&sort=date&order=desc HTTP/1.1" 200 12235
173.231.60.194 - - [09/Mar/2022:13:04:50 -0500] "GET /BLA/resoluciones/index.php?dir=RESOLUCIONES%202006%2FRES%202006%20251-300%2F&sort=size&order=desc HTTP/1.1" 200 12235
173.231.60.194 - - [09/Mar/2022:13:04:56 -0500] "GET /BLA/resoluciones/index.php?dir=RESOLUCIONES%202006%2FRES%202006%20301-350%2F&sort=date&order=desc HTTP/1.1" 200 12248
173.231.60.194 - - [09/Mar/2022:13:05:02 -0500] "GET /BLA/resoluciones/index.php?dir=RESOLUCIONES%202006%2FRES%202006%20301-350%2F&sort=size&order=desc HTTP/1.1" 200 12248
173.231.60.194 - - [09/Mar/2022:13:05:07 -0500] "GET /BLA/resoluciones/index.php?dir=RESOLUCIONES%202006%2FRES%202006%20351-400%2F&sort=date&order=desc HTTP/1.1" 200 12233
173.231.60.194 - - [09/Mar/2022:13:05:16 -0500] "GET /BLA/resoluciones/index.php?dir=RESOLUCIONES%202006%2FRES%202006%20351-400%2F&sort=size&order=desc HTTP/1.1" 200 12233
173.231.60.194 - - [09/Mar/2022:13:05:22 -0500] "GET /BLA/resoluciones/index.php?dir=RESOLUCIONES%202006%2FRES%202006%20401-450%2F&sort=date&order=desc HTTP/1.1" 200 12244
201.245.192.253 - - [09/Mar/2022:13:05:25 -0500] "GET /galeria/galeria/jquery.fancybox.js?v=2.1.5 HTTP/1.1" 200 48706
173.231.60.194 - - [09/Mar/2022:13:05:28 -0500] "GET /BLA/resoluciones/index.php?dir=RESOLUCIONES%202006%2FRES%202006%20401-450%2F&sort=size&order=desc HTTP/1.1" 200 12244
173.231.60.194 - - [09/Mar/2022:13:05:33 -0500] "GET /BLA/resoluciones/index.php?dir=RESOLUCIONES%202006%2FRES%202006%20451-500%2F&sort=date&order=desc HTTP/1.1" 200 12243
173.231.60.194 - - [09/Mar/2022:13:05:39 -0500] "GET /BLA/resoluciones/index.php?dir=RESOLUCIONES%202006%2FRES%202006%20451-500%2F&sort=size&order=desc HTTP/1.1" 200 12243
173.231.60.194 - - [09/Mar/2022:13:05:44 -0500] "GET /BLA/resoluciones/index.php?dir=RESOLUCIONES%202006%2FRES%202006%20501-550%2F&sort=date&order=desc HTTP/1.1" 200 12240
173.231.60.194 - - [09/Mar/2022:13:05:50 -0500] "GET /BLA/resoluciones/index.php?dir=RESOLUCIONES%202006%2FRES%202006%20501-550%2F&sort=size&order=desc HTTP/1.1" 200 12240
173.231.60.194 - - [09/Mar/2022:13:05:56 -0500] "GET /BLA/resoluciones/index.php?dir=RESOLUCIONES%202006%2FRES%202006%20551-600%2F&sort=date&order=desc HTTP/1.1" 200 12249
200.118.64.109 - - [09/Mar/2022:13:05:57 -0500] "POST /forms/lservlet;jsessionid=ac16012b30d6279b796e45e74f80b2dcbf112250ef17.e3iSbxaKaheRe3qTch0LbxeTa41ynknvrkLOlQzNp65In0 HTTP/1.1" 200 2
157.55.39.48 - - [09/Mar/2022:13:06:01 -0500] "GET /bla/resoluciones/notificaciones/autos%202020/4932.pdf HTTP/1.1" 200 370614
173.231.60.194 - - [09/Mar/2022:13:06:03 -0500] "GET /BLA/resoluciones/index.php?dir=RESOLUCIONES%202006%2FRES%202006%20551-600%2F&sort=size&order=desc HTTP/1.1" 200 12249
173.231.60.194 - - [09/Mar/2022:13:06:09 -0500] "GET /BLA/resoluciones/index.php?dir=RESOLUCIONES%202006%2FRES%202006%20601-650%2F&sort=date&order=desc HTTP/1.1" 200 12249
173.231.60.194 - - [09/Mar/2022:13:06:14 -0500] "GET /BLA/resoluciones/index.php?dir=RESOLUCIONES%202006%2FRES%202006%20601-650%2F&sort=size&order=desc HTTP/1.1" 200 12249
173.231.60.194 - - [09/Mar/2022:13:06:20 -0500] "GET /BLA/resoluciones/index.php?dir=RESOLUCIONES%202006%2FRES%202006%20651-700%2F&sort=date&order=desc HTTP/1.1" 200 12251
207.46.13.159 - - [09/Mar/2022:13:06:20 -0500] "GET /bla/resoluciones/resoluciones%202014/1421.pdf HTTP/1.1" 200 580696
173.231.60.194 - - [09/Mar/2022:13:06:26 -0500] "GET /BLA/resoluciones/index.php?dir=RESOLUCIONES%202006%2FRES%202006%20651-700%2F&sort=size&order=desc HTTP/1.1" 200 12251
173.231.60.194 - - [09/Mar/2022:13:06:32 -0500] "GET /BLA/resoluciones/index.php?dir=RESOLUCIONES%202006%2FRES%202006%20701-750%2F&sort=date&order=desc HTTP/1.1" 200 12250
173.231.60.194 - - [09/Mar/2022:13:06:37 -0500] "GET /BLA/resoluciones/index.php?dir=RESOLUCIONES%202006%2FRES%202006%20701-750%2F&sort=size&order=desc HTTP/1.1" 200 12250
173.231.60.194 - - [09/Mar/2022:13:06:43 -0500] "GET /BLA/resoluciones/index.php?dir=RESOLUCIONES%202006%2FRES%202006%20751-800%2F&sort=date&order=desc HTTP/1.1" 200 12234
173.231.60.194 - - [09/Mar/2022:13:06:49 -0500] "GET /BLA/resoluciones/index.php?dir=RESOLUCIONES%202006%2FRES%202006%20751-800%2F&sort=size&order=desc HTTP/1.1" 200 12234
173.231.60.194 - - [09/Mar/2022:13:06:55 -0500] "GET /BLA/resoluciones/index.php?dir=RESOLUCIONES%202006%2FRES%202006%20801-850%2F&sort=date&order=desc HTTP/1.1" 200 12229
173.231.60.194 - - [09/Mar/2022:13:07:01 -0500] "GET /BLA/resoluciones/index.php?dir=RESOLUCIONES%202006%2FRES%202006%20801-850%2F&sort=size&order=desc HTTP/1.1" 200 12229
173.231.60.194 - - [09/Mar/2022:13:07:07 -0500] "GET /BLA/resoluciones/index.php?dir=RESOLUCIONES%202006%2FRES%202006%20851-900%2F&sort=date&order=desc HTTP/1.1" 200 12233
173.231.60.194 - - [09/Mar/2022:13:07:13 -0500] "GET /BLA/resoluciones/index.php?dir=RESOLUCIONES%202006%2FRES%202006%20851-900%2F&sort=size&order=desc HTTP/1.1" 200 12233
186.155.163.147 - - [09/Mar/2022:13:07:16 -0500] "GET /forest/ HTTP/1.1" 200 12041
173.231.60.194 - - [09/Mar/2022:13:07:19 -0500] "GET /BLA/resoluciones/index.php?dir=RESOLUCIONES%202006%2FRES%202006%20901-950%2F&sort=date&order=desc HTTP/1.1" 200 12238
173.231.60.194 - - [09/Mar/2022:13:07:24 -0500] "GET /BLA/resoluciones/index.php?dir=RESOLUCIONES%202006%2FRES%202006%20901-950%2F&sort=size&order=desc HTTP/1.1" 200 12238
173.231.60.194 - - [09/Mar/2022:13:07:30 -0500] "GET /BLA/resoluciones/index.php?dir=RESOLUCIONES%202002%2FRES%202002%20951-1000%2F&sort=date&order=desc HTTP/1.1" 200 12520
