173.231.60.194 - - [09/Mar/2022:13:07:36 -0500] "GET /BLA/resoluciones/index.php?dir=RESOLUCIONES%202002%2FRES%202002%20951-1000%2F&sort=size&order=desc HTTP/1.1" 200 12520
216.245.221.92 - - [09/Mar/2022:13:07:39 -0500] "HEAD / HTTP/1.1" 200 -
173.231.60.194 - - [09/Mar/2022:13:07:42 -0500] "GET /BLA/resoluciones/index.php?dir=RESOLUCIONES%202003%2FRES%202003%20951-1000%2F&sort=date&order=desc HTTP/1.1" 200 11178
173.231.60.194 - - [09/Mar/2022:13:07:48 -0500] "GET /BLA/resoluciones/index.php?dir=RESOLUCIONES%202003%2FRES%202003%20951-1000%2F&sort=size&order=desc HTTP/1.1" 200 11178
173.231.60.194 - - [09/Mar/2022:13:07:54 -0500] "GET /BLA/resoluciones/index.php?dir=RESOLUCIONES%202004%2FRES%202004%20951-1000%2F&sort=date&order=desc HTTP/1.1" 200 12100
200.118.64.109 - - [09/Mar/2022:13:07:57 -0500] "POST /forms/lservlet;jsessionid=ac16012b30d6279b796e45e74f80b2dcbf112250ef17.e3iSbxaKaheRe3qTch0LbxeTa41ynknvrkLOlQzNp65In0 HTTP/1.1" 200 2
186.155.163.147 - - [09/Mar/2022:13:07:59 -0500] "POST /forest/index.php HTTP/1.1" 200 12268
173.231.60.194 - - [09/Mar/2022:13:08:00 -0500] "GET /BLA/resoluciones/index.php?dir=RESOLUCIONES%202004%2FRES%202004%20951-1000%2F&sort=size&order=desc HTTP/1.1" 200 12100
190.158.204.100 - - [09/Mar/2022:13:08:08 -0500] "GET /BLA/resoluciones/ HTTP/1.1" 200 13093
190.158.204.100 - - [09/Mar/2022:13:08:16 -0500] "GET /BLA/resoluciones/index.php?dir=AUTOS+2021%2F HTTP/1.1" 200 316180
200.118.64.109 - - [09/Mar/2022:13:09:57 -0500] "POST /forms/lservlet;jsessionid=ac16012b30d6279b796e45e74f80b2dcbf112250ef17.e3iSbxaKaheRe3qTch0LbxeTa41ynknvrkLOlQzNp65In0 HTTP/1.1" 200 2
191.102.198.116 - - [09/Mar/2022:13:11:51 -0500] "GET /galeria/galeria/jquery.fancybox.css?v=2.1.5 HTTP/1.1" 200 4895
200.118.64.109 - - [09/Mar/2022:13:11:57 -0500] "POST /forms/lservlet;jsessionid=ac16012b30d6279b796e45e74f80b2dcbf112250ef17.e3iSbxaKaheRe3qTch0LbxeTa41ynknvrkLOlQzNp65In0 HTTP/1.1" 200 2
45.137.21.141 - - [09/Mar/2022:13:12:29 -0500] "GET /dispatch.asp HTTP/1.1" 404 1018
216.245.221.92 - - [09/Mar/2022:13:12:39 -0500] "HEAD / HTTP/1.1" 200 -
201.245.192.253 - - [09/Mar/2022:13:12:52 -0500] "POST /kwsrmcab/Wsrmcab HTTP/1.1" 200 113177
200.118.64.109 - - [09/Mar/2022:13:13:57 -0500] "POST /forms/lservlet;jsessionid=ac16012b30d6279b796e45e74f80b2dcbf112250ef17.e3iSbxaKaheRe3qTch0LbxeTa41ynknvrkLOlQzNp65In0 HTTP/1.1" 200 2
201.221.178.63 - - [09/Mar/2022:13:14:19 -0500] "GET /galeria/galeria/jquery.fancybox.css?v=2.1.5 HTTP/1.1" 200 4895
191.95.56.141 - - [09/Mar/2022:13:15:50 -0500] "GET /galeria/galeria/jquery.fancybox.css?v=2.1.5 HTTP/1.1" 200 4895
200.118.64.109 - - [09/Mar/2022:13:15:57 -0500] "POST /forms/lservlet;jsessionid=ac16012b30d6279b796e45e74f80b2dcbf112250ef17.e3iSbxaKaheRe3qTch0LbxeTa41ynknvrkLOlQzNp65In0 HTTP/1.1" 200 2
207.46.13.157 - - [09/Mar/2022:13:17:27 -0500] "GET /forest/ HTTP/1.1" 200 12041
216.245.221.92 - - [09/Mar/2022:13:17:39 -0500] "HEAD / HTTP/1.1" 200 -
200.118.64.109 - - [09/Mar/2022:13:17:57 -0500] "POST /forms/lservlet;jsessionid=ac16012b30d6279b796e45e74f80b2dcbf112250ef17.e3iSbxaKaheRe3qTch0LbxeTa41ynknvrkLOlQzNp65In0 HTTP/1.1" 200 2
191.156.62.158 - - [09/Mar/2022:13:18:45 -0500] "GET /galeria/galeria/jquery.fancybox.css?v=2.1.5 HTTP/1.1" 200 4895
190.255.8.130 - - [09/Mar/2022:13:18:58 -0500] "GET /BLA/resoluciones/ HTTP/1.1" 200 13093
190.255.8.130 - - [09/Mar/2022:13:19:00 -0500] "GET /BLA/resoluciones/index.php?dir=AUTOS+2011%2F HTTP/1.1" 200 623541
200.68.170.45 - - [09/Mar/2022:13:19:44 -0500] "GET /galeria/galeria/jquery.fancybox.css?v=2.1.5 HTTP/1.1" 200 4895
192.168.172.17 - - [09/Mar/2022:13:19:52 -0500] "GET / HTTP/1.1" 200 4720
192.168.172.17 - - [09/Mar/2022:13:19:52 -0500] "GET /js/url.js HTTP/1.1" 404 1294
192.168.172.17 - - [09/Mar/2022:13:19:52 -0500] "GET /favicon.ico HTTP/1.1" 404 1294
200.118.64.109 - - [09/Mar/2022:13:19:57 -0500] "POST /forms/lservlet;jsessionid=ac16012b30d6279b796e45e74f80b2dcbf112250ef17.e3iSbxaKaheRe3qTch0LbxeTa41ynknvrkLOlQzNp65In0 HTTP/1.1" 200 2
192.168.172.17 - - [09/Mar/2022:13:21:26 -0500] "POST /procesar.php HTTP/1.1" 200 1003
186.154.138.193 - - [09/Mar/2022:13:21:38 -0500] "GET /galeria/galeria/jquery.fancybox.css?v=2.1.5 HTTP/1.1" 200 4895
186.154.138.193 - - [09/Mar/2022:13:21:38 -0500] "GET /galeria/galeria/jquery.fancybox.js?v=2.1.5 HTTP/1.1" 200 48706
186.154.138.193 - - [09/Mar/2022:13:21:38 -0500] "GET /BLA/boletinlegal/js/jquery.scrollShow.js HTTP/1.1" 200 4586
186.169.170.166 - - [09/Mar/2022:13:21:54 -0500] "GET /galeria/galeria/jquery.fancybox.css?v=2.1.5 HTTP/1.1" 200 4895
201.245.192.253 - - [09/Mar/2022:13:21:11 -0500] "POST /kwsrmcab/Wsrmcab HTTP/1.1" 200 45353
200.118.64.109 - - [09/Mar/2022:13:21:57 -0500] "POST /forms/lservlet;jsessionid=ac16012b30d6279b796e45e74f80b2dcbf112250ef17.e3iSbxaKaheRe3qTch0LbxeTa41ynknvrkLOlQzNp65In0 HTTP/1.1" 200 2
173.252.95.11 - - [09/Mar/2022:13:22:28 -0500] "GET /alcaldesa-claudia-lopez-les-dio-la-bienvenida-a-las-sembradoras-por-la-reactivaccion.html HTTP/1.1" 206 1256
173.252.95.20 - - [09/Mar/2022:13:22:28 -0500] "GET /alcaldesa-claudia-lopez-les-dio-la-bienvenida-a-las-sembradoras-por-la-reactivaccion.html HTTP/1.1" 206 1256
173.252.95.118 - - [09/Mar/2022:13:22:28 -0500] "GET /alcaldesa-claudia-lopez-les-dio-la-bienvenida-a-las-sembradoras-por-la-reactivaccion.html HTTP/1.1" 206 1256
173.252.95.21 - - [09/Mar/2022:13:22:29 -0500] "GET /images/evento-mujeres-reverdecen-testimonio-9-marzo.jpg HTTP/1.1" 200 75037
191.75.243.53 - - [09/Mar/2022:13:22:35 -0500] "GET /galeria/galeria/jquery.fancybox.css?v=2.1.5 HTTP/1.1" 200 4895
216.245.221.92 - - [09/Mar/2022:13:22:39 -0500] "HEAD / HTTP/1.1" 200 -
192.168.182.249 - - [09/Mar/2022:13:22:39 -0500] "GET /alcaldesa-claudia-lopez-les-dio-la-bienvenida-a-las-sembradoras-por-la-reactivaccion.html HTTP/1.1" 200 1256
201.245.192.253 - - [09/Mar/2022:13:21:55 -0500] "POST /kwsrmcab/Wsrmcab HTTP/1.1" 200 44893
192.168.182.249 - - [09/Mar/2022:13:22:39 -0500] "GET /images/evento-mujeres-reverdecen-testimonio-9-marzo.jpg HTTP/1.1" 200 75037
186.84.90.69 - - [09/Mar/2022:13:23:07 -0500] "GET /se-abre-convocatoria-a-organizaciones-ambientales-para-generar-1-070-empleos-verdes-dirigidos-a-mujeres.html HTTP/1.1" 200 1128
201.245.192.253 - - [09/Mar/2022:13:22:23 -0500] "POST /kwsrmcab/Wsrmcab HTTP/1.1" 200 113177
190.130.73.49 - - [09/Mar/2022:13:23:25 -0500] "GET /sipse/faces/faces/autenticacion.xhtml HTTP/1.1" 200 12173
190.130.73.49 - - [09/Mar/2022:13:23:25 -0500] "GET /sipse/faces/javax.faces.resource/theme.css?ln=primefaces-sipse HTTP/1.1" 304 -
190.130.73.49 - - [09/Mar/2022:13:23:25 -0500] "GET /sipse/faces/javax.faces.resource/primefaces.css?ln=primefaces&v=4.0 HTTP/1.1" 304 -
190.130.73.49 - - [09/Mar/2022:13:23:25 -0500] "GET /sipse/faces/javax.faces.resource/jquery/jquery.js?ln=primefaces&v=4.0 HTTP/1.1" 304 -
190.130.73.49 - - [09/Mar/2022:13:23:25 -0500] "GET /sipse/faces/javax.faces.resource/layout/layout.css?ln=primefaces&v=4.0 HTTP/1.1" 304 -
190.130.73.49 - - [09/Mar/2022:13:23:25 -0500] "GET /sipse/faces/javax.faces.resource/primefaces.js?ln=primefaces&v=4.0 HTTP/1.1" 304 -
190.130.73.49 - - [09/Mar/2022:13:23:25 -0500] "GET /sipse/faces/javax.faces.resource/layout/layout.js?ln=primefaces&v=4.0 HTTP/1.1" 304 -
190.130.73.49 - - [09/Mar/2022:13:23:25 -0500] "GET /sipse/faces/javax.faces.resource/jquery/jquery-plugins.js?ln=primefaces&v=4.0 HTTP/1.1" 304 -
190.130.73.49 - - [09/Mar/2022:13:23:26 -0500] "GET /sipse/faces/javax.faces.resource/images/ui-icons_898989_256x240.png?ln=primefaces-aristo HTTP/1.1" 304 -
190.130.73.49 - - [09/Mar/2022:13:23:26 -0500] "GET /sipse/faces/faces/index.xhtml HTTP/1.1" 200 677
190.130.73.49 - - [09/Mar/2022:13:23:26 -0500] "GET /sipse/faces/javax.faces.resource/theme.css?ln=primefaces-sipse HTTP/1.1" 304 -
190.130.73.49 - - [09/Mar/2022:13:23:26 -0500] "GET /sipse/faces/faces/faces/autenticacion.xhtml HTTP/1.1" 200 12173
190.130.73.49 - - [09/Mar/2022:13:23:27 -0500] "GET /sipse/faces/javax.faces.resource/theme.css?ln=primefaces-sipse HTTP/1.1" 304 -
190.130.73.49 - - [09/Mar/2022:13:23:27 -0500] "GET /sipse/faces/javax.faces.resource/jquery/jquery.js?ln=primefaces&v=4.0 HTTP/1.1" 304 -
190.130.73.49 - - [09/Mar/2022:13:23:27 -0500] "GET /sipse/faces/javax.faces.resource/primefaces.css?ln=primefaces&v=4.0 HTTP/1.1" 304 -
190.130.73.49 - - [09/Mar/2022:13:23:27 -0500] "GET /sipse/faces/javax.faces.resource/layout/layout.css?ln=primefaces&v=4.0 HTTP/1.1" 304 -
190.130.73.49 - - [09/Mar/2022:13:23:27 -0500] "GET /sipse/faces/javax.faces.resource/primefaces.js?ln=primefaces&v=4.0 HTTP/1.1" 304 -
190.130.73.49 - - [09/Mar/2022:13:23:27 -0500] "GET /sipse/faces/javax.faces.resource/jquery/jquery-plugins.js?ln=primefaces&v=4.0 HTTP/1.1" 304 -
190.130.73.49 - - [09/Mar/2022:13:23:27 -0500] "GET /sipse/faces/javax.faces.resource/layout/layout.js?ln=primefaces&v=4.0 HTTP/1.1" 304 -
192.168.172.17 - - [09/Mar/2022:13:23:27 -0500] "GET / HTTP/1.1" 200 4720
192.168.172.17 - - [09/Mar/2022:13:23:27 -0500] "GET /js/url.js HTTP/1.1" 404 1294
192.168.172.17 - - [09/Mar/2022:13:23:27 -0500] "GET /favicon.ico HTTP/1.1" 404 1294
190.130.73.49 - - [09/Mar/2022:13:23:31 -0500] "POST /sipse/faces/autenticacion.xhtml HTTP/1.1" 200 2223
190.130.73.49 - - [09/Mar/2022:13:23:31 -0500] "GET /sipse/faces/javax.faces.resource/messages/messages.png?ln=primefaces&v=4.0 HTTP/1.1" 304 -
190.130.73.49 - - [09/Mar/2022:13:23:32 -0500] "GET /sipse/faces/javax.faces.resource/images/ui-icons_898989_256x240.png?ln=primefaces-aristo HTTP/1.1" 304 -
190.130.73.49 - - [09/Mar/2022:13:23:32 -0500] "POST /sipse/faces/autenticacion.xhtml HTTP/1.1" 200 16255
190.130.73.49 - - [09/Mar/2022:13:23:32 -0500] "GET /sipse/faces/javax.faces.resource/theme.css?ln=primefaces-sipse HTTP/1.1" 304 -
190.130.73.49 - - [09/Mar/2022:13:23:32 -0500] "GET /sipse/faces/javax.faces.resource/primefaces.css?ln=primefaces&v=4.0 HTTP/1.1" 304 -
190.130.73.49 - - [09/Mar/2022:13:23:32 -0500] "GET /sipse/faces/javax.faces.resource/layout/layout.css?ln=primefaces&v=4.0 HTTP/1.1" 304 -
190.130.73.49 - - [09/Mar/2022:13:23:33 -0500] "GET /sipse/faces/javax.faces.resource/jquery/jquery.js?ln=primefaces&v=4.0 HTTP/1.1" 304 -
190.130.73.49 - - [09/Mar/2022:13:23:33 -0500] "GET /sipse/faces/javax.faces.resource/jquery/jquery-plugins.js?ln=primefaces&v=4.0 HTTP/1.1" 304 -
190.130.73.49 - - [09/Mar/2022:13:23:33 -0500] "GET /sipse/faces/javax.faces.resource/primefaces.js?ln=primefaces&v=4.0 HTTP/1.1" 304 -
190.130.73.49 - - [09/Mar/2022:13:23:33 -0500] "GET /sipse/faces/javax.faces.resource/layout/layout.js?ln=primefaces&v=4.0 HTTP/1.1" 304 -
190.130.73.49 - - [09/Mar/2022:13:23:33 -0500] "GET /sipse/css/imagen/contrasena.png HTTP/1.1" 404 383
181.57.153.222 - - [09/Mar/2022:13:23:35 -0500] "GET /galeria/galeria/jquery.fancybox.css?v=2.1.5 HTTP/1.1" 200 4895
190.130.73.49 - - [09/Mar/2022:13:23:36 -0500] "GET /sipse/faces/javax.faces.resource/images/ui-bg_flat_0_2d5972_40x100.png?ln=primefaces-aristo HTTP/1.1" 304 -
190.130.73.49 - - [09/Mar/2022:13:23:36 -0500] "POST /sipse/faces/bienvenido.xhtml HTTP/1.1" 200 2658
190.130.73.49 - - [09/Mar/2022:13:23:37 -0500] "POST /sipse/faces/bienvenido.xhtml HTTP/1.1" 200 61208
190.130.73.49 - - [09/Mar/2022:13:23:38 -0500] "GET /sipse/faces/javax.faces.resource/primefaces.css?ln=primefaces&v=4.0 HTTP/1.1" 304 -
190.130.73.49 - - [09/Mar/2022:13:23:38 -0500] "GET /sipse/faces/javax.faces.resource/theme.css?ln=primefaces-sipse HTTP/1.1" 304 -
190.130.73.49 - - [09/Mar/2022:13:23:38 -0500] "GET /sipse/faces/javax.faces.resource/layout/layout.css?ln=primefaces&v=4.0 HTTP/1.1" 304 -
190.130.73.49 - - [09/Mar/2022:13:23:38 -0500] "GET /sipse/faces/javax.faces.resource/jquery/jquery.js?ln=primefaces&v=4.0 HTTP/1.1" 304 -
190.130.73.49 - - [09/Mar/2022:13:23:38 -0500] "GET /sipse/faces/javax.faces.resource/jquery/jquery-plugins.js?ln=primefaces&v=4.0 HTTP/1.1" 304 -
190.130.73.49 - - [09/Mar/2022:13:23:38 -0500] "GET /sipse/faces/javax.faces.resource/primefaces.js?ln=primefaces&v=4.0 HTTP/1.1" 304 -
190.130.73.49 - - [09/Mar/2022:13:23:38 -0500] "GET /sipse/faces/javax.faces.resource/layout/layout.js?ln=primefaces&v=4.0 HTTP/1.1" 304 -
190.130.73.49 - - [09/Mar/2022:13:23:39 -0500] "POST /sipse/faces/presentacion/financiero/solicitudProceso/listarSolicitudProceso.xhtml HTTP/1.1" 200 1452
190.130.73.49 - - [09/Mar/2022:13:23:53 -0500] "POST /sipse/faces/presentacion/financiero/solicitudProceso/listarSolicitudProceso.xhtml HTTP/1.1" 200 115854
190.130.73.49 - - [09/Mar/2022:13:23:53 -0500] "GET /sipse/faces/javax.faces.resource/layout/layout.css?ln=primefaces&v=4.0 HTTP/1.1" 304 -
190.130.73.49 - - [09/Mar/2022:13:23:53 -0500] "GET /sipse/faces/javax.faces.resource/primefaces.css?ln=primefaces&v=4.0 HTTP/1.1" 304 -
190.130.73.49 - - [09/Mar/2022:13:23:53 -0500] "GET /sipse/faces/javax.faces.resource/theme.css?ln=primefaces-sipse HTTP/1.1" 304 -
190.130.73.49 - - [09/Mar/2022:13:23:54 -0500] "GET /sipse/faces/javax.faces.resource/jquery/jquery.js?ln=primefaces&v=4.0 HTTP/1.1" 304 -
190.130.73.49 - - [09/Mar/2022:13:23:54 -0500] "GET /sipse/faces/javax.faces.resource/jquery/jquery-plugins.js?ln=primefaces&v=4.0 HTTP/1.1" 304 -
190.130.73.49 - - [09/Mar/2022:13:23:54 -0500] "GET /sipse/faces/javax.faces.resource/primefaces.js?ln=primefaces&v=4.0 HTTP/1.1" 304 -
190.130.73.49 - - [09/Mar/2022:13:23:54 -0500] "GET /sipse/faces/javax.faces.resource/layout/layout.js?ln=primefaces&v=4.0 HTTP/1.1" 304 -
200.118.64.109 - - [09/Mar/2022:13:23:58 -0500] "POST /forms/lservlet;jsessionid=ac16012b30d6279b796e45e74f80b2dcbf112250ef17.e3iSbxaKaheRe3qTch0LbxeTa41ynknvrkLOlQzNp65In0 HTTP/1.1" 200 2
190.130.73.49 - - [09/Mar/2022:13:23:58 -0500] "POST /sipse/faces/presentacion/financiero/solicitudProceso/consultarSolicitudProceso.xhtml HTTP/1.1" 200 638598
192.168.172.17 - - [09/Mar/2022:13:24:15 -0500] "POST /procesar.php HTTP/1.1" 200 1003
199.16.157.180 - - [09/Mar/2022:13:24:49 -0500] "GET /alcaldesa-claudia-lopez-les-dio-la-bienvenida-a-las-sembradoras-por-la-reactivaccion.html HTTP/1.1" 200 1264
199.16.157.183 - - [09/Mar/2022:13:24:49 -0500] "GET /images/evento-mujeres-reverdecen-testimonio-9-marzo-principal.jpg HTTP/1.1" 200 75037
181.61.39.98 - - [09/Mar/2022:13:25:41 -0500] "POST /sipse/faces/presentacion/financiero/solicitudProceso/listarSolicitudProceso.xhtml HTTP/1.1" 200 1622
181.61.39.98 - - [09/Mar/2022:13:25:45 -0500] "POST /sipse/faces/presentacion/financiero/solicitudProceso/listarSolicitudProceso.xhtml HTTP/1.1" 200 911
181.61.39.98 - - [09/Mar/2022:13:25:47 -0500] "GET /sipse/faces/faces/faces/autenticacion HTTP/1.1" 302 -
181.61.39.98 - - [09/Mar/2022:13:25:47 -0500] "GET /sipse/faces/autenticacion.xhtml HTTP/1.1" 200 12173
181.61.39.98 - - [09/Mar/2022:13:25:47 -0500] "GET /sipse/faces/javax.faces.resource/theme.css?ln=primefaces-sipse HTTP/1.1" 304 -
181.61.39.98 - - [09/Mar/2022:13:25:47 -0500] "GET /sipse/faces/javax.faces.resource/primefaces.css?ln=primefaces&v=4.0 HTTP/1.1" 304 -
181.61.39.98 - - [09/Mar/2022:13:25:47 -0500] "GET /sipse/faces/javax.faces.resource/layout/layout.css?ln=primefaces&v=4.0 HTTP/1.1" 304 -
181.61.39.98 - - [09/Mar/2022:13:25:47 -0500] "GET /sipse/faces/javax.faces.resource/jquery/jquery.js?ln=primefaces&v=4.0 HTTP/1.1" 304 -
181.61.39.98 - - [09/Mar/2022:13:25:47 -0500] "GET /sipse/faces/javax.faces.resource/jquery/jquery-plugins.js?ln=primefaces&v=4.0 HTTP/1.1" 304 -
181.61.39.98 - - [09/Mar/2022:13:25:47 -0500] "GET /sipse/faces/javax.faces.resource/primefaces.js?ln=primefaces&v=4.0 HTTP/1.1" 304 -
181.61.39.98 - - [09/Mar/2022:13:25:47 -0500] "GET /sipse/faces/javax.faces.resource/layout/layout.js?ln=primefaces&v=4.0 HTTP/1.1" 304 -
181.61.39.98 - - [09/Mar/2022:13:25:48 -0500] "GET /sipse/faces/javax.faces.resource/images/ui-icons_898989_256x240.png?ln=primefaces-aristo HTTP/1.1" 304 -
181.61.39.98 - - [09/Mar/2022:13:25:50 -0500] "POST /sipse/faces/autenticacion.xhtml HTTP/1.1" 200 16685
181.61.39.98 - - [09/Mar/2022:13:25:51 -0500] "GET /sipse/faces/javax.faces.resource/jquery/jquery.js?ln=primefaces&v=4.0 HTTP/1.1" 304 -
181.61.39.98 - - [09/Mar/2022:13:25:51 -0500] "GET /sipse/faces/javax.faces.resource/jquery/jquery-plugins.js?ln=primefaces&v=4.0 HTTP/1.1" 304 -
181.61.39.98 - - [09/Mar/2022:13:25:51 -0500] "GET /sipse/faces/javax.faces.resource/primefaces.js?ln=primefaces&v=4.0 HTTP/1.1" 304 -
181.61.39.98 - - [09/Mar/2022:13:25:51 -0500] "GET /sipse/faces/javax.faces.resource/layout/layout.js?ln=primefaces&v=4.0 HTTP/1.1" 304 -
181.61.39.98 - - [09/Mar/2022:13:25:51 -0500] "GET /sipse/faces/javax.faces.resource/messages/messages.png?ln=primefaces&v=4.0 HTTP/1.1" 304 -
181.61.39.98 - - [09/Mar/2022:13:25:53 -0500] "GET /sipse/faces/javax.faces.resource/images/ui-bg_flat_0_2d5972_40x100.png?ln=primefaces-aristo HTTP/1.1" 304 -
181.61.39.98 - - [09/Mar/2022:13:25:53 -0500] "POST /sipse/faces/bienvenido.xhtml HTTP/1.1" 200 1471
181.61.39.98 - - [09/Mar/2022:13:25:54 -0500] "POST /sipse/faces/bienvenido.xhtml HTTP/1.1" 200 32866
181.61.39.98 - - [09/Mar/2022:13:25:54 -0500] "GET /sipse/faces/javax.faces.resource/jquery/jquery.js?ln=primefaces&v=4.0 HTTP/1.1" 304 -
181.61.39.98 - - [09/Mar/2022:13:25:54 -0500] "GET /sipse/faces/javax.faces.resource/jquery/jquery-plugins.js?ln=primefaces&v=4.0 HTTP/1.1" 304 -
181.61.39.98 - - [09/Mar/2022:13:25:54 -0500] "GET /sipse/faces/javax.faces.resource/primefaces.js?ln=primefaces&v=4.0 HTTP/1.1" 304 -
181.61.39.98 - - [09/Mar/2022:13:25:54 -0500] "GET /sipse/faces/javax.faces.resource/layout/layout.js?ln=primefaces&v=4.0 HTTP/1.1" 304 -
181.61.39.98 - - [09/Mar/2022:13:25:54 -0500] "POST /sipse/faces/presentacion/financiero/solicitudProceso/listarSolicitudProceso.xhtml HTTP/1.1" 200 1344
200.118.64.109 - - [09/Mar/2022:13:25:58 -0500] "POST /forms/lservlet;jsessionid=ac16012b30d6279b796e45e74f80b2dcbf112250ef17.e3iSbxaKaheRe3qTch0LbxeTa41ynknvrkLOlQzNp65In0 HTTP/1.1" 200 2
200.71.51.105 - - [09/Mar/2022:13:26:00 -0500] "GET /galeria/galeria/jquery.fancybox.css?v=2.1.5 HTTP/1.1" 200 4895
144.76.22.207 - - [09/Mar/2022:13:26:19 -0500] "-" 408 -
191.95.164.109 - - [09/Mar/2022:13:26:21 -0500] "GET /galeria/galeria/jquery.fancybox.css?v=2.1.5 HTTP/1.1" 200 4895
201.245.192.253 - - [09/Mar/2022:13:26:36 -0500] "POST /sipse/faces/presentacion/financiero/solicitudProceso/consultar.xhtml HTTP/1.1" 200 32955
201.245.192.253 - - [09/Mar/2022:13:26:36 -0500] "POST /sipse/faces/presentacion/financiero/solicitudProceso/consultar.xhtml HTTP/1.1" 200 32955
216.245.221.92 - - [09/Mar/2022:13:27:39 -0500] "HEAD / HTTP/1.1" 200 -
200.118.64.109 - - [09/Mar/2022:13:27:58 -0500] "POST /forms/lservlet;jsessionid=ac16012b30d6279b796e45e74f80b2dcbf112250ef17.e3iSbxaKaheRe3qTch0LbxeTa41ynknvrkLOlQzNp65In0 HTTP/1.1" 200 2
181.61.39.98 - - [09/Mar/2022:13:28:17 -0500] "POST /sipse/faces/presentacion/financiero/solicitudProceso/listarSolicitudProceso.xhtml HTTP/1.1" 200 116597
181.61.39.98 - - [09/Mar/2022:13:28:18 -0500] "GET /sipse/faces/javax.faces.resource/jquery/jquery.js?ln=primefaces&v=4.0 HTTP/1.1" 304 -
181.61.39.98 - - [09/Mar/2022:13:28:18 -0500] "GET /sipse/faces/javax.faces.resource/jquery/jquery-plugins.js?ln=primefaces&v=4.0 HTTP/1.1" 304 -
181.61.39.98 - - [09/Mar/2022:13:28:18 -0500] "GET /sipse/faces/javax.faces.resource/primefaces.js?ln=primefaces&v=4.0 HTTP/1.1" 304 -
181.61.39.98 - - [09/Mar/2022:13:28:18 -0500] "GET /sipse/faces/javax.faces.resource/layout/layout.js?ln=primefaces&v=4.0 HTTP/1.1" 304 -
181.61.39.98 - - [09/Mar/2022:13:28:18 -0500] "GET /reportes_sipse/sdg/ServletReporte?reporte=solicitud_cdp&Solicitud=17643&pfdrid_c=false HTTP/1.1" 200 98347
181.57.147.176 - - [09/Mar/2022:13:28:36 -0500] "GET /BLA/resoluciones/RESOLUCIONES%202015/2364.pdf HTTP/1.1" 200 696647
181.61.39.98 - - [09/Mar/2022:13:29:20 -0500] "POST /sipse/faces/presentacion/financiero/solicitudProceso/consultarSolicitudProceso.xhtml HTTP/1.1" 200 638598
191.156.28.86 - - [09/Mar/2022:13:29:53 -0500] "GET /galeria/galeria/jquery.fancybox.css?v=2.1.5 HTTP/1.1" 200 4895
200.118.64.109 - - [09/Mar/2022:13:29:58 -0500] "POST /forms/lservlet;jsessionid=ac16012b30d6279b796e45e74f80b2dcbf112250ef17.e3iSbxaKaheRe3qTch0LbxeTa41ynknvrkLOlQzNp65In0 HTTP/1.1" 200 2
190.130.73.49 - - [09/Mar/2022:13:30:34 -0500] "GET /sipse/faces/javax.faces.resource/primefaces.css?ln=primefaces&v=4.0 HTTP/1.1" 304 -
190.130.73.49 - - [09/Mar/2022:13:30:34 -0500] "GET /sipse/faces/javax.faces.resource/theme.css?ln=primefaces-sipse HTTP/1.1" 304 -
190.130.73.49 - - [09/Mar/2022:13:30:34 -0500] "GET /sipse/faces/javax.faces.resource/primefaces.js?ln=primefaces&v=4.0 HTTP/1.1" 304 -
190.130.73.49 - - [09/Mar/2022:13:30:34 -0500] "GET /sipse/faces/javax.faces.resource/jquery/jquery-plugins.js?ln=primefaces&v=4.0 HTTP/1.1" 304 -
190.130.73.49 - - [09/Mar/2022:13:30:34 -0500] "GET /sipse/faces/javax.faces.resource/jquery/jquery.js?ln=primefaces&v=4.0 HTTP/1.1" 304 -
190.130.73.49 - - [09/Mar/2022:13:30:34 -0500] "GET /sipse/faces/javax.faces.resource/layout/layout.css?ln=primefaces&v=4.0 HTTP/1.1" 304 -
190.130.73.49 - - [09/Mar/2022:13:30:34 -0500] "GET /sipse/faces/javax.faces.resource/layout/layout.js?ln=primefaces&v=4.0 HTTP/1.1" 304 -
190.130.73.49 - - [09/Mar/2022:13:30:34 -0500] "GET /sipse/faces/javax.faces.resource/images/ui-icons_898989_256x240.png?ln=primefaces-aristo HTTP/1.1" 304 -
190.130.73.49 - - [09/Mar/2022:13:30:35 -0500] "GET /sipse/faces/faces/faces/index.xhtml HTTP/1.1" 200 677
190.130.73.49 - - [09/Mar/2022:13:30:35 -0500] "GET /sipse/faces/javax.faces.resource/theme.css?ln=primefaces-sipse HTTP/1.1" 304 -
190.130.73.49 - - [09/Mar/2022:13:30:35 -0500] "GET /sipse/faces/faces/faces/faces/autenticacion.xhtml HTTP/1.1" 200 12173
190.130.73.49 - - [09/Mar/2022:13:30:35 -0500] "GET /sipse/faces/javax.faces.resource/theme.css?ln=primefaces-sipse HTTP/1.1" 304 -
190.130.73.49 - - [09/Mar/2022:13:30:35 -0500] "GET /sipse/faces/javax.faces.resource/layout/layout.css?ln=primefaces&v=4.0 HTTP/1.1" 304 -
190.130.73.49 - - [09/Mar/2022:13:30:35 -0500] "GET /sipse/faces/javax.faces.resource/jquery/jquery-plugins.js?ln=primefaces&v=4.0 HTTP/1.1" 304 -
190.130.73.49 - - [09/Mar/2022:13:30:35 -0500] "GET /sipse/faces/javax.faces.resource/jquery/jquery.js?ln=primefaces&v=4.0 HTTP/1.1" 304 -
190.130.73.49 - - [09/Mar/2022:13:30:35 -0500] "GET /sipse/faces/javax.faces.resource/primefaces.css?ln=primefaces&v=4.0 HTTP/1.1" 304 -
190.130.73.49 - - [09/Mar/2022:13:30:35 -0500] "GET /sipse/faces/javax.faces.resource/layout/layout.js?ln=primefaces&v=4.0 HTTP/1.1" 304 -
190.130.73.49 - - [09/Mar/2022:13:30:35 -0500] "GET /sipse/faces/javax.faces.resource/primefaces.js?ln=primefaces&v=4.0 HTTP/1.1" 304 -
221.2.155.199 - - [09/Mar/2022:13:30:41 -0500] "GET / HTTP/1.0" 200 319
181.61.39.98 - - [09/Mar/2022:13:30:47 -0500] "POST /sipse/faces/presentacion/financiero/solicitudProceso/consultarSolicitudProceso.xhtml HTTP/1.1" 200 32866
181.61.39.98 - - [09/Mar/2022:13:30:48 -0500] "GET /sipse/faces/javax.faces.resource/jquery/jquery.js?ln=primefaces&v=4.0 HTTP/1.1" 304 -
181.61.39.98 - - [09/Mar/2022:13:30:48 -0500] "GET /sipse/faces/javax.faces.resource/jquery/jquery-plugins.js?ln=primefaces&v=4.0 HTTP/1.1" 304 -
181.61.39.98 - - [09/Mar/2022:13:30:48 -0500] "GET /sipse/faces/javax.faces.resource/primefaces.js?ln=primefaces&v=4.0 HTTP/1.1" 304 -
181.61.39.98 - - [09/Mar/2022:13:30:48 -0500] "GET /sipse/faces/javax.faces.resource/layout/layout.js?ln=primefaces&v=4.0 HTTP/1.1" 304 -
181.61.39.98 - - [09/Mar/2022:13:30:48 -0500] "POST /sipse/faces/presentacion/financiero/solicitudProceso/listarSolicitudProceso.xhtml HTTP/1.1" 200 26250
181.61.39.98 - - [09/Mar/2022:13:30:48 -0500] "POST /sipse/faces/presentacion/financiero/solicitudProceso/listarSolicitudProceso.xhtml HTTP/1.1" 200 26250
181.61.39.98 - - [09/Mar/2022:13:30:49 -0500] "POST /sipse/faces/presentacion/financiero/solicitudProceso/listarSolicitudProceso.xhtml HTTP/1.1" 200 1344
181.61.39.98 - - [09/Mar/2022:13:30:49 -0500] "POST /sipse/faces/presentacion/financiero/solicitudProceso/listarSolicitudProceso.xhtml HTTP/1.1" 200 1344
181.61.39.98 - - [09/Mar/2022:13:30:49 -0500] "POST /sipse/faces/presentacion/financiero/solicitudProceso/listarSolicitudProceso.xhtml HTTP/1.1" 200 1344
200.118.64.109 - - [09/Mar/2022:13:31:58 -0500] "POST /forms/lservlet;jsessionid=ac16012b30d6279b796e45e74f80b2dcbf112250ef17.e3iSbxaKaheRe3qTch0LbxeTa41ynknvrkLOlQzNp65In0 HTTP/1.1" 200 2
200.118.62.161 - - [09/Mar/2022:13:31:59 -0500] "GET /alcaldesa-claudia-lopez-les-dio-la-bienvenida-a-las-sembradoras-por-la-reactivaccion.html HTTP/1.1" 200 1264
201.245.192.253 - - [09/Mar/2022:13:31:11 -0500] "POST /kwsrmcab/Wsrmcab HTTP/1.1" 200 45353
46.248.190.41 - - [09/Mar/2022:13:32:06 -0500] "GET /alcaldesa-claudia-lopez-les-dio-la-bienvenida-a-las-sembradoras-por-la-reactivaccion.html HTTP/1.1" 200 1264
46.248.190.41 - - [09/Mar/2022:13:32:06 -0500] "GET /alcaldesa-claudia-lopez-les-dio-la-bienvenida-a-las-sembradoras-por-la-reactivaccion.html HTTP/1.1" 200 1264
191.156.176.174 - - [09/Mar/2022:13:32:15 -0500] "GET /alcaldesa-claudia-lopez-les-dio-la-bienvenida-a-las-sembradoras-por-la-reactivaccion.html HTTP/1.1" 200 1264
216.245.221.92 - - [09/Mar/2022:13:32:39 -0500] "HEAD / HTTP/1.1" 200 -
201.245.192.253 - - [09/Mar/2022:13:32:02 -0500] "POST /kwsrmcab/Wsrmcab HTTP/1.1" 200 44893
191.95.48.119 - - [09/Mar/2022:13:33:14 -0500] "GET /galeria/galeria/jquery.fancybox.css?v=2.1.5 HTTP/1.1" 200 4895
201.245.192.253 - - [09/Mar/2022:13:32:56 -0500] "POST /kwsrmcab/Wsrmcab HTTP/1.1" 200 113177
157.55.39.123 - - [09/Mar/2022:13:33:50 -0500] "GET /bla/resoluciones/resoluciones%202014/2138.pdf HTTP/1.1" 200 2856818
186.102.4.116 - - [09/Mar/2022:13:33:57 -0500] "GET /alcaldesa-claudia-lopez-les-dio-la-bienvenida-a-las-sembradoras-por-la-reactivaccion.html HTTP/1.1" 200 1264
186.102.4.116 - - [09/Mar/2022:13:33:58 -0500] "GET /favicon.ico HTTP/1.1" 404 1136
200.118.64.109 - - [09/Mar/2022:13:33:58 -0500] "POST /forms/lservlet;jsessionid=ac16012b30d6279b796e45e74f80b2dcbf112250ef17.e3iSbxaKaheRe3qTch0LbxeTa41ynknvrkLOlQzNp65In0 HTTP/1.1" 200 2
212.192.246.124 - - [09/Mar/2022:13:34:22 -0500] "GET / HTTP/1.1" 200 319
191.156.63.231 - - [09/Mar/2022:13:34:24 -0500] "GET /galeria/galeria/jquery.fancybox.css?v=2.1.5 HTTP/1.1" 200 4895
212.192.246.124 - - [09/Mar/2022:13:34:29 -0500] "POST /HNAP1/ HTTP/1.1" 404 1018
190.254.133.155 - - [09/Mar/2022:13:35:53 -0500] "GET /BLA/resoluciones/ HTTP/1.1" 200 13093
200.118.64.109 - - [09/Mar/2022:13:35:58 -0500] "POST /forms/lservlet;jsessionid=ac16012b30d6279b796e45e74f80b2dcbf112250ef17.e3iSbxaKaheRe3qTch0LbxeTa41ynknvrkLOlQzNp65In0 HTTP/1.1" 200 2
201.245.192.253 - - [09/Mar/2022:13:36:03 -0500] "POST /sipse/faces/presentacion/financiero/solicitudProceso/consultar.xhtml HTTP/1.1" 200 104431
201.245.192.253 - - [09/Mar/2022:13:36:03 -0500] "GET /sipse/faces/javax.faces.resource/theme.css?ln=primefaces-sipse HTTP/1.1" 304 -
201.245.192.253 - - [09/Mar/2022:13:36:03 -0500] "GET /sipse/faces/javax.faces.resource/primefaces.css?ln=primefaces&v=4.0 HTTP/1.1" 304 -
201.245.192.253 - - [09/Mar/2022:13:36:03 -0500] "GET /sipse/faces/javax.faces.resource/layout/layout.css?ln=primefaces&v=4.0 HTTP/1.1" 304 -
201.245.192.253 - - [09/Mar/2022:13:36:03 -0500] "GET /sipse/faces/javax.faces.resource/jquery/jquery.js?ln=primefaces&v=4.0 HTTP/1.1" 304 -
201.245.192.253 - - [09/Mar/2022:13:36:03 -0500] "GET /sipse/faces/javax.faces.resource/jquery/jquery-plugins.js?ln=primefaces&v=4.0 HTTP/1.1" 304 -
201.245.192.253 - - [09/Mar/2022:13:36:03 -0500] "GET /sipse/faces/javax.faces.resource/primefaces.js?ln=primefaces&v=4.0 HTTP/1.1" 304 -
201.245.192.253 - - [09/Mar/2022:13:36:03 -0500] "GET /sipse/faces/javax.faces.resource/layout/layout.js?ln=primefaces&v=4.0 HTTP/1.1" 304 -
201.245.192.253 - - [09/Mar/2022:13:36:03 -0500] "GET /sipse/css/imagen/contrasena.png HTTP/1.1" 404 383
201.245.192.253 - - [09/Mar/2022:13:36:03 -0500] "GET /reportes_sipse/sdg/ServletReporte?reporte=solicitud_cdp&Solicitud=17643&pfdrid_c=false HTTP/1.1" 200 98347
190.254.133.155 - - [09/Mar/2022:13:36:04 -0500] "GET /BLA/resoluciones/index.php?dir=RESOLUCIONES+2019%2F HTTP/1.1" 200 12235
190.254.133.155 - - [09/Mar/2022:13:36:04 -0500] "GET /BLA/resoluciones/index.php?dir=RESOLUCIONES+2019%2F HTTP/1.1" 200 232655
173.252.111.9 - - [09/Mar/2022:13:36:34 -0500] "GET /alcaldesa-claudia-lopez-les-dio-la-bienvenida-a-las-sembradoras-por-la-reactivaccion.html HTTP/1.1" 206 1264
173.252.111.15 - - [09/Mar/2022:13:36:34 -0500] "GET /alcaldesa-claudia-lopez-les-dio-la-bienvenida-a-las-sembradoras-por-la-reactivaccion.html HTTP/1.1" 206 1264
66.220.149.13 - - [09/Mar/2022:13:36:34 -0500] "GET /alcaldesa-claudia-lopez-les-dio-la-bienvenida-a-las-sembradoras-por-la-reactivaccion.html HTTP/1.1" 206 1264
173.252.95.22 - - [09/Mar/2022:13:36:37 -0500] "GET /alcaldesa-claudia-lopez-les-dio-la-bienvenida-a-las-sembradoras-por-la-reactivaccion.html?fbclid=IwAR30sMkmU1H9Z2hIF98fIBfApJ4ouGegB0Otm_DTWjz5oSdAHe53-VeImRU HTTP/1.1" 200 1264
31.13.127.42 - - [09/Mar/2022:13:36:37 -0500] "GET /alcaldesa-claudia-lopez-les-dio-la-bienvenida-a-las-sembradoras-por-la-reactivaccion.html HTTP/1.1" 206 1264
31.13.127.9 - - [09/Mar/2022:13:36:37 -0500] "GET /alcaldesa-claudia-lopez-les-dio-la-bienvenida-a-las-sembradoras-por-la-reactivaccion.html HTTP/1.1" 206 1264
31.13.127.27 - - [09/Mar/2022:13:36:37 -0500] "GET /alcaldesa-claudia-lopez-les-dio-la-bienvenida-a-las-sembradoras-por-la-reactivaccion.html HTTP/1.1" 206 1264
31.13.127.34 - - [09/Mar/2022:13:36:37 -0500] "GET /alcaldesa-claudia-lopez-les-dio-la-bienvenida-a-las-sembradoras-por-la-reactivaccion.html HTTP/1.1" 206 1264
173.252.95.26 - - [09/Mar/2022:13:36:37 -0500] "HEAD /alcaldesa-claudia-lopez-les-dio-la-bienvenida-a-las-sembradoras-por-la-reactivaccion.html HTTP/1.1" 206 -
31.13.127.7 - - [09/Mar/2022:13:36:37 -0500] "GET /alcaldesa-claudia-lopez-les-dio-la-bienvenida-a-las-sembradoras-por-la-reactivaccion.html HTTP/1.1" 206 1264
66.220.149.22 - - [09/Mar/2022:13:36:37 -0500] "GET /alcaldesa-claudia-lopez-les-dio-la-bienvenida-a-las-sembradoras-por-la-reactivaccion.html HTTP/1.1" 206 1264
173.252.95.20 - - [09/Mar/2022:13:36:38 -0500] "GET /alcaldesa-claudia-lopez-les-dio-la-bienvenida-a-las-sembradoras-por-la-reactivaccion.html HTTP/1.1" 206 1264
173.252.95.3 - - [09/Mar/2022:13:36:39 -0500] "HEAD /alcaldesa-claudia-lopez-les-dio-la-bienvenida-a-las-sembradoras-por-la-reactivaccion.html HTTP/1.1" 206 -
173.252.95.14 - - [09/Mar/2022:13:36:39 -0500] "HEAD /alcaldesa-claudia-lopez-les-dio-la-bienvenida-a-las-sembradoras-por-la-reactivaccion.html HTTP/1.1" 206 -
173.252.95.19 - - [09/Mar/2022:13:36:39 -0500] "HEAD /alcaldesa-claudia-lopez-les-dio-la-bienvenida-a-las-sembradoras-por-la-reactivaccion.html HTTP/1.1" 206 -
173.252.95.16 - - [09/Mar/2022:13:36:42 -0500] "GET /alcaldesa-claudia-lopez-les-dio-la-bienvenida-a-las-sembradoras-por-la-reactivaccion.html HTTP/1.1" 206 1264
40.77.139.7 - - [09/Mar/2022:13:36:45 -0500] "GET /galeria/galeria/jquery.fancybox.js?v=2.1.5 HTTP/1.1" 200 48706
173.252.95.17 - - [09/Mar/2022:13:36:46 -0500] "GET /images/evento-mujeres-reverdecen-testimonio-9-marzo-principal.jpg HTTP/1.1" 200 75037
40.77.139.18 - - [09/Mar/2022:13:36:50 -0500] "GET /galeria/galeria/jquery.fancybox.js?v=2.1.5 HTTP/1.1" 200 48706
66.220.149.120 - - [09/Mar/2022:13:36:51 -0500] "GET /alcaldesa-claudia-lopez-les-dio-la-bienvenida-a-las-sembradoras-por-la-reactivaccion.html?fbclid=IwAR1WV3tht9IbmpTuRSIu75ZOFKAlcAqF7vd_08QxP-6qZihNPqb4vz7oAB4 HTTP/1.1" 200 1264
173.252.95.13 - - [09/Mar/2022:13:36:51 -0500] "GET /alcaldesa-claudia-lopez-les-dio-la-bienvenida-a-las-sembradoras-por-la-reactivaccion.html?fbclid=IwAR1IymCIsBZKCT_ONAOScI2ZpfrH4cZVyPjosMCGLcDkZXa89dAN3EvLJtc HTTP/1.1" 200 1264
40.77.139.55 - - [09/Mar/2022:13:36:51 -0500] "GET /galeria/galeria/jquery.fancybox.js?v=2.1.5 HTTP/1.1" 200 48706
40.77.139.53 - - [09/Mar/2022:13:36:53 -0500] "GET /galeria/galeria/jquery.fancybox.js?v=2.1.5 HTTP/1.1" 200 48706
31.13.115.10 - - [09/Mar/2022:13:36:59 -0500] "GET /alcaldesa-claudia-lopez-les-dio-la-bienvenida-a-las-sembradoras-por-la-reactivaccion.html?fbclid=IwAR1eYUv_aNK_jXqmUdKhVQ7mRMkiCCWupvnkcaux9Y3LGrn7fQiu3CLgAr4 HTTP/1.1" 200 1264
201.245.192.253 - - [09/Mar/2022:13:37:03 -0500] "POST /sipse/faces/presentacion/financiero/solicitudProceso/consultarSolicitudProceso.xhtml HTTP/1.1" 200 97841
201.245.192.253 - - [09/Mar/2022:13:37:03 -0500] "POST /sipse/faces/presentacion/financiero/solicitudProceso/consultarSolicitudProceso.xhtml HTTP/1.1" 200 97841
201.245.192.253 - - [09/Mar/2022:13:37:03 -0500] "GET /reportes_sipse/sdg/ServletReporte?reporte=solicitud_cdp&Solicitud=17643&pfdrid_c=false HTTP/1.1" 200 29620
201.245.192.253 - - [09/Mar/2022:13:37:03 -0500] "POST /sipse/faces/presentacion/financiero/solicitudProceso/consultarSolicitudProceso.xhtml HTTP/1.1" 200 97841
201.245.192.253 - - [09/Mar/2022:13:37:03 -0500] "GET /reportes_sipse/sdg/ServletReporte?reporte=solicitud_cdp&Solicitud=17643&pfdrid_c=false HTTP/1.1" 200 21260
201.245.192.253 - - [09/Mar/2022:13:37:03 -0500] "GET /reportes_sipse/sdg/ServletReporte?reporte=solicitud_cdp&Solicitud=17643&pfdrid_c=false HTTP/1.1" 200 98347
201.245.192.253 - - [09/Mar/2022:13:37:04 -0500] "POST /sipse/faces/presentacion/financiero/solicitudProceso/consultarSolicitudProceso.xhtml HTTP/1.1" 200 6859
201.245.192.253 - - [09/Mar/2022:13:37:05 -0500] "POST /sipse/faces/presentacion/financiero/solicitudProceso/consultarSolicitudProceso.xhtml HTTP/1.1" 200 36281
201.245.192.253 - - [09/Mar/2022:13:37:06 -0500] "GET /sipse/faces/javax.faces.resource/theme.css?ln=primefaces-sipse HTTP/1.1" 304 -
201.245.192.253 - - [09/Mar/2022:13:37:06 -0500] "GET /sipse/faces/javax.faces.resource/primefaces.css?ln=primefaces&v=4.0 HTTP/1.1" 304 -
201.245.192.253 - - [09/Mar/2022:13:37:06 -0500] "GET /sipse/faces/javax.faces.resource/layout/layout.css?ln=primefaces&v=4.0 HTTP/1.1" 304 -
201.245.192.253 - - [09/Mar/2022:13:37:06 -0500] "GET /sipse/faces/javax.faces.resource/jquery/jquery.js?ln=primefaces&v=4.0 HTTP/1.1" 304 -
201.245.192.253 - - [09/Mar/2022:13:37:06 -0500] "GET /sipse/faces/javax.faces.resource/jquery/jquery-plugins.js?ln=primefaces&v=4.0 HTTP/1.1" 304 -
201.245.192.253 - - [09/Mar/2022:13:37:06 -0500] "GET /sipse/faces/javax.faces.resource/primefaces.js?ln=primefaces&v=4.0 HTTP/1.1" 304 -
201.245.192.253 - - [09/Mar/2022:13:37:06 -0500] "GET /sipse/faces/javax.faces.resource/layout/layout.js?ln=primefaces&v=4.0 HTTP/1.1" 304 -
201.245.192.253 - - [09/Mar/2022:13:37:06 -0500] "GET /sipse/css/imagen/contrasena.png HTTP/1.1" 404 383
201.245.192.253 - - [09/Mar/2022:13:37:06 -0500] "POST /sipse/faces/presentacion/financiero/solicitudProceso/solicitudProcesoOtrosPagos.xhtml HTTP/1.1" 200 29645
201.245.192.253 - - [09/Mar/2022:13:37:06 -0500] "POST /sipse/faces/presentacion/financiero/solicitudProceso/solicitudProcesoOtrosPagos.xhtml HTTP/1.1" 200 29645
201.245.192.253 - - [09/Mar/2022:13:37:12 -0500] "POST /sipse/faces/presentacion/financiero/solicitudProceso/solicitudProcesoOtrosPagos.xhtml HTTP/1.1" 200 57352
201.245.192.253 - - [09/Mar/2022:13:37:12 -0500] "GET /sipse/faces/javax.faces.resource/theme.css?ln=primefaces-sipse HTTP/1.1" 304 -
201.245.192.253 - - [09/Mar/2022:13:37:12 -0500] "GET /sipse/faces/javax.faces.resource/primefaces.css?ln=primefaces&v=4.0 HTTP/1.1" 304 -
201.245.192.253 - - [09/Mar/2022:13:37:12 -0500] "GET /sipse/faces/javax.faces.resource/fileupload/fileupload.css?ln=primefaces&v=4.0 HTTP/1.1" 304 -
201.245.192.253 - - [09/Mar/2022:13:37:12 -0500] "GET /sipse/faces/javax.faces.resource/layout/layout.css?ln=primefaces&v=4.0 HTTP/1.1" 304 -
201.245.192.253 - - [09/Mar/2022:13:37:12 -0500] "GET /sipse/faces/javax.faces.resource/jquery/jquery.js?ln=primefaces&v=4.0 HTTP/1.1" 304 -
201.245.192.253 - - [09/Mar/2022:13:37:12 -0500] "GET /sipse/faces/javax.faces.resource/jquery/jquery-plugins.js?ln=primefaces&v=4.0 HTTP/1.1" 304 -
201.245.192.253 - - [09/Mar/2022:13:37:12 -0500] "GET /sipse/faces/javax.faces.resource/primefaces.js?ln=primefaces&v=4.0 HTTP/1.1" 304 -
201.245.192.253 - - [09/Mar/2022:13:37:12 -0500] "GET /sipse/faces/javax.faces.resource/layout/layout.js?ln=primefaces&v=4.0 HTTP/1.1" 304 -
201.245.192.253 - - [09/Mar/2022:13:37:12 -0500] "GET /sipse/faces/javax.faces.resource/fileupload/fileupload.js?ln=primefaces&v=4.0 HTTP/1.1" 304 -
201.245.192.253 - - [09/Mar/2022:13:37:12 -0500] "GET /sipse/css/imagen/contrasena.png HTTP/1.1" 404 383
201.245.192.253 - - [09/Mar/2022:13:37:12 -0500] "GET /reportes_sipse/sdg/ServletReporte?reporte=solicitud_cdp&Solicitud=17643&pfdrid_c=false HTTP/1.1" 200 98347
201.245.192.253 - - [09/Mar/2022:13:37:17 -0500] "POST /sipse/faces/presentacion/financiero/solicitudProceso/detalleSolicitudProcesoOtrosPagos.xhtml HTTP/1.1" 200 190
201.245.192.253 - - [09/Mar/2022:13:37:18 -0500] "GET /sipse/faces/javax.faces.resource/theme.css?ln=primefaces-sipse HTTP/1.1" 304 -
201.245.192.253 - - [09/Mar/2022:13:37:18 -0500] "GET /sipse/faces/javax.faces.resource/primefaces.css?ln=primefaces&v=4.0 HTTP/1.1" 304 -
201.245.192.253 - - [09/Mar/2022:13:37:18 -0500] "GET /sipse/faces/javax.faces.resource/layout/layout.css?ln=primefaces&v=4.0 HTTP/1.1" 304 -
201.245.192.253 - - [09/Mar/2022:13:37:18 -0500] "GET /sipse/faces/javax.faces.resource/jquery/jquery.js?ln=primefaces&v=4.0 HTTP/1.1" 304 -
201.245.192.253 - - [09/Mar/2022:13:37:18 -0500] "GET /sipse/faces/javax.faces.resource/primefaces.js?ln=primefaces&v=4.0 HTTP/1.1" 304 -
201.245.192.253 - - [09/Mar/2022:13:37:18 -0500] "GET /sipse/faces/javax.faces.resource/layout/layout.js?ln=primefaces&v=4.0 HTTP/1.1" 304 -
201.245.192.253 - - [09/Mar/2022:13:37:18 -0500] "GET /sipse/faces/javax.faces.resource/jquery/jquery-plugins.js?ln=primefaces&v=4.0 HTTP/1.1" 304 -
201.245.192.253 - - [09/Mar/2022:13:37:18 -0500] "GET /sipse/faces/presentacion/financiero/solicitudProceso/solicitudProcesoOtrosPagos.xhtml HTTP/1.1" 200 39081
201.245.192.253 - - [09/Mar/2022:13:37:18 -0500] "GET /sipse/css/imagen/contrasena.png HTTP/1.1" 404 383
201.245.192.253 - - [09/Mar/2022:13:37:18 -0500] "GET /sipse/faces/javax.faces.resource/messages/messages.png?ln=primefaces&v=4.0 HTTP/1.1" 304 -
40.77.167.53 - - [09/Mar/2022:13:37:18 -0500] "GET /bla/resoluciones/resoluciones%202014/3143.pdf HTTP/1.1" 200 483538
69.63.189.116 - - [09/Mar/2022:13:37:23 -0500] "GET /alcaldesa-claudia-lopez-les-dio-la-bienvenida-a-las-sembradoras-por-la-reactivaccion.html HTTP/1.1" 200 1264
66.220.149.5 - - [09/Mar/2022:13:37:24 -0500] "GET /alcaldesa-claudia-lopez-les-dio-la-bienvenida-a-las-sembradoras-por-la-reactivaccion.html HTTP/1.1" 200 1264
201.245.192.253 - - [09/Mar/2022:13:37:25 -0500] "POST /sipse/faces/presentacion/financiero/solicitudProceso/solicitudProcesoOtrosPagos.xhtml HTTP/1.1" 200 29633
190.2.209.237 - - [09/Mar/2022:13:37:31 -0500] "GET /galeria/galeria/jquery.fancybox.css?v=2.1.5 HTTP/1.1" 200 4895
201.245.192.253 - - [09/Mar/2022:13:37:31 -0500] "GET /sipse/faces/javax.faces.resource/images/ui-icons_898989_256x240.png?ln=primefaces-aristo HTTP/1.1" 304 -
173.252.111.18 - - [09/Mar/2022:13:37:32 -0500] "GET /alcaldesa-claudia-lopez-les-dio-la-bienvenida-a-las-sembradoras-por-la-reactivaccion.html HTTP/1.1" 200 1264
201.245.192.253 - - [09/Mar/2022:13:37:32 -0500] "POST /sipse/faces/presentacion/financiero/solicitudProceso/solicitudProcesoOtrosPagos.xhtml HTTP/1.1" 200 58053
201.245.192.253 - - [09/Mar/2022:13:37:32 -0500] "GET /sipse/faces/javax.faces.resource/theme.css?ln=primefaces-sipse HTTP/1.1" 304 -
201.245.192.253 - - [09/Mar/2022:13:37:32 -0500] "GET /sipse/faces/javax.faces.resource/primefaces.css?ln=primefaces&v=4.0 HTTP/1.1" 304 -
201.245.192.253 - - [09/Mar/2022:13:37:32 -0500] "GET /sipse/faces/javax.faces.resource/fileupload/fileupload.css?ln=primefaces&v=4.0 HTTP/1.1" 304 -
201.245.192.253 - - [09/Mar/2022:13:37:32 -0500] "GET /sipse/faces/javax.faces.resource/layout/layout.css?ln=primefaces&v=4.0 HTTP/1.1" 304 -
201.245.192.253 - - [09/Mar/2022:13:37:32 -0500] "GET /sipse/faces/javax.faces.resource/jquery/jquery.js?ln=primefaces&v=4.0 HTTP/1.1" 304 -
201.245.192.253 - - [09/Mar/2022:13:37:32 -0500] "GET /sipse/faces/javax.faces.resource/jquery/jquery-plugins.js?ln=primefaces&v=4.0 HTTP/1.1" 304 -
201.245.192.253 - - [09/Mar/2022:13:37:32 -0500] "GET /sipse/faces/javax.faces.resource/primefaces.js?ln=primefaces&v=4.0 HTTP/1.1" 304 -
201.245.192.253 - - [09/Mar/2022:13:37:32 -0500] "GET /sipse/faces/javax.faces.resource/layout/layout.js?ln=primefaces&v=4.0 HTTP/1.1" 304 -
201.245.192.253 - - [09/Mar/2022:13:37:32 -0500] "GET /sipse/faces/javax.faces.resource/fileupload/fileupload.js?ln=primefaces&v=4.0 HTTP/1.1" 304 -
201.245.192.253 - - [09/Mar/2022:13:37:32 -0500] "GET /sipse/css/imagen/contrasena.png HTTP/1.1" 404 383
201.245.192.253 - - [09/Mar/2022:13:37:32 -0500] "GET /reportes_sipse/sdg/ServletReporte?reporte=solicitud_cdp&Solicitud=17643&pfdrid_c=false HTTP/1.1" 200 98347
201.245.192.253 - - [09/Mar/2022:13:37:37 -0500] "GET /sipse/faces/javax.faces.resource/images/ui-bg_flat_0_2d5972_40x100.png?ln=primefaces-aristo HTTP/1.1" 304 -
201.245.192.253 - - [09/Mar/2022:13:37:37 -0500] "POST /sipse/faces/presentacion/financiero/solicitudProceso/detalleSolicitudProcesoOtrosPagos.xhtml HTTP/1.1" 200 37297
201.245.192.253 - - [09/Mar/2022:13:37:37 -0500] "GET /sipse/faces/javax.faces.resource/theme.css?ln=primefaces-sipse HTTP/1.1" 304 -
201.245.192.253 - - [09/Mar/2022:13:37:37 -0500] "GET /sipse/faces/javax.faces.resource/primefaces.css?ln=primefaces&v=4.0 HTTP/1.1" 304 -
201.245.192.253 - - [09/Mar/2022:13:37:37 -0500] "GET /sipse/faces/javax.faces.resource/layout/layout.css?ln=primefaces&v=4.0 HTTP/1.1" 304 -
201.245.192.253 - - [09/Mar/2022:13:37:37 -0500] "GET /sipse/faces/javax.faces.resource/jquery/jquery.js?ln=primefaces&v=4.0 HTTP/1.1" 304 -
201.245.192.253 - - [09/Mar/2022:13:37:37 -0500] "GET /sipse/faces/javax.faces.resource/jquery/jquery-plugins.js?ln=primefaces&v=4.0 HTTP/1.1" 304 -
201.245.192.253 - - [09/Mar/2022:13:37:37 -0500] "GET /sipse/faces/javax.faces.resource/primefaces.js?ln=primefaces&v=4.0 HTTP/1.1" 304 -
201.245.192.253 - - [09/Mar/2022:13:37:37 -0500] "GET /sipse/faces/javax.faces.resource/layout/layout.js?ln=primefaces&v=4.0 HTTP/1.1" 304 -
201.245.192.253 - - [09/Mar/2022:13:37:37 -0500] "GET /sipse/css/imagen/contrasena.png HTTP/1.1" 404 383
216.245.221.92 - - [09/Mar/2022:13:37:39 -0500] "HEAD / HTTP/1.1" 200 -
200.118.64.109 - - [09/Mar/2022:13:37:58 -0500] "POST /forms/lservlet;jsessionid=ac16012b30d6279b796e45e74f80b2dcbf112250ef17.e3iSbxaKaheRe3qTch0LbxeTa41ynknvrkLOlQzNp65In0 HTTP/1.1" 200 2
190.60.80.5 - - [09/Mar/2022:13:38:13 -0500] "GET /galeria/galeria/jquery.fancybox.css?v=2.1.5 HTTP/1.1" 200 4895
190.157.160.157 - - [09/Mar/2022:13:39:02 -0500] "GET /galeria/galeria/jquery.fancybox.css?v=2.1.5 HTTP/1.1" 200 4895
201.245.192.253 - - [09/Mar/2022:13:39:06 -0500] "POST /sipse/faces/presentacion/contratacion/contrato/registroPresupuestal/expedirRP.xhtml HTTP/1.1" 200 2248
199.16.157.181 - - [09/Mar/2022:13:39:11 -0500] "GET /documents/10184/2325415/pieza-concurso-buenas-practicas-20-septiembre.jpg HTTP/1.1" 404 1030
152.228.167.63 - - [09/Mar/2022:13:39:20 -0500] "GET /documents/10184/2325415/pieza-concurso-buenas-practicas-20-septiembre.jpg HTTP/1.1" 404 1030
200.118.64.109 - - [09/Mar/2022:13:39:58 -0500] "POST /forms/lservlet;jsessionid=ac16012b30d6279b796e45e74f80b2dcbf112250ef17.e3iSbxaKaheRe3qTch0LbxeTa41ynknvrkLOlQzNp65In0 HTTP/1.1" 200 2
179.8.94.201 - - [09/Mar/2022:13:40:48 -0500] "GET /galeria/galeria/jquery.fancybox.css?v=2.1.5 HTTP/1.1" 200 4895
201.245.192.253 - - [09/Mar/2022:13:41:11 -0500] "POST /kwsrmcab/Wsrmcab HTTP/1.1" 200 45353
200.118.64.109 - - [09/Mar/2022:13:41:59 -0500] "POST /forms/lservlet;jsessionid=ac16012b30d6279b796e45e74f80b2dcbf112250ef17.e3iSbxaKaheRe3qTch0LbxeTa41ynknvrkLOlQzNp65In0 HTTP/1.1" 200 2
201.245.192.253 - - [09/Mar/2022:13:41:45 -0500] "POST /kwsrmcab/Wsrmcab HTTP/1.1" 200 113177
216.245.221.92 - - [09/Mar/2022:13:42:39 -0500] "HEAD / HTTP/1.1" 200 -
201.245.192.253 - - [09/Mar/2022:13:41:58 -0500] "POST /kwsrmcab/Wsrmcab HTTP/1.1" 200 44893
40.77.167.55 - - [09/Mar/2022:13:43:34 -0500] "GET /bla/resoluciones/resoluciones%202014/3487.pdf HTTP/1.1" 200 524195
200.118.64.109 - - [09/Mar/2022:13:43:59 -0500] "POST /forms/lservlet;jsessionid=ac16012b30d6279b796e45e74f80b2dcbf112250ef17.e3iSbxaKaheRe3qTch0LbxeTa41ynknvrkLOlQzNp65In0 HTTP/1.1" 200 2
190.2.209.237 - - [09/Mar/2022:13:44:48 -0500] "GET /galeria/galeria/jquery.fancybox.css?v=2.1.5 HTTP/1.1" 200 4895
181.57.147.176 - - [09/Mar/2022:13:44:54 -0500] "GET /BLA/resoluciones/RESOLUCIONES%202011/5842.pdf HTTP/1.1" 200 423540
173.252.95.6 - - [09/Mar/2022:13:45:37 -0500] "GET /secretaria-de-ambiente-abre-inscripciones-para-la-ruta-de-emprendimiento-verde-2022.html HTTP/1.1" 206 902
173.252.95.8 - - [09/Mar/2022:13:45:37 -0500] "GET /secretaria-de-ambiente-abre-inscripciones-para-la-ruta-de-emprendimiento-verde-2022.html HTTP/1.1" 206 902
190.109.18.247 - - [09/Mar/2022:13:45:43 -0500] "GET /galeria/galeria/jquery.fancybox.css?v=2.1.5 HTTP/1.1" 200 4895
200.118.64.109 - - [09/Mar/2022:13:45:59 -0500] "POST /forms/lservlet;jsessionid=ac16012b30d6279b796e45e74f80b2dcbf112250ef17.e3iSbxaKaheRe3qTch0LbxeTa41ynknvrkLOlQzNp65In0 HTTP/1.1" 200 2
3.92.62.234 - - [09/Mar/2022:13:46:19 -0500] "HEAD / HTTP/1.1" 200 -
191.95.142.21 - - [09/Mar/2022:13:47:06 -0500] "GET /galeria/galeria/jquery.fancybox.css?v=2.1.5 HTTP/1.1" 200 4895
216.245.221.92 - - [09/Mar/2022:13:47:39 -0500] "HEAD / HTTP/1.1" 200 -
186.169.203.240 - - [09/Mar/2022:13:47:53 -0500] "GET /galeria/galeria/jquery.fancybox.css?v=2.1.5 HTTP/1.1" 200 4895
66.249.64.111 - - [09/Mar/2022:13:47:54 -0500] "-" 408 -
200.118.64.109 - - [09/Mar/2022:13:47:59 -0500] "POST /forms/lservlet;jsessionid=ac16012b30d6279b796e45e74f80b2dcbf112250ef17.e3iSbxaKaheRe3qTch0LbxeTa41ynknvrkLOlQzNp65In0 HTTP/1.1" 200 2
200.118.64.109 - - [09/Mar/2022:13:49:59 -0500] "POST /forms/lservlet;jsessionid=ac16012b30d6279b796e45e74f80b2dcbf112250ef17.e3iSbxaKaheRe3qTch0LbxeTa41ynknvrkLOlQzNp65In0 HTTP/1.1" 200 2
157.55.39.123 - - [09/Mar/2022:13:50:02 -0500] "GET /bla/resoluciones/resoluciones%202014/3431.pdf HTTP/1.1" 200 666388
2.56.59.20 - - [09/Mar/2022:13:51:03 -0500] "GET / HTTP/1.1" 200 319
2.56.59.20 - - [09/Mar/2022:13:51:03 -0500] "POST /HNAP1/ HTTP/1.1" 404 1018
190.60.254.233 - - [09/Mar/2022:13:51:15 -0500] "GET /galeria/galeria/jquery.fancybox.css?v=2.1.5 HTTP/1.1" 200 4895
200.118.64.109 - - [09/Mar/2022:13:51:59 -0500] "POST /forms/lservlet;jsessionid=ac16012b30d6279b796e45e74f80b2dcbf112250ef17.e3iSbxaKaheRe3qTch0LbxeTa41ynknvrkLOlQzNp65In0 HTTP/1.1" 200 2
216.245.221.92 - - [09/Mar/2022:13:52:39 -0500] "HEAD / HTTP/1.1" 200 -
201.245.192.253 - - [09/Mar/2022:13:52:44 -0500] "POST /kwsrmcab/Wsrmcab HTTP/1.1" 200 113177
66.249.64.113 - - [09/Mar/2022:13:53:45 -0500] "-" 408 -
200.118.64.109 - - [09/Mar/2022:13:53:59 -0500] "POST /forms/lservlet;jsessionid=ac16012b30d6279b796e45e74f80b2dcbf112250ef17.e3iSbxaKaheRe3qTch0LbxeTa41ynknvrkLOlQzNp65In0 HTTP/1.1" 200 2
36.37.185.89 - - [09/Mar/2022:13:54:08 -0500] "GET /.env HTTP/1.1" 404 1018
36.37.185.89 - - [09/Mar/2022:13:54:09 -0500] "POST / HTTP/1.1" 200 319
157.55.39.48 - - [09/Mar/2022:13:54:46 -0500] "GET /bla/resoluciones/resoluciones%202014/0121.pdf HTTP/1.1" 200 874597
186.84.20.90 - - [09/Mar/2022:13:55:11 -0500] "GET /BLA/resoluciones/ HTTP/1.1" 200 13093
186.169.203.227 - - [09/Mar/2022:13:55:13 -0500] "GET /galeria/galeria/jquery.fancybox.css?v=2.1.5 HTTP/1.1" 200 4895
186.84.20.90 - - [09/Mar/2022:13:55:14 -0500] "GET /BLA/resoluciones/index.php?dir=AUTOS+2020%2F HTTP/1.1" 200 318503
186.84.20.90 - - [09/Mar/2022:13:55:31 -0500] "GET /BLA/resoluciones/AUTOS%202020/4347.pdf HTTP/1.1" 200 395261
200.118.64.109 - - [09/Mar/2022:13:55:59 -0500] "POST /forms/lservlet;jsessionid=ac16012b30d6279b796e45e74f80b2dcbf112250ef17.e3iSbxaKaheRe3qTch0LbxeTa41ynknvrkLOlQzNp65In0 HTTP/1.1" 200 2
201.245.192.253 - - [09/Mar/2022:13:56:17 -0500] "POST /sipse/faces/presentacion/contratacion/contrato/registroPresupuestal/expedirRP.xhtml HTTP/1.1" 200 23596
201.245.192.253 - - [09/Mar/2022:13:56:18 -0500] "GET /sipse/faces/javax.faces.resource/theme.css?ln=primefaces-sipse HTTP/1.1" 304 -
201.245.192.253 - - [09/Mar/2022:13:56:18 -0500] "GET /sipse/faces/javax.faces.resource/jquery/jquery-plugins.js?ln=primefaces&v=4.0 HTTP/1.1" 304 -
201.245.192.253 - - [09/Mar/2022:13:56:18 -0500] "GET /sipse/faces/javax.faces.resource/jquery/jquery.js?ln=primefaces&v=4.0 HTTP/1.1" 304 -
201.245.192.253 - - [09/Mar/2022:13:56:18 -0500] "GET /sipse/faces/javax.faces.resource/primefaces.css?ln=primefaces&v=4.0 HTTP/1.1" 304 -
201.245.192.253 - - [09/Mar/2022:13:56:18 -0500] "GET /sipse/faces/javax.faces.resource/layout/layout.css?ln=primefaces&v=4.0 HTTP/1.1" 304 -
201.245.192.253 - - [09/Mar/2022:13:56:18 -0500] "GET /sipse/faces/javax.faces.resource/primefaces.js?ln=primefaces&v=4.0 HTTP/1.1" 304 -
201.245.192.253 - - [09/Mar/2022:13:56:18 -0500] "GET /sipse/faces/javax.faces.resource/layout/layout.js?ln=primefaces&v=4.0 HTTP/1.1" 304 -
201.245.192.253 - - [09/Mar/2022:13:56:18 -0500] "GET /sipse/faces/javax.faces.resource/images/ui-icons_898989_256x240.png?ln=primefaces-aristo HTTP/1.1" 304 -
173.252.127.21 - - [09/Mar/2022:13:56:20 -0500] "GET /alcaldesa-claudia-lopez-les-dio-la-bienvenida-a-las-sembradoras-por-la-reactivaccion.html?fbclid=IwAR1qHn_MwrFYaHk_kPTMFU2vSoqasSrtzujUnwYbSgPBeWPAmF5XLNpLf7E HTTP/1.1" 200 1264
201.245.192.253 - - [09/Mar/2022:13:56:33 -0500] "POST /sipse/faces/presentacion/contratacion/contrato/registroPresupuestal/consultarActividadesRP.xhtml HTTP/1.1" 200 26222
201.245.192.253 - - [09/Mar/2022:13:56:33 -0500] "GET /sipse/faces/javax.faces.resource/theme.css?ln=primefaces-sipse HTTP/1.1" 304 -
201.245.192.253 - - [09/Mar/2022:13:56:33 -0500] "GET /sipse/faces/javax.faces.resource/primefaces.css?ln=primefaces&v=4.0 HTTP/1.1" 304 -
