85.208.98.195 - - [10/Mar/2022:21:53:46 -0500] "GET /portaldeninos/wp-content/uploads/2021/07/Banners-pa%CC%81gina-de-nin%CC%83os-Glosario.jpg HTTP/1.1" 200 16446
85.208.98.194 - - [10/Mar/2022:21:53:47 -0500] "GET /portaldeninos/wp-content/uploads/2020/11/Pieza-3-B_-1-1024x576.jpg HTTP/1.1" 200 14599
85.208.98.200 - - [10/Mar/2022:21:53:48 -0500] "GET /portaldeninos/wp-content/uploads/2021/07/Banners-pa%CC%81gina-de-nin%CC%83os-humedales-de-Bogota%CC%81-1024x50.jpg HTTP/1.1" 200 9699
85.208.98.195 - - [10/Mar/2022:21:53:49 -0500] "GET /portaldeninos/wp-content/uploads/2020/11/Santa-Mar%C3%ADa-B-1024x576.jpg HTTP/1.1" 200 14599
85.208.98.193 - - [10/Mar/2022:21:53:50 -0500] "GET /portaldeninos/wp-content/uploads/2021/07/Banners-pa%CC%81gina-de-nin%CC%83os2-1024x50.jpg HTTP/1.1" 200 9254
85.208.98.192 - - [10/Mar/2022:21:53:52 -0500] "GET /portaldeninos/wp-content/uploads/2021/07/Banners-pa%CC%81gina-de-nin%CC%83os-aula-ambiental.jpg HTTP/1.1" 200 14601
85.208.98.192 - - [10/Mar/2022:21:53:53 -0500] "GET /portaldeninos/wp-content/uploads/2021/07/auambari-foto-portal-ni%C3%B1os.jpg HTTP/1.1" 200 14600
85.208.98.193 - - [10/Mar/2022:21:53:54 -0500] "GET /portaldeninos/wp-content/uploads/2021/07/Banners-pa%CC%81gina-de-nin%CC%83os13.jpg HTTP/1.1" 200 14600
85.208.98.196 - - [10/Mar/2022:21:53:55 -0500] "GET /portaldeninos/wp-content/uploads/2021/06/infograf%C3%ADa-ruido_optimized.jpg HTTP/1.1" 200 14598
85.208.98.193 - - [10/Mar/2022:21:53:56 -0500] "GET /portaldeninos/wp-content/uploads/2021/10/infografia-fauna-ni%C3%B1os-ambientic.jpg HTTP/1.1" 200 14598
85.208.98.198 - - [10/Mar/2022:21:53:58 -0500] "GET /portaldeninos/wp-content/uploads/2021/07/Banners-pa%CC%81gina-de-nin%CC%83os10-1024x50.jpg HTTP/1.1" 200 6376
85.208.98.201 - - [10/Mar/2022:21:53:59 -0500] "GET /portaldeninos/wp-content/uploads/2021/07/Banners-pa%CC%81gina-de-nin%CC%83os1.jpg HTTP/1.1" 200 14601
85.208.98.194 - - [10/Mar/2022:21:54:00 -0500] "GET /portaldeninos/wp-content/uploads/2021/07/imagenes-con-marcos-pa%CC%81gina-de-nin%CC%83os-aulas-ambientales.jpg HTTP/1.1" 200 14600
85.208.98.196 - - [10/Mar/2022:21:54:01 -0500] "GET /portaldeninos/wp-content/uploads/2021/07/Banners-pa%CC%81gina-de-nin%CC%83os12-1-1024x50.jpg HTTP/1.1" 200 3862
85.208.98.197 - - [10/Mar/2022:21:54:02 -0500] "GET /portaldeninos/wp-content/uploads/2021/09/infograf%C3%ADa-aire-septiembre.jpg HTTP/1.1" 200 14599
85.208.98.198 - - [10/Mar/2022:21:54:03 -0500] "GET /portaldeninos/wp-content/uploads/2019/09/Nogal-%C3%A1rboles.jpg HTTP/1.1" 200 14598
85.208.98.196 - - [10/Mar/2022:21:54:05 -0500] "GET /portaldeninos/wp-content/uploads/2019/09/Palma-F%C3%A9nix-%C3%A1rboles.jpg HTTP/1.1" 200 14598
85.208.98.200 - - [10/Mar/2022:21:54:06 -0500] "GET /portaldeninos/wp-content/uploads/2019/09/Roble-%C3%A1rboles.jpg HTTP/1.1" 200 14598
85.208.98.196 - - [10/Mar/2022:21:54:07 -0500] "GET /portaldeninos/wp-content/uploads/2021/07/Banners-pa%CC%81gina-de-nin%CC%83os9-1024x50.jpg HTTP/1.1" 200 8683
85.208.98.192 - - [10/Mar/2022:21:54:08 -0500] "GET /portaldeninos/wp-content/uploads/2019/09/Magnolio-%C3%A1rboles.jpg HTTP/1.1" 200 14599
85.208.98.193 - - [10/Mar/2022:21:54:09 -0500] "GET /portaldeninos/wp-content/uploads/2019/09/PalmaDeCera-%C3%A1rboles.jpg HTTP/1.1" 200 14598
85.208.98.201 - - [10/Mar/2022:21:54:10 -0500] "GET /portaldeninos/wp-content/uploads/2019/09/Introducci%C3%B3n-%C3%A1rboles.jpg HTTP/1.1" 200 14598
85.208.98.199 - - [10/Mar/2022:21:54:12 -0500] "GET /portaldeninos/wp-content/uploads/2019/09/Cedro-%C3%A1rboles.jpg HTTP/1.1" 200 14598
85.208.98.200 - - [10/Mar/2022:21:54:13 -0500] "GET /portaldeninos/wp-content/uploads/2019/09/Cipr%C3%A9s-%C3%A1rboles.jpg HTTP/1.1" 200 14598
85.208.98.201 - - [10/Mar/2022:21:54:14 -0500] "GET /portaldeninos/wp-content/uploads/2019/09/Pino-Romer%C3%B3n-%C3%A1rboles.jpg HTTP/1.1" 200 14598
85.208.98.193 - - [10/Mar/2022:21:54:15 -0500] "GET /portaldeninos/wp-content/uploads/2019/09/Categorias-%C3%A1rboles.jpg HTTP/1.1" 200 14598
85.208.98.201 - - [10/Mar/2022:21:54:16 -0500] "GET /portaldeninos/wp-content/uploads/2019/09/Sangregado-%C3%A1rboles.jpg HTTP/1.1" 200 14598
85.208.98.193 - - [10/Mar/2022:21:54:17 -0500] "GET /portaldeninos/wp-content/uploads/2019/09/Caucho-sabanero-%C3%A1rboles.jpg HTTP/1.1" 200 14598
85.208.98.197 - - [10/Mar/2022:21:54:19 -0500] "GET /portaldeninos/wp-content/uploads/2020/11/Capellan%C3%ADa-B-1024x576.jpg HTTP/1.1" 200 14598
85.208.98.197 - - [10/Mar/2022:21:54:20 -0500] "GET /portaldeninos/wp-content/uploads/2020/11/Juan-Amarillo-B-1024x576.jpg HTTP/1.1" 200 14598
85.208.98.200 - - [10/Mar/2022:21:54:21 -0500] "GET /portaldeninos/wp-content/uploads/2021/07/Banners-pa%CC%81gina-de-nin%CC%83os14.jpg HTTP/1.1" 200 14600
85.208.98.195 - - [10/Mar/2022:21:54:22 -0500] "GET /portaldeninos/wp-content/uploads/2021/07/Banners-pa%CC%81gina-de-nin%CC%83os-contactanos.jpg HTTP/1.1" 200 14600
85.208.98.199 - - [10/Mar/2022:21:54:23 -0500] "GET /portaldeninos/wp-content/uploads/2021/07/Banners-pa%CC%81gina-de-nin%CC%83os7-1024x50.jpg HTTP/1.1" 200 4930
85.208.98.199 - - [10/Mar/2022:21:54:24 -0500] "GET /portaldeninos/wp-content/uploads/2020/03/arbolitos.gif HTTP/1.1" 200 14598
85.208.98.196 - - [10/Mar/2022:21:54:26 -0500] "GET /portaldeninos/wp-content/uploads/2021/07/Banners-pa%CC%81gina-de-nin%CC%83os8-1024x50.jpg HTTP/1.1" 200 6743
85.208.98.192 - - [10/Mar/2022:21:54:27 -0500] "GET /portaldeninos/wp-content/uploads/2020/11/Jaboque-B-1024x576.jpg HTTP/1.1" 200 14599
85.208.98.199 - - [10/Mar/2022:21:54:28 -0500] "GET /portaldeninos/wp-content/uploads/2020/11/C%C3%B3rdoba-B-1024x576.jpg HTTP/1.1" 200 14598
85.208.98.197 - - [10/Mar/2022:21:54:29 -0500] "GET /portaldeninos/wp-content/uploads/2021/07/imagenes-con-marcos-pa%CC%81gina-de-nin%CC%83os-parque-entrenubes-1.jpg HTTP/1.1" 200 14600
85.208.98.193 - - [10/Mar/2022:21:54:30 -0500] "GET /portaldeninos/wp-content/uploads/2021/07/Banners-pa%CC%81gina-de-nin%CC%83os3.jpg HTTP/1.1" 200 14600
85.208.98.192 - - [10/Mar/2022:21:54:32 -0500] "GET /portaldeninos/wp-content/uploads/2020/11/La-Vaca-B-1024x576.jpg HTTP/1.1" 200 14598
40.77.167.53 - - [10/Mar/2022:21:54:32 -0500] "GET /bla/resoluciones/resoluciones%202014/0013.pdf HTTP/1.1" 200 519173
216.245.221.92 - - [10/Mar/2022:21:57:27 -0500] "HEAD / HTTP/1.1" 200 -
102.129.152.244 - - [10/Mar/2022:21:59:41 -0500] "GET / HTTP/1.1" 200 319
157.55.39.123 - - [10/Mar/2022:22:00:45 -0500] "GET /bla/resoluciones/resoluciones%202013/0181.pdf HTTP/1.1" 200 3749771
66.249.73.127 - - [10/Mar/2022:22:01:38 -0500] "-" 408 -
216.245.221.92 - - [10/Mar/2022:22:02:27 -0500] "HEAD / HTTP/1.1" 200 -
201.245.192.253 - - [10/Mar/2022:22:02:00 -0500] "POST /kwsrmcab/Wsrmcab HTTP/1.1" 200 116967
207.46.13.159 - - [10/Mar/2022:22:05:24 -0500] "GET /bla/resoluciones/resoluciones%202014/0534.pdf HTTP/1.1" 200 875473
85.208.98.197 - - [10/Mar/2022:22:06:00 -0500] "GET /robots.txt HTTP/1.1" 404 1035
190.156.90.221 - - [10/Mar/2022:22:06:19 -0500] "GET /BLA/resoluciones/AUTOS%202021/2475.pdf HTTP/1.1" 200 349765
216.245.221.92 - - [10/Mar/2022:22:07:27 -0500] "HEAD / HTTP/1.1" 200 -
85.208.98.192 - - [10/Mar/2022:22:07:39 -0500] "GET /robots.txt HTTP/1.1" 404 1035
192.168.172.17 - - [10/Mar/2022:22:09:38 -0500] "GET / HTTP/1.1" 200 4720
192.168.172.17 - - [10/Mar/2022:22:09:38 -0500] "GET /js/url.js HTTP/1.1" 404 1294
192.168.172.17 - - [10/Mar/2022:22:09:38 -0500] "GET /favicon.ico HTTP/1.1" 404 1294
190.158.204.2 - - [10/Mar/2022:22:09:47 -0500] "GET /secretaria-de-ambiente-afianza-lazos-de-cooperacion-con-chile.html HTTP/1.1" 200 818
186.102.56.140 - - [10/Mar/2022:22:10:42 -0500] "-" 408 -
192.168.172.17 - - [10/Mar/2022:22:10:45 -0500] "POST /procesar.php HTTP/1.1" 200 1072
190.108.78.165 - - [10/Mar/2022:22:11:18 -0500] "GET /galeria/galeria/jquery.fancybox.css?v=2.1.5 HTTP/1.1" 200 4895
190.108.78.165 - - [10/Mar/2022:22:11:20 -0500] "GET /BLA/boletinlegal/js/jquery.scrollShow.js HTTP/1.1" 200 4586
190.108.78.165 - - [10/Mar/2022:22:11:20 -0500] "GET /galeria/galeria/jquery.fancybox.js?v=2.1.5 HTTP/1.1" 200 48706
173.252.107.8 - - [10/Mar/2022:22:11:36 -0500] "GET /distrito-objeta-una-de-las-mas-de-50-acciones-del-acuerdo-de-emergencia-climatica-y-convoca-a-buscar-alternativas-sostenibles-ambiental-y-financieramente.html HTTP/1.1" 206 1068
173.252.107.22 - - [10/Mar/2022:22:11:36 -0500] "GET /distrito-objeta-una-de-las-mas-de-50-acciones-del-acuerdo-de-emergencia-climatica-y-convoca-a-buscar-alternativas-sostenibles-ambiental-y-financieramente.html HTTP/1.1" 206 1068
173.252.107.16 - - [10/Mar/2022:22:11:37 -0500] "GET /distrito-objeta-una-de-las-mas-de-50-acciones-del-acuerdo-de-emergencia-climatica-y-convoca-a-buscar-alternativas-sostenibles-ambiental-y-financieramente.html HTTP/1.1" 206 1068
173.252.107.16 - - [10/Mar/2022:22:11:37 -0500] "GET /images/bogota-crisis-climatica-1-diciembre.jpg HTTP/1.1" 200 123985
173.252.95.4 - - [10/Mar/2022:22:11:54 -0500] "GET /distrito-objeta-una-de-las-mas-de-50-acciones-del-acuerdo-de-emergencia-climatica-y-convoca-a-buscar-alternativas-sostenibles-ambiental-y-financieramente.html?fbclid=IwAR0XBSt-XTM1z1mbscTMcyVPuZZ4XTnFwp3rE_CfVjMuojeJdyw1E42hvmc HTTP/1.1" 200 1068
216.245.221.92 - - [10/Mar/2022:22:12:27 -0500] "HEAD / HTTP/1.1" 200 -
201.245.192.253 - - [10/Mar/2022:22:11:42 -0500] "POST /kwsrmcab/Wsrmcab HTTP/1.1" 200 116969
52.42.168.181 - - [10/Mar/2022:22:12:49 -0500] "-" 408 -
88.99.195.210 - - [10/Mar/2022:22:13:16 -0500] "-" 408 -
54.188.116.110 - - [10/Mar/2022:22:13:24 -0500] "-" 408 -
157.55.39.123 - - [10/Mar/2022:22:14:46 -0500] "GET /bla/resoluciones/resoluciones%202014/0486.pdf HTTP/1.1" 200 671334
190.26.21.22 - - [10/Mar/2022:22:15:45 -0500] "GET /BLA/resoluciones/RESOLUCIONES%202021/3033.pdf HTTP/1.1" 200 374042
181.61.205.213 - - [10/Mar/2022:22:15:56 -0500] "GET /galeria/galeria/jquery.fancybox.css?v=2.1.5 HTTP/1.1" 200 4895
207.46.13.159 - - [10/Mar/2022:22:16:15 -0500] "GET /bla/resoluciones/resoluciones%202014/2729.pdf HTTP/1.1" 200 725522
207.46.13.159 - - [10/Mar/2022:22:16:25 -0500] "GET /bla/resoluciones/resoluciones%202014/2688.pdf HTTP/1.1" 200 396297
190.26.21.22 - - [10/Mar/2022:22:16:31 -0500] "GET /BLA/resoluciones/index.php?dir=RESOLUCIONES+2021%2F HTTP/1.1" 200 283154
186.84.21.34 - - [10/Mar/2022:22:17:09 -0500] "GET /BLA/resoluciones/index.php?dir=AUTOS+2021%2F HTTP/1.1" 200 318955
216.245.221.92 - - [10/Mar/2022:22:17:27 -0500] "HEAD / HTTP/1.1" 200 -
207.46.13.159 - - [10/Mar/2022:22:18:34 -0500] "GET /galeria/galeria/fotos/juan-amarillo1G.jpg HTTP/1.1" 200 407260
207.46.13.157 - - [10/Mar/2022:22:18:42 -0500] "GET /bla/resoluciones/resoluciones%202014/3794.pdf HTTP/1.1" 200 583416
186.155.42.49 - - [10/Mar/2022:22:19:07 -0500] "GET /secretaria-de-ambiente-abre-ciclo-de-capacitaciones-sobre-techos-verdes-y-jardines-verticales.html HTTP/1.1" 200 1078
157.55.39.48 - - [10/Mar/2022:22:20:58 -0500] "GET /bla/resoluciones/resoluciones%202014/3138.pdf HTTP/1.1" 200 489551
207.46.13.178 - - [10/Mar/2022:22:21:12 -0500] "GET /portaldeninos/wp-content/uploads/2021/07/Banners-p%C3%A1gina-de-ni%C3%B1os-humedales-de-Bogot%C3%A1.jpg HTTP/1.1" 404 67768
66.249.73.100 - - [10/Mar/2022:22:21:34 -0500] "-" 408 -
191.89.240.57 - - [10/Mar/2022:22:21:40 -0500] "GET /BLA/resoluciones/index.php?dir=RESOLUCIONES+2013%2F HTTP/1.1" 200 236918
201.245.192.253 - - [10/Mar/2022:22:21:04 -0500] "POST /kwsrmcab/Wsrmcab HTTP/1.1" 200 45184
201.245.192.253 - - [10/Mar/2022:22:22:22 -0500] "POST /sipse/faces/presentacion/proyectos/proyecto/proyecto.xhtml HTTP/1.1" 200 81583
201.245.192.253 - - [10/Mar/2022:22:22:22 -0500] "GET /sipse/faces/javax.faces.resource/theme.css?ln=primefaces-sipse HTTP/1.1" 304 -
201.245.192.253 - - [10/Mar/2022:22:22:22 -0500] "GET /sipse/faces/javax.faces.resource/layout/layout.css?ln=primefaces&v=4.0 HTTP/1.1" 304 -
201.245.192.253 - - [10/Mar/2022:22:22:22 -0500] "GET /sipse/faces/javax.faces.resource/primefaces.css?ln=primefaces&v=4.0 HTTP/1.1" 304 -
201.245.192.253 - - [10/Mar/2022:22:22:22 -0500] "GET /sipse/faces/javax.faces.resource/jquery/jquery.js?ln=primefaces&v=4.0 HTTP/1.1" 304 -
201.245.192.253 - - [10/Mar/2022:22:22:22 -0500] "GET /sipse/faces/javax.faces.resource/jquery/jquery-plugins.js?ln=primefaces&v=4.0 HTTP/1.1" 304 -
201.245.192.253 - - [10/Mar/2022:22:22:22 -0500] "GET /sipse/faces/javax.faces.resource/primefaces.js?ln=primefaces&v=4.0 HTTP/1.1" 304 -
201.245.192.253 - - [10/Mar/2022:22:22:22 -0500] "GET /sipse/faces/javax.faces.resource/layout/layout.js?ln=primefaces&v=4.0 HTTP/1.1" 304 -
201.245.192.253 - - [10/Mar/2022:22:22:22 -0500] "GET /sipse/css/imagen/contrasena.png HTTP/1.1" 404 383
216.245.221.92 - - [10/Mar/2022:22:22:27 -0500] "HEAD / HTTP/1.1" 200 -
201.245.192.253 - - [10/Mar/2022:22:22:27 -0500] "POST /sipse/faces/presentacion/proyectos/proyecto/listarProyecto.xhtml HTTP/1.1" 200 163
201.245.192.253 - - [10/Mar/2022:22:22:27 -0500] "GET /sipse/faces/presentacion/proyectos/proyecto/proyecto.xhtml HTTP/1.1" 200 87841
201.245.192.253 - - [10/Mar/2022:22:22:28 -0500] "GET /sipse/faces/javax.faces.resource/theme.css?ln=primefaces-sipse HTTP/1.1" 304 -
201.245.192.253 - - [10/Mar/2022:22:22:28 -0500] "GET /sipse/faces/javax.faces.resource/primefaces.css?ln=primefaces&v=4.0 HTTP/1.1" 304 -
201.245.192.253 - - [10/Mar/2022:22:22:28 -0500] "GET /sipse/faces/javax.faces.resource/jquery/jquery-plugins.js?ln=primefaces&v=4.0 HTTP/1.1" 304 -
201.245.192.253 - - [10/Mar/2022:22:22:28 -0500] "GET /sipse/faces/javax.faces.resource/layout/layout.css?ln=primefaces&v=4.0 HTTP/1.1" 304 -
201.245.192.253 - - [10/Mar/2022:22:22:28 -0500] "GET /sipse/faces/javax.faces.resource/jquery/jquery.js?ln=primefaces&v=4.0 HTTP/1.1" 304 -
201.245.192.253 - - [10/Mar/2022:22:22:28 -0500] "GET /sipse/faces/javax.faces.resource/primefaces.js?ln=primefaces&v=4.0 HTTP/1.1" 304 -
201.245.192.253 - - [10/Mar/2022:22:22:28 -0500] "GET /sipse/faces/javax.faces.resource/layout/layout.js?ln=primefaces&v=4.0 HTTP/1.1" 304 -
201.245.192.253 - - [10/Mar/2022:22:22:28 -0500] "POST /sipse/faces/presentacion/proyectos/proyecto/proyecto.xhtml HTTP/1.1" 200 3261
201.245.192.253 - - [10/Mar/2022:22:21:44 -0500] "POST /kwsrmcab/Wsrmcab HTTP/1.1" 200 116969
201.245.192.253 - - [10/Mar/2022:22:22:36 -0500] "POST /sipse/faces/presentacion/proyectos/proyecto/proyecto.xhtml HTTP/1.1" 200 44916
201.245.192.253 - - [10/Mar/2022:22:22:38 -0500] "GET /sipse/faces/javax.faces.resource/spacer/dot_clear.gif?ln=primefaces&v=4.0 HTTP/1.1" 304 -
201.245.192.253 - - [10/Mar/2022:22:22:38 -0500] "POST /sipse/faces/presentacion/proyectos/proyecto/proyecto.xhtml HTTP/1.1" 200 3953
201.245.192.253 - - [10/Mar/2022:22:21:55 -0500] "POST /kwsrmcab/Wsrmcab HTTP/1.1" 200 46255
201.245.192.253 - - [10/Mar/2022:22:22:44 -0500] "POST /sipse/faces/presentacion/proyectos/proyecto/proyecto.xhtml HTTP/1.1" 200 73624
173.252.127.7 - - [10/Mar/2022:22:24:02 -0500] "GET /secretaria-de-ambiente-abre-inscripciones-para-la-ruta-de-emprendimiento-verde-2022.html?fbclid=IwAR2c0TwPx5Wwic7DmHGr5YTh9sHbE93hZD_LuF4yN2EVvn9N7pnDxLYzO9k HTTP/1.1" 200 902
181.62.149.79 - - [10/Mar/2022:22:24:21 -0500] "GET /BLA/resoluciones/index.php?dir=RESOLUCIONES+2010%2F HTTP/1.1" 200 1307798
207.46.13.159 - - [10/Mar/2022:22:24:24 -0500] "GET /BLA/resoluciones/AUTOS%202021/2475.pdf HTTP/1.1" 200 349765
186.80.52.16 - - [10/Mar/2022:22:24:25 -0500] "GET /secretaria-de-ambiente-afianza-lazos-de-cooperacion-con-chile.html HTTP/1.1" 200 818
181.62.149.79 - - [10/Mar/2022:22:24:27 -0500] "GET /BLA/resoluciones/RESOLUCIONES%202010/1953.pdf HTTP/1.1" 200 268337
192.168.172.17 - - [10/Mar/2022:22:25:25 -0500] "GET / HTTP/1.1" 200 4720
192.168.172.17 - - [10/Mar/2022:22:25:26 -0500] "GET /js/url.js HTTP/1.1" 404 1294
192.168.172.17 - - [10/Mar/2022:22:25:26 -0500] "GET /favicon.ico HTTP/1.1" 404 1294
192.168.172.17 - - [10/Mar/2022:22:26:30 -0500] "POST /procesar.php HTTP/1.1" 200 991
190.158.204.55 - - [10/Mar/2022:22:27:08 -0500] "GET /caminos-de-los-cerros-estaran-cerrados-este-fin-de-semana-en-bogota.html HTTP/1.1" 200 813
173.252.107.116 - - [10/Mar/2022:22:27:17 -0500] "GET /reconocimiento-para-las-empresas-con-mejor-desempeno-ambiental-en-bogota.html HTTP/1.1" 206 898
173.252.107.18 - - [10/Mar/2022:22:27:17 -0500] "GET /reconocimiento-para-las-empresas-con-mejor-desempeno-ambiental-en-bogota.html HTTP/1.1" 206 898
173.252.107.17 - - [10/Mar/2022:22:27:17 -0500] "GET /reconocimiento-para-las-empresas-con-mejor-desempeno-ambiental-en-bogota.html HTTP/1.1" 206 898
173.252.107.18 - - [10/Mar/2022:22:27:18 -0500] "GET /images/pieza-pread-principa-1-diciembre.jpg HTTP/1.1" 200 180255
216.245.221.92 - - [10/Mar/2022:22:27:27 -0500] "HEAD / HTTP/1.1" 200 -
117.148.130.28 - - [10/Mar/2022:22:28:22 -0500] "GET /galeria/galeria/fotos/GuaymaralTorca4G.jpg HTTP/1.1" 200 373786
201.245.192.253 - - [10/Mar/2022:22:28:40 -0500] "POST /sipse/faces/presentacion/proyectos/proyecto/proyecto.xhtml HTTP/1.1" 200 66743
190.158.204.145 - - [10/Mar/2022:22:29:09 -0500] "GET /galeria/galeria/jquery.fancybox.css?v=2.1.5 HTTP/1.1" 200 4895
35.240.26.48 - - [10/Mar/2022:22:29:40 -0500] "GET /caminos-de-los-cerros-estaran-cerrados-este-fin-de-semana-en-bogota.html HTTP/1.1" 200 813
201.245.192.253 - - [10/Mar/2022:22:30:08 -0500] "POST /sipse/faces/presentacion/proyectos/proyecto/proyecto.xhtml HTTP/1.1" 200 73732
157.55.39.123 - - [10/Mar/2022:22:30:18 -0500] "GET /bla/resoluciones/resoluciones%202014/2138.pdf HTTP/1.1" 200 2856818
189.250.228.255 - - [10/Mar/2022:22:30:30 -0500] "GET /sia/ HTTP/1.1" 200 2661
173.252.107.20 - - [10/Mar/2022:22:31:17 -0500] "GET /calidad-del-aire-de-bogota-en-condiciones-moderadas-y-regulares.html HTTP/1.1" 206 898
173.252.107.17 - - [10/Mar/2022:22:31:17 -0500] "GET /calidad-del-aire-de-bogota-en-condiciones-moderadas-y-regulares.html HTTP/1.1" 206 898
201.245.192.253 - - [10/Mar/2022:22:31:44 -0500] "POST /sipse/faces/presentacion/proyectos/proyecto/proyecto.xhtml HTTP/1.1" 200 66743
201.245.192.253 - - [10/Mar/2022:22:31:04 -0500] "POST /kwsrmcab/Wsrmcab HTTP/1.1" 200 45184
216.245.221.92 - - [10/Mar/2022:22:32:27 -0500] "HEAD / HTTP/1.1" 200 -
40.77.167.53 - - [10/Mar/2022:22:32:35 -0500] "GET /bla/resoluciones/resoluciones%202014/1911.pdf HTTP/1.1" 200 708361
201.245.192.253 - - [10/Mar/2022:22:31:47 -0500] "POST /kwsrmcab/Wsrmcab HTTP/1.1" 200 116969
201.245.192.253 - - [10/Mar/2022:22:31:54 -0500] "POST /kwsrmcab/Wsrmcab HTTP/1.1" 200 46255
173.252.107.3 - - [10/Mar/2022:22:33:50 -0500] "GET /mas-de-70-animales-silvestres-regresaron-a-la-libertad-en-el-humedal-juan-amarillo.html HTTP/1.1" 206 958
173.252.107.12 - - [10/Mar/2022:22:33:50 -0500] "GET /mas-de-70-animales-silvestres-regresaron-a-la-libertad-en-el-humedal-juan-amarillo.html HTTP/1.1" 206 958
190.27.107.129 - - [10/Mar/2022:22:34:54 -0500] "GET /secretaria-de-ambiente-afianza-lazos-de-cooperacion-con-chile.html HTTP/1.1" 200 818
201.245.192.253 - - [10/Mar/2022:22:34:54 -0500] "POST /sipse/faces/presentacion/proyectos/proyecto/proyecto.xhtml HTTP/1.1" 200 73732
181.61.30.140 - - [10/Mar/2022:22:35:13 -0500] "GET /BLA/resoluciones/ HTTP/1.1" 200 13093
181.61.30.140 - - [10/Mar/2022:22:35:22 -0500] "GET /BLA/resoluciones/index.php?dir=RESOLUCIONES+2006%2F HTTP/1.1" 200 38542
181.61.30.140 - - [10/Mar/2022:22:35:22 -0500] "GET /BLA/resoluciones/dlf/unknown.png HTTP/1.1" 200 266
191.102.199.37 - - [10/Mar/2022:22:35:31 -0500] "GET /mas-de-70-animales-silvestres-regresaron-a-la-libertad-en-el-humedal-juan-amarillo.html HTTP/1.1" 200 958
191.95.152.224 - - [10/Mar/2022:22:35:34 -0500] "GET /galeria/galeria/jquery.fancybox.css?v=2.1.5 HTTP/1.1" 200 4895
181.115.160.12 - - [10/Mar/2022:22:36:48 -0500] "GET /galeria/galeria/jquery.fancybox.css?v=2.1.5 HTTP/1.1" 200 4895
216.245.221.92 - - [10/Mar/2022:22:37:27 -0500] "HEAD / HTTP/1.1" 200 -
186.84.90.227 - - [10/Mar/2022:22:37:54 -0500] "GET /galeria/galeria/jquery.fancybox.css?v=2.1.5 HTTP/1.1" 200 4895
192.168.172.17 - - [10/Mar/2022:22:38:27 -0500] "GET / HTTP/1.1" 200 4720
192.168.172.17 - - [10/Mar/2022:22:38:27 -0500] "GET /js/url.js HTTP/1.1" 404 1294
192.168.172.17 - - [10/Mar/2022:22:38:27 -0500] "GET /favicon.ico HTTP/1.1" 404 1294
192.168.172.17 - - [10/Mar/2022:22:39:26 -0500] "POST /procesar.php HTTP/1.1" 200 1044
199.16.157.180 - - [10/Mar/2022:22:41:27 -0500] "GET /secretaria-de-ambiente-apoyo-investigacion-para-captura-de-personas-que-traficaban-fauna-silvestre-a-traves-de-redes-sociales.html HTTP/1.1" 200 1246
199.16.157.182 - - [10/Mar/2022:22:41:27 -0500] "GET /images/trafico-fauna-4-diciembre.jpg HTTP/1.1" 200 67488
40.77.167.66 - - [10/Mar/2022:22:41:28 -0500] "GET / HTTP/1.1" 200 319
201.245.192.253 - - [10/Mar/2022:22:41:04 -0500] "POST /kwsrmcab/Wsrmcab HTTP/1.1" 200 45184
216.245.221.92 - - [10/Mar/2022:22:42:27 -0500] "HEAD / HTTP/1.1" 200 -
201.245.192.253 - - [10/Mar/2022:22:41:55 -0500] "POST /kwsrmcab/Wsrmcab HTTP/1.1" 200 46255
201.245.192.253 - - [10/Mar/2022:22:42:10 -0500] "POST /kwsrmcab/Wsrmcab HTTP/1.1" 200 116969
190.25.30.176 - - [10/Mar/2022:22:43:14 -0500] "GET /secretaria-de-ambiente-afianza-lazos-de-cooperacion-con-chile.html?fbclid=IwAR06NP1hwmkVWCSoRR2_C2FlZB0pDVHYehwhXgcst1y3g6kEPzgW_yR0M54 HTTP/1.1" 200 818
192.168.172.17 - - [10/Mar/2022:22:43:57 -0500] "GET / HTTP/1.1" 200 4720
192.168.172.17 - - [10/Mar/2022:22:43:57 -0500] "GET /js/url.js HTTP/1.1" 404 1294
191.89.240.57 - - [10/Mar/2022:22:43:57 -0500] "GET /BLA/resoluciones/index.php?dir=RESOLUCIONES+2018%2F HTTP/1.1" 200 256642
192.168.172.17 - - [10/Mar/2022:22:43:57 -0500] "GET /favicon.ico HTTP/1.1" 404 1294
192.168.172.17 - - [10/Mar/2022:22:44:59 -0500] "POST /procesar.php HTTP/1.1" 200 999
216.245.221.92 - - [10/Mar/2022:22:47:27 -0500] "HEAD / HTTP/1.1" 200 -
190.60.32.99 - - [10/Mar/2022:22:47:37 -0500] "GET /galeria/galeria/jquery.fancybox.css?v=2.1.5 HTTP/1.1" 200 4895
191.89.240.57 - - [10/Mar/2022:22:50:24 -0500] "GET /BLA/resoluciones/index.php?dir=RESOLUCIONES+2019%2F HTTP/1.1" 200 232825
191.89.240.57 - - [10/Mar/2022:22:50:43 -0500] "GET /BLA/resoluciones/RESOLUCIONES%202019/3763.pdf HTTP/1.1" 200 366253
173.252.95.10 - - [10/Mar/2022:22:52:10 -0500] "GET /images/liberacion-aves-10-marzo.jpg HTTP/1.1" 200 55386
31.13.127.33 - - [10/Mar/2022:22:52:10 -0500] "GET /images/liberacion-aves-10-marzo.jpg HTTP/1.1" 200 55386
66.220.149.23 - - [10/Mar/2022:22:52:10 -0500] "GET /images/liberacion-aves-10-marzo.jpg HTTP/1.1" 200 55386
190.130.78.214 - - [10/Mar/2022:22:52:15 -0500] "GET /galeria/galeria/jquery.fancybox.css?v=2.1.5 HTTP/1.1" 200 4895
216.245.221.92 - - [10/Mar/2022:22:52:27 -0500] "HEAD / HTTP/1.1" 200 -
201.245.192.253 - - [10/Mar/2022:22:52:18 -0500] "POST /kwsrmcab/Wsrmcab HTTP/1.1" 200 116969
69.63.189.116 - - [10/Mar/2022:22:53:17 -0500] "GET /en-fontibon-se-realizara-recoleccion-de-residuos-especiales-y-peligrosos-y-actividades-de-educacion-ambiental.html HTTP/1.1" 206 1131
222.186.19.207 - - [10/Mar/2022:22:56:02 -0500] "CONNECT news.sina.com.cn:443 HTTP/1.1" 405 944
222.186.19.207 - - [10/Mar/2022:22:56:02 -0500] "CONNECT news.sina.com.cn:443 HTTP/1.1" 405 944
216.245.221.92 - - [10/Mar/2022:22:57:27 -0500] "HEAD / HTTP/1.1" 200 -
186.169.151.45 - - [10/Mar/2022:22:59:01 -0500] "GET /galeria/galeria/jquery.fancybox.css?v=2.1.5 HTTP/1.1" 200 4895
192.168.172.17 - - [10/Mar/2022:22:59:33 -0500] "GET / HTTP/1.1" 200 4720
192.168.172.17 - - [10/Mar/2022:22:59:33 -0500] "GET /js/url.js HTTP/1.1" 404 1294
192.168.172.17 - - [10/Mar/2022:22:59:33 -0500] "GET /favicon.ico HTTP/1.1" 404 1294
66.249.73.127 - - [10/Mar/2022:22:59:50 -0500] "-" 408 -
186.84.90.14 - - [10/Mar/2022:23:00:15 -0500] "GET /galeria/galeria/jquery.fancybox.css?v=2.1.5 HTTP/1.1" 200 4895
192.168.172.17 - - [10/Mar/2022:23:00:21 -0500] "POST /procesar.php HTTP/1.1" 200 1016
186.84.90.1 - - [10/Mar/2022:23:01:30 -0500] "GET /galeria/galeria/jquery.fancybox.css?v=2.1.5 HTTP/1.1" 200 4895
173.252.107.19 - - [10/Mar/2022:23:02:07 -0500] "GET /bogota-avanza-por-un-nuevo-aire-con-participacion-ciudadana-y-20-estaciones-implementadas-en-2020.html HTTP/1.1" 206 1005
173.252.107.16 - - [10/Mar/2022:23:02:08 -0500] "GET /bogota-avanza-por-un-nuevo-aire-con-participacion-ciudadana-y-20-estaciones-implementadas-en-2020.html HTTP/1.1" 206 1005
173.252.107.16 - - [10/Mar/2022:23:02:08 -0500] "GET /bogota-avanza-por-un-nuevo-aire-con-participacion-ciudadana-y-20-estaciones-implementadas-en-2020.html HTTP/1.1" 206 1005
173.252.107.6 - - [10/Mar/2022:23:02:08 -0500] "GET /images/rendicion-2020-cuentas.jpg HTTP/1.1" 200 68655
201.245.192.253 - - [10/Mar/2022:23:01:36 -0500] "POST /kwsrmcab/Wsrmcab HTTP/1.1" 200 116969
173.252.95.19 - - [10/Mar/2022:23:02:25 -0500] "GET /bogota-avanza-por-un-nuevo-aire-con-participacion-ciudadana-y-20-estaciones-implementadas-en-2020.html?fbclid=IwAR3pDOaT4IcMlXcV8m80eH0YOQzIMiGTODl5lTX8KvKw9xM4Qoh3LzcOUwQ HTTP/1.1" 200 1005
216.245.221.92 - - [10/Mar/2022:23:02:27 -0500] "HEAD / HTTP/1.1" 200 -
186.118.15.197 - - [10/Mar/2022:23:02:53 -0500] "GET /galeria/galeria/jquery.fancybox.css?v=2.1.5 HTTP/1.1" 200 4895
173.252.127.4 - - [10/Mar/2022:23:02:58 -0500] "GET /mas-de-70-animales-silvestres-regresaron-a-la-libertad-en-el-humedal-juan-amarillo.html?fbclid=IwAR3vtxVuTDHVjEX6LQHE1DYTj6H0rLhFhm1bAmhFDvuCxZ5Sv8hY1Kbx2GI HTTP/1.1" 200 958
157.55.39.123 - - [10/Mar/2022:23:06:30 -0500] "GET /galeria/galeria/fotos/reciclatonG.jpg HTTP/1.1" 200 161021
216.245.221.92 - - [10/Mar/2022:23:07:27 -0500] "HEAD / HTTP/1.1" 200 -
66.249.73.127 - - [10/Mar/2022:23:07:58 -0500] "-" 408 -
191.102.120.88 - - [10/Mar/2022:23:09:05 -0500] "GET /BLA/resoluciones/RESOLUCIONES%202018/2418.pdf HTTP/1.1" 200 249141
192.168.172.17 - - [10/Mar/2022:23:12:26 -0500] "GET / HTTP/1.1" 200 4720
192.168.172.17 - - [10/Mar/2022:23:12:26 -0500] "GET /js/url.js HTTP/1.1" 404 1294
216.245.221.92 - - [10/Mar/2022:23:12:27 -0500] "HEAD / HTTP/1.1" 200 -
201.245.192.253 - - [10/Mar/2022:23:11:56 -0500] "POST /kwsrmcab/Wsrmcab HTTP/1.1" 200 116963
192.168.172.17 - - [10/Mar/2022:23:13:47 -0500] "POST /procesar.php HTTP/1.1" 200 996
173.252.107.6 - - [10/Mar/2022:23:14:19 -0500] "GET /autoridades-ambientales-recuperan-dos-serpientes-en-dos-localidades-de-bogota.html HTTP/1.1" 206 835
173.252.107.6 - - [10/Mar/2022:23:14:19 -0500] "GET /autoridades-ambientales-recuperan-dos-serpientes-en-dos-localidades-de-bogota.html HTTP/1.1" 206 835
173.252.107.23 - - [10/Mar/2022:23:14:19 -0500] "GET /autoridades-ambientales-recuperan-dos-serpientes-en-dos-localidades-de-bogota.html HTTP/1.1" 206 835
173.252.107.22 - - [10/Mar/2022:23:14:20 -0500] "GET /images/culebr-policia-20-diciembre.jpg HTTP/1.1" 200 85985
66.220.149.116 - - [10/Mar/2022:23:14:23 -0500] "GET /autoridades-ambientales-recuperan-dos-serpientes-en-dos-localidades-de-bogota.html?fbclid=IwAR0N7NlN9SSmlyvA6mTjNQ6IzJEZN6v79satHnsmX-YQkCz0HFnYEiRzO_Q HTTP/1.1" 200 835
177.228.49.140 - - [10/Mar/2022:23:14:45 -0500] "GET /galeria/galeria/jquery.fancybox.css?v=2.1.5 HTTP/1.1" 200 4895
199.59.150.181 - - [10/Mar/2022:23:15:13 -0500] "GET /autoridades-ambientales-recuperan-dos-serpientes-en-dos-localidades-de-bogota.html HTTP/1.1" 200 835
199.59.150.180 - - [10/Mar/2022:23:15:14 -0500] "GET /images/culebr-policia-20-diciembre.jpg HTTP/1.1" 200 85985
216.245.221.92 - - [10/Mar/2022:23:17:27 -0500] "HEAD / HTTP/1.1" 200 -
201.245.192.253 - - [10/Mar/2022:23:20:18 -0500] "GET /sipse/faces/index.xhtml HTTP/1.1" 200 677
201.245.192.253 - - [10/Mar/2022:23:20:18 -0500] "GET /sipse/faces/javax.faces.resource/theme.css?ln=primefaces-sipse HTTP/1.1" 304 -
201.245.192.253 - - [10/Mar/2022:23:20:18 -0500] "GET /sipse/faces/faces/autenticacion.xhtml HTTP/1.1" 200 12170
201.245.192.253 - - [10/Mar/2022:23:20:18 -0500] "GET /sipse/faces/javax.faces.resource/theme.css?ln=primefaces-sipse HTTP/1.1" 304 -
201.245.192.253 - - [10/Mar/2022:23:20:18 -0500] "GET /sipse/faces/javax.faces.resource/jquery/jquery.js?ln=primefaces&v=4.0 HTTP/1.1" 304 -
201.245.192.253 - - [10/Mar/2022:23:20:18 -0500] "GET /sipse/faces/javax.faces.resource/primefaces.css?ln=primefaces&v=4.0 HTTP/1.1" 304 -
201.245.192.253 - - [10/Mar/2022:23:20:18 -0500] "GET /sipse/faces/javax.faces.resource/layout/layout.css?ln=primefaces&v=4.0 HTTP/1.1" 304 -
201.245.192.253 - - [10/Mar/2022:23:20:18 -0500] "GET /sipse/faces/javax.faces.resource/jquery/jquery-plugins.js?ln=primefaces&v=4.0 HTTP/1.1" 304 -
201.245.192.253 - - [10/Mar/2022:23:20:18 -0500] "GET /sipse/faces/javax.faces.resource/primefaces.js?ln=primefaces&v=4.0 HTTP/1.1" 304 -
201.245.192.253 - - [10/Mar/2022:23:20:18 -0500] "GET /sipse/faces/javax.faces.resource/layout/layout.js?ln=primefaces&v=4.0 HTTP/1.1" 304 -
201.245.192.253 - - [10/Mar/2022:23:20:18 -0500] "GET /sipse/faces/javax.faces.resource/images/ui-icons_898989_256x240.png?ln=primefaces-aristo HTTP/1.1" 304 -
201.245.192.253 - - [10/Mar/2022:23:20:26 -0500] "POST /sipse/faces/autenticacion.xhtml HTTP/1.1" 200 11164
201.245.192.253 - - [10/Mar/2022:23:20:27 -0500] "GET /sipse/faces/javax.faces.resource/theme.css?ln=primefaces-sipse HTTP/1.1" 304 -
201.245.192.253 - - [10/Mar/2022:23:20:27 -0500] "GET /sipse/faces/javax.faces.resource/layout/layout.css?ln=primefaces&v=4.0 HTTP/1.1" 304 -
201.245.192.253 - - [10/Mar/2022:23:20:27 -0500] "GET /sipse/faces/javax.faces.resource/primefaces.css?ln=primefaces&v=4.0 HTTP/1.1" 304 -
201.245.192.253 - - [10/Mar/2022:23:20:27 -0500] "GET /sipse/faces/javax.faces.resource/jquery/jquery.js?ln=primefaces&v=4.0 HTTP/1.1" 304 -
201.245.192.253 - - [10/Mar/2022:23:20:27 -0500] "GET /sipse/faces/javax.faces.resource/jquery/jquery-plugins.js?ln=primefaces&v=4.0 HTTP/1.1" 304 -
201.245.192.253 - - [10/Mar/2022:23:20:27 -0500] "GET /sipse/faces/javax.faces.resource/primefaces.js?ln=primefaces&v=4.0 HTTP/1.1" 304 -
201.245.192.253 - - [10/Mar/2022:23:20:27 -0500] "GET /sipse/faces/javax.faces.resource/layout/layout.js?ln=primefaces&v=4.0 HTTP/1.1" 304 -
201.245.192.253 - - [10/Mar/2022:23:20:27 -0500] "GET /sipse/faces/javax.faces.resource/messages/messages.png?ln=primefaces&v=4.0 HTTP/1.1" 304 -
201.245.192.253 - - [10/Mar/2022:23:20:29 -0500] "POST /sipse/faces/presentacion/sistema/seguridad/seleccionRol.xhtml HTTP/1.1" 200 5600
201.245.192.253 - - [10/Mar/2022:23:20:30 -0500] "POST /sipse/faces/presentacion/sistema/seguridad/seleccionRol.xhtml HTTP/1.1" 200 17458
201.245.192.253 - - [10/Mar/2022:23:20:30 -0500] "GET /sipse/faces/javax.faces.resource/primefaces.css?ln=primefaces&v=4.0 HTTP/1.1" 304 -
201.245.192.253 - - [10/Mar/2022:23:20:30 -0500] "GET /sipse/faces/javax.faces.resource/layout/layout.css?ln=primefaces&v=4.0 HTTP/1.1" 304 -
201.245.192.253 - - [10/Mar/2022:23:20:30 -0500] "GET /sipse/faces/javax.faces.resource/theme.css?ln=primefaces-sipse HTTP/1.1" 304 -
201.245.192.253 - - [10/Mar/2022:23:20:30 -0500] "GET /sipse/faces/javax.faces.resource/jquery/jquery.js?ln=primefaces&v=4.0 HTTP/1.1" 304 -
201.245.192.253 - - [10/Mar/2022:23:20:30 -0500] "GET /sipse/faces/javax.faces.resource/jquery/jquery-plugins.js?ln=primefaces&v=4.0 HTTP/1.1" 304 -
201.245.192.253 - - [10/Mar/2022:23:20:30 -0500] "GET /sipse/faces/javax.faces.resource/primefaces.js?ln=primefaces&v=4.0 HTTP/1.1" 304 -
201.245.192.253 - - [10/Mar/2022:23:20:30 -0500] "GET /sipse/faces/javax.faces.resource/layout/layout.js?ln=primefaces&v=4.0 HTTP/1.1" 304 -
201.245.192.253 - - [10/Mar/2022:23:20:30 -0500] "GET /sipse/css/imagen/contrasena.png HTTP/1.1" 404 383
173.252.107.119 - - [10/Mar/2022:23:20:51 -0500] "GET /2020-ano-de-avances-en-la-construccion-conjunta-de-un-nuevo-aire-para-bogota.html HTTP/1.1" 206 886
173.252.107.6 - - [10/Mar/2022:23:20:51 -0500] "GET /2020-ano-de-avances-en-la-construccion-conjunta-de-un-nuevo-aire-para-bogota.html HTTP/1.1" 206 886
173.252.107.15 - - [10/Mar/2022:23:20:51 -0500] "GET /2020-ano-de-avances-en-la-construccion-conjunta-de-un-nuevo-aire-para-bogota.html HTTP/1.1" 206 886
173.252.107.11 - - [10/Mar/2022:23:20:52 -0500] "GET /images/Bogota-aire-cielo-azul-aire-7-enero.jpg HTTP/1.1" 200 130861
173.252.107.23 - - [10/Mar/2022:23:20:52 -0500] "GET /images/Bogota-aire-cielo-azul-aire-7-enero.jpg HTTP/1.1" 200 130861
157.55.39.48 - - [10/Mar/2022:23:20:53 -0500] "GET /bla/resoluciones/resoluciones%202014/1802.pdf HTTP/1.1" 200 726553
201.245.192.253 - - [10/Mar/2022:23:21:04 -0500] "POST /kwsrmcab/Wsrmcab HTTP/1.1" 200 45041
199.59.150.182 - - [10/Mar/2022:23:22:07 -0500] "GET /2020-ano-de-avances-en-la-construccion-conjunta-de-un-nuevo-aire-para-bogota.html HTTP/1.1" 200 886
199.59.150.180 - - [10/Mar/2022:23:22:07 -0500] "GET /images/Bogota-aire-cielo-azul-aire-7-enero.jpg HTTP/1.1" 200 130861
207.46.13.157 - - [10/Mar/2022:23:22:27 -0500] "GET /POT-2013/Cartografia/Anexo01_Sistema_Hidrico.pdf HTTP/1.1" 304 -
216.245.221.92 - - [10/Mar/2022:23:22:27 -0500] "HEAD / HTTP/1.1" 200 -
201.245.192.253 - - [10/Mar/2022:23:21:42 -0500] "POST /kwsrmcab/Wsrmcab HTTP/1.1" 200 116963
201.245.192.253 - - [10/Mar/2022:23:21:52 -0500] "POST /kwsrmcab/Wsrmcab HTTP/1.1" 200 46249
199.59.150.182 - - [10/Mar/2022:23:25:56 -0500] "GET /autoridades-ambientales-realizan-operativos-de-control-en-terminales-para-disminuir-el-trafico-de-fauna-durante-el-retorno-a-bogota.html HTTP/1.1" 200 1149
199.59.150.183 - - [10/Mar/2022:23:25:58 -0500] "GET /images/loros-caja-fauna-11-enero.jpg HTTP/1.1" 200 86796
216.245.221.92 - - [10/Mar/2022:23:27:27 -0500] "HEAD / HTTP/1.1" 200 -
199.59.150.180 - - [10/Mar/2022:23:27:52 -0500] "GET /ninos-del-mochuelo-retan-a-los-ciudadanos-a-aumentar-el-aprovechamiento-de-residuos-en-bogota.html HTTP/1.1" 200 1000
199.59.150.183 - - [10/Mar/2022:23:27:53 -0500] "GET /images/pieza-grafica-la-basura-no-es-basura.jpg HTTP/1.1" 200 163948
199.59.150.183 - - [10/Mar/2022:23:27:58 -0500] "GET /images/pieza-grafica-la-basura-no-es-basura.jpg HTTP/1.1" 200 163948
190.25.61.158 - - [10/Mar/2022:23:28:00 -0500] "GET /caminos-de-los-cerros-estaran-cerrados-este-fin-de-semana-en-bogota.html HTTP/1.1" 200 813
173.252.111.19 - - [10/Mar/2022:23:28:19 -0500] "GET /caminos-de-los-cerros-estaran-cerrados-este-fin-de-semana-en-bogota.html HTTP/1.1" 206 813
207.46.13.159 - - [10/Mar/2022:23:29:21 -0500] "GET /bla/resoluciones/notificaciones/autos%202020/1933.pdf HTTP/1.1" 200 331367
201.245.192.253 - - [10/Mar/2022:23:31:04 -0500] "POST /kwsrmcab/Wsrmcab HTTP/1.1" 200 45041
173.231.60.194 - - [10/Mar/2022:23:31:51 -0500] "GET /BLA/resoluciones/index.php?dir=RESOLUCIONES%202005%2FRES%202005%201351-1400%2F&sort=date&order=asc HTTP/1.1" 200 12356
173.231.60.194 - - [10/Mar/2022:23:31:57 -0500] "GET /BLA/resoluciones/index.php?dir=RESOLUCIONES%202005%2FRES%202005%201351-1400%2F&sort=size&order=asc HTTP/1.1" 200 12356
173.231.60.194 - - [10/Mar/2022:23:32:02 -0500] "GET /BLA/resoluciones/index.php?dir=RESOLUCIONES%202005%2FRES%202005%201401-1450%2F&sort=date&order=asc HTTP/1.1" 200 12365
173.231.60.194 - - [10/Mar/2022:23:32:08 -0500] "GET /BLA/resoluciones/index.php?dir=RESOLUCIONES%202005%2FRES%202005%201401-1450%2F&sort=size&order=asc HTTP/1.1" 200 12365
173.231.60.194 - - [10/Mar/2022:23:32:14 -0500] "GET /BLA/resoluciones/index.php?dir=RESOLUCIONES%202005%2FRES%202005%201451-1500%2F&sort=date&order=asc HTTP/1.1" 200 12368
173.231.60.194 - - [10/Mar/2022:23:32:20 -0500] "GET /BLA/resoluciones/index.php?dir=RESOLUCIONES%202005%2FRES%202005%201451-1500%2F&sort=size&order=asc HTTP/1.1" 200 12368
201.245.192.253 - - [10/Mar/2022:23:31:41 -0500] "POST /kwsrmcab/Wsrmcab HTTP/1.1" 200 116963
173.231.60.194 - - [10/Mar/2022:23:32:25 -0500] "GET /BLA/resoluciones/index.php?dir=RESOLUCIONES%202005%2FRES%202005%201501-1550%2F&sort=date&order=asc HTTP/1.1" 200 12365
216.245.221.92 - - [10/Mar/2022:23:32:27 -0500] "HEAD / HTTP/1.1" 200 -
173.231.60.194 - - [10/Mar/2022:23:32:31 -0500] "GET /BLA/resoluciones/index.php?dir=RESOLUCIONES%202005%2FRES%202005%201501-1550%2F&sort=size&order=asc HTTP/1.1" 200 12365
173.231.60.194 - - [10/Mar/2022:23:32:37 -0500] "GET /BLA/resoluciones/index.php?dir=RESOLUCIONES%202005%2FRES%202005%201551-1600%2F&sort=date&order=asc HTTP/1.1" 200 12364
201.245.192.253 - - [10/Mar/2022:23:31:51 -0500] "POST /kwsrmcab/Wsrmcab HTTP/1.1" 200 46249
173.231.60.194 - - [10/Mar/2022:23:32:42 -0500] "GET /BLA/resoluciones/index.php?dir=RESOLUCIONES%202005%2FRES%202005%201551-1600%2F&sort=size&order=asc HTTP/1.1" 200 12364
191.156.36.95 - - [10/Mar/2022:23:32:45 -0500] "GET /mas-de-70-animales-silvestres-regresaron-a-la-libertad-en-el-humedal-juan-amarillo.html HTTP/1.1" 200 958
173.231.60.194 - - [10/Mar/2022:23:32:48 -0500] "GET /BLA/resoluciones/index.php?dir=RESOLUCIONES%202005%2FRES%202005%201751-1800%2F&sort=date&order=asc HTTP/1.1" 200 12368
173.231.60.194 - - [10/Mar/2022:23:32:54 -0500] "GET /BLA/resoluciones/index.php?dir=RESOLUCIONES%202005%2FRES%202005%201751-1800%2F&sort=size&order=asc HTTP/1.1" 200 12368
173.231.60.194 - - [10/Mar/2022:23:33:00 -0500] "GET /BLA/resoluciones/index.php?dir=RESOLUCIONES%202005%2FRES%202005%201801-1850%2F&sort=date&order=asc HTTP/1.1" 200 12362
191.95.54.181 - - [10/Mar/2022:23:33:03 -0500] "-" 408 -
173.231.60.194 - - [10/Mar/2022:23:33:05 -0500] "GET /BLA/resoluciones/index.php?dir=RESOLUCIONES%202005%2FRES%202005%201801-1850%2F&sort=size&order=asc HTTP/1.1" 200 12362
173.231.60.194 - - [10/Mar/2022:23:33:11 -0500] "GET /BLA/resoluciones/index.php?dir=RESOLUCIONES%202005%2FRES%202005%201851-1900%2F&sort=date&order=asc HTTP/1.1" 200 12356
173.231.60.194 - - [10/Mar/2022:23:33:17 -0500] "GET /BLA/resoluciones/index.php?dir=RESOLUCIONES%202005%2FRES%202005%201851-1900%2F&sort=size&order=asc HTTP/1.1" 200 12356
173.231.60.194 - - [10/Mar/2022:23:33:22 -0500] "GET /BLA/resoluciones/index.php?dir=RESOLUCIONES%202005%2FRES%202005%201901-1950%2F&sort=date&order=asc HTTP/1.1" 200 12364
173.231.60.194 - - [10/Mar/2022:23:33:28 -0500] "GET /BLA/resoluciones/index.php?dir=RESOLUCIONES%202005%2FRES%202005%201901-1950%2F&sort=size&order=asc HTTP/1.1" 200 12364
173.231.60.194 - - [10/Mar/2022:23:33:34 -0500] "GET /BLA/resoluciones/index.php?dir=RESOLUCIONES%202005%2FRES%202005%201951-2000%2F&sort=date&order=asc HTTP/1.1" 200 12359
173.231.60.194 - - [10/Mar/2022:23:33:39 -0500] "GET /BLA/resoluciones/index.php?dir=RESOLUCIONES%202005%2FRES%202005%201951-2000%2F&sort=size&order=asc HTTP/1.1" 200 12359
173.231.60.194 - - [10/Mar/2022:23:33:45 -0500] "GET /BLA/resoluciones/index.php?dir=RESOLUCIONES%202005%2FRES%202005%202001-2050%2F&sort=date&order=asc HTTP/1.1" 200 12358
173.231.60.194 - - [10/Mar/2022:23:33:51 -0500] "GET /BLA/resoluciones/index.php?dir=RESOLUCIONES%202005%2FRES%202005%202001-2050%2F&sort=size&order=asc HTTP/1.1" 200 12358
199.59.150.180 - - [10/Mar/2022:23:33:52 -0500] "GET /el-iboca-herramienta-de-comunicacion-para-conocer-el-riesgo-por-contaminacion-atmosferica-y-la-calidad-del-aire-se-renovara.html HTTP/1.1" 200 1001
199.59.150.183 - - [10/Mar/2022:23:33:53 -0500] "GET /images/pieza-grafica-iboca-22-enero.jpg HTTP/1.1" 200 71865
173.231.60.194 - - [10/Mar/2022:23:33:57 -0500] "GET /BLA/resoluciones/index.php?dir=RESOLUCIONES%202005%2FRES%202005%202051-2100%2F&sort=date&order=asc HTTP/1.1" 200 12352
173.231.60.194 - - [10/Mar/2022:23:34:02 -0500] "GET /BLA/resoluciones/index.php?dir=RESOLUCIONES%202005%2FRES%202005%202051-2100%2F&sort=size&order=asc HTTP/1.1" 200 12352
173.231.60.194 - - [10/Mar/2022:23:34:09 -0500] "GET /BLA/resoluciones/index.php?dir=RESOLUCIONES%202005%2FRES%202005%202101-2150%2F&sort=date&order=asc HTTP/1.1" 200 12346
186.28.13.60 - - [10/Mar/2022:23:34:14 -0500] "GET /feria-movil-de-servicios-llega-a-suba.html HTTP/1.1" 200 849
173.231.60.194 - - [10/Mar/2022:23:34:14 -0500] "GET /BLA/resoluciones/index.php?dir=RESOLUCIONES%202005%2FRES%202005%202101-2150%2F&sort=size&order=asc HTTP/1.1" 200 12346
186.28.13.60 - - [10/Mar/2022:23:34:15 -0500] "GET /favicon.ico HTTP/1.1" 404 1136
173.231.60.194 - - [10/Mar/2022:23:34:20 -0500] "GET /BLA/resoluciones/index.php?dir=RESOLUCIONES%202005%2FRES%202005%202151-2200%2F&sort=date&order=asc HTTP/1.1" 200 12146
173.231.60.194 - - [10/Mar/2022:23:34:26 -0500] "GET /BLA/resoluciones/index.php?dir=RESOLUCIONES%202005%2FRES%202005%202151-2200%2F&sort=size&order=asc HTTP/1.1" 200 16688
69.63.184.13 - - [10/Mar/2022:23:34:30 -0500] "GET /secretaria-de-ambiente-abre-ciclo-de-capacitaciones-sobre-techos-verdes-y-jardines-verticales.html HTTP/1.1" 206 1078
69.63.184.6 - - [10/Mar/2022:23:34:30 -0500] "GET /secretaria-de-ambiente-abre-ciclo-de-capacitaciones-sobre-techos-verdes-y-jardines-verticales.html HTTP/1.1" 206 1078
173.231.60.194 - - [10/Mar/2022:23:34:32 -0500] "GET /BLA/resoluciones/index.php?dir=RESOLUCIONES%202005%2FRES%202005%202201-2250%2F&sort=date&order=asc HTTP/1.1" 200 12363
173.231.60.194 - - [10/Mar/2022:23:34:38 -0500] "GET /BLA/resoluciones/index.php?dir=RESOLUCIONES%202005%2FRES%202005%202201-2250%2F&sort=size&order=asc HTTP/1.1" 200 12363
173.231.60.194 - - [10/Mar/2022:23:34:44 -0500] "GET /BLA/resoluciones/index.php?dir=RESOLUCIONES%202005%2FRES%202005%202251-2300%2F&sort=date&order=asc HTTP/1.1" 200 12353
173.231.60.194 - - [10/Mar/2022:23:34:50 -0500] "GET /BLA/resoluciones/index.php?dir=RESOLUCIONES%202005%2FRES%202005%202251-2300%2F&sort=size&order=asc HTTP/1.1" 200 12353
173.231.60.194 - - [10/Mar/2022:23:34:55 -0500] "GET /BLA/resoluciones/index.php?dir=RESOLUCIONES%202005%2FRES%202005%202301-2350%2F&sort=date&order=asc HTTP/1.1" 200 12369
173.231.60.194 - - [10/Mar/2022:23:35:01 -0500] "GET /BLA/resoluciones/index.php?dir=RESOLUCIONES%202005%2FRES%202005%202301-2350%2F&sort=size&order=asc HTTP/1.1" 200 12369
173.231.60.194 - - [10/Mar/2022:23:35:07 -0500] "GET /BLA/resoluciones/index.php?dir=RESOLUCIONES%202005%2FRES%202005%202351-2400%2F&sort=date&order=asc HTTP/1.1" 200 12366
173.231.60.194 - - [10/Mar/2022:23:35:13 -0500] "GET /BLA/resoluciones/index.php?dir=RESOLUCIONES%202005%2FRES%202005%202351-2400%2F&sort=size&order=asc HTTP/1.1" 200 12366
173.231.60.194 - - [10/Mar/2022:23:35:18 -0500] "GET /BLA/resoluciones/index.php?dir=RESOLUCIONES%202005%2FRES%202005%202401-2450%2F&sort=date&order=asc HTTP/1.1" 200 12361
173.231.60.194 - - [10/Mar/2022:23:35:24 -0500] "GET /BLA/resoluciones/index.php?dir=RESOLUCIONES%202005%2FRES%202005%202401-2450%2F&sort=size&order=asc HTTP/1.1" 200 12361
173.231.60.194 - - [10/Mar/2022:23:35:30 -0500] "GET /BLA/resoluciones/index.php?dir=RESOLUCIONES%202005%2FRES%202005%202451-2500%2F&sort=date&order=asc HTTP/1.1" 200 12370
173.231.60.194 - - [10/Mar/2022:23:35:35 -0500] "GET /BLA/resoluciones/index.php?dir=RESOLUCIONES%202005%2FRES%202005%202451-2500%2F&sort=size&order=asc HTTP/1.1" 200 12370
42.236.10.114 - - [10/Mar/2022:23:35:36 -0500] "GET /galeria/galeria/jquery.fancybox.css?v=2.1.5 HTTP/1.1" 200 4895
42.236.10.117 - - [10/Mar/2022:23:35:36 -0500] "GET /galeria/carrusel/Carrusel/jquery.thumbnailScroller.css HTTP/1.1" 200 2066
42.236.10.106 - - [10/Mar/2022:23:35:36 -0500] "GET /BLA/boletinlegal/js/jquery.scrollShow.js HTTP/1.1" 200 4586
42.236.10.114 - - [10/Mar/2022:23:35:36 -0500] "GET /galeria/galeria/jquery.fancybox.js?v=2.1.5 HTTP/1.1" 200 48706
66.249.73.100 - - [10/Mar/2022:23:35:37 -0500] "-" 408 -
173.231.60.194 - - [10/Mar/2022:23:35:42 -0500] "GET /BLA/resoluciones/index.php?dir=RESOLUCIONES%202005%2FRES%202005%202501-2550%2F&sort=date&order=asc HTTP/1.1" 200 12365
173.231.60.194 - - [10/Mar/2022:23:35:47 -0500] "GET /BLA/resoluciones/index.php?dir=RESOLUCIONES%202005%2FRES%202005%202501-2550%2F&sort=size&order=asc HTTP/1.1" 200 12365
173.231.60.194 - - [10/Mar/2022:23:35:53 -0500] "GET /BLA/resoluciones/index.php?dir=RESOLUCIONES%202005%2FRES%202005%202551-2600%2F&sort=date&order=asc HTTP/1.1" 200 12367
173.231.60.194 - - [10/Mar/2022:23:35:59 -0500] "GET /BLA/resoluciones/index.php?dir=RESOLUCIONES%202005%2FRES%202005%202551-2600%2F&sort=size&order=asc HTTP/1.1" 200 12367
180.163.220.5 - - [10/Mar/2022:23:36:03 -0500] "GET /galeria/galeria/jquery.fancybox.css?v=2.1.5 HTTP/1.1" 200 4895
180.163.220.5 - - [10/Mar/2022:23:36:03 -0500] "GET /BLA/boletinlegal/js/jquery.scrollShow.js HTTP/1.1" 200 4586
180.163.220.68 - - [10/Mar/2022:23:36:03 -0500] "GET /galeria/galeria/jquery.fancybox.js?v=2.1.5 HTTP/1.1" 200 48706
173.231.60.194 - - [10/Mar/2022:23:36:05 -0500] "GET /BLA/resoluciones/index.php?dir=RESOLUCIONES%202005%2FRES%202005%202601-2650%2F&sort=date&order=asc HTTP/1.1" 200 12161
173.231.60.194 - - [10/Mar/2022:23:36:11 -0500] "GET /BLA/resoluciones/index.php?dir=RESOLUCIONES%202005%2FRES%202005%202601-2650%2F&sort=size&order=asc HTTP/1.1" 200 12161
173.231.60.194 - - [10/Mar/2022:23:36:17 -0500] "GET /BLA/resoluciones/index.php?dir=RESOLUCIONES%202005%2FRES%202005%202651-2700%2F&sort=date&order=asc HTTP/1.1" 200 12369
173.231.60.194 - - [10/Mar/2022:23:36:23 -0500] "GET /BLA/resoluciones/index.php?dir=RESOLUCIONES%202005%2FRES%202005%202651-2700%2F&sort=size&order=asc HTTP/1.1" 200 12369
173.231.60.194 - - [10/Mar/2022:23:36:28 -0500] "GET /BLA/resoluciones/index.php?dir=RESOLUCIONES%202005%2FRES%202005%202751-2800%2F&sort=date&order=asc HTTP/1.1" 200 12345
173.231.60.194 - - [10/Mar/2022:23:36:34 -0500] "GET /BLA/resoluciones/index.php?dir=RESOLUCIONES%202005%2FRES%202005%202751-2800%2F&sort=size&order=asc HTTP/1.1" 200 12345
173.231.60.194 - - [10/Mar/2022:23:36:40 -0500] "GET /BLA/resoluciones/index.php?dir=RESOLUCIONES%202005%2FRES%202005%202801-2850%2F&sort=date&order=asc HTTP/1.1" 200 11939
173.231.60.194 - - [10/Mar/2022:23:36:46 -0500] "GET /BLA/resoluciones/index.php?dir=RESOLUCIONES%202005%2FRES%202005%202801-2850%2F&sort=size&order=asc HTTP/1.1" 200 11939
180.163.220.68 - - [10/Mar/2022:23:36:48 -0500] "GET /galeria/galeria/jquery.fancybox.css?v=2.1.5 HTTP/1.1" 200 4895
180.163.220.5 - - [10/Mar/2022:23:36:48 -0500] "GET /BLA/boletinlegal/js/jquery.scrollShow.js HTTP/1.1" 200 4586
180.163.220.67 - - [10/Mar/2022:23:36:48 -0500] "GET /galeria/galeria/jquery.fancybox.js?v=2.1.5 HTTP/1.1" 200 48706
173.231.60.194 - - [10/Mar/2022:23:36:51 -0500] "GET /BLA/resoluciones/index.php?dir=RESOLUCIONES%202005%2FRES%202005%202851-2900%2F&sort=date&order=asc HTTP/1.1" 200 12156
173.231.60.194 - - [10/Mar/2022:23:37:00 -0500] "GET /BLA/resoluciones/index.php?dir=RESOLUCIONES%202005%2FRES%202005%202851-2900%2F&sort=size&order=asc HTTP/1.1" 200 12156
199.59.150.180 - - [10/Mar/2022:23:37:06 -0500] "GET /distrito-asegura-que-no-hay-endurecimiento-en-el-sendero-guadalupe-aguanoso.html HTTP/1.1" 200 1094
199.59.150.180 - - [10/Mar/2022:23:37:06 -0500] "GET /images/sendero-recorrido-bogota-29-enero.jpg HTTP/1.1" 200 176811
173.231.60.194 - - [10/Mar/2022:23:37:06 -0500] "GET /BLA/resoluciones/index.php?dir=RESOLUCIONES%202005%2FRES%202005%202901-2950%2F&sort=date&order=asc HTTP/1.1" 200 12331
173.231.60.194 - - [10/Mar/2022:23:37:12 -0500] "GET /BLA/resoluciones/index.php?dir=RESOLUCIONES%202005%2FRES%202005%202901-2950%2F&sort=size&order=asc HTTP/1.1" 200 12331
173.231.60.194 - - [10/Mar/2022:23:37:19 -0500] "GET /BLA/resoluciones/index.php?dir=RESOLUCIONES%202005%2FRES%202005%202951-3000%2F&sort=date&order=asc HTTP/1.1" 200 11937
173.231.60.194 - - [10/Mar/2022:23:37:25 -0500] "GET /BLA/resoluciones/index.php?dir=RESOLUCIONES%202005%2FRES%202005%202951-3000%2F&sort=size&order=asc HTTP/1.1" 200 11937
216.245.221.92 - - [10/Mar/2022:23:37:27 -0500] "HEAD / HTTP/1.1" 200 -
173.231.60.194 - - [10/Mar/2022:23:37:30 -0500] "GET /BLA/resoluciones/index.php?dir=RESOLUCIONES%202005%2FRES%202005%203001-3050%2F&sort=date&order=asc HTTP/1.1" 200 12364
173.231.60.194 - - [10/Mar/2022:23:37:36 -0500] "GET /BLA/resoluciones/index.php?dir=RESOLUCIONES%202005%2FRES%202005%203001-3050%2F&sort=size&order=asc HTTP/1.1" 200 12364
173.231.60.194 - - [10/Mar/2022:23:37:42 -0500] "GET /BLA/resoluciones/index.php?dir=RESOLUCIONES%202005%2FRES%202005%203051-3100%2F&sort=date&order=asc HTTP/1.1" 200 12360
173.231.60.194 - - [10/Mar/2022:23:37:47 -0500] "GET /BLA/resoluciones/index.php?dir=RESOLUCIONES%202005%2FRES%202005%203051-3100%2F&sort=size&order=asc HTTP/1.1" 200 12360
173.231.60.194 - - [10/Mar/2022:23:37:53 -0500] "GET /BLA/resoluciones/index.php?dir=RESOLUCIONES%202005%2FRES%202005%203101-3150%2F&sort=date&order=asc HTTP/1.1" 200 12367
173.231.60.194 - - [10/Mar/2022:23:37:59 -0500] "GET /BLA/resoluciones/index.php?dir=RESOLUCIONES%202005%2FRES%202005%203101-3150%2F&sort=size&order=asc HTTP/1.1" 200 12367
173.231.60.194 - - [10/Mar/2022:23:38:04 -0500] "GET /BLA/resoluciones/index.php?dir=RESOLUCIONES%202005%2FRES%202005%203151-3180%2F&sort=date&order=asc HTTP/1.1" 200 8263
173.231.60.194 - - [10/Mar/2022:23:38:10 -0500] "GET /BLA/resoluciones/index.php?dir=RESOLUCIONES%202005%2FRES%202005%203151-3180%2F&sort=size&order=asc HTTP/1.1" 200 8263
173.231.60.194 - - [10/Mar/2022:23:38:16 -0500] "GET /BLA/resoluciones/index.php?dir=RESOLUCIONES%202006%2FRES%202006%201001-1050%2F&sort=date&order=asc HTTP/1.1" 200 12341
173.231.60.194 - - [10/Mar/2022:23:38:21 -0500] "GET /BLA/resoluciones/index.php?dir=RESOLUCIONES%202006%2FRES%202006%201001-1050%2F&sort=size&order=asc HTTP/1.1" 200 12341
40.77.167.55 - - [10/Mar/2022:23:38:23 -0500] "GET /bla/resoluciones/resoluciones%202014/1985.pdf HTTP/1.1" 200 931027
173.231.60.194 - - [10/Mar/2022:23:38:27 -0500] "GET /BLA/resoluciones/index.php?dir=RESOLUCIONES%202006%2FRES%202006%201051-1100%2F&sort=date&order=asc HTTP/1.1" 200 12369
173.231.60.194 - - [10/Mar/2022:23:38:33 -0500] "GET /BLA/resoluciones/index.php?dir=RESOLUCIONES%202006%2FRES%202006%201051-1100%2F&sort=size&order=asc HTTP/1.1" 200 12369
173.231.60.194 - - [10/Mar/2022:23:38:39 -0500] "GET /BLA/resoluciones/index.php?dir=RESOLUCIONES%202006%2FRES%202006%201101-1150%2F&sort=date&order=asc HTTP/1.1" 200 12368
173.231.60.194 - - [10/Mar/2022:23:38:44 -0500] "GET /BLA/resoluciones/index.php?dir=RESOLUCIONES%202006%2FRES%202006%201101-1150%2F&sort=size&order=asc HTTP/1.1" 200 12368
173.231.60.194 - - [10/Mar/2022:23:38:50 -0500] "GET /BLA/resoluciones/index.php?dir=RESOLUCIONES%202006%2FRES%202006%201151-1200%2F&sort=date&order=asc HTTP/1.1" 200 12365
