200.118.64.109 - - [14/Mar/2022:19:13:21 -0500] "POST /forms/lservlet;jsessionid=ac16012b30d64dc8fa880ef04420a34799b681b23a19.e3iSbxaKaheRe3qTch0LbxeTa41ynknvrkLOlQzNp65In0 HTTP/1.1" 200 2
201.245.192.253 - - [14/Mar/2022:19:12:48 -0500] "POST /kwsrmcab/Wsrmcab HTTP/1.1" 200 117398
200.118.64.109 - - [14/Mar/2022:19:15:01 -0500] "POST /forms/lservlet;jsessionid=ac16012b30d64dc8fa880ef04420a34799b681b23a19.e3iSbxaKaheRe3qTch0LbxeTa41ynknvrkLOlQzNp65In0 HTTP/1.1" 200 34715
200.118.64.109 - - [14/Mar/2022:19:15:02 -0500] "GET /imagenes/listval.gif HTTP/1.1" 200 905
200.118.64.109 - - [14/Mar/2022:19:15:02 -0500] "POST /forms/lservlet;jsessionid=ac16012b30d64dc8fa880ef04420a34799b681b23a19.e3iSbxaKaheRe3qTch0LbxeTa41ynknvrkLOlQzNp65In0 HTTP/1.1" 200 7
200.118.64.109 - - [14/Mar/2022:19:15:02 -0500] "POST /forms/lservlet;jsessionid=ac16012b30d64dc8fa880ef04420a34799b681b23a19.e3iSbxaKaheRe3qTch0LbxeTa41ynknvrkLOlQzNp65In0 HTTP/1.1" 200 34
200.118.64.109 - - [14/Mar/2022:19:15:02 -0500] "POST /forms/lservlet;jsessionid=ac16012b30d64dc8fa880ef04420a34799b681b23a19.e3iSbxaKaheRe3qTch0LbxeTa41ynknvrkLOlQzNp65In0 HTTP/1.1" 200 2
200.118.64.109 - - [14/Mar/2022:19:15:04 -0500] "POST /forms/lservlet;jsessionid=ac16012b30d64dc8fa880ef04420a34799b681b23a19.e3iSbxaKaheRe3qTch0LbxeTa41ynknvrkLOlQzNp65In0 HTTP/1.1" 200 2
200.118.64.109 - - [14/Mar/2022:19:15:04 -0500] "POST /forms/lservlet;jsessionid=ac16012b30d64dc8fa880ef04420a34799b681b23a19.e3iSbxaKaheRe3qTch0LbxeTa41ynknvrkLOlQzNp65In0 HTTP/1.1" 200 662
200.118.64.109 - - [14/Mar/2022:19:15:04 -0500] "POST /forms/lservlet;jsessionid=ac16012b30d64dc8fa880ef04420a34799b681b23a19.e3iSbxaKaheRe3qTch0LbxeTa41ynknvrkLOlQzNp65In0 HTTP/1.1" 200 10
200.118.64.109 - - [14/Mar/2022:19:15:06 -0500] "POST /forms/lservlet;jsessionid=ac16012b30d64dc8fa880ef04420a34799b681b23a19.e3iSbxaKaheRe3qTch0LbxeTa41ynknvrkLOlQzNp65In0 HTTP/1.1" 200 26
200.118.64.109 - - [14/Mar/2022:19:15:06 -0500] "POST /forms/lservlet;jsessionid=ac16012b30d64dc8fa880ef04420a34799b681b23a19.e3iSbxaKaheRe3qTch0LbxeTa41ynknvrkLOlQzNp65In0 HTTP/1.1" 200 14
200.118.64.109 - - [14/Mar/2022:19:15:07 -0500] "POST /forms/lservlet;jsessionid=ac16012b30d64dc8fa880ef04420a34799b681b23a19.e3iSbxaKaheRe3qTch0LbxeTa41ynknvrkLOlQzNp65In0 HTTP/1.1" 200 14
200.118.64.109 - - [14/Mar/2022:19:15:09 -0500] "POST /forms/lservlet;jsessionid=ac16012b30d64dc8fa880ef04420a34799b681b23a19.e3iSbxaKaheRe3qTch0LbxeTa41ynknvrkLOlQzNp65In0 HTTP/1.1" 200 4978
200.118.64.109 - - [14/Mar/2022:19:15:09 -0500] "POST /forms/lservlet;jsessionid=ac16012b30d64dc8fa880ef04420a34799b681b23a19.e3iSbxaKaheRe3qTch0LbxeTa41ynknvrkLOlQzNp65In0 HTTP/1.1" 200 2
200.118.64.109 - - [14/Mar/2022:19:15:19 -0500] "POST /forms/lservlet;jsessionid=ac16012b30d64dc8fa880ef04420a34799b681b23a19.e3iSbxaKaheRe3qTch0LbxeTa41ynknvrkLOlQzNp65In0 HTTP/1.1" 200 2
200.118.64.109 - - [14/Mar/2022:19:15:22 -0500] "POST /forms/lservlet;jsessionid=ac16012b30d64dc8fa880ef04420a34799b681b23a19.e3iSbxaKaheRe3qTch0LbxeTa41ynknvrkLOlQzNp65In0 HTTP/1.1" 200 2
200.118.64.109 - - [14/Mar/2022:19:15:22 -0500] "POST /forms/lservlet;jsessionid=ac16012b30d64dc8fa880ef04420a34799b681b23a19.e3iSbxaKaheRe3qTch0LbxeTa41ynknvrkLOlQzNp65In0 HTTP/1.1" 200 14
200.118.64.109 - - [14/Mar/2022:19:15:23 -0500] "POST /forms/lservlet;jsessionid=ac16012b30d64dc8fa880ef04420a34799b681b23a19.e3iSbxaKaheRe3qTch0LbxeTa41ynknvrkLOlQzNp65In0 HTTP/1.1" 200 14
200.118.64.109 - - [14/Mar/2022:19:15:24 -0500] "POST /forms/lservlet;jsessionid=ac16012b30d64dc8fa880ef04420a34799b681b23a19.e3iSbxaKaheRe3qTch0LbxeTa41ynknvrkLOlQzNp65In0 HTTP/1.1" 200 14
200.118.64.109 - - [14/Mar/2022:19:15:26 -0500] "POST /forms/lservlet;jsessionid=ac16012b30d64dc8fa880ef04420a34799b681b23a19.e3iSbxaKaheRe3qTch0LbxeTa41ynknvrkLOlQzNp65In0 HTTP/1.1" 200 14
200.118.64.109 - - [14/Mar/2022:19:15:28 -0500] "POST /forms/lservlet;jsessionid=ac16012b30d64dc8fa880ef04420a34799b681b23a19.e3iSbxaKaheRe3qTch0LbxeTa41ynknvrkLOlQzNp65In0 HTTP/1.1" 200 127
200.118.64.109 - - [14/Mar/2022:19:15:28 -0500] "POST /forms/lservlet;jsessionid=ac16012b30d64dc8fa880ef04420a34799b681b23a19.e3iSbxaKaheRe3qTch0LbxeTa41ynknvrkLOlQzNp65In0 HTTP/1.1" 200 2
200.118.64.109 - - [14/Mar/2022:19:15:28 -0500] "GET /reports/rwservlet/getjobid72736?server=repnomi HTTP/1.1" 200 52708
200.118.64.109 - - [14/Mar/2022:19:15:46 -0500] "POST /forms/lservlet;jsessionid=ac16012b30d64dc8fa880ef04420a34799b681b23a19.e3iSbxaKaheRe3qTch0LbxeTa41ynknvrkLOlQzNp65In0 HTTP/1.1" 200 2
200.118.64.109 - - [14/Mar/2022:19:15:46 -0500] "POST /forms/lservlet;jsessionid=ac16012b30d64dc8fa880ef04420a34799b681b23a19.e3iSbxaKaheRe3qTch0LbxeTa41ynknvrkLOlQzNp65In0 HTTP/1.1" 200 14
200.118.64.109 - - [14/Mar/2022:19:15:47 -0500] "POST /forms/lservlet;jsessionid=ac16012b30d64dc8fa880ef04420a34799b681b23a19.e3iSbxaKaheRe3qTch0LbxeTa41ynknvrkLOlQzNp65In0 HTTP/1.1" 200 112
200.118.64.109 - - [14/Mar/2022:19:15:48 -0500] "POST /forms/lservlet;jsessionid=ac16012b30d64dc8fa880ef04420a34799b681b23a19.e3iSbxaKaheRe3qTch0LbxeTa41ynknvrkLOlQzNp65In0 HTTP/1.1" 200 2
200.118.64.109 - - [14/Mar/2022:19:15:48 -0500] "GET /reports/rwservlet/getjobid72737?server=repnomi HTTP/1.1" 200 52708
200.118.64.109 - - [14/Mar/2022:19:16:27 -0500] "POST /forms/lservlet;jsessionid=ac16012b30d64dc8fa880ef04420a34799b681b23a19.e3iSbxaKaheRe3qTch0LbxeTa41ynknvrkLOlQzNp65In0 HTTP/1.1" 200 2
200.118.64.109 - - [14/Mar/2022:19:16:27 -0500] "POST /forms/lservlet;jsessionid=ac16012b30d64dc8fa880ef04420a34799b681b23a19.e3iSbxaKaheRe3qTch0LbxeTa41ynknvrkLOlQzNp65In0 HTTP/1.1" 200 14
200.118.64.109 - - [14/Mar/2022:19:16:28 -0500] "POST /forms/lservlet;jsessionid=ac16012b30d64dc8fa880ef04420a34799b681b23a19.e3iSbxaKaheRe3qTch0LbxeTa41ynknvrkLOlQzNp65In0 HTTP/1.1" 200 109
200.118.64.109 - - [14/Mar/2022:19:16:28 -0500] "POST /forms/lservlet;jsessionid=ac16012b30d64dc8fa880ef04420a34799b681b23a19.e3iSbxaKaheRe3qTch0LbxeTa41ynknvrkLOlQzNp65In0 HTTP/1.1" 200 2
200.118.64.109 - - [14/Mar/2022:19:16:29 -0500] "GET /reports/rwservlet/getjobid72738?server=repnomi HTTP/1.1" 200 84025
69.63.184.3 - - [14/Mar/2022:19:16:47 -0500] "GET /images/humedal-observatorio-26-febrero.jpg HTTP/1.1" 200 21641
45.146.165.37 - - [14/Mar/2022:19:17:04 -0500] "-" 408 -
200.118.64.109 - - [14/Mar/2022:19:17:07 -0500] "POST /forms/lservlet;jsessionid=ac16012b30d64dc8fa880ef04420a34799b681b23a19.e3iSbxaKaheRe3qTch0LbxeTa41ynknvrkLOlQzNp65In0 HTTP/1.1" 200 2
200.118.64.109 - - [14/Mar/2022:19:17:07 -0500] "POST /forms/lservlet;jsessionid=ac16012b30d64dc8fa880ef04420a34799b681b23a19.e3iSbxaKaheRe3qTch0LbxeTa41ynknvrkLOlQzNp65In0 HTTP/1.1" 200 14
200.118.64.109 - - [14/Mar/2022:19:17:08 -0500] "POST /forms/lservlet;jsessionid=ac16012b30d64dc8fa880ef04420a34799b681b23a19.e3iSbxaKaheRe3qTch0LbxeTa41ynknvrkLOlQzNp65In0 HTTP/1.1" 200 109
200.118.64.109 - - [14/Mar/2022:19:17:09 -0500] "POST /forms/lservlet;jsessionid=ac16012b30d64dc8fa880ef04420a34799b681b23a19.e3iSbxaKaheRe3qTch0LbxeTa41ynknvrkLOlQzNp65In0 HTTP/1.1" 200 2
181.56.224.209 - - [14/Mar/2022:19:17:09 -0500] "GET /mesa/contrasena.pdf HTTP/1.1" 200 443199
200.118.64.109 - - [14/Mar/2022:19:17:09 -0500] "GET /reports/rwservlet/getjobid72739?server=repnomi HTTP/1.1" 200 84025
181.56.224.209 - - [14/Mar/2022:19:17:09 -0500] "GET /mesa/contrasena.pdf HTTP/1.1" 206 1
181.56.224.209 - - [14/Mar/2022:19:17:09 -0500] "GET /mesa/contrasena.pdf HTTP/1.1" 206 434711
181.56.224.209 - - [14/Mar/2022:19:17:10 -0500] "GET /mesa/contrasena.pdf HTTP/1.1" 206 1
181.56.224.209 - - [14/Mar/2022:19:17:10 -0500] "GET /mesa/contrasena.pdf HTTP/1.1" 206 434711
200.118.64.109 - - [14/Mar/2022:19:17:21 -0500] "POST /forms/lservlet;jsessionid=ac16012b30d64dc8fa880ef04420a34799b681b23a19.e3iSbxaKaheRe3qTch0LbxeTa41ynknvrkLOlQzNp65In0 HTTP/1.1" 200 2
216.245.221.92 - - [14/Mar/2022:19:17:27 -0500] "HEAD / HTTP/1.1" 200 -
200.118.64.109 - - [14/Mar/2022:19:17:46 -0500] "POST /forms/lservlet;jsessionid=ac16012b30d64dc8fa880ef04420a34799b681b23a19.e3iSbxaKaheRe3qTch0LbxeTa41ynknvrkLOlQzNp65In0 HTTP/1.1" 200 2
200.118.64.109 - - [14/Mar/2022:19:17:46 -0500] "POST /forms/lservlet;jsessionid=ac16012b30d64dc8fa880ef04420a34799b681b23a19.e3iSbxaKaheRe3qTch0LbxeTa41ynknvrkLOlQzNp65In0 HTTP/1.1" 200 14
200.118.64.109 - - [14/Mar/2022:19:17:47 -0500] "POST /forms/lservlet;jsessionid=ac16012b30d64dc8fa880ef04420a34799b681b23a19.e3iSbxaKaheRe3qTch0LbxeTa41ynknvrkLOlQzNp65In0 HTTP/1.1" 200 14
200.118.64.109 - - [14/Mar/2022:19:17:48 -0500] "POST /forms/lservlet;jsessionid=ac16012b30d64dc8fa880ef04420a34799b681b23a19.e3iSbxaKaheRe3qTch0LbxeTa41ynknvrkLOlQzNp65In0 HTTP/1.1" 200 84
200.118.64.109 - - [14/Mar/2022:19:17:49 -0500] "POST /forms/lservlet;jsessionid=ac16012b30d64dc8fa880ef04420a34799b681b23a19.e3iSbxaKaheRe3qTch0LbxeTa41ynknvrkLOlQzNp65In0 HTTP/1.1" 200 2
200.118.64.109 - - [14/Mar/2022:19:17:54 -0500] "POST /forms/lservlet;jsessionid=ac16012b30d64dc8fa880ef04420a34799b681b23a19.e3iSbxaKaheRe3qTch0LbxeTa41ynknvrkLOlQzNp65In0 HTTP/1.1" 200 2
200.118.64.109 - - [14/Mar/2022:19:17:54 -0500] "POST /forms/lservlet;jsessionid=ac16012b30d64dc8fa880ef04420a34799b681b23a19.e3iSbxaKaheRe3qTch0LbxeTa41ynknvrkLOlQzNp65In0 HTTP/1.1" 200 30204
200.118.64.109 - - [14/Mar/2022:19:17:55 -0500] "POST /forms/lservlet;jsessionid=ac16012b30d64dc8fa880ef04420a34799b681b23a19.e3iSbxaKaheRe3qTch0LbxeTa41ynknvrkLOlQzNp65In0 HTTP/1.1" 200 7
200.118.64.109 - - [14/Mar/2022:19:17:55 -0500] "POST /forms/lservlet;jsessionid=ac16012b30d64dc8fa880ef04420a34799b681b23a19.e3iSbxaKaheRe3qTch0LbxeTa41ynknvrkLOlQzNp65In0 HTTP/1.1" 200 27
190.198.145.75 - - [14/Mar/2022:19:17:55 -0500] "GET /galeria/galeria/jquery.fancybox.css?v=2.1.5 HTTP/1.1" 200 4895
200.118.64.109 - - [14/Mar/2022:19:17:56 -0500] "POST /forms/lservlet;jsessionid=ac16012b30d64dc8fa880ef04420a34799b681b23a19.e3iSbxaKaheRe3qTch0LbxeTa41ynknvrkLOlQzNp65In0 HTTP/1.1" 200 2
200.118.64.109 - - [14/Mar/2022:19:17:56 -0500] "POST /forms/lservlet;jsessionid=ac16012b30d64dc8fa880ef04420a34799b681b23a19.e3iSbxaKaheRe3qTch0LbxeTa41ynknvrkLOlQzNp65In0 HTTP/1.1" 200 7
200.118.64.109 - - [14/Mar/2022:19:17:56 -0500] "GET /imagenes/open.gif HTTP/1.1" 200 919
200.118.64.109 - - [14/Mar/2022:19:17:58 -0500] "POST /forms/lservlet;jsessionid=ac16012b30d64dc8fa880ef04420a34799b681b23a19.e3iSbxaKaheRe3qTch0LbxeTa41ynknvrkLOlQzNp65In0 HTTP/1.1" 200 182
200.118.64.109 - - [14/Mar/2022:19:17:59 -0500] "POST /forms/lservlet;jsessionid=ac16012b30d64dc8fa880ef04420a34799b681b23a19.e3iSbxaKaheRe3qTch0LbxeTa41ynknvrkLOlQzNp65In0 HTTP/1.1" 200 2
200.118.64.109 - - [14/Mar/2022:19:18:00 -0500] "POST /forms/lservlet;jsessionid=ac16012b30d64dc8fa880ef04420a34799b681b23a19.e3iSbxaKaheRe3qTch0LbxeTa41ynknvrkLOlQzNp65In0 HTTP/1.1" 200 108
34.147.95.132 - - [14/Mar/2022:19:18:05 -0500] "GET / HTTP/1.1" 200 319
200.118.64.109 - - [14/Mar/2022:19:18:07 -0500] "POST /forms/lservlet;jsessionid=ac16012b30d64dc8fa880ef04420a34799b681b23a19.e3iSbxaKaheRe3qTch0LbxeTa41ynknvrkLOlQzNp65In0 HTTP/1.1" 200 1504
200.118.64.109 - - [14/Mar/2022:19:18:07 -0500] "POST /forms/lservlet;jsessionid=ac16012b30d64dc8fa880ef04420a34799b681b23a19.e3iSbxaKaheRe3qTch0LbxeTa41ynknvrkLOlQzNp65In0 HTTP/1.1" 200 2
200.118.64.109 - - [14/Mar/2022:19:18:07 -0500] "POST /forms/lservlet;jsessionid=ac16012b30d64dc8fa880ef04420a34799b681b23a19.e3iSbxaKaheRe3qTch0LbxeTa41ynknvrkLOlQzNp65In0 HTTP/1.1" 200 2
200.118.64.109 - - [14/Mar/2022:19:18:08 -0500] "POST /forms/lservlet;jsessionid=ac16012b30d64dc8fa880ef04420a34799b681b23a19.e3iSbxaKaheRe3qTch0LbxeTa41ynknvrkLOlQzNp65In0 HTTP/1.1" 200 198
200.118.64.109 - - [14/Mar/2022:19:18:09 -0500] "POST /forms/lservlet;jsessionid=ac16012b30d64dc8fa880ef04420a34799b681b23a19.e3iSbxaKaheRe3qTch0LbxeTa41ynknvrkLOlQzNp65In0 HTTP/1.1" 200 7
200.118.64.109 - - [14/Mar/2022:19:18:09 -0500] "POST /forms/lservlet;jsessionid=ac16012b30d64dc8fa880ef04420a34799b681b23a19.e3iSbxaKaheRe3qTch0LbxeTa41ynknvrkLOlQzNp65In0 HTTP/1.1" 200 30144
200.118.64.109 - - [14/Mar/2022:19:18:10 -0500] "POST /forms/lservlet;jsessionid=ac16012b30d64dc8fa880ef04420a34799b681b23a19.e3iSbxaKaheRe3qTch0LbxeTa41ynknvrkLOlQzNp65In0 HTTP/1.1" 200 7
200.118.64.109 - - [14/Mar/2022:19:18:10 -0500] "POST /forms/lservlet;jsessionid=ac16012b30d64dc8fa880ef04420a34799b681b23a19.e3iSbxaKaheRe3qTch0LbxeTa41ynknvrkLOlQzNp65In0 HTTP/1.1" 200 2
200.118.64.109 - - [14/Mar/2022:19:18:10 -0500] "POST /forms/lservlet;jsessionid=ac16012b30d64dc8fa880ef04420a34799b681b23a19.e3iSbxaKaheRe3qTch0LbxeTa41ynknvrkLOlQzNp65In0 HTTP/1.1" 200 27
200.118.64.109 - - [14/Mar/2022:19:18:11 -0500] "POST /forms/lservlet;jsessionid=ac16012b30d64dc8fa880ef04420a34799b681b23a19.e3iSbxaKaheRe3qTch0LbxeTa41ynknvrkLOlQzNp65In0 HTTP/1.1" 200 2
200.118.64.109 - - [14/Mar/2022:19:18:13 -0500] "POST /forms/lservlet;jsessionid=ac16012b30d64dc8fa880ef04420a34799b681b23a19.e3iSbxaKaheRe3qTch0LbxeTa41ynknvrkLOlQzNp65In0 HTTP/1.1" 200 102
200.118.64.109 - - [14/Mar/2022:19:18:16 -0500] "POST /forms/lservlet;jsessionid=ac16012b30d64dc8fa880ef04420a34799b681b23a19.e3iSbxaKaheRe3qTch0LbxeTa41ynknvrkLOlQzNp65In0 HTTP/1.1" 200 1494
200.118.64.109 - - [14/Mar/2022:19:18:16 -0500] "POST /forms/lservlet;jsessionid=ac16012b30d64dc8fa880ef04420a34799b681b23a19.e3iSbxaKaheRe3qTch0LbxeTa41ynknvrkLOlQzNp65In0 HTTP/1.1" 200 2
200.118.64.109 - - [14/Mar/2022:19:18:16 -0500] "POST /forms/lservlet;jsessionid=ac16012b30d64dc8fa880ef04420a34799b681b23a19.e3iSbxaKaheRe3qTch0LbxeTa41ynknvrkLOlQzNp65In0 HTTP/1.1" 200 2
200.118.64.109 - - [14/Mar/2022:19:19:01 -0500] "POST /forms/lservlet;jsessionid=ac16012b30d64dc8fa880ef04420a34799b681b23a19.e3iSbxaKaheRe3qTch0LbxeTa41ynknvrkLOlQzNp65In0 HTTP/1.1" 200 37
200.118.64.109 - - [14/Mar/2022:19:19:02 -0500] "POST /forms/lservlet;jsessionid=ac16012b30d64dc8fa880ef04420a34799b681b23a19.e3iSbxaKaheRe3qTch0LbxeTa41ynknvrkLOlQzNp65In0 HTTP/1.1" 200 7
200.118.64.109 - - [14/Mar/2022:19:19:02 -0500] "POST /forms/lservlet;jsessionid=ac16012b30d64dc8fa880ef04420a34799b681b23a19.e3iSbxaKaheRe3qTch0LbxeTa41ynknvrkLOlQzNp65In0 HTTP/1.1" 200 30144
200.118.64.109 - - [14/Mar/2022:19:19:03 -0500] "POST /forms/lservlet;jsessionid=ac16012b30d64dc8fa880ef04420a34799b681b23a19.e3iSbxaKaheRe3qTch0LbxeTa41ynknvrkLOlQzNp65In0 HTTP/1.1" 200 7
200.118.64.109 - - [14/Mar/2022:19:19:03 -0500] "POST /forms/lservlet;jsessionid=ac16012b30d64dc8fa880ef04420a34799b681b23a19.e3iSbxaKaheRe3qTch0LbxeTa41ynknvrkLOlQzNp65In0 HTTP/1.1" 200 2
200.118.64.109 - - [14/Mar/2022:19:19:03 -0500] "POST /forms/lservlet;jsessionid=ac16012b30d64dc8fa880ef04420a34799b681b23a19.e3iSbxaKaheRe3qTch0LbxeTa41ynknvrkLOlQzNp65In0 HTTP/1.1" 200 27
200.118.64.109 - - [14/Mar/2022:19:19:04 -0500] "POST /forms/lservlet;jsessionid=ac16012b30d64dc8fa880ef04420a34799b681b23a19.e3iSbxaKaheRe3qTch0LbxeTa41ynknvrkLOlQzNp65In0 HTTP/1.1" 200 2
200.118.64.109 - - [14/Mar/2022:19:19:05 -0500] "POST /forms/lservlet;jsessionid=ac16012b30d64dc8fa880ef04420a34799b681b23a19.e3iSbxaKaheRe3qTch0LbxeTa41ynknvrkLOlQzNp65In0 HTTP/1.1" 200 102
207.46.13.114 - - [14/Mar/2022:19:19:08 -0500] "GET /bla/resoluciones/autos%202014/2058.pdf HTTP/1.1" 200 477969
200.118.64.109 - - [14/Mar/2022:19:19:22 -0500] "POST /forms/lservlet;jsessionid=ac16012b30d64dc8fa880ef04420a34799b681b23a19.e3iSbxaKaheRe3qTch0LbxeTa41ynknvrkLOlQzNp65In0 HTTP/1.1" 200 2
40.77.167.26 - - [14/Mar/2022:19:19:46 -0500] "GET /bla/resoluciones/autos%202014/2777.pdf HTTP/1.1" 200 2387952
207.241.232.241 - - [14/Mar/2022:19:20:22 -0500] "-" 408 -
200.118.64.109 - - [14/Mar/2022:19:21:12 -0500] "POST /forms/lservlet;jsessionid=ac16012b30d64dc8fa880ef04420a34799b681b23a19.e3iSbxaKaheRe3qTch0LbxeTa41ynknvrkLOlQzNp65In0 HTTP/1.1" 200 1494
200.118.64.109 - - [14/Mar/2022:19:21:12 -0500] "POST /forms/lservlet;jsessionid=ac16012b30d64dc8fa880ef04420a34799b681b23a19.e3iSbxaKaheRe3qTch0LbxeTa41ynknvrkLOlQzNp65In0 HTTP/1.1" 200 2
200.118.64.109 - - [14/Mar/2022:19:21:12 -0500] "POST /forms/lservlet;jsessionid=ac16012b30d64dc8fa880ef04420a34799b681b23a19.e3iSbxaKaheRe3qTch0LbxeTa41ynknvrkLOlQzNp65In0 HTTP/1.1" 200 2
200.118.64.109 - - [14/Mar/2022:19:21:14 -0500] "POST /forms/lservlet;jsessionid=ac16012b30d64dc8fa880ef04420a34799b681b23a19.e3iSbxaKaheRe3qTch0LbxeTa41ynknvrkLOlQzNp65In0 HTTP/1.1" 200 180
200.118.64.109 - - [14/Mar/2022:19:21:15 -0500] "POST /forms/lservlet;jsessionid=ac16012b30d64dc8fa880ef04420a34799b681b23a19.e3iSbxaKaheRe3qTch0LbxeTa41ynknvrkLOlQzNp65In0 HTTP/1.1" 200 7
200.118.64.109 - - [14/Mar/2022:19:21:15 -0500] "POST /forms/lservlet;jsessionid=ac16012b30d64dc8fa880ef04420a34799b681b23a19.e3iSbxaKaheRe3qTch0LbxeTa41ynknvrkLOlQzNp65In0 HTTP/1.1" 200 30067
200.118.64.109 - - [14/Mar/2022:19:21:16 -0500] "POST /forms/lservlet;jsessionid=ac16012b30d64dc8fa880ef04420a34799b681b23a19.e3iSbxaKaheRe3qTch0LbxeTa41ynknvrkLOlQzNp65In0 HTTP/1.1" 200 7
200.118.64.109 - - [14/Mar/2022:19:21:16 -0500] "POST /forms/lservlet;jsessionid=ac16012b30d64dc8fa880ef04420a34799b681b23a19.e3iSbxaKaheRe3qTch0LbxeTa41ynknvrkLOlQzNp65In0 HTTP/1.1" 200 2
200.118.64.109 - - [14/Mar/2022:19:21:16 -0500] "POST /forms/lservlet;jsessionid=ac16012b30d64dc8fa880ef04420a34799b681b23a19.e3iSbxaKaheRe3qTch0LbxeTa41ynknvrkLOlQzNp65In0 HTTP/1.1" 200 27
200.118.64.109 - - [14/Mar/2022:19:21:17 -0500] "POST /forms/lservlet;jsessionid=ac16012b30d64dc8fa880ef04420a34799b681b23a19.e3iSbxaKaheRe3qTch0LbxeTa41ynknvrkLOlQzNp65In0 HTTP/1.1" 200 2
200.118.64.109 - - [14/Mar/2022:19:21:18 -0500] "POST /forms/lservlet;jsessionid=ac16012b30d64dc8fa880ef04420a34799b681b23a19.e3iSbxaKaheRe3qTch0LbxeTa41ynknvrkLOlQzNp65In0 HTTP/1.1" 200 102
200.118.64.109 - - [14/Mar/2022:19:21:22 -0500] "POST /forms/lservlet;jsessionid=ac16012b30d64dc8fa880ef04420a34799b681b23a19.e3iSbxaKaheRe3qTch0LbxeTa41ynknvrkLOlQzNp65In0 HTTP/1.1" 200 2
201.245.192.253 - - [14/Mar/2022:19:20:45 -0500] "POST /kwsrmcab/Wsrmcab HTTP/1.1" 200 46129
201.245.192.253 - - [14/Mar/2022:19:21:31 -0500] "POST /kwsrmcab/Wsrmcab HTTP/1.1" 200 46441
216.245.221.92 - - [14/Mar/2022:19:22:27 -0500] "HEAD / HTTP/1.1" 200 -
200.118.64.109 - - [14/Mar/2022:19:23:22 -0500] "POST /forms/lservlet;jsessionid=ac16012b30d64dc8fa880ef04420a34799b681b23a19.e3iSbxaKaheRe3qTch0LbxeTa41ynknvrkLOlQzNp65In0 HTTP/1.1" 200 2
181.53.13.139 - - [14/Mar/2022:19:24:51 -0500] "GET /reportes_sipse/sdg/ServletReporte?reporte=saldo_actividades HTTP/1.1" 200 6255
181.53.13.139 - - [14/Mar/2022:19:24:51 -0500] "GET /reportes_sipse/css/estilos.css HTTP/1.1" 200 9135
181.53.13.139 - - [14/Mar/2022:19:24:51 -0500] "GET /reportes_sipse/js/funciones.js HTTP/1.1" 200 4709
181.53.13.139 - - [14/Mar/2022:19:24:51 -0500] "GET /reportes_sipse/js/date-picker.js HTTP/1.1" 200 16768
181.53.13.139 - - [14/Mar/2022:19:24:51 -0500] "GET /reportes_sipse/imagenes/excel.gif HTTP/1.1" 200 613
181.53.13.139 - - [14/Mar/2022:19:24:51 -0500] "GET /reportes_sipse/imagenes/pdf.gif HTTP/1.1" 200 598
181.53.13.139 - - [14/Mar/2022:19:24:51 -0500] "GET /reportes_sipse/imagenes/calendario.gif HTTP/1.1" 200 1387
181.53.13.139 - - [14/Mar/2022:19:24:51 -0500] "GET /reportes_sipse/imagenes/fondo.jpg HTTP/1.1" 200 20235
181.53.13.139 - - [14/Mar/2022:19:24:51 -0500] "GET /reportes_sipse/imagenes/logoAplicacion.jpg HTTP/1.1" 200 26872
181.53.13.139 - - [14/Mar/2022:19:24:57 -0500] "GET /reportes_sipse/imagenes/retrocedeAgno.gif HTTP/1.1" 200 781
181.53.13.139 - - [14/Mar/2022:19:24:57 -0500] "GET /reportes_sipse/imagenes/retrocedeMes.gif HTTP/1.1" 200 459
181.53.13.139 - - [14/Mar/2022:19:24:57 -0500] "GET /reportes_sipse/imagenes/avanzaMes.gif HTTP/1.1" 200 660
181.53.13.139 - - [14/Mar/2022:19:24:57 -0500] "GET /reportes_sipse/imagenes/avanzaAgno.gif HTTP/1.1" 200 779
181.53.13.139 - - [14/Mar/2022:19:24:57 -0500] "GET /favicon.ico HTTP/1.1" 200 7782
181.53.13.139 - - [14/Mar/2022:19:25:02 -0500] "POST /reportes_sipse/sdg/ServletControlador HTTP/1.1" 200 101825
181.53.13.139 - - [14/Mar/2022:19:25:08 -0500] "POST /reportes_sipse/sdg/ServletControlador HTTP/1.1" 200 97879
200.118.64.109 - - [14/Mar/2022:19:25:25 -0500] "POST /forms/lservlet;jsessionid=ac16012b30d64dc8fa880ef04420a34799b681b23a19.e3iSbxaKaheRe3qTch0LbxeTa41ynknvrkLOlQzNp65In0 HTTP/1.1" 200 2
191.95.63.218 - - [14/Mar/2022:19:26:36 -0500] "GET /galeria/galeria/jquery.fancybox.css?v=2.1.5 HTTP/1.1" 200 4895
200.118.64.109 - - [14/Mar/2022:19:27:25 -0500] "POST /forms/lservlet;jsessionid=ac16012b30d64dc8fa880ef04420a34799b681b23a19.e3iSbxaKaheRe3qTch0LbxeTa41ynknvrkLOlQzNp65In0 HTTP/1.1" 200 2
216.245.221.92 - - [14/Mar/2022:19:27:27 -0500] "HEAD / HTTP/1.1" 200 -
45.146.165.37 - - [14/Mar/2022:19:27:57 -0500] "GET /?a=fetch&content=<php>die(@md5(HelloThinkCMF))</php> HTTP/1.1" 200 319
186.86.128.43 - - [14/Mar/2022:19:28:22 -0500] "GET /mesa/contrasena.pdf HTTP/1.1" 200 443199
186.86.128.43 - - [14/Mar/2022:19:28:43 -0500] "GET /mesa/contrasena.pdf HTTP/1.1" 206 1
186.86.128.43 - - [14/Mar/2022:19:28:43 -0500] "GET /mesa/contrasena.pdf HTTP/1.1" 206 310255
186.86.128.43 - - [14/Mar/2022:19:28:44 -0500] "GET /mesa/contrasena.pdf HTTP/1.1" 206 1
186.86.128.43 - - [14/Mar/2022:19:28:44 -0500] "GET /mesa/contrasena.pdf HTTP/1.1" 206 239631
200.118.61.14 - - [14/Mar/2022:19:29:16 -0500] "GET /galeria/galeria/jquery.fancybox.css?v=2.1.5 HTTP/1.1" 200 4895
200.118.64.109 - - [14/Mar/2022:19:29:25 -0500] "POST /forms/lservlet;jsessionid=ac16012b30d64dc8fa880ef04420a34799b681b23a19.e3iSbxaKaheRe3qTch0LbxeTa41ynknvrkLOlQzNp65In0 HTTP/1.1" 200 2
181.237.39.217 - - [14/Mar/2022:19:29:55 -0500] "GET /ciudad-bolivar-y-puente-aranda-se-alistan-para-una-nueva-llantaton.html HTTP/1.1" 200 991
181.56.251.240 - - [14/Mar/2022:19:30:07 -0500] "GET /BLA/resoluciones/ HTTP/1.1" 200 13093
181.56.251.240 - - [14/Mar/2022:19:30:07 -0500] "GET /BLA/resoluciones/dlf/folder.png HTTP/1.1" 200 410
181.56.251.240 - - [14/Mar/2022:19:30:11 -0500] "GET /BLA/resoluciones/index.php?dir=AUTOS+2021%2F HTTP/1.1" 200 320912
95.163.255.54 - - [14/Mar/2022:19:30:43 -0500] "-" 408 -
200.118.64.109 - - [14/Mar/2022:19:31:25 -0500] "POST /forms/lservlet;jsessionid=ac16012b30d64dc8fa880ef04420a34799b681b23a19.e3iSbxaKaheRe3qTch0LbxeTa41ynknvrkLOlQzNp65In0 HTTP/1.1" 200 2
201.245.192.253 - - [14/Mar/2022:19:30:46 -0500] "POST /kwsrmcab/Wsrmcab HTTP/1.1" 200 46129
201.245.192.253 - - [14/Mar/2022:19:31:34 -0500] "POST /kwsrmcab/Wsrmcab HTTP/1.1" 200 46441
216.245.221.92 - - [14/Mar/2022:19:32:27 -0500] "HEAD / HTTP/1.1" 200 -
201.245.192.253 - - [14/Mar/2022:19:31:45 -0500] "POST /kwsrmcab/Wsrmcab HTTP/1.1" 200 117398
199.59.150.180 - - [14/Mar/2022:19:32:45 -0500] "GET /documents/10184/2325415/pieza-concurso-buenas-practicas-20-septiembre.jpg HTTP/1.1" 404 1030
200.118.64.109 - - [14/Mar/2022:19:33:25 -0500] "POST /forms/lservlet;jsessionid=ac16012b30d64dc8fa880ef04420a34799b681b23a19.e3iSbxaKaheRe3qTch0LbxeTa41ynknvrkLOlQzNp65In0 HTTP/1.1" 200 2
207.241.232.241 - - [14/Mar/2022:19:35:24 -0500] "-" 408 -
200.118.64.109 - - [14/Mar/2022:19:35:26 -0500] "POST /forms/lservlet;jsessionid=ac16012b30d64dc8fa880ef04420a34799b681b23a19.e3iSbxaKaheRe3qTch0LbxeTa41ynknvrkLOlQzNp65In0 HTTP/1.1" 200 2
37.0.8.109 - - [14/Mar/2022:19:35:59 -0500] "GET /config/getuser?index=0 HTTP/1.1" 404 1018
186.154.38.234 - - [14/Mar/2022:19:36:06 -0500] "GET /galeria/galeria/jquery.fancybox.css?v=2.1.5 HTTP/1.1" 200 4895
181.53.13.139 - - [14/Mar/2022:19:36:04 -0500] "POST /reportes_sipse/sdg/ServletControlador HTTP/1.1" 200 97881
181.53.13.139 - - [14/Mar/2022:19:36:07 -0500] "POST /reportes_sipse/sdg/ServletControlador HTTP/1.1" 200 97879
181.53.13.139 - - [14/Mar/2022:19:36:14 -0500] "POST /reportes_sipse/sdg/ServletControlador HTTP/1.1" 200 97879
181.53.13.139 - - [14/Mar/2022:19:36:44 -0500] "GET /reportes_sipse/sdg/ServletReporte?reporte=saldo_actividades_detallado HTTP/1.1" 200 6265
181.53.13.139 - - [14/Mar/2022:19:36:56 -0500] "POST /reportes_sipse/sdg/ServletControlador HTTP/1.1" 200 91742
200.118.64.109 - - [14/Mar/2022:19:37:26 -0500] "POST /forms/lservlet;jsessionid=ac16012b30d64dc8fa880ef04420a34799b681b23a19.e3iSbxaKaheRe3qTch0LbxeTa41ynknvrkLOlQzNp65In0 HTTP/1.1" 200 2
216.245.221.92 - - [14/Mar/2022:19:37:27 -0500] "HEAD / HTTP/1.1" 200 -
186.144.234.173 - - [14/Mar/2022:19:37:31 -0500] "GET /BLA/resoluciones/ HTTP/1.1" 200 13093
186.144.234.173 - - [14/Mar/2022:19:37:32 -0500] "GET /BLA/resoluciones/index.php?dir=AUTOS+2020%2F HTTP/1.1" 200 319155
207.46.13.43 - - [14/Mar/2022:19:38:13 -0500] "GET /bla/resoluciones/autos%202014/0068.pdf HTTP/1.1" 200 982884
200.118.64.109 - - [14/Mar/2022:19:39:26 -0500] "POST /forms/lservlet;jsessionid=ac16012b30d64dc8fa880ef04420a34799b681b23a19.e3iSbxaKaheRe3qTch0LbxeTa41ynknvrkLOlQzNp65In0 HTTP/1.1" 200 2
186.145.58.108 - - [14/Mar/2022:19:40:00 -0500] "GET /BLA/boletinlegal/js/jquery.scrollShow.js HTTP/1.1" 200 4586
186.145.58.108 - - [14/Mar/2022:19:40:00 -0500] "GET /galeria/galeria/jquery.fancybox.css?v=2.1.5 HTTP/1.1" 200 4895
186.145.58.108 - - [14/Mar/2022:19:40:00 -0500] "GET /galeria/galeria/jquery.fancybox.js?v=2.1.5 HTTP/1.1" 200 48706
199.16.157.181 - - [14/Mar/2022:19:41:09 -0500] "-" 408 -
199.16.157.180 - - [14/Mar/2022:19:41:13 -0500] "-" 408 -
190.109.5.21 - - [14/Mar/2022:19:41:17 -0500] "GET /galeria/galeria/jquery.fancybox.css?v=2.1.5 HTTP/1.1" 200 4895
200.118.64.109 - - [14/Mar/2022:19:41:26 -0500] "POST /forms/lservlet;jsessionid=ac16012b30d64dc8fa880ef04420a34799b681b23a19.e3iSbxaKaheRe3qTch0LbxeTa41ynknvrkLOlQzNp65In0 HTTP/1.1" 200 2
201.245.192.253 - - [14/Mar/2022:19:40:46 -0500] "POST /kwsrmcab/Wsrmcab HTTP/1.1" 200 46129
201.245.192.253 - - [14/Mar/2022:19:41:34 -0500] "POST /kwsrmcab/Wsrmcab HTTP/1.1" 200 46441
216.245.221.92 - - [14/Mar/2022:19:42:27 -0500] "HEAD / HTTP/1.1" 200 -
201.245.192.253 - - [14/Mar/2022:19:41:59 -0500] "POST /kwsrmcab/Wsrmcab HTTP/1.1" 200 117398
186.145.248.181 - - [14/Mar/2022:19:43:26 -0500] "-" 408 -
200.118.64.109 - - [14/Mar/2022:19:43:26 -0500] "POST /forms/lservlet;jsessionid=ac16012b30d64dc8fa880ef04420a34799b681b23a19.e3iSbxaKaheRe3qTch0LbxeTa41ynknvrkLOlQzNp65In0 HTTP/1.1" 200 2
186.145.248.181 - - [14/Mar/2022:19:43:36 -0500] "-" 408 -
191.95.21.54 - - [14/Mar/2022:19:43:41 -0500] "GET /galeria/galeria/jquery.fancybox.css?v=2.1.5 HTTP/1.1" 200 4895
191.95.21.54 - - [14/Mar/2022:19:43:41 -0500] "GET /BLA/boletinlegal/js/jquery.scrollShow.js HTTP/1.1" 200 4586
191.95.21.54 - - [14/Mar/2022:19:43:41 -0500] "GET /galeria/galeria/jquery.fancybox.js?v=2.1.5 HTTP/1.1" 200 48706
192.168.171.79 - - [14/Mar/2022:19:44:02 -0500] "GET /BLA/boletinlegal/actos.php HTTP/1.1" 200 9555
186.145.248.181 - - [14/Mar/2022:19:44:06 -0500] "-" 408 -
192.168.171.79 - - [14/Mar/2022:19:44:13 -0500] "GET /BLA/boletinlegal/actos.php HTTP/1.1" 200 9555
191.95.21.54 - - [14/Mar/2022:19:44:17 -0500] "GET /galeria/carrusel/Carrusel/jquery.thumbnailScroller.css HTTP/1.1" 200 2066
192.168.171.79 - - [14/Mar/2022:19:44:19 -0500] "GET /BLA/boletinlegal/actos.php HTTP/1.1" 200 9555
191.95.21.54 - - [14/Mar/2022:19:44:19 -0500] "GET /galeria/carrusel/Carrusel/jquery-ui-1.8.13.custom.min.js HTTP/1.1" 200 10800
191.95.21.54 - - [14/Mar/2022:19:44:20 -0500] "GET /galeria/carrusel/Carrusel/jquery.thumbnailScroller.js HTTP/1.1" 200 8157
186.29.181.170 - - [14/Mar/2022:19:44:28 -0500] "GET /galeria/galeria/jquery.fancybox.css?v=2.1.5 HTTP/1.1" 200 4895
40.77.167.26 - - [14/Mar/2022:19:44:45 -0500] "GET /bla/resoluciones/autos%202014/1187.pdf HTTP/1.1" 200 664332
192.168.171.79 - - [14/Mar/2022:19:45:01 -0500] "GET /BLA/boletinlegal/actos.php HTTP/1.1" 200 9555
192.168.171.79 - - [14/Mar/2022:19:45:13 -0500] "GET /BLA/boletinlegal/actos.php HTTP/1.1" 200 9555
192.168.171.79 - - [14/Mar/2022:19:45:14 -0500] "GET /BLA/boletinlegal/styles2.css HTTP/1.1" 200 1838
192.168.171.79 - - [14/Mar/2022:19:45:14 -0500] "GET /BLA/boletinlegal/js/ajax_actos.js HTTP/1.1" 200 1322
192.168.171.79 - - [14/Mar/2022:19:45:14 -0500] "GET /BLA/boletinlegal/niceforms.js HTTP/1.1" 200 22876
192.168.171.79 - - [14/Mar/2022:19:45:14 -0500] "GET /BLA/boletinlegal/niceforms-default.css HTTP/1.1" 200 6694
192.168.171.79 - - [14/Mar/2022:19:45:14 -0500] "GET /BLA/boletinlegal/style.css HTTP/1.1" 200 9406
192.168.171.79 - - [14/Mar/2022:19:45:14 -0500] "GET /BLA/boletinlegal/js/lib.js HTTP/1.1" 200 6474
192.168.171.79 - - [14/Mar/2022:19:45:14 -0500] "GET /BLA/boletinlegal/js/popup.js HTTP/1.1" 200 1270
192.168.171.79 - - [14/Mar/2022:19:45:14 -0500] "GET /BLA/boletinlegal/js/jquery1.js HTTP/1.1" 200 29846
192.168.171.79 - - [14/Mar/2022:19:45:14 -0500] "GET /BLA/boletinlegal/images/cabezote%20BLEGAL.jpg HTTP/1.1" 200 118164
192.168.171.79 - - [14/Mar/2022:19:45:14 -0500] "GET /BLA/boletinlegal/images/historia.png HTTP/1.1" 200 52775
192.168.171.79 - - [14/Mar/2022:19:45:14 -0500] "GET /BLA/boletinlegal/images/subscribe-icon-big.png HTTP/1.1" 200 47702
192.168.171.79 - - [14/Mar/2022:19:45:14 -0500] "GET /BLA/boletinlegal/images/registro-usuarios.png HTTP/1.1" 200 8106
192.168.171.79 - - [14/Mar/2022:19:45:14 -0500] "GET /BLA/boletinlegal/images/green-yellow-blue-pink-th.png HTTP/1.1" 200 7394
192.168.171.79 - - [14/Mar/2022:19:45:14 -0500] "GET /BLA/boletinlegal/images/abajo.png HTTP/1.1" 200 96676
192.168.171.79 - - [14/Mar/2022:19:45:14 -0500] "GET /BLA/boletinlegal/images/tel.png HTTP/1.1" 200 14477
192.168.171.79 - - [14/Mar/2022:19:45:14 -0500] "GET /BLA/boletinlegal/images/body_bg.jpg HTTP/1.1" 200 1601
192.168.171.79 - - [14/Mar/2022:19:45:14 -0500] "GET /BLA/boletinlegal/images/icono-email.png HTTP/1.1" 200 5544
192.168.171.79 - - [14/Mar/2022:19:45:14 -0500] "GET /BLA/boletinlegal/images/menu_lft.gif HTTP/1.1" 200 1713
192.168.171.79 - - [14/Mar/2022:19:45:14 -0500] "GET /BLA/boletinlegal/images/menu_rght.gif HTTP/1.1" 200 1627
192.168.171.79 - - [14/Mar/2022:19:45:14 -0500] "GET /BLA/boletinlegal/images/bg_top.jpg HTTP/1.1" 200 522
192.168.171.79 - - [14/Mar/2022:19:45:14 -0500] "GET /BLA/boletinlegal/images/menu_bg.jpg HTTP/1.1" 200 620
192.168.171.79 - - [14/Mar/2022:19:45:14 -0500] "GET /BLA/boletinlegal/images/hover.jpg HTTP/1.1" 200 640
192.168.171.79 - - [14/Mar/2022:19:45:14 -0500] "GET /BLA/boletinlegal/images/text.jpg HTTP/1.1" 200 568
192.168.171.79 - - [14/Mar/2022:19:45:14 -0500] "GET /BLA/boletinlegal/images/footer_bg.jpg HTTP/1.1" 200 586
192.168.171.79 - - [14/Mar/2022:19:45:14 -0500] "GET /BLA/boletinlegal/images/footer_bg_l.jpg HTTP/1.1" 200 776
192.168.171.79 - - [14/Mar/2022:19:45:14 -0500] "GET /BLA/boletinlegal/img/0.png HTTP/1.1" 200 110
192.168.171.79 - - [14/Mar/2022:19:45:14 -0500] "GET /BLA/boletinlegal/img/select-left.png HTTP/1.1" 200 263
192.168.171.79 - - [14/Mar/2022:19:45:14 -0500] "GET /BLA/boletinlegal/img/select-right.png HTTP/1.1" 200 44019
192.168.171.79 - - [14/Mar/2022:19:45:14 -0500] "GET /BLA/boletinlegal/img/button.png HTTP/1.1" 200 43241
192.168.171.79 - - [14/Mar/2022:19:45:14 -0500] "GET /BLA/boletinlegal/img/button-left.png HTTP/1.1" 200 57071
192.168.171.79 - - [14/Mar/2022:19:45:15 -0500] "GET /BLA/boletinlegal/img/button-right.png HTTP/1.1" 200 57878
192.168.171.79 - - [14/Mar/2022:19:45:15 -0500] "GET /favicon.ico HTTP/1.1" 200 7782
200.118.64.109 - - [14/Mar/2022:19:45:26 -0500] "POST /forms/lservlet;jsessionid=ac16012b30d64dc8fa880ef04420a34799b681b23a19.e3iSbxaKaheRe3qTch0LbxeTa41ynknvrkLOlQzNp65In0 HTTP/1.1" 200 2
192.168.171.79 - - [14/Mar/2022:19:45:27 -0500] "GET /BLA/boletinlegal/actos.php HTTP/1.1" 200 9555
191.156.232.206 - - [14/Mar/2022:19:45:32 -0500] "GET /BLA/boletinlegal/consulta_actos.php?tipo=autos&no=4666&usuario=&sector=&fecha=2020&resuelve= HTTP/1.1" 200 1114
191.156.232.206 - - [14/Mar/2022:19:45:34 -0500] "GET /BLA/resoluciones/AUTOS%202020/4666.pdf HTTP/1.1" 200 352875
200.118.64.109 - - [14/Mar/2022:19:47:26 -0500] "POST /forms/lservlet;jsessionid=ac16012b30d64dc8fa880ef04420a34799b681b23a19.e3iSbxaKaheRe3qTch0LbxeTa41ynknvrkLOlQzNp65In0 HTTP/1.1" 200 2
216.245.221.92 - - [14/Mar/2022:19:47:27 -0500] "HEAD / HTTP/1.1" 200 -
200.118.64.109 - - [14/Mar/2022:19:48:41 -0500] "POST /forms/lservlet;jsessionid=ac16012b30d64dc8fa880ef04420a34799b681b23a19.e3iSbxaKaheRe3qTch0LbxeTa41ynknvrkLOlQzNp65In0 HTTP/1.1" 200 1494
200.118.64.109 - - [14/Mar/2022:19:48:42 -0500] "POST /forms/lservlet;jsessionid=ac16012b30d64dc8fa880ef04420a34799b681b23a19.e3iSbxaKaheRe3qTch0LbxeTa41ynknvrkLOlQzNp65In0 HTTP/1.1" 200 2
200.118.64.109 - - [14/Mar/2022:19:48:42 -0500] "POST /forms/lservlet;jsessionid=ac16012b30d64dc8fa880ef04420a34799b681b23a19.e3iSbxaKaheRe3qTch0LbxeTa41ynknvrkLOlQzNp65In0 HTTP/1.1" 200 2
200.118.64.109 - - [14/Mar/2022:19:48:42 -0500] "POST /forms/lservlet;jsessionid=ac16012b30d64dc8fa880ef04420a34799b681b23a19.e3iSbxaKaheRe3qTch0LbxeTa41ynknvrkLOlQzNp65In0 HTTP/1.1" 200 180
200.118.64.109 - - [14/Mar/2022:19:48:44 -0500] "POST /forms/lservlet;jsessionid=ac16012b30d64dc8fa880ef04420a34799b681b23a19.e3iSbxaKaheRe3qTch0LbxeTa41ynknvrkLOlQzNp65In0 HTTP/1.1" 200 7
200.118.64.109 - - [14/Mar/2022:19:48:44 -0500] "POST /forms/lservlet;jsessionid=ac16012b30d64dc8fa880ef04420a34799b681b23a19.e3iSbxaKaheRe3qTch0LbxeTa41ynknvrkLOlQzNp65In0 HTTP/1.1" 200 30112
200.118.64.109 - - [14/Mar/2022:19:48:45 -0500] "POST /forms/lservlet;jsessionid=ac16012b30d64dc8fa880ef04420a34799b681b23a19.e3iSbxaKaheRe3qTch0LbxeTa41ynknvrkLOlQzNp65In0 HTTP/1.1" 200 7
200.118.64.109 - - [14/Mar/2022:19:48:45 -0500] "POST /forms/lservlet;jsessionid=ac16012b30d64dc8fa880ef04420a34799b681b23a19.e3iSbxaKaheRe3qTch0LbxeTa41ynknvrkLOlQzNp65In0 HTTP/1.1" 200 2
200.118.64.109 - - [14/Mar/2022:19:48:45 -0500] "POST /forms/lservlet;jsessionid=ac16012b30d64dc8fa880ef04420a34799b681b23a19.e3iSbxaKaheRe3qTch0LbxeTa41ynknvrkLOlQzNp65In0 HTTP/1.1" 200 27
200.118.64.109 - - [14/Mar/2022:19:48:46 -0500] "POST /forms/lservlet;jsessionid=ac16012b30d64dc8fa880ef04420a34799b681b23a19.e3iSbxaKaheRe3qTch0LbxeTa41ynknvrkLOlQzNp65In0 HTTP/1.1" 200 2
200.118.64.109 - - [14/Mar/2022:19:48:49 -0500] "POST /forms/lservlet;jsessionid=ac16012b30d64dc8fa880ef04420a34799b681b23a19.e3iSbxaKaheRe3qTch0LbxeTa41ynknvrkLOlQzNp65In0 HTTP/1.1" 200 102
200.118.64.109 - - [14/Mar/2022:19:49:04 -0500] "POST /forms/lservlet;jsessionid=ac16012b30d64dc8fa880ef04420a34799b681b23a19.e3iSbxaKaheRe3qTch0LbxeTa41ynknvrkLOlQzNp65In0 HTTP/1.1" 200 1494
200.118.64.109 - - [14/Mar/2022:19:49:04 -0500] "POST /forms/lservlet;jsessionid=ac16012b30d64dc8fa880ef04420a34799b681b23a19.e3iSbxaKaheRe3qTch0LbxeTa41ynknvrkLOlQzNp65In0 HTTP/1.1" 200 2
200.118.64.109 - - [14/Mar/2022:19:49:04 -0500] "POST /forms/lservlet;jsessionid=ac16012b30d64dc8fa880ef04420a34799b681b23a19.e3iSbxaKaheRe3qTch0LbxeTa41ynknvrkLOlQzNp65In0 HTTP/1.1" 200 2
200.118.64.109 - - [14/Mar/2022:19:49:06 -0500] "POST /forms/lservlet;jsessionid=ac16012b30d64dc8fa880ef04420a34799b681b23a19.e3iSbxaKaheRe3qTch0LbxeTa41ynknvrkLOlQzNp65In0 HTTP/1.1" 200 275
200.118.64.109 - - [14/Mar/2022:19:49:06 -0500] "POST /forms/lservlet;jsessionid=ac16012b30d64dc8fa880ef04420a34799b681b23a19.e3iSbxaKaheRe3qTch0LbxeTa41ynknvrkLOlQzNp65In0 HTTP/1.1" 200 227
200.118.64.109 - - [14/Mar/2022:19:49:06 -0500] "POST /forms/lservlet;jsessionid=ac16012b30d64dc8fa880ef04420a34799b681b23a19.e3iSbxaKaheRe3qTch0LbxeTa41ynknvrkLOlQzNp65In0 HTTP/1.1" 200 275
200.118.64.109 - - [14/Mar/2022:19:49:07 -0500] "POST /forms/lservlet;jsessionid=ac16012b30d64dc8fa880ef04420a34799b681b23a19.e3iSbxaKaheRe3qTch0LbxeTa41ynknvrkLOlQzNp65In0 HTTP/1.1" 200 376
200.118.64.109 - - [14/Mar/2022:19:49:08 -0500] "POST /forms/lservlet;jsessionid=ac16012b30d64dc8fa880ef04420a34799b681b23a19.e3iSbxaKaheRe3qTch0LbxeTa41ynknvrkLOlQzNp65In0 HTTP/1.1" 200 37
200.118.64.109 - - [14/Mar/2022:19:49:09 -0500] "POST /forms/lservlet;jsessionid=ac16012b30d64dc8fa880ef04420a34799b681b23a19.e3iSbxaKaheRe3qTch0LbxeTa41ynknvrkLOlQzNp65In0 HTTP/1.1" 200 7
200.118.64.109 - - [14/Mar/2022:19:49:09 -0500] "POST /forms/lservlet;jsessionid=ac16012b30d64dc8fa880ef04420a34799b681b23a19.e3iSbxaKaheRe3qTch0LbxeTa41ynknvrkLOlQzNp65In0 HTTP/1.1" 200 30139
200.118.64.109 - - [14/Mar/2022:19:49:10 -0500] "POST /forms/lservlet;jsessionid=ac16012b30d64dc8fa880ef04420a34799b681b23a19.e3iSbxaKaheRe3qTch0LbxeTa41ynknvrkLOlQzNp65In0 HTTP/1.1" 200 7
200.118.64.109 - - [14/Mar/2022:19:49:11 -0500] "POST /forms/lservlet;jsessionid=ac16012b30d64dc8fa880ef04420a34799b681b23a19.e3iSbxaKaheRe3qTch0LbxeTa41ynknvrkLOlQzNp65In0 HTTP/1.1" 200 2
200.118.64.109 - - [14/Mar/2022:19:49:11 -0500] "POST /forms/lservlet;jsessionid=ac16012b30d64dc8fa880ef04420a34799b681b23a19.e3iSbxaKaheRe3qTch0LbxeTa41ynknvrkLOlQzNp65In0 HTTP/1.1" 200 27
200.118.64.109 - - [14/Mar/2022:19:49:11 -0500] "POST /forms/lservlet;jsessionid=ac16012b30d64dc8fa880ef04420a34799b681b23a19.e3iSbxaKaheRe3qTch0LbxeTa41ynknvrkLOlQzNp65In0 HTTP/1.1" 200 2
200.118.64.109 - - [14/Mar/2022:19:49:12 -0500] "POST /forms/lservlet;jsessionid=ac16012b30d64dc8fa880ef04420a34799b681b23a19.e3iSbxaKaheRe3qTch0LbxeTa41ynknvrkLOlQzNp65In0 HTTP/1.1" 200 102
200.118.64.109 - - [14/Mar/2022:19:49:22 -0500] "POST /forms/lservlet;jsessionid=ac16012b30d64dc8fa880ef04420a34799b681b23a19.e3iSbxaKaheRe3qTch0LbxeTa41ynknvrkLOlQzNp65In0 HTTP/1.1" 200 1495
200.118.64.109 - - [14/Mar/2022:19:49:23 -0500] "POST /forms/lservlet;jsessionid=ac16012b30d64dc8fa880ef04420a34799b681b23a19.e3iSbxaKaheRe3qTch0LbxeTa41ynknvrkLOlQzNp65In0 HTTP/1.1" 200 2
200.118.64.109 - - [14/Mar/2022:19:49:23 -0500] "POST /forms/lservlet;jsessionid=ac16012b30d64dc8fa880ef04420a34799b681b23a19.e3iSbxaKaheRe3qTch0LbxeTa41ynknvrkLOlQzNp65In0 HTTP/1.1" 200 2
200.118.64.109 - - [14/Mar/2022:19:49:25 -0500] "POST /forms/lservlet;jsessionid=ac16012b30d64dc8fa880ef04420a34799b681b23a19.e3iSbxaKaheRe3qTch0LbxeTa41ynknvrkLOlQzNp65In0 HTTP/1.1" 200 181
186.102.92.103 - - [14/Mar/2022:19:49:25 -0500] "GET /galeria/galeria/jquery.fancybox.css?v=2.1.5 HTTP/1.1" 200 4895
200.118.64.109 - - [14/Mar/2022:19:49:26 -0500] "POST /forms/lservlet;jsessionid=ac16012b30d64dc8fa880ef04420a34799b681b23a19.e3iSbxaKaheRe3qTch0LbxeTa41ynknvrkLOlQzNp65In0 HTTP/1.1" 200 7
200.118.64.109 - - [14/Mar/2022:19:49:26 -0500] "POST /forms/lservlet;jsessionid=ac16012b30d64dc8fa880ef04420a34799b681b23a19.e3iSbxaKaheRe3qTch0LbxeTa41ynknvrkLOlQzNp65In0 HTTP/1.1" 200 30050
200.118.64.109 - - [14/Mar/2022:19:49:27 -0500] "POST /forms/lservlet;jsessionid=ac16012b30d64dc8fa880ef04420a34799b681b23a19.e3iSbxaKaheRe3qTch0LbxeTa41ynknvrkLOlQzNp65In0 HTTP/1.1" 200 7
200.118.64.109 - - [14/Mar/2022:19:49:27 -0500] "POST /forms/lservlet;jsessionid=ac16012b30d64dc8fa880ef04420a34799b681b23a19.e3iSbxaKaheRe3qTch0LbxeTa41ynknvrkLOlQzNp65In0 HTTP/1.1" 200 2
200.118.64.109 - - [14/Mar/2022:19:49:27 -0500] "POST /forms/lservlet;jsessionid=ac16012b30d64dc8fa880ef04420a34799b681b23a19.e3iSbxaKaheRe3qTch0LbxeTa41ynknvrkLOlQzNp65In0 HTTP/1.1" 200 27
200.118.64.109 - - [14/Mar/2022:19:49:28 -0500] "POST /forms/lservlet;jsessionid=ac16012b30d64dc8fa880ef04420a34799b681b23a19.e3iSbxaKaheRe3qTch0LbxeTa41ynknvrkLOlQzNp65In0 HTTP/1.1" 200 2
200.118.64.109 - - [14/Mar/2022:19:49:35 -0500] "POST /forms/lservlet;jsessionid=ac16012b30d64dc8fa880ef04420a34799b681b23a19.e3iSbxaKaheRe3qTch0LbxeTa41ynknvrkLOlQzNp65In0 HTTP/1.1" 200 7
200.118.64.109 - - [14/Mar/2022:19:49:37 -0500] "POST /forms/lservlet;jsessionid=ac16012b30d64dc8fa880ef04420a34799b681b23a19.e3iSbxaKaheRe3qTch0LbxeTa41ynknvrkLOlQzNp65In0 HTTP/1.1" 200 102
186.28.232.61 - - [14/Mar/2022:19:49:43 -0500] "GET /galeria/galeria/jquery.fancybox.css?v=2.1.5 HTTP/1.1" 200 4895
66.249.68.47 - - [14/Mar/2022:19:49:48 -0500] "-" 408 -
200.118.64.109 - - [14/Mar/2022:19:49:49 -0500] "POST /forms/lservlet;jsessionid=ac16012b30d64dc8fa880ef04420a34799b681b23a19.e3iSbxaKaheRe3qTch0LbxeTa41ynknvrkLOlQzNp65In0 HTTP/1.1" 200 1495
200.118.64.109 - - [14/Mar/2022:19:49:49 -0500] "POST /forms/lservlet;jsessionid=ac16012b30d64dc8fa880ef04420a34799b681b23a19.e3iSbxaKaheRe3qTch0LbxeTa41ynknvrkLOlQzNp65In0 HTTP/1.1" 200 2
200.118.64.109 - - [14/Mar/2022:19:49:50 -0500] "POST /forms/lservlet;jsessionid=ac16012b30d64dc8fa880ef04420a34799b681b23a19.e3iSbxaKaheRe3qTch0LbxeTa41ynknvrkLOlQzNp65In0 HTTP/1.1" 200 2
200.118.64.109 - - [14/Mar/2022:19:49:51 -0500] "POST /forms/lservlet;jsessionid=ac16012b30d64dc8fa880ef04420a34799b681b23a19.e3iSbxaKaheRe3qTch0LbxeTa41ynknvrkLOlQzNp65In0 HTTP/1.1" 200 181
200.118.64.109 - - [14/Mar/2022:19:49:52 -0500] "POST /forms/lservlet;jsessionid=ac16012b30d64dc8fa880ef04420a34799b681b23a19.e3iSbxaKaheRe3qTch0LbxeTa41ynknvrkLOlQzNp65In0 HTTP/1.1" 200 7
200.118.64.109 - - [14/Mar/2022:19:49:52 -0500] "POST /forms/lservlet;jsessionid=ac16012b30d64dc8fa880ef04420a34799b681b23a19.e3iSbxaKaheRe3qTch0LbxeTa41ynknvrkLOlQzNp65In0 HTTP/1.1" 200 30064
200.118.64.109 - - [14/Mar/2022:19:49:53 -0500] "POST /forms/lservlet;jsessionid=ac16012b30d64dc8fa880ef04420a34799b681b23a19.e3iSbxaKaheRe3qTch0LbxeTa41ynknvrkLOlQzNp65In0 HTTP/1.1" 200 7
200.118.64.109 - - [14/Mar/2022:19:49:53 -0500] "POST /forms/lservlet;jsessionid=ac16012b30d64dc8fa880ef04420a34799b681b23a19.e3iSbxaKaheRe3qTch0LbxeTa41ynknvrkLOlQzNp65In0 HTTP/1.1" 200 2
200.118.64.109 - - [14/Mar/2022:19:49:53 -0500] "POST /forms/lservlet;jsessionid=ac16012b30d64dc8fa880ef04420a34799b681b23a19.e3iSbxaKaheRe3qTch0LbxeTa41ynknvrkLOlQzNp65In0 HTTP/1.1" 200 27
200.118.64.109 - - [14/Mar/2022:19:49:54 -0500] "POST /forms/lservlet;jsessionid=ac16012b30d64dc8fa880ef04420a34799b681b23a19.e3iSbxaKaheRe3qTch0LbxeTa41ynknvrkLOlQzNp65In0 HTTP/1.1" 200 2
200.118.64.109 - - [14/Mar/2022:19:49:56 -0500] "POST /forms/lservlet;jsessionid=ac16012b30d64dc8fa880ef04420a34799b681b23a19.e3iSbxaKaheRe3qTch0LbxeTa41ynknvrkLOlQzNp65In0 HTTP/1.1" 200 102
200.118.64.109 - - [14/Mar/2022:19:50:04 -0500] "POST /forms/lservlet;jsessionid=ac16012b30d64dc8fa880ef04420a34799b681b23a19.e3iSbxaKaheRe3qTch0LbxeTa41ynknvrkLOlQzNp65In0 HTTP/1.1" 200 1495
200.118.64.109 - - [14/Mar/2022:19:50:04 -0500] "POST /forms/lservlet;jsessionid=ac16012b30d64dc8fa880ef04420a34799b681b23a19.e3iSbxaKaheRe3qTch0LbxeTa41ynknvrkLOlQzNp65In0 HTTP/1.1" 200 2
200.118.64.109 - - [14/Mar/2022:19:50:04 -0500] "POST /forms/lservlet;jsessionid=ac16012b30d64dc8fa880ef04420a34799b681b23a19.e3iSbxaKaheRe3qTch0LbxeTa41ynknvrkLOlQzNp65In0 HTTP/1.1" 200 2
200.118.64.109 - - [14/Mar/2022:19:50:05 -0500] "POST /forms/lservlet;jsessionid=ac16012b30d64dc8fa880ef04420a34799b681b23a19.e3iSbxaKaheRe3qTch0LbxeTa41ynknvrkLOlQzNp65In0 HTTP/1.1" 200 176
200.118.64.109 - - [14/Mar/2022:19:50:06 -0500] "POST /forms/lservlet;jsessionid=ac16012b30d64dc8fa880ef04420a34799b681b23a19.e3iSbxaKaheRe3qTch0LbxeTa41ynknvrkLOlQzNp65In0 HTTP/1.1" 200 7
200.118.64.109 - - [14/Mar/2022:19:50:06 -0500] "POST /forms/lservlet;jsessionid=ac16012b30d64dc8fa880ef04420a34799b681b23a19.e3iSbxaKaheRe3qTch0LbxeTa41ynknvrkLOlQzNp65In0 HTTP/1.1" 200 30177
200.118.64.109 - - [14/Mar/2022:19:50:07 -0500] "POST /forms/lservlet;jsessionid=ac16012b30d64dc8fa880ef04420a34799b681b23a19.e3iSbxaKaheRe3qTch0LbxeTa41ynknvrkLOlQzNp65In0 HTTP/1.1" 200 7
200.118.64.109 - - [14/Mar/2022:19:50:07 -0500] "POST /forms/lservlet;jsessionid=ac16012b30d64dc8fa880ef04420a34799b681b23a19.e3iSbxaKaheRe3qTch0LbxeTa41ynknvrkLOlQzNp65In0 HTTP/1.1" 200 2
200.118.64.109 - - [14/Mar/2022:19:50:07 -0500] "POST /forms/lservlet;jsessionid=ac16012b30d64dc8fa880ef04420a34799b681b23a19.e3iSbxaKaheRe3qTch0LbxeTa41ynknvrkLOlQzNp65In0 HTTP/1.1" 200 27
200.118.64.109 - - [14/Mar/2022:19:50:08 -0500] "POST /forms/lservlet;jsessionid=ac16012b30d64dc8fa880ef04420a34799b681b23a19.e3iSbxaKaheRe3qTch0LbxeTa41ynknvrkLOlQzNp65In0 HTTP/1.1" 200 2
200.118.64.109 - - [14/Mar/2022:19:50:09 -0500] "POST /forms/lservlet;jsessionid=ac16012b30d64dc8fa880ef04420a34799b681b23a19.e3iSbxaKaheRe3qTch0LbxeTa41ynknvrkLOlQzNp65In0 HTTP/1.1" 200 102
200.118.64.109 - - [14/Mar/2022:19:50:19 -0500] "POST /forms/lservlet;jsessionid=ac16012b30d64dc8fa880ef04420a34799b681b23a19.e3iSbxaKaheRe3qTch0LbxeTa41ynknvrkLOlQzNp65In0 HTTP/1.1" 200 1495
200.118.64.109 - - [14/Mar/2022:19:50:19 -0500] "POST /forms/lservlet;jsessionid=ac16012b30d64dc8fa880ef04420a34799b681b23a19.e3iSbxaKaheRe3qTch0LbxeTa41ynknvrkLOlQzNp65In0 HTTP/1.1" 200 2
200.118.64.109 - - [14/Mar/2022:19:50:19 -0500] "POST /forms/lservlet;jsessionid=ac16012b30d64dc8fa880ef04420a34799b681b23a19.e3iSbxaKaheRe3qTch0LbxeTa41ynknvrkLOlQzNp65In0 HTTP/1.1" 200 2
200.118.64.109 - - [14/Mar/2022:19:50:21 -0500] "POST /forms/lservlet;jsessionid=ac16012b30d64dc8fa880ef04420a34799b681b23a19.e3iSbxaKaheRe3qTch0LbxeTa41ynknvrkLOlQzNp65In0 HTTP/1.1" 200 325
200.118.64.109 - - [14/Mar/2022:19:50:21 -0500] "POST /forms/lservlet;jsessionid=ac16012b30d64dc8fa880ef04420a34799b681b23a19.e3iSbxaKaheRe3qTch0LbxeTa41ynknvrkLOlQzNp65In0 HTTP/1.1" 200 312
200.118.64.109 - - [14/Mar/2022:19:50:21 -0500] "POST /forms/lservlet;jsessionid=ac16012b30d64dc8fa880ef04420a34799b681b23a19.e3iSbxaKaheRe3qTch0LbxeTa41ynknvrkLOlQzNp65In0 HTTP/1.1" 200 305
200.118.64.109 - - [14/Mar/2022:19:50:22 -0500] "POST /forms/lservlet;jsessionid=ac16012b30d64dc8fa880ef04420a34799b681b23a19.e3iSbxaKaheRe3qTch0LbxeTa41ynknvrkLOlQzNp65In0 HTTP/1.1" 200 391
200.118.64.109 - - [14/Mar/2022:19:50:23 -0500] "POST /forms/lservlet;jsessionid=ac16012b30d64dc8fa880ef04420a34799b681b23a19.e3iSbxaKaheRe3qTch0LbxeTa41ynknvrkLOlQzNp65In0 HTTP/1.1" 200 37
200.118.64.109 - - [14/Mar/2022:19:50:24 -0500] "POST /forms/lservlet;jsessionid=ac16012b30d64dc8fa880ef04420a34799b681b23a19.e3iSbxaKaheRe3qTch0LbxeTa41ynknvrkLOlQzNp65In0 HTTP/1.1" 200 7
200.118.64.109 - - [14/Mar/2022:19:50:24 -0500] "POST /forms/lservlet;jsessionid=ac16012b30d64dc8fa880ef04420a34799b681b23a19.e3iSbxaKaheRe3qTch0LbxeTa41ynknvrkLOlQzNp65In0 HTTP/1.1" 200 30195
200.118.64.109 - - [14/Mar/2022:19:50:25 -0500] "POST /forms/lservlet;jsessionid=ac16012b30d64dc8fa880ef04420a34799b681b23a19.e3iSbxaKaheRe3qTch0LbxeTa41ynknvrkLOlQzNp65In0 HTTP/1.1" 200 7
200.118.64.109 - - [14/Mar/2022:19:50:25 -0500] "POST /forms/lservlet;jsessionid=ac16012b30d64dc8fa880ef04420a34799b681b23a19.e3iSbxaKaheRe3qTch0LbxeTa41ynknvrkLOlQzNp65In0 HTTP/1.1" 200 2
200.118.64.109 - - [14/Mar/2022:19:50:25 -0500] "POST /forms/lservlet;jsessionid=ac16012b30d64dc8fa880ef04420a34799b681b23a19.e3iSbxaKaheRe3qTch0LbxeTa41ynknvrkLOlQzNp65In0 HTTP/1.1" 200 27
200.118.64.109 - - [14/Mar/2022:19:50:25 -0500] "POST /forms/lservlet;jsessionid=ac16012b30d64dc8fa880ef04420a34799b681b23a19.e3iSbxaKaheRe3qTch0LbxeTa41ynknvrkLOlQzNp65In0 HTTP/1.1" 200 2
200.118.64.109 - - [14/Mar/2022:19:50:27 -0500] "POST /forms/lservlet;jsessionid=ac16012b30d64dc8fa880ef04420a34799b681b23a19.e3iSbxaKaheRe3qTch0LbxeTa41ynknvrkLOlQzNp65In0 HTTP/1.1" 200 102
207.241.232.241 - - [14/Mar/2022:19:50:33 -0500] "-" 408 -
200.118.64.109 - - [14/Mar/2022:19:50:38 -0500] "POST /forms/lservlet;jsessionid=ac16012b30d64dc8fa880ef04420a34799b681b23a19.e3iSbxaKaheRe3qTch0LbxeTa41ynknvrkLOlQzNp65In0 HTTP/1.1" 200 1495
200.118.64.109 - - [14/Mar/2022:19:50:39 -0500] "POST /forms/lservlet;jsessionid=ac16012b30d64dc8fa880ef04420a34799b681b23a19.e3iSbxaKaheRe3qTch0LbxeTa41ynknvrkLOlQzNp65In0 HTTP/1.1" 200 2
200.118.64.109 - - [14/Mar/2022:19:50:39 -0500] "POST /forms/lservlet;jsessionid=ac16012b30d64dc8fa880ef04420a34799b681b23a19.e3iSbxaKaheRe3qTch0LbxeTa41ynknvrkLOlQzNp65In0 HTTP/1.1" 200 2
200.118.64.109 - - [14/Mar/2022:19:50:40 -0500] "POST /forms/lservlet;jsessionid=ac16012b30d64dc8fa880ef04420a34799b681b23a19.e3iSbxaKaheRe3qTch0LbxeTa41ynknvrkLOlQzNp65In0 HTTP/1.1" 200 192
200.118.64.109 - - [14/Mar/2022:19:50:41 -0500] "POST /forms/lservlet;jsessionid=ac16012b30d64dc8fa880ef04420a34799b681b23a19.e3iSbxaKaheRe3qTch0LbxeTa41ynknvrkLOlQzNp65In0 HTTP/1.1" 200 7
200.118.64.109 - - [14/Mar/2022:19:50:41 -0500] "POST /forms/lservlet;jsessionid=ac16012b30d64dc8fa880ef04420a34799b681b23a19.e3iSbxaKaheRe3qTch0LbxeTa41ynknvrkLOlQzNp65In0 HTTP/1.1" 200 30123
200.118.64.109 - - [14/Mar/2022:19:50:42 -0500] "POST /forms/lservlet;jsessionid=ac16012b30d64dc8fa880ef04420a34799b681b23a19.e3iSbxaKaheRe3qTch0LbxeTa41ynknvrkLOlQzNp65In0 HTTP/1.1" 200 7
200.118.64.109 - - [14/Mar/2022:19:50:42 -0500] "POST /forms/lservlet;jsessionid=ac16012b30d64dc8fa880ef04420a34799b681b23a19.e3iSbxaKaheRe3qTch0LbxeTa41ynknvrkLOlQzNp65In0 HTTP/1.1" 200 2
200.118.64.109 - - [14/Mar/2022:19:50:42 -0500] "POST /forms/lservlet;jsessionid=ac16012b30d64dc8fa880ef04420a34799b681b23a19.e3iSbxaKaheRe3qTch0LbxeTa41ynknvrkLOlQzNp65In0 HTTP/1.1" 200 27
200.118.64.109 - - [14/Mar/2022:19:50:43 -0500] "POST /forms/lservlet;jsessionid=ac16012b30d64dc8fa880ef04420a34799b681b23a19.e3iSbxaKaheRe3qTch0LbxeTa41ynknvrkLOlQzNp65In0 HTTP/1.1" 200 102
200.118.64.109 - - [14/Mar/2022:19:50:43 -0500] "POST /forms/lservlet;jsessionid=ac16012b30d64dc8fa880ef04420a34799b681b23a19.e3iSbxaKaheRe3qTch0LbxeTa41ynknvrkLOlQzNp65In0 HTTP/1.1" 200 2
200.118.64.109 - - [14/Mar/2022:19:50:53 -0500] "POST /forms/lservlet;jsessionid=ac16012b30d64dc8fa880ef04420a34799b681b23a19.e3iSbxaKaheRe3qTch0LbxeTa41ynknvrkLOlQzNp65In0 HTTP/1.1" 200 1496
200.118.64.109 - - [14/Mar/2022:19:50:54 -0500] "POST /forms/lservlet;jsessionid=ac16012b30d64dc8fa880ef04420a34799b681b23a19.e3iSbxaKaheRe3qTch0LbxeTa41ynknvrkLOlQzNp65In0 HTTP/1.1" 200 2
200.118.64.109 - - [14/Mar/2022:19:50:54 -0500] "POST /forms/lservlet;jsessionid=ac16012b30d64dc8fa880ef04420a34799b681b23a19.e3iSbxaKaheRe3qTch0LbxeTa41ynknvrkLOlQzNp65In0 HTTP/1.1" 200 2
200.118.64.109 - - [14/Mar/2022:19:50:55 -0500] "POST /forms/lservlet;jsessionid=ac16012b30d64dc8fa880ef04420a34799b681b23a19.e3iSbxaKaheRe3qTch0LbxeTa41ynknvrkLOlQzNp65In0 HTTP/1.1" 200 135
200.118.64.109 - - [14/Mar/2022:19:50:56 -0500] "POST /forms/lservlet;jsessionid=ac16012b30d64dc8fa880ef04420a34799b681b23a19.e3iSbxaKaheRe3qTch0LbxeTa41ynknvrkLOlQzNp65In0 HTTP/1.1" 200 7
200.118.64.109 - - [14/Mar/2022:19:50:56 -0500] "POST /forms/lservlet;jsessionid=ac16012b30d64dc8fa880ef04420a34799b681b23a19.e3iSbxaKaheRe3qTch0LbxeTa41ynknvrkLOlQzNp65In0 HTTP/1.1" 200 30025
200.118.64.109 - - [14/Mar/2022:19:50:57 -0500] "POST /forms/lservlet;jsessionid=ac16012b30d64dc8fa880ef04420a34799b681b23a19.e3iSbxaKaheRe3qTch0LbxeTa41ynknvrkLOlQzNp65In0 HTTP/1.1" 200 7
