200.118.64.109 - - [14/Mar/2022:17:15:15 -0500] "POST /forms/lservlet;jsessionid=ac16012b30d64dc8fa880ef04420a34799b681b23a19.e3iSbxaKaheRe3qTch0LbxeTa41ynknvrkLOlQzNp65In0 HTTP/1.1" 200 2
192.168.169.47 - - [14/Mar/2022:17:15:43 -0500] "POST /BLA/boletinlegal/admin/notificaciones/ingresar.php HTTP/1.1" 200 30281
192.168.169.47 - - [14/Mar/2022:17:15:44 -0500] "GET /css/global/buttons.css HTTP/1.1" 404 1312
190.254.133.155 - - [14/Mar/2022:17:16:06 -0500] "GET /BLA/resoluciones/ HTTP/1.1" 200 13093
69.171.249.9 - - [14/Mar/2022:17:16:18 -0500] "GET /images/humedal-observatorio-26-febrero.jpg HTTP/1.1" 200 21641
190.254.133.155 - - [14/Mar/2022:17:16:24 -0500] "GET /BLA/resoluciones/ HTTP/1.1" 200 13093
173.252.83.22 - - [14/Mar/2022:17:16:27 -0500] "GET /images/pieza-grafica-arboles-12-febrero.jpg HTTP/1.1" 200 41257
190.254.133.155 - - [14/Mar/2022:17:16:27 -0500] "GET /BLA/resoluciones/index.php?dir=AUTOS+2011%2F HTTP/1.1" 200 623541
190.254.133.155 - - [14/Mar/2022:17:16:41 -0500] "GET /BLA/resoluciones/AUTOS%202011/0204.pdf HTTP/1.1" 200 187035
200.118.64.109 - - [14/Mar/2022:17:17:15 -0500] "POST /forms/lservlet;jsessionid=ac16012b30d64dc8fa880ef04420a34799b681b23a19.e3iSbxaKaheRe3qTch0LbxeTa41ynknvrkLOlQzNp65In0 HTTP/1.1" 200 2
66.249.73.127 - - [14/Mar/2022:17:17:43 -0500] "-" 408 -
216.245.221.92 - - [14/Mar/2022:17:18:10 -0500] "HEAD / HTTP/1.1" 200 -
186.102.27.30 - - [14/Mar/2022:17:18:16 -0500] "GET /kwssiamovil/sm/ldap/au?x=U2FsdGVkX180fHYXD+Aq1FIxCOPh29lB6Usok1GvCfYAx+6S+OsXvYnQFyqoVfqL&y=U2FsdGVkX1+N3NGcPdsowRCoFEtE6lnYg/BraVYnYdx9ho9Iwf9ImU+fC1rvEy9F HTTP/1.1" 200 30
186.102.27.30 - - [14/Mar/2022:17:18:16 -0500] "GET /kwssiamovil/sm/acme/s?s=U2FsdGVkX1/8E2fZeJdkqBndXmlhyIBywtuE7V0keCnJp1J/t/L5T8oOvpvPnBQB0ov4LrjoRgMhosr/EN9LzwFmg8E/Fplust/gpmyD+KY=&u=U2FsdGVkX1+E1UVlr92bSULm603NCmDSo3KqphJPzMQ=&y=U2FsdGVkX1+N3NGcPdsowRCoFEtE6lnYg/BraVYnYdx9ho9Iwf9ImU+fC1rvEy9F HTTP/1.1" 200 97
186.102.27.30 - - [14/Mar/2022:17:18:16 -0500] "GET /kwssiamovil/sm/acme/s?s=U2FsdGVkX1+N5zKARSEyQuLSxwt64wqcuDf+n1WNBnG62U9Z3Pvj3TgNlxDhOvYY6isrUodda/GUNFnmZs7+NZOayIr5nXk5U0Q91XOJ6XvH6N2NsASezNnmD2u/YVAx+X49TTUe+Cj4/gfEa7vUUvK8f+r6xZYAZElkL2Sxp4E5SaeXjQa27/y9IIdpCwCxZiOBjG5DjhNn80Ez+bSkG5NbQ7wf3vRAIZhFSEZSQhr4Z9yC86EVzHDpR+SQjBKosTMwuxBwIIXKO7QAYSLcB1s/DeLvpXXfpK7ZlzvAGXisCoNJwkgIheQAiheb0ghJZHYn+Jd6fWpE0IRjUIigJ4TxoR5QnGLgdHuZyDTYqEPZyKaQ5eHRvfcOkrgSyawzmXN13i3Fe3N+XjxTkNpTSKTL0XzdWrhX4eAOm4dMmuT9I+y6hlKDG9nJm09p7r8iwoeuxCHWtxuj7HbSCpG2YdLfm5LLM6Vb3wTQCkeSt1u5B8YriRVZdOOvsI9K2xO737vRGuXdwRgVzTduSHgaXWw7kY8hUL/O9YSMCPWIfFiunPYLAe0GOU6Ewkx748wIX5gbRZ6mkeOIsSCO6CDkT0raVCbBVEGDrxW9g4v3odNKnlOFpP12xl7aJ1ZBPoHu8Y1eNsdc+cBCIJkA6vQ26wxtJ9yhvl6BUAcy3HPNMWSdvGO1VZsHNOLNzFkgjxn1xt6LVf7Z2X0BX//CJ62XwclB4vnwcdP8FkmgKxdcQoUP+ghSVJzGdix+qu+detMJLV29Z3flf/vb6Fe2xCQlP7vN+ZGcbyg6HjZ1azsR1jQi/bRllcLAQPIKwURWFPc9gugvv11smTSNoANTittfC5Z1tK8Tmkktwvfo433epAvQUfrcWNiu93NtB5rXWVcKNAh0Ks1KFDHZOtVaH3VYoOdd/nqUCOJm3MKUw5EHLmWE8Jxzg2coqkSWTIDe6628h+5c3kc+udA2XzB+oCPhQWxF6kSzHEDF6eoI/xOkau9ug3v03e1Zdmg34zpIkspxJAGTzsnC7BGERI+BR5+YoowQl0Uab4H0M6Ez36DaxDtLYCz0/TZ9FPkorHQZNtqT4/W1d3O+Pf9nEmbxUrk5bOW1cRmefiI1iFylMfswzBk=&u=U2FsdGVkX1+E1UVlr92bSULm603NCmDSo3KqphJPzMQ=&y=U2FsdGVkX1+N3NGcPdsowRCoFEtE6lnYg/BraVYnYdx9ho9Iwf9ImU+fC1rvEy9F HTTP/1.1" 200 4503
186.102.27.30 - - [14/Mar/2022:17:18:17 -0500] "GET /kwssiamovil/sm/acme/s?s=U2FsdGVkX1+xDg2jqWOW94wcAvlnp0gi8DoWzA9Y5X+qJBQVfNpkrmPlAB6/rZPi&u=U2FsdGVkX1+E1UVlr92bSULm603NCmDSo3KqphJPzMQ=&y=U2FsdGVkX1+N3NGcPdsowRCoFEtE6lnYg/BraVYnYdx9ho9Iwf9ImU+fC1rvEy9F HTTP/1.1" 200 70
186.102.27.30 - - [14/Mar/2022:17:18:17 -0500] "GET /kwssiamovil/sm/acme/s?s=U2FsdGVkX1+amnfaI7+doN3pP9pfYUW0pBEyZMSS9xP6t2fEKBhnZTNMeqNGzcuV&u=U2FsdGVkX1+E1UVlr92bSULm603NCmDSo3KqphJPzMQ=&y=U2FsdGVkX1+N3NGcPdsowRCoFEtE6lnYg/BraVYnYdx9ho9Iwf9ImU+fC1rvEy9F HTTP/1.1" 200 70
186.102.27.30 - - [14/Mar/2022:17:18:17 -0500] "GET /kwssiamovil/sm/acme/s?s=U2FsdGVkX1/lm5KjuDGnbvGqwkAwlLZ3vn8WL0ESjzvmDpHy7GrLSRQoOZK6CY6Z&u=U2FsdGVkX1+E1UVlr92bSULm603NCmDSo3KqphJPzMQ=&y=U2FsdGVkX1+N3NGcPdsowRCoFEtE6lnYg/BraVYnYdx9ho9Iwf9ImU+fC1rvEy9F HTTP/1.1" 200 70
186.102.27.30 - - [14/Mar/2022:17:18:17 -0500] "GET /kwssiamovil/sm/acme/s?s=U2FsdGVkX1+SVH5nq756XPEGuf7mZXE7GGikh5l/nRphtvVGNfNiFxHPsspP/O1x&u=U2FsdGVkX1+E1UVlr92bSULm603NCmDSo3KqphJPzMQ=&y=U2FsdGVkX1+N3NGcPdsowRCoFEtE6lnYg/BraVYnYdx9ho9Iwf9ImU+fC1rvEy9F HTTP/1.1" 200 70
186.102.27.30 - - [14/Mar/2022:17:18:17 -0500] "GET /kwssiamovil/sm/acme/s?s=U2FsdGVkX1+uSPaBLgPf1JKk8v6QbwM1b6qbozUZtwzGbx+G/Yylk39ximprq0k7&u=U2FsdGVkX1+E1UVlr92bSULm603NCmDSo3KqphJPzMQ=&y=U2FsdGVkX1+N3NGcPdsowRCoFEtE6lnYg/BraVYnYdx9ho9Iwf9ImU+fC1rvEy9F HTTP/1.1" 200 70
186.102.27.30 - - [14/Mar/2022:17:18:17 -0500] "GET /kwssiamovil/sm/acme/s?s=U2FsdGVkX18ynOHNS9QLR1RnQeDM8ezKfXjgPev5GrxLDOuNwyWXRjnKIJbny2SE&u=U2FsdGVkX1+E1UVlr92bSULm603NCmDSo3KqphJPzMQ=&y=U2FsdGVkX1+N3NGcPdsowRCoFEtE6lnYg/BraVYnYdx9ho9Iwf9ImU+fC1rvEy9F HTTP/1.1" 200 70
186.102.27.30 - - [14/Mar/2022:17:18:17 -0500] "GET /kwssiamovil/sm/acme/s?s=U2FsdGVkX19Q8tD2gUN56zd/seJQ1cKm4rzRk8M0SBGwWG8xCqmmnrHR79DqY28/&u=U2FsdGVkX1+E1UVlr92bSULm603NCmDSo3KqphJPzMQ=&y=U2FsdGVkX1+N3NGcPdsowRCoFEtE6lnYg/BraVYnYdx9ho9Iwf9ImU+fC1rvEy9F HTTP/1.1" 200 70
186.102.27.30 - - [14/Mar/2022:17:18:18 -0500] "GET /kwssiamovil/sm/acme/s?s=U2FsdGVkX19f3NWQ+J6BbHYwz6g+ZHIE1vlS0wQ8UhpUhMThB3TiJIi76a99sck1&u=U2FsdGVkX1+E1UVlr92bSULm603NCmDSo3KqphJPzMQ=&y=U2FsdGVkX1+N3NGcPdsowRCoFEtE6lnYg/BraVYnYdx9ho9Iwf9ImU+fC1rvEy9F HTTP/1.1" 200 70
186.102.27.30 - - [14/Mar/2022:17:18:18 -0500] "GET /kwssiamovil/sm/acme/s?s=U2FsdGVkX1/t5OCAiy3MudxradKjrb41EmZhqC5zjZtEGfV2ovh7zZf4cR6v5u5L&u=U2FsdGVkX1+E1UVlr92bSULm603NCmDSo3KqphJPzMQ=&y=U2FsdGVkX1+N3NGcPdsowRCoFEtE6lnYg/BraVYnYdx9ho9Iwf9ImU+fC1rvEy9F HTTP/1.1" 200 70
186.102.27.30 - - [14/Mar/2022:17:18:18 -0500] "GET /kwssiamovil/sm/acme/s?s=U2FsdGVkX1/5aGlnRSp1FBtH7rCntpVveHQt2eH+Y8hYiM4pVTCgPb0q2xcTl93G&u=U2FsdGVkX1+E1UVlr92bSULm603NCmDSo3KqphJPzMQ=&y=U2FsdGVkX1+N3NGcPdsowRCoFEtE6lnYg/BraVYnYdx9ho9Iwf9ImU+fC1rvEy9F HTTP/1.1" 200 70
186.102.27.30 - - [14/Mar/2022:17:18:18 -0500] "GET /kwssiamovil/sm/acme/s?s=U2FsdGVkX19ve3QeMJHeY7yx3ge6WIghTGvRQwSWsPk9eWwZnKzOasS67ooLh6M9&u=U2FsdGVkX1+E1UVlr92bSULm603NCmDSo3KqphJPzMQ=&y=U2FsdGVkX1+N3NGcPdsowRCoFEtE6lnYg/BraVYnYdx9ho9Iwf9ImU+fC1rvEy9F HTTP/1.1" 200 70
186.102.27.30 - - [14/Mar/2022:17:18:18 -0500] "GET /kwssiamovil/sm/acme/s?s=U2FsdGVkX1+hei84bruSEvbteOF2J7k8R7JWq7B34DDLYfdpmK0gbvDaZaQtgVIM&u=U2FsdGVkX1+E1UVlr92bSULm603NCmDSo3KqphJPzMQ=&y=U2FsdGVkX1+N3NGcPdsowRCoFEtE6lnYg/BraVYnYdx9ho9Iwf9ImU+fC1rvEy9F HTTP/1.1" 200 70
186.102.27.30 - - [14/Mar/2022:17:18:18 -0500] "GET /kwssiamovil/sm/acme/s?s=U2FsdGVkX19ECn9Csbx1DJJkn5LD4Bp0/ONomfTP6g7t82X+8qYwEOayVrDOlSt3&u=U2FsdGVkX1+E1UVlr92bSULm603NCmDSo3KqphJPzMQ=&y=U2FsdGVkX1+N3NGcPdsowRCoFEtE6lnYg/BraVYnYdx9ho9Iwf9ImU+fC1rvEy9F HTTP/1.1" 200 70
186.102.27.30 - - [14/Mar/2022:17:18:19 -0500] "GET /kwssiamovil/sm/acme/s?s=U2FsdGVkX18ZgzGUGjadtRHech3fTH48tCzrcaFX+e2vrDYZzAkVRms2E8nOSOca&u=U2FsdGVkX1+E1UVlr92bSULm603NCmDSo3KqphJPzMQ=&y=U2FsdGVkX1+N3NGcPdsowRCoFEtE6lnYg/BraVYnYdx9ho9Iwf9ImU+fC1rvEy9F HTTP/1.1" 200 70
186.102.27.30 - - [14/Mar/2022:17:18:19 -0500] "GET /kwssiamovil/sm/acme/s?s=U2FsdGVkX197plTL1hoatBGhbgfaL1xYFLqVFM0IDRqSpJHDzy2/NdqvmkHg2TGa&u=U2FsdGVkX1+E1UVlr92bSULm603NCmDSo3KqphJPzMQ=&y=U2FsdGVkX1+N3NGcPdsowRCoFEtE6lnYg/BraVYnYdx9ho9Iwf9ImU+fC1rvEy9F HTTP/1.1" 200 70
186.102.27.30 - - [14/Mar/2022:17:18:19 -0500] "GET /kwssiamovil/sm/acme/s?s=U2FsdGVkX1/F4tuCoULlNjFVpygbqjGlQZAKw3QNbyrIJD0hu0FLQYFCcURGvuFi&u=U2FsdGVkX1+E1UVlr92bSULm603NCmDSo3KqphJPzMQ=&y=U2FsdGVkX1+N3NGcPdsowRCoFEtE6lnYg/BraVYnYdx9ho9Iwf9ImU+fC1rvEy9F HTTP/1.1" 200 70
186.102.27.30 - - [14/Mar/2022:17:18:19 -0500] "GET /kwssiamovil/sm/acme/s?s=U2FsdGVkX1+klFsVFbySYkQnNZvxzj8uq58MekSAu8uOg9wWqFdbiopEGNrwHetP&u=U2FsdGVkX1+E1UVlr92bSULm603NCmDSo3KqphJPzMQ=&y=U2FsdGVkX1+N3NGcPdsowRCoFEtE6lnYg/BraVYnYdx9ho9Iwf9ImU+fC1rvEy9F HTTP/1.1" 200 70
186.102.27.30 - - [14/Mar/2022:17:18:19 -0500] "GET /kwssiamovil/sm/acme/s?s=U2FsdGVkX1+LjD0EKKbbR4/4LyXIyeZz7VKCP0W07hvmHlWYsqYc0kWGn25qTefd&u=U2FsdGVkX1+E1UVlr92bSULm603NCmDSo3KqphJPzMQ=&y=U2FsdGVkX1+N3NGcPdsowRCoFEtE6lnYg/BraVYnYdx9ho9Iwf9ImU+fC1rvEy9F HTTP/1.1" 200 70
186.102.27.30 - - [14/Mar/2022:17:18:19 -0500] "GET /kwssiamovil/sm/acme/s?s=U2FsdGVkX1/z3hgiowSvW8+eFrjY6U3WabFs6tQ3+91rbp5QjlvHk9Fo5gWbzx2u+IdNIqxszjq4EjHl8fbummWlj6COtEUxJut1waphl3R3O+0XnxqniaYJTUI4YQoY2wDCqVA3sYtNMr6krRYk7FCkXxq4ARbqODvyoPuE3rgrW25NAVGZu1xxCXXhVjScUnI7VBRjD+Fkohzxin6cOEcScCj417oPdNZrjDajwIMML/WG4CRzSJrXe55SyvmhBO53om7ytCa+h7+4DRIBrSDGqnBIZOdCY1bJ82aZ8fI=&u=U2FsdGVkX1+E1UVlr92bSULm603NCmDSo3KqphJPzMQ=&y=U2FsdGVkX1+N3NGcPdsowRCoFEtE6lnYg/BraVYnYdx9ho9Iwf9ImU+fC1rvEy9F HTTP/1.1" 200 176
186.102.27.30 - - [14/Mar/2022:17:18:19 -0500] "GET /kwssiamovil/sm/cjson/pre?f=1&x=U2FsdGVkX180fHYXD+Aq1FIxCOPh29lB6Usok1GvCfYAx+6S+OsXvYnQFyqoVfqL HTTP/1.1" 200 30975
207.241.232.241 - - [14/Mar/2022:17:19:11 -0500] "-" 408 -
200.118.64.109 - - [14/Mar/2022:17:19:15 -0500] "POST /forms/lservlet;jsessionid=ac16012b30d64dc8fa880ef04420a34799b681b23a19.e3iSbxaKaheRe3qTch0LbxeTa41ynknvrkLOlQzNp65In0 HTTP/1.1" 200 2
192.168.169.47 - - [14/Mar/2022:17:20:11 -0500] "POST /BLA/boletinlegal/admin/notificaciones/ingresar.php HTTP/1.1" 200 30281
192.168.169.47 - - [14/Mar/2022:17:20:11 -0500] "GET /css/global/buttons.css HTTP/1.1" 404 1312
192.168.169.47 - - [14/Mar/2022:17:20:12 -0500] "GET /BLA/boletinlegal/images/favicon.ico HTTP/1.1" 404 1334
192.168.169.47 - - [14/Mar/2022:17:20:48 -0500] "POST /BLA/boletinlegal/admin/notificaciones/ingresar.php HTTP/1.1" 200 30281
192.168.169.47 - - [14/Mar/2022:17:20:48 -0500] "GET /css/global/buttons.css HTTP/1.1" 404 1312
200.118.64.109 - - [14/Mar/2022:17:21:15 -0500] "POST /forms/lservlet;jsessionid=ac16012b30d64dc8fa880ef04420a34799b681b23a19.e3iSbxaKaheRe3qTch0LbxeTa41ynknvrkLOlQzNp65In0 HTTP/1.1" 200 2
192.168.169.47 - - [14/Mar/2022:17:21:26 -0500] "POST /BLA/boletinlegal/admin/notificaciones/ingresar.php HTTP/1.1" 200 30281
192.168.169.47 - - [14/Mar/2022:17:21:26 -0500] "GET /css/global/buttons.css HTTP/1.1" 404 1312
201.245.192.253 - - [14/Mar/2022:17:20:46 -0500] "POST /kwsrmcab/Wsrmcab HTTP/1.1" 200 45992
192.168.169.47 - - [14/Mar/2022:17:22:07 -0500] "GET /css/global/buttons.css HTTP/1.1" 404 1312
192.168.169.47 - - [14/Mar/2022:17:22:06 -0500] "POST /BLA/boletinlegal/admin/notificaciones/ingresar.php HTTP/1.1" 200 30281
201.245.192.253 - - [14/Mar/2022:17:21:34 -0500] "POST /kwsrmcab/Wsrmcab HTTP/1.1" 200 46466
201.245.192.253 - - [14/Mar/2022:17:21:33 -0500] "POST /kwsrmcab/Wsrmcab HTTP/1.1" 200 117423
179.19.150.176 - - [14/Mar/2022:17:23:01 -0500] "GET /galeria/galeria/jquery.fancybox.css?v=2.1.5 HTTP/1.1" 200 4895
179.19.150.176 - - [14/Mar/2022:17:23:01 -0500] "GET /galeria/galeria/jquery.fancybox.js?v=2.1.5 HTTP/1.1" 200 48706
179.19.150.176 - - [14/Mar/2022:17:23:01 -0500] "GET /BLA/boletinlegal/js/jquery.scrollShow.js HTTP/1.1" 200 4586
200.118.64.109 - - [14/Mar/2022:17:23:15 -0500] "POST /forms/lservlet;jsessionid=ac16012b30d64dc8fa880ef04420a34799b681b23a19.e3iSbxaKaheRe3qTch0LbxeTa41ynknvrkLOlQzNp65In0 HTTP/1.1" 200 2
190.24.103.33 - - [14/Mar/2022:17:23:20 -0500] "GET /catalogoisis/ HTTP/1.1" 404 211
190.24.103.33 - - [14/Mar/2022:17:23:21 -0500] "GET /favicon.ico HTTP/1.1" 200 7782
201.245.192.253 - - [14/Mar/2022:17:23:53 -0500] "POST /sipse/faces/presentacion/financiero/solicitudProceso/consultarSolicitudProceso.xhtml HTTP/1.1" 200 41468
201.245.192.253 - - [14/Mar/2022:17:23:54 -0500] "GET /sipse/faces/javax.faces.resource/theme.css?ln=primefaces-sipse HTTP/1.1" 304 -
201.245.192.253 - - [14/Mar/2022:17:23:54 -0500] "GET /sipse/faces/javax.faces.resource/layout/layout.css?ln=primefaces&v=4.0 HTTP/1.1" 304 -
201.245.192.253 - - [14/Mar/2022:17:23:54 -0500] "GET /sipse/faces/javax.faces.resource/primefaces.css?ln=primefaces&v=4.0 HTTP/1.1" 304 -
201.245.192.253 - - [14/Mar/2022:17:23:54 -0500] "GET /sipse/faces/javax.faces.resource/jquery/jquery.js?ln=primefaces&v=4.0 HTTP/1.1" 304 -
201.245.192.253 - - [14/Mar/2022:17:23:54 -0500] "GET /sipse/faces/javax.faces.resource/jquery/jquery-plugins.js?ln=primefaces&v=4.0 HTTP/1.1" 304 -
201.245.192.253 - - [14/Mar/2022:17:23:54 -0500] "GET /sipse/faces/javax.faces.resource/primefaces.js?ln=primefaces&v=4.0 HTTP/1.1" 304 -
201.245.192.253 - - [14/Mar/2022:17:23:54 -0500] "GET /sipse/faces/javax.faces.resource/layout/layout.js?ln=primefaces&v=4.0 HTTP/1.1" 304 -
201.245.192.253 - - [14/Mar/2022:17:23:55 -0500] "GET /sipse/css/imagen/contrasena.png HTTP/1.1" 404 383
201.245.192.253 - - [14/Mar/2022:17:23:55 -0500] "POST /sipse/faces/presentacion/financiero/solicitudProceso/listarSolicitudProceso.xhtml HTTP/1.1" 200 1392
201.245.192.253 - - [14/Mar/2022:17:23:55 -0500] "GET /sipse/faces/javax.faces.resource/messages/messages.png?ln=primefaces&v=4.0 HTTP/1.1" 304 -
201.245.192.253 - - [14/Mar/2022:17:24:00 -0500] "POST /sipse/faces/presentacion/financiero/solicitudProceso/listarSolicitudProceso.xhtml HTTP/1.1" 200 34423
201.245.192.253 - - [14/Mar/2022:17:24:00 -0500] "POST /sipse/faces/presentacion/financiero/solicitudProceso/listarSolicitudProceso.xhtml HTTP/1.1" 200 34423
201.245.192.253 - - [14/Mar/2022:17:24:00 -0500] "POST /sipse/faces/presentacion/financiero/solicitudProceso/listarSolicitudProceso.xhtml HTTP/1.1" 200 34423
201.245.192.253 - - [14/Mar/2022:17:24:01 -0500] "POST /sipse/faces/presentacion/financiero/solicitudProceso/listarSolicitudProceso.xhtml HTTP/1.1" 200 34423
201.245.192.253 - - [14/Mar/2022:17:24:01 -0500] "POST /sipse/faces/presentacion/financiero/solicitudProceso/listarSolicitudProceso.xhtml HTTP/1.1" 200 34423
201.245.192.253 - - [14/Mar/2022:17:24:01 -0500] "POST /sipse/faces/presentacion/financiero/solicitudProceso/listarSolicitudProceso.xhtml HTTP/1.1" 200 34423
201.245.192.253 - - [14/Mar/2022:17:24:01 -0500] "POST /sipse/faces/presentacion/financiero/solicitudProceso/listarSolicitudProceso.xhtml HTTP/1.1" 200 34423
201.245.192.253 - - [14/Mar/2022:17:24:01 -0500] "POST /sipse/faces/presentacion/financiero/solicitudProceso/listarSolicitudProceso.xhtml HTTP/1.1" 200 34423
201.245.192.253 - - [14/Mar/2022:17:24:01 -0500] "POST /sipse/faces/presentacion/financiero/solicitudProceso/listarSolicitudProceso.xhtml HTTP/1.1" 200 34423
201.245.192.253 - - [14/Mar/2022:17:24:01 -0500] "POST /sipse/faces/presentacion/financiero/solicitudProceso/listarSolicitudProceso.xhtml HTTP/1.1" 200 34423
201.245.192.253 - - [14/Mar/2022:17:24:02 -0500] "POST /sipse/faces/presentacion/financiero/solicitudProceso/listarSolicitudProceso.xhtml HTTP/1.1" 200 34423
201.245.192.253 - - [14/Mar/2022:17:24:02 -0500] "POST /sipse/faces/presentacion/financiero/solicitudProceso/listarSolicitudProceso.xhtml HTTP/1.1" 200 34423
201.245.192.253 - - [14/Mar/2022:17:24:02 -0500] "POST /sipse/faces/presentacion/financiero/solicitudProceso/listarSolicitudProceso.xhtml HTTP/1.1" 200 34423
201.245.192.253 - - [14/Mar/2022:17:24:02 -0500] "POST /sipse/faces/presentacion/financiero/solicitudProceso/listarSolicitudProceso.xhtml HTTP/1.1" 200 34423
201.245.192.253 - - [14/Mar/2022:17:24:02 -0500] "POST /sipse/faces/presentacion/financiero/solicitudProceso/listarSolicitudProceso.xhtml HTTP/1.1" 200 1392
201.245.192.253 - - [14/Mar/2022:17:24:02 -0500] "POST /sipse/faces/presentacion/financiero/solicitudProceso/listarSolicitudProceso.xhtml HTTP/1.1" 200 1392
201.245.192.253 - - [14/Mar/2022:17:24:02 -0500] "POST /sipse/faces/presentacion/financiero/solicitudProceso/listarSolicitudProceso.xhtml HTTP/1.1" 200 1392
201.245.192.253 - - [14/Mar/2022:17:24:02 -0500] "POST /sipse/faces/presentacion/financiero/solicitudProceso/listarSolicitudProceso.xhtml HTTP/1.1" 200 1392
201.245.192.253 - - [14/Mar/2022:17:24:03 -0500] "POST /sipse/faces/presentacion/financiero/solicitudProceso/listarSolicitudProceso.xhtml HTTP/1.1" 200 1392
201.245.192.253 - - [14/Mar/2022:17:24:03 -0500] "POST /sipse/faces/presentacion/financiero/solicitudProceso/listarSolicitudProceso.xhtml HTTP/1.1" 200 1392
201.245.192.253 - - [14/Mar/2022:17:24:03 -0500] "POST /sipse/faces/presentacion/financiero/solicitudProceso/listarSolicitudProceso.xhtml HTTP/1.1" 200 1392
201.245.192.253 - - [14/Mar/2022:17:24:03 -0500] "POST /sipse/faces/presentacion/financiero/solicitudProceso/listarSolicitudProceso.xhtml HTTP/1.1" 200 1392
201.245.192.253 - - [14/Mar/2022:17:24:03 -0500] "POST /sipse/faces/presentacion/financiero/solicitudProceso/listarSolicitudProceso.xhtml HTTP/1.1" 200 1392
201.245.192.253 - - [14/Mar/2022:17:24:03 -0500] "POST /sipse/faces/presentacion/financiero/solicitudProceso/listarSolicitudProceso.xhtml HTTP/1.1" 200 1392
201.245.192.253 - - [14/Mar/2022:17:24:03 -0500] "POST /sipse/faces/presentacion/financiero/solicitudProceso/listarSolicitudProceso.xhtml HTTP/1.1" 200 1392
201.245.192.253 - - [14/Mar/2022:17:24:09 -0500] "POST /sipse/faces/presentacion/financiero/solicitudProceso/listarSolicitudProceso.xhtml HTTP/1.1" 200 1392
201.245.192.253 - - [14/Mar/2022:17:24:09 -0500] "POST /sipse/faces/presentacion/financiero/solicitudProceso/listarSolicitudProceso.xhtml HTTP/1.1" 200 1392
201.245.192.253 - - [14/Mar/2022:17:24:09 -0500] "POST /sipse/faces/presentacion/financiero/solicitudProceso/listarSolicitudProceso.xhtml HTTP/1.1" 200 1392
201.245.192.253 - - [14/Mar/2022:17:24:18 -0500] "POST /sipse/faces/presentacion/financiero/solicitudProceso/listarSolicitudProceso.xhtml HTTP/1.1" 200 911
201.245.192.253 - - [14/Mar/2022:17:24:35 -0500] "GET /sipse/faces/faces/autenticacion HTTP/1.1" 302 -
201.245.192.253 - - [14/Mar/2022:17:24:35 -0500] "GET /sipse/faces/autenticacion.xhtml HTTP/1.1" 200 12169
201.245.192.253 - - [14/Mar/2022:17:24:36 -0500] "GET /sipse/faces/javax.faces.resource/theme.css?ln=primefaces-sipse HTTP/1.1" 304 -
201.245.192.253 - - [14/Mar/2022:17:24:36 -0500] "GET /sipse/faces/javax.faces.resource/primefaces.css?ln=primefaces&v=4.0 HTTP/1.1" 304 -
201.245.192.253 - - [14/Mar/2022:17:24:36 -0500] "GET /sipse/faces/javax.faces.resource/primefaces.js?ln=primefaces&v=4.0 HTTP/1.1" 304 -
201.245.192.253 - - [14/Mar/2022:17:24:36 -0500] "GET /sipse/faces/javax.faces.resource/layout/layout.css?ln=primefaces&v=4.0 HTTP/1.1" 304 -
201.245.192.253 - - [14/Mar/2022:17:24:36 -0500] "GET /sipse/faces/javax.faces.resource/jquery/jquery.js?ln=primefaces&v=4.0 HTTP/1.1" 304 -
201.245.192.253 - - [14/Mar/2022:17:24:36 -0500] "GET /sipse/faces/javax.faces.resource/jquery/jquery-plugins.js?ln=primefaces&v=4.0 HTTP/1.1" 304 -
201.245.192.253 - - [14/Mar/2022:17:24:36 -0500] "GET /sipse/faces/javax.faces.resource/layout/layout.js?ln=primefaces&v=4.0 HTTP/1.1" 304 -
190.156.90.221 - - [14/Mar/2022:17:24:43 -0500] "GET /BLA/ HTTP/1.1" 200 538
179.33.246.179 - - [14/Mar/2022:17:24:44 -0500] "GET /BLA/resoluciones/index.php?dir=AUTOS+2018%2F HTTP/1.1" 200 426166
200.118.64.109 - - [14/Mar/2022:17:25:16 -0500] "POST /forms/lservlet;jsessionid=ac16012b30d64dc8fa880ef04420a34799b681b23a19.e3iSbxaKaheRe3qTch0LbxeTa41ynknvrkLOlQzNp65In0 HTTP/1.1" 200 2
190.156.90.221 - - [14/Mar/2022:17:25:24 -0500] "GET /BLA/boletinlegal/actos.php HTTP/1.1" 200 9559
190.156.90.221 - - [14/Mar/2022:17:25:27 -0500] "GET /BLA/resoluciones/ HTTP/1.1" 200 13093
190.156.90.221 - - [14/Mar/2022:17:25:29 -0500] "GET /BLA/resoluciones/index.php?dir=AUTOS+2021%2F HTTP/1.1" 200 320912
190.156.90.221 - - [14/Mar/2022:17:25:23 -0500] "GET /BLA/boletinlegal/index.php HTTP/1.1" 200 16331
66.249.73.127 - - [14/Mar/2022:17:25:50 -0500] "-" 408 -
190.156.90.221 - - [14/Mar/2022:17:25:58 -0500] "GET /BLA/resoluciones/AUTOS%202021/4147.pdf HTTP/1.1" 200 402177
200.118.64.109 - - [14/Mar/2022:17:27:16 -0500] "POST /forms/lservlet;jsessionid=ac16012b30d64dc8fa880ef04420a34799b681b23a19.e3iSbxaKaheRe3qTch0LbxeTa41ynknvrkLOlQzNp65In0 HTTP/1.1" 200 2
192.168.181.161 - - [14/Mar/2022:17:27:17 -0500] "GET /BLA/resoluciones/index.php?dir=AUTOS+2011%2F HTTP/1.1" 200 623541
216.245.221.92 - - [14/Mar/2022:17:27:28 -0500] "HEAD / HTTP/1.1" 200 -
179.33.246.179 - - [14/Mar/2022:17:27:41 -0500] "GET /BLA/resoluciones/ HTTP/1.1" 200 13093
179.33.246.179 - - [14/Mar/2022:17:27:48 -0500] "GET /BLA/resoluciones/index.php?dir=AUTOS+2018%2F HTTP/1.1" 200 426166
201.245.192.253 - - [14/Mar/2022:17:28:43 -0500] "POST /sipse/faces/presentacion/financiero/solicitudAnulacion/registrarSolicitudAnulacion.xhtml HTTP/1.1" 200 32399
201.245.192.253 - - [14/Mar/2022:17:28:43 -0500] "GET /sipse/faces/javax.faces.resource/theme.css?ln=primefaces-sipse HTTP/1.1" 304 -
201.245.192.253 - - [14/Mar/2022:17:28:43 -0500] "GET /sipse/faces/javax.faces.resource/layout/layout.css?ln=primefaces&v=4.0 HTTP/1.1" 304 -
201.245.192.253 - - [14/Mar/2022:17:28:43 -0500] "GET /sipse/faces/javax.faces.resource/primefaces.css?ln=primefaces&v=4.0 HTTP/1.1" 304 -
201.245.192.253 - - [14/Mar/2022:17:28:43 -0500] "GET /sipse/faces/javax.faces.resource/jquery/jquery.js?ln=primefaces&v=4.0 HTTP/1.1" 304 -
201.245.192.253 - - [14/Mar/2022:17:28:43 -0500] "GET /sipse/faces/javax.faces.resource/jquery/jquery-plugins.js?ln=primefaces&v=4.0 HTTP/1.1" 304 -
201.245.192.253 - - [14/Mar/2022:17:28:43 -0500] "GET /sipse/css/imagen/contrasena.png HTTP/1.1" 404 383
201.245.192.253 - - [14/Mar/2022:17:28:43 -0500] "GET /sipse/faces/javax.faces.resource/primefaces.js?ln=primefaces&v=4.0 HTTP/1.1" 304 -
201.245.192.253 - - [14/Mar/2022:17:28:43 -0500] "GET /sipse/faces/javax.faces.resource/layout/layout.js?ln=primefaces&v=4.0 HTTP/1.1" 304 -
198.49.128.121 - - [14/Mar/2022:17:28:51 -0500] "GET /BLA/resoluciones/RESOLUCIONES%202021/5262.pdf HTTP/1.1" 200 370932
198.49.128.121 - - [14/Mar/2022:17:28:51 -0500] "GET /favicon.ico HTTP/1.1" 200 7782
201.245.192.253 - - [14/Mar/2022:17:29:02 -0500] "POST /sipse/faces/presentacion/financiero/solicitudProceso/consultarHistorialSolProceso.xhtml HTTP/1.1" 200 70562
201.245.192.253 - - [14/Mar/2022:17:29:02 -0500] "GET /sipse/faces/javax.faces.resource/theme.css?ln=primefaces-sipse HTTP/1.1" 304 -
201.245.192.253 - - [14/Mar/2022:17:29:02 -0500] "GET /sipse/faces/javax.faces.resource/layout/layout.css?ln=primefaces&v=4.0 HTTP/1.1" 304 -
201.245.192.253 - - [14/Mar/2022:17:29:02 -0500] "GET /sipse/faces/javax.faces.resource/jquery/jquery-plugins.js?ln=primefaces&v=4.0 HTTP/1.1" 304 -
201.245.192.253 - - [14/Mar/2022:17:29:02 -0500] "GET /sipse/faces/javax.faces.resource/primefaces.css?ln=primefaces&v=4.0 HTTP/1.1" 304 -
201.245.192.253 - - [14/Mar/2022:17:29:02 -0500] "GET /sipse/faces/javax.faces.resource/fileupload/fileupload.css?ln=primefaces&v=4.0 HTTP/1.1" 304 -
201.245.192.253 - - [14/Mar/2022:17:29:02 -0500] "GET /sipse/faces/javax.faces.resource/jquery/jquery.js?ln=primefaces&v=4.0 HTTP/1.1" 304 -
201.245.192.253 - - [14/Mar/2022:17:29:02 -0500] "GET /sipse/faces/javax.faces.resource/primefaces.js?ln=primefaces&v=4.0 HTTP/1.1" 304 -
201.245.192.253 - - [14/Mar/2022:17:29:02 -0500] "GET /sipse/faces/javax.faces.resource/layout/layout.js?ln=primefaces&v=4.0 HTTP/1.1" 304 -
201.245.192.253 - - [14/Mar/2022:17:29:02 -0500] "GET /sipse/faces/javax.faces.resource/fileupload/fileupload.js?ln=primefaces&v=4.0 HTTP/1.1" 304 -
201.245.192.253 - - [14/Mar/2022:17:29:03 -0500] "GET /sipse/css/imagen/contrasena.png HTTP/1.1" 404 383
201.245.192.253 - - [14/Mar/2022:17:29:03 -0500] "GET /sipse/faces/javax.faces.resource/images/ui-icons_898989_256x240.png?ln=primefaces-aristo HTTP/1.1" 304 -
200.118.64.109 - - [14/Mar/2022:17:29:16 -0500] "POST /forms/lservlet;jsessionid=ac16012b30d64dc8fa880ef04420a34799b681b23a19.e3iSbxaKaheRe3qTch0LbxeTa41ynknvrkLOlQzNp65In0 HTTP/1.1" 200 2
173.252.95.5 - - [14/Mar/2022:17:29:18 -0500] "GET /bogota-esta-incorporando-energias-limpias-en-su-sistema-electrico.html HTTP/1.1" 206 1032
173.252.95.19 - - [14/Mar/2022:17:29:18 -0500] "GET /bogota-esta-incorporando-energias-limpias-en-su-sistema-electrico.html HTTP/1.1" 206 1032
173.252.95.20 - - [14/Mar/2022:17:29:20 -0500] "GET /images/Energias1.jpg HTTP/1.1" 200 139652
69.171.249.9 - - [14/Mar/2022:17:29:20 -0500] "GET /images/empresas-27-septiembre.jpeg HTTP/1.1" 200 66691
201.245.192.253 - - [14/Mar/2022:17:29:25 -0500] "GET /sipse/faces/javax.faces.resource/images/ui-bg_flat_0_2d5972_40x100.png?ln=primefaces-aristo HTTP/1.1" 304 -
201.245.192.253 - - [14/Mar/2022:17:29:25 -0500] "POST /sipse/faces/presentacion/financiero/solicitudAnulacion/registrarSolicitudAnulacion.xhtml HTTP/1.1" 200 3196
191.156.179.165 - - [14/Mar/2022:17:29:36 -0500] "GET /galeria/galeria/jquery.fancybox.css?v=2.1.5 HTTP/1.1" 200 4895
201.245.192.253 - - [14/Mar/2022:17:29:41 -0500] "POST /sipse/faces/presentacion/financiero/solicitudAnulacion/registrarSolicitudAnulacion.xhtml HTTP/1.1" 200 3196
201.245.192.253 - - [14/Mar/2022:17:29:46 -0500] "POST /sipse/faces/presentacion/financiero/solicitudAnulacion/registrarSolicitudAnulacion.xhtml HTTP/1.1" 200 3196
201.245.192.253 - - [14/Mar/2022:17:29:52 -0500] "POST /sipse/faces/presentacion/financiero/solicitudAnulacion/registrarSolicitudAnulacion.xhtml HTTP/1.1" 200 3196
201.245.192.253 - - [14/Mar/2022:17:30:01 -0500] "POST /sipse/faces/presentacion/financiero/solicitudAnulacion/registrarSolicitudAnulacion.xhtml HTTP/1.1" 200 3196
201.245.192.253 - - [14/Mar/2022:17:30:05 -0500] "POST /sipse/faces/presentacion/financiero/solicitudAnulacion/registrarSolicitudAnulacion.xhtml HTTP/1.1" 200 35764
201.245.192.253 - - [14/Mar/2022:17:30:07 -0500] "GET /sipse/faces/javax.faces.resource/theme.css?ln=primefaces-sipse HTTP/1.1" 304 -
201.245.192.253 - - [14/Mar/2022:17:30:07 -0500] "GET /sipse/faces/javax.faces.resource/primefaces.css?ln=primefaces&v=4.0 HTTP/1.1" 304 -
201.245.192.253 - - [14/Mar/2022:17:30:07 -0500] "GET /sipse/faces/javax.faces.resource/layout/layout.css?ln=primefaces&v=4.0 HTTP/1.1" 304 -
201.245.192.253 - - [14/Mar/2022:17:30:07 -0500] "GET /sipse/faces/javax.faces.resource/jquery/jquery.js?ln=primefaces&v=4.0 HTTP/1.1" 304 -
201.245.192.253 - - [14/Mar/2022:17:30:07 -0500] "GET /sipse/faces/javax.faces.resource/jquery/jquery-plugins.js?ln=primefaces&v=4.0 HTTP/1.1" 304 -
201.245.192.253 - - [14/Mar/2022:17:30:07 -0500] "GET /sipse/faces/javax.faces.resource/primefaces.js?ln=primefaces&v=4.0 HTTP/1.1" 304 -
201.245.192.253 - - [14/Mar/2022:17:30:07 -0500] "GET /sipse/faces/javax.faces.resource/layout/layout.js?ln=primefaces&v=4.0 HTTP/1.1" 304 -
201.245.192.253 - - [14/Mar/2022:17:30:07 -0500] "GET /sipse/css/imagen/contrasena.png HTTP/1.1" 404 383
201.245.192.253 - - [14/Mar/2022:17:30:07 -0500] "GET /sipse/faces/javax.faces.resource/messages/messages.png?ln=primefaces&v=4.0 HTTP/1.1" 304 -
201.245.192.253 - - [14/Mar/2022:17:30:07 -0500] "POST /sipse/faces/presentacion/financiero/solicitudAnulacion/solicitudAnulacion.xhtml HTTP/1.1" 200 10464
207.46.13.95 - - [14/Mar/2022:17:31:05 -0500] "GET /BLA/resoluciones/index.php?dir=RESOLUCIONES+2021%2F HTTP/1.1" 200 284345
200.118.64.109 - - [14/Mar/2022:17:31:16 -0500] "POST /forms/lservlet;jsessionid=ac16012b30d64dc8fa880ef04420a34799b681b23a19.e3iSbxaKaheRe3qTch0LbxeTa41ynknvrkLOlQzNp65In0 HTTP/1.1" 200 2
201.245.192.253 - - [14/Mar/2022:17:30:46 -0500] "POST /kwsrmcab/Wsrmcab HTTP/1.1" 200 45992
66.249.73.127 - - [14/Mar/2022:17:31:36 -0500] "-" 408 -
201.245.192.253 - - [14/Mar/2022:17:31:43 -0500] "GET /BLA/resoluciones/RESOLUCIONES%202011/1726.pdf HTTP/1.1" 200 144667
201.245.192.253 - - [14/Mar/2022:17:31:43 -0500] "GET /favicon.ico HTTP/1.1" 200 7782
190.24.49.27 - - [14/Mar/2022:17:31:58 -0500] "-" 408 -
104.140.188.30 - - [14/Mar/2022:17:32:20 -0500] "GET / HTTP/1.0" 200 319
201.245.192.253 - - [14/Mar/2022:17:31:34 -0500] "POST /kwsrmcab/Wsrmcab HTTP/1.1" 200 46466
201.245.192.253 - - [14/Mar/2022:17:31:41 -0500] "POST /kwsrmcab/Wsrmcab HTTP/1.1" 200 117423
216.245.221.92 - - [14/Mar/2022:17:32:27 -0500] "HEAD / HTTP/1.1" 200 -
207.46.13.95 - - [14/Mar/2022:17:32:44 -0500] "GET /bla/resoluciones/resoluciones%202007/res%202007%202401%20al%202500/resolucion%202484%20de%202007.pdf HTTP/1.1" 200 559989
200.118.64.109 - - [14/Mar/2022:17:33:16 -0500] "POST /forms/lservlet;jsessionid=ac16012b30d64dc8fa880ef04420a34799b681b23a19.e3iSbxaKaheRe3qTch0LbxeTa41ynknvrkLOlQzNp65In0 HTTP/1.1" 200 2
186.102.27.30 - - [14/Mar/2022:17:34:06 -0500] "OPTIONS /kwssiamovil/sm/setfile/f? HTTP/1.1" 200 13
207.241.232.241 - - [14/Mar/2022:17:34:21 -0500] "-" 408 -
186.102.27.30 - - [14/Mar/2022:17:34:07 -0500] "POST /kwssiamovil/sm/setfile/f? HTTP/1.1" 200 381
186.102.27.30 - - [14/Mar/2022:17:35:02 -0500] "OPTIONS /kwssiamovil/sm/setfile/f? HTTP/1.1" 200 13
186.102.27.30 - - [14/Mar/2022:17:35:03 -0500] "POST /kwssiamovil/sm/setfile/f? HTTP/1.1" 200 381
200.118.64.109 - - [14/Mar/2022:17:35:16 -0500] "POST /forms/lservlet;jsessionid=ac16012b30d64dc8fa880ef04420a34799b681b23a19.e3iSbxaKaheRe3qTch0LbxeTa41ynknvrkLOlQzNp65In0 HTTP/1.1" 200 2
186.102.27.30 - - [14/Mar/2022:17:35:18 -0500] "OPTIONS /kwssiamovil/sm/setfile/f? HTTP/1.1" 200 13
186.102.27.30 - - [14/Mar/2022:17:35:19 -0500] "POST /kwssiamovil/sm/setfile/f? HTTP/1.1" 200 381
186.102.27.30 - - [14/Mar/2022:17:35:42 -0500] "OPTIONS /kwssiamovil/sm/setfile/f? HTTP/1.1" 200 13
186.102.27.30 - - [14/Mar/2022:17:35:42 -0500] "POST /kwssiamovil/sm/setfile/f? HTTP/1.1" 400 1022
192.168.181.161 - - [14/Mar/2022:17:35:44 -0500] "GET /BLA/resoluciones/index.php?dir=AUTOS+2017%2F HTTP/1.1" 200 455434
200.118.64.109 - - [14/Mar/2022:17:37:16 -0500] "POST /forms/lservlet;jsessionid=ac16012b30d64dc8fa880ef04420a34799b681b23a19.e3iSbxaKaheRe3qTch0LbxeTa41ynknvrkLOlQzNp65In0 HTTP/1.1" 200 2
216.245.221.92 - - [14/Mar/2022:17:37:27 -0500] "HEAD / HTTP/1.1" 200 -
191.156.54.11 - - [14/Mar/2022:17:37:56 -0500] "GET /ciudad-bolivar-y-puente-aranda-se-alistan-para-una-nueva-llantaton.html HTTP/1.1" 200 991
66.249.73.127 - - [14/Mar/2022:17:37:57 -0500] "-" 408 -
207.46.13.95 - - [14/Mar/2022:17:38:04 -0500] "GET /BLA/resoluciones/AUTOS%202021/4147.pdf HTTP/1.1" 200 402177
190.24.37.214 - - [14/Mar/2022:17:38:29 -0500] "HEAD /appsia/controlador HTTP/1.1" 200 -
190.24.37.214 - - [14/Mar/2022:17:38:30 -0500] "GET /appsia/controlador HTTP/1.1" 200 4799
190.24.37.214 - - [14/Mar/2022:17:38:31 -0500] "GET /appsia/css/estilos.css HTTP/1.1" 200 4804
190.24.37.214 - - [14/Mar/2022:17:38:38 -0500] "POST /appsia/controlador HTTP/1.1" 200 3598
190.24.37.214 - - [14/Mar/2022:17:38:38 -0500] "GET /appsia/jscripts/validarSolicitud.js HTTP/1.1" 404 68
190.24.37.214 - - [14/Mar/2022:17:38:40 -0500] "POST /appsia/controlador HTTP/1.1" 200 4799
190.24.37.214 - - [14/Mar/2022:17:38:45 -0500] "POST /appsia/controlador HTTP/1.1" 200 3598
190.24.37.214 - - [14/Mar/2022:17:38:46 -0500] "GET /appsia/jscripts/validarSolicitud.js HTTP/1.1" 404 68
190.24.37.214 - - [14/Mar/2022:17:38:54 -0500] "POST /appsia/controlador HTTP/1.1" 200 4799
200.118.64.109 - - [14/Mar/2022:17:39:16 -0500] "POST /forms/lservlet;jsessionid=ac16012b30d64dc8fa880ef04420a34799b681b23a19.e3iSbxaKaheRe3qTch0LbxeTa41ynknvrkLOlQzNp65In0 HTTP/1.1" 200 2
192.168.181.161 - - [14/Mar/2022:17:39:37 -0500] "GET /BLA/resoluciones/index.php?dir=AUTOS+2011%2F HTTP/1.1" 200 623541
192.168.181.161 - - [14/Mar/2022:17:39:44 -0500] "GET /BLA/resoluciones/index.php?dir=RESOLUCIONES+2011%2F HTTP/1.1" 200 744610
192.168.181.161 - - [14/Mar/2022:17:40:44 -0500] "GET /BLA/resoluciones/index.php?dir=RESOLUCIONES+2017%2F HTTP/1.1" 200 276455
192.168.181.161 - - [14/Mar/2022:17:41:01 -0500] "GET /BLA/resoluciones/RESOLUCIONES%202017/2703.pdf HTTP/1.1" 200 276699
200.118.64.109 - - [14/Mar/2022:17:41:16 -0500] "POST /forms/lservlet;jsessionid=ac16012b30d64dc8fa880ef04420a34799b681b23a19.e3iSbxaKaheRe3qTch0LbxeTa41ynknvrkLOlQzNp65In0 HTTP/1.1" 200 2
201.245.192.253 - - [14/Mar/2022:17:40:46 -0500] "POST /kwsrmcab/Wsrmcab HTTP/1.1" 200 45992
181.61.208.245 - - [14/Mar/2022:17:41:39 -0500] "GET /BLA/boletinlegal/js/jquery.scrollShow.js HTTP/1.1" 200 4586
181.61.208.245 - - [14/Mar/2022:17:41:39 -0500] "GET /galeria/galeria/jquery.fancybox.js?v=2.1.5 HTTP/1.1" 200 48706
181.61.208.245 - - [14/Mar/2022:17:41:39 -0500] "GET /galeria/galeria/jquery.fancybox.css?v=2.1.5 HTTP/1.1" 200 4895
201.245.192.253 - - [14/Mar/2022:17:41:36 -0500] "POST /kwsrmcab/Wsrmcab HTTP/1.1" 200 46466
216.245.221.92 - - [14/Mar/2022:17:42:27 -0500] "HEAD / HTTP/1.1" 200 -
201.245.192.253 - - [14/Mar/2022:17:41:48 -0500] "POST /kwsrmcab/Wsrmcab HTTP/1.1" 200 117423
200.118.64.109 - - [14/Mar/2022:17:43:16 -0500] "POST /forms/lservlet;jsessionid=ac16012b30d64dc8fa880ef04420a34799b681b23a19.e3iSbxaKaheRe3qTch0LbxeTa41ynknvrkLOlQzNp65In0 HTTP/1.1" 200 2
192.168.181.161 - - [14/Mar/2022:17:43:47 -0500] "GET /BLA/resoluciones/index.php?dir=AUTOS+2005%2F HTTP/1.1" 200 2791
103.136.124.228 - - [14/Mar/2022:17:44:04 -0500] "GET /portaldeninos/ HTTP/1.1" 200 154220
103.136.124.228 - - [14/Mar/2022:17:44:15 -0500] "GET /portaldeninos/contactanos/ HTTP/1.1" 200 80957
192.168.181.161 - - [14/Mar/2022:17:44:22 -0500] "GET /BLA/resoluciones/index.php?dir=RESOLUCIONES+2017%2F HTTP/1.1" 200 276455
200.118.64.109 - - [14/Mar/2022:17:45:16 -0500] "POST /forms/lservlet;jsessionid=ac16012b30d64dc8fa880ef04420a34799b681b23a19.e3iSbxaKaheRe3qTch0LbxeTa41ynknvrkLOlQzNp65In0 HTTP/1.1" 200 2
173.252.95.5 - - [14/Mar/2022:17:46:15 -0500] "GET /ciudad-bolivar-y-puente-aranda-se-alistan-para-una-nueva-llantaton.html HTTP/1.1" 206 991
200.118.64.109 - - [14/Mar/2022:17:47:17 -0500] "POST /forms/lservlet;jsessionid=ac16012b30d64dc8fa880ef04420a34799b681b23a19.e3iSbxaKaheRe3qTch0LbxeTa41ynknvrkLOlQzNp65In0 HTTP/1.1" 200 2
216.245.221.92 - - [14/Mar/2022:17:47:27 -0500] "HEAD / HTTP/1.1" 200 -
207.46.13.114 - - [14/Mar/2022:17:47:49 -0500] "GET /bla/resoluciones/autos%202014/0560.pdf HTTP/1.1" 200 206568
190.24.49.27 - - [14/Mar/2022:17:48:17 -0500] "-" 408 -
181.237.182.186 - - [14/Mar/2022:17:48:24 -0500] "GET /BLA/resoluciones/index.php?dir=AUTOS+2018%2F HTTP/1.1" 200 426166
200.118.64.109 - - [14/Mar/2022:17:49:17 -0500] "POST /forms/lservlet;jsessionid=ac16012b30d64dc8fa880ef04420a34799b681b23a19.e3iSbxaKaheRe3qTch0LbxeTa41ynknvrkLOlQzNp65In0 HTTP/1.1" 200 2
31.13.127.17 - - [14/Mar/2022:17:49:21 -0500] "GET /secretaria-de-ambiente-invita-a-comunidad-de-bosa-a-entregar-residuos-especiales-y-peligrosos.html?fbclid=IwAR39fXG7-Z6DY-emEgS06YVcfAWm7Na2OQkcXTLDmonwuREpRmKk7K-ilPw HTTP/1.1" 200 992
179.12.214.79 - - [14/Mar/2022:17:49:24 -0500] "GET /galeria/galeria/jquery.fancybox.css?v=2.1.5 HTTP/1.1" 200 4895
207.241.232.241 - - [14/Mar/2022:17:49:29 -0500] "-" 408 -
192.144.113.167 - - [14/Mar/2022:17:49:36 -0500] "GET /galeria/galeria/jquery.fancybox.css?v=2.1.5 HTTP/1.1" 200 4895
191.156.35.226 - - [14/Mar/2022:17:50:19 -0500] "GET /galeria/galeria/jquery.fancybox.css?v=2.1.5 HTTP/1.1" 200 4895
200.118.64.109 - - [14/Mar/2022:17:51:17 -0500] "POST /forms/lservlet;jsessionid=ac16012b30d64dc8fa880ef04420a34799b681b23a19.e3iSbxaKaheRe3qTch0LbxeTa41ynknvrkLOlQzNp65In0 HTTP/1.1" 200 2
181.50.211.164 - - [14/Mar/2022:17:51:22 -0500] "GET /galeria/galeria/jquery.fancybox.css?v=2.1.5 HTTP/1.1" 200 4895
201.245.192.253 - - [14/Mar/2022:17:51:35 -0500] "POST /kwsrmcab/Wsrmcab HTTP/1.1" 200 117423
216.245.221.92 - - [14/Mar/2022:17:52:27 -0500] "HEAD / HTTP/1.1" 200 -
200.118.61.33 - - [14/Mar/2022:17:52:28 -0500] "GET /BLA/boletinlegal/js/jquery.scrollShow.js HTTP/1.1" 200 4586
200.118.61.33 - - [14/Mar/2022:17:52:28 -0500] "GET /galeria/galeria/jquery.fancybox.js?v=2.1.5 HTTP/1.1" 200 48706
200.118.61.33 - - [14/Mar/2022:17:52:28 -0500] "GET /galeria/galeria/jquery.fancybox.css?v=2.1.5 HTTP/1.1" 200 4895
181.237.182.186 - - [14/Mar/2022:17:52:35 -0500] "GET /BLA/resoluciones/index.php?dir=RESOLUCIONES+2019%2F HTTP/1.1" 200 233335
200.118.64.109 - - [14/Mar/2022:17:53:17 -0500] "POST /forms/lservlet;jsessionid=ac16012b30d64dc8fa880ef04420a34799b681b23a19.e3iSbxaKaheRe3qTch0LbxeTa41ynknvrkLOlQzNp65In0 HTTP/1.1" 200 2
181.53.13.139 - - [14/Mar/2022:17:53:56 -0500] "GET /reportes_sipse/sdg/ServletReporte?reporte=saldo_actividades HTTP/1.1" 200 6255
181.53.13.139 - - [14/Mar/2022:17:53:56 -0500] "GET /reportes_sipse/css/estilos.css HTTP/1.1" 200 9135
181.53.13.139 - - [14/Mar/2022:17:53:56 -0500] "GET /reportes_sipse/js/funciones.js HTTP/1.1" 200 4709
181.53.13.139 - - [14/Mar/2022:17:53:56 -0500] "GET /reportes_sipse/js/date-picker.js HTTP/1.1" 200 16768
181.53.13.139 - - [14/Mar/2022:17:53:56 -0500] "GET /reportes_sipse/imagenes/calendario.gif HTTP/1.1" 200 1387
181.53.13.139 - - [14/Mar/2022:17:53:56 -0500] "GET /reportes_sipse/imagenes/pdf.gif HTTP/1.1" 200 598
181.53.13.139 - - [14/Mar/2022:17:53:56 -0500] "GET /reportes_sipse/imagenes/excel.gif HTTP/1.1" 200 613
181.53.13.139 - - [14/Mar/2022:17:53:56 -0500] "GET /reportes_sipse/imagenes/logoAplicacion.jpg HTTP/1.1" 200 26872
181.53.13.139 - - [14/Mar/2022:17:53:56 -0500] "GET /reportes_sipse/imagenes/fondo.jpg HTTP/1.1" 200 20235
192.168.181.161 - - [14/Mar/2022:17:54:25 -0500] "GET /BLA/resoluciones/index.php?dir=AUTOS+2011%2F HTTP/1.1" 200 623541
45.146.165.37 - - [14/Mar/2022:17:54:38 -0500] "GET /vendor/phpunit/phpunit/src/Util/PHP/eval-stdin.php HTTP/1.1" 404 1018
181.53.13.139 - - [14/Mar/2022:17:54:50 -0500] "GET /reportes_sipse/sdg/ServletReporte?reporte=saldo_actividades_detallado HTTP/1.1" 200 6265
181.53.13.139 - - [14/Mar/2022:17:55:11 -0500] "GET /reportes_sipse/imagenes/retrocedeAgno.gif HTTP/1.1" 200 781
181.53.13.139 - - [14/Mar/2022:17:55:11 -0500] "GET /reportes_sipse/imagenes/retrocedeMes.gif HTTP/1.1" 200 459
181.53.13.139 - - [14/Mar/2022:17:55:11 -0500] "GET /reportes_sipse/imagenes/avanzaAgno.gif HTTP/1.1" 200 779
181.53.13.139 - - [14/Mar/2022:17:55:11 -0500] "GET /reportes_sipse/imagenes/avanzaMes.gif HTTP/1.1" 200 660
200.118.64.109 - - [14/Mar/2022:17:55:17 -0500] "POST /forms/lservlet;jsessionid=ac16012b30d64dc8fa880ef04420a34799b681b23a19.e3iSbxaKaheRe3qTch0LbxeTa41ynknvrkLOlQzNp65In0 HTTP/1.1" 200 2
20.106.149.170 - - [14/Mar/2022:17:55:19 -0500] "GET /wp-admin/css/ HTTP/1.1" 404 1132
192.168.181.161 - - [14/Mar/2022:17:55:22 -0500] "GET /BLA/resoluciones/index.php?dir=RESOLUCIONES+2011%2F HTTP/1.1" 200 744610
181.53.13.139 - - [14/Mar/2022:17:55:24 -0500] "POST /reportes_sipse/sdg/ServletControlador HTTP/1.1" 200 1679
20.106.149.170 - - [14/Mar/2022:17:55:29 -0500] "GET /.well-known/ HTTP/1.1" 404 1132
181.53.13.139 - - [14/Mar/2022:17:55:32 -0500] "GET /reportes_sipse/sdg/ServletReporte?reporte=saldo_actividades_detallado HTTP/1.1" 200 6265
20.106.149.170 - - [14/Mar/2022:17:55:38 -0500] "GET /sites/default/files/ HTTP/1.1" 404 1132
181.53.13.139 - - [14/Mar/2022:17:55:42 -0500] "POST /reportes_sipse/sdg/ServletControlador HTTP/1.1" 200 1679
207.46.13.95 - - [14/Mar/2022:17:55:45 -0500] "GET /bla/resoluciones/autos%202014/4101.pdf HTTP/1.1" 200 573737
20.106.149.170 - - [14/Mar/2022:17:55:55 -0500] "GET /admin/controller/extension/extension/ HTTP/1.1" 404 1132
173.252.127.120 - - [14/Mar/2022:17:55:59 -0500] "GET /images/liberacion-aves-10-marzo.jpg HTTP/1.1" 200 55386
173.252.87.23 - - [14/Mar/2022:17:55:59 -0500] "GET /images/liberacion-aves-10-marzo.jpg HTTP/1.1" 200 55386
31.13.127.9 - - [14/Mar/2022:17:55:59 -0500] "GET /images/liberacion-aves-10-marzo.jpg HTTP/1.1" 200 55386
31.13.127.117 - - [14/Mar/2022:17:56:00 -0500] "GET /images/liberacion-aves-10-marzo.jpg HTTP/1.1" 200 55386
20.106.149.170 - - [14/Mar/2022:17:56:08 -0500] "GET /uploads/ HTTP/1.1" 404 1132
20.106.149.170 - - [14/Mar/2022:17:56:19 -0500] "GET /images/ HTTP/1.1" 200 493
20.106.149.170 - - [14/Mar/2022:17:56:36 -0500] "GET /files/ HTTP/1.1" 404 1132
200.118.64.109 - - [14/Mar/2022:17:57:17 -0500] "POST /forms/lservlet;jsessionid=ac16012b30d64dc8fa880ef04420a34799b681b23a19.e3iSbxaKaheRe3qTch0LbxeTa41ynknvrkLOlQzNp65In0 HTTP/1.1" 200 2
181.53.13.139 - - [14/Mar/2022:17:57:17 -0500] "POST /reportes_sipse/sdg/ServletControlador HTTP/1.1" 200 1679
216.245.221.92 - - [14/Mar/2022:17:57:27 -0500] "HEAD / HTTP/1.1" 200 -
181.53.13.139 - - [14/Mar/2022:17:57:35 -0500] "POST /reportes_sipse/sdg/ServletControlador HTTP/1.1" 200 1679
190.24.188.92 - - [14/Mar/2022:17:57:51 -0500] "GET /BLA/resoluciones/ HTTP/1.1" 200 13093
207.46.13.95 - - [14/Mar/2022:17:57:55 -0500] "GET /bla/resoluciones/autos%202014/0320.pdf HTTP/1.1" 200 463017
190.24.188.92 - - [14/Mar/2022:17:57:55 -0500] "GET /BLA/resoluciones/index.php?dir=AUTOS+2021%2F HTTP/1.1" 200 320912
181.53.13.139 - - [14/Mar/2022:17:58:01 -0500] "POST /reportes_sipse/sdg/ServletControlador HTTP/1.1" 200 1679
207.46.13.43 - - [14/Mar/2022:17:58:06 -0500] "GET /bla/resoluciones/autos%202014/4105.pdf HTTP/1.1" 200 352404
191.68.248.3 - - [14/Mar/2022:17:58:06 -0500] "GET /galeria/galeria/jquery.fancybox.css?v=2.1.5 HTTP/1.1" 200 4895
207.46.13.95 - - [14/Mar/2022:17:58:07 -0500] "GET /bla/resoluciones/autos%202014/1846.pdf HTTP/1.1" 200 468861
181.53.13.139 - - [14/Mar/2022:17:58:07 -0500] "GET /reportes_sipse/sdg/ServletReporte?reporte=saldo_actividades HTTP/1.1" 200 6255
181.53.13.139 - - [14/Mar/2022:17:58:18 -0500] "POST /reportes_sipse/sdg/ServletControlador HTTP/1.1" 200 1679
181.53.13.139 - - [14/Mar/2022:17:58:22 -0500] "GET /reportes_sipse/sdg/ServletReporte?reporte=saldo_actividades_detallado_lista HTTP/1.1" 200 6271
181.53.13.139 - - [14/Mar/2022:17:58:34 -0500] "POST /reportes_sipse/sdg/ServletControlador HTTP/1.1" 200 1679
192.168.181.161 - - [14/Mar/2022:17:58:38 -0500] "GET /BLA/resoluciones/index.php?dir=RESOLUCIONES+2017%2F HTTP/1.1" 200 276455
109.248.6.95 - - [14/Mar/2022:17:58:50 -0500] "GET / HTTP/1.0" 200 319
200.118.64.109 - - [14/Mar/2022:17:59:17 -0500] "POST /forms/lservlet;jsessionid=ac16012b30d64dc8fa880ef04420a34799b681b23a19.e3iSbxaKaheRe3qTch0LbxeTa41ynknvrkLOlQzNp65In0 HTTP/1.1" 200 2
181.51.104.58 - - [14/Mar/2022:17:59:57 -0500] "-" 408 -
190.156.212.78 - - [14/Mar/2022:18:00:31 -0500] "GET /BLA/boletinlegal/js/jquery.scrollShow.js HTTP/1.1" 200 4586
190.156.212.78 - - [14/Mar/2022:18:00:31 -0500] "GET /galeria/galeria/jquery.fancybox.js?v=2.1.5 HTTP/1.1" 200 48706
190.156.212.78 - - [14/Mar/2022:18:00:32 -0500] "GET /galeria/galeria/jquery.fancybox.css?v=2.1.5 HTTP/1.1" 200 4895
199.16.157.181 - - [14/Mar/2022:18:01:14 -0500] "GET /images/PIGA1.jpeg HTTP/1.1" 200 167676
199.16.157.180 - - [14/Mar/2022:18:01:17 -0500] "GET /images/humedales-agua-14-diciembre.jpg HTTP/1.1" 200 111054
200.118.64.109 - - [14/Mar/2022:18:01:17 -0500] "POST /forms/lservlet;jsessionid=ac16012b30d64dc8fa880ef04420a34799b681b23a19.e3iSbxaKaheRe3qTch0LbxeTa41ynknvrkLOlQzNp65In0 HTTP/1.1" 200 2
181.51.104.58 - - [14/Mar/2022:18:01:22 -0500] "-" 408 -
181.51.104.58 - - [14/Mar/2022:18:01:42 -0500] "-" 408 -
190.24.37.214 - - [14/Mar/2022:18:01:50 -0500] "HEAD /appsia/controlador HTTP/1.1" 200 -
190.24.37.214 - - [14/Mar/2022:18:01:50 -0500] "GET /appsia/controlador HTTP/1.1" 200 4799
201.245.192.253 - - [14/Mar/2022:18:01:33 -0500] "POST /kwsrmcab/Wsrmcab HTTP/1.1" 200 117423
216.245.221.92 - - [14/Mar/2022:18:02:27 -0500] "HEAD / HTTP/1.1" 200 -
186.145.248.181 - - [14/Mar/2022:18:02:51 -0500] "GET /appsia/controlador HTTP/1.1" 200 4799
186.145.248.181 - - [14/Mar/2022:18:02:51 -0500] "GET /appsia/css/estilos.css HTTP/1.1" 200 4804
186.145.248.181 - - [14/Mar/2022:18:02:51 -0500] "GET /appsia/scripts/validarIngreso.js HTTP/1.1" 200 851
186.145.248.181 - - [14/Mar/2022:18:02:51 -0500] "GET /appsia/images/cabezoteHojaVida.png HTTP/1.1" 200 32493
186.145.248.181 - - [14/Mar/2022:18:02:51 -0500] "GET /appsia/images/logo_bogota_p.png HTTP/1.1" 200 14951
186.145.248.181 - - [14/Mar/2022:18:02:51 -0500] "GET /favicon.ico HTTP/1.1" 200 7782
200.118.64.109 - - [14/Mar/2022:18:03:17 -0500] "POST /forms/lservlet;jsessionid=ac16012b30d64dc8fa880ef04420a34799b681b23a19.e3iSbxaKaheRe3qTch0LbxeTa41ynknvrkLOlQzNp65In0 HTTP/1.1" 200 2
186.145.248.181 - - [14/Mar/2022:18:03:20 -0500] "POST /appsia/controlador HTTP/1.1" 200 3603
186.145.248.181 - - [14/Mar/2022:18:03:20 -0500] "GET /appsia/jscripts/validarSolicitud.js HTTP/1.1" 404 68
186.145.248.181 - - [14/Mar/2022:18:03:22 -0500] "POST /appsia/controlador HTTP/1.1" 200 4799
186.145.248.181 - - [14/Mar/2022:18:03:37 -0500] "POST /appsia/controlador HTTP/1.1" 200 5437
186.145.248.181 - - [14/Mar/2022:18:03:42 -0500] "POST /appsia/controlador HTTP/1.1" 200 7793
186.145.248.181 - - [14/Mar/2022:18:03:50 -0500] "POST /appsia/controlador HTTP/1.1" 200 5437
186.145.248.181 - - [14/Mar/2022:18:03:52 -0500] "POST /appsia/controlador HTTP/1.1" 200 7793
186.145.248.181 - - [14/Mar/2022:18:03:55 -0500] "POST /appsia/controlador HTTP/1.1" 200 6658
186.145.248.181 - - [14/Mar/2022:18:03:56 -0500] "POST /appsia/controlador HTTP/1.1" 200 13171
192.168.181.161 - - [14/Mar/2022:18:04:16 -0500] "GET /BLA/resoluciones/index.php?dir=RESOLUCIONES+2010%2F HTTP/1.1" 200 1307798
207.241.232.241 - - [14/Mar/2022:18:04:39 -0500] "-" 408 -
190.24.37.214 - - [14/Mar/2022:18:04:47 -0500] "HEAD /appsia/controlador HTTP/1.1" 200 -
190.24.37.214 - - [14/Mar/2022:18:04:47 -0500] "GET /appsia/controlador HTTP/1.1" 200 4799
190.24.37.214 - - [14/Mar/2022:18:05:14 -0500] "POST /appsia/controlador HTTP/1.1" 200 3598
190.24.37.214 - - [14/Mar/2022:18:05:14 -0500] "GET /appsia/jscripts/validarSolicitud.js HTTP/1.1" 404 68
200.118.64.109 - - [14/Mar/2022:18:05:17 -0500] "POST /forms/lservlet;jsessionid=ac16012b30d64dc8fa880ef04420a34799b681b23a19.e3iSbxaKaheRe3qTch0LbxeTa41ynknvrkLOlQzNp65In0 HTTP/1.1" 200 2
186.99.155.87 - - [14/Mar/2022:18:06:56 -0500] "GET /forest/login.do HTTP/1.1" 404 1120
200.118.64.109 - - [14/Mar/2022:18:07:18 -0500] "POST /forms/lservlet;jsessionid=ac16012b30d64dc8fa880ef04420a34799b681b23a19.e3iSbxaKaheRe3qTch0LbxeTa41ynknvrkLOlQzNp65In0 HTTP/1.1" 200 2
216.245.221.92 - - [14/Mar/2022:18:07:27 -0500] "HEAD / HTTP/1.1" 200 -
66.249.73.127 - - [14/Mar/2022:18:07:40 -0500] "-" 408 -
191.156.61.156 - - [14/Mar/2022:18:07:42 -0500] "GET /BLA/resoluciones/RESOLUCIONES%202021/5262.pdf HTTP/1.1" 200 370932
191.156.55.35 - - [14/Mar/2022:18:07:46 -0500] "GET /favicon.ico HTTP/1.1" 200 7782
186.28.122.226 - - [14/Mar/2022:18:09:18 -0500] "GET /BLA/resoluciones/ HTTP/1.1" 200 13093
200.118.64.109 - - [14/Mar/2022:18:09:18 -0500] "POST /forms/lservlet;jsessionid=ac16012b30d64dc8fa880ef04420a34799b681b23a19.e3iSbxaKaheRe3qTch0LbxeTa41ynknvrkLOlQzNp65In0 HTTP/1.1" 200 2
186.28.122.226 - - [14/Mar/2022:18:09:23 -0500] "GET /BLA/resoluciones/index.php?dir=RESOLUCIONES+2019%2F HTTP/1.1" 200 233335
207.46.13.95 - - [14/Mar/2022:18:09:37 -0500] "GET /bla/resoluciones/autos%202014/0171.pdf HTTP/1.1" 200 662665
207.46.13.7 - - [14/Mar/2022:18:10:03 -0500] "GET /bla/resoluciones/autos%202019/0262.pdf HTTP/1.1" 200 268404
190.9.206.132 - - [14/Mar/2022:18:11:00 -0500] "GET /sia/ HTTP/1.1" 200 2661
190.9.206.132 - - [14/Mar/2022:18:11:00 -0500] "GET /css/date_blue.css HTTP/1.1" 404 1254
190.9.206.132 - - [14/Mar/2022:18:11:00 -0500] "GET /css/fondos.css HTTP/1.1" 404 1254
190.9.206.132 - - [14/Mar/2022:18:11:00 -0500] "GET /css/textos.css HTTP/1.1" 404 1254
190.9.206.132 - - [14/Mar/2022:18:11:00 -0500] "GET /css/bordes.css HTTP/1.1" 404 1254
190.9.206.132 - - [14/Mar/2022:18:11:07 -0500] "GET /favicon.ico HTTP/1.1" 200 7782
200.118.64.109 - - [14/Mar/2022:18:11:18 -0500] "POST /forms/lservlet;jsessionid=ac16012b30d64dc8fa880ef04420a34799b681b23a19.e3iSbxaKaheRe3qTch0LbxeTa41ynknvrkLOlQzNp65In0 HTTP/1.1" 200 2
216.245.221.92 - - [14/Mar/2022:18:12:27 -0500] "HEAD / HTTP/1.1" 200 -
191.156.143.243 - - [14/Mar/2022:18:13:10 -0500] "GET /galeria/galeria/jquery.fancybox.css?v=2.1.5 HTTP/1.1" 200 4895
200.118.64.109 - - [14/Mar/2022:18:13:18 -0500] "POST /forms/lservlet;jsessionid=ac16012b30d64dc8fa880ef04420a34799b681b23a19.e3iSbxaKaheRe3qTch0LbxeTa41ynknvrkLOlQzNp65In0 HTTP/1.1" 200 2
201.245.192.253 - - [14/Mar/2022:18:12:34 -0500] "POST /kwsrmcab/Wsrmcab HTTP/1.1" 200 117445
186.30.180.26 - - [14/Mar/2022:18:13:30 -0500] "GET /BLA/resoluciones/ HTTP/1.1" 200 13093
186.30.180.26 - - [14/Mar/2022:18:13:31 -0500] "GET /favicon.ico HTTP/1.1" 200 7782
186.30.180.26 - - [14/Mar/2022:18:13:35 -0500] "GET /BLA/resoluciones/index.php?dir=AUTOS+2010%2F HTTP/1.1" 200 271559
186.80.52.36 - - [14/Mar/2022:18:13:58 -0500] "GET /sipse/faces/presentacion/proyectos/proyecto/proyecto.xhtml HTTP/1.1" 302 -
186.80.52.36 - - [14/Mar/2022:18:13:58 -0500] "GET /sipse/faces/autenticacion.xhtml HTTP/1.1" 200 12169
186.80.52.36 - - [14/Mar/2022:18:13:59 -0500] "GET /sipse/js/disable_browser_buttons.js HTTP/1.1" 304 -
186.80.52.36 - - [14/Mar/2022:18:13:59 -0500] "GET /sipse/js/funciones.js HTTP/1.1" 304 -
186.80.52.36 - - [14/Mar/2022:18:13:59 -0500] "GET /sipse/css/custom_css_sg.css HTTP/1.1" 304 -
186.80.52.36 - - [14/Mar/2022:18:13:59 -0500] "GET /sipse/css/custom_css_sg_prime_login.css HTTP/1.1" 304 -
186.80.52.36 - - [14/Mar/2022:18:13:59 -0500] "GET /sipse/faces/javax.faces.resource/jquery/jquery-plugins.js?ln=primefaces&v=4.0 HTTP/1.1" 304 -
186.80.52.36 - - [14/Mar/2022:18:13:59 -0500] "GET /sipse/faces/javax.faces.resource/layout/layout.css?ln=primefaces&v=4.0 HTTP/1.1" 304 -
186.80.52.36 - - [14/Mar/2022:18:13:59 -0500] "GET /sipse/faces/javax.faces.resource/primefaces.css?ln=primefaces&v=4.0 HTTP/1.1" 304 -
186.80.52.36 - - [14/Mar/2022:18:13:59 -0500] "GET /sipse/faces/javax.faces.resource/theme.css?ln=primefaces-sipse HTTP/1.1" 304 -
186.80.52.36 - - [14/Mar/2022:18:13:59 -0500] "GET /sipse/faces/javax.faces.resource/jquery/jquery.js?ln=primefaces&v=4.0 HTTP/1.1" 304 -
186.80.52.36 - - [14/Mar/2022:18:13:59 -0500] "GET /sipse/faces/javax.faces.resource/primefaces.js?ln=primefaces&v=4.0 HTTP/1.1" 304 -
186.80.52.36 - - [14/Mar/2022:18:13:59 -0500] "GET /sipse/faces/javax.faces.resource/layout/layout.js?ln=primefaces&v=4.0 HTTP/1.1" 304 -
186.80.52.36 - - [14/Mar/2022:18:13:59 -0500] "GET /sipse/css/imagen/logoSDG.png HTTP/1.1" 304 -
186.80.52.36 - - [14/Mar/2022:18:13:59 -0500] "GET /sipse/css/imagen/loginimg.png HTTP/1.1" 304 -
186.80.52.36 - - [14/Mar/2022:18:13:59 -0500] "GET /sipse/faces/javax.faces.resource/images/ui-icons_898989_256x240.png?ln=primefaces-aristo HTTP/1.1" 304 -
186.80.52.36 - - [14/Mar/2022:18:13:59 -0500] "GET /sipse/faces/index.xhtml HTTP/1.1" 200 677
