186.80.52.36 - - [14/Mar/2022:18:13:59 -0500] "GET /sipse/faces/javax.faces.resource/theme.css?ln=primefaces-sipse HTTP/1.1" 304 -
186.80.52.36 - - [14/Mar/2022:18:13:59 -0500] "GET /favicon.ico HTTP/1.1" 200 7782
186.80.52.36 - - [14/Mar/2022:18:13:59 -0500] "GET /sipse/faces/faces/autenticacion.xhtml HTTP/1.1" 200 12169
186.80.52.36 - - [14/Mar/2022:18:13:59 -0500] "GET /sipse/faces/javax.faces.resource/jquery/jquery.js?ln=primefaces&v=4.0 HTTP/1.1" 304 -
186.80.52.36 - - [14/Mar/2022:18:13:59 -0500] "GET /sipse/faces/javax.faces.resource/jquery/jquery-plugins.js?ln=primefaces&v=4.0 HTTP/1.1" 304 -
186.80.52.36 - - [14/Mar/2022:18:13:59 -0500] "GET /sipse/faces/javax.faces.resource/layout/layout.css?ln=primefaces&v=4.0 HTTP/1.1" 304 -
186.80.52.36 - - [14/Mar/2022:18:13:59 -0500] "GET /sipse/faces/javax.faces.resource/primefaces.css?ln=primefaces&v=4.0 HTTP/1.1" 304 -
186.80.52.36 - - [14/Mar/2022:18:13:59 -0500] "GET /sipse/faces/javax.faces.resource/theme.css?ln=primefaces-sipse HTTP/1.1" 304 -
186.80.52.36 - - [14/Mar/2022:18:13:59 -0500] "GET /sipse/faces/javax.faces.resource/primefaces.js?ln=primefaces&v=4.0 HTTP/1.1" 304 -
186.80.52.36 - - [14/Mar/2022:18:13:59 -0500] "GET /sipse/faces/javax.faces.resource/layout/layout.js?ln=primefaces&v=4.0 HTTP/1.1" 304 -
186.80.52.36 - - [14/Mar/2022:18:14:09 -0500] "POST /sipse/faces/autenticacion.xhtml HTTP/1.1" 200 2222
186.80.52.36 - - [14/Mar/2022:18:14:10 -0500] "GET /sipse/faces/javax.faces.resource/messages/messages.png?ln=primefaces&v=4.0 HTTP/1.1" 304 -
186.80.52.36 - - [14/Mar/2022:18:14:11 -0500] "GET /sipse/faces/javax.faces.resource/images/ui-icons_898989_256x240.png?ln=primefaces-aristo HTTP/1.1" 304 -
186.80.52.36 - - [14/Mar/2022:18:14:11 -0500] "POST /sipse/faces/autenticacion.xhtml HTTP/1.1" 200 16245
186.80.52.36 - - [14/Mar/2022:18:14:12 -0500] "GET /sipse/css/custom_css_sg_prime.css HTTP/1.1" 304 -
186.80.52.36 - - [14/Mar/2022:18:14:12 -0500] "GET /sipse/faces/javax.faces.resource/layout/layout.css?ln=primefaces&v=4.0 HTTP/1.1" 304 -
186.80.52.36 - - [14/Mar/2022:18:14:12 -0500] "GET /sipse/faces/javax.faces.resource/theme.css?ln=primefaces-sipse HTTP/1.1" 304 -
186.80.52.36 - - [14/Mar/2022:18:14:12 -0500] "GET /sipse/faces/javax.faces.resource/primefaces.css?ln=primefaces&v=4.0 HTTP/1.1" 304 -
186.80.52.36 - - [14/Mar/2022:18:14:12 -0500] "GET /sipse/js/jquery.min.js HTTP/1.1" 304 -
186.80.52.36 - - [14/Mar/2022:18:14:12 -0500] "GET /sipse/faces/javax.faces.resource/jquery/jquery.js?ln=primefaces&v=4.0 HTTP/1.1" 304 -
186.80.52.36 - - [14/Mar/2022:18:14:12 -0500] "GET /sipse/faces/javax.faces.resource/jquery/jquery-plugins.js?ln=primefaces&v=4.0 HTTP/1.1" 304 -
186.80.52.36 - - [14/Mar/2022:18:14:12 -0500] "GET /sipse/faces/javax.faces.resource/primefaces.js?ln=primefaces&v=4.0 HTTP/1.1" 304 -
186.80.52.36 - - [14/Mar/2022:18:14:12 -0500] "GET /sipse/faces/javax.faces.resource/layout/layout.js?ln=primefaces&v=4.0 HTTP/1.1" 304 -
186.80.52.36 - - [14/Mar/2022:18:14:12 -0500] "GET /sipse/imagenes/cargando.gif HTTP/1.1" 304 -
186.80.52.36 - - [14/Mar/2022:18:14:12 -0500] "GET /sipse/imagenes/logoAplicacion.jpg HTTP/1.1" 304 -
186.80.52.36 - - [14/Mar/2022:18:14:12 -0500] "GET /sipse/css/imagen/contrasena.png HTTP/1.1" 404 383
186.80.52.36 - - [14/Mar/2022:18:14:17 -0500] "GET /sipse/faces/javax.faces.resource/images/ui-bg_flat_0_2d5972_40x100.png?ln=primefaces-aristo HTTP/1.1" 304 -
186.80.52.36 - - [14/Mar/2022:18:14:17 -0500] "POST /sipse/faces/bienvenido.xhtml HTTP/1.1" 200 2060
186.80.52.36 - - [14/Mar/2022:18:14:19 -0500] "POST /sipse/faces/bienvenido.xhtml HTTP/1.1" 200 30337
186.80.52.36 - - [14/Mar/2022:18:14:20 -0500] "GET /sipse/faces/javax.faces.resource/primefaces.css?ln=primefaces&v=4.0 HTTP/1.1" 304 -
186.80.52.36 - - [14/Mar/2022:18:14:20 -0500] "GET /sipse/faces/javax.faces.resource/theme.css?ln=primefaces-sipse HTTP/1.1" 304 -
186.80.52.36 - - [14/Mar/2022:18:14:20 -0500] "GET /sipse/faces/javax.faces.resource/layout/layout.css?ln=primefaces&v=4.0 HTTP/1.1" 304 -
186.80.52.36 - - [14/Mar/2022:18:14:20 -0500] "GET /sipse/css/imagen/contrasena.png HTTP/1.1" 404 383
186.80.52.36 - - [14/Mar/2022:18:14:20 -0500] "GET /sipse/faces/javax.faces.resource/jquery/jquery.js?ln=primefaces&v=4.0 HTTP/1.1" 304 -
186.80.52.36 - - [14/Mar/2022:18:14:20 -0500] "GET /sipse/faces/javax.faces.resource/jquery/jquery-plugins.js?ln=primefaces&v=4.0 HTTP/1.1" 304 -
186.80.52.36 - - [14/Mar/2022:18:14:20 -0500] "GET /sipse/faces/javax.faces.resource/primefaces.js?ln=primefaces&v=4.0 HTTP/1.1" 304 -
186.80.52.36 - - [14/Mar/2022:18:14:20 -0500] "GET /sipse/faces/javax.faces.resource/layout/layout.js?ln=primefaces&v=4.0 HTTP/1.1" 304 -
186.80.52.36 - - [14/Mar/2022:18:14:20 -0500] "POST /sipse/faces/presentacion/financiero/solicitudProceso/listarSolicitudProceso.xhtml HTTP/1.1" 200 1328
186.80.52.36 - - [14/Mar/2022:18:14:23 -0500] "POST /sipse/faces/presentacion/financiero/solicitudProceso/listarSolicitudProceso.xhtml HTTP/1.1" 200 2629
186.80.52.36 - - [14/Mar/2022:18:14:30 -0500] "POST /sipse/faces/presentacion/financiero/solicitudProceso/listarSolicitudProceso.xhtml HTTP/1.1" 200 22633
186.80.52.36 - - [14/Mar/2022:18:14:30 -0500] "POST /sipse/faces/presentacion/financiero/solicitudProceso/listarSolicitudProceso.xhtml HTTP/1.1" 200 22633
186.80.52.36 - - [14/Mar/2022:18:14:30 -0500] "POST /sipse/faces/presentacion/financiero/solicitudProceso/listarSolicitudProceso.xhtml HTTP/1.1" 200 1376
186.80.52.36 - - [14/Mar/2022:18:14:30 -0500] "POST /sipse/faces/presentacion/financiero/solicitudProceso/listarSolicitudProceso.xhtml HTTP/1.1" 200 1376
186.80.52.36 - - [14/Mar/2022:18:14:33 -0500] "POST /sipse/faces/presentacion/financiero/solicitudProceso/listarSolicitudProceso.xhtml HTTP/1.1" 200 2611
54.90.207.183 - - [14/Mar/2022:18:14:37 -0500] "GET / HTTP/1.1" 200 319
186.80.52.36 - - [14/Mar/2022:18:14:35 -0500] "POST /sipse/faces/presentacion/financiero/solicitudProceso/listarSolicitudProceso.xhtml HTTP/1.1" 200 66410
186.80.52.36 - - [14/Mar/2022:18:14:48 -0500] "GET /sipse/faces/javax.faces.resource/theme.css?ln=primefaces-sipse HTTP/1.1" 304 -
186.80.52.36 - - [14/Mar/2022:18:14:48 -0500] "GET /sipse/faces/javax.faces.resource/jquery/jquery.js?ln=primefaces&v=4.0 HTTP/1.1" 304 -
186.80.52.36 - - [14/Mar/2022:18:14:48 -0500] "GET /sipse/faces/javax.faces.resource/primefaces.css?ln=primefaces&v=4.0 HTTP/1.1" 304 -
186.80.52.36 - - [14/Mar/2022:18:14:48 -0500] "GET /sipse/faces/javax.faces.resource/layout/layout.css?ln=primefaces&v=4.0 HTTP/1.1" 304 -
186.80.52.36 - - [14/Mar/2022:18:14:48 -0500] "GET /sipse/faces/javax.faces.resource/jquery/jquery-plugins.js?ln=primefaces&v=4.0 HTTP/1.1" 304 -
186.80.52.36 - - [14/Mar/2022:18:14:48 -0500] "GET /sipse/faces/javax.faces.resource/primefaces.js?ln=primefaces&v=4.0 HTTP/1.1" 304 -
186.80.52.36 - - [14/Mar/2022:18:14:48 -0500] "GET /sipse/faces/javax.faces.resource/layout/layout.js?ln=primefaces&v=4.0 HTTP/1.1" 304 -
186.80.52.36 - - [14/Mar/2022:18:14:48 -0500] "GET /sipse/css/imagen/contrasena.png HTTP/1.1" 404 383
186.80.52.36 - - [14/Mar/2022:18:14:48 -0500] "POST /sipse/faces/presentacion/proyectos/proyecto/listarConsultarProyectos.xhtml HTTP/1.1" 200 59807
186.80.52.36 - - [14/Mar/2022:18:14:50 -0500] "POST /sipse/faces/presentacion/proyectos/proyecto/listarConsultarProyectos.xhtml HTTP/1.1" 200 29362
186.80.52.36 - - [14/Mar/2022:18:14:50 -0500] "GET /sipse/faces/javax.faces.resource/theme.css?ln=primefaces-sipse HTTP/1.1" 304 -
186.80.52.36 - - [14/Mar/2022:18:14:50 -0500] "GET /sipse/faces/javax.faces.resource/primefaces.css?ln=primefaces&v=4.0 HTTP/1.1" 304 -
186.80.52.36 - - [14/Mar/2022:18:14:50 -0500] "GET /sipse/faces/javax.faces.resource/layout/layout.css?ln=primefaces&v=4.0 HTTP/1.1" 304 -
186.80.52.36 - - [14/Mar/2022:18:14:50 -0500] "GET /sipse/faces/javax.faces.resource/jquery/jquery.js?ln=primefaces&v=4.0 HTTP/1.1" 304 -
186.80.52.36 - - [14/Mar/2022:18:14:51 -0500] "GET /sipse/faces/javax.faces.resource/jquery/jquery-plugins.js?ln=primefaces&v=4.0 HTTP/1.1" 304 -
186.80.52.36 - - [14/Mar/2022:18:14:51 -0500] "GET /sipse/faces/javax.faces.resource/primefaces.js?ln=primefaces&v=4.0 HTTP/1.1" 304 -
186.80.52.36 - - [14/Mar/2022:18:14:51 -0500] "GET /sipse/faces/javax.faces.resource/layout/layout.js?ln=primefaces&v=4.0 HTTP/1.1" 304 -
186.80.52.36 - - [14/Mar/2022:18:14:51 -0500] "GET /sipse/css/imagen/contrasena.png HTTP/1.1" 404 383
186.80.52.36 - - [14/Mar/2022:18:14:51 -0500] "POST /sipse/faces/presentacion/proyectos/proyecto/listarProyecto.xhtml HTTP/1.1" 200 22779
186.80.52.36 - - [14/Mar/2022:18:14:51 -0500] "POST /sipse/faces/presentacion/proyectos/proyecto/listarProyecto.xhtml HTTP/1.1" 200 22779
186.80.52.36 - - [14/Mar/2022:18:14:54 -0500] "POST /sipse/faces/presentacion/proyectos/proyecto/listarProyecto.xhtml HTTP/1.1" 200 163
186.80.52.36 - - [14/Mar/2022:18:14:55 -0500] "GET /sipse/faces/presentacion/proyectos/proyecto/proyecto.xhtml HTTP/1.1" 200 86195
186.80.52.36 - - [14/Mar/2022:18:14:56 -0500] "GET /sipse/faces/javax.faces.resource/theme.css?ln=primefaces-sipse HTTP/1.1" 304 -
186.80.52.36 - - [14/Mar/2022:18:14:56 -0500] "GET /sipse/faces/javax.faces.resource/primefaces.css?ln=primefaces&v=4.0 HTTP/1.1" 304 -
186.80.52.36 - - [14/Mar/2022:18:14:56 -0500] "GET /sipse/faces/javax.faces.resource/layout/layout.css?ln=primefaces&v=4.0 HTTP/1.1" 304 -
186.80.52.36 - - [14/Mar/2022:18:14:56 -0500] "GET /sipse/faces/javax.faces.resource/jquery/jquery.js?ln=primefaces&v=4.0 HTTP/1.1" 304 -
186.80.52.36 - - [14/Mar/2022:18:14:56 -0500] "GET /sipse/faces/javax.faces.resource/jquery/jquery-plugins.js?ln=primefaces&v=4.0 HTTP/1.1" 304 -
186.80.52.36 - - [14/Mar/2022:18:14:56 -0500] "GET /sipse/faces/javax.faces.resource/primefaces.js?ln=primefaces&v=4.0 HTTP/1.1" 304 -
186.80.52.36 - - [14/Mar/2022:18:14:56 -0500] "GET /sipse/faces/javax.faces.resource/layout/layout.js?ln=primefaces&v=4.0 HTTP/1.1" 304 -
186.80.52.36 - - [14/Mar/2022:18:14:57 -0500] "POST /sipse/faces/presentacion/proyectos/proyecto/proyecto.xhtml HTTP/1.1" 200 3349
186.80.52.36 - - [14/Mar/2022:18:15:00 -0500] "POST /sipse/faces/presentacion/proyectos/proyecto/proyecto.xhtml HTTP/1.1" 200 36164
186.80.52.36 - - [14/Mar/2022:18:15:01 -0500] "GET /sipse/faces/javax.faces.resource/spacer/dot_clear.gif?ln=primefaces&v=4.0 HTTP/1.1" 304 -
186.80.52.36 - - [14/Mar/2022:18:15:01 -0500] "POST /sipse/faces/presentacion/proyectos/proyecto/proyecto.xhtml HTTP/1.1" 200 4046
200.118.64.109 - - [14/Mar/2022:18:15:18 -0500] "POST /forms/lservlet;jsessionid=ac16012b30d64dc8fa880ef04420a34799b681b23a19.e3iSbxaKaheRe3qTch0LbxeTa41ynknvrkLOlQzNp65In0 HTTP/1.1" 200 2
186.102.3.158 - - [14/Mar/2022:18:15:24 -0500] "OPTIONS /kwssiamovil/sm/setfile/f? HTTP/1.1" 200 13
186.102.3.158 - - [14/Mar/2022:18:15:24 -0500] "POST /kwssiamovil/sm/setfile/f? HTTP/1.1" 200 381
186.102.3.158 - - [14/Mar/2022:18:15:34 -0500] "OPTIONS /kwssiamovil/sm/setfile/f? HTTP/1.1" 200 13
186.102.3.158 - - [14/Mar/2022:18:15:34 -0500] "POST /kwssiamovil/sm/setfile/f? HTTP/1.1" 200 381
186.102.3.158 - - [14/Mar/2022:18:15:41 -0500] "OPTIONS /kwssiamovil/sm/setfile/f? HTTP/1.1" 200 13
186.102.3.158 - - [14/Mar/2022:18:15:41 -0500] "POST /kwssiamovil/sm/setfile/f? HTTP/1.1" 200 381
186.102.3.158 - - [14/Mar/2022:18:15:47 -0500] "OPTIONS /kwssiamovil/sm/setfile/f? HTTP/1.1" 200 13
186.102.3.158 - - [14/Mar/2022:18:15:48 -0500] "POST /kwssiamovil/sm/setfile/f? HTTP/1.1" 200 381
186.102.3.158 - - [14/Mar/2022:18:15:57 -0500] "OPTIONS /kwssiamovil/sm/setfile/f? HTTP/1.1" 200 13
186.102.3.158 - - [14/Mar/2022:18:15:58 -0500] "POST /kwssiamovil/sm/setfile/f? HTTP/1.1" 200 381
190.9.206.132 - - [14/Mar/2022:18:16:07 -0500] "GET /galeria/galeria/jquery.fancybox.css?v=2.1.5 HTTP/1.1" 200 4895
190.9.206.132 - - [14/Mar/2022:18:16:07 -0500] "GET /galeria/galeria/jquery.fancybox.js?v=2.1.5 HTTP/1.1" 200 48706
190.9.206.132 - - [14/Mar/2022:18:16:07 -0500] "GET /BLA/boletinlegal/js/jquery.scrollShow.js HTTP/1.1" 200 4586
186.102.3.158 - - [14/Mar/2022:18:16:19 -0500] "OPTIONS /kwssiamovil/sm/setfile/f? HTTP/1.1" 200 13
186.102.3.158 - - [14/Mar/2022:18:16:19 -0500] "POST /kwssiamovil/sm/setfile/f? HTTP/1.1" 200 381
192.168.181.161 - - [14/Mar/2022:18:16:31 -0500] "GET /BLA/resoluciones/index.php?dir=RESOLUCIONES+2011%2F HTTP/1.1" 200 744610
186.102.3.158 - - [14/Mar/2022:18:16:33 -0500] "OPTIONS /kwssiamovil/sm/setfile/f? HTTP/1.1" 200 13
186.102.3.158 - - [14/Mar/2022:18:16:33 -0500] "POST /kwssiamovil/sm/setfile/f? HTTP/1.1" 200 381
186.102.3.158 - - [14/Mar/2022:18:16:39 -0500] "OPTIONS /kwssiamovil/sm/setfile/f? HTTP/1.1" 200 13
66.220.149.15 - - [14/Mar/2022:18:16:42 -0500] "GET /asi-es-el-tramite-para-obtener-el-certificado-de-conservacion-ambiental-2022.html HTTP/1.1" 206 935
66.220.149.25 - - [14/Mar/2022:18:16:43 -0500] "GET /asi-es-el-tramite-para-obtener-el-certificado-de-conservacion-ambiental-2022.html HTTP/1.1" 206 935
66.220.149.4 - - [14/Mar/2022:18:16:43 -0500] "GET /asi-es-el-tramite-para-obtener-el-certificado-de-conservacion-ambiental-2022.html HTTP/1.1" 206 935
66.220.149.9 - - [14/Mar/2022:18:16:43 -0500] "GET /asi-es-el-tramite-para-obtener-el-certificado-de-conservacion-ambiental-2022.html HTTP/1.1" 206 935
66.220.149.117 - - [14/Mar/2022:18:16:43 -0500] "GET /asi-es-el-tramite-para-obtener-el-certificado-de-conservacion-ambiental-2022.html HTTP/1.1" 206 935
66.220.149.120 - - [14/Mar/2022:18:16:43 -0500] "GET /asi-es-el-tramite-para-obtener-el-certificado-de-conservacion-ambiental-2022.html HTTP/1.1" 206 935
66.220.149.17 - - [14/Mar/2022:18:16:43 -0500] "GET /asi-es-el-tramite-para-obtener-el-certificado-de-conservacion-ambiental-2022.html HTTP/1.1" 206 935
66.220.149.15 - - [14/Mar/2022:18:16:43 -0500] "GET /asi-es-el-tramite-para-obtener-el-certificado-de-conservacion-ambiental-2022.html HTTP/1.1" 206 935
66.220.149.4 - - [14/Mar/2022:18:16:43 -0500] "GET /asi-es-el-tramite-para-obtener-el-certificado-de-conservacion-ambiental-2022.html HTTP/1.1" 206 935
186.102.3.158 - - [14/Mar/2022:18:16:40 -0500] "POST /kwssiamovil/sm/setfile/f? HTTP/1.1" 200 381
186.102.3.158 - - [14/Mar/2022:18:16:49 -0500] "OPTIONS /kwssiamovil/sm/setfile/f? HTTP/1.1" 200 13
186.102.3.158 - - [14/Mar/2022:18:16:49 -0500] "POST /kwssiamovil/sm/setfile/f? HTTP/1.1" 200 381
186.80.52.36 - - [14/Mar/2022:18:17:08 -0500] "GET /sipse/faces/javax.faces.resource/jquery/jquery-plugins.js?ln=primefaces&v=4.0 HTTP/1.1" 304 -
186.80.52.36 - - [14/Mar/2022:18:17:08 -0500] "GET /sipse/faces/javax.faces.resource/primefaces.js?ln=primefaces&v=4.0 HTTP/1.1" 304 -
186.80.52.36 - - [14/Mar/2022:18:17:08 -0500] "GET /sipse/faces/javax.faces.resource/layout/layout.js?ln=primefaces&v=4.0 HTTP/1.1" 304 -
186.80.52.36 - - [14/Mar/2022:18:17:08 -0500] "GET /sipse/faces/javax.faces.resource/images/ui-icons_898989_256x240.png?ln=primefaces-aristo HTTP/1.1" 304 -
186.80.52.36 - - [14/Mar/2022:18:17:08 -0500] "GET /sipse/faces/presentacion/proyectos/proyecto/proyecto.xhtml HTTP/1.1" 200 85717
186.80.52.36 - - [14/Mar/2022:18:17:09 -0500] "POST /sipse/faces/presentacion/proyectos/proyecto/proyecto.xhtml HTTP/1.1" 200 3349
186.80.52.36 - - [14/Mar/2022:18:17:10 -0500] "POST /sipse/faces/presentacion/proyectos/proyecto/proyecto.xhtml HTTP/1.1" 200 29362
186.80.52.36 - - [14/Mar/2022:18:17:10 -0500] "GET /sipse/faces/javax.faces.resource/theme.css?ln=primefaces-sipse HTTP/1.1" 304 -
186.80.52.36 - - [14/Mar/2022:18:17:10 -0500] "GET /sipse/faces/javax.faces.resource/primefaces.css?ln=primefaces&v=4.0 HTTP/1.1" 304 -
186.80.52.36 - - [14/Mar/2022:18:17:10 -0500] "GET /sipse/faces/javax.faces.resource/layout/layout.css?ln=primefaces&v=4.0 HTTP/1.1" 304 -
186.80.52.36 - - [14/Mar/2022:18:17:10 -0500] "GET /sipse/faces/javax.faces.resource/jquery/jquery.js?ln=primefaces&v=4.0 HTTP/1.1" 304 -
186.80.52.36 - - [14/Mar/2022:18:17:10 -0500] "GET /sipse/faces/javax.faces.resource/jquery/jquery-plugins.js?ln=primefaces&v=4.0 HTTP/1.1" 304 -
186.80.52.36 - - [14/Mar/2022:18:17:10 -0500] "GET /sipse/faces/javax.faces.resource/primefaces.js?ln=primefaces&v=4.0 HTTP/1.1" 304 -
186.80.52.36 - - [14/Mar/2022:18:17:11 -0500] "GET /sipse/faces/javax.faces.resource/layout/layout.js?ln=primefaces&v=4.0 HTTP/1.1" 304 -
186.80.52.36 - - [14/Mar/2022:18:17:11 -0500] "GET /sipse/faces/javax.faces.resource/images/ui-icons_898989_256x240.png?ln=primefaces-aristo HTTP/1.1" 304 -
186.80.52.36 - - [14/Mar/2022:18:17:12 -0500] "POST /sipse/faces/presentacion/proyectos/proyecto/listarProyecto.xhtml HTTP/1.1" 200 163
186.80.52.36 - - [14/Mar/2022:18:17:14 -0500] "GET /sipse/faces/javax.faces.resource/theme.css?ln=primefaces-sipse HTTP/1.1" 304 -
186.80.52.36 - - [14/Mar/2022:18:17:14 -0500] "GET /sipse/faces/javax.faces.resource/primefaces.css?ln=primefaces&v=4.0 HTTP/1.1" 304 -
186.80.52.36 - - [14/Mar/2022:18:17:14 -0500] "GET /sipse/faces/javax.faces.resource/jquery/jquery.js?ln=primefaces&v=4.0 HTTP/1.1" 304 -
186.80.52.36 - - [14/Mar/2022:18:17:14 -0500] "GET /sipse/faces/javax.faces.resource/layout/layout.css?ln=primefaces&v=4.0 HTTP/1.1" 304 -
186.80.52.36 - - [14/Mar/2022:18:17:14 -0500] "GET /sipse/faces/javax.faces.resource/jquery/jquery-plugins.js?ln=primefaces&v=4.0 HTTP/1.1" 304 -
186.80.52.36 - - [14/Mar/2022:18:17:14 -0500] "GET /sipse/faces/javax.faces.resource/primefaces.js?ln=primefaces&v=4.0 HTTP/1.1" 304 -
186.80.52.36 - - [14/Mar/2022:18:17:14 -0500] "GET /sipse/faces/javax.faces.resource/layout/layout.js?ln=primefaces&v=4.0 HTTP/1.1" 304 -
186.80.52.36 - - [14/Mar/2022:18:17:13 -0500] "GET /sipse/faces/presentacion/proyectos/proyecto/proyecto.xhtml HTTP/1.1" 200 86287
186.80.52.36 - - [14/Mar/2022:18:17:14 -0500] "POST /sipse/faces/presentacion/proyectos/proyecto/proyecto.xhtml HTTP/1.1" 200 3349
186.80.52.36 - - [14/Mar/2022:18:17:17 -0500] "POST /sipse/faces/presentacion/proyectos/proyecto/proyecto.xhtml HTTP/1.1" 200 38083
186.80.52.36 - - [14/Mar/2022:18:17:18 -0500] "GET /sipse/faces/javax.faces.resource/spacer/dot_clear.gif?ln=primefaces&v=4.0 HTTP/1.1" 304 -
200.118.64.109 - - [14/Mar/2022:18:17:18 -0500] "POST /forms/lservlet;jsessionid=ac16012b30d64dc8fa880ef04420a34799b681b23a19.e3iSbxaKaheRe3qTch0LbxeTa41ynknvrkLOlQzNp65In0 HTTP/1.1" 200 2
186.80.52.36 - - [14/Mar/2022:18:17:18 -0500] "POST /sipse/faces/presentacion/proyectos/proyecto/proyecto.xhtml HTTP/1.1" 200 4046
192.168.181.161 - - [14/Mar/2022:18:17:21 -0500] "GET /BLA/resoluciones/index.php?dir=RESOLUCIONES+2006%2F HTTP/1.1" 200 38542
216.245.221.92 - - [14/Mar/2022:18:17:27 -0500] "HEAD / HTTP/1.1" 200 -
192.168.181.161 - - [14/Mar/2022:18:17:32 -0500] "GET /BLA/resoluciones/index.php?dir=AUTOS+2006%2F HTTP/1.1" 200 9681
192.168.181.161 - - [14/Mar/2022:18:17:35 -0500] "GET /BLA/resoluciones/index.php?dir=AUTOS+2006%2FAUTOS+2006+1501+-+1600%2F HTTP/1.1" 200 22232
186.80.52.36 - - [14/Mar/2022:18:17:40 -0500] "POST /sipse/faces/presentacion/proyectos/proyecto/proyecto.xhtml HTTP/1.1" 200 30499
186.80.0.248 - - [14/Mar/2022:18:18:11 -0500] "GET /galeria/galeria/jquery.fancybox.css?v=2.1.5 HTTP/1.1" 200 4895
186.80.0.248 - - [14/Mar/2022:18:18:11 -0500] "GET /BLA/boletinlegal/js/jquery.scrollShow.js HTTP/1.1" 200 4586
186.80.0.248 - - [14/Mar/2022:18:18:11 -0500] "GET /galeria/galeria/jquery.fancybox.js?v=2.1.5 HTTP/1.1" 200 48706
173.252.127.8 - - [14/Mar/2022:18:18:44 -0500] "GET /asi-es-el-tramite-para-obtener-el-certificado-de-conservacion-ambiental-2022.html?fbclid=IwAR03B6_qXR4mPR91P89EXjOi0tysgXXzd6Mh4d6BGkM9l2RlsXdXBCTfGvI HTTP/1.1" 200 935
192.168.181.161 - - [14/Mar/2022:18:18:57 -0500] "GET /BLA/resoluciones/index.php?dir=RESOLUCIONES+2018%2F HTTP/1.1" 200 257152
192.168.181.161 - - [14/Mar/2022:18:19:04 -0500] "GET /BLA/resoluciones/RESOLUCIONES%202018/0433.pdf HTTP/1.1" 200 615597
200.118.64.109 - - [14/Mar/2022:18:19:18 -0500] "POST /forms/lservlet;jsessionid=ac16012b30d64dc8fa880ef04420a34799b681b23a19.e3iSbxaKaheRe3qTch0LbxeTa41ynknvrkLOlQzNp65In0 HTTP/1.1" 200 2
207.241.232.241 - - [14/Mar/2022:18:19:48 -0500] "-" 408 -
192.168.181.161 - - [14/Mar/2022:18:19:48 -0500] "GET /BLA/resoluciones/index.php?dir=RESOLUCIONES+2011%2F HTTP/1.1" 200 744610
199.16.157.180 - - [14/Mar/2022:18:20:48 -0500] "GET /images/humedales-agua-14-diciembre.jpg HTTP/1.1" 200 111054
186.84.21.137 - - [14/Mar/2022:18:21:01 -0500] "GET /ciudad-bolivar-y-puente-aranda-se-alistan-para-una-nueva-llantaton.html HTTP/1.1" 200 991
66.249.73.127 - - [14/Mar/2022:18:21:11 -0500] "-" 408 -
200.118.64.109 - - [14/Mar/2022:18:21:18 -0500] "POST /forms/lservlet;jsessionid=ac16012b30d64dc8fa880ef04420a34799b681b23a19.e3iSbxaKaheRe3qTch0LbxeTa41ynknvrkLOlQzNp65In0 HTTP/1.1" 200 2
201.245.192.253 - - [14/Mar/2022:18:20:46 -0500] "POST /kwsrmcab/Wsrmcab HTTP/1.1" 200 46143
69.63.184.2 - - [14/Mar/2022:18:21:36 -0500] "GET /ciudad-bolivar-y-puente-aranda-se-alistan-para-una-nueva-llantaton.html HTTP/1.1" 206 991
186.80.0.248 - - [14/Mar/2022:18:21:58 -0500] "GET /sia/ HTTP/1.1" 200 2661
186.80.0.248 - - [14/Mar/2022:18:21:58 -0500] "GET /css/date_blue.css HTTP/1.1" 404 1254
186.80.0.248 - - [14/Mar/2022:18:21:58 -0500] "GET /css/fondos.css HTTP/1.1" 404 1254
186.80.0.248 - - [14/Mar/2022:18:21:58 -0500] "GET /css/textos.css HTTP/1.1" 404 1254
186.80.0.248 - - [14/Mar/2022:18:21:58 -0500] "GET /css/bordes.css HTTP/1.1" 404 1254
186.80.0.248 - - [14/Mar/2022:18:21:59 -0500] "GET /favicon.ico HTTP/1.1" 200 7782
201.245.192.253 - - [14/Mar/2022:18:21:33 -0500] "POST /kwsrmcab/Wsrmcab HTTP/1.1" 200 117445
201.245.192.253 - - [14/Mar/2022:18:21:35 -0500] "POST /kwsrmcab/Wsrmcab HTTP/1.1" 200 46488
200.118.64.109 - - [14/Mar/2022:18:23:18 -0500] "POST /forms/lservlet;jsessionid=ac16012b30d64dc8fa880ef04420a34799b681b23a19.e3iSbxaKaheRe3qTch0LbxeTa41ynknvrkLOlQzNp65In0 HTTP/1.1" 200 2
191.156.148.151 - - [14/Mar/2022:18:23:20 -0500] "GET /galeria/galeria/jquery.fancybox.css?v=2.1.5 HTTP/1.1" 200 4895
190.158.204.28 - - [14/Mar/2022:18:24:41 -0500] "GET /alcaldesa-claudia-lopez-les-dio-la-bienvenida-a-las-sembradoras-por-la-reactivaccion.html HTTP/1.1" 200 1264
207.46.13.95 - - [14/Mar/2022:18:24:50 -0500] "GET /bla/resoluciones/autos%202014/0988.pdf HTTP/1.1" 200 551216
200.118.64.109 - - [14/Mar/2022:18:25:19 -0500] "POST /forms/lservlet;jsessionid=ac16012b30d64dc8fa880ef04420a34799b681b23a19.e3iSbxaKaheRe3qTch0LbxeTa41ynknvrkLOlQzNp65In0 HTTP/1.1" 200 2
191.156.50.251 - - [14/Mar/2022:18:25:19 -0500] "GET /css/fondos.css HTTP/1.1" 404 1254
191.156.58.40 - - [14/Mar/2022:18:25:19 -0500] "GET /css/date_blue.css HTTP/1.1" 404 1254
191.156.53.197 - - [14/Mar/2022:18:25:20 -0500] "GET /css/textos.css HTTP/1.1" 404 1254
191.156.53.197 - - [14/Mar/2022:18:25:20 -0500] "GET /css/bordes.css HTTP/1.1" 404 1254
190.145.207.68 - - [14/Mar/2022:18:26:07 -0500] "GET /BLA/resoluciones/ HTTP/1.1" 200 13093
186.77.196.183 - - [14/Mar/2022:18:26:12 -0500] "GET /BLA/boletinlegal/js/jquery.scrollShow.js HTTP/1.1" 200 4586
186.77.196.183 - - [14/Mar/2022:18:26:12 -0500] "GET /galeria/galeria/jquery.fancybox.js?v=2.1.5 HTTP/1.1" 200 48706
186.77.196.183 - - [14/Mar/2022:18:26:12 -0500] "GET /galeria/galeria/jquery.fancybox.css?v=2.1.5 HTTP/1.1" 200 4895
190.145.207.68 - - [14/Mar/2022:18:26:15 -0500] "GET /BLA/resoluciones/index.php?dir=AUTOS+2019%2F HTTP/1.1" 200 339066
200.118.64.109 - - [14/Mar/2022:18:27:19 -0500] "POST /forms/lservlet;jsessionid=ac16012b30d64dc8fa880ef04420a34799b681b23a19.e3iSbxaKaheRe3qTch0LbxeTa41ynknvrkLOlQzNp65In0 HTTP/1.1" 200 2
181.60.40.95 - - [14/Mar/2022:18:27:30 -0500] "GET /galeria/galeria/jquery.fancybox.css?v=2.1.5 HTTP/1.1" 200 4895
181.60.40.95 - - [14/Mar/2022:18:27:30 -0500] "GET /BLA/boletinlegal/js/jquery.scrollShow.js HTTP/1.1" 200 4586
181.60.40.95 - - [14/Mar/2022:18:27:30 -0500] "GET /galeria/galeria/jquery.fancybox.js?v=2.1.5 HTTP/1.1" 200 48706
183.136.226.3 - - [14/Mar/2022:18:28:33 -0500] "GET / HTTP/1.1" 200 319
192.168.181.161 - - [14/Mar/2022:18:28:33 -0500] "GET /BLA/resoluciones/index.php?dir=RESOLUCIONES+2011%2F HTTP/1.1" 200 744610
40.77.167.26 - - [14/Mar/2022:18:28:42 -0500] "GET /bla/resoluciones/autos%202014/0130.pdf HTTP/1.1" 200 811649
200.118.64.109 - - [14/Mar/2022:18:29:19 -0500] "POST /forms/lservlet;jsessionid=ac16012b30d64dc8fa880ef04420a34799b681b23a19.e3iSbxaKaheRe3qTch0LbxeTa41ynknvrkLOlQzNp65In0 HTTP/1.1" 200 2
192.168.181.161 - - [14/Mar/2022:18:29:35 -0500] "GET /BLA/resoluciones/index.php?dir=RESOLUCIONES+2009%2F HTTP/1.1" 200 1694101
216.245.221.92 - - [14/Mar/2022:18:30:28 -0500] "HEAD / HTTP/1.1" 200 -
186.28.175.59 - - [14/Mar/2022:18:30:37 -0500] "GET /galeria/galeria/jquery.fancybox.css?v=2.1.5 HTTP/1.1" 200 4895
200.118.64.109 - - [14/Mar/2022:18:31:19 -0500] "POST /forms/lservlet;jsessionid=ac16012b30d64dc8fa880ef04420a34799b681b23a19.e3iSbxaKaheRe3qTch0LbxeTa41ynknvrkLOlQzNp65In0 HTTP/1.1" 200 2
181.63.89.23 - - [14/Mar/2022:18:31:30 -0500] "GET /galeria/galeria/jquery.fancybox.css?v=2.1.5 HTTP/1.1" 200 4895
190.159.20.62 - - [14/Mar/2022:18:31:31 -0500] "GET /BLA/resoluciones/RESOLUCIONES%202010/3666.pdf HTTP/1.1" 200 623318
190.159.20.62 - - [14/Mar/2022:18:31:31 -0500] "GET /BLA/resoluciones/RESOLUCIONES%202010/3666.pdf HTTP/1.1" 206 1025
190.159.20.62 - - [14/Mar/2022:18:31:31 -0500] "GET /BLA/resoluciones/RESOLUCIONES%202010/3666.pdf HTTP/1.1" 200 623318
201.245.192.253 - - [14/Mar/2022:18:30:46 -0500] "POST /kwsrmcab/Wsrmcab HTTP/1.1" 200 46143
192.168.181.161 - - [14/Mar/2022:18:31:42 -0500] "GET /BLA/resoluciones/index.php?dir=AUTOS+2021%2F HTTP/1.1" 200 320912
201.245.192.253 - - [14/Mar/2022:18:31:34 -0500] "POST /kwsrmcab/Wsrmcab HTTP/1.1" 200 46488
201.245.192.253 - - [14/Mar/2022:18:31:47 -0500] "POST /kwsrmcab/Wsrmcab HTTP/1.1" 200 117445
181.53.13.95 - - [14/Mar/2022:18:32:44 -0500] "GET /BLA/resoluciones/RESOLUCIONES%202020/1969.pdf HTTP/1.1" 200 518292
200.118.64.109 - - [14/Mar/2022:18:33:19 -0500] "POST /forms/lservlet;jsessionid=ac16012b30d64dc8fa880ef04420a34799b681b23a19.e3iSbxaKaheRe3qTch0LbxeTa41ynknvrkLOlQzNp65In0 HTTP/1.1" 200 2
191.95.31.232 - - [14/Mar/2022:18:33:22 -0500] "GET /galeria/galeria/jquery.fancybox.css?v=2.1.5 HTTP/1.1" 200 4895
192.168.181.161 - - [14/Mar/2022:18:34:20 -0500] "GET /BLA/resoluciones/index.php?dir=AUTOS+2006%2F HTTP/1.1" 200 9681
192.168.181.161 - - [14/Mar/2022:18:34:28 -0500] "GET /BLA/resoluciones/index.php?dir=AUTOS+2006%2FAUTOS+2006+901-1000%2F HTTP/1.1" 200 21877
45.146.165.37 - - [14/Mar/2022:18:34:32 -0500] "GET /solr/admin/info/system?wt=json HTTP/1.1" 404 1018
207.241.232.241 - - [14/Mar/2022:18:34:51 -0500] "-" 408 -
191.92.180.72 - - [14/Mar/2022:18:35:14 -0500] "GET /BLA/resoluciones/RESOLUCIONES%202019/3234.pdf HTTP/1.1" 200 339232
200.118.64.109 - - [14/Mar/2022:18:35:19 -0500] "POST /forms/lservlet;jsessionid=ac16012b30d64dc8fa880ef04420a34799b681b23a19.e3iSbxaKaheRe3qTch0LbxeTa41ynknvrkLOlQzNp65In0 HTTP/1.1" 200 2
192.168.181.161 - - [14/Mar/2022:18:35:46 -0500] "GET /BLA/resoluciones/index.php?dir=AUTOS+2009%2F HTTP/1.1" 200 399207
186.80.0.248 - - [14/Mar/2022:18:36:43 -0500] "GET /BLA/resoluciones/RESOLUCIONES%202021/1271.pdf HTTP/1.1" 200 438323
191.156.79.203 - - [14/Mar/2022:18:37:06 -0500] "GET /galeria/galeria/jquery.fancybox.css?v=2.1.5 HTTP/1.1" 200 4895
200.118.64.109 - - [14/Mar/2022:18:37:19 -0500] "POST /forms/lservlet;jsessionid=ac16012b30d64dc8fa880ef04420a34799b681b23a19.e3iSbxaKaheRe3qTch0LbxeTa41ynknvrkLOlQzNp65In0 HTTP/1.1" 200 2
216.245.221.92 - - [14/Mar/2022:18:37:28 -0500] "HEAD / HTTP/1.1" 200 -
192.168.181.161 - - [14/Mar/2022:18:38:53 -0500] "GET /BLA/resoluciones/index.php?dir=AUTOS+2009%2F HTTP/1.1" 200 399207
200.118.64.109 - - [14/Mar/2022:18:39:19 -0500] "POST /forms/lservlet;jsessionid=ac16012b30d64dc8fa880ef04420a34799b681b23a19.e3iSbxaKaheRe3qTch0LbxeTa41ynknvrkLOlQzNp65In0 HTTP/1.1" 200 2
45.146.165.37 - - [14/Mar/2022:18:39:44 -0500] "GET /index.php?s=/Index/\\think\\app/invokefunction&function=call_user_func_array&vars[0]=md5&vars[1][]=HelloThinkPHP21 HTTP/1.1" 404 1018
200.118.64.109 - - [14/Mar/2022:18:41:19 -0500] "POST /forms/lservlet;jsessionid=ac16012b30d64dc8fa880ef04420a34799b681b23a19.e3iSbxaKaheRe3qTch0LbxeTa41ynknvrkLOlQzNp65In0 HTTP/1.1" 200 2
213.186.1.246 - - [14/Mar/2022:18:41:21 -0500] "-" 408 -
201.245.192.253 - - [14/Mar/2022:18:40:46 -0500] "POST /kwsrmcab/Wsrmcab HTTP/1.1" 200 46143
186.119.103.18 - - [14/Mar/2022:18:41:39 -0500] "GET /secretaria-de-ambiente-abre-ciclo-de-capacitaciones-sobre-techos-verdes-y-jardines-verticales.html?fbclid=IwAR36UlkDAsZEFGcl05DMmpKCBoybCQ1diNyVk_xSreKDJgS3kclwVmUDakE HTTP/1.1" 200 1078
201.245.192.253 - - [14/Mar/2022:18:41:32 -0500] "POST /kwsrmcab/Wsrmcab HTTP/1.1" 200 46488
181.51.104.58 - - [14/Mar/2022:18:42:26 -0500] "-" 408 -
181.51.104.58 - - [14/Mar/2022:18:42:26 -0500] "-" 408 -
201.245.192.253 - - [14/Mar/2022:18:41:41 -0500] "POST /kwsrmcab/Wsrmcab HTTP/1.1" 200 117445
216.245.221.92 - - [14/Mar/2022:18:42:27 -0500] "HEAD / HTTP/1.1" 200 -
200.118.64.109 - - [14/Mar/2022:18:43:20 -0500] "POST /forms/lservlet;jsessionid=ac16012b30d64dc8fa880ef04420a34799b681b23a19.e3iSbxaKaheRe3qTch0LbxeTa41ynknvrkLOlQzNp65In0 HTTP/1.1" 200 2
181.57.147.176 - - [14/Mar/2022:18:43:54 -0500] "GET /BLA/resoluciones/RESOLUCIONES%202019/2540.pdf HTTP/1.1" 200 381644
181.57.147.176 - - [14/Mar/2022:18:43:54 -0500] "GET /favicon.ico HTTP/1.1" 200 7782
207.46.13.114 - - [14/Mar/2022:18:44:04 -0500] "GET /IsolucionSDA/bancoconocimiento/C/ConsultayPrestamodeDocumentos_v4/ConsultayPrestamodeDocumentos_v4.asp?IdArticulo=1955 HTTP/1.1" 404 5225
201.244.172.107 - - [14/Mar/2022:18:44:55 -0500] "GET / HTTP/1.1" 200 319
201.244.172.107 - - [14/Mar/2022:18:44:56 -0500] "GET /favicon.ico HTTP/1.1" 200 7782
207.46.13.7 - - [14/Mar/2022:18:44:56 -0500] "GET /bla/resoluciones/autos%202014/2944.pdf HTTP/1.1" 200 476524
37.113.46.20 - - [14/Mar/2022:18:45:04 -0500] "GET / HTTP/1.0" 200 319
200.118.64.109 - - [14/Mar/2022:18:45:20 -0500] "POST /forms/lservlet;jsessionid=ac16012b30d64dc8fa880ef04420a34799b681b23a19.e3iSbxaKaheRe3qTch0LbxeTa41ynknvrkLOlQzNp65In0 HTTP/1.1" 200 2
186.99.154.240 - - [14/Mar/2022:18:47:03 -0500] "GET /BLA/resoluciones/RESOLUCIONES%202014/3296.pdf HTTP/1.1" 200 1938166
200.118.64.109 - - [14/Mar/2022:18:47:20 -0500] "POST /forms/lservlet;jsessionid=ac16012b30d64dc8fa880ef04420a34799b681b23a19.e3iSbxaKaheRe3qTch0LbxeTa41ynknvrkLOlQzNp65In0 HTTP/1.1" 200 2
216.245.221.92 - - [14/Mar/2022:18:47:27 -0500] "HEAD / HTTP/1.1" 200 -
186.145.127.249 - - [14/Mar/2022:18:48:56 -0500] "GET /secretaria-de-ambiente-abre-ciclo-de-capacitaciones-sobre-techos-verdes-y-jardines-verticales.html HTTP/1.1" 200 1078
200.118.64.109 - - [14/Mar/2022:18:49:20 -0500] "POST /forms/lservlet;jsessionid=ac16012b30d64dc8fa880ef04420a34799b681b23a19.e3iSbxaKaheRe3qTch0LbxeTa41ynknvrkLOlQzNp65In0 HTTP/1.1" 200 2
207.241.232.241 - - [14/Mar/2022:18:49:58 -0500] "-" 408 -
201.185.147.85 - - [14/Mar/2022:18:50:00 -0500] "GET /galeria/galeria/jquery.fancybox.css?v=2.1.5 HTTP/1.1" 200 4895
201.185.147.85 - - [14/Mar/2022:18:50:00 -0500] "GET /galeria/galeria/jquery.fancybox.js?v=2.1.5 HTTP/1.1" 200 48706
201.185.147.85 - - [14/Mar/2022:18:50:00 -0500] "GET /BLA/boletinlegal/js/jquery.scrollShow.js HTTP/1.1" 200 4586
201.185.147.85 - - [14/Mar/2022:18:50:01 -0500] "GET /galeria/carrusel/Carrusel/jquery.thumbnailScroller.css HTTP/1.1" 200 2066
201.185.147.85 - - [14/Mar/2022:18:50:01 -0500] "GET /galeria/carrusel/Carrusel/jquery-ui-1.8.13.custom.min.js HTTP/1.1" 200 10800
201.185.147.85 - - [14/Mar/2022:18:50:01 -0500] "GET /galeria/carrusel/Carrusel/jquery.thumbnailScroller.js HTTP/1.1" 200 8157
201.185.147.85 - - [14/Mar/2022:18:50:02 -0500] "GET /galeria/nivo-slider/demo/banner.html HTTP/1.1" 200 5446
201.185.147.85 - - [14/Mar/2022:18:50:02 -0500] "GET /galeria/nivo-slider/themes/default/default.css HTTP/1.1" 200 1569
201.185.147.85 - - [14/Mar/2022:18:50:02 -0500] "GET /galeria/nivo-slider/themes/pascal/pascal.css HTTP/1.1" 200 2258
201.185.147.85 - - [14/Mar/2022:18:50:02 -0500] "GET /galeria/nivo-slider/themes/orman/orman.css HTTP/1.1" 200 2152
201.185.147.85 - - [14/Mar/2022:18:50:02 -0500] "GET /galeria/nivo-slider/nivo-slider.css HTTP/1.1" 200 1507
201.185.147.85 - - [14/Mar/2022:18:50:02 -0500] "GET /galeria/nivo-slider/demo/style.css HTTP/1.1" 200 2222
201.185.147.85 - - [14/Mar/2022:18:50:02 -0500] "GET /galeria/nivo-slider/demo/scripts/jquery-1.7.1.min.js HTTP/1.1" 200 93868
201.185.147.85 - - [14/Mar/2022:18:50:02 -0500] "GET /galeria/nivo-slider/jquery.nivo.slider.pack.js HTTP/1.1" 200 11561
201.185.147.85 - - [14/Mar/2022:18:50:02 -0500] "GET /galeria/nivo-slider/demo/images/bannertortuga_optimized.jpg HTTP/1.1" 200 39066
201.185.147.85 - - [14/Mar/2022:18:50:02 -0500] "GET /galeria/nivo-slider/demo/images/bannertrafico_optimized.jpg HTTP/1.1" 200 42578
201.185.147.85 - - [14/Mar/2022:18:50:02 -0500] "GET /galeria/nivo-slider/demo/images/Bannermujeresquereverdecen.jpg HTTP/1.1" 200 46558
201.185.147.85 - - [14/Mar/2022:18:50:02 -0500] "GET /galeria/nivo-slider/demo/images/Bannersedeelectronica.jpg HTTP/1.1" 200 40383
201.185.147.85 - - [14/Mar/2022:18:50:03 -0500] "GET /galeria/nivo-slider/demo/images/Bannerplasticosseptiembre.jpg HTTP/1.1" 200 45633
201.185.147.85 - - [14/Mar/2022:18:50:03 -0500] "GET /galeria/nivo-slider/demo/images/bannerrutaesperanza.jpg HTTP/1.1" 200 55560
201.185.147.85 - - [14/Mar/2022:18:50:03 -0500] "GET /galeria/nivo-slider/demo/images/banneraire2021.jpg HTTP/1.1" 200 265101
201.185.147.85 - - [14/Mar/2022:18:50:03 -0500] "GET /galeria/nivo-slider/demo/images/bannerresiduoshospitalariosagosto.jpg HTTP/1.1" 200 36499
201.185.147.85 - - [14/Mar/2022:18:50:03 -0500] "GET /galeria/nivo-slider/demo/images/4Simple_Slider.png HTTP/1.1" 200 11722
201.185.147.85 - - [14/Mar/2022:18:50:03 -0500] "GET /galeria/nivo-slider/themes/default/loading.gif HTTP/1.1" 200 1737
201.185.147.85 - - [14/Mar/2022:18:50:03 -0500] "GET /galeria/nivo-slider/demo/images/banneraccionpopularcrr68.jpg HTTP/1.1" 200 51887
201.185.147.85 - - [14/Mar/2022:18:50:03 -0500] "GET /galeria/nivo-slider/demo/images/banneraccionpopular.jpeg HTTP/1.1" 200 41707
201.185.147.85 - - [14/Mar/2022:18:50:03 -0500] "GET /galeria/nivo-slider/demo/images/bannerclases2021.jpg HTTP/1.1" 200 68230
201.185.147.85 - - [14/Mar/2022:18:50:03 -0500] "GET /galeria/nivo-slider/demo/images/bannercapacitacionesbogota.jpg HTTP/1.1" 200 42416
201.185.147.85 - - [14/Mar/2022:18:50:03 -0500] "GET /galeria/nivo-slider/demo/images/Bannerenvases.jpg HTTP/1.1" 200 37316
201.185.147.85 - - [14/Mar/2022:18:50:03 -0500] "GET /galeria/nivo-slider/demo/images/Bannervirtualescanales.jpg HTTP/1.1" 200 174544
201.185.147.85 - - [14/Mar/2022:18:50:04 -0500] "GET /galeria/nivo-slider/themes/default/arrows.png HTTP/1.1" 200 824
201.185.147.85 - - [14/Mar/2022:18:50:04 -0500] "GET /galeria/nivo-slider/themes/default/bullets.png HTTP/1.1" 200 1281
31.13.127.31 - - [14/Mar/2022:18:50:18 -0500] "GET /images/tarantulas-incatuacion-dorado-1-diciembre.jpg HTTP/1.1" 200 31749
200.118.64.109 - - [14/Mar/2022:18:51:20 -0500] "POST /forms/lservlet;jsessionid=ac16012b30d64dc8fa880ef04420a34799b681b23a19.e3iSbxaKaheRe3qTch0LbxeTa41ynknvrkLOlQzNp65In0 HTTP/1.1" 200 2
186.86.32.225 - - [14/Mar/2022:18:51:26 -0500] "GET /galeria/galeria/jquery.fancybox.css?v=2.1.5 HTTP/1.1" 200 4895
186.86.32.225 - - [14/Mar/2022:18:51:26 -0500] "GET /BLA/boletinlegal/js/jquery.scrollShow.js HTTP/1.1" 200 4586
186.86.32.225 - - [14/Mar/2022:18:51:26 -0500] "GET /galeria/galeria/jquery.fancybox.js?v=2.1.5 HTTP/1.1" 200 48706
69.171.251.8 - - [14/Mar/2022:18:52:05 -0500] "GET /ciudad-bolivar-y-puente-aranda-se-alistan-para-una-nueva-llantaton.html?fbclid=IwAR1ROr17QfEU4WiF2GIgbPyEL9jU7uPMHP5v67MsL_n00DdvfKvv1u16Qms HTTP/1.1" 200 991
216.245.221.92 - - [14/Mar/2022:18:52:27 -0500] "HEAD / HTTP/1.1" 200 -
201.245.192.253 - - [14/Mar/2022:18:51:41 -0500] "POST /kwsrmcab/Wsrmcab HTTP/1.1" 200 117445
200.118.64.109 - - [14/Mar/2022:18:53:20 -0500] "POST /forms/lservlet;jsessionid=ac16012b30d64dc8fa880ef04420a34799b681b23a19.e3iSbxaKaheRe3qTch0LbxeTa41ynknvrkLOlQzNp65In0 HTTP/1.1" 200 2
191.95.53.35 - - [14/Mar/2022:18:53:31 -0500] "GET /sipse/faces/javax.faces.resource/theme.css?ln=primefaces-sipse HTTP/1.1" 304 -
191.95.53.35 - - [14/Mar/2022:18:53:31 -0500] "GET /sipse/faces/javax.faces.resource/primefaces.css?ln=primefaces&v=4.0 HTTP/1.1" 304 -
191.95.53.35 - - [14/Mar/2022:18:53:31 -0500] "GET /sipse/faces/javax.faces.resource/primefaces.js?ln=primefaces&v=4.0 HTTP/1.1" 304 -
191.95.53.35 - - [14/Mar/2022:18:53:31 -0500] "GET /sipse/faces/javax.faces.resource/jquery/jquery-plugins.js?ln=primefaces&v=4.0 HTTP/1.1" 304 -
191.95.53.35 - - [14/Mar/2022:18:53:31 -0500] "GET /sipse/faces/javax.faces.resource/jquery/jquery.js?ln=primefaces&v=4.0 HTTP/1.1" 304 -
191.95.53.35 - - [14/Mar/2022:18:53:31 -0500] "GET /sipse/faces/javax.faces.resource/layout/layout.css?ln=primefaces&v=4.0 HTTP/1.1" 304 -
191.95.53.35 - - [14/Mar/2022:18:53:31 -0500] "GET /sipse/faces/javax.faces.resource/layout/layout.js?ln=primefaces&v=4.0 HTTP/1.1" 304 -
191.95.53.35 - - [14/Mar/2022:18:53:32 -0500] "GET /sipse/css/imagen/contrasena.png HTTP/1.1" 404 383
191.95.53.35 - - [14/Mar/2022:18:53:32 -0500] "GET /sipse/faces/javax.faces.resource/images/ui-icons_898989_256x240.png?ln=primefaces-aristo HTTP/1.1" 304 -
191.95.53.35 - - [14/Mar/2022:18:53:31 -0500] "GET /sipse/faces/presentacion/financiero/solicitudProceso/consultarSolicitudProceso.xhtml HTTP/1.1" 200 164308
191.95.53.35 - - [14/Mar/2022:18:53:32 -0500] "GET /reportes_sipse/sdg/ServletReporte?reporte=solicitud_cdp&Solicitud=17656&pfdrid_c=false HTTP/1.1" 200 119993
191.95.53.35 - - [14/Mar/2022:18:53:38 -0500] "GET /sipse/faces/javax.faces.resource/images/ui-bg_flat_0_2d5972_40x100.png?ln=primefaces-aristo HTTP/1.1" 304 -
191.95.53.35 - - [14/Mar/2022:18:53:38 -0500] "POST /sipse/faces/presentacion/financiero/solicitudProceso/consultarSolicitudProceso.xhtml HTTP/1.1" 200 34871
191.95.53.35 - - [14/Mar/2022:18:53:38 -0500] "GET /sipse/faces/javax.faces.resource/primefaces.css?ln=primefaces&v=4.0 HTTP/1.1" 304 -
191.95.53.35 - - [14/Mar/2022:18:53:38 -0500] "GET /sipse/faces/javax.faces.resource/layout/layout.css?ln=primefaces&v=4.0 HTTP/1.1" 304 -
191.95.53.35 - - [14/Mar/2022:18:53:38 -0500] "GET /sipse/faces/javax.faces.resource/theme.css?ln=primefaces-sipse HTTP/1.1" 304 -
191.95.53.35 - - [14/Mar/2022:18:53:38 -0500] "GET /sipse/faces/javax.faces.resource/jquery/jquery.js?ln=primefaces&v=4.0 HTTP/1.1" 304 -
191.95.53.35 - - [14/Mar/2022:18:53:38 -0500] "GET /sipse/faces/javax.faces.resource/jquery/jquery-plugins.js?ln=primefaces&v=4.0 HTTP/1.1" 304 -
191.95.53.35 - - [14/Mar/2022:18:53:38 -0500] "GET /sipse/faces/javax.faces.resource/primefaces.js?ln=primefaces&v=4.0 HTTP/1.1" 304 -
191.95.53.35 - - [14/Mar/2022:18:53:39 -0500] "GET /sipse/faces/javax.faces.resource/layout/layout.js?ln=primefaces&v=4.0 HTTP/1.1" 304 -
191.95.53.35 - - [14/Mar/2022:18:53:39 -0500] "POST /sipse/faces/presentacion/financiero/solicitudProceso/listarSolicitudProceso.xhtml HTTP/1.1" 200 1360
191.95.53.35 - - [14/Mar/2022:18:53:51 -0500] "POST /sipse/faces/presentacion/financiero/solicitudProceso/listarSolicitudProceso.xhtml HTTP/1.1" 200 127156
191.95.53.35 - - [14/Mar/2022:18:53:51 -0500] "GET /sipse/faces/javax.faces.resource/theme.css?ln=primefaces-sipse HTTP/1.1" 304 -
191.95.53.35 - - [14/Mar/2022:18:53:51 -0500] "GET /sipse/css/imagen/contrasena.png HTTP/1.1" 404 383
191.95.53.35 - - [14/Mar/2022:18:53:51 -0500] "GET /sipse/faces/javax.faces.resource/primefaces.css?ln=primefaces&v=4.0 HTTP/1.1" 304 -
191.95.53.35 - - [14/Mar/2022:18:53:51 -0500] "GET /sipse/faces/javax.faces.resource/layout/layout.css?ln=primefaces&v=4.0 HTTP/1.1" 304 -
191.95.53.35 - - [14/Mar/2022:18:53:52 -0500] "GET /sipse/faces/javax.faces.resource/jquery/jquery.js?ln=primefaces&v=4.0 HTTP/1.1" 304 -
191.95.53.35 - - [14/Mar/2022:18:53:52 -0500] "GET /sipse/faces/javax.faces.resource/jquery/jquery-plugins.js?ln=primefaces&v=4.0 HTTP/1.1" 304 -
191.95.53.35 - - [14/Mar/2022:18:53:52 -0500] "GET /sipse/faces/javax.faces.resource/primefaces.js?ln=primefaces&v=4.0 HTTP/1.1" 304 -
191.95.53.35 - - [14/Mar/2022:18:53:52 -0500] "GET /sipse/faces/javax.faces.resource/layout/layout.js?ln=primefaces&v=4.0 HTTP/1.1" 304 -
191.95.53.35 - - [14/Mar/2022:18:53:52 -0500] "GET /reportes_sipse/sdg/ServletReporte?reporte=solicitud_cdp&Solicitud=17656&pfdrid_c=false HTTP/1.1" 200 119993
201.185.147.85 - - [14/Mar/2022:18:53:58 -0500] "GET /catalogoisis/ HTTP/1.1" 404 211
201.185.147.85 - - [14/Mar/2022:18:53:58 -0500] "GET /favicon.ico HTTP/1.1" 200 7782
191.95.53.35 - - [14/Mar/2022:18:54:09 -0500] "POST /sipse/faces/presentacion/financiero/solicitudProceso/consultarSolicitudProceso.xhtml HTTP/1.1" 200 137110
201.185.147.85 - - [14/Mar/2022:18:54:25 -0500] "GET /catalogoisis/ HTTP/1.1" 404 211
191.95.53.35 - - [14/Mar/2022:18:55:06 -0500] "POST /sipse/faces/presentacion/financiero/solicitudProceso/consultarSolicitudProceso.xhtml HTTP/1.1" 200 34871
191.95.53.35 - - [14/Mar/2022:18:55:07 -0500] "GET /sipse/faces/javax.faces.resource/theme.css?ln=primefaces-sipse HTTP/1.1" 304 -
191.95.53.35 - - [14/Mar/2022:18:55:07 -0500] "GET /sipse/faces/javax.faces.resource/layout/layout.css?ln=primefaces&v=4.0 HTTP/1.1" 304 -
191.95.53.35 - - [14/Mar/2022:18:55:07 -0500] "GET /sipse/faces/javax.faces.resource/jquery/jquery.js?ln=primefaces&v=4.0 HTTP/1.1" 304 -
191.95.53.35 - - [14/Mar/2022:18:55:07 -0500] "GET /sipse/faces/javax.faces.resource/primefaces.css?ln=primefaces&v=4.0 HTTP/1.1" 304 -
191.95.53.35 - - [14/Mar/2022:18:55:07 -0500] "GET /sipse/faces/javax.faces.resource/jquery/jquery-plugins.js?ln=primefaces&v=4.0 HTTP/1.1" 304 -
191.95.53.35 - - [14/Mar/2022:18:55:07 -0500] "GET /sipse/faces/javax.faces.resource/primefaces.js?ln=primefaces&v=4.0 HTTP/1.1" 304 -
191.95.53.35 - - [14/Mar/2022:18:55:08 -0500] "GET /sipse/faces/javax.faces.resource/layout/layout.js?ln=primefaces&v=4.0 HTTP/1.1" 304 -
191.95.53.35 - - [14/Mar/2022:18:55:08 -0500] "GET /sipse/css/imagen/contrasena.png HTTP/1.1" 404 383
191.95.53.35 - - [14/Mar/2022:18:55:08 -0500] "POST /sipse/faces/presentacion/financiero/solicitudProceso/listarSolicitudProceso.xhtml HTTP/1.1" 200 28266
191.95.53.35 - - [14/Mar/2022:18:55:08 -0500] "POST /sipse/faces/presentacion/financiero/solicitudProceso/listarSolicitudProceso.xhtml HTTP/1.1" 200 28266
191.95.53.35 - - [14/Mar/2022:18:55:09 -0500] "POST /sipse/faces/presentacion/financiero/solicitudProceso/listarSolicitudProceso.xhtml HTTP/1.1" 200 1360
191.95.53.35 - - [14/Mar/2022:18:55:09 -0500] "POST /sipse/faces/presentacion/financiero/solicitudProceso/listarSolicitudProceso.xhtml HTTP/1.1" 200 1360
191.95.53.35 - - [14/Mar/2022:18:55:09 -0500] "POST /sipse/faces/presentacion/financiero/solicitudProceso/listarSolicitudProceso.xhtml HTTP/1.1" 200 1360
200.118.64.109 - - [14/Mar/2022:18:55:20 -0500] "POST /forms/lservlet;jsessionid=ac16012b30d64dc8fa880ef04420a34799b681b23a19.e3iSbxaKaheRe3qTch0LbxeTa41ynknvrkLOlQzNp65In0 HTTP/1.1" 200 2
201.244.102.210 - - [14/Mar/2022:18:56:37 -0500] "GET /sipse/faces/faces/index.xhtml HTTP/1.1" 200 677
201.244.102.210 - - [14/Mar/2022:18:56:39 -0500] "GET /sipse/faces/javax.faces.resource/theme.css?ln=primefaces-sipse HTTP/1.1" 200 50058
201.244.102.210 - - [14/Mar/2022:18:56:39 -0500] "GET /favicon.ico HTTP/1.1" 200 7782
201.244.102.210 - - [14/Mar/2022:18:56:44 -0500] "GET /sipse/faces/faces/faces/autenticacion.xhtml HTTP/1.1" 200 12178
201.244.102.210 - - [14/Mar/2022:18:56:45 -0500] "GET /sipse/faces/javax.faces.resource/theme.css?ln=primefaces-sipse HTTP/1.1" 304 -
201.244.102.210 - - [14/Mar/2022:18:56:45 -0500] "GET /sipse/faces/javax.faces.resource/jquery/jquery.js?ln=primefaces&v=4.0 HTTP/1.1" 304 -
201.244.102.210 - - [14/Mar/2022:18:56:45 -0500] "GET /sipse/faces/javax.faces.resource/jquery/jquery-plugins.js?ln=primefaces&v=4.0 HTTP/1.1" 304 -
201.244.102.210 - - [14/Mar/2022:18:56:45 -0500] "GET /sipse/faces/javax.faces.resource/layout/layout.js?ln=primefaces&v=4.0 HTTP/1.1" 304 -
201.244.102.210 - - [14/Mar/2022:18:56:45 -0500] "GET /sipse/faces/javax.faces.resource/primefaces.js?ln=primefaces&v=4.0 HTTP/1.1" 304 -
201.244.102.210 - - [14/Mar/2022:18:56:45 -0500] "GET /sipse/js/funciones.js HTTP/1.1" 200 12592
201.244.102.210 - - [14/Mar/2022:18:56:45 -0500] "GET /sipse/faces/javax.faces.resource/layout/layout.css?ln=primefaces&v=4.0 HTTP/1.1" 200 542
201.244.102.210 - - [14/Mar/2022:18:56:45 -0500] "GET /sipse/faces/javax.faces.resource/primefaces.css?ln=primefaces&v=4.0 HTTP/1.1" 200 53295
201.244.102.210 - - [14/Mar/2022:18:56:46 -0500] "GET /sipse/faces/javax.faces.resource/images/ui-icons_898989_256x240.png?ln=primefaces-aristo HTTP/1.1" 200 5355
201.244.102.210 - - [14/Mar/2022:18:56:51 -0500] "POST /sipse/faces/autenticacion.xhtml HTTP/1.1" 200 2224
201.244.102.210 - - [14/Mar/2022:18:56:52 -0500] "GET /sipse/faces/javax.faces.resource/messages/messages.png?ln=primefaces&v=4.0 HTTP/1.1" 200 27209
201.244.102.210 - - [14/Mar/2022:18:56:53 -0500] "POST /sipse/faces/autenticacion.xhtml HTTP/1.1" 200 16278
201.244.102.210 - - [14/Mar/2022:18:56:53 -0500] "GET /sipse/faces/javax.faces.resource/jquery/jquery.js?ln=primefaces&v=4.0 HTTP/1.1" 304 -
201.244.102.210 - - [14/Mar/2022:18:56:53 -0500] "GET /sipse/faces/javax.faces.resource/jquery/jquery-plugins.js?ln=primefaces&v=4.0 HTTP/1.1" 304 -
201.244.102.210 - - [14/Mar/2022:18:56:54 -0500] "GET /sipse/faces/javax.faces.resource/primefaces.js?ln=primefaces&v=4.0 HTTP/1.1" 304 -
201.244.102.210 - - [14/Mar/2022:18:56:54 -0500] "GET /sipse/faces/javax.faces.resource/layout/layout.js?ln=primefaces&v=4.0 HTTP/1.1" 304 -
201.244.102.210 - - [14/Mar/2022:18:56:56 -0500] "GET /sipse/faces/javax.faces.resource/images/ui-bg_flat_0_2d5972_40x100.png?ln=primefaces-aristo HTTP/1.1" 200 183
201.244.102.210 - - [14/Mar/2022:18:56:56 -0500] "POST /sipse/faces/bienvenido.xhtml HTTP/1.1" 200 2658
201.244.102.210 - - [14/Mar/2022:18:56:57 -0500] "POST /sipse/faces/bienvenido.xhtml HTTP/1.1" 200 33870
201.244.102.210 - - [14/Mar/2022:18:56:58 -0500] "GET /sipse/faces/javax.faces.resource/jquery/jquery.js?ln=primefaces&v=4.0 HTTP/1.1" 304 -
201.244.102.210 - - [14/Mar/2022:18:56:58 -0500] "GET /sipse/faces/javax.faces.resource/jquery/jquery-plugins.js?ln=primefaces&v=4.0 HTTP/1.1" 304 -
201.244.102.210 - - [14/Mar/2022:18:56:59 -0500] "GET /sipse/faces/javax.faces.resource/primefaces.js?ln=primefaces&v=4.0 HTTP/1.1" 304 -
201.244.102.210 - - [14/Mar/2022:18:56:59 -0500] "GET /sipse/faces/javax.faces.resource/layout/layout.js?ln=primefaces&v=4.0 HTTP/1.1" 304 -
179.19.138.99 - - [14/Mar/2022:18:57:16 -0500] "GET /galeria/galeria/jquery.fancybox.css?v=2.1.5 HTTP/1.1" 200 4895
200.118.64.109 - - [14/Mar/2022:18:57:20 -0500] "POST /forms/lservlet;jsessionid=ac16012b30d64dc8fa880ef04420a34799b681b23a19.e3iSbxaKaheRe3qTch0LbxeTa41ynknvrkLOlQzNp65In0 HTTP/1.1" 200 2
216.245.221.92 - - [14/Mar/2022:18:57:27 -0500] "HEAD / HTTP/1.1" 200 -
186.144.234.173 - - [14/Mar/2022:18:58:16 -0500] "GET /BLA/resoluciones/ HTTP/1.1" 200 13093
186.144.234.173 - - [14/Mar/2022:18:58:18 -0500] "GET /BLA/resoluciones/index.php?dir=AUTOS+2020%2F HTTP/1.1" 200 319155
191.156.152.187 - - [14/Mar/2022:18:58:33 -0500] "GET /secretaria-de-ambiente-abre-ciclo-de-capacitaciones-sobre-techos-verdes-y-jardines-verticales.html HTTP/1.1" 200 1078
186.144.234.173 - - [14/Mar/2022:18:58:37 -0500] "GET /BLA/resoluciones/AUTOS%202020/4518.pdf HTTP/1.1" 200 395663
200.118.64.109 - - [14/Mar/2022:18:59:20 -0500] "POST /forms/lservlet;jsessionid=ac16012b30d64dc8fa880ef04420a34799b681b23a19.e3iSbxaKaheRe3qTch0LbxeTa41ynknvrkLOlQzNp65In0 HTTP/1.1" 200 2
207.46.13.7 - - [14/Mar/2022:18:59:38 -0500] "GET /bla/resoluciones/autos%202014/1799.pdf HTTP/1.1" 200 435740
200.118.64.109 - - [14/Mar/2022:19:01:20 -0500] "POST /forms/lservlet;jsessionid=ac16012b30d64dc8fa880ef04420a34799b681b23a19.e3iSbxaKaheRe3qTch0LbxeTa41ynknvrkLOlQzNp65In0 HTTP/1.1" 200 2
201.245.192.253 - - [14/Mar/2022:19:01:28 -0500] "POST /kwsrmcab/Wsrmcab HTTP/1.1" 200 117445
216.245.221.92 - - [14/Mar/2022:19:02:27 -0500] "HEAD / HTTP/1.1" 200 -
200.118.64.109 - - [14/Mar/2022:19:03:20 -0500] "POST /forms/lservlet;jsessionid=ac16012b30d64dc8fa880ef04420a34799b681b23a19.e3iSbxaKaheRe3qTch0LbxeTa41ynknvrkLOlQzNp65In0 HTTP/1.1" 200 2
191.156.153.84 - - [14/Mar/2022:19:05:00 -0500] "GET /galeria/galeria/jquery.fancybox.css?v=2.1.5 HTTP/1.1" 200 4895
207.241.232.241 - - [14/Mar/2022:19:05:13 -0500] "-" 408 -
200.118.64.109 - - [14/Mar/2022:19:05:21 -0500] "POST /forms/lservlet;jsessionid=ac16012b30d64dc8fa880ef04420a34799b681b23a19.e3iSbxaKaheRe3qTch0LbxeTa41ynknvrkLOlQzNp65In0 HTTP/1.1" 200 2
200.118.64.109 - - [14/Mar/2022:19:07:21 -0500] "POST /forms/lservlet;jsessionid=ac16012b30d64dc8fa880ef04420a34799b681b23a19.e3iSbxaKaheRe3qTch0LbxeTa41ynknvrkLOlQzNp65In0 HTTP/1.1" 200 2
216.245.221.92 - - [14/Mar/2022:19:07:27 -0500] "HEAD / HTTP/1.1" 200 -
207.46.13.43 - - [14/Mar/2022:19:07:40 -0500] "GET /bla/resoluciones/autos%202019/1922.pdf HTTP/1.1" 200 264723
186.102.56.210 - - [14/Mar/2022:19:09:15 -0500] "GET /galeria/galeria/jquery.fancybox.css?v=2.1.5 HTTP/1.1" 200 4895
200.118.64.109 - - [14/Mar/2022:19:09:21 -0500] "POST /forms/lservlet;jsessionid=ac16012b30d64dc8fa880ef04420a34799b681b23a19.e3iSbxaKaheRe3qTch0LbxeTa41ynknvrkLOlQzNp65In0 HTTP/1.1" 200 2
186.145.134.22 - - [14/Mar/2022:19:09:27 -0500] "GET /ciudad-bolivar-y-puente-aranda-se-alistan-para-una-nueva-llantaton.html?fbclid=IwAR08iRYSTUgJMM25lLBeuszYI22oMp2FnhsuUmsad321NCbjFddO05rwKKM HTTP/1.1" 200 991
200.118.64.109 - - [14/Mar/2022:19:11:21 -0500] "POST /forms/lservlet;jsessionid=ac16012b30d64dc8fa880ef04420a34799b681b23a19.e3iSbxaKaheRe3qTch0LbxeTa41ynknvrkLOlQzNp65In0 HTTP/1.1" 200 2
216.245.221.92 - - [14/Mar/2022:19:12:27 -0500] "HEAD / HTTP/1.1" 200 -
207.46.13.159 - - [14/Mar/2022:19:12:31 -0500] "GET /bla/resoluciones/autos%202014/1261.pdf HTTP/1.1" 200 212853
