200.118.60.157 - - [15/Mar/2022:22:04:02 -0500] "GET /quieres-saber-como-ahorrar-energia-en-tu-empresa-secretaria-de-ambiente-lanza-guia-que-te-ayudara.html HTTP/1.1" 200 998
216.245.221.92 - - [15/Mar/2022:22:04:04 -0500] "HEAD / HTTP/1.1" 200 -
142.4.217.87 - - [15/Mar/2022:22:04:08 -0500] "GET /barrios-unidos-tendra-su-jornada-de-reciclaton.html HTTP/1.1" 200 1039
45.133.172.102 - - [15/Mar/2022:22:06:59 -0500] "GET / HTTP/1.1" 200 319
45.146.165.37 - - [15/Mar/2022:22:07:24 -0500] "GET /index.php?s=/Index/\\think\\app/invokefunction&function=call_user_func_array&vars[0]=md5&vars[1][]=HelloThinkPHP21 HTTP/1.1" 404 1018
191.95.132.146 - - [15/Mar/2022:22:07:49 -0500] "GET /galeria/galeria/jquery.fancybox.css?v=2.1.5 HTTP/1.1" 200 4895
190.24.177.55 - - [15/Mar/2022:22:07:57 -0500] "-" 408 -
191.156.52.125 - - [15/Mar/2022:22:08:15 -0500] "-" 408 -
216.245.221.92 - - [15/Mar/2022:22:09:04 -0500] "HEAD / HTTP/1.1" 200 -
45.137.21.141 - - [15/Mar/2022:22:10:34 -0500] "GET /dispatch.asp HTTP/1.1" 404 1018
45.133.172.102 - - [15/Mar/2022:22:12:04 -0500] "GET /log/view?filename=/etc/passwd&base=../../../../../../../../../../ HTTP/1.1" 404 1022
191.156.177.246 - - [15/Mar/2022:22:12:09 -0500] "GET /alcaldesa-claudia-lopez-les-dio-la-bienvenida-a-las-sembradoras-por-la-reactivaccion.html HTTP/1.1" 304 -
201.245.192.253 - - [15/Mar/2022:22:11:52 -0500] "POST /kwsrmcab/Wsrmcab HTTP/1.1" 200 116957
157.55.39.218 - - [15/Mar/2022:22:12:48 -0500] "GET /bla/resoluciones/autos%202019/1959.pdf HTTP/1.1" 200 326751
216.245.221.92 - - [15/Mar/2022:22:14:04 -0500] "HEAD / HTTP/1.1" 200 -
157.55.39.218 - - [15/Mar/2022:22:15:08 -0500] "GET /bla/resoluciones/autos%202014/2768.pdf HTTP/1.1" 200 420747
45.146.165.37 - - [15/Mar/2022:22:15:32 -0500] "-" 408 -
216.245.221.92 - - [15/Mar/2022:22:19:04 -0500] "HEAD / HTTP/1.1" 200 -
181.155.59.116 - - [15/Mar/2022:22:20:05 -0500] "GET /BLA/boletinlegal/js/jquery.scrollShow.js HTTP/1.1" 200 4586
181.155.59.116 - - [15/Mar/2022:22:20:05 -0500] "GET /galeria/galeria/jquery.fancybox.css?v=2.1.5 HTTP/1.1" 200 4895
181.155.59.116 - - [15/Mar/2022:22:20:05 -0500] "GET /galeria/galeria/jquery.fancybox.js?v=2.1.5 HTTP/1.1" 200 48706
181.155.59.116 - - [15/Mar/2022:22:20:14 -0500] "GET /Residuos/curtiembres/files/guia_curtiembres.pdf HTTP/1.1" 200 13618642
181.155.59.116 - - [15/Mar/2022:22:20:14 -0500] "GET /favicon.ico HTTP/1.1" 200 7782
186.154.35.223 - - [15/Mar/2022:22:20:20 -0500] "GET /galeria/galeria/jquery.fancybox.css?v=2.1.5 HTTP/1.1" 200 4895
201.245.192.253 - - [15/Mar/2022:22:20:40 -0500] "POST /kwsrmcab/Wsrmcab HTTP/1.1" 200 45940
201.245.192.253 - - [15/Mar/2022:22:21:25 -0500] "POST /kwsrmcab/Wsrmcab HTTP/1.1" 200 46243
66.249.73.100 - - [15/Mar/2022:22:22:59 -0500] "-" 408 -
201.245.192.253 - - [15/Mar/2022:22:22:25 -0500] "POST /kwsrmcab/Wsrmcab HTTP/1.1" 200 116957
216.245.221.92 - - [15/Mar/2022:22:24:04 -0500] "HEAD / HTTP/1.1" 200 -
191.156.155.207 - - [15/Mar/2022:22:24:14 -0500] "GET /quieres-saber-como-ahorrar-energia-en-tu-empresa-secretaria-de-ambiente-lanza-guia-que-te-ayudara.html HTTP/1.1" 200 998
191.108.6.188 - - [15/Mar/2022:22:26:27 -0500] "OPTIONS /kwssiamovil/sm/setfile/f? HTTP/1.1" 200 13
191.108.6.188 - - [15/Mar/2022:22:26:28 -0500] "POST /kwssiamovil/sm/setfile/f? HTTP/1.1" 200 381
191.108.6.188 - - [15/Mar/2022:22:26:33 -0500] "OPTIONS /kwssiamovil/sm/setfile/f? HTTP/1.1" 200 13
191.108.6.188 - - [15/Mar/2022:22:26:33 -0500] "POST /kwssiamovil/sm/setfile/f? HTTP/1.1" 200 381
191.108.6.188 - - [15/Mar/2022:22:26:44 -0500] "GET /kwssiamovil/sm/acme/a?s=U2FsdGVkX19pcv1wdIInzAjfg6i5JRyPXJvgEPIt//R7Zw8HHENavW78/ZwkKIc72WkuZ5o/pJEmLb2oi3W6DRNbY3R9ms33GLPWgjHp/6zW5e5hOtU1TUPnUcNh54/sqW7KarDClwA+xAIO5BE1D2DP8Fh7aU9PbS/U4AqA1LfXTGqoIO3FK9Hou3EwCPPh/f5ID+UyUBJG4Eg1TMYdfSg0GM6gvejljoDaE82MQds5Y/S9jQtGzNoyjCdAI+L/WifJlmG1PkIxiIpRqNlxLA==&u=U2FsdGVkX18dIsufb1lLQFq17yR9G0wm/dgEr48tdaHE1pmJxg2beoXlhkODOMHp&y=U2FsdGVkX198gTmzGSPq0+6nDUCMToyJwagvv1ASAAoB4J69P4llf76RR/O7ZihI HTTP/1.1" 200 25
173.252.107.116 - - [15/Mar/2022:22:26:47 -0500] "GET /tarantulas-cucarachas-y-un-escorpion-fueron-incautadas-en-el-aeropuerto-el-dorado-su-destino-era-alemania.html HTTP/1.1" 206 931
173.252.107.4 - - [15/Mar/2022:22:26:47 -0500] "GET /tarantulas-cucarachas-y-un-escorpion-fueron-incautadas-en-el-aeropuerto-el-dorado-su-destino-era-alemania.html HTTP/1.1" 206 931
173.252.107.120 - - [15/Mar/2022:22:26:47 -0500] "GET /images/tarantulas-incatuacion-dorado-1-diciembre.jpg HTTP/1.1" 200 31749
191.108.6.188 - - [15/Mar/2022:22:26:47 -0500] "GET /kwssiamovil/sm/acme/a?s=U2FsdGVkX1/+ftKWqiOsR0ZJcctR+VaYOJ4DvroRLoST0/0E5gx8HJs5CVfeFvliKjcnZCJ0rjQ+Debja5BgBsMp9xAZcMWPko7/+kKnSivbf+B3M4SteSZcELxjEo/xKtcvbvLUJTBwlEuG7htxXvl2GmxU1PBBIoASAuPKe8pShRNY29Zy/Vh0v8j9pfkc8N4Z67OcZc6Mxk9d/udCU7Wh563q0UgSxIA9w12rgYt+uX3HuROIOFbhqKZK8HzAXlSTsSZmP6KzBJN6OpHkXOKOFmDNa3afXrOIsMk1CKdUF7K8ymPfterQfjgX4+WsRMCiSxj2urpizMEDW5eUfq76jaxUDovYM6f7ehLGdAqgsRK6aAdeg1hfXmKUVROBT7OB6x50IBIxz8+wBSugDPL4CXEjv6S2TiinVutWiuePkpywUCAtucKXmnKEBmE2Z5aBZEL8UZ4imoHfjV1p4OL+FJbqPiTt7ULn9GvBdI7fuYVKOm+uCp4u1LjoKaiuH8fWvKGzg6PL9DpAfrTE3zr26ONoIMlezhli8+IyRVTqJI0cVoNebjLMtB9Ovr73ci8lxYlBTndyCXOBlPw8MycmUMmncU/9aur2nFzAaYEjc6x6BXNPgNoYH/kClrMvZpWRDA3m9TAGTGqB4+TkeohdcTNWe4VWhPjA9G6tyu5mZty/4oeJMCrW6k4CzVU9q6i590WRJas5g9VJBQtN0/NuHhkY0OL2TRY5UM8A5ezjSeO52ddsJfUeXu1uYhujBIrhfxcoToto1he2DVEU9zREcgnclFSdpmc+/+tEdioz+U6zJEpVf/gKvIg8UutFJ5D3a7OEm0Npe5uAbr5EullHOd+4EgPISlUu1jCeMQFPeXx/yjAqkHa08ZrZunC86ob5sZSP91rC13L6kpmUEYJHdsnI2mSLrklsOi35YsfX0MXjKcDd332PreVh3yD8jCQI4i15EAwyGgQ4bhKj+TdAFNFeP57NeGCXIDMsNfkwauyu/ErmogzPNeb1uxiWUDfcYT57U/YY/6tUjZwInXdhDI7y3ewe+PHSgrf7j/KxwbbNxjNYtrYly+e4fNN1EXT7td4pVz+pwXoSSuv34uBmGRhJ+/nz+wnHjd1t0U6tU0XNFOa6EE4OJqv51MUHCV4RUUrJTFXiyz9fYgYOp6Pnp97p3zwbC2kruFml/kTux+3Z4jAXDJM6b9VcZUp67FuOu9OWsqFfCDhpQ5hO9zVPsxoEePRaAej/6/lV5wgqmqhdeuWCuTYXdABLzk2oDfqiZ5A6VDYJiBXAfYwxleLxjDzS3XocBaLPV2Q9M48dRTZ+Q6pRDWYrnYd4Mi61KyxEShHj1zR9aOmgZXoij9gsaEbz3mUz64qMZUh4D+ydwpEAf48q81gov1cGp/xmR6yuuf8QdkUBBkejFy2s5XgYLwIWMS6o8VhfQbkALlHVIyplyjDCevVAlk1fGWEsKEfELsK4JnxTyvFwyK3MffWriwRfntX+yPpu1zVdyzyVcIfDiKUqs6qFs/rE1zIiPLmaImOVWLpWF7ncyzdVFnuxuNuVP7lgxsr28xhNA+mjUD4yhYX33pxICLBeYUD2Btrq16NZ646hduM7gorORR5XdYM85of/01HLhLs8llA=&u=U2FsdGVkX18dIsufb1lLQFq17yR9G0wm/dgEr48tdaHE1pmJxg2beoXlhkODOMHp&y=U2FsdGVkX198gTmzGSPq0+6nDUCMToyJwagvv1ASAAoB4J69P4llf76RR/O7ZihI HTTP/1.1" 200 25
31.13.103.23 - - [15/Mar/2022:22:26:48 -0500] "GET /images/tarantulas-incatuacion-dorado-1-diciembre.jpg HTTP/1.1" 200 31749
191.108.6.188 - - [15/Mar/2022:22:26:50 -0500] "GET /kwssiamovil/sm/acme/a?s=U2FsdGVkX1/VBxfoFetmVpK8CqTRQIVViH+gocsIQZDUuZKoJNJ+s85+oMRocbS8iKaZxJtx9rPmtk3F2iQT5W1QAQxGusKmT8+jU0n6FcEuqFNgUSncpqTcTXlL08YuamMhDJlGgTh40D45WS3/fAGCHpHUst8JLLa3MUQeOr0=&u=U2FsdGVkX18dIsufb1lLQFq17yR9G0wm/dgEr48tdaHE1pmJxg2beoXlhkODOMHp&y=U2FsdGVkX198gTmzGSPq0+6nDUCMToyJwagvv1ASAAoB4J69P4llf76RR/O7ZihI HTTP/1.1" 200 25
191.108.6.188 - - [15/Mar/2022:22:26:54 -0500] "GET /kwssiamovil/sm/acme/a?s=U2FsdGVkX1/zyiNyM9oEppJMTijBQQ4pQtR26G3Cftqf0Jqpf/1xMZaxuA94QtN031vDNmLTBrZv4KPEIEoaX8jeZ9BQu7Tj6yD7n+0R1xMYBqoEBCh3wbZy/hR7gz97ltHr0/j/PvqNSPhieCHQsqsehjRKyx1a/nPAaAGSrao=&u=U2FsdGVkX18dIsufb1lLQFq17yR9G0wm/dgEr48tdaHE1pmJxg2beoXlhkODOMHp&y=U2FsdGVkX198gTmzGSPq0+6nDUCMToyJwagvv1ASAAoB4J69P4llf76RR/O7ZihI HTTP/1.1" 200 25
191.108.6.188 - - [15/Mar/2022:22:26:57 -0500] "GET /kwssiamovil/sm/acme/a?s=U2FsdGVkX18rrRmpZDqNAT8oV5uOTJHv9U7HF0k9mzGdzHDuekXT97CPjlASckkuKn8/KsJn0s600cYkPdBw8H2Lp9dhygpX0DQxUZeCUMWw5ZlP4Fs1WPH9IkpxwN1HHHY1Ay0BmlNEGuIK3x3f/wQ2N6DRIXHOniRvN3mDD3A=&u=U2FsdGVkX18dIsufb1lLQFq17yR9G0wm/dgEr48tdaHE1pmJxg2beoXlhkODOMHp&y=U2FsdGVkX198gTmzGSPq0+6nDUCMToyJwagvv1ASAAoB4J69P4llf76RR/O7ZihI HTTP/1.1" 200 25
191.108.6.188 - - [15/Mar/2022:22:27:00 -0500] "GET /kwssiamovil/sm/acme/a?s=U2FsdGVkX1/ahuYq6SBFkZi6LvBqEDMV4cqYdtvp65kusOZn51hx0wcR4JSF7vUIF84tVEFzJZ3NmlzodIZ8gP9dWIjIIxNZg/AoF73ZXziLxo4pybWLS97PKGstTxFWw7Htnydao6Xr9PoKBmhJhSkbJnEGsB7xecxyOdYWz7sIAhjvZSe/Ir5Y/Ii3rq2F7Ogb4FZOnkGTDpN6lSuddQ==&u=U2FsdGVkX18dIsufb1lLQFq17yR9G0wm/dgEr48tdaHE1pmJxg2beoXlhkODOMHp&y=U2FsdGVkX198gTmzGSPq0+6nDUCMToyJwagvv1ASAAoB4J69P4llf76RR/O7ZihI HTTP/1.1" 200 24
191.108.6.188 - - [15/Mar/2022:22:27:03 -0500] "GET /kwssiamovil/sm/acme/a?s=U2FsdGVkX18yQaZpRax6h4DzwgoQ36KtS0nB3E/ExphYhDy+euzTg+2rUjFEA1Bhsf3GddcZGNGFCLZ5fL6rpEz15RBmXTNp6vhdPbSCC45Yn6IYDQy2Yggr3j4m9mIv2dGMZBQXpqYw2C9vJlbkko9Gk983Plos4ryvJnUWtsmaYHdR/HT8ttsqzM5u7jkRQLqEGikfZb1tgxps5py407TSXc8nx+dV245+N70z0Rg=&u=U2FsdGVkX18dIsufb1lLQFq17yR9G0wm/dgEr48tdaHE1pmJxg2beoXlhkODOMHp&y=U2FsdGVkX198gTmzGSPq0+6nDUCMToyJwagvv1ASAAoB4J69P4llf76RR/O7ZihI HTTP/1.1" 200 25
191.108.6.188 - - [15/Mar/2022:22:27:06 -0500] "GET /kwssiamovil/sm/acme/a?s=U2FsdGVkX1/dpVN++lUko1HKZ/SuWpNaqPKE1BmEl52JFE8d21vuCAMobt3YdeZP9WhC4JjEGEPS6Fm2g2KfYmOUgItAqSXRgxGgjf2h3oFo2fpuCbJQLB6pXwLyH6P6w/2xLNZ/xoUBjD5zrAdOCtpmH9M35xbHa/TeyLQUy4YOYRbrCLxXdi4867LFfzb+r+xhDh/3csT9B2tj7QbG+Q==&u=U2FsdGVkX18dIsufb1lLQFq17yR9G0wm/dgEr48tdaHE1pmJxg2beoXlhkODOMHp&y=U2FsdGVkX198gTmzGSPq0+6nDUCMToyJwagvv1ASAAoB4J69P4llf76RR/O7ZihI HTTP/1.1" 200 25
191.108.6.188 - - [15/Mar/2022:22:27:09 -0500] "GET /kwssiamovil/sm/acme/a?s=U2FsdGVkX1/3sasobkwrp7iUeGZVgLa2EvVYV7Uvz0kTrqyYeC9xS/6f3+hJdkwnVeyCvCQax7+mad03QqTw8QYNiV5vlsaKNLg28T6vE1ydGBOYLrNT/2NDTpVvXkR0rKXfoKJpxomAkHQi2ssge+QOfFY9LMav2oNOMckcw33WycmGWpn7ayI389lzRuzaWPnUxTfmOkGlbCFE1Marrg==&u=U2FsdGVkX18dIsufb1lLQFq17yR9G0wm/dgEr48tdaHE1pmJxg2beoXlhkODOMHp&y=U2FsdGVkX198gTmzGSPq0+6nDUCMToyJwagvv1ASAAoB4J69P4llf76RR/O7ZihI HTTP/1.1" 200 25
191.108.6.188 - - [15/Mar/2022:22:27:12 -0500] "GET /kwssiamovil/sm/acme/a?s=U2FsdGVkX18pFlmi1ePE1oVrBfz5BSyJ+9C+y0b+TR616y/fdc0DC8TOKHqBRcZ3EKlGpbgw0XfHANYajbFmaP+zw+sA/QQhXZbTG60Vf/8kq8/U2AL5eN3vZ5PVrvRcmunkycVz3BPT3MQQFfASr7SFheUAgR2HCSDTELzI5j94IrjbQNmU62MJvcyb3dOlpqe1ePXPemRC2JuTmWqUDA==&u=U2FsdGVkX18dIsufb1lLQFq17yR9G0wm/dgEr48tdaHE1pmJxg2beoXlhkODOMHp&y=U2FsdGVkX198gTmzGSPq0+6nDUCMToyJwagvv1ASAAoB4J69P4llf76RR/O7ZihI HTTP/1.1" 200 25
131.0.197.206 - - [15/Mar/2022:22:27:38 -0500] "GET /galeria/galeria/jquery.fancybox.css?v=2.1.5 HTTP/1.1" 200 4895
216.245.221.92 - - [15/Mar/2022:22:29:04 -0500] "HEAD / HTTP/1.1" 200 -
201.245.192.253 - - [15/Mar/2022:22:30:41 -0500] "POST /kwsrmcab/Wsrmcab HTTP/1.1" 200 45940
207.46.13.31 - - [15/Mar/2022:22:31:41 -0500] "GET /portaldeninos/fauna/ HTTP/1.1" 200 81251
201.245.192.253 - - [15/Mar/2022:22:31:27 -0500] "POST /kwsrmcab/Wsrmcab HTTP/1.1" 200 116957
201.245.192.253 - - [15/Mar/2022:22:31:27 -0500] "POST /kwsrmcab/Wsrmcab HTTP/1.1" 200 46243
186.85.35.183 - - [15/Mar/2022:22:32:52 -0500] "GET /galeria/galeria/jquery.fancybox.css?v=2.1.5 HTTP/1.1" 200 4895
216.245.221.92 - - [15/Mar/2022:22:34:04 -0500] "HEAD / HTTP/1.1" 200 -
190.25.109.45 - - [15/Mar/2022:22:34:09 -0500] "GET /galeria/galeria/jquery.fancybox.css?v=2.1.5 HTTP/1.1" 200 4895
190.25.109.45 - - [15/Mar/2022:22:34:09 -0500] "GET /BLA/boletinlegal/js/jquery.scrollShow.js HTTP/1.1" 200 4586
190.25.109.45 - - [15/Mar/2022:22:34:09 -0500] "GET /galeria/galeria/jquery.fancybox.js?v=2.1.5 HTTP/1.1" 200 48706
207.46.13.43 - - [15/Mar/2022:22:35:11 -0500] "GET /bla/resoluciones/autos%202014/2659.pdf HTTP/1.1" 200 337127
190.251.194.147 - - [15/Mar/2022:22:36:28 -0500] "GET /galeria/galeria/jquery.fancybox.css?v=2.1.5 HTTP/1.1" 200 4895
216.245.221.92 - - [15/Mar/2022:22:39:04 -0500] "HEAD / HTTP/1.1" 200 -
157.55.39.218 - - [15/Mar/2022:22:40:10 -0500] "GET /bla/resoluciones/autos%202019/1443.pdf HTTP/1.1" 200 268510
201.245.192.253 - - [15/Mar/2022:22:40:41 -0500] "POST /kwsrmcab/Wsrmcab HTTP/1.1" 200 45940
201.245.192.253 - - [15/Mar/2022:22:41:30 -0500] "POST /kwsrmcab/Wsrmcab HTTP/1.1" 200 46243
201.245.192.253 - - [15/Mar/2022:22:41:32 -0500] "POST /kwsrmcab/Wsrmcab HTTP/1.1" 200 116957
45.146.165.37 - - [15/Mar/2022:22:43:07 -0500] "GET /?a=fetch&content=<php>die(@md5(HelloThinkCMF))</php> HTTP/1.1" 200 319
66.249.73.127 - - [15/Mar/2022:22:43:12 -0500] "-" 408 -
216.245.221.92 - - [15/Mar/2022:22:44:04 -0500] "HEAD / HTTP/1.1" 200 -
207.46.13.179 - - [15/Mar/2022:22:44:53 -0500] "GET /bla/resoluciones/autos%202019/1639.pdf HTTP/1.1" 200 345625
190.24.177.55 - - [15/Mar/2022:22:46:45 -0500] "-" 408 -
190.24.177.55 - - [15/Mar/2022:22:46:45 -0500] "-" 408 -
190.24.177.55 - - [15/Mar/2022:22:47:05 -0500] "-" 408 -
181.140.204.54 - - [15/Mar/2022:22:47:33 -0500] "GET /galeria/galeria/jquery.fancybox.css?v=2.1.5 HTTP/1.1" 200 4895
207.46.13.178 - - [15/Mar/2022:22:47:39 -0500] "GET /portaldeninos/search/feed/rss2/ HTTP/1.1" 200 974
186.119.253.14 - - [15/Mar/2022:22:48:03 -0500] "GET /BLA/resoluciones/RESOLUCIONES%202021/5262.pdf HTTP/1.1" 200 370932
186.119.253.14 - - [15/Mar/2022:22:48:03 -0500] "GET /favicon.ico HTTP/1.1" 200 7782
216.245.221.92 - - [15/Mar/2022:22:49:04 -0500] "HEAD / HTTP/1.1" 200 -
190.128.62.174 - - [15/Mar/2022:22:49:53 -0500] "GET /galeria/galeria/jquery.fancybox.css?v=2.1.5 HTTP/1.1" 200 4895
181.78.18.2 - - [15/Mar/2022:22:50:17 -0500] "GET /galeria/galeria/jquery.fancybox.css?v=2.1.5 HTTP/1.1" 200 4895
66.249.73.127 - - [15/Mar/2022:22:51:41 -0500] "-" 408 -
191.96.150.241 - - [15/Mar/2022:22:51:42 -0500] "GET / HTTP/1.1" 200 319
201.245.192.253 - - [15/Mar/2022:22:51:07 -0500] "POST /kwsrmcab/Wsrmcab HTTP/1.1" 200 116957
207.46.13.43 - - [15/Mar/2022:22:52:02 -0500] "GET /bla/resoluciones/autos%202014/1199.pdf HTTP/1.1" 200 353244
35.204.63.255 - - [15/Mar/2022:22:53:11 -0500] "GET / HTTP/1.1" 200 319
186.84.22.102 - - [15/Mar/2022:22:54:08 -0500] "GET /galeria/galeria/jquery.fancybox.css?v=2.1.5 HTTP/1.1" 200 4895
181.204.64.34 - - [15/Mar/2022:22:56:16 -0500] "GET /galeria/galeria/jquery.fancybox.css?v=2.1.5 HTTP/1.1" 200 4895
216.245.221.92 - - [15/Mar/2022:22:56:44 -0500] "HEAD / HTTP/1.1" 200 -
69.171.249.11 - - [15/Mar/2022:22:58:42 -0500] "GET /quieres-saber-como-ahorrar-energia-en-tu-empresa-secretaria-de-ambiente-lanza-guia-que-te-ayudara.html HTTP/1.1" 206 998
199.16.157.181 - - [15/Mar/2022:23:00:38 -0500] "-" 408 -
199.16.157.181 - - [15/Mar/2022:23:00:38 -0500] "-" 408 -
186.86.33.250 - - [15/Mar/2022:23:01:26 -0500] "GET /quieres-saber-como-ahorrar-energia-en-tu-empresa-secretaria-de-ambiente-lanza-guia-que-te-ayudara.html?fbclid=IwAR1qXNEhDV2IUXDXdH3HtAVP3rmzlIyofo2pbhgiXemFh2y36Igp7MMqdi0 HTTP/1.1" 200 998
181.51.34.219 - - [15/Mar/2022:23:01:39 -0500] "GET /galeria/galeria/jquery.fancybox.css?v=2.1.5 HTTP/1.1" 200 4895
181.51.34.219 - - [15/Mar/2022:23:01:39 -0500] "GET /BLA/boletinlegal/js/jquery.scrollShow.js HTTP/1.1" 200 4586
181.51.34.219 - - [15/Mar/2022:23:01:39 -0500] "GET /galeria/galeria/jquery.fancybox.js?v=2.1.5 HTTP/1.1" 200 48706
216.245.221.92 - - [15/Mar/2022:23:02:06 -0500] "HEAD / HTTP/1.1" 200 -
201.245.192.253 - - [15/Mar/2022:23:02:22 -0500] "POST /kwsrmcab/Wsrmcab HTTP/1.1" 200 116957
66.249.73.127 - - [15/Mar/2022:23:04:26 -0500] "-" 408 -
207.46.13.179 - - [15/Mar/2022:23:04:36 -0500] "GET /sipse/faces/javax.faces.resource/jquery/jquery.js;jsessionid=bvzwtk9vfe8kh6rlbxxx7xsh.undefined?ln=primefaces&amp;v=4.0 HTTP/1.1" 200 105384
207.46.13.43 - - [15/Mar/2022:23:05:13 -0500] "GET /BLA/resoluciones/index.php?dir=AUTOS+2010%2F HTTP/1.1" 200 271559
157.55.39.218 - - [15/Mar/2022:23:05:31 -0500] "GET /BLA/resoluciones/dlf/styles.css HTTP/1.1" 200 3049
157.55.39.218 - - [15/Mar/2022:23:06:52 -0500] "GET /bla/resoluciones/autos%202019/5497.pdf HTTP/1.1" 200 281401
170.78.40.169 - - [15/Mar/2022:23:06:54 -0500] "GET /galeria/galeria/jquery.fancybox.css?v=2.1.5 HTTP/1.1" 200 4895
216.245.221.92 - - [15/Mar/2022:23:07:06 -0500] "HEAD / HTTP/1.1" 200 -
190.24.177.55 - - [15/Mar/2022:23:10:17 -0500] "-" 408 -
190.24.177.55 - - [15/Mar/2022:23:10:37 -0500] "-" 408 -
191.108.6.188 - - [15/Mar/2022:23:11:16 -0500] "GET /kwssiamovil/sm/acme/a?s=U2FsdGVkX198lezd3LrCWzedI1qzd0zIxDTvDRWcvrT6EDNG/MVshq+6ZlM9NPIvEO3qHmghxOqJlAe0kMc6OcgU+ST47QdL7uTQoj+36f1Bdz4LGgr5jBSVNq0ss6sAMKL0PtmvDzelSPvP7Wz2JtaP+8WRLiEHUig54unEuk93ej/lfyAodaUdAwZi8ze5NaAMQFC9Jaro0H1x/BxSlWZAFQd+r08LmtO3WHDtKbaz2w1aa6h6B8TDnhV9ZnuQzzA+IKhY3akTYHlmdD7BjA==&u=U2FsdGVkX18dIsufb1lLQFq17yR9G0wm/dgEr48tdaHE1pmJxg2beoXlhkODOMHp&y=U2FsdGVkX198gTmzGSPq0+6nDUCMToyJwagvv1ASAAoB4J69P4llf76RR/O7ZihI HTTP/1.1" 200 25
191.108.6.188 - - [15/Mar/2022:23:11:20 -0500] "GET /kwssiamovil/sm/acme/a?s=U2FsdGVkX1/XlRBr50jpqu/nE+4s8kiaHaUDWeRgieH1E/sJMuPYhowUTNkB2dUS+y2zIXyYf8wHt0Y8vBlmJfzTn8UKLXTpbbr4y3OOSdHxbzfZ/fjjoayldgiRI30kqB5dy56VGyGUqz1SxF0kOz3gNB5dD3xHhXH2A80iGnrntZfnamXpYz4usRgS0lDS8T+RVcJLWDrZ9hLjffHfwzI4EAsNEp8LnezBFHEqd1/LRM8EWBxwCQJW9x3uEfPEIzTsLxiC1ESsIxMow9NEFwdOYITLDowiPO6v0T7bfHFmmEL6PPUUzEkpaqDErCODK3EkWQ7fuxwMIRbrWQYXo3wau4J0/EJn04QUkLlBT6m7dZ5jzbs32EDAWycaFca9kurR1Jkl0eJmJipBv4heFU8IsNw0SNOm1xtNB0Ly6UQHcv6dfXTAnq5Hkcw4wtleqL4HwmJzHm9AjXud7WTbxrnFX83DUQmoS0WkGk5z5eL1rAhEDqWn/dNI949hLOeTW5jQ2ejnerzD6e4mo8TZekbTzvaB36rvkW5vOfypizFbDeXd5yFt9Phv9U14erXx1anDtsTQQcPDVW+pCaFa8Z37H8Dm6yyzJUMh8eQJf4KQCwRaoihkyD7gPJkl9it3z3pg5p80qDaQy3mP5LAZCfo2CZhRRHi+X8R4z7aLotdFlHYdDQyvChrNNvy057pslroHLLQuSnn+W7pRMiKHeAhzwY3vhKkno1NJzxBp/63FBVDBqHwusGPxQK2+2CL4PzrJYjt5YO76pnD6UQajD8JjDhJZkMsaPIT/LBAIK0hSRjDgeH1m0SA+HCLS/N5aAmG8asy8TiE7E7a78xLL5nfXnRAmjUseERO7pxGUzShqreHIFy0xZCDhHdMQhVHaKTivGdO/2/8eaK6cygfragcLu0ERcvCR2wtpqEDn2wJcM1N752ITuwEMOIv97yp+cmje7V59gpoFdIbe3CCgapmlJG6NAKGItj1/9Bko6RY8GzEBZcPl6hy2t25eS+iLecJMhpqnKkKukylyRsEW8cbZPLIj2/8lPrZ6bjeo+7pHlnkl7b4qSslvJMTaAWcP4nbKa8GbkZyXlOsi6sSXJZmTeX+x/m3WNKTPVwjv4QWnsZVJDwVAI1Y+xkDZayLB0lmUBIstddlx3wisdp8PlKj90p90sdY+rrwQtQYHfvxsRMh0bg5YkAO48rzRTHnvO4k4e6fZUkoZLVxWP10r0TWNd3bfD1tTkGNuKHjh9dukOxDNwHvqrUl+Zk1OtZqRePceEYnnWT63cPzH9UewPzlM37Byppisjcsax1K8juKqULz8n1KLoMbG376pk0XVW3IdGb7GTQmjZkIQu1nbrsKlX+JXgZNWlZuJvZ0L4g89Yhmmot67uTfukdKlov562bQuWAzBFWJkwqQfRSxgzDpYvrBZgL4mklvjcOsCRgu9RYZWhQPRK80i3CQDfs1hDogADx+/4kZpB/9TuGO/9FNeauDLXhbCyOa2LWOgFpixieY5O65u6LdQ6gxhuwVgpc+MGtV+1kFrWeJIBrnrrQuIgnLevU2QD62LTW6iSkrxQE973s111r1KdIeWHu2YhZoNqh6QhUJA6K5NH+O1LWYjoPzqo7Fx6Qsy8HSKz5o=&u=U2FsdGVkX18dIsufb1lLQFq17yR9G0wm/dgEr48tdaHE1pmJxg2beoXlhkODOMHp&y=U2FsdGVkX198gTmzGSPq0+6nDUCMToyJwagvv1ASAAoB4J69P4llf76RR/O7ZihI HTTP/1.1" 200 25
191.108.6.188 - - [15/Mar/2022:23:11:23 -0500] "GET /kwssiamovil/sm/acme/a?s=U2FsdGVkX1/mBHHqs70Xfpn5OZCEU02RKTLRPPaJJ3/Dwk8YZqATPrIizBV4hJml95L3NTZFYLVGuYdMMw2Tupewwr+5Jal+fTHIMM3RpJztCBgvTcuRQmDEQvWZYRU2ysXvZLt536/uzlQ3kLYOXXFHK2gExSAUx9tGQRG0s08=&u=U2FsdGVkX18dIsufb1lLQFq17yR9G0wm/dgEr48tdaHE1pmJxg2beoXlhkODOMHp&y=U2FsdGVkX198gTmzGSPq0+6nDUCMToyJwagvv1ASAAoB4J69P4llf76RR/O7ZihI HTTP/1.1" 200 25
191.108.6.188 - - [15/Mar/2022:23:11:26 -0500] "GET /kwssiamovil/sm/acme/a?s=U2FsdGVkX18zuUo2QEJY9CiOjI7neq3jtMCy+MXw58bRYuUFCIs32Vy/6WbqhpAX+FchWYMqxPGTA9f7zI5FQaupOrHZEpboYMdgcviqXUR1dJCvaYv87H5Pm8B33EbqlaiXzMhSC4/EJfaa/VKuNX5UK2dNL8LhIvEqcQRuKiM=&u=U2FsdGVkX18dIsufb1lLQFq17yR9G0wm/dgEr48tdaHE1pmJxg2beoXlhkODOMHp&y=U2FsdGVkX198gTmzGSPq0+6nDUCMToyJwagvv1ASAAoB4J69P4llf76RR/O7ZihI HTTP/1.1" 200 25
191.108.6.188 - - [15/Mar/2022:23:11:29 -0500] "GET /kwssiamovil/sm/acme/a?s=U2FsdGVkX19T72XOmE2G+O/K1BdxoSMTsU50u6hV9zG/+WYwzUep/+a61N6vr0MTFC6cAzq+HKK6EYqBGtrOUF805qBWi9RDqfIZ3u/9bZtuCPMIL1/B56ci2OhQBMvt8dc+JZYT/0Og4f/Njk8xrZ1qxaW4YOA095btIv8E2JI=&u=U2FsdGVkX18dIsufb1lLQFq17yR9G0wm/dgEr48tdaHE1pmJxg2beoXlhkODOMHp&y=U2FsdGVkX198gTmzGSPq0+6nDUCMToyJwagvv1ASAAoB4J69P4llf76RR/O7ZihI HTTP/1.1" 200 25
191.108.6.188 - - [15/Mar/2022:23:11:32 -0500] "GET /kwssiamovil/sm/acme/a?s=U2FsdGVkX182MdwQJjTRJV9cskPFA9XV/LD50LIllRruRLNp1ZN501SGdwzIHN/M/9P20wpTI6W+GCYf+ePpCjLPRKVlJzp/HFErBRdgmsTAOwpL1kSjXtgtBCVg7mR4wJZsaM8t6AjGNXshnJtGiyuU4uHLr8dK+ofvrZAngK9g2IGgtGfsc40fQ54C2j+kBv+2Q4v3mezye4PzMhYhtQ==&u=U2FsdGVkX18dIsufb1lLQFq17yR9G0wm/dgEr48tdaHE1pmJxg2beoXlhkODOMHp&y=U2FsdGVkX198gTmzGSPq0+6nDUCMToyJwagvv1ASAAoB4J69P4llf76RR/O7ZihI HTTP/1.1" 200 24
216.245.221.92 - - [15/Mar/2022:23:12:06 -0500] "HEAD / HTTP/1.1" 200 -
201.245.192.253 - - [15/Mar/2022:23:12:15 -0500] "POST /kwsrmcab/Wsrmcab HTTP/1.1" 200 116970
157.55.39.218 - - [15/Mar/2022:23:14:33 -0500] "GET /bla/resoluciones/autos%202019/5498.pdf HTTP/1.1" 200 281334
157.55.39.218 - - [15/Mar/2022:23:14:43 -0500] "GET /autoliquidacion2020 HTTP/1.1" 301 250
157.55.39.218 - - [15/Mar/2022:23:14:53 -0500] "GET /autoliquidacion2020/ HTTP/1.1" 200 6146
186.30.180.26 - - [15/Mar/2022:23:16:52 -0500] "GET /BLA/resoluciones/ HTTP/1.1" 200 13093
186.30.180.26 - - [15/Mar/2022:23:16:58 -0500] "GET /BLA/resoluciones/index.php?dir=RESOLUCIONES+2019%2F HTTP/1.1" 200 233335
191.95.49.53 - - [15/Mar/2022:23:17:01 -0500] "GET /galeria/galeria/jquery.fancybox.css?v=2.1.5 HTTP/1.1" 200 4895
216.245.221.92 - - [15/Mar/2022:23:17:06 -0500] "HEAD / HTTP/1.1" 200 -
40.77.167.26 - - [15/Mar/2022:23:20:29 -0500] "GET /bla/resoluciones/autos%202014/1244.pdf HTTP/1.1" 200 669489
167.114.1.28 - - [15/Mar/2022:23:21:13 -0500] "GET /auambari-deleito-con-sus-sonidos-ambientales-a-los-asistentes-de-fima-2021.html HTTP/1.1" 200 888
201.245.192.253 - - [15/Mar/2022:23:20:41 -0500] "POST /kwsrmcab/Wsrmcab HTTP/1.1" 200 45946
186.30.180.26 - - [15/Mar/2022:23:21:30 -0500] "GET /BLA/resoluciones/index.php?dir=AUTOS+2010%2F HTTP/1.1" 200 271559
201.245.192.253 - - [15/Mar/2022:23:21:17 -0500] "POST /kwsrmcab/Wsrmcab HTTP/1.1" 200 116970
216.245.221.92 - - [15/Mar/2022:23:22:06 -0500] "HEAD / HTTP/1.1" 200 -
201.245.192.253 - - [15/Mar/2022:23:21:30 -0500] "POST /kwsrmcab/Wsrmcab HTTP/1.1" 200 46256
45.133.172.102 - - [15/Mar/2022:23:22:36 -0500] "POST /oauth/token HTTP/1.1" 404 1241
190.158.204.28 - - [15/Mar/2022:23:22:55 -0500] "GET /galeria/galeria/jquery.fancybox.css?v=2.1.5 HTTP/1.1" 200 4895
151.248.62.72 - - [15/Mar/2022:23:25:02 -0500] "GET / HTTP/1.1" 200 319
216.245.221.92 - - [15/Mar/2022:23:27:06 -0500] "HEAD / HTTP/1.1" 200 -
157.55.39.149 - - [15/Mar/2022:23:27:10 -0500] "-" 408 -
40.77.191.215 - - [15/Mar/2022:23:30:31 -0500] "GET /dlf/styles.css HTTP/1.1" 404 1018
201.245.192.253 - - [15/Mar/2022:23:30:40 -0500] "POST /kwsrmcab/Wsrmcab HTTP/1.1" 200 45946
216.245.221.92 - - [15/Mar/2022:23:32:06 -0500] "HEAD / HTTP/1.1" 200 -
201.245.192.253 - - [15/Mar/2022:23:31:27 -0500] "POST /kwsrmcab/Wsrmcab HTTP/1.1" 200 46256
201.245.192.253 - - [15/Mar/2022:23:31:30 -0500] "POST /kwsrmcab/Wsrmcab HTTP/1.1" 200 116970
45.146.165.37 - - [15/Mar/2022:23:32:47 -0500] "GET /?XDEBUG_SESSION_START=phpstorm HTTP/1.1" 200 319
207.46.13.179 - - [15/Mar/2022:23:32:57 -0500] "GET /bla/resoluciones/autos%202014/4148.pdf HTTP/1.1" 200 546763
207.46.13.197 - - [15/Mar/2022:23:34:34 -0500] "GET / HTTP/1.1" 200 319
186.97.132.220 - - [15/Mar/2022:23:35:18 -0500] "GET /galeria/galeria/jquery.fancybox.css?v=2.1.5 HTTP/1.1" 200 4895
186.169.15.24 - - [15/Mar/2022:23:35:20 -0500] "GET /BLA/resoluciones/ HTTP/1.1" 200 13093
186.169.15.24 - - [15/Mar/2022:23:35:30 -0500] "GET /BLA/resoluciones/index.php?dir=RESOLUCIONES+2019%2F HTTP/1.1" 200 233335
66.249.73.97 - - [15/Mar/2022:23:35:48 -0500] "-" 408 -
157.55.39.218 - - [15/Mar/2022:23:35:54 -0500] "GET /BLA/resoluciones/RESOLUCIONES%202008/0699.pdf HTTP/1.1" 200 295034
186.169.15.24 - - [15/Mar/2022:23:36:28 -0500] "GET /BLA/resoluciones/index.php?dir=RESOLUCIONES+2017%2F HTTP/1.1" 200 276455
186.169.15.24 - - [15/Mar/2022:23:36:42 -0500] "GET /BLA/resoluciones/RESOLUCIONES%202017/0561.pdf HTTP/1.1" 200 607309
216.245.221.92 - - [15/Mar/2022:23:37:06 -0500] "HEAD / HTTP/1.1" 200 -
186.169.15.24 - - [15/Mar/2022:23:38:50 -0500] "GET /BLA/resoluciones/index.php?dir=RESOLUCIONES+2009%2F HTTP/1.1" 200 1694101
186.169.15.24 - - [15/Mar/2022:23:39:12 -0500] "GET /BLA/resoluciones/RESOLUCIONES%202009/5006.pdf HTTP/1.1" 200 706121
45.133.172.102 - - [15/Mar/2022:23:39:15 -0500] "POST /oauth/token HTTP/1.1" 404 1241
186.30.180.26 - - [15/Mar/2022:23:40:13 -0500] "GET /BLA/resoluciones/index.php?dir=RESOLUCIONES+2010%2F HTTP/1.1" 200 1307798
157.55.39.218 - - [15/Mar/2022:23:40:25 -0500] "GET /bla/resoluciones/autos%202014/1537.pdf HTTP/1.1" 200 672249
186.30.180.26 - - [15/Mar/2022:23:40:36 -0500] "GET /BLA/resoluciones/RESOLUCIONES%202010/1007.pdf HTTP/1.1" 200 113924
186.30.180.26 - - [15/Mar/2022:23:41:00 -0500] "GET /BLA/resoluciones/ HTTP/1.1" 200 13093
186.30.180.26 - - [15/Mar/2022:23:41:07 -0500] "GET /BLA/resoluciones/index.php?dir=RESOLUCIONES+2019%2F HTTP/1.1" 200 233335
186.169.15.24 - - [15/Mar/2022:23:41:22 -0500] "GET /BLA/resoluciones/index.php?dir=RESOLUCIONES+2017%2F HTTP/1.1" 200 276455
201.245.192.253 - - [15/Mar/2022:23:40:40 -0500] "POST /kwsrmcab/Wsrmcab HTTP/1.1" 200 45946
186.169.15.24 - - [15/Mar/2022:23:41:31 -0500] "GET /BLA/resoluciones/RESOLUCIONES%202017/0446.pdf HTTP/1.1" 200 696401
216.245.221.92 - - [15/Mar/2022:23:42:06 -0500] "HEAD / HTTP/1.1" 200 -
201.245.192.253 - - [15/Mar/2022:23:41:25 -0500] "POST /kwsrmcab/Wsrmcab HTTP/1.1" 200 116970
201.245.192.253 - - [15/Mar/2022:23:41:30 -0500] "POST /kwsrmcab/Wsrmcab HTTP/1.1" 200 46256
186.169.15.24 - - [15/Mar/2022:23:43:13 -0500] "GET /BLA/resoluciones/index.php?dir=RESOLUCIONES+2008%2F HTTP/1.1" 200 976272
186.169.15.24 - - [15/Mar/2022:23:44:05 -0500] "GET /BLA/resoluciones/RESOLUCIONES%202008/3902.pdf HTTP/1.1" 200 369959
191.95.166.200 - - [15/Mar/2022:23:45:56 -0500] "GET /BLA/resoluciones/ HTTP/1.1" 200 13093
191.95.166.200 - - [15/Mar/2022:23:45:56 -0500] "GET /BLA/resoluciones/dlf/styles.css HTTP/1.1" 200 3049
191.95.166.200 - - [15/Mar/2022:23:45:56 -0500] "GET /BLA/resoluciones/dlf/folder.png HTTP/1.1" 200 410
191.95.166.200 - - [15/Mar/2022:23:45:56 -0500] "GET /BLA/resoluciones/dlf/bg.gif HTTP/1.1" 200 54
191.95.166.200 - - [15/Mar/2022:23:45:56 -0500] "GET /favicon.ico HTTP/1.1" 200 7782
191.95.166.200 - - [15/Mar/2022:23:46:10 -0500] "GET /BLA/resoluciones/index.php?dir=RESOLUCIONES+2019%2F HTTP/1.1" 200 233335
191.95.166.200 - - [15/Mar/2022:23:46:10 -0500] "GET /BLA/resoluciones/dlf/dirup.png HTTP/1.1" 200 644
191.95.166.200 - - [15/Mar/2022:23:46:10 -0500] "GET /BLA/resoluciones/dlf/pdf.gif HTTP/1.1" 200 272
191.95.166.200 - - [15/Mar/2022:23:46:24 -0500] "GET /BLA/resoluciones/RESOLUCIONES%202019/0091.pdf HTTP/1.1" 200 490296
216.245.221.92 - - [15/Mar/2022:23:47:06 -0500] "HEAD / HTTP/1.1" 200 -
157.55.39.218 - - [15/Mar/2022:23:47:56 -0500] "GET /bla/resoluciones/autos%202014/0016.pdf HTTP/1.1" 200 569658
186.169.15.24 - - [15/Mar/2022:23:49:00 -0500] "GET /BLA/resoluciones/index.php?dir=RESOLUCIONES+2008%2F HTTP/1.1" 200 976272
186.169.15.24 - - [15/Mar/2022:23:49:16 -0500] "GET /BLA/resoluciones/RESOLUCIONES%202008/3696.pdf HTTP/1.1" 200 346703
186.169.15.24 - - [15/Mar/2022:23:51:45 -0500] "GET /BLA/resoluciones/index.php?dir=RESOLUCIONES+2018%2F HTTP/1.1" 200 257152
186.169.15.24 - - [15/Mar/2022:23:51:53 -0500] "GET /BLA/resoluciones/RESOLUCIONES%202018/3650.pdf HTTP/1.1" 200 428921
216.245.221.92 - - [15/Mar/2022:23:52:06 -0500] "HEAD / HTTP/1.1" 200 -
201.245.192.253 - - [15/Mar/2022:23:51:23 -0500] "POST /kwsrmcab/Wsrmcab HTTP/1.1" 200 116970
186.169.15.24 - - [15/Mar/2022:23:52:46 -0500] "GET /BLA/resoluciones/index.php?dir=RESOLUCIONES+2018%2F HTTP/1.1" 200 257152
186.169.15.24 - - [15/Mar/2022:23:53:43 -0500] "GET /BLA/resoluciones/RESOLUCIONES%202018/3576.pdf HTTP/1.1" 200 350972
190.251.97.57 - - [15/Mar/2022:23:54:01 -0500] "GET /galeria/galeria/jquery.fancybox.css?v=2.1.5 HTTP/1.1" 200 4895
157.55.39.218 - - [15/Mar/2022:23:54:37 -0500] "GET /bla/resoluciones/autos%202019/4471.pdf HTTP/1.1" 200 305477
199.16.157.182 - - [15/Mar/2022:23:55:05 -0500] "GET /images/alcaldesa-secretaria-29-octubre.jpg HTTP/1.1" 200 72783
199.16.157.182 - - [15/Mar/2022:23:55:05 -0500] "GET /images/imagen-comunicado-podcast.jpg HTTP/1.1" 200 39765
207.46.13.43 - - [15/Mar/2022:23:55:39 -0500] "GET /bla/resoluciones/autos%202019/2101.pdf HTTP/1.1" 200 324797
216.245.221.92 - - [15/Mar/2022:23:57:06 -0500] "HEAD / HTTP/1.1" 200 -
186.169.15.24 - - [15/Mar/2022:23:57:06 -0500] "GET /BLA/resoluciones/index.php?dir=RESOLUCIONES+2017%2F HTTP/1.1" 200 276455
186.169.15.24 - - [15/Mar/2022:23:57:31 -0500] "GET /BLA/resoluciones/index.php?dir=RESOLUCIONES+2018%2F HTTP/1.1" 200 257152
186.169.15.24 - - [15/Mar/2022:23:57:39 -0500] "GET /BLA/resoluciones/RESOLUCIONES%202018/0342.pdf HTTP/1.1" 200 408644
186.169.15.24 - - [15/Mar/2022:23:59:12 -0500] "GET /BLA/resoluciones/ HTTP/1.1" 200 13093
186.169.15.24 - - [15/Mar/2022:23:59:15 -0500] "GET /BLA/resoluciones/index.php?dir=RESOLUCIONES+2017%2F HTTP/1.1" 200 276455
186.169.15.24 - - [15/Mar/2022:23:59:35 -0500] "GET /BLA/resoluciones/RESOLUCIONES%202017/3363.pdf HTTP/1.1" 200 363182

:: Command execute ::

Enter:
 
Select:
 

:: Search ::
regexp 

:: Upload ::
 
[ ok ]

:: Make Dir ::
 
[ ok ]
:: Make File ::
 
[ ok ]

:: Go Dir ::
 
:: Go File ::
 

--[ c99shell v. 1.0 pre-release build #13 powered by Captain Crunch Security Team | http://ccteam.ru | Generation time: 1.6848 ]--