181.140.192.132 - - [18/Mar/2022:18:55:32 -0500] "GET /BLA/resoluciones/Decretos/Decreto%20720%20del%2020%20de%20Diciembre%20de%202017.pdf HTTP/1.1" 200 2806577
216.245.221.92 - - [18/Mar/2022:18:55:48 -0500] "HEAD / HTTP/1.1" 200 -
181.140.192.132 - - [18/Mar/2022:18:56:05 -0500] "GET /BLA/resoluciones/Decretos/Decreto%20721%20del%2020%20de%20Diciembre%20de%202017.pdf HTTP/1.1" 200 12076327
181.140.192.132 - - [18/Mar/2022:18:56:26 -0500] "GET /BLA/resoluciones/Decretos/Decreto%20723%20del%2021%20de%20Diciembre%20de%202017.pdf HTTP/1.1" 200 1076061
181.140.192.132 - - [18/Mar/2022:18:57:13 -0500] "GET /BLA/resoluciones/Decretos/Decreto%20795%20de%2020%20de%20diciembre%20del%202018.pdf HTTP/1.1" 200 353312
181.140.192.132 - - [18/Mar/2022:18:58:50 -0500] "GET /BLA/resoluciones/Decretos/Decreto%20798%20de%2020%20de%20diciembre%20del%202018.pdf HTTP/1.1" 200 1401096
181.140.192.132 - - [18/Mar/2022:18:59:00 -0500] "GET /BLA/resoluciones/Decretos/Decreto%20814%20del%2028%20de%20Diciembre%20de%202017.pdf HTTP/1.1" 200 2271553
191.95.53.109 - - [18/Mar/2022:18:59:39 -0500] "GET /galeria/galeria/jquery.fancybox.css?v=2.1.5 HTTP/1.1" 200 4895
216.245.221.92 - - [18/Mar/2022:19:00:48 -0500] "HEAD / HTTP/1.1" 200 -
201.245.192.253 - - [18/Mar/2022:19:02:39 -0500] "POST /kwsrmcab/Wsrmcab HTTP/1.1" 200 213
216.245.221.92 - - [18/Mar/2022:19:05:48 -0500] "HEAD / HTTP/1.1" 200 -
216.245.221.92 - - [18/Mar/2022:19:10:48 -0500] "HEAD / HTTP/1.1" 200 -
201.245.192.253 - - [18/Mar/2022:19:11:18 -0500] "POST /kwsrmcab/Wsrmcab HTTP/1.1" 200 116173
195.246.120.111 - - [18/Mar/2022:19:12:09 -0500] "GET / HTTP/1.1" 200 319
181.140.192.132 - - [18/Mar/2022:19:13:44 -0500] "GET /BLA/resoluciones/Decretos/Decreto%20815%20del%2028%20de%20Diciembre%20de%202017.pdf HTTP/1.1" 200 5300108
181.140.192.132 - - [18/Mar/2022:19:14:35 -0500] "GET /BLA/resoluciones/Decretos/DECRETO%201468%20DEL%2006%20DE%20AGOSTO%20DE%202018.pdf HTTP/1.1" 200 3831327
181.140.192.132 - - [18/Mar/2022:19:14:48 -0500] "GET /BLA/resoluciones/index.php HTTP/1.1" 200 13093
181.140.192.132 - - [18/Mar/2022:19:14:59 -0500] "GET /BLA/resoluciones/index.php?dir=RESOLUCIONES+1992%2F HTTP/1.1" 200 2871
181.140.192.132 - - [18/Mar/2022:19:15:01 -0500] "GET /BLA/resoluciones/RESOLUCIONES%201992/0004.pdf HTTP/1.1" 200 154689
181.140.192.132 - - [18/Mar/2022:19:15:17 -0500] "GET /BLA/resoluciones/RESOLUCIONES%201992/0020.pdf HTTP/1.1" 200 78912
181.140.192.132 - - [18/Mar/2022:19:15:36 -0500] "GET /BLA/resoluciones/RESOLUCIONES%201992/0048.pdf HTTP/1.1" 200 67231
216.245.221.92 - - [18/Mar/2022:19:15:48 -0500] "HEAD / HTTP/1.1" 200 -
223.93.189.211 - - [18/Mar/2022:19:16:04 -0500] "GET / HTTP/1.1" 200 4720
181.140.192.132 - - [18/Mar/2022:19:16:11 -0500] "GET /BLA/resoluciones/RESOLUCIONES%201992/RESOLUCION%2004%20DE%201992.pdf HTTP/1.1" 200 154689
181.140.192.132 - - [18/Mar/2022:19:16:44 -0500] "GET /BLA/resoluciones/RESOLUCIONES%201992/RESOLUCION%2048%20DE%201992%20.pdf HTTP/1.1" 200 67231
181.140.192.132 - - [18/Mar/2022:19:16:58 -0500] "GET /BLA/resoluciones/index.php HTTP/1.1" 200 13093
181.140.192.132 - - [18/Mar/2022:19:17:07 -0500] "GET /BLA/resoluciones/AUTOS%202019/0002.pdf HTTP/1.1" 200 330178
181.140.192.132 - - [18/Mar/2022:19:17:05 -0500] "GET /BLA/resoluciones/index.php?dir=AUTOS+2019%2F HTTP/1.1" 200 339392
45.137.21.208 - - [18/Mar/2022:19:17:46 -0500] "GET http://example.com/ HTTP/1.1" 200 319
181.140.192.132 - - [18/Mar/2022:19:17:50 -0500] "GET /BLA/resoluciones/AUTOS%202019/1418.pdf HTTP/1.1" 200 278044
181.140.192.132 - - [18/Mar/2022:19:18:12 -0500] "GET /BLA/resoluciones/index.php HTTP/1.1" 200 13093
181.140.192.132 - - [18/Mar/2022:19:18:16 -0500] "GET /BLA/resoluciones/index.php?dir=RESOLUCIONES+1993%2F HTTP/1.1" 200 2879
181.140.192.132 - - [18/Mar/2022:19:18:18 -0500] "GET /BLA/resoluciones/RESOLUCIONES%201993/RESOLUCION%2068%20DE%201993%20.pdf HTTP/1.1" 200 209029
181.140.192.132 - - [18/Mar/2022:19:18:41 -0500] "GET /BLA/resoluciones/index.php?dir=RESOLUCIONES+1993%2F HTTP/1.1" 200 2879
181.140.192.132 - - [18/Mar/2022:19:18:42 -0500] "GET /BLA/resoluciones/index.php HTTP/1.1" 200 13093
181.140.192.132 - - [18/Mar/2022:19:18:45 -0500] "GET /BLA/resoluciones/index.php?dir=RESOLUCIONES+1994%2F HTTP/1.1" 200 2479
181.140.192.132 - - [18/Mar/2022:19:18:52 -0500] "GET /BLA/resoluciones/RESOLUCIONES%201994/RESOLUCION%2038%20DE%201994.pdf HTTP/1.1" 200 791654
181.140.192.132 - - [18/Mar/2022:19:19:04 -0500] "GET /BLA/resoluciones/index.php?dir=RESOLUCIONES+1995%2F HTTP/1.1" 200 12327
181.140.192.132 - - [18/Mar/2022:19:19:07 -0500] "GET /BLA/resoluciones/RESOLUCIONES%201995/0031.pdf HTTP/1.1" 200 68070
181.140.192.132 - - [18/Mar/2022:19:19:15 -0500] "GET /BLA/resoluciones/RESOLUCIONES%201995/RESOLUCION%2002%20DE%201995.pdf HTTP/1.1" 200 212428
181.140.192.132 - - [18/Mar/2022:19:19:30 -0500] "GET /BLA/resoluciones/RESOLUCIONES%201995/RESOLUCION%20287%20DE%201995.pdf HTTP/1.1" 200 41214
181.140.192.132 - - [18/Mar/2022:19:19:38 -0500] "GET /BLA/resoluciones/index.php HTTP/1.1" 200 13093
181.140.192.132 - - [18/Mar/2022:19:19:42 -0500] "GET /BLA/resoluciones/index.php?dir=RESOLUCIONES+2016%2F HTTP/1.1" 200 163314
181.140.192.132 - - [18/Mar/2022:19:19:53 -0500] "GET /BLA/resoluciones/RESOLUCIONES%202016/0005.pdf HTTP/1.1" 200 257442
181.140.192.132 - - [18/Mar/2022:19:20:09 -0500] "GET /BLA/resoluciones/RESOLUCIONES%202016/0006.pdf HTTP/1.1" 200 257548
216.245.221.92 - - [18/Mar/2022:19:20:48 -0500] "HEAD / HTTP/1.1" 200 -
201.245.192.253 - - [18/Mar/2022:19:20:27 -0500] "POST /kwsrmcab/Wsrmcab HTTP/1.1" 200 45616
201.245.192.253 - - [18/Mar/2022:19:21:08 -0500] "POST /kwsrmcab/Wsrmcab HTTP/1.1" 200 116173
190.159.17.92 - - [18/Mar/2022:19:22:03 -0500] "GET /mesa/contrasena.pdf HTTP/1.1" 200 443199
190.159.17.92 - - [18/Mar/2022:19:22:04 -0500] "GET /mesa/contrasena.pdf HTTP/1.1" 206 1
190.159.17.92 - - [18/Mar/2022:19:22:04 -0500] "GET /mesa/contrasena.pdf HTTP/1.1" 206 1091
201.245.192.253 - - [18/Mar/2022:19:21:18 -0500] "POST /kwsrmcab/Wsrmcab HTTP/1.1" 200 45945
66.249.73.127 - - [18/Mar/2022:19:23:12 -0500] "-" 408 -
192.241.225.162 - - [18/Mar/2022:19:24:12 -0500] "MGLNDD_190.27.245.106_80" 501 953
181.140.192.132 - - [18/Mar/2022:19:24:59 -0500] "GET /BLA/resoluciones/RESOLUCIONES%202008/5628.pdf HTTP/1.1" 200 89969
216.245.221.92 - - [18/Mar/2022:19:25:48 -0500] "HEAD / HTTP/1.1" 200 -
157.55.39.198 - - [18/Mar/2022:19:30:30 -0500] "GET /inicio/humedal-capellania/ HTTP/1.1" 404 1049
216.245.221.92 - - [18/Mar/2022:19:30:48 -0500] "HEAD / HTTP/1.1" 200 -
201.245.192.253 - - [18/Mar/2022:19:30:26 -0500] "POST /kwsrmcab/Wsrmcab HTTP/1.1" 200 45616
201.245.192.253 - - [18/Mar/2022:19:31:17 -0500] "POST /kwsrmcab/Wsrmcab HTTP/1.1" 200 45945
201.245.192.253 - - [18/Mar/2022:19:31:21 -0500] "POST /kwsrmcab/Wsrmcab HTTP/1.1" 200 116173
181.237.28.197 - - [18/Mar/2022:19:32:21 -0500] "GET /galeria/galeria/jquery.fancybox.css?v=2.1.5 HTTP/1.1" 200 4895
199.59.150.181 - - [18/Mar/2022:19:32:27 -0500] "GET /documents/10184/2325415/pieza-concurso-buenas-practicas-20-septiembre.jpg HTTP/1.1" 404 1030
199.59.150.181 - - [18/Mar/2022:19:32:34 -0500] "GET /documents/10184/2325415/pieza-concurso-buenas-practicas-20-septiembre.jpg HTTP/1.1" 404 1030
45.238.183.90 - - [18/Mar/2022:19:35:42 -0500] "GET /galeria/galeria/jquery.fancybox.css?v=2.1.5 HTTP/1.1" 200 4895
216.245.221.92 - - [18/Mar/2022:19:35:48 -0500] "HEAD / HTTP/1.1" 200 -
201.245.192.253 - - [18/Mar/2022:19:36:03 -0500] "GET /appsia/controlador HTTP/1.1" 200 4799
201.245.192.253 - - [18/Mar/2022:19:36:04 -0500] "GET /appsia/controlador HTTP/1.1" 200 4799
201.245.192.253 - - [18/Mar/2022:19:36:04 -0500] "GET /appsia/css/estilos.css HTTP/1.1" 200 4804
201.245.192.253 - - [18/Mar/2022:19:36:04 -0500] "GET /appsia/scripts/validarIngreso.js HTTP/1.1" 200 851
201.245.192.253 - - [18/Mar/2022:19:36:04 -0500] "GET /appsia/images/logo_bogota_p.png HTTP/1.1" 200 14951
201.245.192.253 - - [18/Mar/2022:19:36:04 -0500] "GET /appsia/images/cabezoteHojaVida.png HTTP/1.1" 200 32493
201.245.192.253 - - [18/Mar/2022:19:36:05 -0500] "GET /favicon.ico HTTP/1.1" 200 7782
112.239.127.106 - - [18/Mar/2022:19:39:15 -0500] "POST /GponForm/diag_Form?images/ HTTP/1.1" 404 1013
216.245.221.92 - - [18/Mar/2022:19:40:48 -0500] "HEAD / HTTP/1.1" 200 -
201.245.192.253 - - [18/Mar/2022:19:40:26 -0500] "POST /kwsrmcab/Wsrmcab HTTP/1.1" 200 45616
201.245.192.253 - - [18/Mar/2022:19:41:18 -0500] "POST /kwsrmcab/Wsrmcab HTTP/1.1" 200 45945
201.245.192.253 - - [18/Mar/2022:19:41:43 -0500] "POST /kwsrmcab/Wsrmcab HTTP/1.1" 200 116173
216.245.221.92 - - [18/Mar/2022:19:45:48 -0500] "HEAD / HTTP/1.1" 200 -
173.252.95.7 - - [18/Mar/2022:19:47:29 -0500] "GET /humedales-por-que-son-importantes-en-epoca-de-lluvia.html HTTP/1.1" 206 793
18.210.147.12 - - [18/Mar/2022:19:47:30 -0500] "HEAD /humedales-por-que-son-importantes-en-epoca-de-lluvia.html HTTP/1.1" 200 -
191.156.62.39 - - [18/Mar/2022:19:49:04 -0500] "GET /galeria/galeria/jquery.fancybox.css?v=2.1.5 HTTP/1.1" 200 4895
216.245.221.92 - - [18/Mar/2022:19:50:48 -0500] "HEAD / HTTP/1.1" 200 -
157.55.39.23 - - [18/Mar/2022:19:51:41 -0500] "-" 408 -
201.245.192.253 - - [18/Mar/2022:19:51:29 -0500] "POST /kwsrmcab/Wsrmcab HTTP/1.1" 200 116173
207.46.13.192 - - [18/Mar/2022:19:53:28 -0500] "GET / HTTP/1.1" 200 319
173.252.95.14 - - [18/Mar/2022:19:53:31 -0500] "GET /humedales-por-que-son-importantes-en-epoca-de-lluvia.html?fbclid=IwAR2wbwvyo2PG3y31J3EvCmi4QNJ09W6rBwENjvlpmP5npPOpWs4sOGUPORo HTTP/1.1" 200 793
40.77.167.46 - - [18/Mar/2022:19:53:40 -0500] "GET /BLA/resoluciones/AUTOS%202020/4313.pdf HTTP/1.1" 200 413057
173.252.111.24 - - [18/Mar/2022:19:54:34 -0500] "GET /images/humedal-agua-lluvias-bogota-18-marzo.jpg HTTP/1.1" 200 146923
190.158.6.241 - - [18/Mar/2022:19:55:27 -0500] "GET /humedales-por-que-son-importantes-en-epoca-de-lluvia.html?fbclid=IwAR1c3NRQTcpo6JF5CzHgbR3zg0BeutBkUiElFTQy1-2FndjhGwCppNPQ8Og HTTP/1.1" 200 793
216.245.221.92 - - [18/Mar/2022:19:55:48 -0500] "HEAD / HTTP/1.1" 200 -
186.102.73.233 - - [18/Mar/2022:19:56:43 -0500] "GET /kwssiamovil/sm/ldap/au?x=U2FsdGVkX1819vhoFUw036s3cqvns6UogSy15X0DS279bCryRsgZnib9dTYgRQx2&y=U2FsdGVkX1+Org0ShytfZk5A5N6JylWmh5P1/TOnDfA0gqFWdjZsdxAieqrEf8UT HTTP/1.1" 200 31
186.102.73.233 - - [18/Mar/2022:19:56:45 -0500] "GET /kwssiamovil/sm/ldap/au?x=U2FsdGVkX18b23lXaCnRGMyh19r2YMjlY+byiUoNgnP10/6+fc+MR5sPmT1Fd4k0&y=U2FsdGVkX188E87Q9kHNSZBTisR6zXAZhfmXAexsXWUSRjIPMFbRXD7Ij9EidwxB HTTP/1.1" 200 31
186.102.73.233 - - [18/Mar/2022:19:57:05 -0500] "GET /kwssiamovil/sm/ldap/au?x=U2FsdGVkX1/e9Bfcaw/zZLf0TEjPyEX4Q+/DKAR+3MQ6oz7aaqmIKxmQahxbiciD&y=U2FsdGVkX19nHWXUzESu7GwNrRrMG6nKl+eAoGT6UCKVHWzbkQQltG7ppGGyB3ms HTTP/1.1" 200 30
186.102.73.233 - - [18/Mar/2022:19:57:05 -0500] "GET /kwssiamovil/sm/acme/s?s=U2FsdGVkX19BAKyPbAPyDQG3t6EesstZclWtWR5JvFbGLWxYYUZaGEM33pgRzEukvK4ma87JIYls+++MyK+68UH7VGcLK+El4eIFqJgsU/Q=&u=U2FsdGVkX1/GzGS+AGzqEgawY4VZ78Ba6ex3ZcjSYR0=&y=U2FsdGVkX19nHWXUzESu7GwNrRrMG6nKl+eAoGT6UCKVHWzbkQQltG7ppGGyB3ms HTTP/1.1" 200 97
186.102.73.233 - - [18/Mar/2022:19:57:05 -0500] "GET /kwssiamovil/sm/acme/s?s=U2FsdGVkX18MXouc6kVOrH2OtfNCl3p+cKEwq5ZJ03i8Po35JS+K5+7rMVsjSC8ySPBSG1RHQzBVnG8xYNKhMwolIUg6v8X2mB0TsDt51CbaK3IlZSpgfNqQT8EPHjmWusC3+8Akyw+/BNsyPJyA+MsnPjSoyuTLVZj4VfIpPL3WooEjD8CcQRytD0zZ+AArNIrLP8V3V+WhrHBF4SPokrV6kXlj5+XUbvuxREkiC1KeuqH5E2zZXJRnTUSQR7wuHsy+HHWAh4E4IlS1DJ85tkhfGpIjik6RTu7em7UObNCvxgGgctsohT6nlaah8j/OVUzCPEt1XlEs6k6wuxOQy7/u+MrE/3kwAk59gtx9oAvEfs1jqxrIU7tIm12JiZvSCmU84jF/vBpANdhw1VJzdRrnu5Bgf+2iQFlwHYBcuvEWO/4JcH+VP+y5M4RSad3Cn/yaU9uhwnbEca1h5nC/Bv7UvQ2RF7sM97Iep6JJyRFf1syHJ1ud9krlRYFezTs7ML7ti8lYP51gZX4wFMdqENRoIa1qqRXSkRw7RziO5VraedE5rJM4hj0pl5MBA/7usrJHm635/gDcMVOqS3xFZJc4WwNqphqIClVatPXEGq78sItnTucpeYW3Dcyfmm8F6feO2cqRNA3JRaiO5icNdo0xQViqb2/7rphxpjfa7TryNuuPBmv4mBUPV4vwhQJPW/JnvGq+JQxH46R+RH627kCGKP2BSaB/5tFb0LbQwDWm3BlbjE0ouSDV6ueqf7368JcAlDOKglzpqssOudmBI4oNHKe4wNKXbLeYM4UNGS4PZDZqMX/cuUWPr2XZUX97iwN5G+hDznCAJpHnRFea3yKCCavVhMMtY8dutc1nTUTaSkRePG1YSslZwMBpw7oJZ4Q+HX+8LF7m/WH3J2tN+UgJd2p9t/ZORFnLVnix4X9UbhNK20z9DkPnVHr7vAL4rr11GtD7krzlKuIh1pff3hFZQgvR6iOKUG938QEe4MUHgBDIkWRFj8HZKAam94AyqTSnK1SmgkJoZ8RTfzOLoO/RWH66vxUx3BYu1t7RSnHxev/i2CktcGP6z6/ekEwkwutI8qMLFgGps8MY9TmZDgKjSd68gVuy3RbKvP1j0lI=&u=U2FsdGVkX1/GzGS+AGzqEgawY4VZ78Ba6ex3ZcjSYR0=&y=U2FsdGVkX19nHWXUzESu7GwNrRrMG6nKl+eAoGT6UCKVHWzbkQQltG7ppGGyB3ms HTTP/1.1" 200 944
186.102.73.233 - - [18/Mar/2022:19:57:05 -0500] "GET /kwssiamovil/sm/acme/s?s=U2FsdGVkX1+0iyulMGHH+SGa44m2n/HN8DOnn8L5II86SyWdUnd/zc+pttiyiSYB&u=U2FsdGVkX1/GzGS+AGzqEgawY4VZ78Ba6ex3ZcjSYR0=&y=U2FsdGVkX19nHWXUzESu7GwNrRrMG6nKl+eAoGT6UCKVHWzbkQQltG7ppGGyB3ms HTTP/1.1" 200 70
186.102.73.233 - - [18/Mar/2022:19:57:06 -0500] "GET /kwssiamovil/sm/acme/s?s=U2FsdGVkX18STfnmv+qI9OCyjyIJxJXF881nq0D5idi9CTKPF7vCHN8X5su7UIE9&u=U2FsdGVkX1/GzGS+AGzqEgawY4VZ78Ba6ex3ZcjSYR0=&y=U2FsdGVkX19nHWXUzESu7GwNrRrMG6nKl+eAoGT6UCKVHWzbkQQltG7ppGGyB3ms HTTP/1.1" 200 70
186.102.73.233 - - [18/Mar/2022:19:57:06 -0500] "GET /kwssiamovil/sm/acme/s?s=U2FsdGVkX1/IG6lGREUw4ys/ikC+vhQVw6QF+Ys5QCkZpgOh/7tL4C/HrCSd+cYz&u=U2FsdGVkX1/GzGS+AGzqEgawY4VZ78Ba6ex3ZcjSYR0=&y=U2FsdGVkX19nHWXUzESu7GwNrRrMG6nKl+eAoGT6UCKVHWzbkQQltG7ppGGyB3ms HTTP/1.1" 200 70
186.102.73.233 - - [18/Mar/2022:19:57:06 -0500] "GET /kwssiamovil/sm/acme/s?s=U2FsdGVkX18Ab7Tjktg2DiToI62jHJd/IJanOsrdShncxtp3aezMb5vUZYtMcFU2kzB1ZXJBv7Oth8F3m1FuXhUUGum9Ppolclpyz6AaVLZKrI8TKZDXOHz756IrHwDkcin/cRZQnbiN2meFX5QGHKeW4eI9JevyX/F3+OSlDKXDcefNkxUyqLcJMF9j0eETbksTPzRuBF8bHpWghpzqJ2WNaVpksplraX+gn7MElCmfdpX5OBRFSW8KLfPqbABCq06o05fBSrpIFdoA1i3m5x87P/7i/ELN2qY9Zawx1t3t7jgaEkvKJhSKafEyVPQ201LZi5EmAyuCwOFNDJbPXA==&u=U2FsdGVkX1/GzGS+AGzqEgawY4VZ78Ba6ex3ZcjSYR0=&y=U2FsdGVkX19nHWXUzESu7GwNrRrMG6nKl+eAoGT6UCKVHWzbkQQltG7ppGGyB3ms HTTP/1.1" 200 196
186.102.73.233 - - [18/Mar/2022:19:57:06 -0500] "GET /kwssiamovil/sm/cjson/pre?f=1&x=U2FsdGVkX1/e9Bfcaw/zZLf0TEjPyEX4Q+/DKAR+3MQ6oz7aaqmIKxmQahxbiciD HTTP/1.1" 200 30975
181.54.93.210 - - [18/Mar/2022:19:59:51 -0500] "GET /humedales-por-que-son-importantes-en-epoca-de-lluvia.html HTTP/1.1" 200 793
173.252.95.120 - - [18/Mar/2022:19:59:52 -0500] "GET /images/humedal-agua-lluvias-bogota-18-marzo.jpg HTTP/1.1" 200 146923
216.245.221.92 - - [18/Mar/2022:20:00:48 -0500] "HEAD / HTTP/1.1" 200 -
186.119.29.199 - - [18/Mar/2022:20:00:49 -0500] "GET /BLA/resoluciones/RESOLUCIONES%202007/RES%202007%20701%20AL%20800/RESOLUCION%200705%20DE%202007.pdf HTTP/1.1" 200 1060513
186.119.29.199 - - [18/Mar/2022:20:00:50 -0500] "GET /favicon.ico HTTP/1.1" 200 7782
173.252.95.15 - - [18/Mar/2022:20:01:40 -0500] "GET /humedales-por-que-son-importantes-en-epoca-de-lluvia.html HTTP/1.1" 206 793
201.245.192.253 - - [18/Mar/2022:20:01:41 -0500] "POST /kwsrmcab/Wsrmcab HTTP/1.1" 200 116173
66.249.73.127 - - [18/Mar/2022:20:04:34 -0500] "-" 408 -
181.50.117.153 - - [18/Mar/2022:20:05:27 -0500] "GET /humedales-por-que-son-importantes-en-epoca-de-lluvia.html HTTP/1.1" 200 793
216.245.221.92 - - [18/Mar/2022:20:05:48 -0500] "HEAD / HTTP/1.1" 200 -
189.127.145.215 - - [18/Mar/2022:20:09:19 -0500] "GET / HTTP/1.1" 200 319
216.245.221.92 - - [18/Mar/2022:20:10:48 -0500] "HEAD / HTTP/1.1" 200 -
201.245.192.253 - - [18/Mar/2022:20:11:42 -0500] "POST /kwsrmcab/Wsrmcab HTTP/1.1" 200 116163
173.252.107.12 - - [18/Mar/2022:20:15:44 -0500] "GET /operativo-de-control-y-sensibilizacion-para-verificar-la-correcta-disposicion-de-residuos-peligrosos-en-el-7-de-agosto.html HTTP/1.1" 206 1042
173.252.107.1 - - [18/Mar/2022:20:15:44 -0500] "GET /operativo-de-control-y-sensibilizacion-para-verificar-la-correcta-disposicion-de-residuos-peligrosos-en-el-7-de-agosto.html HTTP/1.1" 206 1042
216.245.221.92 - - [18/Mar/2022:20:15:48 -0500] "HEAD / HTTP/1.1" 200 -
31.13.127.28 - - [18/Mar/2022:20:16:00 -0500] "GET /images/carro-carga-movilidad-4-febrero.jpg HTTP/1.1" 200 46258
207.46.13.209 - - [18/Mar/2022:20:20:31 -0500] "GET /BLA/resoluciones/Notificaciones/AUTOS%202017/03630.pdf HTTP/1.1" 200 332169
216.245.221.92 - - [18/Mar/2022:20:20:48 -0500] "HEAD / HTTP/1.1" 200 -
201.245.192.253 - - [18/Mar/2022:20:20:26 -0500] "POST /kwsrmcab/Wsrmcab HTTP/1.1" 200 45595
201.245.192.253 - - [18/Mar/2022:20:21:16 -0500] "POST /kwsrmcab/Wsrmcab HTTP/1.1" 200 45935
201.245.192.253 - - [18/Mar/2022:20:21:40 -0500] "POST /kwsrmcab/Wsrmcab HTTP/1.1" 200 116163
190.26.33.235 - - [18/Mar/2022:20:25:15 -0500] "GET /kwssiamovil/sm/ldap/au?x=U2FsdGVkX18hcLx82BPJl9dpH3QtiEyAYOu7azrmoqb4M0D4YOYtvabCiOYfgSfd&y=U2FsdGVkX18lIv086S7+vuGgC6j1vduh7wTq34P9oRWMBPL1aMCO0OuAY4PDoDG4 HTTP/1.1" 200 30
190.26.33.235 - - [18/Mar/2022:20:25:15 -0500] "GET /kwssiamovil/sm/acme/s?s=U2FsdGVkX1/HxVFrqT0roGq0pmbCB/2Iq6TB4WKjyaEqQwDepnIXmPVTd1+N039hoHBvIwzwOn3TKqsLnk8VyrKBePDle/FQkrJTWjqg2q8=&u=U2FsdGVkX1/Sra5X8d8MECwNCWXt3s9WepYOoomR6OjSn27WpX7NRaOs4Jsro8b9&y=U2FsdGVkX18lIv086S7+vuGgC6j1vduh7wTq34P9oRWMBPL1aMCO0OuAY4PDoDG4 HTTP/1.1" 200 97
190.26.33.235 - - [18/Mar/2022:20:25:15 -0500] "GET /kwssiamovil/sm/acme/s?s=U2FsdGVkX1+u+sL6bsX8KFZI/OKXHIMsIHYVjJMdEvG8K8DbPhE525i2mohtP537xKG2rzsr45Isyd2lJhUa+jKUiNLdMWSBK3SvDAuLpmISjXQeiIpYCw4I9D0gABb6R5DlCrVQd1e6Q36RmMvVROe182Dc6Sdq+ogUA3wnbi7gQyDiRt6lQwzrJVu0hQsVdsgqZBbkWyWui72r7Kbl2GJcNnLpAkDGAdnmzQcfo1oDL5PRT0d+YGpm3ly46zNBTV4ehnE4iK8rlBrRCIeKvp6jCmbLPUfS6g1Fw4cMn/IlwHiguZrz9YCHExhMRtjYR+hSABcsb46sKIEdAgVk2pN/cuxYSqyM/xNLby2Lu9MUoqOPtdcyuGjpYjZTc5hmrr0+hV/vcjeGPnvFzNn5mEdu2mMect5/pLpgErSqLtTgmhWsldyAlGt13K134KH/YxWDYLsHEHujj0u/XNDy/zFfklkvteB7S+zlR5roStElMorKQjiITmCC65mk2IdvH1Q/LgYmbBYqV1aDsllhXm2xxsJgsC51rTuVGg1RjUp3MNwR8MsHF4cnY+qt06lSRRuNJEsslMZL3WAh9yU7k9fOLvZBNyG2CN34z/3X8LCiKa+NrXBIT7cwp6X9nNEP7pN1XFBxSDtH89u0nDi539Hlvv0fVbGub1hGakcAlGTksbUXLx991QVXril8jgWfPuVnED7E9D6OQvfI0YY+WIkO5389exn7ktm8lGdtXM1Vnens24bO7W2ecpHFDZI+LChtApZ2mJWjYTfQY08OogScxUyZ/OPTkJd3wcWwO2VeDHBLOD0ew+a9vw2sL4pSxJ6N7VyI8+GVSH68+QECTrsrHQd13Au664TeH7YLodWthD+UilazLdegdr4wARjvLCkgDPY70BhEDk4Yx81h6VA8YRtN42CLwxG1Qdf793zsxkFUWnGUoC+imbp5EeujmnTMcQ0+jT3ZIYCEkcLV1NzisWXUw0D/H1/+IvErd6nhhse8t1e4UBScR2ammkgyhyb3qxkowRAl7SoxsojC4FyIw2iRVB4Bihc4VL3uXe8owl0E9UFXWrd3Lvz0UFBvUOkyd0ziqzmduYBg6xLNiV2Z6jlfqr3Msncp9DgVdn8=&u=U2FsdGVkX1/Sra5X8d8MECwNCWXt3s9WepYOoomR6OjSn27WpX7NRaOs4Jsro8b9&y=U2FsdGVkX18lIv086S7+vuGgC6j1vduh7wTq34P9oRWMBPL1aMCO0OuAY4PDoDG4 HTTP/1.1" 200 2545
190.26.33.235 - - [18/Mar/2022:20:25:15 -0500] "GET /kwssiamovil/sm/acme/s?s=U2FsdGVkX19fxiJKSj3KQ0u9Owjtj3ki+xrNF/EUq2BbvvTxqcRhQmB4BHJNgJcr&u=U2FsdGVkX1/Sra5X8d8MECwNCWXt3s9WepYOoomR6OjSn27WpX7NRaOs4Jsro8b9&y=U2FsdGVkX18lIv086S7+vuGgC6j1vduh7wTq34P9oRWMBPL1aMCO0OuAY4PDoDG4 HTTP/1.1" 200 70
190.26.33.235 - - [18/Mar/2022:20:25:15 -0500] "GET /kwssiamovil/sm/acme/s?s=U2FsdGVkX1/G7rckfFpeXgOOLrha3Nh4Jv/3YOeXUXgzQ33yeffpcHOLV6XnScnf&u=U2FsdGVkX1/Sra5X8d8MECwNCWXt3s9WepYOoomR6OjSn27WpX7NRaOs4Jsro8b9&y=U2FsdGVkX18lIv086S7+vuGgC6j1vduh7wTq34P9oRWMBPL1aMCO0OuAY4PDoDG4 HTTP/1.1" 200 70
190.26.33.235 - - [18/Mar/2022:20:25:15 -0500] "GET /kwssiamovil/sm/acme/s?s=U2FsdGVkX18AW/rgbeGWdFLDUyQAGb8I7RamxhLTuM3/uuDchFgIsJt3LdMIZYp7&u=U2FsdGVkX1/Sra5X8d8MECwNCWXt3s9WepYOoomR6OjSn27WpX7NRaOs4Jsro8b9&y=U2FsdGVkX18lIv086S7+vuGgC6j1vduh7wTq34P9oRWMBPL1aMCO0OuAY4PDoDG4 HTTP/1.1" 200 70
190.26.33.235 - - [18/Mar/2022:20:25:15 -0500] "GET /kwssiamovil/sm/acme/s?s=U2FsdGVkX1+0TauUuZjTuzKs+OaSopYFy8ri/rD4xoKUtrg+9DGyi71tqZl8ybvE&u=U2FsdGVkX1/Sra5X8d8MECwNCWXt3s9WepYOoomR6OjSn27WpX7NRaOs4Jsro8b9&y=U2FsdGVkX18lIv086S7+vuGgC6j1vduh7wTq34P9oRWMBPL1aMCO0OuAY4PDoDG4 HTTP/1.1" 200 70
190.26.33.235 - - [18/Mar/2022:20:25:15 -0500] "GET /kwssiamovil/sm/acme/s?s=U2FsdGVkX1/7kiROfAqiuU2ZAB3ztXyektvML1HdVNoYLMqh3TSKi1kdSCvJZ/+n&u=U2FsdGVkX1/Sra5X8d8MECwNCWXt3s9WepYOoomR6OjSn27WpX7NRaOs4Jsro8b9&y=U2FsdGVkX18lIv086S7+vuGgC6j1vduh7wTq34P9oRWMBPL1aMCO0OuAY4PDoDG4 HTTP/1.1" 200 70
190.26.33.235 - - [18/Mar/2022:20:25:15 -0500] "GET /kwssiamovil/sm/acme/s?s=U2FsdGVkX1/H+J49K8TQ8TJ+ZQ5OiN7kjgbkZDwtq1oSoRn6kLA6rf/M6c6AGXX5&u=U2FsdGVkX1/Sra5X8d8MECwNCWXt3s9WepYOoomR6OjSn27WpX7NRaOs4Jsro8b9&y=U2FsdGVkX18lIv086S7+vuGgC6j1vduh7wTq34P9oRWMBPL1aMCO0OuAY4PDoDG4 HTTP/1.1" 200 70
190.26.33.235 - - [18/Mar/2022:20:25:15 -0500] "GET /kwssiamovil/sm/acme/s?s=U2FsdGVkX18seyzoSVuMlDd6ocK6Z+/cbIpIGIs6PCxj8U7hoFixPIe19/1DYFaV&u=U2FsdGVkX1/Sra5X8d8MECwNCWXt3s9WepYOoomR6OjSn27WpX7NRaOs4Jsro8b9&y=U2FsdGVkX18lIv086S7+vuGgC6j1vduh7wTq34P9oRWMBPL1aMCO0OuAY4PDoDG4 HTTP/1.1" 200 70
190.26.33.235 - - [18/Mar/2022:20:25:15 -0500] "GET /kwssiamovil/sm/acme/s?s=U2FsdGVkX19Mr7usO6spJjvj+tgTVgAArQdHT5PURMd2+C3uBvWJnknK/3UzVnQS&u=U2FsdGVkX1/Sra5X8d8MECwNCWXt3s9WepYOoomR6OjSn27WpX7NRaOs4Jsro8b9&y=U2FsdGVkX18lIv086S7+vuGgC6j1vduh7wTq34P9oRWMBPL1aMCO0OuAY4PDoDG4 HTTP/1.1" 200 70
190.26.33.235 - - [18/Mar/2022:20:25:15 -0500] "GET /kwssiamovil/sm/acme/s?s=U2FsdGVkX19y8eQzc2l9AaagQ/Tk+q+9LmkxHm8CuxCfOJnxayCTg9oG3ERxou++&u=U2FsdGVkX1/Sra5X8d8MECwNCWXt3s9WepYOoomR6OjSn27WpX7NRaOs4Jsro8b9&y=U2FsdGVkX18lIv086S7+vuGgC6j1vduh7wTq34P9oRWMBPL1aMCO0OuAY4PDoDG4 HTTP/1.1" 200 70
190.26.33.235 - - [18/Mar/2022:20:25:15 -0500] "GET /kwssiamovil/sm/acme/s?s=U2FsdGVkX1/Vq3aoD3CaGlk0sFbYXmcOVbWJx55jLvq0wseNhRpUeDoF+QmceDg+hMlQj4eRdqRPEnu1z66ba/0IxqcrqZ2LODyz6WLNwOVpqQKZJBIA7AKrQG9bUDfo1rltDE1czOq1fmeQTrrcY3oeMnEBv5CG5V4ZQAiB/vcslfxYtqScN55gm8pPDKnYYi7Y7suesTlimHw7/BlucVZlDv2D60zxv6PoAG4R3N4ie+ZRRvLRsl8LwfnfBGkoHqjeJYaPxvC1cY/q+rexEZYBtYEcO9fu2eCYKZEvhJY3bMxEhSYBYxfea8M0dINr0LDPqWUnEzTP+Mip0/ntLaAWfLk9Ou80lQrJ2lX+kh0=&u=U2FsdGVkX1/Sra5X8d8MECwNCWXt3s9WepYOoomR6OjSn27WpX7NRaOs4Jsro8b9&y=U2FsdGVkX18lIv086S7+vuGgC6j1vduh7wTq34P9oRWMBPL1aMCO0OuAY4PDoDG4 HTTP/1.1" 200 196
190.26.33.235 - - [18/Mar/2022:20:25:15 -0500] "GET /kwssiamovil/sm/cjson/pre?f=1&x=U2FsdGVkX18hcLx82BPJl9dpH3QtiEyAYOu7azrmoqb4M0D4YOYtvabCiOYfgSfd HTTP/1.1" 200 30975
216.245.221.92 - - [18/Mar/2022:20:25:48 -0500] "HEAD / HTTP/1.1" 200 -
190.24.16.67 - - [18/Mar/2022:20:28:04 -0500] "GET /humedales-por-que-son-importantes-en-epoca-de-lluvia.html HTTP/1.1" 200 793
69.171.249.17 - - [18/Mar/2022:20:29:13 -0500] "GET /images/residuos-bolsas-rojas.jpeg HTTP/1.1" 200 46289
216.245.221.92 - - [18/Mar/2022:20:30:48 -0500] "HEAD / HTTP/1.1" 200 -
201.245.192.253 - - [18/Mar/2022:20:30:27 -0500] "POST /kwsrmcab/Wsrmcab HTTP/1.1" 200 45595
201.245.192.253 - - [18/Mar/2022:20:31:17 -0500] "POST /kwsrmcab/Wsrmcab HTTP/1.1" 200 45935
201.245.192.253 - - [18/Mar/2022:20:31:57 -0500] "POST /kwsrmcab/Wsrmcab HTTP/1.1" 200 116163
181.53.12.209 - - [18/Mar/2022:20:34:55 -0500] "GET /galeria/galeria/jquery.fancybox.css?v=2.1.5 HTTP/1.1" 200 4895
201.228.253.50 - - [18/Mar/2022:20:35:37 -0500] "GET /humedales-por-que-son-importantes-en-epoca-de-lluvia.html HTTP/1.1" 200 793
216.245.221.92 - - [18/Mar/2022:20:35:48 -0500] "HEAD / HTTP/1.1" 200 -
66.249.73.100 - - [18/Mar/2022:20:36:53 -0500] "-" 408 -
198.74.59.35 - - [18/Mar/2022:20:37:53 -0500] "GET /galeria/galeria/jquery.fancybox.css?v=2.1.5 HTTP/1.1" 200 4895
198.74.59.35 - - [18/Mar/2022:20:37:53 -0500] "GET /BLA/boletinlegal/js/jquery.scrollShow.js HTTP/1.1" 200 4586
198.74.59.35 - - [18/Mar/2022:20:37:53 -0500] "GET /galeria/galeria/jquery.fancybox.js?v=2.1.5 HTTP/1.1" 200 48706
173.252.95.13 - - [18/Mar/2022:20:39:46 -0500] "GET /images/humedal-agua-lluvias-bogota-18-marzo.jpg HTTP/1.1" 200 146923
216.245.221.92 - - [18/Mar/2022:20:40:48 -0500] "HEAD / HTTP/1.1" 200 -
201.245.192.253 - - [18/Mar/2022:20:40:27 -0500] "POST /kwsrmcab/Wsrmcab HTTP/1.1" 200 45595
201.245.192.253 - - [18/Mar/2022:20:41:16 -0500] "POST /kwsrmcab/Wsrmcab HTTP/1.1" 200 45935
201.245.192.253 - - [18/Mar/2022:20:41:23 -0500] "POST /kwsrmcab/Wsrmcab HTTP/1.1" 200 116163
35.204.111.239 - - [18/Mar/2022:20:42:27 -0500] "GET / HTTP/1.1" 200 319
181.54.26.121 - - [18/Mar/2022:20:45:31 -0500] "GET /humedales-por-que-son-importantes-en-epoca-de-lluvia.html HTTP/1.1" 200 793
216.245.221.92 - - [18/Mar/2022:20:45:48 -0500] "HEAD / HTTP/1.1" 200 -
66.249.73.127 - - [18/Mar/2022:20:45:56 -0500] "-" 408 -
173.252.107.13 - - [18/Mar/2022:20:47:28 -0500] "GET /humedales-por-que-son-importantes-en-epoca-de-lluvia.html HTTP/1.1" 206 793
173.252.107.4 - - [18/Mar/2022:20:47:39 -0500] "GET /images/humedal-agua-lluvias-bogota-18-marzo.jpg HTTP/1.1" 200 146923
207.46.13.209 - - [18/Mar/2022:20:50:05 -0500] "GET /BLA/resoluciones/RESOLUCIONES%202013/0025.pdf HTTP/1.1" 304 -
216.245.221.92 - - [18/Mar/2022:20:50:48 -0500] "HEAD / HTTP/1.1" 200 -
201.245.192.253 - - [18/Mar/2022:20:51:27 -0500] "POST /kwsrmcab/Wsrmcab HTTP/1.1" 200 116163
173.252.87.19 - - [18/Mar/2022:20:52:39 -0500] "GET /images/humedal-agua-lluvias-bogota-18-marzo.jpg HTTP/1.1" 200 146923
173.252.107.20 - - [18/Mar/2022:20:53:35 -0500] "GET /acompanamos-a-la-car-en-la-firma-del-plan-de-accion-para-el-mejoramiento-de-la-calidad-del-aire-en-ciudad-bolivar.html HTTP/1.1" 206 1042
173.252.107.20 - - [18/Mar/2022:20:53:35 -0500] "GET /acompanamos-a-la-car-en-la-firma-del-plan-de-accion-para-el-mejoramiento-de-la-calidad-del-aire-en-ciudad-bolivar.html HTTP/1.1" 206 1042
216.245.221.92 - - [18/Mar/2022:20:55:48 -0500] "HEAD / HTTP/1.1" 200 -
173.252.107.7 - - [18/Mar/2022:20:56:15 -0500] "GET /feria-de-servicios-este-sabado-en-tunjuelito-una-oportunidad-para-adelantar-tus-tramites-ambientales.html HTTP/1.1" 206 1076
173.252.107.14 - - [18/Mar/2022:20:56:15 -0500] "GET /feria-de-servicios-este-sabado-en-tunjuelito-una-oportunidad-para-adelantar-tus-tramites-ambientales.html HTTP/1.1" 206 1076
190.158.204.10 - - [18/Mar/2022:20:57:19 -0500] "GET /humedales-por-que-son-importantes-en-epoca-de-lluvia.html HTTP/1.1" 200 793
207.46.13.157 - - [18/Mar/2022:20:59:03 -0500] "GET /bla/resoluciones/notificaciones/autos%202020/3211.pdf HTTP/1.1" 200 335699
216.245.221.92 - - [18/Mar/2022:21:00:48 -0500] "HEAD / HTTP/1.1" 200 -
181.237.157.24 - - [18/Mar/2022:21:01:42 -0500] "GET /humedales-por-que-son-importantes-en-epoca-de-lluvia.html HTTP/1.1" 200 793
201.245.192.253 - - [18/Mar/2022:21:01:25 -0500] "POST /kwsrmcab/Wsrmcab HTTP/1.1" 200 116163
181.237.157.24 - - [18/Mar/2022:21:02:40 -0500] "GET /documents/10184/2325415/pieza-concurso-buenas-practicas-20-septiembre.jpg HTTP/1.1" 404 1030
207.46.13.179 - - [18/Mar/2022:21:03:57 -0500] "GET /bla/resoluciones/notificaciones/registros%202015/0171.doc HTTP/1.1" 200 197120
216.245.221.92 - - [18/Mar/2022:21:05:48 -0500] "HEAD / HTTP/1.1" 200 -
216.245.221.92 - - [18/Mar/2022:21:10:48 -0500] "HEAD / HTTP/1.1" 200 -
201.245.192.253 - - [18/Mar/2022:21:12:26 -0500] "POST /kwsrmcab/Wsrmcab HTTP/1.1" 200 116154
216.245.221.92 - - [18/Mar/2022:21:15:48 -0500] "HEAD / HTTP/1.1" 200 -
207.46.13.209 - - [18/Mar/2022:21:19:47 -0500] "GET / HTTP/1.1" 200 319
216.245.221.92 - - [18/Mar/2022:21:20:48 -0500] "HEAD / HTTP/1.1" 200 -
201.245.192.253 - - [18/Mar/2022:21:20:27 -0500] "POST /kwsrmcab/Wsrmcab HTTP/1.1" 200 45750
201.245.192.253 - - [18/Mar/2022:21:21:10 -0500] "POST /kwsrmcab/Wsrmcab HTTP/1.1" 200 116154
201.245.192.253 - - [18/Mar/2022:21:21:16 -0500] "POST /kwsrmcab/Wsrmcab HTTP/1.1" 200 45926
66.248.204.9 - - [18/Mar/2022:21:22:28 -0500] "GET /images/feria-servicios-ambiental-barrios-unidos-17-marzo.jpg HTTP/1.1" 200 58797
31.13.127.24 - - [18/Mar/2022:21:25:31 -0500] "GET /images/negocios-verdes-3-marzo.jpg HTTP/1.1" 200 33179
31.13.127.26 - - [18/Mar/2022:21:25:32 -0500] "GET /images/feria-servicios-3-marzo.jpg HTTP/1.1" 200 39802
216.245.221.92 - - [18/Mar/2022:21:25:47 -0500] "HEAD / HTTP/1.1" 200 -
89.187.182.24 - - [18/Mar/2022:21:26:48 -0500] "GET /wp-login.php HTTP/1.1" 404 1035
89.187.182.24 - - [18/Mar/2022:21:27:09 -0500] "GET /wp-login.php HTTP/1.1" 404 1018
186.169.13.106 - - [18/Mar/2022:21:27:15 -0500] "GET /BLA/resoluciones/ HTTP/1.1" 200 13093
186.169.13.106 - - [18/Mar/2022:21:27:31 -0500] "GET /BLA/resoluciones/index.php?dir=AUTOS+2018%2F HTTP/1.1" 200 426329
186.169.13.106 - - [18/Mar/2022:21:27:58 -0500] "GET /BLA/resoluciones/index.php?dir=RESOLUCIONES+2021%2F HTTP/1.1" 200 290979
186.169.13.106 - - [18/Mar/2022:21:28:01 -0500] "GET /BLA/resoluciones/index.php?dir=RESOLUCIONES+2020%2F HTTP/1.1" 200 159192
186.169.13.106 - - [18/Mar/2022:21:28:33 -0500] "GET /BLA/resoluciones/index.php?dir=RESOLUCIONES+2019%2F HTTP/1.1" 200 234015
186.169.13.106 - - [18/Mar/2022:21:29:12 -0500] "GET /BLA/resoluciones/index.php?dir=RESOLUCIONES+2017%2F HTTP/1.1" 200 276965
186.169.13.106 - - [18/Mar/2022:21:29:33 -0500] "GET /BLA/resoluciones/index.php?dir=RESOLUCIONES+2019%2F HTTP/1.1" 200 234015
186.31.128.158 - - [18/Mar/2022:21:30:32 -0500] "GET /appsia/controlador HTTP/1.1" 200 4799
186.31.128.158 - - [18/Mar/2022:21:30:32 -0500] "GET /appsia/css/estilos.css HTTP/1.1" 200 4804
186.31.128.158 - - [18/Mar/2022:21:30:32 -0500] "GET /appsia/scripts/validarIngreso.js HTTP/1.1" 200 851
186.31.128.158 - - [18/Mar/2022:21:30:32 -0500] "GET /appsia/images/cabezoteHojaVida.png HTTP/1.1" 200 32493
186.31.128.158 - - [18/Mar/2022:21:30:32 -0500] "GET /appsia/images/logo_bogota_p.png HTTP/1.1" 200 14951
186.31.128.158 - - [18/Mar/2022:21:30:32 -0500] "GET /favicon.ico HTTP/1.1" 200 7782
186.31.128.158 - - [18/Mar/2022:21:30:38 -0500] "POST /appsia/controlador HTTP/1.1" 200 5437
186.31.128.158 - - [18/Mar/2022:21:30:43 -0500] "POST /appsia/controlador HTTP/1.1" 200 7781
216.245.221.92 - - [18/Mar/2022:21:30:47 -0500] "HEAD / HTTP/1.1" 200 -
186.31.128.158 - - [18/Mar/2022:21:30:50 -0500] "POST /appsia/controlador HTTP/1.1" 200 6646
186.31.128.158 - - [18/Mar/2022:21:30:52 -0500] "POST /appsia/controlador HTTP/1.1" 200 13238
186.31.128.158 - - [18/Mar/2022:21:31:05 -0500] "POST /appsia/controlador HTTP/1.1" 200 76135
201.245.192.253 - - [18/Mar/2022:21:30:26 -0500] "POST /kwsrmcab/Wsrmcab HTTP/1.1" 200 45750
186.169.13.106 - - [18/Mar/2022:21:31:52 -0500] "GET /BLA/resoluciones/index.php?dir=RESOLUCIONES+2008%2F HTTP/1.1" 200 976272
201.245.192.253 - - [18/Mar/2022:21:31:15 -0500] "POST /kwsrmcab/Wsrmcab HTTP/1.1" 200 45926
201.245.192.253 - - [18/Mar/2022:21:31:13 -0500] "POST /kwsrmcab/Wsrmcab HTTP/1.1" 200 116154
186.169.13.106 - - [18/Mar/2022:21:32:07 -0500] "GET /BLA/resoluciones/RESOLUCIONES%202008/0218.pdf HTTP/1.1" 200 612522
157.55.39.149 - - [18/Mar/2022:21:33:20 -0500] "-" 408 -
31.13.127.16 - - [18/Mar/2022:21:34:44 -0500] "GET /humedales-por-que-son-importantes-en-epoca-de-lluvia.html?fbclid=IwAR3SIcmKrwutD0uBwCMwPhpmVQS1n8T-DpemS4sRQ4sWr7SmX0_K_hsu5wQ HTTP/1.1" 200 793
216.245.221.92 - - [18/Mar/2022:21:35:47 -0500] "HEAD / HTTP/1.1" 200 -
164.92.74.95 - - [18/Mar/2022:21:36:44 -0500] "GET / HTTP/1.1" 200 319
164.92.74.95 - - [18/Mar/2022:21:36:59 -0500] "GET /wp-includes/wlwmanifest.xml HTTP/1.1" 404 1018
164.92.74.95 - - [18/Mar/2022:21:37:15 -0500] "GET /xmlrpc.php?rsd HTTP/1.1" 404 1018
164.92.74.95 - - [18/Mar/2022:21:37:31 -0500] "GET / HTTP/1.1" 200 319
164.92.74.95 - - [18/Mar/2022:21:37:47 -0500] "GET /blog/wp-includes/wlwmanifest.xml HTTP/1.1" 404 1018
207.46.13.157 - - [18/Mar/2022:21:38:16 -0500] "GET /bla/resoluciones/resoluciones%202021/5204.pdf HTTP/1.1" 200 380527
164.92.74.95 - - [18/Mar/2022:21:38:03 -0500] "GET /web/wp-includes/wlwmanifest.xml HTTP/1.1" 404 1018
164.92.74.95 - - [18/Mar/2022:21:38:19 -0500] "GET /wordpress/wp-includes/wlwmanifest.xml HTTP/1.1" 404 1018
164.92.74.95 - - [18/Mar/2022:21:38:34 -0500] "GET /website/wp-includes/wlwmanifest.xml HTTP/1.1" 404 1018
164.92.74.95 - - [18/Mar/2022:21:38:50 -0500] "GET /wp/wp-includes/wlwmanifest.xml HTTP/1.1" 404 1018
164.92.74.95 - - [18/Mar/2022:21:39:06 -0500] "GET /news/wp-includes/wlwmanifest.xml HTTP/1.1" 404 1018
164.92.74.95 - - [18/Mar/2022:21:39:22 -0500] "GET /2015/wp-includes/wlwmanifest.xml HTTP/1.1" 404 1018
164.92.74.95 - - [18/Mar/2022:21:39:38 -0500] "GET /2016/wp-includes/wlwmanifest.xml HTTP/1.1" 404 1018
164.92.74.95 - - [18/Mar/2022:21:39:53 -0500] "GET /2017/wp-includes/wlwmanifest.xml HTTP/1.1" 404 1018
40.77.167.78 - - [18/Mar/2022:21:40:25 -0500] "GET /murales-vallas-pendones-y-pasacalles-que-se-instalen-en-bogota-deben-cumplir-con-normatividad-ambiental.html HTTP/1.1" 200 1123
164.92.74.95 - - [18/Mar/2022:21:40:09 -0500] "GET /2018/wp-includes/wlwmanifest.xml HTTP/1.1" 404 1018
186.102.17.23 - - [18/Mar/2022:21:40:33 -0500] "GET /galeria/galeria/jquery.fancybox.css?v=2.1.5 HTTP/1.1" 200 4895
164.92.74.95 - - [18/Mar/2022:21:40:25 -0500] "GET /shop/wp-includes/wlwmanifest.xml HTTP/1.1" 404 1018
216.245.221.92 - - [18/Mar/2022:21:40:47 -0500] "HEAD / HTTP/1.1" 200 -
164.92.74.95 - - [18/Mar/2022:21:40:41 -0500] "GET /wp1/wp-includes/wlwmanifest.xml HTTP/1.1" 404 1018
164.92.74.95 - - [18/Mar/2022:21:40:57 -0500] "GET /test/wp-includes/wlwmanifest.xml HTTP/1.1" 404 1018
201.245.192.253 - - [18/Mar/2022:21:40:27 -0500] "POST /kwsrmcab/Wsrmcab HTTP/1.1" 200 45750
164.92.74.95 - - [18/Mar/2022:21:41:13 -0500] "GET /media/wp-includes/wlwmanifest.xml HTTP/1.1" 404 1018
164.92.74.95 - - [18/Mar/2022:21:41:29 -0500] "GET /wp2/wp-includes/wlwmanifest.xml HTTP/1.1" 404 1018
201.245.192.253 - - [18/Mar/2022:21:41:10 -0500] "POST /kwsrmcab/Wsrmcab HTTP/1.1" 200 116154
164.92.74.95 - - [18/Mar/2022:21:41:44 -0500] "GET /site/wp-includes/wlwmanifest.xml HTTP/1.1" 404 1018
201.245.192.253 - - [18/Mar/2022:21:41:17 -0500] "POST /kwsrmcab/Wsrmcab HTTP/1.1" 200 45926
164.92.74.95 - - [18/Mar/2022:21:42:00 -0500] "GET /cms/wp-includes/wlwmanifest.xml HTTP/1.1" 404 1018
164.92.74.95 - - [18/Mar/2022:21:42:16 -0500] "GET /sito/wp-includes/wlwmanifest.xml HTTP/1.1" 404 1018
200.118.63.25 - - [18/Mar/2022:21:45:19 -0500] "GET /galeria/galeria/jquery.fancybox.css?v=2.1.5 HTTP/1.1" 200 4895
216.245.221.92 - - [18/Mar/2022:21:45:47 -0500] "HEAD / HTTP/1.1" 200 -
49.7.21.90 - - [18/Mar/2022:21:46:07 -0500] "GET / HTTP/1.1" 200 319
173.252.107.20 - - [18/Mar/2022:21:48:16 -0500] "GET /humedales-por-que-son-importantes-en-epoca-de-lluvia.html HTTP/1.1" 206 793
173.252.107.10 - - [18/Mar/2022:21:48:17 -0500] "GET /images/humedal-agua-lluvias-bogota-18-marzo.jpg HTTP/1.1" 200 146923
173.252.107.18 - - [18/Mar/2022:21:48:17 -0500] "GET /humedales-por-que-son-importantes-en-epoca-de-lluvia.html HTTP/1.1" 206 793
66.249.73.100 - - [18/Mar/2022:21:49:36 -0500] "-" 408 -
216.245.221.92 - - [18/Mar/2022:21:50:47 -0500] "HEAD / HTTP/1.1" 200 -
66.220.149.116 - - [18/Mar/2022:21:50:49 -0500] "GET /secretaria-de-ambiente-abre-ciclo-de-capacitaciones-sobre-techos-verdes-y-jardines-verticales.html?fbclid=IwAR0e3nRdIvfEaR7GPb4TEgSVrQnjIc-JS1LESxDCUL7kZRYhrVL10OGQlT4 HTTP/1.1" 200 1078
201.245.192.253 - - [18/Mar/2022:21:51:22 -0500] "POST /kwsrmcab/Wsrmcab HTTP/1.1" 200 116154
191.95.59.59 - - [18/Mar/2022:21:54:51 -0500] "GET /galeria/galeria/jquery.fancybox.css?v=2.1.5 HTTP/1.1" 200 4895
192.109.145.231 - - [18/Mar/2022:21:54:57 -0500] "GET /BLA/boletinlegal/js/jquery.scrollShow.js HTTP/1.1" 304 -
216.245.221.92 - - [18/Mar/2022:21:55:47 -0500] "HEAD / HTTP/1.1" 200 -
40.77.167.46 - - [18/Mar/2022:21:56:41 -0500] "GET /BLA/boletinlegal/index.php HTTP/1.1" 200 63729
216.245.221.92 - - [18/Mar/2022:22:00:47 -0500] "HEAD / HTTP/1.1" 200 -
201.245.192.253 - - [18/Mar/2022:22:02:21 -0500] "POST /kwsrmcab/Wsrmcab HTTP/1.1" 200 116154
173.252.107.5 - - [18/Mar/2022:22:03:57 -0500] "GET /images/humedal-agua-lluvias-bogota-18-marzo.jpg HTTP/1.1" 200 146923
216.245.221.92 - - [18/Mar/2022:22:05:47 -0500] "HEAD / HTTP/1.1" 200 -
186.84.88.216 - - [18/Mar/2022:22:07:18 -0500] "GET /BLA/resoluciones/RESOLUCIONES%202021/2965.pdf HTTP/1.1" 200 458712
186.84.88.216 - - [18/Mar/2022:22:07:39 -0500] "GET /BLA/resoluciones/RESOLUCIONES%202018/3798.pdf HTTP/1.1" 200 304259
186.84.88.216 - - [18/Mar/2022:22:08:02 -0500] "GET /BLA/resoluciones/RESOLUCIONES%202017/3238.pdf HTTP/1.1" 200 1447065
186.84.88.216 - - [18/Mar/2022:22:08:08 -0500] "GET /BLA/resoluciones/RESOLUCIONES%202017/0801.pdf HTTP/1.1" 200 508371
186.84.90.102 - - [18/Mar/2022:22:09:49 -0500] "GET /humedales-por-que-son-importantes-en-epoca-de-lluvia.html HTTP/1.1" 200 793
216.245.221.92 - - [18/Mar/2022:22:10:47 -0500] "HEAD / HTTP/1.1" 200 -
186.84.88.216 - - [18/Mar/2022:22:11:26 -0500] "GET /BLA/resoluciones/RESOLUCIONES%202019/3234.pdf HTTP/1.1" 200 339232
186.84.88.216 - - [18/Mar/2022:22:12:04 -0500] "GET /BLA/resoluciones/RESOLUCIONES%202019/3228.pdf HTTP/1.1" 200 326698
201.245.192.253 - - [18/Mar/2022:22:11:17 -0500] "POST /kwsrmcab/Wsrmcab HTTP/1.1" 200 116160
186.84.88.216 - - [18/Mar/2022:22:12:08 -0500] "GET /BLA/resoluciones/RESOLUCIONES%202019/2022.pdf HTTP/1.1" 200 316098
186.84.88.216 - - [18/Mar/2022:22:12:17 -0500] "GET /BLA/resoluciones/RESOLUCIONES%202019/1602.pdf HTTP/1.1" 200 326394
186.84.88.216 - - [18/Mar/2022:22:12:20 -0500] "GET /BLA/resoluciones/RESOLUCIONES%202019/1205.pdf HTTP/1.1" 200 351915
186.84.88.216 - - [18/Mar/2022:22:12:26 -0500] "GET /BLA/resoluciones/RESOLUCIONES%202019/0545.pdf HTTP/1.1" 200 267757
181.61.39.98 - - [18/Mar/2022:22:12:30 -0500] "GET /sipse/faces/javax.faces.resource/theme.css?ln=primefaces-sipse HTTP/1.1" 304 -
181.61.39.98 - - [18/Mar/2022:22:12:30 -0500] "GET /sipse/faces/javax.faces.resource/primefaces.css?ln=primefaces&v=4.0 HTTP/1.1" 304 -
181.61.39.98 - - [18/Mar/2022:22:12:30 -0500] "GET /sipse/faces/javax.faces.resource/jquery/jquery.js?ln=primefaces&v=4.0 HTTP/1.1" 304 -
181.61.39.98 - - [18/Mar/2022:22:12:30 -0500] "GET /sipse/faces/javax.faces.resource/primefaces.js?ln=primefaces&v=4.0 HTTP/1.1" 304 -
181.61.39.98 - - [18/Mar/2022:22:12:30 -0500] "GET /sipse/faces/javax.faces.resource/layout/layout.css?ln=primefaces&v=4.0 HTTP/1.1" 304 -
181.61.39.98 - - [18/Mar/2022:22:12:30 -0500] "GET /sipse/faces/javax.faces.resource/jquery/jquery-plugins.js?ln=primefaces&v=4.0 HTTP/1.1" 304 -
181.61.39.98 - - [18/Mar/2022:22:12:30 -0500] "GET /sipse/faces/javax.faces.resource/layout/layout.js?ln=primefaces&v=4.0 HTTP/1.1" 304 -
181.61.39.98 - - [18/Mar/2022:22:12:30 -0500] "GET /sipse/faces/javax.faces.resource/images/ui-icons_898989_256x240.png?ln=primefaces-aristo HTTP/1.1" 304 -
181.61.39.98 - - [18/Mar/2022:22:12:30 -0500] "GET /sipse/faces/faces/faces/faces/faces/faces/faces/faces/index.xhtml HTTP/1.1" 200 677
181.61.39.98 - - [18/Mar/2022:22:12:30 -0500] "GET /sipse/faces/javax.faces.resource/theme.css?ln=primefaces-sipse HTTP/1.1" 304 -
181.61.39.98 - - [18/Mar/2022:22:12:30 -0500] "GET /sipse/faces/faces/faces/faces/faces/faces/faces/faces/faces/autenticacion.xhtml HTTP/1.1" 200 12179
181.61.39.98 - - [18/Mar/2022:22:12:31 -0500] "GET /sipse/faces/javax.faces.resource/theme.css?ln=primefaces-sipse HTTP/1.1" 304 -
181.61.39.98 - - [18/Mar/2022:22:12:31 -0500] "GET /sipse/faces/javax.faces.resource/layout/layout.css?ln=primefaces&v=4.0 HTTP/1.1" 304 -
181.61.39.98 - - [18/Mar/2022:22:12:31 -0500] "GET /sipse/faces/javax.faces.resource/primefaces.css?ln=primefaces&v=4.0 HTTP/1.1" 304 -
181.61.39.98 - - [18/Mar/2022:22:12:31 -0500] "GET /sipse/faces/javax.faces.resource/jquery/jquery-plugins.js?ln=primefaces&v=4.0 HTTP/1.1" 304 -
181.61.39.98 - - [18/Mar/2022:22:12:31 -0500] "GET /sipse/faces/javax.faces.resource/primefaces.js?ln=primefaces&v=4.0 HTTP/1.1" 304 -
181.61.39.98 - - [18/Mar/2022:22:12:31 -0500] "GET /sipse/faces/javax.faces.resource/jquery/jquery.js?ln=primefaces&v=4.0 HTTP/1.1" 304 -
181.61.39.98 - - [18/Mar/2022:22:12:31 -0500] "GET /sipse/faces/javax.faces.resource/layout/layout.js?ln=primefaces&v=4.0 HTTP/1.1" 304 -
186.84.88.216 - - [18/Mar/2022:22:13:41 -0500] "GET /BLA/resoluciones/RESOLUCIONES%202017/3827.pdf HTTP/1.1" 200 346136
186.84.88.216 - - [18/Mar/2022:22:14:35 -0500] "GET /BLA/resoluciones/RESOLUCIONES%202015/2846.pdf HTTP/1.1" 200 997433
216.245.221.92 - - [18/Mar/2022:22:15:47 -0500] "HEAD / HTTP/1.1" 200 -
45.137.21.166 - - [18/Mar/2022:22:16:00 -0500] "GET / HTTP/1.1" 200 319
186.170.195.32 - - [18/Mar/2022:22:16:26 -0500] "GET /galeria/galeria/jquery.fancybox.css?v=2.1.5 HTTP/1.1" 200 4895
186.84.91.77 - - [18/Mar/2022:22:16:59 -0500] "GET /humedales-por-que-son-importantes-en-epoca-de-lluvia.html HTTP/1.1" 200 793
207.46.13.43 - - [18/Mar/2022:22:18:57 -0500] "GET /bla/resoluciones/resoluciones%202021/1076.pdf HTTP/1.1" 200 1169462
186.99.246.81 - - [18/Mar/2022:22:19:03 -0500] "GET /galeria/galeria/jquery.fancybox.css?v=2.1.5 HTTP/1.1" 200 4895
179.19.88.88 - - [18/Mar/2022:22:19:41 -0500] "GET /asi-las-mujeres-que-reverdecen-cuidan-los-arboles-para-la-restauracion-ecologica-de-bogota.html HTTP/1.1" 200 911
216.245.221.92 - - [18/Mar/2022:22:20:47 -0500] "HEAD / HTTP/1.1" 200 -
201.245.192.253 - - [18/Mar/2022:22:20:26 -0500] "POST /kwsrmcab/Wsrmcab HTTP/1.1" 200 45449
66.249.73.127 - - [18/Mar/2022:22:21:29 -0500] "-" 408 -
201.245.192.253 - - [18/Mar/2022:22:21:07 -0500] "POST /kwsrmcab/Wsrmcab HTTP/1.1" 200 116160
201.245.192.253 - - [18/Mar/2022:22:21:16 -0500] "POST /kwsrmcab/Wsrmcab HTTP/1.1" 200 45932
66.220.149.19 - - [18/Mar/2022:22:23:05 -0500] "GET /barrios-unidos-tendra-su-jornada-de-reciclaton.html HTTP/1.1" 206 1039
66.220.149.27 - - [18/Mar/2022:22:23:05 -0500] "GET /barrios-unidos-tendra-su-jornada-de-reciclaton.html HTTP/1.1" 206 1039
66.220.149.3 - - [18/Mar/2022:22:23:05 -0500] "GET /barrios-unidos-tendra-su-jornada-de-reciclaton.html HTTP/1.1" 206 1039
66.220.149.19 - - [18/Mar/2022:22:23:05 -0500] "GET /barrios-unidos-tendra-su-jornada-de-reciclaton.html HTTP/1.1" 206 1039
66.220.149.16 - - [18/Mar/2022:22:23:05 -0500] "GET /barrios-unidos-tendra-su-jornada-de-reciclaton.html HTTP/1.1" 206 1039
66.220.149.22 - - [18/Mar/2022:22:23:05 -0500] "GET /barrios-unidos-tendra-su-jornada-de-reciclaton.html HTTP/1.1" 206 1039
66.220.149.3 - - [18/Mar/2022:22:23:05 -0500] "GET /barrios-unidos-tendra-su-jornada-de-reciclaton.html HTTP/1.1" 206 1039
66.220.149.10 - - [18/Mar/2022:22:23:05 -0500] "GET /barrios-unidos-tendra-su-jornada-de-reciclaton.html HTTP/1.1" 206 1039
66.220.149.25 - - [18/Mar/2022:22:23:05 -0500] "GET /barrios-unidos-tendra-su-jornada-de-reciclaton.html HTTP/1.1" 206 1039
66.220.149.15 - - [18/Mar/2022:22:23:05 -0500] "GET /barrios-unidos-tendra-su-jornada-de-reciclaton.html HTTP/1.1" 206 1039
66.220.149.27 - - [18/Mar/2022:22:23:05 -0500] "GET /barrios-unidos-tendra-su-jornada-de-reciclaton.html HTTP/1.1" 206 1039
66.220.149.111 - - [18/Mar/2022:22:23:05 -0500] "GET /barrios-unidos-tendra-su-jornada-de-reciclaton.html HTTP/1.1" 206 1039
173.252.111.117 - - [18/Mar/2022:22:23:17 -0500] "GET /no-uses-las-palmas-silvestres-en-celebraciones-de-semana-santa-protegelas.html HTTP/1.1" 206 980
173.252.111.7 - - [18/Mar/2022:22:23:17 -0500] "GET /no-uses-las-palmas-silvestres-en-celebraciones-de-semana-santa-protegelas.html HTTP/1.1" 206 980
173.252.111.9 - - [18/Mar/2022:22:23:18 -0500] "GET /no-uses-las-palmas-silvestres-en-celebraciones-de-semana-santa-protegelas.html HTTP/1.1" 206 980
109.237.103.9 - - [18/Mar/2022:22:24:04 -0500] "GET /.env HTTP/1.1" 404 1018
45.225.224.18 - - [18/Mar/2022:22:24:28 -0500] "GET /galeria/galeria/jquery.fancybox.css?v=2.1.5 HTTP/1.1" 200 4895
186.84.88.216 - - [18/Mar/2022:22:25:23 -0500] "GET /BLA/resoluciones/RESOLUCIONES%202019/3897.pdf HTTP/1.1" 200 815380
186.84.88.216 - - [18/Mar/2022:22:25:29 -0500] "GET /BLA/resoluciones/RESOLUCIONES%202019/3237.pdf HTTP/1.1" 200 343831
186.84.88.216 - - [18/Mar/2022:22:25:33 -0500] "GET /BLA/resoluciones/RESOLUCIONES%202019/2332.pdf HTTP/1.1" 200 334909
216.245.221.92 - - [18/Mar/2022:22:25:47 -0500] "HEAD / HTTP/1.1" 200 -
212.192.246.29 - - [18/Mar/2022:22:29:26 -0500] "GET / HTTP/1.1" 200 319
212.192.246.29 - - [18/Mar/2022:22:29:30 -0500] "POST /HNAP1/ HTTP/1.1" 404 1018
216.245.221.92 - - [18/Mar/2022:22:30:47 -0500] "HEAD / HTTP/1.1" 200 -
201.245.192.253 - - [18/Mar/2022:22:30:26 -0500] "POST /kwsrmcab/Wsrmcab HTTP/1.1" 200 45449
173.252.107.2 - - [18/Mar/2022:22:31:23 -0500] "GET /images/humedal-agua-lluvias-bogota-18-marzo.jpg HTTP/1.1" 200 146923
201.245.192.253 - - [18/Mar/2022:22:31:16 -0500] "POST /kwsrmcab/Wsrmcab HTTP/1.1" 200 45932
201.245.192.253 - - [18/Mar/2022:22:33:14 -0500] "POST /kwsrmcab/Wsrmcab HTTP/1.1" 200 116160
66.249.73.127 - - [18/Mar/2022:22:35:12 -0500] "-" 408 -
216.245.221.92 - - [18/Mar/2022:22:35:47 -0500] "HEAD / HTTP/1.1" 200 -
173.252.107.16 - - [18/Mar/2022:22:36:40 -0500] "GET /images/humedal-agua-lluvias-bogota-18-marzo.jpg HTTP/1.1" 200 146923
45.65.234.89 - - [18/Mar/2022:22:40:28 -0500] "GET /BLA/resoluciones/RESOLUCIONES%202021/5262.pdf HTTP/1.1" 200 370932
45.65.234.89 - - [18/Mar/2022:22:40:29 -0500] "GET /favicon.ico HTTP/1.1" 200 7782
31.13.127.10 - - [18/Mar/2022:22:40:44 -0500] "GET /images/Acuerdos1.jpeg HTTP/1.1" 200 59889
216.245.221.92 - - [18/Mar/2022:22:40:47 -0500] "HEAD / HTTP/1.1" 200 -
45.65.235.125 - - [18/Mar/2022:22:40:54 -0500] "GET /si-usted-o-su-negocio-es-generador-de-residuos-hospitalarios-o-similares-debera-inscribirse-ante-la-secretaria-de-ambiente.html HTTP/1.1" 200 1117
201.245.192.253 - - [18/Mar/2022:22:40:26 -0500] "POST /kwsrmcab/Wsrmcab HTTP/1.1" 200 45449
201.245.192.253 - - [18/Mar/2022:22:41:15 -0500] "POST /kwsrmcab/Wsrmcab HTTP/1.1" 200 45932
201.245.192.253 - - [18/Mar/2022:22:41:57 -0500] "POST /kwsrmcab/Wsrmcab HTTP/1.1" 200 116160
173.252.107.18 - - [18/Mar/2022:22:43:24 -0500] "GET /images/humedal-agua-lluvias-bogota-18-marzo.jpg HTTP/1.1" 200 146923
216.245.221.92 - - [18/Mar/2022:22:45:47 -0500] "HEAD / HTTP/1.1" 200 -
34.91.143.209 - - [18/Mar/2022:22:48:08 -0500] "GET / HTTP/1.1" 200 319
216.245.221.92 - - [18/Mar/2022:22:50:47 -0500] "HEAD / HTTP/1.1" 200 -
201.245.192.253 - - [18/Mar/2022:22:51:34 -0500] "POST /kwsrmcab/Wsrmcab HTTP/1.1" 200 116160
66.249.73.97 - - [18/Mar/2022:22:53:15 -0500] "-" 408 -
216.245.221.92 - - [18/Mar/2022:22:55:47 -0500] "HEAD / HTTP/1.1" 200 -
66.249.73.127 - - [18/Mar/2022:22:59:31 -0500] "-" 408 -
216.245.221.92 - - [18/Mar/2022:23:00:47 -0500] "HEAD / HTTP/1.1" 200 -
201.245.192.253 - - [18/Mar/2022:23:01:02 -0500] "POST /kwsrmcab/Wsrmcab HTTP/1.1" 200 116160
187.187.192.55 - - [18/Mar/2022:23:02:40 -0500] "GET /galeria/galeria/jquery.fancybox.css?v=2.1.5 HTTP/1.1" 200 4895
207.46.13.179 - - [18/Mar/2022:23:03:18 -0500] "GET /bla/resoluciones/notificaciones/autos%202019/1619.pdf HTTP/1.1" 200 342240
216.245.221.92 - - [18/Mar/2022:23:05:47 -0500] "HEAD / HTTP/1.1" 200 -
203.175.13.108 - - [18/Mar/2022:23:06:57 -0500] "HEAD /portaldeninos/ HTTP/1.1" 200 -
203.175.13.108 - - [18/Mar/2022:23:06:58 -0500] "GET /portaldeninos/ HTTP/1.1" 200 102040
66.249.73.127 - - [18/Mar/2022:23:08:50 -0500] "-" 408 -
216.245.221.92 - - [18/Mar/2022:23:10:47 -0500] "HEAD / HTTP/1.1" 200 -
191.95.157.11 - - [18/Mar/2022:23:11:08 -0500] "GET /BLA/resoluciones/Notificaciones/RESOLUCIONES%202020/0466.pdf HTTP/1.1" 200 385686
191.95.157.11 - - [18/Mar/2022:23:11:08 -0500] "GET /favicon.ico HTTP/1.1" 200 7782
201.245.192.253 - - [18/Mar/2022:23:11:28 -0500] "POST /kwsrmcab/Wsrmcab HTTP/1.1" 200 116158
142.4.218.55 - - [18/Mar/2022:23:14:00 -0500] "GET /humedales-por-que-son-importantes-en-epoca-de-lluvia.html HTTP/1.1" 200 793
191.95.157.11 - - [18/Mar/2022:23:14:34 -0500] "GET /BLA/resoluciones/Notificaciones/AUTOS%202021/00762.pdf HTTP/1.1" 200 5080980
216.245.221.92 - - [18/Mar/2022:23:15:47 -0500] "HEAD / HTTP/1.1" 200 -
66.249.73.127 - - [18/Mar/2022:23:19:47 -0500] "-" 408 -
216.245.221.92 - - [18/Mar/2022:23:20:47 -0500] "HEAD / HTTP/1.1" 200 -
201.245.192.253 - - [18/Mar/2022:23:20:26 -0500] "POST /kwsrmcab/Wsrmcab HTTP/1.1" 200 45438
201.245.192.253 - - [18/Mar/2022:23:21:15 -0500] "POST /kwsrmcab/Wsrmcab HTTP/1.1" 200 45930
201.245.192.253 - - [18/Mar/2022:23:22:07 -0500] "POST /kwsrmcab/Wsrmcab HTTP/1.1" 200 116158
173.252.107.22 - - [18/Mar/2022:23:23:50 -0500] "GET /images/Energias1.jpg HTTP/1.1" 200 139652
173.252.107.119 - - [18/Mar/2022:23:23:50 -0500] "GET /images/empresas-27-septiembre.jpeg HTTP/1.1" 200 66691
216.245.221.92 - - [18/Mar/2022:23:25:47 -0500] "HEAD / HTTP/1.1" 200 -
173.252.107.2 - - [18/Mar/2022:23:26:53 -0500] "GET /images/humedal-agua-lluvias-bogota-18-marzo.jpg HTTP/1.1" 200 146923
66.249.73.127 - - [18/Mar/2022:23:28:58 -0500] "-" 408 -
216.245.221.92 - - [18/Mar/2022:23:30:47 -0500] "HEAD / HTTP/1.1" 200 -
201.245.192.253 - - [18/Mar/2022:23:30:25 -0500] "POST /kwsrmcab/Wsrmcab HTTP/1.1" 200 45438
201.245.192.253 - - [18/Mar/2022:23:31:16 -0500] "POST /kwsrmcab/Wsrmcab HTTP/1.1" 200 45930
201.245.192.253 - - [18/Mar/2022:23:31:24 -0500] "POST /kwsrmcab/Wsrmcab HTTP/1.1" 200 116158
207.46.13.43 - - [18/Mar/2022:23:34:14 -0500] "GET /galeria/galeria/jquery.fancybox.css?v=2.1.5 HTTP/1.1" 200 4895
207.46.13.43 - - [18/Mar/2022:23:34:15 -0500] "GET /bla/resoluciones/resoluciones%202021/1076.pdf HTTP/1.1" 200 1169462
216.245.221.92 - - [18/Mar/2022:23:35:47 -0500] "HEAD / HTTP/1.1" 200 -
207.46.13.179 - - [18/Mar/2022:23:39:01 -0500] "GET /BLA/boletinlegal/normativa.php HTTP/1.1" 200 8258
207.46.13.43 - - [18/Mar/2022:23:39:14 -0500] "GET /BLA/boletinlegal/style.css HTTP/1.1" 200 9406
157.55.39.218 - - [18/Mar/2022:23:39:17 -0500] "GET /BLA/boletinlegal/niceforms.js HTTP/1.1" 200 22876
207.46.13.157 - - [18/Mar/2022:23:39:18 -0500] "GET /BLA/boletinlegal/js/ajax_normativa.js HTTP/1.1" 200 1154
40.77.167.46 - - [18/Mar/2022:23:39:20 -0500] "GET /BLA/boletinlegal/niceforms-default.css HTTP/1.1" 200 6694
216.245.221.92 - - [18/Mar/2022:23:40:47 -0500] "HEAD / HTTP/1.1" 200 -
201.245.192.253 - - [18/Mar/2022:23:40:26 -0500] "POST /kwsrmcab/Wsrmcab HTTP/1.1" 200 45438
190.27.97.106 - - [18/Mar/2022:23:41:55 -0500] "GET /humedales-por-que-son-importantes-en-epoca-de-lluvia.html HTTP/1.1" 200 793
201.245.192.253 - - [18/Mar/2022:23:41:16 -0500] "POST /kwsrmcab/Wsrmcab HTTP/1.1" 200 45930
201.245.192.253 - - [18/Mar/2022:23:41:21 -0500] "POST /kwsrmcab/Wsrmcab HTTP/1.1" 200 116158
207.46.13.43 - - [18/Mar/2022:23:43:16 -0500] "GET /bla/resoluciones/resoluciones%202014/1508.pdf HTTP/1.1" 200 315591
216.245.221.92 - - [18/Mar/2022:23:45:47 -0500] "HEAD / HTTP/1.1" 200 -
40.77.167.46 - - [18/Mar/2022:23:50:02 -0500] "GET /bla/resoluciones/resoluciones%202014/4032.pdf HTTP/1.1" 200 756312
157.55.39.218 - - [18/Mar/2022:23:50:29 -0500] "GET /bla/resoluciones/resoluciones%202014/2258.pdf HTTP/1.1" 200 464929
216.245.221.92 - - [18/Mar/2022:23:50:47 -0500] "HEAD / HTTP/1.1" 200 -
177.222.109.253 - - [18/Mar/2022:23:51:51 -0500] "GET /galeria/galeria/jquery.fancybox.css?v=2.1.5 HTTP/1.1" 200 4895
