!C99Shell v. 1.0 pre-release build #13!

Software: Apache. PHP/5.5.15 

uname -a: Windows NT SVR-DMZ 6.1 build 7600 (Windows Server 2008 R2 Enterprise Edition) i586 

SYSTEM 

Safe-mode: OFF (not secure)

E:\nuevo\apache\logs\   drwxrwxrwx
Free 9.41 GB of 239.26 GB (3.93%)
Detected drives: [ a ] [ c ] [ d ] [ e ] [ f ]
Home    Back    Forward    UPDIR    Refresh    Search    Buffer    Encoder    Tools    Proc.    FTP brute    Sec.    SQL    PHP-code    Update    Feedback    Self remove    Logout    


Viewing file:     access.2022.03.18.log (1.1 MB)      -rw-rw-rw-
Select action/file-type:
(+) | (+) | (+) | Code (+) | Session (+) | (+) | SDB (+) | (+) | (+) | (+) | (+) | (+) |
216.245.221.92 - - [18/Mar/2022:00:02:11 -0500] "HEAD / HTTP/1.1" 200 -
201.245.192.253 - - [18/Mar/2022:00:01:30 -0500] "POST /kwsrmcab/Wsrmcab HTTP/1.1" 200 116973
157.55.39.218 - - [18/Mar/2022:00:06:27 -0500] "GET /bla/resoluciones/autos%202014/3854.pdf HTTP/1.1" 200 491416
216.245.221.92 - - [18/Mar/2022:00:07:11 -0500] "HEAD / HTTP/1.1" 200 -
157.55.39.218 - - [18/Mar/2022:00:07:57 -0500] "GET /bla/resoluciones/autos%202014/0320.pdf HTTP/1.1" 200 463017
157.55.39.218 - - [18/Mar/2022:00:09:17 -0500] "GET /bla/resoluciones/autos%202014/1846.pdf HTTP/1.1" 200 468861
152.61.192.232 - - [18/Mar/2022:00:10:44 -0500] "GET / HTTP/1.1" 200 319
201.245.192.253 - - [18/Mar/2022:00:11:09 -0500] "POST /kwsrmcab/Wsrmcab HTTP/1.1" 200 116286
216.245.221.92 - - [18/Mar/2022:00:12:11 -0500] "HEAD / HTTP/1.1" 200 -
152.61.128.50 - - [18/Mar/2022:00:12:23 -0500] "GET / HTTP/1.1" 200 319
216.245.221.92 - - [18/Mar/2022:00:17:11 -0500] "HEAD / HTTP/1.1" 200 -
34.90.37.255 - - [18/Mar/2022:00:17:50 -0500] "GET / HTTP/1.1" 200 319
190.27.156.175 - - [18/Mar/2022:00:19:05 -0500] "GET /asi-las-mujeres-que-reverdecen-cuidan-los-arboles-para-la-restauracion-ecologica-de-bogota.html HTTP/1.1" 200 911
201.185.105.185 - - [18/Mar/2022:00:20:00 -0500] "GET /galeria/galeria/jquery.fancybox.css?v=2.1.5 HTTP/1.1" 200 4895
201.185.105.185 - - [18/Mar/2022:00:20:00 -0500] "GET /galeria/galeria/jquery.fancybox.js?v=2.1.5 HTTP/1.1" 200 48706
201.185.105.185 - - [18/Mar/2022:00:20:00 -0500] "GET /BLA/boletinlegal/js/jquery.scrollShow.js HTTP/1.1" 200 4586
201.245.192.253 - - [18/Mar/2022:00:20:31 -0500] "POST /kwsrmcab/Wsrmcab HTTP/1.1" 200 45292
201.245.192.253 - - [18/Mar/2022:00:21:15 -0500] "POST /kwsrmcab/Wsrmcab HTTP/1.1" 200 45815
201.245.192.253 - - [18/Mar/2022:00:21:24 -0500] "POST /kwsrmcab/Wsrmcab HTTP/1.1" 200 116286
216.245.221.92 - - [18/Mar/2022:00:22:11 -0500] "HEAD / HTTP/1.1" 200 -
207.46.13.43 - - [18/Mar/2022:00:23:56 -0500] "GET /bla/resoluciones/autos%202014/0466.pdf HTTP/1.1" 200 308982
216.245.221.92 - - [18/Mar/2022:00:27:11 -0500] "HEAD / HTTP/1.1" 200 -
173.252.107.116 - - [18/Mar/2022:00:27:57 -0500] "GET /BLA/boletinlega/sugerencias.php HTTP/1.1" 404 1018
173.252.107.12 - - [18/Mar/2022:00:27:58 -0500] "GET /BLA/boletinlega/sugerencias.php HTTP/1.1" 404 1018
173.252.107.19 - - [18/Mar/2022:00:27:58 -0500] "GET /BLA/boletinlega/sugerencias.php HTTP/1.1" 404 1018
173.252.107.9 - - [18/Mar/2022:00:27:58 -0500] "GET /BLA/boletinlega/sugerencias.php HTTP/1.1" 404 1018
207.46.13.157 - - [18/Mar/2022:00:28:49 -0500] "GET /bla/resoluciones/resoluciones%202021/1592.pdf HTTP/1.1" 200 1291140
207.46.13.179 - - [18/Mar/2022:00:28:54 -0500] "GET /bla/resoluciones/autos%202014/1696.pdf HTTP/1.1" 200 371010
102.129.152.244 - - [18/Mar/2022:00:29:11 -0500] "GET /wp-login.php HTTP/1.1" 404 1018
201.245.192.253 - - [18/Mar/2022:00:30:30 -0500] "POST /kwsrmcab/Wsrmcab HTTP/1.1" 200 45292
66.249.65.15 - - [18/Mar/2022:00:31:20 -0500] "-" 408 -
201.245.192.253 - - [18/Mar/2022:00:31:16 -0500] "POST /kwsrmcab/Wsrmcab HTTP/1.1" 200 45815
216.245.221.92 - - [18/Mar/2022:00:32:11 -0500] "HEAD / HTTP/1.1" 200 -
201.245.192.253 - - [18/Mar/2022:00:31:27 -0500] "POST /kwsrmcab/Wsrmcab HTTP/1.1" 200 116286
102.129.152.244 - - [18/Mar/2022:00:34:13 -0500] "GET /wp-login.php HTTP/1.1" 404 1035
207.46.13.43 - - [18/Mar/2022:00:35:47 -0500] "GET /BLA/resoluciones/AUTOS%202021/2111.pdf HTTP/1.1" 200 368308
216.245.221.92 - - [18/Mar/2022:00:37:11 -0500] "HEAD / HTTP/1.1" 200 -
66.249.65.13 - - [18/Mar/2022:00:37:20 -0500] "-" 408 -
201.245.192.253 - - [18/Mar/2022:00:40:30 -0500] "POST /kwsrmcab/Wsrmcab HTTP/1.1" 200 45292
201.245.192.253 - - [18/Mar/2022:00:41:20 -0500] "POST /kwsrmcab/Wsrmcab HTTP/1.1" 200 45815
216.245.221.92 - - [18/Mar/2022:00:42:11 -0500] "HEAD / HTTP/1.1" 200 -
201.245.192.253 - - [18/Mar/2022:00:42:15 -0500] "POST /kwsrmcab/Wsrmcab HTTP/1.1" 200 116286
66.249.65.13 - - [18/Mar/2022:00:43:05 -0500] "-" 408 -
207.46.13.179 - - [18/Mar/2022:00:46:55 -0500] "GET /bla/resoluciones/autos%202014/3154.pdf HTTP/1.1" 200 389835
216.245.221.92 - - [18/Mar/2022:00:47:11 -0500] "HEAD / HTTP/1.1" 200 -
207.46.13.179 - - [18/Mar/2022:00:47:16 -0500] "GET /bla/resoluciones/autos%202014/1463.pdf HTTP/1.1" 200 653824
66.249.65.13 - - [18/Mar/2022:00:49:00 -0500] "-" 408 -
207.46.13.157 - - [18/Mar/2022:00:50:21 -0500] "GET /bla/resoluciones/autos%202014/4081.pdf HTTP/1.1" 200 550963
193.118.53.194 - - [18/Mar/2022:00:51:44 -0500] "GET / HTTP/1.1" 200 319
216.245.221.92 - - [18/Mar/2022:00:52:11 -0500] "HEAD / HTTP/1.1" 200 -
201.245.192.253 - - [18/Mar/2022:00:52:20 -0500] "POST /kwsrmcab/Wsrmcab HTTP/1.1" 200 116286
152.61.192.232 - - [18/Mar/2022:00:56:01 -0500] "GET /arcgis/services/Calidad_del_Agua_WQI/MapServer/WMSServer?request=GetCapabilities&service=WMS HTTP/1.1" 503 1020
152.61.192.232 - - [18/Mar/2022:00:56:02 -0500] "GET /arcgis/services/Calidad_del_Agua_WQI/MapServer/WMSServer?SERVICE=WMS&REQUEST=GetCapabilities HTTP/1.1" 503 1020
152.61.192.232 - - [18/Mar/2022:00:56:02 -0500] "GET /arcgis/services/Calidad_del_Agua_WQI/MapServer/WMSServer?WMTVER=1.0.0&REQUEST=capabilities HTTP/1.1" 503 1020
216.245.221.92 - - [18/Mar/2022:00:57:11 -0500] "HEAD / HTTP/1.1" 200 -
207.46.13.209 - - [18/Mar/2022:00:58:24 -0500] "GET /BLA/resoluciones/Notificaciones/AUTOS%202017/03102.pdf HTTP/1.1" 200 355661
66.249.65.13 - - [18/Mar/2022:01:00:51 -0500] "-" 408 -
152.61.128.50 - - [18/Mar/2022:01:01:54 -0500] "GET /arcgis/services/Calidad_del_Agua_WQI/MapServer/WMSServer?request=GetCapabilities&service=WMS HTTP/1.1" 503 1020
152.61.128.50 - - [18/Mar/2022:01:01:55 -0500] "GET /arcgis/services/Calidad_del_Agua_WQI/MapServer/WMSServer?SERVICE=WMS&REQUEST=GetCapabilities HTTP/1.1" 503 1020
152.61.128.50 - - [18/Mar/2022:01:01:55 -0500] "GET /arcgis/services/Calidad_del_Agua_WQI/MapServer/WMSServer?WMTVER=1.0.0&REQUEST=capabilities HTTP/1.1" 503 1020
216.245.221.92 - - [18/Mar/2022:01:02:11 -0500] "HEAD / HTTP/1.1" 200 -
201.245.192.253 - - [18/Mar/2022:01:01:25 -0500] "POST /kwsrmcab/Wsrmcab HTTP/1.1" 200 116286
216.245.221.92 - - [18/Mar/2022:01:07:11 -0500] "HEAD / HTTP/1.1" 200 -
66.249.65.13 - - [18/Mar/2022:01:07:27 -0500] "-" 408 -
40.77.167.46 - - [18/Mar/2022:01:06:25 -0500] "GET /BLA/boletinlegal/index.php HTTP/1.1" 200 56300
216.245.221.92 - - [18/Mar/2022:01:12:10 -0500] "HEAD / HTTP/1.1" 200 -
66.249.65.13 - - [18/Mar/2022:01:15:07 -0500] "-" 408 -
216.245.221.92 - - [18/Mar/2022:01:17:11 -0500] "HEAD / HTTP/1.1" 200 -
66.249.65.13 - - [18/Mar/2022:01:21:01 -0500] "-" 408 -
201.245.192.253 - - [18/Mar/2022:01:20:30 -0500] "POST /kwsrmcab/Wsrmcab HTTP/1.1" 200 45288
201.245.192.253 - - [18/Mar/2022:01:21:24 -0500] "POST /kwsrmcab/Wsrmcab HTTP/1.1" 200 116675
201.245.192.253 - - [18/Mar/2022:01:21:21 -0500] "POST /kwsrmcab/Wsrmcab HTTP/1.1" 200 45961
216.245.221.92 - - [18/Mar/2022:01:22:10 -0500] "HEAD / HTTP/1.1" 200 -
216.245.221.92 - - [18/Mar/2022:01:27:10 -0500] "HEAD / HTTP/1.1" 200 -
66.249.65.13 - - [18/Mar/2022:01:27:11 -0500] "-" 408 -
40.77.167.46 - - [18/Mar/2022:01:30:17 -0500] "GET /bla/resoluciones/autos%202014/2152.pdf HTTP/1.1" 200 792505
201.245.192.253 - - [18/Mar/2022:01:30:30 -0500] "POST /kwsrmcab/Wsrmcab HTTP/1.1" 200 45288
201.245.192.253 - - [18/Mar/2022:01:31:19 -0500] "POST /kwsrmcab/Wsrmcab HTTP/1.1" 200 45961
216.245.221.92 - - [18/Mar/2022:01:32:10 -0500] "HEAD / HTTP/1.1" 200 -
201.245.192.253 - - [18/Mar/2022:01:31:43 -0500] "POST /kwsrmcab/Wsrmcab HTTP/1.1" 200 116675
66.249.65.13 - - [18/Mar/2022:01:33:22 -0500] "-" 408 -
207.46.13.179 - - [18/Mar/2022:01:35:10 -0500] "GET /bla/resoluciones/autos%202014/2204.pdf HTTP/1.1" 200 466057
157.55.39.218 - - [18/Mar/2022:01:37:05 -0500] "GET /bla/resoluciones/autos%202014/4377.pdf HTTP/1.1" 200 543921
216.245.221.92 - - [18/Mar/2022:01:37:10 -0500] "HEAD / HTTP/1.1" 200 -
66.249.65.13 - - [18/Mar/2022:01:39:33 -0500] "-" 408 -
201.245.192.253 - - [18/Mar/2022:01:40:30 -0500] "POST /kwsrmcab/Wsrmcab HTTP/1.1" 200 45288
201.245.192.253 - - [18/Mar/2022:01:41:19 -0500] "POST /kwsrmcab/Wsrmcab HTTP/1.1" 200 45961
216.245.221.92 - - [18/Mar/2022:01:42:10 -0500] "HEAD / HTTP/1.1" 200 -
201.245.192.253 - - [18/Mar/2022:01:41:28 -0500] "POST /kwsrmcab/Wsrmcab HTTP/1.1" 200 116675
66.249.65.13 - - [18/Mar/2022:01:45:24 -0500] "-" 408 -
216.245.221.92 - - [18/Mar/2022:01:47:10 -0500] "HEAD / HTTP/1.1" 200 -
216.245.221.92 - - [18/Mar/2022:01:52:10 -0500] "HEAD / HTTP/1.1" 200 -
66.249.65.13 - - [18/Mar/2022:01:52:48 -0500] "-" 408 -
201.245.192.253 - - [18/Mar/2022:01:52:12 -0500] "POST /kwsrmcab/Wsrmcab HTTP/1.1" 200 116675
216.245.221.92 - - [18/Mar/2022:01:57:10 -0500] "HEAD / HTTP/1.1" 200 -
66.249.65.13 - - [18/Mar/2022:01:59:45 -0500] "-" 408 -
216.245.221.92 - - [18/Mar/2022:02:02:10 -0500] "HEAD / HTTP/1.1" 200 -
201.245.192.253 - - [18/Mar/2022:02:01:26 -0500] "POST /kwsrmcab/Wsrmcab HTTP/1.1" 200 116675
40.77.167.46 - - [18/Mar/2022:02:04:40 -0500] "GET /BLA/resoluciones/AUTOS%202021/2753.pdf HTTP/1.1" 200 973217
207.46.13.192 - - [18/Mar/2022:02:05:40 -0500] "GET /secretaria-de-ambiente-abre-ciclo-de-capacitaciones-sobre-techos-verdes-y-jardines-verticales.html HTTP/1.1" 200 1078
66.249.65.13 - - [18/Mar/2022:02:06:10 -0500] "-" 408 -
216.245.221.92 - - [18/Mar/2022:02:07:10 -0500] "HEAD / HTTP/1.1" 200 -
207.46.13.179 - - [18/Mar/2022:02:10:03 -0500] "GET /bla/resoluciones/autos%202014/4439.pdf HTTP/1.1" 200 570119
207.46.13.43 - - [18/Mar/2022:02:10:16 -0500] "GET /bla/resoluciones/autos%202014/1382.pdf HTTP/1.1" 200 666839
216.245.221.92 - - [18/Mar/2022:02:12:10 -0500] "HEAD / HTTP/1.1" 200 -
201.245.192.253 - - [18/Mar/2022:02:11:50 -0500] "POST /kwsrmcab/Wsrmcab HTTP/1.1" 200 116678
103.178.236.102 - - [18/Mar/2022:02:15:22 -0500] "GET /doc/script/lib/seajs/config/sea-config.js HTTP/1.1" 200 1870
103.178.236.102 - - [18/Mar/2022:02:15:32 -0500] "PUT /SDK/webLanguage HTTP/1.1" 405 938
103.178.236.102 - - [18/Mar/2022:02:15:43 -0500] "GET /dehrfggfd HTTP/1.1" 404 1018
66.249.65.13 - - [18/Mar/2022:02:16:10 -0500] "-" 408 -
216.245.221.92 - - [18/Mar/2022:02:17:10 -0500] "HEAD / HTTP/1.1" 200 -
201.245.192.253 - - [18/Mar/2022:02:20:30 -0500] "POST /kwsrmcab/Wsrmcab HTTP/1.1" 200 45273
201.245.192.253 - - [18/Mar/2022:02:21:15 -0500] "POST /kwsrmcab/Wsrmcab HTTP/1.1" 200 45964
201.245.192.253 - - [18/Mar/2022:02:21:22 -0500] "POST /kwsrmcab/Wsrmcab HTTP/1.1" 200 116678
216.245.221.92 - - [18/Mar/2022:02:22:10 -0500] "HEAD / HTTP/1.1" 200 -
207.46.13.209 - - [18/Mar/2022:02:23:02 -0500] "GET /bla/resoluciones/resoluciones%202021/1629.pdf HTTP/1.1" 200 510904
207.46.13.179 - - [18/Mar/2022:02:25:33 -0500] "GET /BLA/boletinlegal/js/jquery.scrollShow.js HTTP/1.1" 200 4586
66.249.65.13 - - [18/Mar/2022:02:26:09 -0500] "-" 408 -
216.245.221.92 - - [18/Mar/2022:02:27:10 -0500] "HEAD / HTTP/1.1" 200 -
201.245.192.253 - - [18/Mar/2022:02:30:30 -0500] "POST /kwsrmcab/Wsrmcab HTTP/1.1" 200 45273
201.245.192.253 - - [18/Mar/2022:02:31:14 -0500] "POST /kwsrmcab/Wsrmcab HTTP/1.1" 200 45964
216.245.221.92 - - [18/Mar/2022:02:32:10 -0500] "HEAD / HTTP/1.1" 200 -
201.245.192.253 - - [18/Mar/2022:02:31:41 -0500] "POST /kwsrmcab/Wsrmcab HTTP/1.1" 200 116678
20.36.244.102 - - [18/Mar/2022:02:32:39 -0500] "GET /noticias/rssambiente.php HTTP/1.1" 406 -
66.249.65.13 - - [18/Mar/2022:02:35:18 -0500] "-" 408 -
207.46.13.186 - - [18/Mar/2022:02:35:33 -0500] "GET /portaldeninos/2021/06/01/secretaria-de-ambiente-invita-a-ciudadania-a-participar-en-concurso-de-relatos-sobre-ecosistemas-bogotanos/ HTTP/1.1" 200 98288
191.95.166.251 - - [18/Mar/2022:02:35:49 -0500] "GET /galeria/galeria/jquery.fancybox.css?v=2.1.5 HTTP/1.1" 200 4895
207.46.13.192 - - [18/Mar/2022:02:35:51 -0500] "GET /portaldeninos/wp-content/plugins/gallery-videos/CSS/Total-Soft-Gallery-Video-Widget.css?ver=4.9.8 HTTP/1.1" 200 51554
207.46.13.192 - - [18/Mar/2022:02:35:54 -0500] "GET /portaldeninos/wp-content/plugins/gallery-videos/JS/modernizr.custom.js?ver=4.9.8 HTTP/1.1" 200 9019
40.77.167.41 - - [18/Mar/2022:02:35:56 -0500] "GET /portaldeninos/wp-content/themes/betheme/assets/jplayer/jplayer.min.js?ver=20.9.6 HTTP/1.1" 200 52702
207.46.13.178 - - [18/Mar/2022:02:35:56 -0500] "GET /portaldeninos/wp-content/themes/betheme/assets/animations/animations.min.css?ver=20.9.6 HTTP/1.1" 200 58508
207.46.13.192 - - [18/Mar/2022:02:35:57 -0500] "GET /portaldeninos/wp-content/themes/betheme/assets/jplayer/css/jplayer.blue.monday.css?ver=20.9.6 HTTP/1.1" 200 9834
40.77.167.78 - - [18/Mar/2022:02:35:58 -0500] "GET /portaldeninos/wp-content/themes/betheme/js/menu.js?ver=20.9.6 HTTP/1.1" 200 2449
207.46.13.178 - - [18/Mar/2022:02:35:58 -0500] "GET /portaldeninos/wp-includes/js/jquery/ui/accordion.min.js?ver=1.11.4 HTTP/1.1" 200 8584
40.77.167.41 - - [18/Mar/2022:02:35:58 -0500] "GET /portaldeninos/wp-content/themes/betheme/js/plugins.js?ver=20.9.6 HTTP/1.1" 200 197151
207.46.13.192 - - [18/Mar/2022:02:36:00 -0500] "GET /portaldeninos/wp-content/themes/betheme/css/base.css?ver=20.9.6 HTTP/1.1" 200 57283
40.77.167.78 - - [18/Mar/2022:02:36:01 -0500] "GET /portaldeninos/wp-includes/js/jquery/ui/mouse.min.js?ver=1.11.4 HTTP/1.1" 200 3148
207.46.13.178 - - [18/Mar/2022:02:36:02 -0500] "GET /portaldeninos/wp-includes/js/wp-embed.min.js?ver=4.9.8 HTTP/1.1" 200 1398
40.77.167.41 - - [18/Mar/2022:02:36:01 -0500] "GET /portaldeninos/wp-includes/js/jquery/ui/sortable.min.js?ver=1.11.4 HTTP/1.1" 200 24899
207.46.13.192 - - [18/Mar/2022:02:36:03 -0500] "GET /portaldeninos/wp-content/themes/betheme/css/responsive.css?ver=20.9.6 HTTP/1.1" 200 55740
40.77.167.78 - - [18/Mar/2022:02:36:04 -0500] "GET /portaldeninos/wp-includes/js/jquery/ui/tabs.min.js?ver=1.11.4 HTTP/1.1" 200 12110
40.77.167.41 - - [18/Mar/2022:02:36:04 -0500] "GET /portaldeninos/wp-includes/js/wp-emoji-release.min.js?ver=4.9.8 HTTP/1.1" 200 12026
207.46.13.31 - - [18/Mar/2022:02:36:05 -0500] "GET /portaldeninos/wp-content/plugins/gallery-videos/CSS/totalsoft.css?ver=4.9.8 HTTP/1.1" 200 40622
207.46.13.192 - - [18/Mar/2022:02:36:06 -0500] "GET /portaldeninos/wp-includes/js/comment-reply.min.js?ver=4.9.8 HTTP/1.1" 200 1078
40.77.167.78 - - [18/Mar/2022:02:36:07 -0500] "GET /portaldeninos/wp-includes/js/jquery/ui/widget.min.js?ver=1.11.4 HTTP/1.1" 200 6908
207.46.13.31 - - [18/Mar/2022:02:36:08 -0500] "GET /portaldeninos/wp-content/themes/betheme/assets/ui/jquery.ui.all.css?ver=20.9.6 HTTP/1.1" 200 18765
207.46.13.192 - - [18/Mar/2022:02:36:09 -0500] "GET /portaldeninos/wp-includes/js/jquery/jquery-migrate.min.js?ver=1.4.1 HTTP/1.1" 200 10056
207.46.13.31 - - [18/Mar/2022:02:36:11 -0500] "GET /portaldeninos/wp-content/themes/betheme/css/layout.css?ver=20.9.6 HTTP/1.1" 200 116639
207.46.13.31 - - [18/Mar/2022:02:36:14 -0500] "GET /portaldeninos/wp-content/themes/betheme/js/scripts.js?ver=20.9.6 HTTP/1.1" 200 77162
207.46.13.31 - - [18/Mar/2022:02:36:17 -0500] "GET /portaldeninos/wp-content/uploads/useanyfont/uaf.css?ver=1589905315 HTTP/1.1" 200 408
207.46.13.31 - - [18/Mar/2022:02:36:20 -0500] "GET /portaldeninos/wp-includes/js/jquery/jquery.js?ver=1.12.4 HTTP/1.1" 200 97184
216.245.221.92 - - [18/Mar/2022:02:37:10 -0500] "HEAD / HTTP/1.1" 200 -
201.245.192.253 - - [18/Mar/2022:02:40:30 -0500] "POST /kwsrmcab/Wsrmcab HTTP/1.1" 200 45273
66.249.65.13 - - [18/Mar/2022:02:41:45 -0500] "-" 408 -
201.245.192.253 - - [18/Mar/2022:02:41:19 -0500] "POST /kwsrmcab/Wsrmcab HTTP/1.1" 200 45964
201.245.192.253 - - [18/Mar/2022:02:41:20 -0500] "POST /kwsrmcab/Wsrmcab HTTP/1.1" 200 116678
207.46.13.192 - - [18/Mar/2022:02:45:43 -0500] "GET /portaldeninos/contactanos/ HTTP/1.1" 200 80714
216.245.221.92 - - [18/Mar/2022:02:47:02 -0500] "HEAD / HTTP/1.1" 200 -
66.249.65.13 - - [18/Mar/2022:02:48:56 -0500] "-" 408 -
40.77.191.253 - - [18/Mar/2022:02:51:52 -0500] "GET /portaldeninos/wp-content/themes/betheme/style.css?ver=20.9.6 HTTP/1.1" 200 287
40.77.139.127 - - [18/Mar/2022:02:51:53 -0500] "GET /portaldeninos/wp-includes/js/jquery/ui/core.min.js?ver=1.11.4 HTTP/1.1" 200 4000
40.77.139.18 - - [18/Mar/2022:02:51:52 -0500] "GET /portaldeninos/wp-content/themes/betheme/css/shortcodes.css?ver=20.9.6 HTTP/1.1" 200 138889
40.77.191.242 - - [18/Mar/2022:02:51:53 -0500] "GET /portaldeninos/wp-content/themes/betheme/assets/animations/animations.min.js?ver=20.9.6 HTTP/1.1" 200 1896
40.77.139.81 - - [18/Mar/2022:02:51:54 -0500] "GET /portaldeninos/wp-content/themes/betheme/fonts/mfn-icons.woff?93978679 HTTP/1.1" 200 80932
201.245.192.253 - - [18/Mar/2022:02:51:22 -0500] "POST /kwsrmcab/Wsrmcab HTTP/1.1" 200 116678
216.245.221.92 - - [18/Mar/2022:02:55:08 -0500] "HEAD / HTTP/1.1" 200 -
66.249.65.13 - - [18/Mar/2022:02:55:33 -0500] "-" 408 -
123.183.224.27 - - [18/Mar/2022:02:59:55 -0500] "GET / HTTP/1.1" 200 319
216.245.221.92 - - [18/Mar/2022:03:00:08 -0500] "HEAD / HTTP/1.1" 200 -
66.249.65.13 - - [18/Mar/2022:03:01:43 -0500] "-" 408 -
201.245.192.253 - - [18/Mar/2022:03:01:15 -0500] "POST /kwsrmcab/Wsrmcab HTTP/1.1" 200 116678
104.199.70.88 - - [18/Mar/2022:03:02:59 -0500] "GET /se-amplia-convocatoria-de-sembradoras-por-la-reactivaccion-para-que-20-organizaciones-ambientales-contraten-a-mas-de-mil-mujeres.html HTTP/1.1" 200 1100
216.245.221.92 - - [18/Mar/2022:03:05:08 -0500] "HEAD / HTTP/1.1" 200 -
34.90.18.173 - - [18/Mar/2022:03:06:14 -0500] "GET / HTTP/1.1" 200 319
66.249.65.13 - - [18/Mar/2022:03:07:30 -0500] "-" 408 -
216.245.221.92 - - [18/Mar/2022:03:10:51 -0500] "HEAD / HTTP/1.1" 200 -
201.245.192.253 - - [18/Mar/2022:03:11:51 -0500] "POST /kwsrmcab/Wsrmcab HTTP/1.1" 200 116689
66.249.65.13 - - [18/Mar/2022:03:13:24 -0500] "-" 408 -
216.245.221.92 - - [18/Mar/2022:03:15:50 -0500] "HEAD / HTTP/1.1" 200 -
45.146.165.37 - - [18/Mar/2022:03:18:55 -0500] "GET /index.php?s=/Index/\\think\\app/invokefunction&function=call_user_func_array&vars[0]=md5&vars[1][]=HelloThinkPHP21 HTTP/1.1" 404 1018
66.249.65.13 - - [18/Mar/2022:03:19:05 -0500] "-" 408 -
216.245.221.92 - - [18/Mar/2022:03:20:50 -0500] "HEAD / HTTP/1.1" 200 -
201.245.192.253 - - [18/Mar/2022:03:20:30 -0500] "POST /kwsrmcab/Wsrmcab HTTP/1.1" 200 45116
201.245.192.253 - - [18/Mar/2022:03:21:19 -0500] "POST /kwsrmcab/Wsrmcab HTTP/1.1" 200 45975
69.171.251.117 - - [18/Mar/2022:03:23:12 -0500] "GET /images/humedal-observatorio-26-febrero.jpg HTTP/1.1" 200 21641
69.63.189.116 - - [18/Mar/2022:03:23:16 -0500] "GET /images/pieza-reciclaton-findesemana-febrero-15.jpg HTTP/1.1" 200 35558
201.245.192.253 - - [18/Mar/2022:03:22:33 -0500] "POST /kwsrmcab/Wsrmcab HTTP/1.1" 200 116689
216.245.221.92 - - [18/Mar/2022:03:25:50 -0500] "HEAD / HTTP/1.1" 200 -
45.146.165.37 - - [18/Mar/2022:03:29:16 -0500] "-" 408 -
31.148.131.188 - - [18/Mar/2022:03:29:31 -0500] "GET /BLA/resoluciones/RESOLUCIONES%202014/0321.pdf HTTP/1.1" 200 660783
216.245.221.92 - - [18/Mar/2022:03:30:50 -0500] "HEAD / HTTP/1.1" 200 -
201.245.192.253 - - [18/Mar/2022:03:30:29 -0500] "POST /kwsrmcab/Wsrmcab HTTP/1.1" 200 45116
201.245.192.253 - - [18/Mar/2022:03:31:19 -0500] "POST /kwsrmcab/Wsrmcab HTTP/1.1" 200 45975
66.249.65.13 - - [18/Mar/2022:03:32:12 -0500] "-" 408 -
201.245.192.253 - - [18/Mar/2022:03:31:46 -0500] "POST /kwsrmcab/Wsrmcab HTTP/1.1" 200 116689
192.241.213.75 - - [18/Mar/2022:03:33:10 -0500] "GET /hudson HTTP/1.1" 404 1018
216.245.221.92 - - [18/Mar/2022:03:35:50 -0500] "HEAD / HTTP/1.1" 200 -
40.77.167.46 - - [18/Mar/2022:03:40:49 -0500] "GET /BLA/resoluciones/RESOLUCIONES%202007/RES%202007%20701%20AL%20800/RESOLUCION%200705%20DE%202007.pdf HTTP/1.1" 304 -
216.245.221.92 - - [18/Mar/2022:03:40:50 -0500] "HEAD / HTTP/1.1" 200 -
201.245.192.253 - - [18/Mar/2022:03:40:29 -0500] "POST /kwsrmcab/Wsrmcab HTTP/1.1" 200 45116
201.245.192.253 - - [18/Mar/2022:03:41:21 -0500] "POST /kwsrmcab/Wsrmcab HTTP/1.1" 200 116689
201.245.192.253 - - [18/Mar/2022:03:41:19 -0500] "POST /kwsrmcab/Wsrmcab HTTP/1.1" 200 45975
40.77.167.46 - - [18/Mar/2022:03:42:49 -0500] "GET /BLA/resoluciones/RESOLUCIONES%202021/2439.pdf HTTP/1.1" 200 750014
66.249.65.13 - - [18/Mar/2022:03:45:18 -0500] "-" 408 -
216.245.221.92 - - [18/Mar/2022:03:45:50 -0500] "HEAD / HTTP/1.1" 200 -
216.245.221.92 - - [18/Mar/2022:03:50:50 -0500] "HEAD / HTTP/1.1" 200 -
201.245.192.253 - - [18/Mar/2022:03:51:48 -0500] "POST /kwsrmcab/Wsrmcab HTTP/1.1" 200 116689
216.245.221.92 - - [18/Mar/2022:03:55:50 -0500] "HEAD / HTTP/1.1" 200 -
216.245.221.92 - - [18/Mar/2022:04:00:50 -0500] "HEAD / HTTP/1.1" 200 -
40.77.167.46 - - [18/Mar/2022:03:59:30 -0500] "GET /BLA/boletinlegal/index.php HTTP/1.1" 200 60105
201.245.192.253 - - [18/Mar/2022:04:01:28 -0500] "POST /kwsrmcab/Wsrmcab HTTP/1.1" 200 116689
216.245.221.92 - - [18/Mar/2022:04:05:50 -0500] "HEAD / HTTP/1.1" 200 -
27.115.124.45 - - [18/Mar/2022:04:09:36 -0500] "GET /galeria/galeria/jquery.fancybox.css?v=2.1.5 HTTP/1.1" 200 4895
27.115.124.109 - - [18/Mar/2022:04:09:36 -0500] "GET /galeria/carrusel/Carrusel/jquery.thumbnailScroller.css HTTP/1.1" 200 2066
27.115.124.45 - - [18/Mar/2022:04:09:36 -0500] "GET /BLA/boletinlegal/js/jquery.scrollShow.js HTTP/1.1" 200 4586
27.115.124.6 - - [18/Mar/2022:04:09:36 -0500] "GET /galeria/galeria/jquery.fancybox.js?v=2.1.5 HTTP/1.1" 200 48706
27.115.124.101 - - [18/Mar/2022:04:09:36 -0500] "GET /galeria/carrusel/Carrusel/jquery-ui-1.8.13.custom.min.js HTTP/1.1" 200 10800
27.115.124.45 - - [18/Mar/2022:04:09:36 -0500] "GET /galeria/carrusel/Carrusel/jquery.thumbnailScroller.js HTTP/1.1" 200 8157
27.115.124.6 - - [18/Mar/2022:04:09:39 -0500] "GET /BLA/boletinlegal/js/jquery.scrollShow.js HTTP/1.1" 200 4586
27.115.124.101 - - [18/Mar/2022:04:09:39 -0500] "GET /galeria/galeria/jquery.fancybox.js?v=2.1.5 HTTP/1.1" 200 48706
27.115.124.101 - - [18/Mar/2022:04:09:40 -0500] "GET /galeria/carrusel/Carrusel/jquery.thumbnailScroller.css HTTP/1.1" 200 2066
27.115.124.45 - - [18/Mar/2022:04:09:40 -0500] "GET /galeria/galeria/jquery.fancybox.css?v=2.1.5 HTTP/1.1" 200 4895
172.104.242.173 - - [18/Mar/2022:04:10:27 -0500] "GET /0bef HTTP/1.0" 404 1019
216.245.221.92 - - [18/Mar/2022:04:10:50 -0500] "HEAD / HTTP/1.1" 200 -
201.245.192.253 - - [18/Mar/2022:04:11:24 -0500] "POST /kwsrmcab/Wsrmcab HTTP/1.1" 200 116684
216.245.221.92 - - [18/Mar/2022:04:15:50 -0500] "HEAD / HTTP/1.1" 200 -
27.115.124.70 - - [18/Mar/2022:04:17:17 -0500] "GET / HTTP/1.1" 200 319
194.31.98.165 - - [18/Mar/2022:04:17:59 -0500] "HEAD / HTTP/1.0" 200 -
216.245.221.92 - - [18/Mar/2022:04:20:50 -0500] "HEAD / HTTP/1.1" 200 -
201.245.192.253 - - [18/Mar/2022:04:20:29 -0500] "POST /kwsrmcab/Wsrmcab HTTP/1.1" 200 45128
201.245.192.253 - - [18/Mar/2022:04:21:20 -0500] "POST /kwsrmcab/Wsrmcab HTTP/1.1" 200 45970
201.245.192.253 - - [18/Mar/2022:04:21:29 -0500] "POST /kwsrmcab/Wsrmcab HTTP/1.1" 200 116684
82.156.185.91 - - [18/Mar/2022:04:22:52 -0500] "GET /galeria/carrusel/Carrusel/jquery.thumbnailScroller.css HTTP/1.1" 200 2066
216.245.221.92 - - [18/Mar/2022:04:25:50 -0500] "HEAD / HTTP/1.1" 200 -
216.245.221.92 - - [18/Mar/2022:04:30:50 -0500] "HEAD / HTTP/1.1" 200 -
201.245.192.253 - - [18/Mar/2022:04:30:29 -0500] "POST /kwsrmcab/Wsrmcab HTTP/1.1" 200 45128
201.245.192.253 - - [18/Mar/2022:04:31:20 -0500] "POST /kwsrmcab/Wsrmcab HTTP/1.1" 200 45970
201.245.192.253 - - [18/Mar/2022:04:32:17 -0500] "POST /kwsrmcab/Wsrmcab HTTP/1.1" 200 116684
216.245.221.92 - - [18/Mar/2022:04:35:50 -0500] "HEAD / HTTP/1.1" 200 -
216.245.221.92 - - [18/Mar/2022:04:40:50 -0500] "HEAD / HTTP/1.1" 200 -
201.245.192.253 - - [18/Mar/2022:04:40:30 -0500] "POST /kwsrmcab/Wsrmcab HTTP/1.1" 200 45128
201.245.192.253 - - [18/Mar/2022:04:41:19 -0500] "POST /kwsrmcab/Wsrmcab HTTP/1.1" 200 45970
201.245.192.253 - - [18/Mar/2022:04:41:27 -0500] "POST /kwsrmcab/Wsrmcab HTTP/1.1" 200 116684
216.245.221.92 - - [18/Mar/2022:04:45:50 -0500] "HEAD / HTTP/1.1" 200 -
216.245.221.92 - - [18/Mar/2022:04:50:50 -0500] "HEAD / HTTP/1.1" 200 -
66.249.65.15 - - [18/Mar/2022:04:51:47 -0500] "-" 408 -
201.245.192.253 - - [18/Mar/2022:04:51:49 -0500] "POST /kwsrmcab/Wsrmcab HTTP/1.1" 200 116684
216.245.221.92 - - [18/Mar/2022:04:55:50 -0500] "HEAD / HTTP/1.1" 200 -
45.146.165.37 - - [18/Mar/2022:04:59:45 -0500] "GET /console/ HTTP/1.1" 404 1018
216.245.221.92 - - [18/Mar/2022:05:00:50 -0500] "HEAD / HTTP/1.1" 200 -
201.245.192.253 - - [18/Mar/2022:05:02:17 -0500] "POST /kwsrmcab/Wsrmcab HTTP/1.1" 200 116684
216.245.221.92 - - [18/Mar/2022:05:05:50 -0500] "HEAD / HTTP/1.1" 200 -
216.245.221.92 - - [18/Mar/2022:05:10:50 -0500] "HEAD / HTTP/1.1" 200 -
37.0.15.238 - - [18/Mar/2022:05:10:48 -0500] "GET / HTTP/1.1" 200 319
37.0.15.238 - - [18/Mar/2022:05:11:03 -0500] "GET / HTTP/1.1" 200 319
37.0.15.238 - - [18/Mar/2022:05:11:19 -0500] "GET /wp-includes/wlwmanifest.xml HTTP/1.1" 404 1018
37.0.15.238 - - [18/Mar/2022:05:11:35 -0500] "GET /xmlrpc.php?rsd HTTP/1.1" 404 1018
37.0.15.238 - - [18/Mar/2022:05:11:51 -0500] "GET / HTTP/1.1" 200 319
201.245.192.253 - - [18/Mar/2022:05:11:19 -0500] "POST /kwsrmcab/Wsrmcab HTTP/1.1" 200 116674
37.0.15.238 - - [18/Mar/2022:05:12:07 -0500] "GET /blog/wp-includes/wlwmanifest.xml HTTP/1.1" 404 1018
37.0.15.238 - - [18/Mar/2022:05:12:23 -0500] "GET /web/wp-includes/wlwmanifest.xml HTTP/1.1" 404 1018
37.0.15.238 - - [18/Mar/2022:05:12:39 -0500] "GET /wordpress/wp-includes/wlwmanifest.xml HTTP/1.1" 404 1018
37.0.15.238 - - [18/Mar/2022:05:12:55 -0500] "GET /website/wp-includes/wlwmanifest.xml HTTP/1.1" 404 1018
37.0.15.238 - - [18/Mar/2022:05:13:10 -0500] "GET /wp/wp-includes/wlwmanifest.xml HTTP/1.1" 404 1018
37.0.15.238 - - [18/Mar/2022:05:13:26 -0500] "GET /news/wp-includes/wlwmanifest.xml HTTP/1.1" 404 1018
37.0.15.238 - - [18/Mar/2022:05:13:42 -0500] "GET /wp1/wp-includes/wlwmanifest.xml HTTP/1.1" 404 1018
37.0.15.238 - - [18/Mar/2022:05:13:58 -0500] "GET /test/wp-includes/wlwmanifest.xml HTTP/1.1" 404 1018
40.77.167.61 - - [18/Mar/2022:05:14:25 -0500] "GET / HTTP/1.1" 200 319
37.0.15.238 - - [18/Mar/2022:05:14:14 -0500] "GET /wp2/wp-includes/wlwmanifest.xml HTTP/1.1" 404 1018
37.0.15.238 - - [18/Mar/2022:05:14:30 -0500] "GET /site/wp-includes/wlwmanifest.xml HTTP/1.1" 404 1018
37.0.15.238 - - [18/Mar/2022:05:14:46 -0500] "GET /cms/wp-includes/wlwmanifest.xml HTTP/1.1" 404 1018
37.0.15.238 - - [18/Mar/2022:05:15:02 -0500] "GET /sito/wp-includes/wlwmanifest.xml HTTP/1.1" 404 1018
216.245.221.92 - - [18/Mar/2022:05:15:50 -0500] "HEAD / HTTP/1.1" 200 -
84.26.67.231 - - [18/Mar/2022:05:17:29 -0500] "GET /BLA/resoluciones/RESOLUCIONES%202007/RES%202007%202901%20AL%203000/RESOLUCION%202906%20DE%202007.pdf HTTP/1.1" 200 591615
216.245.221.92 - - [18/Mar/2022:05:20:50 -0500] "HEAD / HTTP/1.1" 200 -
201.245.192.253 - - [18/Mar/2022:05:20:29 -0500] "POST /kwsrmcab/Wsrmcab HTTP/1.1" 200 45131
201.245.192.253 - - [18/Mar/2022:05:21:18 -0500] "POST /kwsrmcab/Wsrmcab HTTP/1.1" 200 45960
201.245.192.253 - - [18/Mar/2022:05:22:08 -0500] "POST /kwsrmcab/Wsrmcab HTTP/1.1" 200 116674
207.46.13.209 - - [18/Mar/2022:05:24:18 -0500] "GET / HTTP/1.1" 200 319
181.53.13.231 - - [18/Mar/2022:05:24:29 -0500] "GET /BLA/boletinlegal/norma_menu.php HTTP/1.1" 200 6318
181.53.13.231 - - [18/Mar/2022:05:24:30 -0500] "GET /BLA/boletinlegal/styles2.css HTTP/1.1" 200 1838
181.53.13.231 - - [18/Mar/2022:05:24:30 -0500] "GET /BLA/boletinlegal/js/ajax.js HTTP/1.1" 200 772
181.53.13.231 - - [18/Mar/2022:05:24:30 -0500] "GET /BLA/boletinlegal/style.css HTTP/1.1" 200 9406
181.53.13.231 - - [18/Mar/2022:05:24:30 -0500] "GET /BLA/boletinlegal/swfobject.js HTTP/1.1" 200 9763
181.53.13.231 - - [18/Mar/2022:05:24:30 -0500] "GET /BLA/boletinlegal/js/lib.js HTTP/1.1" 200 6474
181.53.13.231 - - [18/Mar/2022:05:24:30 -0500] "GET /BLA/boletinlegal/js/popup.js HTTP/1.1" 200 1270
181.53.13.231 - - [18/Mar/2022:05:24:30 -0500] "GET /BLA/boletinlegal/js/jquery1.js HTTP/1.1" 200 29846
181.53.13.231 - - [18/Mar/2022:05:24:30 -0500] "GET /BLA/boletinlegal/images/signo-mas.gif HTTP/1.1" 200 13689
181.53.13.231 - - [18/Mar/2022:05:24:30 -0500] "GET /BLA/boletinlegal/images/signo-menos.gif HTTP/1.1" 200 13454
181.53.13.231 - - [18/Mar/2022:05:24:30 -0500] "GET /BLA/boletinlegal/images/nuevo.gif HTTP/1.1" 200 26475
181.53.13.231 - - [18/Mar/2022:05:24:30 -0500] "GET /BLA/boletinlegal/images/cabezote%20BLEGAL.jpg HTTP/1.1" 200 118164
181.53.13.231 - - [18/Mar/2022:05:24:30 -0500] "GET /BLA/boletinlegal/images/historia.png HTTP/1.1" 200 52775
181.53.13.231 - - [18/Mar/2022:05:24:30 -0500] "GET /BLA/boletinlegal/images/subscribe-icon-big.png HTTP/1.1" 200 47702
181.53.13.231 - - [18/Mar/2022:05:24:31 -0500] "GET /BLA/boletinlegal/images/registro-usuarios.png HTTP/1.1" 200 8106
181.53.13.231 - - [18/Mar/2022:05:24:31 -0500] "GET /BLA/boletinlegal/images/img_3.jpg HTTP/1.1" 200 1841
181.53.13.231 - - [18/Mar/2022:05:24:31 -0500] "GET /BLA/boletinlegal/images/bg_top.jpg HTTP/1.1" 200 522
181.53.13.231 - - [18/Mar/2022:05:24:31 -0500] "GET /BLA/boletinlegal/images/footer_bg.jpg HTTP/1.1" 200 586
181.53.13.231 - - [18/Mar/2022:05:24:31 -0500] "GET /BLA/boletinlegal/images/icono-email.png HTTP/1.1" 200 5544
181.53.13.231 - - [18/Mar/2022:05:24:31 -0500] "GET /BLA/boletinlegal/images/menu_bg.jpg HTTP/1.1" 200 620
181.53.13.231 - - [18/Mar/2022:05:24:31 -0500] "GET /BLA/boletinlegal/images/hover.jpg HTTP/1.1" 200 640
181.53.13.231 - - [18/Mar/2022:05:24:31 -0500] "GET /BLA/boletinlegal/images/menu_rght.gif HTTP/1.1" 200 1627
181.53.13.231 - - [18/Mar/2022:05:24:31 -0500] "GET /BLA/boletinlegal/images/footer_bg_l.jpg HTTP/1.1" 200 776
181.53.13.231 - - [18/Mar/2022:05:24:31 -0500] "GET /BLA/boletinlegal/images/menu_lft.gif HTTP/1.1" 200 1713
181.53.13.231 - - [18/Mar/2022:05:24:31 -0500] "GET /BLA/boletinlegal/images/text.jpg HTTP/1.1" 200 568
181.53.13.231 - - [18/Mar/2022:05:24:31 -0500] "GET /BLA/boletinlegal/images/body_bg.jpg HTTP/1.1" 200 1601
181.53.13.231 - - [18/Mar/2022:05:24:31 -0500] "GET /BLA/boletinlegal/images/tel.png HTTP/1.1" 200 14477
181.53.13.231 - - [18/Mar/2022:05:24:32 -0500] "GET /favicon.ico HTTP/1.1" 200 7782
216.245.221.92 - - [18/Mar/2022:05:25:50 -0500] "HEAD / HTTP/1.1" 200 -
190.130.97.71 - - [18/Mar/2022:05:25:52 -0500] "GET /galeria/galeria/jquery.fancybox.css?v=2.1.5 HTTP/1.1" 200 4895
190.158.204.141 - - [18/Mar/2022:05:30:36 -0500] "GET /asi-las-mujeres-que-reverdecen-cuidan-los-arboles-para-la-restauracion-ecologica-de-bogota.html HTTP/1.1" 200 911
216.245.221.92 - - [18/Mar/2022:05:30:50 -0500] "HEAD / HTTP/1.1" 200 -
201.245.192.253 - - [18/Mar/2022:05:30:29 -0500] "POST /kwsrmcab/Wsrmcab HTTP/1.1" 200 45131
201.245.192.253 - - [18/Mar/2022:05:31:16 -0500] "POST /kwsrmcab/Wsrmcab HTTP/1.1" 200 116674
201.245.192.253 - - [18/Mar/2022:05:31:18 -0500] "POST /kwsrmcab/Wsrmcab HTTP/1.1" 200 45960
157.55.39.218 - - [18/Mar/2022:05:34:17 -0500] "GET /bla/resoluciones/resoluciones%202020/1516.pdf HTTP/1.1" 200 2355529
216.245.221.92 - - [18/Mar/2022:05:35:50 -0500] "HEAD / HTTP/1.1" 200 -
45.146.165.37 - - [18/Mar/2022:05:39:23 -0500] "POST /Autodiscover/Autodiscover.xml HTTP/1.1" 404 1018
216.245.221.92 - - [18/Mar/2022:05:40:50 -0500] "HEAD / HTTP/1.1" 200 -
201.245.192.253 - - [18/Mar/2022:05:40:29 -0500] "POST /kwsrmcab/Wsrmcab HTTP/1.1" 200 45131
114.119.141.18 - - [18/Mar/2022:05:41:27 -0500] "-" 408 -
114.119.138.78 - - [18/Mar/2022:05:41:58 -0500] "-" 408 -
201.245.192.253 - - [18/Mar/2022:05:41:09 -0500] "POST /kwsrmcab/Wsrmcab HTTP/1.1" 200 116674
201.245.192.253 - - [18/Mar/2022:05:41:19 -0500] "POST /kwsrmcab/Wsrmcab HTTP/1.1" 200 45960
114.119.142.181 - - [18/Mar/2022:05:42:29 -0500] "-" 408 -
216.245.221.92 - - [18/Mar/2022:05:45:50 -0500] "HEAD / HTTP/1.1" 200 -
191.91.245.74 - - [18/Mar/2022:05:47:04 -0500] "GET /galeria/galeria/jquery.fancybox.css?v=2.1.5 HTTP/1.1" 200 4895
166.70.97.107 - - [18/Mar/2022:05:48:32 -0500] "GET /.env HTTP/1.1" 404 1018
166.70.97.107 - - [18/Mar/2022:05:48:32 -0500] "POST / HTTP/1.1" 200 319
216.245.221.92 - - [18/Mar/2022:05:50:50 -0500] "HEAD / HTTP/1.1" 200 -
34.90.80.74 - - [18/Mar/2022:05:52:15 -0500] "GET / HTTP/1.1" 200 319
201.245.192.253 - - [18/Mar/2022:05:51:44 -0500] "POST /kwsrmcab/Wsrmcab HTTP/1.1" 200 116674
216.245.221.92 - - [18/Mar/2022:05:55:50 -0500] "HEAD / HTTP/1.1" 200 -
216.245.221.92 - - [18/Mar/2022:06:00:50 -0500] "HEAD / HTTP/1.1" 200 -
201.245.192.253 - - [18/Mar/2022:06:01:49 -0500] "POST /kwsrmcab/Wsrmcab HTTP/1.1" 200 116674
213.186.1.154 - - [18/Mar/2022:06:04:38 -0500] "GET /documents/10184/2325415/pieza-concurso-buenas-practicas-20-septiembre.jpg HTTP/1.1" 406 -
213.186.1.154 - - [18/Mar/2022:06:04:38 -0500] "GET /documents/10184/2325415/pieza-concurso-buenas-practicas-20-septiembre.jpg HTTP/1.1" 406 -
216.245.221.92 - - [18/Mar/2022:06:05:50 -0500] "HEAD / HTTP/1.1" 200 -
164.92.135.248 - - [18/Mar/2022:06:08:48 -0500] "GET / HTTP/1.1" 200 319
216.245.221.92 - - [18/Mar/2022:06:10:50 -0500] "HEAD / HTTP/1.1" 200 -
201.245.192.253 - - [18/Mar/2022:06:11:38 -0500] "POST /kwsrmcab/Wsrmcab HTTP/1.1" 200 116304
200.118.62.127 - - [18/Mar/2022:06:13:28 -0500] "GET /galeria/galeria/jquery.fancybox.css?v=2.1.5 HTTP/1.1" 200 4895
40.77.167.46 - - [18/Mar/2022:06:14:13 -0500] "GET /BLA/resoluciones/RESOLUCIONES%202018/3927.pdf HTTP/1.1" 200 310774
95.163.255.52 - - [18/Mar/2022:06:15:17 -0500] "-" 408 -
216.245.221.92 - - [18/Mar/2022:06:15:50 -0500] "HEAD / HTTP/1.1" 200 -
191.108.33.81 - - [18/Mar/2022:06:20:26 -0500] "GET /no-uses-las-palmas-silvestres-en-celebraciones-de-semana-santa-protegelas.html HTTP/1.1" 200 980
216.245.221.92 - - [18/Mar/2022:06:20:50 -0500] "HEAD / HTTP/1.1" 200 -
201.245.192.253 - - [18/Mar/2022:06:20:29 -0500] "POST /kwsrmcab/Wsrmcab HTTP/1.1" 200 45163
66.240.205.34 - - [18/Mar/2022:06:22:04 -0500] "Gh0st\xad" 400 226
201.245.192.253 - - [18/Mar/2022:06:21:18 -0500] "POST /kwsrmcab/Wsrmcab HTTP/1.1" 200 45833
201.245.192.253 - - [18/Mar/2022:06:21:28 -0500] "POST /kwsrmcab/Wsrmcab HTTP/1.1" 200 116304
216.245.221.92 - - [18/Mar/2022:06:25:50 -0500] "HEAD / HTTP/1.1" 200 -
185.173.35.17 - - [18/Mar/2022:06:25:52 -0500] "GET / HTTP/1.1" 200 319
216.245.221.92 - - [18/Mar/2022:06:30:50 -0500] "HEAD / HTTP/1.1" 200 -
201.245.192.253 - - [18/Mar/2022:06:30:29 -0500] "POST /kwsrmcab/Wsrmcab HTTP/1.1" 200 45163
45.146.165.37 - - [18/Mar/2022:06:31:43 -0500] "GET /_ignition/execute-solution HTTP/1.1" 404 1018
201.245.192.253 - - [18/Mar/2022:06:31:19 -0500] "POST /kwsrmcab/Wsrmcab HTTP/1.1" 200 45833
201.245.192.253 - - [18/Mar/2022:06:31:34 -0500] "POST /kwsrmcab/Wsrmcab HTTP/1.1" 200 116304
181.61.206.124 - - [18/Mar/2022:06:34:13 -0500] "GET /forest/ HTTP/1.1" 200 12041
181.61.206.124 - - [18/Mar/2022:06:34:32 -0500] "POST /forest/index.php HTTP/1.1" 200 12268
185.220.100.250 - - [18/Mar/2022:06:35:36 -0500] "GET / HTTP/1.1" 200 319
23.129.64.141 - - [18/Mar/2022:06:35:38 -0500] "GET /favicon.ico HTTP/1.1" 200 7782
40.77.167.78 - - [18/Mar/2022:06:35:41 -0500] "GET /portaldeninos/2021/05/18/mas-alla-de-tus-pies-aprende-a-reconocer-algunas-flores-en-humedales-para-que-tambien-las-protejas/ HTTP/1.1" 200 97095
216.245.221.92 - - [18/Mar/2022:06:35:50 -0500] "HEAD / HTTP/1.1" 200 -
66.249.73.127 - - [18/Mar/2022:06:37:47 -0500] "-" 408 -
216.245.221.92 - - [18/Mar/2022:06:40:50 -0500] "HEAD / HTTP/1.1" 200 -
201.245.192.253 - - [18/Mar/2022:06:40:30 -0500] "POST /kwsrmcab/Wsrmcab HTTP/1.1" 200 45163
201.245.192.253 - - [18/Mar/2022:06:41:15 -0500] "POST /kwsrmcab/Wsrmcab HTTP/1.1" 200 116304
201.245.192.253 - - [18/Mar/2022:06:41:19 -0500] "POST /kwsrmcab/Wsrmcab HTTP/1.1" 200 45833
186.102.40.233 - - [18/Mar/2022:06:42:56 -0500] "GET /kwssiamovil/sm/acme/u?s=U2FsdGVkX19PKnhSEXHzZlc6m966HuibJVffES6XPVNBiAkq2ap/IDGtM7sZAZPrFrbfqLpmVZbmpwuC9AV0g7YpVrNWrOFktE5cZ/iE3YrUXL7KWxAKy5uCfnrYi71yoN+nl/sZDQ5qujHygPgTsc4QBxp9o4iJTslJV2MTe/jVj9cqHZmqK6EXtMgP4wYf7qNPpxudcu9TUcJMQKdXPB6gG3bkA5av+FV65Lf2n6VnTxtn8C09DZ9Tj7UFV7qPRkLEn1EZRtW5jGWc6Clb6g==&u=U2FsdGVkX19k/UeEDg/sAD4Ip5oVSef+dWiE/0dfPs4=&y=U2FsdGVkX18HhsNDNykC33nqxRRb1maCr6j++aJlVkIUTP/ZsUIUOY/W7fC1R0iX HTTP/1.1" 200 60
216.245.221.92 - - [18/Mar/2022:06:45:50 -0500] "HEAD / HTTP/1.1" 200 -
216.245.221.92 - - [18/Mar/2022:06:50:50 -0500] "HEAD / HTTP/1.1" 200 -
191.156.144.8 - - [18/Mar/2022:06:52:01 -0500] "GET /galeria/galeria/jquery.fancybox.css?v=2.1.5 HTTP/1.1" 200 4895
201.245.192.253 - - [18/Mar/2022:06:51:17 -0500] "POST /kwsrmcab/Wsrmcab HTTP/1.1" 200 116304
45.146.165.37 - - [18/Mar/2022:06:52:39 -0500] "GET / HTTP/1.1" 200 319
191.156.149.63 - - [18/Mar/2022:06:54:11 -0500] "GET /galeria/galeria/jquery.fancybox.css?v=2.1.5 HTTP/1.1" 200 4895
181.78.8.90 - - [18/Mar/2022:06:55:04 -0500] "GET /galeria/galeria/jquery.fancybox.css?v=2.1.5 HTTP/1.1" 200 4895
216.245.221.92 - - [18/Mar/2022:06:55:50 -0500] "HEAD / HTTP/1.1" 200 -
207.46.13.192 - - [18/Mar/2022:06:56:16 -0500] "GET / HTTP/1.1" 200 319
181.52.20.217 - - [18/Mar/2022:06:56:48 -0500] "GET /appsia/controlador HTTP/1.1" 200 4799
181.52.20.217 - - [18/Mar/2022:06:56:49 -0500] "GET /appsia/css/estilos.css HTTP/1.1" 304 -
181.52.20.217 - - [18/Mar/2022:06:56:49 -0500] "GET /appsia/scripts/validarIngreso.js HTTP/1.1" 304 -
181.52.20.217 - - [18/Mar/2022:06:56:49 -0500] "GET /appsia/images/cabezoteHojaVida.png HTTP/1.1" 200 32493
181.52.20.217 - - [18/Mar/2022:06:56:51 -0500] "GET /appsia/images/logo_bogota_p.png HTTP/1.1" 304 -
186.102.12.61 - - [18/Mar/2022:06:56:55 -0500] "GET /kwssiamovil/sm/ldap/au?x=U2FsdGVkX1+gXa1jN5bYEQqJv+S1SPhV56wRw5yfLzMA1N3qyRQ2NIOwmIGhzvtt&y=U2FsdGVkX18H9JX4RI316T0V0JuTQI3oh87VM5l6dRuaWk3wHsmP3CPKcf0rTRFG HTTP/1.1" 200 30
186.102.12.61 - - [18/Mar/2022:06:56:56 -0500] "GET /kwssiamovil/sm/acme/s?s=U2FsdGVkX19rtkMy/FxBenmyWIkFd804HrBnlsCZhLccNC6BJOZA7uyVWV7H59jdVpW4KwRl5OudIHgXlG5C7NI3lLNuGvDmmbbqTeup/CU=&u=U2FsdGVkX198tVzlhFaeFpfLCS74x71suMFxdYyV2n6MYPi8hfF2pfKELWIkhqT7&y=U2FsdGVkX18H9JX4RI316T0V0JuTQI3oh87VM5l6dRuaWk3wHsmP3CPKcf0rTRFG HTTP/1.1" 200 97
84.26.67.231 - - [18/Mar/2022:06:57:09 -0500] "-" 408 -
181.52.20.217 - - [18/Mar/2022:06:57:41 -0500] "POST /appsia/controlador HTTP/1.1" 200 3601
181.52.20.217 - - [18/Mar/2022:06:57:41 -0500] "GET /appsia/jscripts/validarSolicitud.js HTTP/1.1" 404 68
181.52.20.217 - - [18/Mar/2022:06:58:05 -0500] "GET /appsia/controlador HTTP/1.1" 200 4799
181.52.20.217 - - [18/Mar/2022:06:58:27 -0500] "POST /appsia/controlador HTTP/1.1" 200 5437
181.52.20.217 - - [18/Mar/2022:06:58:31 -0500] "POST /appsia/controlador HTTP/1.1" 200 7785
181.52.20.217 - - [18/Mar/2022:06:58:53 -0500] "POST /appsia/controlador HTTP/1.1" 200 6650
181.52.20.217 - - [18/Mar/2022:06:58:56 -0500] "POST /appsia/controlador HTTP/1.1" 200 11694
123.183.224.27 - - [18/Mar/2022:07:00:05 -0500] "GET / HTTP/1.1" 200 319
181.52.20.217 - - [18/Mar/2022:07:00:32 -0500] "POST /appsia/controlador HTTP/1.1" 200 7785
186.83.45.9 - - [18/Mar/2022:07:00:34 -0500] "GET /galeria/galeria/jquery.fancybox.css?v=2.1.5 HTTP/1.1" 200 4895
186.83.45.9 - - [18/Mar/2022:07:00:34 -0500] "GET /galeria/galeria/jquery.fancybox.js?v=2.1.5 HTTP/1.1" 200 48706
186.83.45.9 - - [18/Mar/2022:07:00:34 -0500] "GET /BLA/boletinlegal/js/jquery.scrollShow.js HTTP/1.1" 200 4586
181.52.20.217 - - [18/Mar/2022:07:00:41 -0500] "POST /appsia/controlador HTTP/1.1" 200 6650
181.52.20.217 - - [18/Mar/2022:07:00:43 -0500] "POST /appsia/controlador HTTP/1.1" 200 10576
216.245.221.92 - - [18/Mar/2022:07:00:50 -0500] "HEAD / HTTP/1.1" 200 -
201.245.192.253 - - [18/Mar/2022:07:03:17 -0500] "POST /kwsrmcab/Wsrmcab HTTP/1.1" 200 213
173.252.107.12 - - [18/Mar/2022:07:04:25 -0500] "GET /se-abre-convocatoria-a-organizaciones-ambientales-para-generar-1-070-empleos-verdes-dirigidos-a-mujeres.html HTTP/1.1" 206 1128
173.252.107.14 - - [18/Mar/2022:07:04:25 -0500] "GET /se-abre-convocatoria-a-organizaciones-ambientales-para-generar-1-070-empleos-verdes-dirigidos-a-mujeres.html HTTP/1.1" 206 1128
216.245.221.92 - - [18/Mar/2022:07:05:50 -0500] "HEAD / HTTP/1.1" 200 -
200.119.110.121 - - [18/Mar/2022:07:06:52 -0500] "GET /bla/resoluciones/resoluciones%202012/1015.pdf HTTP/1.1" 200 560924
200.119.110.121 - - [18/Mar/2022:07:06:52 -0500] "GET /favicon.ico HTTP/1.1" 200 7782
216.245.221.92 - - [18/Mar/2022:07:10:50 -0500] "HEAD / HTTP/1.1" 200 -
201.245.192.253 - - [18/Mar/2022:07:12:29 -0500] "POST /kwsrmcab/Wsrmcab HTTP/1.1" 200 116703
66.249.73.100 - - [18/Mar/2022:07:13:29 -0500] "-" 408 -
186.102.59.87 - - [18/Mar/2022:07:13:52 -0500] "GET /kwssiamovil/sm/acme/a?s=U2FsdGVkX19z+d9GBI/MOhx3zL13Q2xA7mBFscOvgw2max6+WRGH9i2rspfx2gy/NTiX8xxFUWepXsAYQ2450/MJJSRBPO/AeRIrsafREvHnNNfWmL0nqDynRwAKOb+Xc6sMW9vfmTY+oOJyNSPIMUCudmGrMrH0TZKM5OzinVl5LvKeEUNherBlAW2Bc4FLj7nOPRt/WJprzI+xSE7UgZKMvZKDvUxuNwZU5YrJw0Ort2lt8Bl/Hc/gDxgTHP/pPBI7u4xqYnhVmvvU+56jKA==&u=U2FsdGVkX1+uY7l3r9w1KVg1XjHGJfL0XeL9k14/P50=&y=U2FsdGVkX18wfcMefI3QXMnDGhC5bnZSs+pFsqpCruh5iRFSBg6+jkeJfRjxQK4j HTTP/1.1" 200 25
186.102.59.87 - - [18/Mar/2022:07:13:53 -0500] "GET /kwssiamovil/sm/acme/a?s=U2FsdGVkX1/eOoZeT56QXr7MWVHfg+bKmsTzlWWL7JYcFDzsEmP8/L/dkCY3qci1SL1+GBvff5HNLz3/UczdcgckrXY3RvMUHN7qxt2xE0w689z+ytfnzyEvVoIuKiw0Ds99FJLJOZbxMCadmp96Wu+f3lX2pQEwt8+f3E2fMk2IUrX0SJohBA5Y5HUC1uxAuk9ZAsIl3jv7d1AuJjVr4Xs3HWKavrDExdYmYymoaNP+0/yw52reoGmWlFt4prfCQQGGWT+aCfP9Eae4O8BnGzTq4E2lfzroDKf7Xm5OJg6HO6X5o2W3A7qWCaonOwc1OCu6Hc/Gx4rz6+TDNUbeLS/CLE6oTNZxj76D/gvC/3AfZOVGnn7LvwRivqPOIN0aODVFG+c6LLv4Xwngim0JELpueLyM8CZFdJ+bS0TD1Ni+mSGsggdYOXBc8kCaYZri9USjTL1+rWiyRNV5a5Xiil0W4YbWNd/ke+V9rSbn98qMJbibfGHiZ9WKtlO8zNmXQHvqdwKhuD14TZxHInvwhD+rkJjA1EI1yXkB3FC49LO7pLcocwGPr32aCbAiqY3mzDhw6kbMWdByhwdZBRFCgn2pBOGL3/kXbZwMfzP+deHjPFATHkWJ9+sWOx251nteGRGsAiKdKKiktiB3uwXwMFEkxt7Ika+Ivqdm6rseA5yWuyaRJeQTDdXkWen8IrhUmu26OSlU6nVRwambGDxObKnzTE1SKZQ6Dx1ZmwyB4e/KEzS3MXoLl52bDh2cqbRg3CJFfOf+q0X6iOeBCO9VTzIr4TJJAhKXLPO3hT8IscEsQLKbT2de9cURqpadP2AF9hNTRAJ5hwGWBSYOAYJ1d83taLquK7bNSDHcD10OUQImXzfg74OEWkOtlIfTihdXLicHVyCImtDeItiS6ZBRSIHKukfkb3Y2nHPtjJWtvUQM7NGylt2Ej0yqyidVEW13VZI/YPh3VQbpj/BvA8Kb9SMAOED5004w5Nb1HiIJN/eiW+43JbYSwLMT8z0g9FQ09kxvoLRpa7PYSec48n4/ZZl70cv8sdYMtO77q6iSyZQJ30oBHEENvvX1GClsO3SXm3Zwm4XNTtjd8FrL4lYmKvYFHwCj6zUctsrfSoa8YI0Oexg68O8lmrQU9fv417dVW/5j9VqWHoO2+W+Smjd9qfRtEpl/wND3q0MJdUPT1pRTvvq0kKOI1XIzFIuCPplFeiCqUboDYGcA0vg02vociiPTnXvkd8IB12YKRoXxoPEpFEl1J0pW7jyEyeMqoE1xXjx3f3MvYIe5YOPUpKCMW9QTCNWKF1tzVjNeS1+JOO0cB8ByoFG6T7Ndj8oCsk/LlIAWl2lUr/ZPJhH5JAyga65CPTZVodL/usz8nkfOiPwHCphXxEvfItBziCbtrjMxoDygkUBsa1nZQgasuWoRcGP0FConqImk3BqX+GFarnxb29FvZoEdL0o+rYN3cvB8SwNMEhrAWCoXEzgdDF4J0vwQIXbDbT2Z2rvWVHJcj/ovhJGPVECfFhXEdM4fOj+Wxy7j2sXJ2WYLfrKRtcGU4wziYhiY1OMwYnYl7ImBXo1xsffr1XdydmzCm0LzVrl9MiKVGuXiYtCos8WmkfdICEEouxBK2KOS0ppcmXnZfMXQx/cOJiQ4IyWXsL1yRnwcrIcPapG+hyXLzdtHrVFIE9XaToa/778dGHAvg+uRnGznYqgcyKUAC/91gn3Zy8NRTCXXw+tfw20ssUIiNJ4ceMHLCsR5NQSwCtX21inkNKKb3UsPqwuj2+GsGABlzeeNohT+8nNp8vjop1nfGtMA0Q5oo8Ac2VVZSNmgTGIAQ5o7TOwJ9/tWs8TCgXkpoxD5&u=U2FsdGVkX1+uY7l3r9w1KVg1XjHGJfL0XeL9k14/P50=&y=U2FsdGVkX18wfcMefI3QXMnDGhC5bnZSs+pFsqpCruh5iRFSBg6+jkeJfRjxQK4j HTTP/1.1" 200 25
186.102.59.87 - - [18/Mar/2022:07:13:53 -0500] "GET /kwssiamovil/sm/acme/a?s=U2FsdGVkX18nLjVuMwIoNth/gWyhaBfkrCxrqphWSy96h3YyPU2k/9mcIW4mC3ptksHB1BtS1BN18SDIFs39u0yu63pbCzSvct+YsTuplodMHK6+OBoCrbwED2Jf9jg1q2W/bWJhb0f9ja3P7sNLXJ0nxKwA8iRVsGBWIekA1P8=&u=U2FsdGVkX1+uY7l3r9w1KVg1XjHGJfL0XeL9k14/P50=&y=U2FsdGVkX18wfcMefI3QXMnDGhC5bnZSs+pFsqpCruh5iRFSBg6+jkeJfRjxQK4j HTTP/1.1" 200 25
186.102.59.87 - - [18/Mar/2022:07:13:54 -0500] "GET /kwssiamovil/sm/acme/a?s=U2FsdGVkX1/0JjOXo2a7Gz3RFsGOIKKFYq9m5XlFFBCU05UXrYHgqmB0fPVv+NvgarDG9xa5wLhXNJ88+tamOyyKLadN69/oWZKAMy85S+IJwiAmOapksndkXgrZ+wGsFdx0gbwSFut7CXFAi6avd06KOyq95VmJnfk6p1TTuH0=&u=U2FsdGVkX1+uY7l3r9w1KVg1XjHGJfL0XeL9k14/P50=&y=U2FsdGVkX18wfcMefI3QXMnDGhC5bnZSs+pFsqpCruh5iRFSBg6+jkeJfRjxQK4j HTTP/1.1" 200 25
186.102.59.87 - - [18/Mar/2022:07:13:54 -0500] "GET /kwssiamovil/sm/acme/a?s=U2FsdGVkX1+HGyKQ0cP2iJghRSFmx4xm0doT5afEWzruUXki6lpmskIaEklyNusp4CpcXK2ys3Vs6FbBG1tlYH6Ib0wjCAMQAOqJc+1lpBMYbgKqbAn0t7XN7VWfG2YqQr86yFIb5E7BP/L3esWkUqm+Os8+wWA5iIYjyClTd3Y=&u=U2FsdGVkX1+uY7l3r9w1KVg1XjHGJfL0XeL9k14/P50=&y=U2FsdGVkX18wfcMefI3QXMnDGhC5bnZSs+pFsqpCruh5iRFSBg6+jkeJfRjxQK4j HTTP/1.1" 200 25
186.102.59.87 - - [18/Mar/2022:07:13:54 -0500] "GET /kwssiamovil/sm/acme/a?s=U2FsdGVkX19WafyOTdU/Revp5DhJLzl4+r65xpiA5e0ey9l9JEooT/Rmw7Y8x5CRS2nEQMFAzL/MDShfwOQKsa95RfqBTQoUoQqtuSlmDNK6Wz+o424FNq2Lv2F4s/Tv13zJR6p/zgTSxSNJ6Rbv+xc39uvGYxRmr1vx0eNHOGGMlSMeCqSBqkX/xovvDgfI&u=U2FsdGVkX1+uY7l3r9w1KVg1XjHGJfL0XeL9k14/P50=&y=U2FsdGVkX18wfcMefI3QXMnDGhC5bnZSs+pFsqpCruh5iRFSBg6+jkeJfRjxQK4j HTTP/1.1" 200 24
186.81.100.197 - - [18/Mar/2022:07:14:30 -0500] "GET /galeria/galeria/jquery.fancybox.css?v=2.1.5 HTTP/1.1" 200 4895
201.245.192.253 - - [18/Mar/2022:07:14:49 -0500] "POST /sipse/faces/presentacion/proyectos/proyecto/proyecto.xhtml HTTP/1.1" 302 -
201.245.192.253 - - [18/Mar/2022:07:14:49 -0500] "GET /sipse/faces/autenticacion.xhtml HTTP/1.1" 200 1099
201.245.192.253 - - [18/Mar/2022:07:15:04 -0500] "POST /sipse/faces/presentacion/proyectos/proyecto/proyecto.xhtml HTTP/1.1" 302 -
201.245.192.253 - - [18/Mar/2022:07:15:04 -0500] "GET /sipse/faces/autenticacion.xhtml HTTP/1.1" 200 1099
201.245.192.253 - - [18/Mar/2022:07:15:29 -0500] "GET /sipse/faces/index.xhtml HTTP/1.1" 200 677
201.245.192.253 - - [18/Mar/2022:07:15:29 -0500] "GET /sipse/faces/javax.faces.resource/theme.css?ln=primefaces-sipse HTTP/1.1" 304 -
201.245.192.253 - - [18/Mar/2022:07:15:29 -0500] "GET /sipse/faces/faces/autenticacion.xhtml HTTP/1.1" 200 12171
201.245.192.253 - - [18/Mar/2022:07:15:29 -0500] "GET /sipse/js/disable_browser_buttons.js HTTP/1.1" 304 -
201.245.192.253 - - [18/Mar/2022:07:15:29 -0500] "GET /sipse/js/funciones.js HTTP/1.1" 304 -
201.245.192.253 - - [18/Mar/2022:07:15:29 -0500] "GET /sipse/faces/javax.faces.resource/theme.css?ln=primefaces-sipse HTTP/1.1" 304 -
201.245.192.253 - - [18/Mar/2022:07:15:29 -0500] "GET /sipse/css/custom_css_sg.css HTTP/1.1" 304 -
201.245.192.253 - - [18/Mar/2022:07:15:29 -0500] "GET /sipse/faces/javax.faces.resource/jquery/jquery-plugins.js?ln=primefaces&v=4.0 HTTP/1.1" 304 -
201.245.192.253 - - [18/Mar/2022:07:15:29 -0500] "GET /sipse/faces/javax.faces.resource/layout/layout.js?ln=primefaces&v=4.0 HTTP/1.1" 304 -
201.245.192.253 - - [18/Mar/2022:07:15:29 -0500] "GET /sipse/faces/javax.faces.resource/primefaces.css?ln=primefaces&v=4.0 HTTP/1.1" 304 -
201.245.192.253 - - [18/Mar/2022:07:15:29 -0500] "GET /sipse/faces/javax.faces.resource/jquery/jquery.js?ln=primefaces&v=4.0 HTTP/1.1" 304 -
201.245.192.253 - - [18/Mar/2022:07:15:29 -0500] "GET /sipse/faces/javax.faces.resource/layout/layout.css?ln=primefaces&v=4.0 HTTP/1.1" 304 -
201.245.192.253 - - [18/Mar/2022:07:15:29 -0500] "GET /sipse/faces/javax.faces.resource/primefaces.js?ln=primefaces&v=4.0 HTTP/1.1" 304 -
201.245.192.253 - - [18/Mar/2022:07:15:29 -0500] "GET /sipse/css/imagen/logoSDG.png HTTP/1.1" 304 -
201.245.192.253 - - [18/Mar/2022:07:15:29 -0500] "GET /sipse/faces/javax.faces.resource/images/ui-icons_898989_256x240.png?ln=primefaces-aristo HTTP/1.1" 304 -
201.245.192.253 - - [18/Mar/2022:07:15:39 -0500] "POST /sipse/faces/autenticacion.xhtml HTTP/1.1" 200 11165
201.245.192.253 - - [18/Mar/2022:07:15:39 -0500] "GET /sipse/css/custom_css_sg_prime.css HTTP/1.1" 304 -
201.245.192.253 - - [18/Mar/2022:07:15:39 -0500] "GET /sipse/faces/javax.faces.resource/layout/layout.css?ln=primefaces&v=4.0 HTTP/1.1" 304 -
201.245.192.253 - - [18/Mar/2022:07:15:39 -0500] "GET /sipse/faces/javax.faces.resource/jquery/jquery.js?ln=primefaces&v=4.0 HTTP/1.1" 304 -
201.245.192.253 - - [18/Mar/2022:07:15:39 -0500] "GET /sipse/faces/javax.faces.resource/primefaces.css?ln=primefaces&v=4.0 HTTP/1.1" 304 -
201.245.192.253 - - [18/Mar/2022:07:15:39 -0500] "GET /sipse/faces/javax.faces.resource/theme.css?ln=primefaces-sipse HTTP/1.1" 304 -
201.245.192.253 - - [18/Mar/2022:07:15:39 -0500] "GET /sipse/faces/javax.faces.resource/jquery/jquery-plugins.js?ln=primefaces&v=4.0 HTTP/1.1" 304 -
201.245.192.253 - - [18/Mar/2022:07:15:39 -0500] "GET /sipse/faces/javax.faces.resource/primefaces.js?ln=primefaces&v=4.0 HTTP/1.1" 304 -
201.245.192.253 - - [18/Mar/2022:07:15:39 -0500] "GET /sipse/faces/javax.faces.resource/layout/layout.js?ln=primefaces&v=4.0 HTTP/1.1" 304 -
201.245.192.253 - - [18/Mar/2022:07:15:39 -0500] "GET /sipse/faces/javax.faces.resource/messages/messages.png?ln=primefaces&v=4.0 HTTP/1.1" 304 -
201.245.192.253 - - [18/Mar/2022:07:15:42 -0500] "POST /sipse/faces/presentacion/sistema/seguridad/seleccionRol.xhtml HTTP/1.1" 200 5600
201.245.192.253 - - [18/Mar/2022:07:15:43 -0500] "POST /sipse/faces/presentacion/sistema/seguridad/seleccionRol.xhtml HTTP/1.1" 200 17459
201.245.192.253 - - [18/Mar/2022:07:15:44 -0500] "GET /sipse/faces/javax.faces.resource/primefaces.css?ln=primefaces&v=4.0 HTTP/1.1" 304 -
201.245.192.253 - - [18/Mar/2022:07:15:44 -0500] "GET /sipse/faces/javax.faces.resource/theme.css?ln=primefaces-sipse HTTP/1.1" 304 -
201.245.192.253 - - [18/Mar/2022:07:15:44 -0500] "GET /sipse/faces/javax.faces.resource/layout/layout.css?ln=primefaces&v=4.0 HTTP/1.1" 304 -
201.245.192.253 - - [18/Mar/2022:07:15:44 -0500] "GET /sipse/js/jquery.min.js HTTP/1.1" 304 -
201.245.192.253 - - [18/Mar/2022:07:15:44 -0500] "GET /sipse/faces/javax.faces.resource/jquery/jquery.js?ln=primefaces&v=4.0 HTTP/1.1" 304 -
201.245.192.253 - - [18/Mar/2022:07:15:44 -0500] "GET /sipse/faces/javax.faces.resource/jquery/jquery-plugins.js?ln=primefaces&v=4.0 HTTP/1.1" 304 -
201.245.192.253 - - [18/Mar/2022:07:15:44 -0500] "GET /sipse/faces/javax.faces.resource/primefaces.js?ln=primefaces&v=4.0 HTTP/1.1" 304 -
