192.168.182.253 - - [23/Mar/2022:14:38:52 -0500] "GET /BLA/boletinlegal/images/cabezote%20BLEGAL.jpg HTTP/1.1" 200 118164
192.168.182.253 - - [23/Mar/2022:14:38:52 -0500] "GET /BLA/boletinlegal/images/subscribe-icon-big.png HTTP/1.1" 200 47702
192.168.182.253 - - [23/Mar/2022:14:38:52 -0500] "GET /BLA/boletinlegal/images/historia.png HTTP/1.1" 200 52775
192.168.182.253 - - [23/Mar/2022:14:38:52 -0500] "GET /BLA/boletinlegal/images/registro-usuarios.png HTTP/1.1" 200 8106
192.168.182.253 - - [23/Mar/2022:14:38:52 -0500] "GET /BLA/boletinlegal/images/arr_l.jpg HTTP/1.1" 200 1979
192.168.182.253 - - [23/Mar/2022:14:38:52 -0500] "GET /BLA/boletinlegal/images/screen_1.png HTTP/1.1" 200 202547
192.168.182.253 - - [23/Mar/2022:14:38:52 -0500] "GET /BLA/boletinlegal/images/launch.jpg HTTP/1.1" 200 14577
192.168.182.253 - - [23/Mar/2022:14:38:52 -0500] "GET /BLA/boletinlegal/images/body_bg.jpg HTTP/1.1" 200 1601
192.168.182.253 - - [23/Mar/2022:14:38:52 -0500] "GET /BLA/boletinlegal/images/menu_lft.gif HTTP/1.1" 200 1713
192.168.182.253 - - [23/Mar/2022:14:38:52 -0500] "GET /BLA/boletinlegal/images/menu_rght.gif HTTP/1.1" 200 1627
192.168.182.253 - - [23/Mar/2022:14:38:52 -0500] "GET /BLA/boletinlegal/images/bg_top.jpg HTTP/1.1" 200 522
192.168.182.253 - - [23/Mar/2022:14:38:52 -0500] "GET /BLA/boletinlegal/images/menu_bg.jpg HTTP/1.1" 200 620
192.168.182.253 - - [23/Mar/2022:14:38:52 -0500] "GET /BLA/boletinlegal/images/hover.jpg HTTP/1.1" 200 640
192.168.182.253 - - [23/Mar/2022:14:38:52 -0500] "GET /BLA/boletinlegal/images/text.jpg HTTP/1.1" 200 568
192.168.182.253 - - [23/Mar/2022:14:38:56 -0500] "GET /BLA/boletinlegal/actos.php HTTP/1.1" 200 9555
192.168.182.253 - - [23/Mar/2022:14:38:56 -0500] "GET /BLA/boletinlegal/niceforms.js HTTP/1.1" 200 22876
192.168.182.253 - - [23/Mar/2022:14:38:56 -0500] "GET /BLA/boletinlegal/js/lib.js HTTP/1.1" 200 6474
192.168.182.253 - - [23/Mar/2022:14:38:56 -0500] "GET /BLA/boletinlegal/niceforms-default.css HTTP/1.1" 200 6694
192.168.182.253 - - [23/Mar/2022:14:38:56 -0500] "GET /BLA/boletinlegal/js/popup.js HTTP/1.1" 200 1270
192.168.182.253 - - [23/Mar/2022:14:38:56 -0500] "GET /BLA/boletinlegal/js/jquery1.js HTTP/1.1" 200 29846
192.168.182.253 - - [23/Mar/2022:14:38:56 -0500] "GET /BLA/boletinlegal/js/ajax_actos.js HTTP/1.1" 200 1322
192.168.182.253 - - [23/Mar/2022:14:38:56 -0500] "GET /BLA/boletinlegal/images/green-yellow-blue-pink-th.png HTTP/1.1" 200 7394
192.168.182.253 - - [23/Mar/2022:14:38:56 -0500] "GET /BLA/boletinlegal/images/abajo.png HTTP/1.1" 200 96676
192.168.182.253 - - [23/Mar/2022:14:38:56 -0500] "GET /BLA/boletinlegal/images/tel.png HTTP/1.1" 200 14477
192.168.182.253 - - [23/Mar/2022:14:38:56 -0500] "GET /BLA/boletinlegal/images/icono-email.png HTTP/1.1" 200 5544
192.168.182.253 - - [23/Mar/2022:14:38:56 -0500] "GET /BLA/boletinlegal/images/footer_bg.jpg HTTP/1.1" 200 586
192.168.182.253 - - [23/Mar/2022:14:38:57 -0500] "GET /BLA/boletinlegal/images/footer_bg_l.jpg HTTP/1.1" 200 776
192.168.182.253 - - [23/Mar/2022:14:38:57 -0500] "GET /BLA/boletinlegal/img/0.png HTTP/1.1" 200 110
192.168.182.253 - - [23/Mar/2022:14:38:57 -0500] "GET /BLA/boletinlegal/img/select-left.png HTTP/1.1" 200 263
192.168.182.253 - - [23/Mar/2022:14:38:57 -0500] "GET /BLA/boletinlegal/img/select-right.png HTTP/1.1" 200 44019
192.168.182.253 - - [23/Mar/2022:14:38:57 -0500] "GET /BLA/boletinlegal/img/button.png HTTP/1.1" 200 43241
192.168.182.253 - - [23/Mar/2022:14:38:57 -0500] "GET /BLA/boletinlegal/img/button-left.png HTTP/1.1" 200 57071
192.168.182.253 - - [23/Mar/2022:14:38:57 -0500] "GET /BLA/boletinlegal/img/button-right.png HTTP/1.1" 200 57878
192.168.182.253 - - [23/Mar/2022:14:38:57 -0500] "GET /favicon.ico HTTP/1.1" 200 7782
192.168.182.253 - - [23/Mar/2022:14:38:52 -0500] "GET /BLA/boletinlegal/index.php HTTP/1.1" 200 16331
192.168.182.253 - - [23/Mar/2022:14:39:12 -0500] "GET /BLA/boletinlegal/consulta_actos.php?tipo=autos&no=6741&usuario=&sector=&fecha=2021&resuelve= HTTP/1.1" 200 1130
192.168.182.253 - - [23/Mar/2022:14:39:12 -0500] "GET /BLA/boletinlegal/images/pdf.gif HTTP/1.1" 200 567
200.118.64.109 - - [23/Mar/2022:14:40:04 -0500] "POST /forms/lservlet;jsessionid=ac16012b30d6a5dab6f45caa4e478e2e945212dc8e5d.e3iSbxaKaheRe34Sc38RahyRchr0n6jAmljGr5XDqQLvpAe HTTP/1.1" 200 2
200.118.64.109 - - [23/Mar/2022:14:40:09 -0500] "POST /forms/lservlet;jsessionid=ac16012b30d6a5dab6f45caa4e478e2e945212dc8e5d.e3iSbxaKaheRe34Sc38RahyRchr0n6jAmljGr5XDqQLvpAe HTTP/1.1" 200 2
200.118.64.109 - - [23/Mar/2022:14:40:09 -0500] "POST /forms/lservlet;jsessionid=ac16012b30d6a5dab6f45caa4e478e2e945212dc8e5d.e3iSbxaKaheRe34Sc38RahyRchr0n6jAmljGr5XDqQLvpAe HTTP/1.1" 200 2283
200.118.64.109 - - [23/Mar/2022:14:40:09 -0500] "POST /forms/lservlet;jsessionid=ac16012b30d6a5dab6f45caa4e478e2e945212dc8e5d.e3iSbxaKaheRe34Sc38RahyRchr0n6jAmljGr5XDqQLvpAe HTTP/1.1" 200 10
192.168.182.253 - - [23/Mar/2022:14:40:20 -0500] "GET /BLA/boletinlegal/consulta_actos.php?tipo=autos&no=6747&usuario=&sector=&fecha=2021&resuelve= HTTP/1.1" 200 1134
200.118.64.109 - - [23/Mar/2022:14:40:31 -0500] "POST /forms/lservlet;jsessionid=ac16012b30d6a5dab6f45caa4e478e2e945212dc8e5d.e3iSbxaKaheRe34Sc38RahyRchr0n6jAmljGr5XDqQLvpAe HTTP/1.1" 200 26
200.118.64.109 - - [23/Mar/2022:14:40:31 -0500] "POST /forms/lservlet;jsessionid=ac16012b30d6a5dab6f45caa4e478e2e945212dc8e5d.e3iSbxaKaheRe34Sc38RahyRchr0n6jAmljGr5XDqQLvpAe HTTP/1.1" 200 14
200.118.64.109 - - [23/Mar/2022:14:40:32 -0500] "POST /forms/lservlet;jsessionid=ac16012b30d6a5dab6f45caa4e478e2e945212dc8e5d.e3iSbxaKaheRe34Sc38RahyRchr0n6jAmljGr5XDqQLvpAe HTTP/1.1" 200 3210
200.118.64.109 - - [23/Mar/2022:14:40:33 -0500] "POST /forms/lservlet;jsessionid=ac16012b30d6a5dab6f45caa4e478e2e945212dc8e5d.e3iSbxaKaheRe34Sc38RahyRchr0n6jAmljGr5XDqQLvpAe HTTP/1.1" 200 2
200.118.64.109 - - [23/Mar/2022:14:40:37 -0500] "POST /forms/lservlet;jsessionid=ac16012b30d6a5dab6f45caa4e478e2e945212dc8e5d.e3iSbxaKaheRe34Sc38RahyRchr0n6jAmljGr5XDqQLvpAe HTTP/1.1" 200 2
200.118.64.109 - - [23/Mar/2022:14:40:37 -0500] "POST /forms/lservlet;jsessionid=ac16012b30d6a5dab6f45caa4e478e2e945212dc8e5d.e3iSbxaKaheRe34Sc38RahyRchr0n6jAmljGr5XDqQLvpAe HTTP/1.1" 200 14
200.118.64.109 - - [23/Mar/2022:14:40:38 -0500] "POST /forms/lservlet;jsessionid=ac16012b30d6a5dab6f45caa4e478e2e945212dc8e5d.e3iSbxaKaheRe34Sc38RahyRchr0n6jAmljGr5XDqQLvpAe HTTP/1.1" 200 14
200.118.64.109 - - [23/Mar/2022:14:40:39 -0500] "POST /forms/lservlet;jsessionid=ac16012b30d6a5dab6f45caa4e478e2e945212dc8e5d.e3iSbxaKaheRe34Sc38RahyRchr0n6jAmljGr5XDqQLvpAe HTTP/1.1" 200 14
200.118.64.109 - - [23/Mar/2022:14:40:41 -0500] "POST /forms/lservlet;jsessionid=ac16012b30d6a5dab6f45caa4e478e2e945212dc8e5d.e3iSbxaKaheRe34Sc38RahyRchr0n6jAmljGr5XDqQLvpAe HTTP/1.1" 200 14
200.118.64.109 - - [23/Mar/2022:14:40:43 -0500] "POST /forms/lservlet;jsessionid=ac16012b30d6a5dab6f45caa4e478e2e945212dc8e5d.e3iSbxaKaheRe34Sc38RahyRchr0n6jAmljGr5XDqQLvpAe HTTP/1.1" 200 15
200.118.64.109 - - [23/Mar/2022:14:40:45 -0500] "POST /forms/lservlet;jsessionid=ac16012b30d6a5dab6f45caa4e478e2e945212dc8e5d.e3iSbxaKaheRe34Sc38RahyRchr0n6jAmljGr5XDqQLvpAe HTTP/1.1" 200 127
200.118.64.109 - - [23/Mar/2022:14:40:45 -0500] "POST /forms/lservlet;jsessionid=ac16012b30d6a5dab6f45caa4e478e2e945212dc8e5d.e3iSbxaKaheRe34Sc38RahyRchr0n6jAmljGr5XDqQLvpAe HTTP/1.1" 200 2
200.118.64.109 - - [23/Mar/2022:14:40:45 -0500] "GET /reports/rwservlet/getjobid73346?server=repnomi HTTP/1.1" 200 47850
192.168.182.253 - - [23/Mar/2022:14:41:05 -0500] "GET /BLA/boletinlegal/consulta_actos.php?tipo=autos&no=6649&usuario=&sector=&fecha=2021&resuelve= HTTP/1.1" 200 1122
200.118.64.109 - - [23/Mar/2022:14:41:40 -0500] "POST /forms/lservlet;jsessionid=ac16012b30d6a5dab6f45caa4e478e2e945212dc8e5d.e3iSbxaKaheRe34Sc38RahyRchr0n6jAmljGr5XDqQLvpAe HTTP/1.1" 200 2
200.118.64.109 - - [23/Mar/2022:14:41:40 -0500] "POST /forms/lservlet;jsessionid=ac16012b30d6a5dab6f45caa4e478e2e945212dc8e5d.e3iSbxaKaheRe34Sc38RahyRchr0n6jAmljGr5XDqQLvpAe HTTP/1.1" 200 14
200.118.64.109 - - [23/Mar/2022:14:41:41 -0500] "POST /forms/lservlet;jsessionid=ac16012b30d6a5dab6f45caa4e478e2e945212dc8e5d.e3iSbxaKaheRe34Sc38RahyRchr0n6jAmljGr5XDqQLvpAe HTTP/1.1" 200 14
200.118.64.109 - - [23/Mar/2022:14:41:42 -0500] "POST /forms/lservlet;jsessionid=ac16012b30d6a5dab6f45caa4e478e2e945212dc8e5d.e3iSbxaKaheRe34Sc38RahyRchr0n6jAmljGr5XDqQLvpAe HTTP/1.1" 200 112
200.118.64.109 - - [23/Mar/2022:14:41:42 -0500] "POST /forms/lservlet;jsessionid=ac16012b30d6a5dab6f45caa4e478e2e945212dc8e5d.e3iSbxaKaheRe34Sc38RahyRchr0n6jAmljGr5XDqQLvpAe HTTP/1.1" 200 2
200.118.64.109 - - [23/Mar/2022:14:41:42 -0500] "GET /reports/rwservlet/getjobid73347?server=repnomi HTTP/1.1" 200 47500
201.245.192.253 - - [23/Mar/2022:14:41:04 -0500] "POST /kwsrmcab/Wsrmcab HTTP/1.1" 200 45790
192.168.182.253 - - [23/Mar/2022:14:41:56 -0500] "GET /BLA/boletinlegal/consulta_actos.php?tipo=autos&no=6413&usuario=&sector=&fecha=2021&resuelve= HTTP/1.1" 200 1109
201.245.192.253 - - [23/Mar/2022:14:42:18 -0500] "POST /sipse/faces/presentacion/financiero/solicitudAnulacion/registrarSolicitudAnulacion.xhtml HTTP/1.1" 200 334373
200.118.64.109 - - [23/Mar/2022:14:42:20 -0500] "POST /forms/lservlet;jsessionid=ac16012b30d6a5dab6f45caa4e478e2e945212dc8e5d.e3iSbxaKaheRe34Sc38RahyRchr0n6jAmljGr5XDqQLvpAe HTTP/1.1" 200 2
192.168.182.253 - - [23/Mar/2022:14:42:27 -0500] "GET /BLA/boletinlegal/consulta_actos.php?tipo=autos&no=6644&usuario=&sector=&fecha=2021&resuelve= HTTP/1.1" 200 1156
200.118.64.109 - - [23/Mar/2022:14:42:31 -0500] "POST /forms/lservlet;jsessionid=ac16012b30d6a5dab6f45caa4e478e2e945212dc8e5d.e3iSbxaKaheRe34Sc38RahyRchr0n6jAmljGr5XDqQLvpAe HTTP/1.1" 200 2
200.118.64.109 - - [23/Mar/2022:14:42:31 -0500] "POST /forms/lservlet;jsessionid=ac16012b30d6a5dab6f45caa4e478e2e945212dc8e5d.e3iSbxaKaheRe34Sc38RahyRchr0n6jAmljGr5XDqQLvpAe HTTP/1.1" 200 14
200.118.64.109 - - [23/Mar/2022:14:42:33 -0500] "POST /forms/lservlet;jsessionid=ac16012b30d6a5dab6f45caa4e478e2e945212dc8e5d.e3iSbxaKaheRe34Sc38RahyRchr0n6jAmljGr5XDqQLvpAe HTTP/1.1" 200 14
200.118.64.109 - - [23/Mar/2022:14:42:34 -0500] "POST /forms/lservlet;jsessionid=ac16012b30d6a5dab6f45caa4e478e2e945212dc8e5d.e3iSbxaKaheRe34Sc38RahyRchr0n6jAmljGr5XDqQLvpAe HTTP/1.1" 200 14
201.245.192.253 - - [23/Mar/2022:14:41:50 -0500] "POST /kwsrmcab/Wsrmcab HTTP/1.1" 200 45396
200.118.64.109 - - [23/Mar/2022:14:42:35 -0500] "POST /forms/lservlet;jsessionid=ac16012b30d6a5dab6f45caa4e478e2e945212dc8e5d.e3iSbxaKaheRe34Sc38RahyRchr0n6jAmljGr5XDqQLvpAe HTTP/1.1" 200 109
200.118.64.109 - - [23/Mar/2022:14:42:36 -0500] "POST /forms/lservlet;jsessionid=ac16012b30d6a5dab6f45caa4e478e2e945212dc8e5d.e3iSbxaKaheRe34Sc38RahyRchr0n6jAmljGr5XDqQLvpAe HTTP/1.1" 200 2
201.245.192.253 - - [23/Mar/2022:14:41:51 -0500] "POST /kwsrmcab/Wsrmcab HTTP/1.1" 200 114652
200.118.64.109 - - [23/Mar/2022:14:42:36 -0500] "GET /reports/rwservlet/getjobid73348?server=repnomi HTTP/1.1" 200 1454495
192.168.182.253 - - [23/Mar/2022:14:43:08 -0500] "GET /BLA/boletinlegal/consulta_actos.php?tipo=autos&no=6404&usuario=&sector=&fecha=2021&resuelve= HTTP/1.1" 200 1129
200.118.64.109 - - [23/Mar/2022:14:43:18 -0500] "POST /forms/lservlet;jsessionid=ac16012b30d6a5dab6f45caa4e478e2e945212dc8e5d.e3iSbxaKaheRe34Sc38RahyRchr0n6jAmljGr5XDqQLvpAe HTTP/1.1" 200 2
200.118.64.109 - - [23/Mar/2022:14:43:18 -0500] "POST /forms/lservlet;jsessionid=ac16012b30d6a5dab6f45caa4e478e2e945212dc8e5d.e3iSbxaKaheRe34Sc38RahyRchr0n6jAmljGr5XDqQLvpAe HTTP/1.1" 200 2282
200.118.64.109 - - [23/Mar/2022:14:43:18 -0500] "POST /forms/lservlet;jsessionid=ac16012b30d6a5dab6f45caa4e478e2e945212dc8e5d.e3iSbxaKaheRe34Sc38RahyRchr0n6jAmljGr5XDqQLvpAe HTTP/1.1" 200 10
45.172.222.68 - - [23/Mar/2022:14:43:29 -0500] "GET /catalogoisis/ HTTP/1.1" 404 211
45.172.222.68 - - [23/Mar/2022:14:43:29 -0500] "GET /favicon.ico HTTP/1.1" 200 7782
200.118.64.109 - - [23/Mar/2022:14:43:36 -0500] "POST /forms/lservlet;jsessionid=ac16012b30d6a5dab6f45caa4e478e2e945212dc8e5d.e3iSbxaKaheRe34Sc38RahyRchr0n6jAmljGr5XDqQLvpAe HTTP/1.1" 200 26
200.118.64.109 - - [23/Mar/2022:14:43:36 -0500] "POST /forms/lservlet;jsessionid=ac16012b30d6a5dab6f45caa4e478e2e945212dc8e5d.e3iSbxaKaheRe34Sc38RahyRchr0n6jAmljGr5XDqQLvpAe HTTP/1.1" 200 14
200.118.64.109 - - [23/Mar/2022:14:43:37 -0500] "POST /forms/lservlet;jsessionid=ac16012b30d6a5dab6f45caa4e478e2e945212dc8e5d.e3iSbxaKaheRe34Sc38RahyRchr0n6jAmljGr5XDqQLvpAe HTTP/1.1" 200 7059
200.118.64.109 - - [23/Mar/2022:14:43:38 -0500] "POST /forms/lservlet;jsessionid=ac16012b30d6a5dab6f45caa4e478e2e945212dc8e5d.e3iSbxaKaheRe34Sc38RahyRchr0n6jAmljGr5XDqQLvpAe HTTP/1.1" 200 2
216.245.221.92 - - [23/Mar/2022:14:43:51 -0500] "HEAD / HTTP/1.1" 200 -
200.118.64.109 - - [23/Mar/2022:14:43:58 -0500] "POST /forms/lservlet;jsessionid=ac16012b30d6a5dab6f45caa4e478e2e945212dc8e5d.e3iSbxaKaheRe34Sc38RahyRchr0n6jAmljGr5XDqQLvpAe HTTP/1.1" 200 2
200.118.64.109 - - [23/Mar/2022:14:43:58 -0500] "POST /forms/lservlet;jsessionid=ac16012b30d6a5dab6f45caa4e478e2e945212dc8e5d.e3iSbxaKaheRe34Sc38RahyRchr0n6jAmljGr5XDqQLvpAe HTTP/1.1" 200 14
192.168.182.253 - - [23/Mar/2022:14:43:59 -0500] "GET /BLA/boletinlegal/consulta_actos.php?tipo=autos&no=6401&usuario=&sector=&fecha=2021&resuelve= HTTP/1.1" 200 1116
200.118.64.109 - - [23/Mar/2022:14:43:59 -0500] "POST /forms/lservlet;jsessionid=ac16012b30d6a5dab6f45caa4e478e2e945212dc8e5d.e3iSbxaKaheRe34Sc38RahyRchr0n6jAmljGr5XDqQLvpAe HTTP/1.1" 200 108
200.118.64.109 - - [23/Mar/2022:14:44:00 -0500] "POST /forms/lservlet;jsessionid=ac16012b30d6a5dab6f45caa4e478e2e945212dc8e5d.e3iSbxaKaheRe34Sc38RahyRchr0n6jAmljGr5XDqQLvpAe HTTP/1.1" 200 2
200.118.64.109 - - [23/Mar/2022:14:44:00 -0500] "GET /reports/rwservlet/getjobid73349?server=repnomi HTTP/1.1" 200 52554
200.118.64.109 - - [23/Mar/2022:14:44:20 -0500] "POST /forms/lservlet;jsessionid=ac16012b30d6a5dab6f45caa4e478e2e945212dc8e5d.e3iSbxaKaheRe34Sc38RahyRchr0n6jAmljGr5XDqQLvpAe HTTP/1.1" 200 2
172.22.2.4 - - [23/Mar/2022:14:44:30 -0500] "GET /BLA/boletinlegal/style.css HTTP/1.1" 200 9406
172.22.2.4 - - [23/Mar/2022:14:44:30 -0500] "GET /BLA/boletinlegal/styles2.css HTTP/1.1" 200 1838
172.22.2.4 - - [23/Mar/2022:14:44:30 -0500] "GET /BLA/boletinlegal/js/jquery.scrollTo-min.js HTTP/1.1" 200 1150
172.22.2.4 - - [23/Mar/2022:14:44:30 -0500] "GET /BLA/boletinlegal/js/jquery.js HTTP/1.1" 200 57254
172.22.2.4 - - [23/Mar/2022:14:44:30 -0500] "GET /BLA/boletinlegal/js/jquery.scrollShow.js HTTP/1.1" 200 4586
172.22.2.4 - - [23/Mar/2022:14:44:31 -0500] "GET /BLA/boletinlegal/js/jquery.scrollTo-min.js HTTP/1.1" 200 1150
172.22.2.4 - - [23/Mar/2022:14:44:31 -0500] "GET /BLA/boletinlegal/images/cabezote%20BLEGAL.jpg HTTP/1.1" 200 118164
172.22.2.4 - - [23/Mar/2022:14:44:31 -0500] "GET /BLA/boletinlegal/js/jquery.scrollShow.js HTTP/1.1" 200 4586
172.22.2.4 - - [23/Mar/2022:14:44:31 -0500] "GET /BLA/boletinlegal/js/jquery.js HTTP/1.1" 200 57254
172.22.2.4 - - [23/Mar/2022:14:44:31 -0500] "GET /BLA/boletinlegal/images/subscribe-icon-big.png HTTP/1.1" 200 47702
172.22.2.4 - - [23/Mar/2022:14:44:31 -0500] "GET /BLA/boletinlegal/images/historia.png HTTP/1.1" 200 52775
172.22.2.4 - - [23/Mar/2022:14:44:31 -0500] "GET /BLA/boletinlegal/images/arr_l.jpg HTTP/1.1" 200 1979
172.22.2.4 - - [23/Mar/2022:14:44:31 -0500] "GET /BLA/boletinlegal/images/registro-usuarios.png HTTP/1.1" 200 8106
172.22.2.4 - - [23/Mar/2022:14:44:31 -0500] "GET /BLA/boletinlegal/images/hover.jpg HTTP/1.1" 200 640
172.22.2.4 - - [23/Mar/2022:14:44:31 -0500] "GET /BLA/boletinlegal/images/body_bg.jpg HTTP/1.1" 200 1601
172.22.2.4 - - [23/Mar/2022:14:44:31 -0500] "GET /BLA/boletinlegal/images/menu_rght.gif HTTP/1.1" 200 1627
172.22.2.4 - - [23/Mar/2022:14:44:31 -0500] "GET /BLA/boletinlegal/images/menu_lft.gif HTTP/1.1" 200 1713
172.22.2.4 - - [23/Mar/2022:14:44:31 -0500] "GET /BLA/boletinlegal/images/bg_top.jpg HTTP/1.1" 200 522
172.22.2.4 - - [23/Mar/2022:14:44:31 -0500] "GET /BLA/boletinlegal/images/menu_bg.jpg HTTP/1.1" 200 620
172.22.2.4 - - [23/Mar/2022:14:44:31 -0500] "GET /BLA/boletinlegal/images/text.jpg HTTP/1.1" 200 568
172.22.2.4 - - [23/Mar/2022:14:44:31 -0500] "GET /BLA/boletinlegal/images/screen_1.png HTTP/1.1" 200 202547
172.22.2.4 - - [23/Mar/2022:14:44:31 -0500] "GET /BLA/boletinlegal/images/launch.jpg HTTP/1.1" 200 14577
172.22.2.4 - - [23/Mar/2022:14:44:36 -0500] "GET /BLA/boletinlegal/actos.php HTTP/1.1" 200 9555
172.22.2.4 - - [23/Mar/2022:14:44:36 -0500] "GET /BLA/boletinlegal/js/ajax_actos.js HTTP/1.1" 200 1322
172.22.2.4 - - [23/Mar/2022:14:44:36 -0500] "GET /BLA/boletinlegal/niceforms-default.css HTTP/1.1" 200 6694
172.22.2.4 - - [23/Mar/2022:14:44:36 -0500] "GET /BLA/boletinlegal/niceforms.js HTTP/1.1" 200 22876
172.22.2.4 - - [23/Mar/2022:14:44:36 -0500] "GET /BLA/boletinlegal/js/lib.js HTTP/1.1" 200 6474
172.22.2.4 - - [23/Mar/2022:14:44:36 -0500] "GET /BLA/boletinlegal/js/popup.js HTTP/1.1" 200 1270
172.22.2.4 - - [23/Mar/2022:14:44:36 -0500] "GET /BLA/boletinlegal/js/jquery1.js HTTP/1.1" 200 29846
172.22.2.4 - - [23/Mar/2022:14:44:36 -0500] "GET /BLA/boletinlegal/js/ajax_actos.js HTTP/1.1" 200 1322
172.22.2.4 - - [23/Mar/2022:14:44:36 -0500] "GET /BLA/boletinlegal/niceforms.js HTTP/1.1" 200 22876
172.22.2.4 - - [23/Mar/2022:14:44:36 -0500] "GET /BLA/boletinlegal/js/popup.js HTTP/1.1" 200 1270
172.22.2.4 - - [23/Mar/2022:14:44:36 -0500] "GET /BLA/boletinlegal/images/green-yellow-blue-pink-th.png HTTP/1.1" 200 7394
172.22.2.4 - - [23/Mar/2022:14:44:36 -0500] "GET /BLA/boletinlegal/images/abajo.png HTTP/1.1" 200 96676
172.22.2.4 - - [23/Mar/2022:14:44:36 -0500] "GET /BLA/boletinlegal/images/tel.png HTTP/1.1" 200 14477
172.22.2.4 - - [23/Mar/2022:14:44:36 -0500] "GET /BLA/boletinlegal/images/icono-email.png HTTP/1.1" 200 5544
172.22.2.4 - - [23/Mar/2022:14:44:36 -0500] "GET /BLA/boletinlegal/js/lib.js HTTP/1.1" 200 6474
172.22.2.4 - - [23/Mar/2022:14:44:36 -0500] "GET /BLA/boletinlegal/images/footer_bg.jpg HTTP/1.1" 200 586
172.22.2.4 - - [23/Mar/2022:14:44:36 -0500] "GET /BLA/boletinlegal/js/jquery1.js HTTP/1.1" 200 29846
172.22.2.4 - - [23/Mar/2022:14:44:36 -0500] "GET /BLA/boletinlegal/images/footer_bg_l.jpg HTTP/1.1" 200 776
172.22.2.4 - - [23/Mar/2022:14:44:36 -0500] "GET /BLA/boletinlegal/img/0.png HTTP/1.1" 200 110
172.22.2.4 - - [23/Mar/2022:14:44:36 -0500] "GET /BLA/boletinlegal/robots.txt HTTP/1.1" 404 1140
172.22.2.4 - - [23/Mar/2022:14:44:36 -0500] "GET /BLA/boletinlegal/img/select-right.png HTTP/1.1" 200 44019
172.22.2.4 - - [23/Mar/2022:14:44:36 -0500] "GET /BLA/boletinlegal/img/select-left.png HTTP/1.1" 200 263
172.22.2.4 - - [23/Mar/2022:14:44:36 -0500] "GET /BLA/boletinlegal/img/button.png HTTP/1.1" 200 43241
172.22.2.4 - - [23/Mar/2022:14:44:36 -0500] "GET /BLA/boletinlegal/img/button-left.png HTTP/1.1" 200 57071
172.22.2.4 - - [23/Mar/2022:14:44:36 -0500] "GET /BLA/boletinlegal/favicon.ico HTTP/1.1" 404 1326
172.22.2.4 - - [23/Mar/2022:14:44:36 -0500] "GET /BLA/boletinlegal/img/button-right.png HTTP/1.1" 200 57878
172.22.2.4 - - [23/Mar/2022:14:44:37 -0500] "GET /BLA/boletinlegal/doctrina.php HTTP/1.1" 200 5604
172.22.2.4 - - [23/Mar/2022:14:44:38 -0500] "GET /BLA/boletinlegal/js/ajax_doctrina.js HTTP/1.1" 200 772
172.22.2.4 - - [23/Mar/2022:14:44:38 -0500] "GET /BLA/boletinlegal/js/ajax_doctrina.js HTTP/1.1" 200 772
172.22.2.4 - - [23/Mar/2022:14:44:38 -0500] "GET /BLA/boletinlegal/images/sub_ul_li.gif HTTP/1.1" 200 343
172.22.2.4 - - [23/Mar/2022:14:44:38 -0500] "GET /BLA/boletinlegal/robots.txt HTTP/1.1" 404 1140
172.22.2.4 - - [23/Mar/2022:14:44:39 -0500] "GET /BLA/boletinlegal/jurisprudencia.php HTTP/1.1" 200 17573
172.22.2.4 - - [23/Mar/2022:14:44:39 -0500] "GET /BLA/boletinlegal/images/jurisprudencia.png HTTP/1.1" 200 66721
172.22.2.4 - - [23/Mar/2022:14:44:39 -0500] "GET /BLA/boletinlegal/robots.txt HTTP/1.1" 404 1140
172.22.2.4 - - [23/Mar/2022:14:44:40 -0500] "GET /BLA/boletinlegal/conceptos.php HTTP/1.1" 200 7443
172.22.2.4 - - [23/Mar/2022:14:44:40 -0500] "GET /BLA/boletinlegal/js/ajax_conceptos.js HTTP/1.1" 200 1326
172.22.2.4 - - [23/Mar/2022:14:44:40 -0500] "GET /BLA/boletinlegal/js/ajax_conceptos.js HTTP/1.1" 200 1326
172.22.2.4 - - [23/Mar/2022:14:44:40 -0500] "GET /BLA/boletinlegal/robots.txt HTTP/1.1" 404 1140
172.22.2.4 - - [23/Mar/2022:14:44:44 -0500] "GET /BLA/boletinlegal/doctrina.php HTTP/1.1" 200 5604
192.168.182.253 - - [23/Mar/2022:14:44:44 -0500] "GET /BLA/boletinlegal/consulta_actos.php?tipo=autos&no=6403&usuario=&sector=&fecha=2021&resuelve= HTTP/1.1" 200 1139
172.22.2.4 - - [23/Mar/2022:14:44:44 -0500] "GET /BLA/boletinlegal/robots.txt HTTP/1.1" 404 1140
172.22.2.4 - - [23/Mar/2022:14:44:30 -0500] "GET /BLA/boletinlegal/ HTTP/1.1" 200 24523
172.22.2.4 - - [23/Mar/2022:14:45:26 -0500] "GET /BLA/boletinlegal/style.css HTTP/1.1" 200 9406
172.22.2.4 - - [23/Mar/2022:14:45:26 -0500] "GET /BLA/boletinlegal/styles2.css HTTP/1.1" 200 1838
172.22.2.4 - - [23/Mar/2022:14:45:26 -0500] "GET /BLA/boletinlegal/js/jquery.js HTTP/1.1" 200 57254
172.22.2.4 - - [23/Mar/2022:14:45:26 -0500] "GET /BLA/boletinlegal/js/jquery.scrollTo-min.js HTTP/1.1" 200 1150
172.22.2.4 - - [23/Mar/2022:14:45:26 -0500] "GET /BLA/boletinlegal/js/jquery.scrollShow.js HTTP/1.1" 200 4586
172.22.2.4 - - [23/Mar/2022:14:45:26 -0500] "GET /BLA/boletinlegal/images/cabezote%20BLEGAL.jpg HTTP/1.1" 200 118164
172.22.2.4 - - [23/Mar/2022:14:45:26 -0500] "GET /BLA/boletinlegal/images/subscribe-icon-big.png HTTP/1.1" 200 47702
172.22.2.4 - - [23/Mar/2022:14:45:26 -0500] "GET /BLA/boletinlegal/images/historia.png HTTP/1.1" 200 52775
172.22.2.4 - - [23/Mar/2022:14:45:26 -0500] "GET /BLA/boletinlegal/images/registro-usuarios.png HTTP/1.1" 200 8106
172.22.2.4 - - [23/Mar/2022:14:45:26 -0500] "GET /BLA/boletinlegal/images/arr_l.jpg HTTP/1.1" 200 1979
172.22.2.4 - - [23/Mar/2022:14:45:26 -0500] "GET /BLA/boletinlegal/images/bg_top.jpg HTTP/1.1" 200 522
172.22.2.4 - - [23/Mar/2022:14:45:26 -0500] "GET /BLA/boletinlegal/images/text.jpg HTTP/1.1" 200 568
172.22.2.4 - - [23/Mar/2022:14:45:26 -0500] "GET /BLA/boletinlegal/images/launch.jpg HTTP/1.1" 200 14577
172.22.2.4 - - [23/Mar/2022:14:45:26 -0500] "GET /BLA/boletinlegal/images/body_bg.jpg HTTP/1.1" 200 1601
172.22.2.4 - - [23/Mar/2022:14:45:26 -0500] "GET /BLA/boletinlegal/images/menu_rght.gif HTTP/1.1" 200 1627
172.22.2.4 - - [23/Mar/2022:14:45:26 -0500] "GET /BLA/boletinlegal/images/menu_lft.gif HTTP/1.1" 200 1713
172.22.2.4 - - [23/Mar/2022:14:45:26 -0500] "GET /BLA/boletinlegal/images/menu_bg.jpg HTTP/1.1" 200 620
172.22.2.4 - - [23/Mar/2022:14:45:26 -0500] "GET /BLA/boletinlegal/images/hover.jpg HTTP/1.1" 200 640
172.22.2.4 - - [23/Mar/2022:14:45:26 -0500] "GET /BLA/boletinlegal/images/screen_1.png HTTP/1.1" 200 202547
172.22.2.4 - - [23/Mar/2022:14:45:28 -0500] "GET /BLA/boletinlegal/actos.php HTTP/1.1" 200 9555
172.22.2.4 - - [23/Mar/2022:14:45:28 -0500] "GET /BLA/boletinlegal/js/ajax_actos.js HTTP/1.1" 200 1322
172.22.2.4 - - [23/Mar/2022:14:45:28 -0500] "GET /BLA/boletinlegal/niceforms.js HTTP/1.1" 200 22876
172.22.2.4 - - [23/Mar/2022:14:45:28 -0500] "GET /BLA/boletinlegal/niceforms-default.css HTTP/1.1" 200 6694
172.22.2.4 - - [23/Mar/2022:14:45:28 -0500] "GET /BLA/boletinlegal/js/lib.js HTTP/1.1" 200 6474
172.22.2.4 - - [23/Mar/2022:14:45:28 -0500] "GET /BLA/boletinlegal/js/popup.js HTTP/1.1" 200 1270
172.22.2.4 - - [23/Mar/2022:14:45:28 -0500] "GET /BLA/boletinlegal/js/jquery1.js HTTP/1.1" 200 29846
172.22.2.4 - - [23/Mar/2022:14:45:28 -0500] "GET /BLA/boletinlegal/images/green-yellow-blue-pink-th.png HTTP/1.1" 200 7394
172.22.2.4 - - [23/Mar/2022:14:45:28 -0500] "GET /BLA/boletinlegal/images/abajo.png HTTP/1.1" 200 96676
172.22.2.4 - - [23/Mar/2022:14:45:28 -0500] "GET /BLA/boletinlegal/images/footer_bg.jpg HTTP/1.1" 200 586
172.22.2.4 - - [23/Mar/2022:14:45:28 -0500] "GET /BLA/boletinlegal/images/tel.png HTTP/1.1" 200 14477
172.22.2.4 - - [23/Mar/2022:14:45:28 -0500] "GET /BLA/boletinlegal/images/icono-email.png HTTP/1.1" 200 5544
172.22.2.4 - - [23/Mar/2022:14:45:28 -0500] "GET /BLA/boletinlegal/images/footer_bg_l.jpg HTTP/1.1" 200 776
172.22.2.4 - - [23/Mar/2022:14:45:28 -0500] "GET /BLA/boletinlegal/img/0.png HTTP/1.1" 200 110
172.22.2.4 - - [23/Mar/2022:14:45:28 -0500] "GET /BLA/boletinlegal/img/select-left.png HTTP/1.1" 200 263
172.22.2.4 - - [23/Mar/2022:14:45:28 -0500] "GET /BLA/boletinlegal/img/button-left.png HTTP/1.1" 200 57071
172.22.2.4 - - [23/Mar/2022:14:45:28 -0500] "GET /BLA/boletinlegal/img/select-right.png HTTP/1.1" 200 44019
172.22.2.4 - - [23/Mar/2022:14:45:28 -0500] "GET /BLA/boletinlegal/img/button-right.png HTTP/1.1" 200 57878
172.22.2.4 - - [23/Mar/2022:14:45:28 -0500] "GET /BLA/boletinlegal/img/button.png HTTP/1.1" 200 43241
172.22.2.4 - - [23/Mar/2022:14:45:28 -0500] "GET /BLA/boletinlegal/favicon.ico HTTP/1.1" 404 1326
200.118.64.109 - - [23/Mar/2022:14:45:42 -0500] "POST /forms/lservlet;jsessionid=ac16012b30d6a5dab6f45caa4e478e2e945212dc8e5d.e3iSbxaKaheRe34Sc38RahyRchr0n6jAmljGr5XDqQLvpAe HTTP/1.1" 200 2
200.118.64.109 - - [23/Mar/2022:14:45:42 -0500] "POST /forms/lservlet;jsessionid=ac16012b30d6a5dab6f45caa4e478e2e945212dc8e5d.e3iSbxaKaheRe34Sc38RahyRchr0n6jAmljGr5XDqQLvpAe HTTP/1.1" 200 97
200.118.64.109 - - [23/Mar/2022:14:45:42 -0500] "POST /forms/lservlet;jsessionid=ac16012b30d6a5dab6f45caa4e478e2e945212dc8e5d.e3iSbxaKaheRe34Sc38RahyRchr0n6jAmljGr5XDqQLvpAe HTTP/1.1" 200 2
200.118.64.109 - - [23/Mar/2022:14:45:43 -0500] "POST /forms/lservlet;jsessionid=ac16012b30d6a5dab6f45caa4e478e2e945212dc8e5d.e3iSbxaKaheRe34Sc38RahyRchr0n6jAmljGr5XDqQLvpAe HTTP/1.1" 200 2
200.118.64.109 - - [23/Mar/2022:14:45:44 -0500] "POST /forms/lservlet;jsessionid=ac16012b30d6a5dab6f45caa4e478e2e945212dc8e5d.e3iSbxaKaheRe34Sc38RahyRchr0n6jAmljGr5XDqQLvpAe HTTP/1.1" 200 30
200.118.64.109 - - [23/Mar/2022:14:45:45 -0500] "POST /forms/lservlet;jsessionid=ac16012b30d6a5dab6f45caa4e478e2e945212dc8e5d.e3iSbxaKaheRe34Sc38RahyRchr0n6jAmljGr5XDqQLvpAe HTTP/1.1" 200 2
200.118.64.109 - - [23/Mar/2022:14:45:46 -0500] "POST /forms/lservlet;jsessionid=ac16012b30d6a5dab6f45caa4e478e2e945212dc8e5d.e3iSbxaKaheRe34Sc38RahyRchr0n6jAmljGr5XDqQLvpAe HTTP/1.1" 200 14
200.118.64.109 - - [23/Mar/2022:14:45:47 -0500] "POST /forms/lservlet;jsessionid=ac16012b30d6a5dab6f45caa4e478e2e945212dc8e5d.e3iSbxaKaheRe34Sc38RahyRchr0n6jAmljGr5XDqQLvpAe HTTP/1.1" 200 107
200.118.64.109 - - [23/Mar/2022:14:45:47 -0500] "POST /forms/lservlet;jsessionid=ac16012b30d6a5dab6f45caa4e478e2e945212dc8e5d.e3iSbxaKaheRe34Sc38RahyRchr0n6jAmljGr5XDqQLvpAe HTTP/1.1" 200 2
200.118.64.109 - - [23/Mar/2022:14:45:47 -0500] "GET /reports/rwservlet/getjobid73350?server=repnomi HTTP/1.1" 200 85519
190.131.242.67 - - [23/Mar/2022:14:45:53 -0500] "GET /galeria/galeria/jquery.fancybox.css?v=2.1.5 HTTP/1.1" 200 4895
191.95.163.165 - - [23/Mar/2022:14:45:54 -0500] "GET /autoliquidacion2020/Permiso%20de%20ocupaci%C3%B3n%20de%20cauce,%20playas%20y%20lechos/Formulario%20unico%20nacional%20solicitud%20ocupacion%20de%20cauce%20playas%20y%20lechos.pdf HTTP/1.1" 200 319326
172.22.2.4 - - [23/Mar/2022:14:45:57 -0500] "GET /BLA/boletinlegal/consulta_actos.php?tipo=resoluciones&no=1466&usuario=&sector=&fecha=2018&resuelve= HTTP/1.1" 200 1267
172.22.2.4 - - [23/Mar/2022:14:45:57 -0500] "GET /BLA/boletinlegal/images/pdf.gif HTTP/1.1" 200 567
190.121.140.58 - - [23/Mar/2022:14:46:01 -0500] "GET /BLA/resoluciones/RESOLUCIONES%202018/1466.pdf HTTP/1.1" 200 339441
192.168.182.253 - - [23/Mar/2022:14:46:10 -0500] "GET /BLA/boletinlegal/consulta_actos.php?tipo=autos&no=6371&usuario=&sector=&fecha=2021&resuelve= HTTP/1.1" 200 1147
172.22.2.4 - - [23/Mar/2022:14:45:26 -0500] "GET /BLA/boletinlegal/ HTTP/1.1" 200 24523
200.118.64.109 - - [23/Mar/2022:14:46:22 -0500] "POST /forms/lservlet;jsessionid=ac16012b30d6a5dab6f45caa4e478e2e945212dc8e5d.e3iSbxaKaheRe34Sc38RahyRchr0n6jAmljGr5XDqQLvpAe HTTP/1.1" 200 2
200.118.64.109 - - [23/Mar/2022:14:46:28 -0500] "POST /forms/lservlet;jsessionid=ac16012b30d6a5dab6f45caa4e478e2e945212dc8e5d.e3iSbxaKaheRe34Sc38RahyRchr0n6jAmljGr5XDqQLvpAe HTTP/1.1" 200 2
200.118.64.109 - - [23/Mar/2022:14:46:28 -0500] "POST /forms/lservlet;jsessionid=ac16012b30d6a5dab6f45caa4e478e2e945212dc8e5d.e3iSbxaKaheRe34Sc38RahyRchr0n6jAmljGr5XDqQLvpAe HTTP/1.1" 200 14
200.118.64.109 - - [23/Mar/2022:14:46:29 -0500] "POST /forms/lservlet;jsessionid=ac16012b30d6a5dab6f45caa4e478e2e945212dc8e5d.e3iSbxaKaheRe34Sc38RahyRchr0n6jAmljGr5XDqQLvpAe HTTP/1.1" 200 14
200.118.64.109 - - [23/Mar/2022:14:46:31 -0500] "POST /forms/lservlet;jsessionid=ac16012b30d6a5dab6f45caa4e478e2e945212dc8e5d.e3iSbxaKaheRe34Sc38RahyRchr0n6jAmljGr5XDqQLvpAe HTTP/1.1" 200 14
200.118.64.109 - - [23/Mar/2022:14:46:32 -0500] "POST /forms/lservlet;jsessionid=ac16012b30d6a5dab6f45caa4e478e2e945212dc8e5d.e3iSbxaKaheRe34Sc38RahyRchr0n6jAmljGr5XDqQLvpAe HTTP/1.1" 200 14
200.118.64.109 - - [23/Mar/2022:14:46:34 -0500] "POST /forms/lservlet;jsessionid=ac16012b30d6a5dab6f45caa4e478e2e945212dc8e5d.e3iSbxaKaheRe34Sc38RahyRchr0n6jAmljGr5XDqQLvpAe HTTP/1.1" 200 15
200.118.64.109 - - [23/Mar/2022:14:46:37 -0500] "POST /forms/lservlet;jsessionid=ac16012b30d6a5dab6f45caa4e478e2e945212dc8e5d.e3iSbxaKaheRe34Sc38RahyRchr0n6jAmljGr5XDqQLvpAe HTTP/1.1" 200 15
200.118.64.109 - - [23/Mar/2022:14:46:41 -0500] "POST /forms/lservlet;jsessionid=ac16012b30d6a5dab6f45caa4e478e2e945212dc8e5d.e3iSbxaKaheRe34Sc38RahyRchr0n6jAmljGr5XDqQLvpAe HTTP/1.1" 200 15
172.22.2.4 - - [23/Mar/2022:14:45:03 -0500] "GET /BLA/boletinlegal/ HTTP/1.1" 200 53344
172.22.2.4 - - [23/Mar/2022:14:46:44 -0500] "GET /BLA/boletinlegal/favicon.ico HTTP/1.1" 404 1308
200.118.64.109 - - [23/Mar/2022:14:46:48 -0500] "POST /forms/lservlet;jsessionid=ac16012b30d6a5dab6f45caa4e478e2e945212dc8e5d.e3iSbxaKaheRe34Sc38RahyRchr0n6jAmljGr5XDqQLvpAe HTTP/1.1" 200 15
200.118.64.109 - - [23/Mar/2022:14:46:57 -0500] "POST /forms/lservlet;jsessionid=ac16012b30d6a5dab6f45caa4e478e2e945212dc8e5d.e3iSbxaKaheRe34Sc38RahyRchr0n6jAmljGr5XDqQLvpAe HTTP/1.1" 200 15
192.168.182.253 - - [23/Mar/2022:14:46:58 -0500] "GET /BLA/boletinlegal/consulta_actos.php?tipo=autos&no=6582&usuario=&sector=&fecha=2021&resuelve= HTTP/1.1" 200 1145
200.118.64.109 - - [23/Mar/2022:14:47:06 -0500] "POST /forms/lservlet;jsessionid=ac16012b30d6a5dab6f45caa4e478e2e945212dc8e5d.e3iSbxaKaheRe34Sc38RahyRchr0n6jAmljGr5XDqQLvpAe HTTP/1.1" 200 15
172.22.2.4 - - [23/Mar/2022:14:47:11 -0500] "GET /BLA/boletinlegal/consulta_actos.php?tipo=resoluciones&no=1037&usuario=&sector=&fecha=2016&resuelve= HTTP/1.1" 200 1721
172.22.2.4 - - [23/Mar/2022:14:47:12 -0500] "GET /BLA/boletinlegal/consulta_actos.php?tipo=resoluciones&no=1037&usuario=&sector=&fecha=2016&resuelve= HTTP/1.1" 200 1721
200.118.64.109 - - [23/Mar/2022:14:47:16 -0500] "POST /forms/lservlet;jsessionid=ac16012b30d6a5dab6f45caa4e478e2e945212dc8e5d.e3iSbxaKaheRe34Sc38RahyRchr0n6jAmljGr5XDqQLvpAe HTTP/1.1" 200 15
172.22.2.4 - - [23/Mar/2022:14:45:39 -0500] "GET /BLA/boletinlegal/ HTTP/1.1" 200 54457
190.121.140.58 - - [23/Mar/2022:14:47:21 -0500] "GET /BLA/resoluciones/RESOLUCIONES%202016/1037.pdf HTTP/1.1" 200 564531
205.169.39.54 - - [23/Mar/2022:14:47:21 -0500] "GET /galeria/galeria/jquery.fancybox.css?v=2.1.5 HTTP/1.1" 200 4895
205.169.39.54 - - [23/Mar/2022:14:47:21 -0500] "GET /BLA/boletinlegal/js/jquery.scrollShow.js HTTP/1.1" 200 4586
205.169.39.54 - - [23/Mar/2022:14:47:21 -0500] "GET /galeria/galeria/jquery.fancybox.js?v=2.1.5 HTTP/1.1" 200 48706
200.118.64.109 - - [23/Mar/2022:14:47:25 -0500] "POST /forms/lservlet;jsessionid=ac16012b30d6a5dab6f45caa4e478e2e945212dc8e5d.e3iSbxaKaheRe34Sc38RahyRchr0n6jAmljGr5XDqQLvpAe HTTP/1.1" 200 15
200.118.64.109 - - [23/Mar/2022:14:47:34 -0500] "POST /forms/lservlet;jsessionid=ac16012b30d6a5dab6f45caa4e478e2e945212dc8e5d.e3iSbxaKaheRe34Sc38RahyRchr0n6jAmljGr5XDqQLvpAe HTTP/1.1" 200 15
200.118.64.109 - - [23/Mar/2022:14:47:43 -0500] "POST /forms/lservlet;jsessionid=ac16012b30d6a5dab6f45caa4e478e2e945212dc8e5d.e3iSbxaKaheRe34Sc38RahyRchr0n6jAmljGr5XDqQLvpAe HTTP/1.1" 200 15
200.118.64.109 - - [23/Mar/2022:14:47:52 -0500] "POST /forms/lservlet;jsessionid=ac16012b30d6a5dab6f45caa4e478e2e945212dc8e5d.e3iSbxaKaheRe34Sc38RahyRchr0n6jAmljGr5XDqQLvpAe HTTP/1.1" 200 15
200.118.64.109 - - [23/Mar/2022:14:48:01 -0500] "POST /forms/lservlet;jsessionid=ac16012b30d6a5dab6f45caa4e478e2e945212dc8e5d.e3iSbxaKaheRe34Sc38RahyRchr0n6jAmljGr5XDqQLvpAe HTTP/1.1" 200 15
192.168.182.253 - - [23/Mar/2022:14:48:06 -0500] "GET /BLA/boletinlegal/consulta_actos.php?tipo=autos&no=6387&usuario=&sector=&fecha=2021&resuelve= HTTP/1.1" 200 1109
200.118.64.109 - - [23/Mar/2022:14:48:10 -0500] "POST /forms/lservlet;jsessionid=ac16012b30d6a5dab6f45caa4e478e2e945212dc8e5d.e3iSbxaKaheRe34Sc38RahyRchr0n6jAmljGr5XDqQLvpAe HTTP/1.1" 200 15
200.118.64.109 - - [23/Mar/2022:14:48:19 -0500] "POST /forms/lservlet;jsessionid=ac16012b30d6a5dab6f45caa4e478e2e945212dc8e5d.e3iSbxaKaheRe34Sc38RahyRchr0n6jAmljGr5XDqQLvpAe HTTP/1.1" 200 15
200.118.64.109 - - [23/Mar/2022:14:48:28 -0500] "POST /forms/lservlet;jsessionid=ac16012b30d6a5dab6f45caa4e478e2e945212dc8e5d.e3iSbxaKaheRe34Sc38RahyRchr0n6jAmljGr5XDqQLvpAe HTTP/1.1" 200 15
200.118.64.109 - - [23/Mar/2022:14:48:37 -0500] "POST /forms/lservlet;jsessionid=ac16012b30d6a5dab6f45caa4e478e2e945212dc8e5d.e3iSbxaKaheRe34Sc38RahyRchr0n6jAmljGr5XDqQLvpAe HTTP/1.1" 200 15
200.118.64.109 - - [23/Mar/2022:14:48:46 -0500] "POST /forms/lservlet;jsessionid=ac16012b30d6a5dab6f45caa4e478e2e945212dc8e5d.e3iSbxaKaheRe34Sc38RahyRchr0n6jAmljGr5XDqQLvpAe HTTP/1.1" 200 15
216.245.221.92 - - [23/Mar/2022:14:48:50 -0500] "HEAD / HTTP/1.1" 200 -
200.118.64.109 - - [23/Mar/2022:14:48:55 -0500] "POST /forms/lservlet;jsessionid=ac16012b30d6a5dab6f45caa4e478e2e945212dc8e5d.e3iSbxaKaheRe34Sc38RahyRchr0n6jAmljGr5XDqQLvpAe HTTP/1.1" 200 15
201.245.192.253 - - [23/Mar/2022:14:49:01 -0500] "GET /galeria/galeria/jquery.fancybox.css?v=2.1.5 HTTP/1.1" 200 4895
201.245.192.253 - - [23/Mar/2022:14:49:01 -0500] "GET /BLA/boletinlegal/js/jquery.scrollShow.js HTTP/1.1" 200 4586
201.245.192.253 - - [23/Mar/2022:14:49:01 -0500] "GET /galeria/galeria/jquery.fancybox.js?v=2.1.5 HTTP/1.1" 200 48706
201.245.192.253 - - [23/Mar/2022:14:49:03 -0500] "GET /BLA/boletinlegal/js/jquery.scrollShow.js HTTP/1.1" 200 4586
201.245.192.253 - - [23/Mar/2022:14:49:03 -0500] "GET /galeria/galeria/jquery.fancybox.js?v=2.1.5 HTTP/1.1" 200 48706
200.118.64.109 - - [23/Mar/2022:14:49:05 -0500] "POST /forms/lservlet;jsessionid=ac16012b30d6a5dab6f45caa4e478e2e945212dc8e5d.e3iSbxaKaheRe34Sc38RahyRchr0n6jAmljGr5XDqQLvpAe HTTP/1.1" 200 15
200.118.64.109 - - [23/Mar/2022:14:49:14 -0500] "POST /forms/lservlet;jsessionid=ac16012b30d6a5dab6f45caa4e478e2e945212dc8e5d.e3iSbxaKaheRe34Sc38RahyRchr0n6jAmljGr5XDqQLvpAe HTTP/1.1" 200 15
200.118.64.109 - - [23/Mar/2022:14:49:23 -0500] "POST /forms/lservlet;jsessionid=ac16012b30d6a5dab6f45caa4e478e2e945212dc8e5d.e3iSbxaKaheRe34Sc38RahyRchr0n6jAmljGr5XDqQLvpAe HTTP/1.1" 200 15
200.118.64.109 - - [23/Mar/2022:14:49:32 -0500] "POST /forms/lservlet;jsessionid=ac16012b30d6a5dab6f45caa4e478e2e945212dc8e5d.e3iSbxaKaheRe34Sc38RahyRchr0n6jAmljGr5XDqQLvpAe HTTP/1.1" 200 15
173.252.95.9 - - [23/Mar/2022:14:49:37 -0500] "GET /asi-las-mujeres-que-reverdecen-cuidan-los-arboles-para-la-restauracion-ecologica-de-bogota.html HTTP/1.1" 206 911
173.252.95.6 - - [23/Mar/2022:14:49:37 -0500] "GET /asi-las-mujeres-que-reverdecen-cuidan-los-arboles-para-la-restauracion-ecologica-de-bogota.html HTTP/1.1" 206 911
200.118.64.109 - - [23/Mar/2022:14:49:41 -0500] "POST /forms/lservlet;jsessionid=ac16012b30d6a5dab6f45caa4e478e2e945212dc8e5d.e3iSbxaKaheRe34Sc38RahyRchr0n6jAmljGr5XDqQLvpAe HTTP/1.1" 200 15
201.245.192.253 - - [23/Mar/2022:14:49:48 -0500] "GET /sipse/faces/faces/autenticacion.xhtml HTTP/1.1" 200 12189
201.245.192.253 - - [23/Mar/2022:14:49:48 -0500] "GET /sipse/faces/javax.faces.resource/theme.css?ln=primefaces-sipse HTTP/1.1" 304 -
201.245.192.253 - - [23/Mar/2022:14:49:48 -0500] "GET /sipse/faces/javax.faces.resource/primefaces.css?ln=primefaces&v=4.0 HTTP/1.1" 304 -
201.245.192.253 - - [23/Mar/2022:14:49:48 -0500] "GET /sipse/faces/javax.faces.resource/layout/layout.css?ln=primefaces&v=4.0 HTTP/1.1" 304 -
201.245.192.253 - - [23/Mar/2022:14:49:48 -0500] "GET /sipse/faces/javax.faces.resource/primefaces.js?ln=primefaces&v=4.0 HTTP/1.1" 304 -
201.245.192.253 - - [23/Mar/2022:14:49:48 -0500] "GET /sipse/faces/javax.faces.resource/jquery/jquery-plugins.js?ln=primefaces&v=4.0 HTTP/1.1" 304 -
201.245.192.253 - - [23/Mar/2022:14:49:48 -0500] "GET /sipse/faces/javax.faces.resource/layout/layout.js?ln=primefaces&v=4.0 HTTP/1.1" 304 -
201.245.192.253 - - [23/Mar/2022:14:49:48 -0500] "GET /sipse/faces/javax.faces.resource/jquery/jquery.js?ln=primefaces&v=4.0 HTTP/1.1" 304 -
201.245.192.253 - - [23/Mar/2022:14:49:48 -0500] "GET /sipse/faces/javax.faces.resource/images/ui-icons_898989_256x240.png?ln=primefaces-aristo HTTP/1.1" 304 -
201.245.192.253 - - [23/Mar/2022:14:49:50 -0500] "POST /sipse/faces/autenticacion.xhtml HTTP/1.1" 200 16102
201.245.192.253 - - [23/Mar/2022:14:49:51 -0500] "GET /sipse/faces/javax.faces.resource/layout/layout.css?ln=primefaces&v=4.0 HTTP/1.1" 304 -
201.245.192.253 - - [23/Mar/2022:14:49:51 -0500] "GET /sipse/faces/javax.faces.resource/primefaces.css?ln=primefaces&v=4.0 HTTP/1.1" 304 -
201.245.192.253 - - [23/Mar/2022:14:49:51 -0500] "GET /sipse/faces/javax.faces.resource/theme.css?ln=primefaces-sipse HTTP/1.1" 304 -
201.245.192.253 - - [23/Mar/2022:14:49:51 -0500] "GET /sipse/faces/javax.faces.resource/jquery/jquery.js?ln=primefaces&v=4.0 HTTP/1.1" 304 -
201.245.192.253 - - [23/Mar/2022:14:49:51 -0500] "GET /sipse/faces/javax.faces.resource/jquery/jquery-plugins.js?ln=primefaces&v=4.0 HTTP/1.1" 304 -
201.245.192.253 - - [23/Mar/2022:14:49:51 -0500] "GET /sipse/faces/javax.faces.resource/primefaces.js?ln=primefaces&v=4.0 HTTP/1.1" 304 -
201.245.192.253 - - [23/Mar/2022:14:49:51 -0500] "GET /sipse/faces/javax.faces.resource/layout/layout.js?ln=primefaces&v=4.0 HTTP/1.1" 304 -
201.245.192.253 - - [23/Mar/2022:14:49:51 -0500] "GET /sipse/css/imagen/contrasena.png HTTP/1.1" 404 383
201.245.192.253 - - [23/Mar/2022:14:49:51 -0500] "GET /sipse/faces/javax.faces.resource/messages/messages.png?ln=primefaces&v=4.0 HTTP/1.1" 304 -
200.118.64.109 - - [23/Mar/2022:14:49:50 -0500] "POST /forms/lservlet;jsessionid=ac16012b30d6a5dab6f45caa4e478e2e945212dc8e5d.e3iSbxaKaheRe34Sc38RahyRchr0n6jAmljGr5XDqQLvpAe HTTP/1.1" 200 15
201.245.192.253 - - [23/Mar/2022:14:49:52 -0500] "GET /sipse/faces/javax.faces.resource/images/ui-bg_flat_0_2d5972_40x100.png?ln=primefaces-aristo HTTP/1.1" 304 -
201.245.192.253 - - [23/Mar/2022:14:49:52 -0500] "POST /sipse/faces/bienvenido.xhtml HTTP/1.1" 200 1471
201.245.192.253 - - [23/Mar/2022:14:49:53 -0500] "POST /sipse/faces/bienvenido.xhtml HTTP/1.1" 200 34801
201.245.192.253 - - [23/Mar/2022:14:49:53 -0500] "GET /sipse/faces/javax.faces.resource/theme.css?ln=primefaces-sipse HTTP/1.1" 304 -
201.245.192.253 - - [23/Mar/2022:14:49:53 -0500] "GET /sipse/faces/javax.faces.resource/layout/layout.css?ln=primefaces&v=4.0 HTTP/1.1" 304 -
201.245.192.253 - - [23/Mar/2022:14:49:53 -0500] "GET /sipse/faces/javax.faces.resource/primefaces.css?ln=primefaces&v=4.0 HTTP/1.1" 304 -
201.245.192.253 - - [23/Mar/2022:14:49:53 -0500] "GET /sipse/faces/javax.faces.resource/jquery/jquery.js?ln=primefaces&v=4.0 HTTP/1.1" 304 -
201.245.192.253 - - [23/Mar/2022:14:49:53 -0500] "GET /sipse/faces/javax.faces.resource/jquery/jquery-plugins.js?ln=primefaces&v=4.0 HTTP/1.1" 304 -
201.245.192.253 - - [23/Mar/2022:14:49:53 -0500] "GET /sipse/faces/javax.faces.resource/primefaces.js?ln=primefaces&v=4.0 HTTP/1.1" 304 -
201.245.192.253 - - [23/Mar/2022:14:49:53 -0500] "GET /sipse/faces/javax.faces.resource/layout/layout.js?ln=primefaces&v=4.0 HTTP/1.1" 304 -
201.245.192.253 - - [23/Mar/2022:14:49:53 -0500] "POST /sipse/faces/presentacion/financiero/solicitudProceso/listarSolicitudProceso.xhtml HTTP/1.1" 200 1360
200.118.64.109 - - [23/Mar/2022:14:49:59 -0500] "POST /forms/lservlet;jsessionid=ac16012b30d6a5dab6f45caa4e478e2e945212dc8e5d.e3iSbxaKaheRe34Sc38RahyRchr0n6jAmljGr5XDqQLvpAe HTTP/1.1" 200 15
200.118.64.109 - - [23/Mar/2022:14:50:08 -0500] "POST /forms/lservlet;jsessionid=ac16012b30d6a5dab6f45caa4e478e2e945212dc8e5d.e3iSbxaKaheRe34Sc38RahyRchr0n6jAmljGr5XDqQLvpAe HTTP/1.1" 200 15
200.118.64.109 - - [23/Mar/2022:14:50:17 -0500] "POST /forms/lservlet;jsessionid=ac16012b30d6a5dab6f45caa4e478e2e945212dc8e5d.e3iSbxaKaheRe34Sc38RahyRchr0n6jAmljGr5XDqQLvpAe HTTP/1.1" 200 15
40.77.167.46 - - [23/Mar/2022:14:50:20 -0500] "GET /BLA/resoluciones/index.php?dir=AUTOS+2011%2F HTTP/1.1" 200 623541
200.118.64.109 - - [23/Mar/2022:14:50:26 -0500] "POST /forms/lservlet;jsessionid=ac16012b30d6a5dab6f45caa4e478e2e945212dc8e5d.e3iSbxaKaheRe34Sc38RahyRchr0n6jAmljGr5XDqQLvpAe HTTP/1.1" 200 15
172.22.2.4 - - [23/Mar/2022:14:50:29 -0500] "GET /BLA/boletinlegal/actos.php HTTP/1.1" 200 9555
172.22.2.4 - - [23/Mar/2022:14:50:29 -0500] "GET /BLA/boletinlegal/favicon.ico HTTP/1.1" 404 1326
200.118.64.109 - - [23/Mar/2022:14:50:35 -0500] "POST /forms/lservlet;jsessionid=ac16012b30d6a5dab6f45caa4e478e2e945212dc8e5d.e3iSbxaKaheRe34Sc38RahyRchr0n6jAmljGr5XDqQLvpAe HTTP/1.1" 200 15
179.32.141.224 - - [23/Mar/2022:14:50:44 -0500] "GET /BLA/resoluciones/ HTTP/1.1" 200 13093
200.118.64.109 - - [23/Mar/2022:14:50:44 -0500] "POST /forms/lservlet;jsessionid=ac16012b30d6a5dab6f45caa4e478e2e945212dc8e5d.e3iSbxaKaheRe34Sc38RahyRchr0n6jAmljGr5XDqQLvpAe HTTP/1.1" 200 15
179.32.141.224 - - [23/Mar/2022:14:50:49 -0500] "GET /BLA/resoluciones/index.php?dir=RESOLUCIONES+2011%2F HTTP/1.1" 200 744781
200.118.64.109 - - [23/Mar/2022:14:50:54 -0500] "POST /forms/lservlet;jsessionid=ac16012b30d6a5dab6f45caa4e478e2e945212dc8e5d.e3iSbxaKaheRe34Sc38RahyRchr0n6jAmljGr5XDqQLvpAe HTTP/1.1" 200 15
200.118.64.109 - - [23/Mar/2022:14:51:03 -0500] "POST /forms/lservlet;jsessionid=ac16012b30d6a5dab6f45caa4e478e2e945212dc8e5d.e3iSbxaKaheRe34Sc38RahyRchr0n6jAmljGr5XDqQLvpAe HTTP/1.1" 200 15
172.22.2.4 - - [23/Mar/2022:14:51:11 -0500] "GET /BLA/boletinlegal/consulta_actos.php?tipo=resoluciones&no=7827&usuario=&sector=&fecha=2011&resuelve= HTTP/1.1" 200 626
200.118.64.109 - - [23/Mar/2022:14:51:12 -0500] "POST /forms/lservlet;jsessionid=ac16012b30d6a5dab6f45caa4e478e2e945212dc8e5d.e3iSbxaKaheRe34Sc38RahyRchr0n6jAmljGr5XDqQLvpAe HTTP/1.1" 200 15
172.22.2.4 - - [23/Mar/2022:14:51:15 -0500] "GET /BLA/boletinlegal/consulta_actos.php?tipo=resoluciones&no=7827&usuario=&sector=&fecha=2011&resuelve= HTTP/1.1" 200 626
172.22.2.4 - - [23/Mar/2022:14:51:17 -0500] "GET /BLA/boletinlegal/consulta_actos.php?tipo=resoluciones&no=7827&usuario=&sector=&fecha=2011&resuelve= HTTP/1.1" 200 626
172.22.2.4 - - [23/Mar/2022:14:51:18 -0500] "GET /BLA/boletinlegal/consulta_actos.php?tipo=resoluciones&no=7827&usuario=&sector=&fecha=2011&resuelve= HTTP/1.1" 200 626
172.22.2.4 - - [23/Mar/2022:14:51:19 -0500] "GET /BLA/boletinlegal/consulta_actos.php?tipo=resoluciones&no=7827&usuario=&sector=&fecha=2011&resuelve= HTTP/1.1" 200 626
200.118.64.109 - - [23/Mar/2022:14:51:21 -0500] "POST /forms/lservlet;jsessionid=ac16012b30d6a5dab6f45caa4e478e2e945212dc8e5d.e3iSbxaKaheRe34Sc38RahyRchr0n6jAmljGr5XDqQLvpAe HTTP/1.1" 200 15
172.22.2.4 - - [23/Mar/2022:14:51:27 -0500] "GET /BLA/boletinlegal/consulta_actos.php?tipo=resoluciones&no=7827&usuario=&sector=&fecha=2011&resuelve= HTTP/1.1" 200 626
172.22.2.4 - - [23/Mar/2022:14:51:28 -0500] "GET /BLA/boletinlegal/consulta_actos.php?tipo=resoluciones&no=7827&usuario=&sector=&fecha=2011&resuelve= HTTP/1.1" 200 626
172.22.2.4 - - [23/Mar/2022:14:51:28 -0500] "GET /BLA/boletinlegal/consulta_actos.php?tipo=resoluciones&no=7827&usuario=&sector=&fecha=2011&resuelve= HTTP/1.1" 200 626
173.252.79.16 - - [23/Mar/2022:14:51:29 -0500] "GET /images/rueda-prensa-lluvias-secretaria-principal-23-marzo.jpg HTTP/1.1" 200 42664
200.118.64.109 - - [23/Mar/2022:14:51:30 -0500] "POST /forms/lservlet;jsessionid=ac16012b30d6a5dab6f45caa4e478e2e945212dc8e5d.e3iSbxaKaheRe34Sc38RahyRchr0n6jAmljGr5XDqQLvpAe HTTP/1.1" 200 15
201.245.192.253 - - [23/Mar/2022:14:51:37 -0500] "POST /sipse/faces/presentacion/financiero/solicitudProceso/listarSolicitudProceso.xhtml HTTP/1.1" 200 112596
201.245.192.253 - - [23/Mar/2022:14:51:38 -0500] "GET /sipse/faces/javax.faces.resource/theme.css?ln=primefaces-sipse HTTP/1.1" 304 -
201.245.192.253 - - [23/Mar/2022:14:51:38 -0500] "GET /sipse/faces/javax.faces.resource/layout/layout.css?ln=primefaces&v=4.0 HTTP/1.1" 304 -
201.245.192.253 - - [23/Mar/2022:14:51:38 -0500] "GET /sipse/faces/javax.faces.resource/primefaces.css?ln=primefaces&v=4.0 HTTP/1.1" 304 -
201.245.192.253 - - [23/Mar/2022:14:51:38 -0500] "GET /sipse/faces/javax.faces.resource/jquery/jquery.js?ln=primefaces&v=4.0 HTTP/1.1" 304 -
201.245.192.253 - - [23/Mar/2022:14:51:38 -0500] "GET /sipse/faces/javax.faces.resource/jquery/jquery-plugins.js?ln=primefaces&v=4.0 HTTP/1.1" 304 -
201.245.192.253 - - [23/Mar/2022:14:51:38 -0500] "GET /sipse/faces/javax.faces.resource/primefaces.js?ln=primefaces&v=4.0 HTTP/1.1" 304 -
201.245.192.253 - - [23/Mar/2022:14:51:38 -0500] "GET /sipse/faces/javax.faces.resource/layout/layout.js?ln=primefaces&v=4.0 HTTP/1.1" 304 -
201.245.192.253 - - [23/Mar/2022:14:51:38 -0500] "GET /reportes_sipse/sdg/ServletReporte?reporte=experienia_idoneidad&solicitud=12555&pfdrid_c=false HTTP/1.1" 200 133129
200.118.64.109 - - [23/Mar/2022:14:51:39 -0500] "POST /forms/lservlet;jsessionid=ac16012b30d6a5dab6f45caa4e478e2e945212dc8e5d.e3iSbxaKaheRe34Sc38RahyRchr0n6jAmljGr5XDqQLvpAe HTTP/1.1" 200 15
172.22.2.4 - - [23/Mar/2022:14:51:46 -0500] "GET /BLA/boletinlegal/consulta_actos.php?tipo=resoluciones&no=2707&usuario=&sector=&fecha=2014&resuelve= HTTP/1.1" 200 1105
181.57.147.176 - - [23/Mar/2022:14:51:48 -0500] "GET /BLA/resoluciones/RESOLUCIONES%202014/2707.pdf HTTP/1.1" 200 303747
200.118.64.109 - - [23/Mar/2022:14:51:48 -0500] "POST /forms/lservlet;jsessionid=ac16012b30d6a5dab6f45caa4e478e2e945212dc8e5d.e3iSbxaKaheRe34Sc38RahyRchr0n6jAmljGr5XDqQLvpAe HTTP/1.1" 200 15
200.118.64.109 - - [23/Mar/2022:14:51:57 -0500] "POST /forms/lservlet;jsessionid=ac16012b30d6a5dab6f45caa4e478e2e945212dc8e5d.e3iSbxaKaheRe34Sc38RahyRchr0n6jAmljGr5XDqQLvpAe HTTP/1.1" 200 15
200.118.64.109 - - [23/Mar/2022:14:52:06 -0500] "POST /forms/lservlet;jsessionid=ac16012b30d6a5dab6f45caa4e478e2e945212dc8e5d.e3iSbxaKaheRe34Sc38RahyRchr0n6jAmljGr5XDqQLvpAe HTTP/1.1" 200 15
200.118.64.109 - - [23/Mar/2022:14:52:15 -0500] "POST /forms/lservlet;jsessionid=ac16012b30d6a5dab6f45caa4e478e2e945212dc8e5d.e3iSbxaKaheRe34Sc38RahyRchr0n6jAmljGr5XDqQLvpAe HTTP/1.1" 200 15
172.22.2.4 - - [23/Mar/2022:14:50:39 -0500] "HEAD /BLA/boletinlegal/ HTTP/1.1" 200 -
200.118.64.109 - - [23/Mar/2022:14:52:24 -0500] "POST /forms/lservlet;jsessionid=ac16012b30d6a5dab6f45caa4e478e2e945212dc8e5d.e3iSbxaKaheRe34Sc38RahyRchr0n6jAmljGr5XDqQLvpAe HTTP/1.1" 200 15
200.118.64.109 - - [23/Mar/2022:14:52:33 -0500] "POST /forms/lservlet;jsessionid=ac16012b30d6a5dab6f45caa4e478e2e945212dc8e5d.e3iSbxaKaheRe34Sc38RahyRchr0n6jAmljGr5XDqQLvpAe HTTP/1.1" 200 15
172.22.2.4 - - [23/Mar/2022:14:52:41 -0500] "GET /BLA/boletinlegal/actos.php HTTP/1.1" 200 9555
172.22.2.4 - - [23/Mar/2022:14:52:42 -0500] "GET /BLA/boletinlegal/favicon.ico HTTP/1.1" 404 1326
200.118.64.109 - - [23/Mar/2022:14:52:43 -0500] "POST /forms/lservlet;jsessionid=ac16012b30d6a5dab6f45caa4e478e2e945212dc8e5d.e3iSbxaKaheRe34Sc38RahyRchr0n6jAmljGr5XDqQLvpAe HTTP/1.1" 200 15
201.245.192.253 - - [23/Mar/2022:14:52:48 -0500] "POST /sipse/faces/presentacion/financiero/solicitudProceso/consultarSolicitudProceso.xhtml HTTP/1.1" 200 481776
200.118.64.109 - - [23/Mar/2022:14:52:52 -0500] "POST /forms/lservlet;jsessionid=ac16012b30d6a5dab6f45caa4e478e2e945212dc8e5d.e3iSbxaKaheRe34Sc38RahyRchr0n6jAmljGr5XDqQLvpAe HTTP/1.1" 200 15
200.118.64.109 - - [23/Mar/2022:14:53:01 -0500] "POST /forms/lservlet;jsessionid=ac16012b30d6a5dab6f45caa4e478e2e945212dc8e5d.e3iSbxaKaheRe34Sc38RahyRchr0n6jAmljGr5XDqQLvpAe HTTP/1.1" 200 15
172.22.2.4 - - [23/Mar/2022:14:53:02 -0500] "GET /BLA/boletinlegal/doctrina.php HTTP/1.1" 200 5604
172.22.2.4 - - [23/Mar/2022:14:53:02 -0500] "GET /BLA/boletinlegal/js/jquery1.js HTTP/1.1" 200 29846
172.22.2.4 - - [23/Mar/2022:14:53:04 -0500] "GET /BLA/boletinlegal/actos.php HTTP/1.1" 200 9555
172.22.2.4 - - [23/Mar/2022:14:53:04 -0500] "GET /BLA/boletinlegal/niceforms.js HTTP/1.1" 200 22876
172.22.2.4 - - [23/Mar/2022:14:53:04 -0500] "GET /BLA/boletinlegal/images/abajo.png HTTP/1.1" 200 96676
172.22.2.4 - - [23/Mar/2022:14:53:04 -0500] "GET /BLA/boletinlegal/img/select-right.png HTTP/1.1" 200 44019
172.22.2.4 - - [23/Mar/2022:14:53:04 -0500] "GET /BLA/boletinlegal/img/button-left.png HTTP/1.1" 200 57071
172.22.2.4 - - [23/Mar/2022:14:53:04 -0500] "GET /BLA/boletinlegal/img/button.png HTTP/1.1" 200 43241
201.245.192.253 - - [23/Mar/2022:14:52:18 -0500] "POST /kwsrmcab/Wsrmcab HTTP/1.1" 200 114652
172.22.2.4 - - [23/Mar/2022:14:53:04 -0500] "GET /BLA/boletinlegal/img/button-right.png HTTP/1.1" 200 57878
172.22.2.4 - - [23/Mar/2022:14:53:05 -0500] "GET /BLA/boletinlegal/normativa.php HTTP/1.1" 200 8258
172.22.2.4 - - [23/Mar/2022:14:53:06 -0500] "GET /BLA/boletinlegal/js/ajax_normativa.js HTTP/1.1" 200 1154
172.22.2.4 - - [23/Mar/2022:14:53:07 -0500] "GET /BLA/boletinlegal/conceptos.php HTTP/1.1" 200 7443
172.22.2.4 - - [23/Mar/2022:14:53:07 -0500] "GET /BLA/boletinlegal/js/ajax_conceptos.js HTTP/1.1" 200 1326
172.22.2.4 - - [23/Mar/2022:14:51:29 -0500] "GET /BLA/boletinlegal/ HTTP/1.1" 200 58006
172.22.2.4 - - [23/Mar/2022:14:53:09 -0500] "GET /BLA/boletinlegal/doctrina.php HTTP/1.1" 200 5604
103.178.236.102 - - [23/Mar/2022:14:53:10 -0500] "GET /dispatch.asp HTTP/1.1" 404 1018
200.118.64.109 - - [23/Mar/2022:14:53:10 -0500] "POST /forms/lservlet;jsessionid=ac16012b30d6a5dab6f45caa4e478e2e945212dc8e5d.e3iSbxaKaheRe34Sc38RahyRchr0n6jAmljGr5XDqQLvpAe HTTP/1.1" 200 15
172.22.2.4 - - [23/Mar/2022:14:53:11 -0500] "GET /BLA/boletinlegal/actos.php HTTP/1.1" 200 9555
172.22.2.4 - - [23/Mar/2022:14:53:12 -0500] "GET /BLA/boletinlegal/normativa.php HTTP/1.1" 200 8258
