207.46.13.43 - - [25/Mar/2022:22:18:37 -0500] "GET /BLA/ HTTP/1.1" 200 538
172.22.2.4 - - [25/Mar/2022:22:20:30 -0500] "GET /BLA/boletinlegal/consulta_actos.php?tipo=autos&no=3480&usuario=&sector=&fecha=2018&resuelve= HTTP/1.1" 200 1110
190.159.20.62 - - [25/Mar/2022:22:20:34 -0500] "GET /BLA/resoluciones/AUTOS%202018/3480.pdf HTTP/1.1" 200 221644
190.159.20.62 - - [25/Mar/2022:22:20:34 -0500] "GET /BLA/resoluciones/AUTOS%202018/3480.pdf HTTP/1.1" 206 1025
190.159.20.62 - - [25/Mar/2022:22:20:34 -0500] "GET /BLA/resoluciones/AUTOS%202018/3480.pdf HTTP/1.1" 200 221644
190.159.20.62 - - [25/Mar/2022:22:20:35 -0500] "GET /BLA/resoluciones/AUTOS%202018/3480.pdf HTTP/1.1" 206 3072
190.159.20.62 - - [25/Mar/2022:22:20:35 -0500] "GET /BLA/resoluciones/AUTOS%202018/3480.pdf HTTP/1.1" 206 217547
201.245.192.253 - - [25/Mar/2022:22:20:54 -0500] "POST /kwsrmcab/Wsrmcab HTTP/1.1" 200 44797
201.245.192.253 - - [25/Mar/2022:22:21:40 -0500] "POST /kwsrmcab/Wsrmcab HTTP/1.1" 200 45427
216.245.221.92 - - [25/Mar/2022:22:22:25 -0500] "HEAD / HTTP/1.1" 200 -
172.22.2.4 - - [25/Mar/2022:22:20:53 -0500] "HEAD /BLA/boletinlegal/ HTTP/1.1" 200 -
201.245.192.253 - - [25/Mar/2022:22:21:45 -0500] "POST /kwsrmcab/Wsrmcab HTTP/1.1" 200 114926
172.22.2.4 - - [25/Mar/2022:22:21:44 -0500] "GET /BLA/boletinlegal/ HTTP/1.1" 200 58588
172.22.2.4 - - [25/Mar/2022:22:25:24 -0500] "GET /BLA/boletinlegal/styles2.css HTTP/1.1" 200 1838
172.22.2.4 - - [25/Mar/2022:22:25:24 -0500] "GET /BLA/boletinlegal/style.css HTTP/1.1" 200 9406
172.22.2.4 - - [25/Mar/2022:22:25:24 -0500] "GET /BLA/boletinlegal/js/jquery.js HTTP/1.1" 200 57254
172.22.2.4 - - [25/Mar/2022:22:25:24 -0500] "GET /BLA/boletinlegal/js/jquery.scrollTo-min.js HTTP/1.1" 200 1150
172.22.2.4 - - [25/Mar/2022:22:25:24 -0500] "GET /BLA/boletinlegal/js/jquery.scrollShow.js HTTP/1.1" 200 4586
172.22.2.4 - - [25/Mar/2022:22:25:31 -0500] "GET /BLA/boletinlegal/images/menu_lft.gif HTTP/1.1" 200 1713
172.22.2.4 - - [25/Mar/2022:22:25:31 -0500] "GET /BLA/boletinlegal/images/menu_rght.gif HTTP/1.1" 200 1627
172.22.2.4 - - [25/Mar/2022:22:25:31 -0500] "GET /BLA/boletinlegal/images/cabezote%20BLEGAL.jpg HTTP/1.1" 200 118164
172.22.2.4 - - [25/Mar/2022:22:25:31 -0500] "GET /BLA/boletinlegal/images/subscribe-icon-big.png HTTP/1.1" 200 47702
172.22.2.4 - - [25/Mar/2022:22:25:31 -0500] "GET /BLA/boletinlegal/images/registro-usuarios.png HTTP/1.1" 200 8106
172.22.2.4 - - [25/Mar/2022:22:25:31 -0500] "GET /BLA/boletinlegal/images/historia.png HTTP/1.1" 200 52775
172.22.2.4 - - [25/Mar/2022:22:25:31 -0500] "GET /BLA/boletinlegal/images/arr_l.jpg HTTP/1.1" 200 1979
172.22.2.4 - - [25/Mar/2022:22:25:31 -0500] "GET /BLA/boletinlegal/images/screen_1.png HTTP/1.1" 200 202547
172.22.2.4 - - [25/Mar/2022:22:25:31 -0500] "GET /BLA/boletinlegal/images/launch.jpg HTTP/1.1" 200 14577
172.22.2.4 - - [25/Mar/2022:22:25:31 -0500] "GET /BLA/boletinlegal/images/body_bg.jpg HTTP/1.1" 200 1601
172.22.2.4 - - [25/Mar/2022:22:25:31 -0500] "GET /BLA/boletinlegal/images/bg_top.jpg HTTP/1.1" 200 522
172.22.2.4 - - [25/Mar/2022:22:25:31 -0500] "GET /BLA/boletinlegal/images/menu_bg.jpg HTTP/1.1" 200 620
172.22.2.4 - - [25/Mar/2022:22:25:31 -0500] "GET /BLA/boletinlegal/images/hover.jpg HTTP/1.1" 200 640
172.22.2.4 - - [25/Mar/2022:22:25:31 -0500] "GET /BLA/boletinlegal/images/text.jpg HTTP/1.1" 200 568
172.22.2.4 - - [25/Mar/2022:22:25:39 -0500] "GET /BLA/boletinlegal/images/screen_2.png HTTP/1.1" 200 362502
172.22.2.4 - - [25/Mar/2022:22:25:39 -0500] "GET /BLA/boletinlegal/images/screen_3.png HTTP/1.1" 200 210620
172.22.2.4 - - [25/Mar/2022:22:25:39 -0500] "GET /BLA/boletinlegal/images/footer_bg.jpg HTTP/1.1" 200 586
172.22.2.4 - - [25/Mar/2022:22:25:39 -0500] "GET /BLA/boletinlegal/images/arr_r.jpg HTTP/1.1" 200 1998
172.22.2.4 - - [25/Mar/2022:22:25:41 -0500] "GET /BLA/boletinlegal/actos.php HTTP/1.1" 200 9555
172.22.2.4 - - [25/Mar/2022:22:25:41 -0500] "GET /BLA/boletinlegal/js/ajax_actos.js HTTP/1.1" 200 1322
172.22.2.4 - - [25/Mar/2022:22:25:41 -0500] "GET /BLA/boletinlegal/niceforms.js HTTP/1.1" 200 22876
172.22.2.4 - - [25/Mar/2022:22:25:41 -0500] "GET /BLA/boletinlegal/niceforms-default.css HTTP/1.1" 200 6694
172.22.2.4 - - [25/Mar/2022:22:25:41 -0500] "GET /BLA/boletinlegal/js/lib.js HTTP/1.1" 200 6474
172.22.2.4 - - [25/Mar/2022:22:25:41 -0500] "GET /BLA/boletinlegal/js/popup.js HTTP/1.1" 200 1270
172.22.2.4 - - [25/Mar/2022:22:25:41 -0500] "GET /BLA/boletinlegal/js/jquery1.js HTTP/1.1" 200 29846
172.22.2.4 - - [25/Mar/2022:22:25:42 -0500] "GET /BLA/boletinlegal/images/green-yellow-blue-pink-th.png HTTP/1.1" 200 7394
172.22.2.4 - - [25/Mar/2022:22:25:42 -0500] "GET /BLA/boletinlegal/images/abajo.png HTTP/1.1" 200 96676
172.22.2.4 - - [25/Mar/2022:22:25:42 -0500] "GET /BLA/boletinlegal/images/tel.png HTTP/1.1" 200 14477
172.22.2.4 - - [25/Mar/2022:22:25:42 -0500] "GET /BLA/boletinlegal/images/footer_bg_l.jpg HTTP/1.1" 200 776
172.22.2.4 - - [25/Mar/2022:22:25:42 -0500] "GET /BLA/boletinlegal/images/icono-email.png HTTP/1.1" 200 5544
172.22.2.4 - - [25/Mar/2022:22:25:42 -0500] "GET /BLA/boletinlegal/img/0.png HTTP/1.1" 200 110
172.22.2.4 - - [25/Mar/2022:22:25:42 -0500] "GET /BLA/boletinlegal/img/select-left.png HTTP/1.1" 200 263
172.22.2.4 - - [25/Mar/2022:22:25:42 -0500] "GET /BLA/boletinlegal/img/select-right.png HTTP/1.1" 200 44019
172.22.2.4 - - [25/Mar/2022:22:25:42 -0500] "GET /BLA/boletinlegal/img/button-left.png HTTP/1.1" 200 57071
172.22.2.4 - - [25/Mar/2022:22:25:42 -0500] "GET /BLA/boletinlegal/img/button.png HTTP/1.1" 200 43241
172.22.2.4 - - [25/Mar/2022:22:25:42 -0500] "GET /BLA/boletinlegal/img/button-right.png HTTP/1.1" 200 57878
172.22.2.4 - - [25/Mar/2022:22:25:42 -0500] "GET /BLA/boletinlegal/favicon.ico HTTP/1.1" 404 1326
190.24.57.43 - - [25/Mar/2022:22:25:43 -0500] "GET /se-abre-convocatoria-a-organizaciones-ambientales-para-generar-1-070-empleos-verdes-dirigidos-a-mujeres.html HTTP/1.1" 200 1128
172.22.2.4 - - [25/Mar/2022:22:25:24 -0500] "GET /BLA/boletinlegal/ HTTP/1.1" 200 24523
172.22.2.4 - - [25/Mar/2022:22:25:31 -0500] "GET /BLA/boletinlegal/ HTTP/1.1" 200 32715
172.22.2.4 - - [25/Mar/2022:22:26:25 -0500] "GET /BLA/boletinlegal/consulta_actos.php?tipo=autos&no=&usuario=&sector=&fecha=2022&resuelve= HTTP/1.1" 200 9169
172.22.2.4 - - [25/Mar/2022:22:26:25 -0500] "GET /BLA/boletinlegal/images/pdf.gif HTTP/1.1" 200 567
172.22.2.4 - - [25/Mar/2022:22:26:25 -0500] "GET /BLA/boletinlegal/images/background.gif HTTP/1.1" 200 -
191.156.184.177 - - [25/Mar/2022:22:26:50 -0500] "GET /css/date_blue.css HTTP/1.1" 404 1254
191.156.191.114 - - [25/Mar/2022:22:26:50 -0500] "GET /css/fondos.css HTTP/1.1" 404 1254
191.156.191.221 - - [25/Mar/2022:22:26:50 -0500] "GET /css/textos.css HTTP/1.1" 404 1254
191.156.191.114 - - [25/Mar/2022:22:26:50 -0500] "GET /css/bordes.css HTTP/1.1" 404 1254
172.22.2.4 - - [25/Mar/2022:22:26:52 -0500] "GET /BLA/boletinlegal/consulta_actos.php?tipo=autos&no=&usuario=&sector=&fecha=2022&resuelve= HTTP/1.1" 200 9169
172.22.2.4 - - [25/Mar/2022:22:27:13 -0500] "GET /BLA/boletinlegal/consulta_actos.php?tipo=autos&no=&usuario=&sector=&fecha=2008&resuelve= HTTP/1.1" 200 1402754
172.22.2.4 - - [25/Mar/2022:22:27:20 -0500] "GET /BLA/boletinlegal/consulta_actos.php?tipo=autos&no=&usuario=&sector=&fecha=2008&resuelve= HTTP/1.1" 200 1402754
172.22.2.4 - - [25/Mar/2022:22:27:20 -0500] "GET /BLA/boletinlegal/consulta_actos.php?tipo=autos&no=&usuario=&sector=&fecha=2008&resuelve= HTTP/1.1" 200 1402754
216.245.221.92 - - [25/Mar/2022:22:27:25 -0500] "HEAD / HTTP/1.1" 200 -
172.22.2.4 - - [25/Mar/2022:22:27:34 -0500] "GET /BLA/boletinlegal/consulta_actos.php?tipo=resoluciones&no=&usuario=&sector=&fecha=2008&resuelve= HTTP/1.1" 200 2584417
69.171.251.14 - - [25/Mar/2022:22:27:59 -0500] "GET /cerca-de-mil-llantas-fueron-recolectadas-en-usaquen-y-bosa.html?fbclid=IwAR2a5KvL8lbhbytnGNKQU1uwG7YUTf48sbvAuXq31fBo3fIBPO4XAZusJGI HTTP/1.1" 200 952
172.22.2.4 - - [25/Mar/2022:22:26:43 -0500] "HEAD /BLA/boletinlegal/ HTTP/1.1" 200 -
172.22.2.4 - - [25/Mar/2022:22:27:34 -0500] "GET /BLA/boletinlegal/ HTTP/1.1" 200 52945
186.31.43.67 - - [25/Mar/2022:22:30:44 -0500] "GET /cuando-un-humedal-es-tu-oficina-la-labor-de-los-administradores-de-estos-ecosistemas.html HTTP/1.1" 200 957
157.55.39.218 - - [25/Mar/2022:22:31:20 -0500] "GET /BLA/resoluciones/AUTOS%202020/4581.pdf HTTP/1.1" 304 -
201.245.192.253 - - [25/Mar/2022:22:30:53 -0500] "POST /kwsrmcab/Wsrmcab HTTP/1.1" 200 44797
216.245.221.92 - - [25/Mar/2022:22:32:25 -0500] "HEAD / HTTP/1.1" 200 -
201.245.192.253 - - [25/Mar/2022:22:31:39 -0500] "POST /kwsrmcab/Wsrmcab HTTP/1.1" 200 114926
201.245.192.253 - - [25/Mar/2022:22:31:42 -0500] "POST /kwsrmcab/Wsrmcab HTTP/1.1" 200 45427
172.22.2.4 - - [25/Mar/2022:22:32:33 -0500] "HEAD /BLA/boletinlegal/ HTTP/1.1" 200 -
172.22.2.4 - - [25/Mar/2022:22:33:24 -0500] "GET /BLA/boletinlegal/ HTTP/1.1" 200 61416
172.22.2.4 - - [25/Mar/2022:22:35:24 -0500] "GET /BLA/boletinlegal/style.css HTTP/1.1" 200 9406
172.22.2.4 - - [25/Mar/2022:22:35:24 -0500] "GET /BLA/boletinlegal/styles2.css HTTP/1.1" 200 1838
172.22.2.4 - - [25/Mar/2022:22:35:24 -0500] "GET /BLA/boletinlegal/js/jquery.js HTTP/1.1" 200 57254
172.22.2.4 - - [25/Mar/2022:22:35:24 -0500] "GET /BLA/boletinlegal/js/jquery.scrollTo-min.js HTTP/1.1" 200 1150
172.22.2.4 - - [25/Mar/2022:22:35:24 -0500] "GET /BLA/boletinlegal/js/jquery.scrollShow.js HTTP/1.1" 200 4586
172.22.2.4 - - [25/Mar/2022:22:35:24 -0500] "GET /BLA/boletinlegal/images/cabezote%20BLEGAL.jpg HTTP/1.1" 200 118164
172.22.2.4 - - [25/Mar/2022:22:35:24 -0500] "GET /BLA/boletinlegal/images/subscribe-icon-big.png HTTP/1.1" 200 47702
172.22.2.4 - - [25/Mar/2022:22:35:24 -0500] "GET /BLA/boletinlegal/images/historia.png HTTP/1.1" 200 52775
172.22.2.4 - - [25/Mar/2022:22:35:24 -0500] "GET /BLA/boletinlegal/images/registro-usuarios.png HTTP/1.1" 200 8106
172.22.2.4 - - [25/Mar/2022:22:35:24 -0500] "GET /BLA/boletinlegal/images/arr_l.jpg HTTP/1.1" 200 1979
172.22.2.4 - - [25/Mar/2022:22:35:24 -0500] "GET /BLA/boletinlegal/images/menu_bg.jpg HTTP/1.1" 200 620
172.22.2.4 - - [25/Mar/2022:22:35:24 -0500] "GET /BLA/boletinlegal/images/launch.jpg HTTP/1.1" 200 14577
172.22.2.4 - - [25/Mar/2022:22:35:25 -0500] "GET /BLA/boletinlegal/images/body_bg.jpg HTTP/1.1" 200 1601
172.22.2.4 - - [25/Mar/2022:22:35:25 -0500] "GET /BLA/boletinlegal/images/menu_lft.gif HTTP/1.1" 200 1713
172.22.2.4 - - [25/Mar/2022:22:35:25 -0500] "GET /BLA/boletinlegal/images/menu_rght.gif HTTP/1.1" 200 1627
172.22.2.4 - - [25/Mar/2022:22:35:25 -0500] "GET /BLA/boletinlegal/images/bg_top.jpg HTTP/1.1" 200 522
172.22.2.4 - - [25/Mar/2022:22:35:25 -0500] "GET /BLA/boletinlegal/images/text.jpg HTTP/1.1" 200 568
172.22.2.4 - - [25/Mar/2022:22:35:25 -0500] "GET /BLA/boletinlegal/images/hover.jpg HTTP/1.1" 200 640
172.22.2.4 - - [25/Mar/2022:22:35:25 -0500] "GET /BLA/boletinlegal/images/screen_1.png HTTP/1.1" 200 202547
66.249.73.127 - - [25/Mar/2022:22:35:25 -0500] "-" 408 -
172.22.2.4 - - [25/Mar/2022:22:35:31 -0500] "GET /BLA/boletinlegal/images/screen_2.png HTTP/1.1" 200 362502
172.22.2.4 - - [25/Mar/2022:22:35:31 -0500] "GET /BLA/boletinlegal/images/screen_3.png HTTP/1.1" 200 210620
172.22.2.4 - - [25/Mar/2022:22:35:31 -0500] "GET /BLA/boletinlegal/images/footer_bg.jpg HTTP/1.1" 200 586
172.22.2.4 - - [25/Mar/2022:22:35:31 -0500] "GET /BLA/boletinlegal/images/arr_r.jpg HTTP/1.1" 200 1998
172.22.2.4 - - [25/Mar/2022:22:35:31 -0500] "GET /BLA/boletinlegal/images/screen_5.png HTTP/1.1" 200 368876
172.22.2.4 - - [25/Mar/2022:22:35:39 -0500] "GET /BLA/boletinlegal/images/pdf.gif HTTP/1.1" 200 567
172.22.2.4 - - [25/Mar/2022:22:35:24 -0500] "GET /BLA/boletinlegal/ HTTP/1.1" 200 36811
172.22.2.4 - - [25/Mar/2022:22:37:25 -0500] "GET /BLA/boletinlegal/js/jquery.js HTTP/1.1" 200 57254
172.22.2.4 - - [25/Mar/2022:22:37:25 -0500] "GET /BLA/boletinlegal/styles2.css HTTP/1.1" 200 1838
172.22.2.4 - - [25/Mar/2022:22:37:25 -0500] "GET /BLA/boletinlegal/js/jquery.scrollTo-min.js HTTP/1.1" 200 1150
172.22.2.4 - - [25/Mar/2022:22:37:25 -0500] "GET /BLA/boletinlegal/images/cabezote%20BLEGAL.jpg HTTP/1.1" 200 118164
172.22.2.4 - - [25/Mar/2022:22:37:25 -0500] "GET /BLA/boletinlegal/images/subscribe-icon-big.png HTTP/1.1" 200 47702
172.22.2.4 - - [25/Mar/2022:22:37:25 -0500] "GET /BLA/boletinlegal/images/historia.png HTTP/1.1" 200 52775
172.22.2.4 - - [25/Mar/2022:22:37:25 -0500] "GET /BLA/boletinlegal/images/registro-usuarios.png HTTP/1.1" 200 8106
172.22.2.4 - - [25/Mar/2022:22:37:25 -0500] "GET /BLA/boletinlegal/images/launch.jpg HTTP/1.1" 200 14577
172.22.2.4 - - [25/Mar/2022:22:37:25 -0500] "GET /BLA/boletinlegal/images/arr_l.jpg HTTP/1.1" 200 1979
172.22.2.4 - - [25/Mar/2022:22:37:25 -0500] "GET /BLA/boletinlegal/js/jquery.scrollShow.js HTTP/1.1" 200 4586
172.22.2.4 - - [25/Mar/2022:22:37:25 -0500] "GET /BLA/boletinlegal/images/screen_1.png HTTP/1.1" 200 202547
216.245.221.92 - - [25/Mar/2022:22:37:25 -0500] "HEAD / HTTP/1.1" 200 -
172.22.2.4 - - [25/Mar/2022:22:37:27 -0500] "GET /BLA/boletinlegal/style.css HTTP/1.1" 200 9406
172.22.2.4 - - [25/Mar/2022:22:37:27 -0500] "GET /BLA/boletinlegal/images/body_bg.jpg HTTP/1.1" 200 1601
172.22.2.4 - - [25/Mar/2022:22:37:27 -0500] "GET /BLA/boletinlegal/images/menu_lft.gif HTTP/1.1" 200 1713
172.22.2.4 - - [25/Mar/2022:22:37:27 -0500] "GET /BLA/boletinlegal/images/menu_rght.gif HTTP/1.1" 200 1627
172.22.2.4 - - [25/Mar/2022:22:37:27 -0500] "GET /BLA/boletinlegal/images/bg_top.jpg HTTP/1.1" 200 522
172.22.2.4 - - [25/Mar/2022:22:37:27 -0500] "GET /BLA/boletinlegal/images/hover.jpg HTTP/1.1" 200 640
172.22.2.4 - - [25/Mar/2022:22:37:27 -0500] "GET /BLA/boletinlegal/images/text.jpg HTTP/1.1" 200 568
172.22.2.4 - - [25/Mar/2022:22:37:32 -0500] "GET /BLA/boletinlegal/images/menu_bg.jpg HTTP/1.1" 200 620
172.22.2.4 - - [25/Mar/2022:22:37:33 -0500] "GET /BLA/boletinlegal/images/screen_2.png HTTP/1.1" 200 362502
172.22.2.4 - - [25/Mar/2022:22:37:33 -0500] "GET /BLA/boletinlegal/images/screen_3.png HTTP/1.1" 200 210620
172.22.2.4 - - [25/Mar/2022:22:37:33 -0500] "GET /BLA/boletinlegal/images/screen_5.png HTTP/1.1" 200 368876
172.22.2.4 - - [25/Mar/2022:22:37:33 -0500] "GET /BLA/boletinlegal/images/arr_r.jpg HTTP/1.1" 200 1998
172.22.2.4 - - [25/Mar/2022:22:35:55 -0500] "GET /BLA/boletinlegal/ HTTP/1.1" 200 61416
172.22.2.4 - - [25/Mar/2022:22:37:42 -0500] "GET /BLA/boletinlegal/images/pdf.gif HTTP/1.1" 200 567
172.22.2.4 - - [25/Mar/2022:22:37:44 -0500] "GET /BLA/boletinlegal/styles2.css HTTP/1.1" 200 1838
172.22.2.4 - - [25/Mar/2022:22:37:44 -0500] "GET /BLA/boletinlegal/style.css HTTP/1.1" 200 9406
172.22.2.4 - - [25/Mar/2022:22:37:44 -0500] "GET /BLA/boletinlegal/js/jquery.scrollTo-min.js HTTP/1.1" 200 1150
172.22.2.4 - - [25/Mar/2022:22:37:44 -0500] "GET /BLA/boletinlegal/js/jquery.js HTTP/1.1" 200 57254
172.22.2.4 - - [25/Mar/2022:22:37:44 -0500] "GET /BLA/boletinlegal/js/jquery.scrollShow.js HTTP/1.1" 200 4586
172.22.2.4 - - [25/Mar/2022:22:37:44 -0500] "GET /BLA/boletinlegal/images/cabezote%20BLEGAL.jpg HTTP/1.1" 200 118164
172.22.2.4 - - [25/Mar/2022:22:37:44 -0500] "GET /BLA/boletinlegal/images/subscribe-icon-big.png HTTP/1.1" 200 47702
172.22.2.4 - - [25/Mar/2022:22:37:44 -0500] "GET /BLA/boletinlegal/images/registro-usuarios.png HTTP/1.1" 200 8106
172.22.2.4 - - [25/Mar/2022:22:37:44 -0500] "GET /BLA/boletinlegal/images/historia.png HTTP/1.1" 200 52775
172.22.2.4 - - [25/Mar/2022:22:37:44 -0500] "GET /BLA/boletinlegal/images/arr_l.jpg HTTP/1.1" 200 1979
172.22.2.4 - - [25/Mar/2022:22:37:44 -0500] "GET /BLA/boletinlegal/images/screen_1.png HTTP/1.1" 200 202547
172.22.2.4 - - [25/Mar/2022:22:37:45 -0500] "GET /BLA/boletinlegal/images/launch.jpg HTTP/1.1" 200 14577
172.22.2.4 - - [25/Mar/2022:22:37:45 -0500] "GET /BLA/boletinlegal/images/body_bg.jpg HTTP/1.1" 200 1601
172.22.2.4 - - [25/Mar/2022:22:37:45 -0500] "GET /BLA/boletinlegal/images/menu_lft.gif HTTP/1.1" 200 1713
172.22.2.4 - - [25/Mar/2022:22:37:45 -0500] "GET /BLA/boletinlegal/images/menu_rght.gif HTTP/1.1" 200 1627
172.22.2.4 - - [25/Mar/2022:22:37:45 -0500] "GET /BLA/boletinlegal/images/bg_top.jpg HTTP/1.1" 200 522
172.22.2.4 - - [25/Mar/2022:22:37:45 -0500] "GET /BLA/boletinlegal/images/menu_bg.jpg HTTP/1.1" 200 620
172.22.2.4 - - [25/Mar/2022:22:37:45 -0500] "GET /BLA/boletinlegal/images/hover.jpg HTTP/1.1" 200 640
172.22.2.4 - - [25/Mar/2022:22:37:45 -0500] "GET /BLA/boletinlegal/images/text.jpg HTTP/1.1" 200 568
172.22.2.4 - - [25/Mar/2022:22:37:47 -0500] "GET /BLA/boletinlegal/actos.php HTTP/1.1" 200 9555
172.22.2.4 - - [25/Mar/2022:22:37:47 -0500] "GET /BLA/boletinlegal/niceforms.js HTTP/1.1" 200 22876
172.22.2.4 - - [25/Mar/2022:22:37:47 -0500] "GET /BLA/boletinlegal/niceforms-default.css HTTP/1.1" 200 6694
172.22.2.4 - - [25/Mar/2022:22:37:47 -0500] "GET /BLA/boletinlegal/js/lib.js HTTP/1.1" 200 6474
172.22.2.4 - - [25/Mar/2022:22:37:47 -0500] "GET /BLA/boletinlegal/js/ajax_actos.js HTTP/1.1" 200 1322
172.22.2.4 - - [25/Mar/2022:22:37:47 -0500] "GET /BLA/boletinlegal/js/popup.js HTTP/1.1" 200 1270
172.22.2.4 - - [25/Mar/2022:22:37:47 -0500] "GET /BLA/boletinlegal/js/jquery1.js HTTP/1.1" 200 29846
172.22.2.4 - - [25/Mar/2022:22:37:47 -0500] "GET /BLA/boletinlegal/images/green-yellow-blue-pink-th.png HTTP/1.1" 200 7394
172.22.2.4 - - [25/Mar/2022:22:37:47 -0500] "GET /BLA/boletinlegal/images/abajo.png HTTP/1.1" 200 96676
172.22.2.4 - - [25/Mar/2022:22:37:47 -0500] "GET /BLA/boletinlegal/images/tel.png HTTP/1.1" 200 14477
172.22.2.4 - - [25/Mar/2022:22:37:47 -0500] "GET /BLA/boletinlegal/images/icono-email.png HTTP/1.1" 200 5544
172.22.2.4 - - [25/Mar/2022:22:37:47 -0500] "GET /BLA/boletinlegal/images/footer_bg.jpg HTTP/1.1" 200 586
172.22.2.4 - - [25/Mar/2022:22:37:48 -0500] "GET /BLA/boletinlegal/images/footer_bg_l.jpg HTTP/1.1" 200 776
172.22.2.4 - - [25/Mar/2022:22:37:48 -0500] "GET /BLA/boletinlegal/img/0.png HTTP/1.1" 200 110
172.22.2.4 - - [25/Mar/2022:22:37:48 -0500] "GET /BLA/boletinlegal/img/select-left.png HTTP/1.1" 200 263
172.22.2.4 - - [25/Mar/2022:22:37:48 -0500] "GET /BLA/boletinlegal/img/button.png HTTP/1.1" 200 43241
172.22.2.4 - - [25/Mar/2022:22:37:48 -0500] "GET /BLA/boletinlegal/img/button-left.png HTTP/1.1" 200 57071
172.22.2.4 - - [25/Mar/2022:22:37:48 -0500] "GET /BLA/boletinlegal/img/select-right.png HTTP/1.1" 200 44019
172.22.2.4 - - [25/Mar/2022:22:37:48 -0500] "GET /BLA/boletinlegal/img/button-right.png HTTP/1.1" 200 57878
172.22.2.4 - - [25/Mar/2022:22:37:48 -0500] "GET /BLA/boletinlegal/favicon.ico HTTP/1.1" 404 1326
172.22.2.4 - - [25/Mar/2022:22:38:06 -0500] "GET /BLA/boletinlegal/consulta_actos.php?tipo=autos&no=0565&usuario=&sector=&fecha=2017&resuelve= HTTP/1.1" 200 1056
172.22.2.4 - - [25/Mar/2022:22:38:07 -0500] "GET /BLA/boletinlegal/images/pdf.gif HTTP/1.1" 200 567
186.154.133.2 - - [25/Mar/2022:22:38:10 -0500] "GET /BLA/resoluciones/AUTOS%202017/0565.pdf HTTP/1.1" 200 498412
172.22.2.4 - - [25/Mar/2022:22:37:44 -0500] "GET /BLA/boletinlegal/ HTTP/1.1" 200 24523
172.22.2.4 - - [25/Mar/2022:22:37:24 -0500] "GET /BLA/boletinlegal/ HTTP/1.1" 200 53195
172.22.2.4 - - [25/Mar/2022:22:38:23 -0500] "HEAD /BLA/boletinlegal/ HTTP/1.1" 200 -
172.22.2.4 - - [25/Mar/2022:22:40:05 -0500] "GET /BLA/boletinlegal/Circulares/2022/CIRCULAR%20No.%2000003%20DEL%2007%20DE%20MARZO%20DEL%202022.pdf HTTP/1.1" 404 1038
172.22.2.4 - - [25/Mar/2022:22:40:08 -0500] "GET /BLA/boletinlegal/Circulares/2021/CIRCULAR%20No.%2000009%20DEL%2001%20DE%20OCTUBRE%20DEL%202021.pdf HTTP/1.1" 200 320793
186.86.33.133 - - [25/Mar/2022:22:40:12 -0500] "GET /BLA/resoluciones/RESOLUCIONES%202008/1808.pdf HTTP/1.1" 200 765129
186.86.33.133 - - [25/Mar/2022:22:40:19 -0500] "GET /BLA/resoluciones/RESOLUCIONES%202008/1808.pdf HTTP/1.1" 206 1
186.86.33.133 - - [25/Mar/2022:22:40:20 -0500] "GET /BLA/resoluciones/RESOLUCIONES%202008/1808.pdf HTTP/1.1" 206 45745
172.22.2.4 - - [25/Mar/2022:22:40:21 -0500] "GET /BLA/boletinlegal/Circulares/2021/CIRCULAR%20No.%2000007%20DEL%2010%20DE%20AGOSTO%20DEL%202021.pdf HTTP/1.1" 200 266364
186.86.33.133 - - [25/Mar/2022:22:40:24 -0500] "GET /BLA/resoluciones/RESOLUCIONES%202008/1808.pdf HTTP/1.1" 200 765129
172.22.2.4 - - [25/Mar/2022:22:40:31 -0500] "GET /BLA/boletinlegal/Circulares/2021/CIRCULAR%20No.%2000006%20DEL%2005%20DE%20AGOSTO%20DEL%202021.pdf HTTP/1.1" 200 249615
172.22.2.4 - - [25/Mar/2022:22:40:41 -0500] "GET /BLA/boletinlegal/Circulares/2020/Circular%20No.%2000018%20del%2002%20de%20diciembre%20del%202020.pdf HTTP/1.1" 200 276868
172.22.2.4 - - [25/Mar/2022:22:39:13 -0500] "GET /BLA/boletinlegal/ HTTP/1.1" 200 61416
172.22.2.4 - - [25/Mar/2022:22:40:56 -0500] "GET /BLA/boletinlegal/Circulares/2020/Circular%2000010%20del%2027%20de%20julio%20de%202020.pdf HTTP/1.1" 200 422655
172.22.2.4 - - [25/Mar/2022:22:41:09 -0500] "GET /BLA/boletinlegal/Circulares/2020/CIRCULAR%20No.%2000019%20DEL%2018%20DE%20DICIEMBRE%20DEL%202020.pdf HTTP/1.1" 200 307959
200.118.60.71 - - [25/Mar/2022:22:41:16 -0500] "-" 408 -
172.22.2.4 - - [25/Mar/2022:22:41:21 -0500] "GET /BLA/boletinlegal/Circulares/2020/CIRCULAR%20No.%2000014%20del%2001%20de%20septiembre%20del%202020.pdf HTTP/1.1" 200 320826
172.22.2.4 - - [25/Mar/2022:22:41:31 -0500] "GET /BLA/boletinlegal/Circulares/2019/Circular%20No.%2012%20del%2014%20de%20Marzo%20de%202019.pdf HTTP/1.1" 200 344384
201.245.192.253 - - [25/Mar/2022:22:40:53 -0500] "POST /kwsrmcab/Wsrmcab HTTP/1.1" 200 44797
172.22.2.4 - - [25/Mar/2022:22:41:54 -0500] "GET /BLA/boletinlegal/Circulares/2019/Circular%20No.%20006%20del%2008%20de%20Febrero%20de%202019.pdf HTTP/1.1" 200 674401
172.22.2.4 - - [25/Mar/2022:22:42:06 -0500] "GET /BLA/boletinlegal/Circulares/2019/Circular%20No.%200015%20del%2003%20de%20Octubre%20de%202019.pdf HTTP/1.1" 200 165608
172.22.2.4 - - [25/Mar/2022:22:42:14 -0500] "GET /BLA/boletinlegal/consulta_actos.php?tipo=resoluciones&no=1809&usuario=&sector=&fecha=2009&resuelve= HTTP/1.1" 200 1017
172.22.2.4 - - [25/Mar/2022:22:42:18 -0500] "GET /BLA/boletinlegal/Circulares/2019/Circular%20No.%200005%20del%2020%20de%20Marzo%20de%202019.pdf HTTP/1.1" 200 159877
201.245.192.253 - - [25/Mar/2022:22:41:36 -0500] "POST /kwsrmcab/Wsrmcab HTTP/1.1" 200 114926
172.22.2.4 - - [25/Mar/2022:22:42:20 -0500] "GET /BLA/boletinlegal/consulta_actos.php?tipo=resoluciones&no=1808&usuario=&sector=&fecha=2009&resuelve= HTTP/1.1" 200 1073
216.245.221.92 - - [25/Mar/2022:22:42:25 -0500] "HEAD / HTTP/1.1" 200 -
201.245.192.253 - - [25/Mar/2022:22:41:38 -0500] "POST /kwsrmcab/Wsrmcab HTTP/1.1" 200 45427
172.22.2.4 - - [25/Mar/2022:22:42:30 -0500] "GET /BLA/boletinlegal/Circulares/2019/Circular%20No.%200003%20del%2031%20de%20Enero%20de%202019.pdf HTTP/1.1" 200 164676
172.22.2.4 - - [25/Mar/2022:22:42:36 -0500] "GET /BLA/boletinlegal/Circulares/2019/Circular%2000020%20del%2020%20de%20diciembre%20de%202019.pdf HTTP/1.1" 200 145170
172.22.2.4 - - [25/Mar/2022:22:42:44 -0500] "GET /BLA/boletinlegal/Circulares/2019/Circular%2000018%20del%2020%20de%20noviembre%20de%202019.pdf HTTP/1.1" 200 158030
172.22.2.4 - - [25/Mar/2022:22:42:51 -0500] "GET /BLA/boletinlegal/consulta_actos.php?tipo=resoluciones&no=1808&usuario=&sector=&fecha=2008&resuelve= HTTP/1.1" 200 1055
172.22.2.4 - - [25/Mar/2022:22:42:55 -0500] "GET /BLA/boletinlegal/Circulares/2019/.pdf HTTP/1.1" 404 1218
172.22.2.4 - - [25/Mar/2022:22:42:59 -0500] "GET /BLA/boletinlegal/Circulares/2018/Circular%20No.%2011%20del%2024%20de%20Septiembre%20de%202018.pdf HTTP/1.1" 200 169541
172.22.2.4 - - [25/Mar/2022:22:43:12 -0500] "GET /BLA/boletinlegal/Circulares/2018/Circular%20No.%2010%20del%2021%20de%20Septiembre%20de%202018.pdf HTTP/1.1" 200 163426
172.22.2.4 - - [25/Mar/2022:22:43:15 -0500] "GET /BLA/boletinlegal/consulta_actos.php?tipo=resoluciones&no=1808&usuario=&sector=&fecha=2010&resuelve=resuelve%20un%20proceso%20 HTTP/1.1" 200 626
172.22.2.4 - - [25/Mar/2022:22:43:23 -0500] "GET /BLA/boletinlegal/consulta_actos.php?tipo=resoluciones&no=1808&usuario=&sector=&fecha=2010&resuelve=Proceso%20 HTTP/1.1" 200 626
172.22.2.4 - - [25/Mar/2022:22:43:26 -0500] "GET /BLA/boletinlegal/Circulares/2018/Circular%20No.%200015%20del%207%20de%20Diciembre%20de%202018.pdf HTTP/1.1" 200 165305
172.22.2.4 - - [25/Mar/2022:22:43:27 -0500] "GET /BLA/boletinlegal/consulta_actos.php?tipo=resoluciones&no=1808&usuario=&sector=&fecha=2010&resuelve= HTTP/1.1" 200 1076
172.22.2.4 - - [25/Mar/2022:22:43:38 -0500] "GET /BLA/boletinlegal/consulta_actos.php?tipo=resoluciones&no=&usuario=&sector=&fecha=2010&resuelve=resuelve%20un%20proceso%20 HTTP/1.1" 200 13297
172.22.2.4 - - [25/Mar/2022:22:43:39 -0500] "GET /BLA/boletinlegal/Circulares/2018/CIRCULAR%20COJUNTA%20042%20DE%202018.pdf HTTP/1.1" 200 515008
191.156.186.67 - - [25/Mar/2022:22:43:50 -0500] "GET /BLA/boletinlegal/js/jquery.scrollShow.js HTTP/1.1" 200 4586
191.156.186.67 - - [25/Mar/2022:22:43:50 -0500] "GET /galeria/galeria/jquery.fancybox.css?v=2.1.5 HTTP/1.1" 200 4895
191.156.178.44 - - [25/Mar/2022:22:43:50 -0500] "GET /galeria/galeria/jquery.fancybox.js?v=2.1.5 HTTP/1.1" 200 48706
172.22.2.4 - - [25/Mar/2022:22:43:58 -0500] "GET /BLA/boletinlegal/consulta_actos.php?tipo=resoluciones&no=&usuario=&sector=&fecha=2008&resuelve=resuelve%20un%20proceso%20 HTTP/1.1" 200 10501
172.22.2.4 - - [25/Mar/2022:22:44:02 -0500] "GET /BLA/boletinlegal/Circulares/2017/Circular%20No.%202%20del%201%20de%20Septiembre%20de%202017.pdf HTTP/1.1" 200 152575
172.22.2.4 - - [25/Mar/2022:22:44:20 -0500] "GET /BLA/boletinlegal/Circulares/2017/Circular%20No.%201%20del%2030%20de%20Marzo%20de%202017.pdf HTTP/1.1" 200 668532
172.22.2.4 - - [25/Mar/2022:22:44:24 -0500] "GET /BLA/boletinlegal/consulta_actos.php?tipo=resoluciones&no=&usuario=&sector=&fecha=2009&resuelve=resuelve%20un%20proceso%20 HTTP/1.1" 200 50264
172.22.2.4 - - [25/Mar/2022:22:44:35 -0500] "GET /BLA/boletinlegal/Circulares/2017/Circular%20No.%2007%20del%2028%20de%20Abril%20de%202017.pdf HTTP/1.1" 200 309906
186.86.33.133 - - [25/Mar/2022:22:44:44 -0500] "GET /BLA/resoluciones/RESOLUCIONES%202009/6734.pdf HTTP/1.1" 200 1567240
172.22.2.4 - - [25/Mar/2022:22:44:48 -0500] "GET /BLA/boletinlegal/Circulares/2017/Circular%20No.%20011%20del%2005%20de%20julio%20de%202017.pdf HTTP/1.1" 200 965526
172.22.2.4 - - [25/Mar/2022:22:45:06 -0500] "GET /BLA/boletinlegal/Circulares/2015/Circular%20No.%202%20del%201%20de%20julio%20de%202015.pdf HTTP/1.1" 200 752890
172.22.2.4 - - [25/Mar/2022:22:45:21 -0500] "GET /BLA/boletinlegal/Circulares/2015/Circular%20No.%201%20del%2010%20de%20Febrero%20de%202015.pdf HTTP/1.1" 200 660637
172.22.2.4 - - [25/Mar/2022:22:45:36 -0500] "GET /BLA/boletinlegal/Circulares/2014/Circular%20No.%203%20del%2014%20de%20Noviembre%20de%202014.pdf HTTP/1.1" 200 104132
186.86.33.133 - - [25/Mar/2022:22:45:43 -0500] "GET /BLA/resoluciones/RESOLUCIONES%202009/1883.pdf HTTP/1.1" 200 418895
172.22.2.4 - - [25/Mar/2022:22:45:47 -0500] "GET /BLA/boletinlegal/Circulares/2014/Circular%20No.%202%20del%2021%20de%20septiembre%20de%202014.pdf HTTP/1.1" 200 143376
172.22.2.4 - - [25/Mar/2022:22:44:13 -0500] "HEAD /BLA/boletinlegal/ HTTP/1.1" 200 -
172.22.2.4 - - [25/Mar/2022:22:46:01 -0500] "GET /BLA/boletinlegal/Circulares/2014/Circular%20No.%201%20del%2008%20de%20Mayo%20de%202014.pdf HTTP/1.1" 200 180124
172.22.2.4 - - [25/Mar/2022:22:46:14 -0500] "GET /BLA/boletinlegal/consulta_actos.php?tipo=resoluciones&no=&usuario=&sector=&fecha=2010&resuelve=resuelve%20un%20proceso%20 HTTP/1.1" 200 13297
172.22.2.4 - - [25/Mar/2022:22:46:15 -0500] "GET /BLA/boletinlegal/Circulares/2013/Circular%20No.%208%20del%201%20de%20Noviembre%20de%202013.pdf HTTP/1.1" 200 385156
172.22.2.4 - - [25/Mar/2022:22:46:27 -0500] "GET /BLA/boletinlegal/Circulares/2013/Circular%20No.%207%20del%201%20de%20Agosto%20de%202013.pdf HTTP/1.1" 200 340934
172.22.2.4 - - [25/Mar/2022:22:46:36 -0500] "GET /BLA/boletinlegal/consulta_actos.php?tipo=resoluciones&no=&usuario=&sector=&fecha=2011&resuelve=resuelve%20un%20proceso%20 HTTP/1.1" 200 23455
172.22.2.4 - - [25/Mar/2022:22:46:38 -0500] "GET /BLA/boletinlegal/Circulares/2013/Circular%20No.%206%20del%2019%20de%20julio%20de%202013.pdf HTTP/1.1" 200 4210437
172.22.2.4 - - [25/Mar/2022:22:45:04 -0500] "GET /BLA/boletinlegal/ HTTP/1.1" 200 59170
172.22.2.4 - - [25/Mar/2022:22:47:05 -0500] "GET /BLA/boletinlegal/Circulares/2013/Circular%20No.%205%20del%2013%20de%20junio%20de%202013.pdf HTTP/1.1" 200 110904
186.86.33.133 - - [25/Mar/2022:22:47:05 -0500] "GET /BLA/resoluciones/RESOLUCIONES%202011/3206.pdf HTTP/1.1" 200 2972214
186.86.33.133 - - [25/Mar/2022:22:47:05 -0500] "GET /BLA/resoluciones/RESOLUCIONES%202011/3206.pdf HTTP/1.1" 206 1606881
172.22.2.4 - - [25/Mar/2022:22:47:17 -0500] "GET /BLA/boletinlegal/Circulares/2013/Circular%20No.%204%20del%2005%20de%20junio%20de%202013.pdf HTTP/1.1" 200 130461
216.245.221.92 - - [25/Mar/2022:22:47:25 -0500] "HEAD / HTTP/1.1" 200 -
172.22.2.4 - - [25/Mar/2022:22:47:27 -0500] "GET /BLA/boletinlegal/consulta_actos.php?tipo=resoluciones&no=&usuario=&sector=&fecha=2012&resuelve=resuelve%20un%20proceso%20 HTTP/1.1" 200 6831
172.22.2.4 - - [25/Mar/2022:22:47:35 -0500] "GET /BLA/boletinlegal/Circulares/2013/Circular%20No.%203%20del%2005%20de%20abril%20de%202013.pdf HTTP/1.1" 200 93580
172.22.2.4 - - [25/Mar/2022:22:47:44 -0500] "GET /BLA/boletinlegal/consulta_actos.php?tipo=resoluciones&no=&usuario=&sector=&fecha=2013&resuelve=resuelve%20un%20proceso%20 HTTP/1.1" 200 3738
172.22.2.4 - - [25/Mar/2022:22:47:45 -0500] "GET /BLA/boletinlegal/Circulares/2013/Circular%20No.%202%20del%2022%20de%20enero%20de%202013.pdf HTTP/1.1" 200 85466
172.22.2.4 - - [25/Mar/2022:22:47:53 -0500] "GET /BLA/boletinlegal/consulta_actos.php?tipo=resoluciones&no=&usuario=&sector=&fecha=2014&resuelve=resuelve%20un%20proceso%20 HTTP/1.1" 200 4750
172.22.2.4 - - [25/Mar/2022:22:47:54 -0500] "GET /BLA/boletinlegal/Circulares/2013/Circular%20No.%201%20del%2014%20de%20enero%20de%202013.pdf HTTP/1.1" 200 1298384
172.22.2.4 - - [25/Mar/2022:22:48:02 -0500] "GET /BLA/boletinlegal/consulta_actos.php?tipo=resoluciones&no=&usuario=&sector=&fecha=2015&resuelve=resuelve%20un%20proceso%20 HTTP/1.1" 200 6484
172.22.2.4 - - [25/Mar/2022:22:48:03 -0500] "GET /BLA/boletinlegal/Circulares/2012/Circular%20No.%209%20del%2021%20de%20Agosto%20de%202012.pdf HTTP/1.1" 200 1402289
172.22.2.4 - - [25/Mar/2022:22:48:19 -0500] "GET /BLA/boletinlegal/consulta_actos.php?tipo=resoluciones&no=&usuario=&sector=&fecha=2016&resuelve=resuelve%20un%20proceso%20 HTTP/1.1" 200 6337
172.22.2.4 - - [25/Mar/2022:22:48:24 -0500] "GET /BLA/boletinlegal/Circulares/2012/Circular%20No.%208%20del%2021%20de%20Agosto%20de%202012.pdf HTTP/1.1" 200 963197
186.86.33.133 - - [25/Mar/2022:22:48:32 -0500] "GET /BLA/resoluciones/RESOLUCIONES%202016/1756.pdf HTTP/1.1" 200 1076640
172.22.2.4 - - [25/Mar/2022:22:48:44 -0500] "GET /BLA/boletinlegal/consulta_actos.php?tipo=resoluciones&no=&usuario=&sector=&fecha=2017&resuelve=resuelve%20un%20proceso%20 HTTP/1.1" 200 21738
172.22.2.4 - - [25/Mar/2022:22:48:46 -0500] "GET /BLA/boletinlegal/Circulares/2012/Circular%20No.%207%20del%2008%20de%20Agosto%20de%202012.pdf HTTP/1.1" 200 972955
172.22.2.4 - - [25/Mar/2022:22:49:05 -0500] "GET /BLA/boletinlegal/consulta_actos.php?tipo=resoluciones&no=&usuario=&sector=&fecha=2018&resuelve=resuelve%20un%20proceso%20 HTTP/1.1" 200 19450
172.22.2.4 - - [25/Mar/2022:22:49:10 -0500] "GET /BLA/boletinlegal/Circulares/2012/Circular%20No.%206%20del%2025%20de%20Mayo%20de%202012.pdf HTTP/1.1" 200 387391
172.22.2.4 - - [25/Mar/2022:22:49:24 -0500] "GET /BLA/boletinlegal/Circulares/2012/Circular%20No.%205%20del%2027%20de%20Abril%20de%202012.pdf HTTP/1.1" 200 216613
172.22.2.4 - - [25/Mar/2022:22:49:25 -0500] "GET /BLA/boletinlegal/consulta_actos.php?tipo=resoluciones&no=&usuario=&sector=&fecha=2019&resuelve=resuelve%20un%20proceso%20 HTTP/1.1" 200 63419
172.22.2.4 - - [25/Mar/2022:22:49:37 -0500] "GET /BLA/boletinlegal/Circulares/2012/Circular%20No.%204%20del%2019%20de%20abril%20de%202012.pdf HTTP/1.1" 200 253045
172.22.2.4 - - [25/Mar/2022:22:49:39 -0500] "GET /BLA/boletinlegal/Circulares/2012/Circular%20No.%203%20del%2023%20de%20Marzo%20de%202012.pdf HTTP/1.1" 200 572950
172.22.2.4 - - [25/Mar/2022:22:49:54 -0500] "GET /BLA/boletinlegal/Circulares/2012/Circular%20No.%202%20del%2014%20de%20Marzo%20de%202012.pdf HTTP/1.1" 200 113666
172.22.2.4 - - [25/Mar/2022:22:50:06 -0500] "GET /BLA/boletinlegal/Circulares/2012/Circular%20No.%2016%20del%2022%20de%20octubre%20de%202012.pdf HTTP/1.1" 200 381186
172.22.2.4 - - [25/Mar/2022:22:50:17 -0500] "GET /BLA/boletinlegal/Circulares/2012/Circular%20No.%2015%20del%2022%20de%20octubre%20de%202012.pdf HTTP/1.1" 200 486506
190.158.204.160 - - [25/Mar/2022:22:50:25 -0500] "GET /galeria/galeria/jquery.fancybox.css?v=2.1.5 HTTP/1.1" 200 4895
190.158.204.160 - - [25/Mar/2022:22:50:25 -0500] "GET /BLA/boletinlegal/js/jquery.scrollShow.js HTTP/1.1" 200 4586
190.158.204.160 - - [25/Mar/2022:22:50:25 -0500] "GET /galeria/galeria/jquery.fancybox.js?v=2.1.5 HTTP/1.1" 200 48706
172.22.2.4 - - [25/Mar/2022:22:50:27 -0500] "GET /BLA/boletinlegal/Circulares/2012/Circular%20No.%2014%20del%2011%20de%20Septiembre%20de%202012.pdf HTTP/1.1" 200 3427471
181.53.239.182 - - [25/Mar/2022:22:50:29 -0500] "GET /forest/ HTTP/1.1" 200 12041
181.53.239.182 - - [25/Mar/2022:22:50:36 -0500] "POST /forest/index.php HTTP/1.1" 200 12268
172.22.2.4 - - [25/Mar/2022:22:50:56 -0500] "GET /BLA/boletinlegal/Circulares/2012/Circular%20No.%2013%20del%2006%20de%20Septiembre%20de%202012.pdf HTTP/1.1" 200 351421
172.22.2.4 - - [25/Mar/2022:22:51:10 -0500] "GET /BLA/boletinlegal/Circulares/2012/Circular%20No.%2012%20del%2028%20de%20Agosto%20de%202012.pdf HTTP/1.1" 200 369945
172.22.2.4 - - [25/Mar/2022:22:51:24 -0500] "GET /BLA/boletinlegal/Circulares/2012/Circular%20No.%2011%20del%2027%20de%20Agosto%20de%202012.pdf HTTP/1.1" 200 526945
172.22.2.4 - - [25/Mar/2022:22:51:26 -0500] "GET /BLA/boletinlegal/Circulares/2012/Circular%20No.%2010%20del%2026%20de%20Enero%20de%202012.pdf HTTP/1.1" 404 1218
172.22.2.4 - - [25/Mar/2022:22:51:28 -0500] "GET /BLA/boletinlegal/Circulares/2012/Circular%20No.%2010%20del%2022%20de%20Agosto%20de%202012.pdf HTTP/1.1" 200 1563219
172.22.2.4 - - [25/Mar/2022:22:51:38 -0500] "GET /BLA/boletinlegal/Circulares/2012/Circular%20No.%201%20del%2017%20de%20Enero%20de%202012.pdf HTTP/1.1" 200 1118749
172.22.2.4 - - [25/Mar/2022:22:50:03 -0500] "HEAD /BLA/boletinlegal/ HTTP/1.1" 200 -
172.22.2.4 - - [25/Mar/2022:22:51:53 -0500] "GET /BLA/boletinlegal/Circulares/2011/Circular%20No.%209%20del%2003%20de%20Noviembre%20de%202011.pdf HTTP/1.1" 200 54568
186.154.39.67 - - [25/Mar/2022:22:51:56 -0500] "GET /galeria/galeria/jquery.fancybox.css?v=2.1.5 HTTP/1.1" 200 4895
172.22.2.4 - - [25/Mar/2022:22:52:02 -0500] "GET /BLA/boletinlegal/Circulares/2011/Circular%20No.%208%20del%2020%20de%20Septiembre%20de%202011.pdf HTTP/1.1" 200 285158
172.22.2.4 - - [25/Mar/2022:22:52:12 -0500] "GET /BLA/boletinlegal/Circulares/2011/Circular%20No.%207%20del%2023%20de%20Diciembre%20de%202011.pdf HTTP/1.1" 200 1107785
201.245.192.253 - - [25/Mar/2022:22:51:35 -0500] "POST /kwsrmcab/Wsrmcab HTTP/1.1" 200 114926
216.245.221.92 - - [25/Mar/2022:22:52:25 -0500] "HEAD / HTTP/1.1" 200 -
172.22.2.4 - - [25/Mar/2022:22:50:53 -0500] "GET /BLA/boletinlegal/ HTTP/1.1" 200 54457
172.22.2.4 - - [25/Mar/2022:22:52:38 -0500] "GET /BLA/boletinlegal/Circulares/2011/Circular%20No.%207%20del%2015%20de%20Septiembre%20de%202011.pdf HTTP/1.1" 200 314873
172.22.2.4 - - [25/Mar/2022:22:52:49 -0500] "GET /BLA/boletinlegal/Circulares/2011/Circular%20No.%206%20del%2029%20de%20Julio%20de%202011.pdf HTTP/1.1" 200 262144
172.22.2.4 - - [25/Mar/2022:22:53:05 -0500] "GET /BLA/boletinlegal/Circulares/2011/Circular%20No.%206%20del%2023%20de%20Septiembre%20de%202011.pdf HTTP/1.1" 200 252800
172.22.2.4 - - [25/Mar/2022:22:53:15 -0500] "GET /BLA/boletinlegal/Circulares/2011/Circular%20No.%205%20del%2014%20de%20Julio%20de%202011.pdf HTTP/1.1" 200 1488992
172.22.2.4 - - [25/Mar/2022:22:53:43 -0500] "GET /BLA/boletinlegal/Circulares/2011/Circular%20No.%205%20del%2012%20de%20Agosto%20de%202011.pdf HTTP/1.1" 200 431796
172.22.2.4 - - [25/Mar/2022:22:53:53 -0500] "GET /BLA/boletinlegal/Circulares/2011/Circular%20No.%204%20del%2014%20de%20Julio%20de%202011.pdf HTTP/1.1" 200 399895
172.22.2.4 - - [25/Mar/2022:22:54:04 -0500] "GET /BLA/boletinlegal/Circulares/2011/Circular%20No.%204%20del%2012%20de%20Agosto%20de%202011.pdf HTTP/1.1" 200 601047
172.22.2.4 - - [25/Mar/2022:22:54:13 -0500] "GET /BLA/boletinlegal/Circulares/2011/Circular%20No.%203%20del%2023%20de%20Junio%20de%202011.pdf HTTP/1.1" 200 1452758
172.22.2.4 - - [25/Mar/2022:22:54:31 -0500] "GET /BLA/boletinlegal/Circulares/2011/Circular%20No.%203%20del%2016%20de%20Junio%20de%202011.pdf HTTP/1.1" 200 346378
207.46.13.179 - - [25/Mar/2022:22:54:42 -0500] "GET /php/CarreraAdministrativa/HERRAMIENTA_EVALUACION_SDA1_NIVEL-PROFESIONAL2010.pdf HTTP/1.1" 404 1018
172.22.2.4 - - [25/Mar/2022:22:54:51 -0500] "GET /BLA/boletinlegal/Circulares/2011/Circular%20No.%202%20del%2031%20de%20Mayo%20de%202011.pdf HTTP/1.1" 200 496778
172.22.2.4 - - [25/Mar/2022:22:55:00 -0500] "GET /BLA/boletinlegal/Circulares/2011/Circular%20No.%202%20del%2026%20de%20Mayo%20de%202011.pdf HTTP/1.1" 200 644194
172.22.2.4 - - [25/Mar/2022:22:55:11 -0500] "GET /BLA/boletinlegal/Circulares/2019/Circular%20No.%200003%20del%2031%20de%20Enero%20de%202019.pdf HTTP/1.1" 200 164676
172.22.2.4 - - [25/Mar/2022:22:55:18 -0500] "GET /BLA/boletinlegal/Circulares/2012/Circular%20No.%204%20del%2019%20de%20abril%20de%202012.pdf HTTP/1.1" 200 253045
172.22.2.4 - - [25/Mar/2022:22:55:27 -0500] "GET /BLA/boletinlegal/Circulares/2012/Circular%20No.%2011%20del%2027%20de%20Agosto%20de%202012.pdf HTTP/1.1" 200 526945
191.156.186.67 - - [25/Mar/2022:22:56:29 -0500] "GET /galeria/nivo-slider/demo/convocatorias.html? HTTP/1.1" 200 3464
191.156.186.67 - - [25/Mar/2022:22:56:29 -0500] "GET /galeria/nivo-slider/themes/default/default.css HTTP/1.1" 200 1569
191.156.184.135 - - [25/Mar/2022:22:56:29 -0500] "GET /galeria/nivo-slider/themes/pascal/pascal.css HTTP/1.1" 200 2258
191.156.180.4 - - [25/Mar/2022:22:56:29 -0500] "GET /galeria/nivo-slider/nivo-slider.css HTTP/1.1" 200 1507
191.156.187.224 - - [25/Mar/2022:22:56:29 -0500] "GET /galeria/nivo-slider/themes/orman/orman.css HTTP/1.1" 200 2152
191.156.180.4 - - [25/Mar/2022:22:56:29 -0500] "GET /galeria/nivo-slider/demo/style.css HTTP/1.1" 200 2222
191.156.177.49 - - [25/Mar/2022:22:56:29 -0500] "GET /galeria/nivo-slider/demo/scripts/jquery-1.7.1.min.js HTTP/1.1" 200 93868
191.156.186.67 - - [25/Mar/2022:22:56:29 -0500] "GET /galeria/nivo-slider/demo/images/bannerconvocatoriaacercar.jpg HTTP/1.1" 200 91528
191.156.187.224 - - [25/Mar/2022:22:56:31 -0500] "GET /galeria/nivo-slider/jquery.nivo.slider.pack.js HTTP/1.1" 200 11561
191.156.180.4 - - [25/Mar/2022:22:56:31 -0500] "GET /galeria/nivo-slider/demo/images/4Simple_Slider.png HTTP/1.1" 200 11722
191.156.184.135 - - [25/Mar/2022:22:56:31 -0500] "GET /galeria/nivo-slider/themes/default/loading.gif HTTP/1.1" 200 1737
191.156.186.67 - - [25/Mar/2022:22:56:34 -0500] "GET /galeria/nivo-slider/themes/default/arrows.png HTTP/1.1" 200 824
191.156.177.49 - - [25/Mar/2022:22:56:34 -0500] "GET /galeria/nivo-slider/themes/default/bullets.png HTTP/1.1" 200 1281
66.249.73.97 - - [25/Mar/2022:22:56:40 -0500] "-" 408 -
216.245.221.92 - - [25/Mar/2022:22:57:25 -0500] "HEAD / HTTP/1.1" 200 -
172.22.2.4 - - [25/Mar/2022:22:55:53 -0500] "HEAD /BLA/boletinlegal/ HTTP/1.1" 200 -
172.22.2.4 - - [25/Mar/2022:22:56:43 -0500] "GET /BLA/boletinlegal/ HTTP/1.1" 200 58588
191.156.61.158 - - [25/Mar/2022:22:58:46 -0500] "-" 408 -
173.252.107.117 - - [25/Mar/2022:22:58:52 -0500] "GET /la-forma-en-la-que-estamos-definiendo-la-estructura-ecologica-principal-esta-pensada-para-enfrentar-la-emergencia-climatica-secretaria-de-ambiente-carolina-urrutia.html HTTP/1.1" 206 1164
173.252.107.117 - - [25/Mar/2022:22:58:52 -0500] "GET /la-forma-en-la-que-estamos-definiendo-la-estructura-ecologica-principal-esta-pensada-para-enfrentar-la-emergencia-climatica-secretaria-de-ambiente-carolina-urrutia.html HTTP/1.1" 206 1164
173.252.107.2 - - [25/Mar/2022:22:58:52 -0500] "GET /aprende-a-conocer-el-boletin-legal-ambiental.html HTTP/1.1" 206 892
173.252.107.24 - - [25/Mar/2022:22:58:52 -0500] "GET /aprende-a-conocer-el-boletin-legal-ambiental.html HTTP/1.1" 206 892
173.252.107.117 - - [25/Mar/2022:22:58:52 -0500] "GET /images/pieza-grafica-noviembre-17.jpg HTTP/1.1" 200 48558
173.252.107.7 - - [25/Mar/2022:22:58:53 -0500] "GET /images/pieza-grafica-noviembre-17.jpg HTTP/1.1" 200 48558
69.63.184.118 - - [25/Mar/2022:22:58:53 -0500] "GET /images/Cabildo1.jpeg HTTP/1.1" 200 32341
216.245.221.92 - - [25/Mar/2022:23:02:25 -0500] "HEAD / HTTP/1.1" 200 -
201.245.192.253 - - [25/Mar/2022:23:02:08 -0500] "POST /kwsrmcab/Wsrmcab HTTP/1.1" 200 114926
172.22.2.4 - - [25/Mar/2022:23:01:43 -0500] "HEAD /BLA/boletinlegal/ HTTP/1.1" 200 -
172.22.2.4 - - [25/Mar/2022:23:02:33 -0500] "GET /BLA/boletinlegal/ HTTP/1.1" 200 61416
66.249.73.127 - - [25/Mar/2022:23:04:32 -0500] "-" 408 -
181.237.42.244 - - [25/Mar/2022:23:04:45 -0500] "GET /documents/10184/2325415/pieza-concurso-buenas-practicas-20-septiembre.jpg HTTP/1.1" 404 1132
216.245.221.92 - - [25/Mar/2022:23:07:25 -0500] "HEAD / HTTP/1.1" 200 -
172.22.2.4 - - [25/Mar/2022:23:07:33 -0500] "HEAD /BLA/boletinlegal/ HTTP/1.1" 200 -
172.22.2.4 - - [25/Mar/2022:23:08:23 -0500] "GET /BLA/boletinlegal/ HTTP/1.1" 200 59170
186.102.7.84 - - [25/Mar/2022:23:11:10 -0500] "GET /cerca-de-mil-llantas-fueron-recolectadas-en-usaquen-y-bosa.html HTTP/1.1" 200 952
157.55.39.218 - - [25/Mar/2022:23:11:43 -0500] "GET /BLA/resoluciones/RESOLUCIONES%202021/2903.pdf HTTP/1.1" 200 474460
216.245.221.92 - - [25/Mar/2022:23:12:25 -0500] "HEAD / HTTP/1.1" 200 -
201.245.192.253 - - [25/Mar/2022:23:11:41 -0500] "POST /kwsrmcab/Wsrmcab HTTP/1.1" 200 114931
172.22.2.4 - - [25/Mar/2022:23:13:23 -0500] "HEAD /BLA/boletinlegal/ HTTP/1.1" 200 -
172.22.2.4 - - [25/Mar/2022:23:14:13 -0500] "GET /BLA/boletinlegal/ HTTP/1.1" 200 54090
144.217.71.169 - - [25/Mar/2022:23:16:13 -0500] "GET /auambari-deleito-con-sus-sonidos-ambientales-a-los-asistentes-de-fima-2021.html HTTP/1.1" 200 888
179.33.128.99 - - [25/Mar/2022:23:17:12 -0500] "GET /las-mujeres-que-reverdecen-plantaron-arboles-nativos-en-san-cristobal.html HTTP/1.1" 200 901
216.245.221.92 - - [25/Mar/2022:23:17:25 -0500] "HEAD / HTTP/1.1" 200 -
185.162.235.162 - - [25/Mar/2022:23:17:56 -0500] "\x16\x03\x01" 400 226
185.162.235.162 - - [25/Mar/2022:23:17:56 -0500] "GET / HTTP/1.1" 200 319
185.162.235.162 - - [25/Mar/2022:23:17:56 -0500] "HELP" 501 953
185.162.235.162 - - [25/Mar/2022:23:17:57 -0500] "GET / HTTP/1.1" 200 319
185.162.235.162 - - [25/Mar/2022:23:18:01 -0500] "GET /cgi-bin/.%2e/%2e%2e/%2e%2e/%2e%2e/%2e%2e/%2e%2e/%2e%2e/%2e%2e/%2e%2e/etc/hosts HTTP/1.1" 400 945
185.162.235.162 - - [25/Mar/2022:23:18:02 -0500] "GET /.DS_Store HTTP/1.1" 404 1018
185.162.235.162 - - [25/Mar/2022:23:18:04 -0500] "GET /config.json HTTP/1.1" 404 1018
185.162.235.162 - - [25/Mar/2022:23:18:08 -0500] "GET /telescope/requests HTTP/1.1" 404 1018
185.162.235.162 - - [25/Mar/2022:23:18:09 -0500] "GET /info.php HTTP/1.1" 404 1018
185.162.235.162 - - [25/Mar/2022:23:18:11 -0500] "GET /login.action HTTP/1.1" 404 1018
185.162.235.162 - - [25/Mar/2022:23:18:13 -0500] "GET /s/lkx/_/;/META-INF/maven/com.atlassian.jira/jira-webapp-dist/pom.properties HTTP/1.1" 404 1018
157.55.39.218 - - [25/Mar/2022:23:18:14 -0500] "GET /sipse/faces/autenticacion.xhtml HTTP/1.1" 200 12501
185.162.235.162 - - [25/Mar/2022:23:18:16 -0500] "GET /server-status HTTP/1.1" 403 1165
185.162.235.162 - - [25/Mar/2022:23:18:19 -0500] "GET /.env HTTP/1.1" 404 1018
185.162.235.162 - - [25/Mar/2022:23:18:20 -0500] "GET /.git/config HTTP/1.1" 404 1018
66.249.73.127 - - [25/Mar/2022:23:18:21 -0500] "-" 408 -
185.162.235.162 - - [25/Mar/2022:23:18:22 -0500] "GET /idx_config/ HTTP/1.1" 404 1018
157.55.39.218 - - [25/Mar/2022:23:18:24 -0500] "GET /sipse/css/custom_css_sg.css HTTP/1.1" 200 9694
185.162.235.162 - - [25/Mar/2022:23:18:25 -0500] "GET /.json HTTP/1.1" 404 1018
185.162.235.162 - - [25/Mar/2022:23:18:28 -0500] "GET /api/geojson?url=file:///etc/hosts HTTP/1.1" 404 1018
40.77.167.46 - - [25/Mar/2022:23:18:31 -0500] "GET /sipse/faces/javax.faces.resource/jquery/jquery.js;jsessionid=+eGg6t05vlGZjQ0A9VmQswqm.undefined?ln=primefaces&v=4.0 HTTP/1.1" 200 105384
207.46.13.43 - - [25/Mar/2022:23:18:31 -0500] "GET /sipse/faces/javax.faces.resource/jquery/jquery-plugins.js;jsessionid=+eGg6t05vlGZjQ0A9VmQswqm.undefined?ln=primefaces&v=4.0 HTTP/1.1" 200 220526
207.46.13.179 - - [25/Mar/2022:23:18:33 -0500] "GET /sipse/css/custom_css_sg_prime_login.css HTTP/1.1" 200 443
40.77.167.46 - - [25/Mar/2022:23:18:33 -0500] "GET /sipse/faces/javax.faces.resource/theme.css?ln=primefaces-sipse HTTP/1.1" 200 50058
40.77.167.46 - - [25/Mar/2022:23:18:36 -0500] "GET /sipse/js/disable_browser_buttons.js HTTP/1.1" 200 3230
207.46.13.157 - - [25/Mar/2022:23:18:37 -0500] "GET /sipse/js/funciones.js HTTP/1.1" 200 12592
157.55.39.132 - - [25/Mar/2022:23:19:50 -0500] "-" 408 -
172.22.2.4 - - [25/Mar/2022:23:19:13 -0500] "HEAD /BLA/boletinlegal/ HTTP/1.1" 200 -
201.245.192.253 - - [25/Mar/2022:23:20:54 -0500] "POST /kwsrmcab/Wsrmcab HTTP/1.1" 200 45119
172.22.2.4 - - [25/Mar/2022:23:20:03 -0500] "GET /BLA/boletinlegal/ HTTP/1.1" 200 61416
216.245.221.92 - - [25/Mar/2022:23:22:25 -0500] "HEAD / HTTP/1.1" 200 -
201.245.192.253 - - [25/Mar/2022:23:21:44 -0500] "POST /kwsrmcab/Wsrmcab HTTP/1.1" 200 45432
191.156.236.125 - - [25/Mar/2022:23:22:46 -0500] "GET /cerca-de-mil-llantas-fueron-recolectadas-en-usaquen-y-bosa.html HTTP/1.1" 200 952
201.245.192.253 - - [25/Mar/2022:23:22:15 -0500] "POST /kwsrmcab/Wsrmcab HTTP/1.1" 200 114931
172.22.2.4 - - [25/Mar/2022:23:25:03 -0500] "HEAD /BLA/boletinlegal/ HTTP/1.1" 200 -
66.249.73.127 - - [25/Mar/2022:23:27:01 -0500] "-" 408 -
216.245.221.92 - - [25/Mar/2022:23:27:25 -0500] "HEAD / HTTP/1.1" 200 -
172.22.2.4 - - [25/Mar/2022:23:25:53 -0500] "GET /BLA/boletinlegal/ HTTP/1.1" 200 59688
181.54.20.213 - - [25/Mar/2022:23:29:57 -0500] "GET /galeria/galeria/jquery.fancybox.css?v=2.1.5 HTTP/1.1" 200 4895
173.252.127.16 - - [25/Mar/2022:23:30:01 -0500] "GET /secretaria-de-ambiente-incrementa-evaluacion-y-seguimiento-al-arbolado-urbano.html?fbclid=IwAR0RVGB7Pb4Jx0xcF228MbgyZs6LaweX2cl55YRkgkAlSZ24e5GdQN96N6Y HTTP/1.1" 200 933
34.90.18.173 - - [25/Mar/2022:23:31:03 -0500] "GET / HTTP/1.1" 200 319
201.245.192.253 - - [25/Mar/2022:23:30:53 -0500] "POST /kwsrmcab/Wsrmcab HTTP/1.1" 200 45119
216.245.221.92 - - [25/Mar/2022:23:32:25 -0500] "HEAD / HTTP/1.1" 200 -
201.245.192.253 - - [25/Mar/2022:23:31:42 -0500] "POST /kwsrmcab/Wsrmcab HTTP/1.1" 200 45432
172.22.2.4 - - [25/Mar/2022:23:30:53 -0500] "HEAD /BLA/boletinlegal/ HTTP/1.1" 200 -
201.245.192.253 - - [25/Mar/2022:23:32:00 -0500] "POST /kwsrmcab/Wsrmcab HTTP/1.1" 200 114931
172.22.2.4 - - [25/Mar/2022:23:31:43 -0500] "GET /BLA/boletinlegal/ HTTP/1.1" 200 59688
40.77.190.68 - - [25/Mar/2022:23:34:23 -0500] "GET /sipse/faces/javax.faces.resource/layout/layout.css;jsessionid=+eGg6t05vlGZjQ0A9VmQswqm.undefined?ln=primefaces&v=4.0 HTTP/1.1" 200 542
40.77.190.68 - - [25/Mar/2022:23:34:23 -0500] "GET /sipse/faces/javax.faces.resource/primefaces.css;jsessionid=+eGg6t05vlGZjQ0A9VmQswqm.undefined?ln=primefaces&v=4.0 HTTP/1.1" 200 53295
40.77.190.68 - - [25/Mar/2022:23:34:23 -0500] "GET /sipse/faces/javax.faces.resource/layout/layout.js;jsessionid=+eGg6t05vlGZjQ0A9VmQswqm.undefined?ln=primefaces&v=4.0 HTTP/1.1" 200 87560
40.77.190.68 - - [25/Mar/2022:23:34:23 -0500] "GET /sipse/faces/javax.faces.resource/primefaces.js;jsessionid=+eGg6t05vlGZjQ0A9VmQswqm.undefined?ln=primefaces&v=4.0 HTTP/1.1" 200 276924
40.77.190.68 - - [25/Mar/2022:23:34:24 -0500] "GET /sipse/faces/index.xhtml HTTP/1.1" 200 677
40.77.190.68 - - [25/Mar/2022:23:34:24 -0500] "GET /sipse/faces/faces/autenticacion.xhtml HTTP/1.1" 200 12179
40.77.190.68 - - [25/Mar/2022:23:34:24 -0500] "GET /sipse/faces/javax.faces.resource/theme.css?ln=primefaces-sipse HTTP/1.1" 304 -
40.77.190.68 - - [25/Mar/2022:23:34:24 -0500] "GET /sipse/faces/javax.faces.resource/layout/layout.css?ln=primefaces&v=4.0 HTTP/1.1" 200 542
40.77.190.68 - - [25/Mar/2022:23:34:24 -0500] "GET /sipse/faces/javax.faces.resource/primefaces.css?ln=primefaces&v=4.0 HTTP/1.1" 200 53295
40.77.190.68 - - [25/Mar/2022:23:34:24 -0500] "GET /sipse/faces/javax.faces.resource/jquery/jquery.js?ln=primefaces&v=4.0 HTTP/1.1" 200 105384
40.77.190.68 - - [25/Mar/2022:23:34:24 -0500] "GET /sipse/faces/javax.faces.resource/jquery/jquery-plugins.js?ln=primefaces&v=4.0 HTTP/1.1" 200 220526
40.77.190.68 - - [25/Mar/2022:23:34:24 -0500] "GET /sipse/faces/javax.faces.resource/layout/layout.js?ln=primefaces&v=4.0 HTTP/1.1" 200 87560
40.77.190.68 - - [25/Mar/2022:23:34:24 -0500] "GET /sipse/faces/javax.faces.resource/primefaces.js?ln=primefaces&v=4.0 HTTP/1.1" 200 276924
40.77.190.68 - - [25/Mar/2022:23:34:25 -0500] "GET /sipse/faces/javax.faces.resource/images/ui-icons_898989_256x240.png?ln=primefaces-aristo HTTP/1.1" 200 5355
172.22.2.4 - - [25/Mar/2022:23:34:38 -0500] "GET /BLA/boletinlegal/favicon.ico HTTP/1.1" 404 1326
216.245.221.92 - - [25/Mar/2022:23:37:25 -0500] "HEAD / HTTP/1.1" 200 -
172.22.2.4 - - [25/Mar/2022:23:36:06 -0500] "GET /BLA/boletinlegal/ HTTP/1.1" 200 57044
172.22.2.4 - - [25/Mar/2022:23:36:43 -0500] "HEAD /BLA/boletinlegal/ HTTP/1.1" 200 -
150.158.133.156 - - [25/Mar/2022:23:38:53 -0500] "GET /xmlrpc.php HTTP/1.1" 404 1034
172.22.2.4 - - [25/Mar/2022:23:37:33 -0500] "GET /BLA/boletinlegal/ HTTP/1.1" 200 58588
172.22.2.4 - - [25/Mar/2022:23:40:14 -0500] "GET /BLA/boletinlegal/Circulares/2022/CIRCULAR%20No.%2000003%20DEL%2007%20DE%20MARZO%20DEL%202022.pdf HTTP/1.1" 404 1038
66.249.73.127 - - [25/Mar/2022:23:40:14 -0500] "-" 408 -
172.22.2.4 - - [25/Mar/2022:23:40:17 -0500] "GET /BLA/boletinlegal/Circulares/2021/CIRCULAR%20No.%2000009%20DEL%2001%20DE%20OCTUBRE%20DEL%202021.pdf HTTP/1.1" 200 320793
