172.22.2.4 - - [25/Mar/2022:05:54:39 -0500] "GET /BLA/boletinlegal/ HTTP/1.1" 200 59170
216.245.221.92 - - [25/Mar/2022:05:57:28 -0500] "HEAD / HTTP/1.1" 200 -
186.80.52.16 - - [25/Mar/2022:05:58:51 -0500] "GET /necesitas-realizar-un-tramite-ambiental-acercate-a-la-feria-de-servicios-este-fin-de-semana-en-usaquen.html HTTP/1.1" 200 942
69.171.231.3 - - [25/Mar/2022:05:59:15 -0500] "GET /necesitas-realizar-un-tramite-ambiental-acercate-a-la-feria-de-servicios-este-fin-de-semana-en-usaquen.html HTTP/1.1" 206 942
172.22.2.4 - - [25/Mar/2022:06:00:14 -0500] "GET /BLA/boletinlegal/Circulares/2012/Circular%20No.%207%20del%2008%20de%20Agosto%20de%202012.pdf HTTP/1.1" 200 972955
172.22.2.4 - - [25/Mar/2022:05:59:39 -0500] "HEAD /BLA/boletinlegal/ HTTP/1.1" 200 -
172.22.2.4 - - [25/Mar/2022:06:00:29 -0500] "GET /BLA/boletinlegal/ HTTP/1.1" 200 59170
216.245.221.92 - - [25/Mar/2022:06:02:28 -0500] "HEAD / HTTP/1.1" 200 -
201.245.192.253 - - [25/Mar/2022:06:01:49 -0500] "POST /kwsrmcab/Wsrmcab HTTP/1.1" 200 115439
66.249.66.87 - - [25/Mar/2022:06:03:45 -0500] "-" 408 -
172.22.2.4 - - [25/Mar/2022:06:02:52 -0500] "GET /BLA/boletinlegal/ HTTP/1.1" 200 63729
172.22.2.4 - - [25/Mar/2022:06:05:17 -0500] "GET /BLA/boletinlegal/style.css HTTP/1.1" 200 9406
172.22.2.4 - - [25/Mar/2022:06:05:17 -0500] "GET /BLA/boletinlegal/styles2.css HTTP/1.1" 200 1838
172.22.2.4 - - [25/Mar/2022:06:05:17 -0500] "GET /BLA/boletinlegal/js/jquery.scrollShow.js HTTP/1.1" 200 4586
172.22.2.4 - - [25/Mar/2022:06:05:17 -0500] "GET /BLA/boletinlegal/js/jquery.js HTTP/1.1" 200 57254
172.22.2.4 - - [25/Mar/2022:06:05:17 -0500] "GET /BLA/boletinlegal/js/jquery.scrollTo-min.js HTTP/1.1" 200 1150
172.22.2.4 - - [25/Mar/2022:06:05:17 -0500] "GET /BLA/boletinlegal/images/cabezote%20BLEGAL.jpg HTTP/1.1" 200 118164
172.22.2.4 - - [25/Mar/2022:06:05:17 -0500] "GET /BLA/boletinlegal/images/subscribe-icon-big.png HTTP/1.1" 200 47702
172.22.2.4 - - [25/Mar/2022:06:05:17 -0500] "GET /BLA/boletinlegal/images/historia.png HTTP/1.1" 200 52775
172.22.2.4 - - [25/Mar/2022:06:05:17 -0500] "GET /BLA/boletinlegal/images/registro-usuarios.png HTTP/1.1" 200 8106
172.22.2.4 - - [25/Mar/2022:06:05:17 -0500] "GET /BLA/boletinlegal/images/arr_l.jpg HTTP/1.1" 200 1979
172.22.2.4 - - [25/Mar/2022:06:05:17 -0500] "GET /BLA/boletinlegal/images/screen_1.png HTTP/1.1" 200 202547
172.22.2.4 - - [25/Mar/2022:06:05:17 -0500] "GET /BLA/boletinlegal/images/launch.jpg HTTP/1.1" 200 14577
172.22.2.4 - - [25/Mar/2022:06:05:17 -0500] "GET /BLA/boletinlegal/images/body_bg.jpg HTTP/1.1" 200 1601
172.22.2.4 - - [25/Mar/2022:06:05:17 -0500] "GET /BLA/boletinlegal/images/menu_lft.gif HTTP/1.1" 200 1713
172.22.2.4 - - [25/Mar/2022:06:05:17 -0500] "GET /BLA/boletinlegal/images/bg_top.jpg HTTP/1.1" 200 522
172.22.2.4 - - [25/Mar/2022:06:05:17 -0500] "GET /BLA/boletinlegal/images/hover.jpg HTTP/1.1" 200 640
172.22.2.4 - - [25/Mar/2022:06:05:17 -0500] "GET /BLA/boletinlegal/images/menu_bg.jpg HTTP/1.1" 200 620
172.22.2.4 - - [25/Mar/2022:06:05:17 -0500] "GET /BLA/boletinlegal/images/text.jpg HTTP/1.1" 200 568
172.22.2.4 - - [25/Mar/2022:06:05:17 -0500] "GET /BLA/boletinlegal/images/menu_rght.gif HTTP/1.1" 200 1627
172.22.2.4 - - [25/Mar/2022:06:05:21 -0500] "GET /BLA/boletinlegal/actos.php HTTP/1.1" 200 9555
172.22.2.4 - - [25/Mar/2022:06:05:21 -0500] "GET /BLA/boletinlegal/js/ajax_actos.js HTTP/1.1" 200 1322
172.22.2.4 - - [25/Mar/2022:06:05:21 -0500] "GET /BLA/boletinlegal/niceforms.js HTTP/1.1" 200 22876
172.22.2.4 - - [25/Mar/2022:06:05:21 -0500] "GET /BLA/boletinlegal/js/popup.js HTTP/1.1" 200 1270
172.22.2.4 - - [25/Mar/2022:06:05:21 -0500] "GET /BLA/boletinlegal/niceforms-default.css HTTP/1.1" 200 6694
172.22.2.4 - - [25/Mar/2022:06:05:21 -0500] "GET /BLA/boletinlegal/js/lib.js HTTP/1.1" 200 6474
172.22.2.4 - - [25/Mar/2022:06:05:21 -0500] "GET /BLA/boletinlegal/js/jquery1.js HTTP/1.1" 200 29846
172.22.2.4 - - [25/Mar/2022:06:05:21 -0500] "GET /BLA/boletinlegal/images/green-yellow-blue-pink-th.png HTTP/1.1" 200 7394
172.22.2.4 - - [25/Mar/2022:06:05:21 -0500] "GET /BLA/boletinlegal/images/abajo.png HTTP/1.1" 200 96676
172.22.2.4 - - [25/Mar/2022:06:05:21 -0500] "GET /BLA/boletinlegal/images/tel.png HTTP/1.1" 200 14477
172.22.2.4 - - [25/Mar/2022:06:05:21 -0500] "GET /BLA/boletinlegal/images/icono-email.png HTTP/1.1" 200 5544
172.22.2.4 - - [25/Mar/2022:06:05:21 -0500] "GET /BLA/boletinlegal/images/footer_bg.jpg HTTP/1.1" 200 586
172.22.2.4 - - [25/Mar/2022:06:05:21 -0500] "GET /BLA/boletinlegal/images/footer_bg_l.jpg HTTP/1.1" 200 776
172.22.2.4 - - [25/Mar/2022:06:05:21 -0500] "GET /BLA/boletinlegal/img/button.png HTTP/1.1" 200 43241
172.22.2.4 - - [25/Mar/2022:06:05:21 -0500] "GET /BLA/boletinlegal/img/button-right.png HTTP/1.1" 200 57878
172.22.2.4 - - [25/Mar/2022:06:05:21 -0500] "GET /BLA/boletinlegal/img/button-left.png HTTP/1.1" 200 57071
172.22.2.4 - - [25/Mar/2022:06:05:21 -0500] "GET /BLA/boletinlegal/img/select-left.png HTTP/1.1" 200 263
172.22.2.4 - - [25/Mar/2022:06:05:21 -0500] "GET /BLA/boletinlegal/img/select-right.png HTTP/1.1" 200 44019
172.22.2.4 - - [25/Mar/2022:06:05:21 -0500] "GET /BLA/boletinlegal/img/0.png HTTP/1.1" 200 110
172.22.2.4 - - [25/Mar/2022:06:05:21 -0500] "GET /BLA/boletinlegal/favicon.ico HTTP/1.1" 404 1326
172.22.2.4 - - [25/Mar/2022:06:05:49 -0500] "GET /BLA/boletinlegal/consulta_actos.php?tipo=resoluciones&no=&usuario=&sector=RESIDUOS&fecha=2015&resuelve= HTTP/1.1" 200 2441
172.22.2.4 - - [25/Mar/2022:06:05:49 -0500] "GET /BLA/boletinlegal/images/pdf.gif HTTP/1.1" 200 567
172.22.2.4 - - [25/Mar/2022:06:05:49 -0500] "GET /BLA/boletinlegal/images/background.gif HTTP/1.1" 200 -
172.22.2.4 - - [25/Mar/2022:06:05:17 -0500] "GET /BLA/boletinlegal/ HTTP/1.1" 200 24523
172.22.2.4 - - [25/Mar/2022:06:05:58 -0500] "GET /BLA/boletinlegal/consulta_actos.php?tipo=resoluciones&no=&usuario=&sector=RESIDUOS&fecha=2016&resuelve= HTTP/1.1" 200 1347
207.46.13.157 - - [25/Mar/2022:06:06:12 -0500] "GET /BLA/resoluciones/AUTOS%202020/3299.pdf HTTP/1.1" 304 -
172.22.2.4 - - [25/Mar/2022:06:06:15 -0500] "GET /BLA/boletinlegal/consulta_actos.php?tipo=resoluciones&no=&usuario=&sector=RESIDUOS&fecha=2016&resuelve=construcci%F3n HTTP/1.1" 200 626
172.22.2.4 - - [25/Mar/2022:06:06:18 -0500] "GET /BLA/boletinlegal/consulta_actos.php?tipo=resoluciones&no=&usuario=&sector=RESIDUOS&fecha=2016&resuelve=construcci%F3n HTTP/1.1" 200 626
172.22.2.4 - - [25/Mar/2022:06:06:23 -0500] "GET /BLA/boletinlegal/consulta_actos.php?tipo=resoluciones&no=&usuario=&sector=RESIDUOS&fecha=2017&resuelve=construcci%F3n HTTP/1.1" 200 626
172.22.2.4 - - [25/Mar/2022:06:06:31 -0500] "GET /BLA/boletinlegal/consulta_actos.php?tipo=resoluciones&no=&usuario=&sector=RESIDUOS&fecha=2018&resuelve=construcci%F3n HTTP/1.1" 200 626
172.22.2.4 - - [25/Mar/2022:06:06:34 -0500] "GET /BLA/boletinlegal/consulta_actos.php?tipo=resoluciones&no=&usuario=&sector=RESIDUOS&fecha=2019&resuelve=construcci%F3n HTTP/1.1" 200 626
172.22.2.4 - - [25/Mar/2022:06:06:38 -0500] "GET /BLA/boletinlegal/consulta_actos.php?tipo=resoluciones&no=&usuario=&sector=RESIDUOS&fecha=2020&resuelve=construcci%F3n HTTP/1.1" 200 626
172.22.2.4 - - [25/Mar/2022:06:06:41 -0500] "GET /BLA/boletinlegal/consulta_actos.php?tipo=resoluciones&no=&usuario=&sector=RESIDUOS&fecha=2021&resuelve=construcci%F3n HTTP/1.1" 200 626
172.22.2.4 - - [25/Mar/2022:06:06:45 -0500] "GET /BLA/boletinlegal/consulta_actos.php?tipo=resoluciones&no=&usuario=&sector=RESIDUOS&fecha=2021&resuelve= HTTP/1.1" 200 10372
45.238.182.82 - - [25/Mar/2022:06:06:59 -0500] "GET /BLA/resoluciones/RESOLUCIONES%202021/5648.pdf HTTP/1.1" 200 423381
45.238.182.82 - - [25/Mar/2022:06:06:59 -0500] "GET /favicon.ico HTTP/1.1" 200 7782
172.22.2.4 - - [25/Mar/2022:06:05:29 -0500] "HEAD /BLA/boletinlegal/ HTTP/1.1" 200 -
216.245.221.92 - - [25/Mar/2022:06:07:28 -0500] "HEAD / HTTP/1.1" 200 -
172.22.2.4 - - [25/Mar/2022:06:07:41 -0500] "GET /BLA/boletinlegal/normativa.php HTTP/1.1" 200 8258
172.22.2.4 - - [25/Mar/2022:06:07:53 -0500] "GET /BLA/boletinlegal/js/ajax_normativa.js HTTP/1.1" 200 1154
172.22.2.4 - - [25/Mar/2022:06:06:19 -0500] "GET /BLA/boletinlegal/ HTTP/1.1" 200 59170
64.31.49.110 - - [25/Mar/2022:06:08:01 -0500] "GET / HTTP/1.1" 200 319
69.63.184.3 - - [25/Mar/2022:06:08:11 -0500] "GET /programate-para-una-nueva-jornada-de-recoleccion-de-llantas-en-bogota.html HTTP/1.1" 206 913
172.22.2.4 - - [25/Mar/2022:06:08:36 -0500] "GET /BLA/boletinlegal/consulta_actos.php?tipo=resoluciones&no=&usuario=&sector=RESIDUOS&fecha=2022&resuelve= HTTP/1.1" 200 626
172.22.2.4 - - [25/Mar/2022:06:08:44 -0500] "GET /BLA/boletinlegal/consulta_actos.php?tipo=resoluciones&no=&usuario=&sector=RESIDUOS&fecha=2017&resuelve= HTTP/1.1" 200 10519
45.238.182.82 - - [25/Mar/2022:06:08:56 -0500] "GET /BLA/resoluciones/RESOLUCIONES%202017/2052.pdf HTTP/1.1" 200 342881
216.245.221.92 - - [25/Mar/2022:06:12:28 -0500] "HEAD / HTTP/1.1" 200 -
201.245.192.253 - - [25/Mar/2022:06:11:51 -0500] "POST /kwsrmcab/Wsrmcab HTTP/1.1" 200 115450
172.22.2.4 - - [25/Mar/2022:06:11:19 -0500] "HEAD /BLA/boletinlegal/ HTTP/1.1" 200 -
172.22.2.4 - - [25/Mar/2022:06:12:09 -0500] "GET /BLA/boletinlegal/ HTTP/1.1" 200 58588
201.245.192.253 - - [25/Mar/2022:06:13:29 -0500] "POST /kwsrmcab/Wsrmcab HTTP/1.1" 200 115450
173.252.107.15 - - [25/Mar/2022:06:14:35 -0500] "GET /ciudad-bolivar-y-puente-aranda-se-alistan-para-una-nueva-llantaton.html HTTP/1.1" 206 991
173.252.107.7 - - [25/Mar/2022:06:14:35 -0500] "GET /ciudad-bolivar-y-puente-aranda-se-alistan-para-una-nueva-llantaton.html HTTP/1.1" 206 991
173.252.107.15 - - [25/Mar/2022:06:14:35 -0500] "GET /ciudad-bolivar-y-puente-aranda-se-alistan-para-una-nueva-llantaton.html HTTP/1.1" 206 991
173.252.107.120 - - [25/Mar/2022:06:14:35 -0500] "GET /ciudad-bolivar-y-puente-aranda-se-alistan-para-una-nueva-llantaton.html HTTP/1.1" 206 991
172.22.2.4 - - [25/Mar/2022:06:16:07 -0500] "GET /BLA/boletinlegal/actos.php HTTP/1.1" 200 9555
172.22.2.4 - - [25/Mar/2022:06:16:08 -0500] "GET /BLA/boletinlegal/favicon.ico HTTP/1.1" 404 1326
172.22.2.4 - - [25/Mar/2022:06:16:20 -0500] "GET /BLA/boletinlegal/consulta_actos.php?tipo=autos&no=5903&usuario=&sector=&fecha=2021&resuelve= HTTP/1.1" 200 1141
172.22.2.4 - - [25/Mar/2022:06:16:31 -0500] "GET /BLA/boletinlegal/consulta_actos.php?tipo=autos&no=5982&usuario=&sector=&fecha=2021&resuelve= HTTP/1.1" 200 1118
216.245.221.92 - - [25/Mar/2022:06:17:28 -0500] "HEAD / HTTP/1.1" 200 -
173.252.107.20 - - [25/Mar/2022:06:18:34 -0500] "GET /mas-de-570-llantas-fueron-recolectadas-en-la-llantaton-de-bosa.html HTTP/1.1" 206 907
172.22.2.4 - - [25/Mar/2022:06:17:09 -0500] "HEAD /BLA/boletinlegal/ HTTP/1.1" 200 -
69.171.251.120 - - [25/Mar/2022:06:18:59 -0500] "GET /negocios-verdes-de-bogota-se-reuniran-este-fin-de-semana-en-el-centro-comercial-el-retiro.html?fbclid=IwAR0cDCl-KtCu0u27eTWX8TX7FEhLmjd7kI-J_tmchWCCyc0rHil4E1QoSMs HTTP/1.1" 200 902
172.22.2.4 - - [25/Mar/2022:06:17:59 -0500] "GET /BLA/boletinlegal/ HTTP/1.1" 200 55089
172.22.2.4 - - [25/Mar/2022:06:19:03 -0500] "GET /BLA/boletinlegal/ HTTP/1.1" 200 24523
201.245.192.253 - - [25/Mar/2022:06:20:56 -0500] "POST /kwsrmcab/Wsrmcab HTTP/1.1" 200 45166
216.245.221.92 - - [25/Mar/2022:06:22:28 -0500] "HEAD / HTTP/1.1" 200 -
201.245.192.253 - - [25/Mar/2022:06:21:47 -0500] "POST /kwsrmcab/Wsrmcab HTTP/1.1" 200 45465
201.245.192.253 - - [25/Mar/2022:06:22:32 -0500] "POST /kwsrmcab/Wsrmcab HTTP/1.1" 200 115450
186.84.235.85 - - [25/Mar/2022:06:23:50 -0500] "GET /appsia/controlador HTTP/1.1" 200 4799
186.84.235.85 - - [25/Mar/2022:06:24:05 -0500] "POST /appsia/controlador HTTP/1.1" 200 5437
186.84.235.85 - - [25/Mar/2022:06:24:07 -0500] "POST /appsia/controlador HTTP/1.1" 200 7775
186.84.235.85 - - [25/Mar/2022:06:24:11 -0500] "POST /appsia/controlador HTTP/1.1" 200 6640
186.84.235.85 - - [25/Mar/2022:06:24:12 -0500] "POST /appsia/controlador HTTP/1.1" 200 10910
172.22.2.4 - - [25/Mar/2022:06:22:59 -0500] "HEAD /BLA/boletinlegal/ HTTP/1.1" 200 -
186.84.235.85 - - [25/Mar/2022:06:24:57 -0500] "GET /appsia/controlador?comando=regresar&id=51788576&funcionario=CARMENZA+MIRANDA+CUERVO&desde=51788576&hasta=51788576&version=51788576 HTTP/1.1" 200 7775
186.84.235.85 - - [25/Mar/2022:06:25:01 -0500] "POST /appsia/controlador HTTP/1.1" 200 6640
186.84.235.85 - - [25/Mar/2022:06:25:03 -0500] "POST /appsia/controlador HTTP/1.1" 200 13555
172.22.2.4 - - [25/Mar/2022:06:23:49 -0500] "GET /BLA/boletinlegal/ HTTP/1.1" 200 58588
186.84.235.85 - - [25/Mar/2022:06:25:43 -0500] "GET /appsia/controlador?comando=regresar&id=51788576&funcionario=CARMENZA+MIRANDA+CUERVO&desde=51788576&hasta=51788576&version=51788576 HTTP/1.1" 200 7775
186.84.235.85 - - [25/Mar/2022:06:25:47 -0500] "POST /appsia/controlador HTTP/1.1" 200 6640
186.84.235.85 - - [25/Mar/2022:06:25:49 -0500] "POST /appsia/controlador HTTP/1.1" 200 11659
186.84.235.85 - - [25/Mar/2022:06:26:02 -0500] "POST /appsia/controlador HTTP/1.1" 200 7775
186.84.235.85 - - [25/Mar/2022:06:26:04 -0500] "POST /appsia/controlador HTTP/1.1" 200 6640
186.84.235.85 - - [25/Mar/2022:06:26:06 -0500] "POST /appsia/controlador HTTP/1.1" 200 10910
186.84.235.85 - - [25/Mar/2022:06:26:22 -0500] "POST /appsia/controlador HTTP/1.1" 200 10910
186.84.235.85 - - [25/Mar/2022:06:26:26 -0500] "GET /appsia/controlador?comando=regresar&id=51788576&funcionario=CARMENZA+MIRANDA+CUERVO&desde=51788576&hasta=51788576&version=51788576 HTTP/1.1" 200 7775
69.63.184.3 - - [25/Mar/2022:06:26:31 -0500] "GET /images/pieza-calidad-aire-noche-4-febrero.jpg HTTP/1.1" 200 37476
186.84.235.85 - - [25/Mar/2022:06:26:32 -0500] "POST /appsia/controlador HTTP/1.1" 200 6640
186.84.235.85 - - [25/Mar/2022:06:26:34 -0500] "POST /appsia/controlador HTTP/1.1" 200 11659
216.245.221.92 - - [25/Mar/2022:06:27:28 -0500] "HEAD / HTTP/1.1" 200 -
34.141.199.1 - - [25/Mar/2022:06:30:15 -0500] "GET / HTTP/1.1" 200 319
172.22.2.4 - - [25/Mar/2022:06:28:49 -0500] "HEAD /BLA/boletinlegal/ HTTP/1.1" 200 -
172.22.2.4 - - [25/Mar/2022:06:29:39 -0500] "GET /BLA/boletinlegal/ HTTP/1.1" 200 55089
172.22.2.4 - - [25/Mar/2022:06:31:29 -0500] "GET /BLA/boletinlegal/consulta_actos.php?tipo=autos&no=5903&usuario=&sector=&fecha=2021&resuelve= HTTP/1.1" 200 1141
109.237.103.38 - - [25/Mar/2022:06:31:39 -0500] "\x16\x03\x01\x01C\x01" 400 226
201.245.192.253 - - [25/Mar/2022:06:30:56 -0500] "POST /kwsrmcab/Wsrmcab HTTP/1.1" 200 45166
172.22.2.4 - - [25/Mar/2022:06:31:58 -0500] "GET /BLA/boletinlegal/consulta_actos.php?tipo=autos&no=5903&usuario=&sector=&fecha=2021&resuelve= HTTP/1.1" 200 1141
216.245.221.92 - - [25/Mar/2022:06:32:28 -0500] "HEAD / HTTP/1.1" 200 -
201.245.192.253 - - [25/Mar/2022:06:31:45 -0500] "POST /kwsrmcab/Wsrmcab HTTP/1.1" 200 45465
201.245.192.253 - - [25/Mar/2022:06:32:17 -0500] "POST /kwsrmcab/Wsrmcab HTTP/1.1" 200 115450
172.22.2.4 - - [25/Mar/2022:06:33:44 -0500] "GET /BLA/boletinlegal/js/jquery.scrollto-min.js HTTP/1.1" 200 1150
40.77.167.46 - - [25/Mar/2022:06:33:58 -0500] "GET /Autoliquidacion/index.php?dir=Fauna+Silvestre%2F HTTP/1.1" 200 2961
207.46.13.209 - - [25/Mar/2022:06:35:38 -0500] "GET / HTTP/1.1" 200 319
172.22.2.4 - - [25/Mar/2022:06:34:39 -0500] "HEAD /BLA/boletinlegal/ HTTP/1.1" 200 -
172.22.2.4 - - [25/Mar/2022:06:35:29 -0500] "GET /BLA/boletinlegal/ HTTP/1.1" 200 59170
216.245.221.92 - - [25/Mar/2022:06:37:28 -0500] "HEAD / HTTP/1.1" 200 -
201.245.192.253 - - [25/Mar/2022:06:40:56 -0500] "POST /kwsrmcab/Wsrmcab HTTP/1.1" 200 45166
172.22.2.4 - - [25/Mar/2022:06:40:29 -0500] "HEAD /BLA/boletinlegal/ HTTP/1.1" 200 -
216.245.221.92 - - [25/Mar/2022:06:42:28 -0500] "HEAD / HTTP/1.1" 200 -
201.245.192.253 - - [25/Mar/2022:06:41:42 -0500] "POST /kwsrmcab/Wsrmcab HTTP/1.1" 200 45465
172.22.2.4 - - [25/Mar/2022:06:41:19 -0500] "GET /BLA/boletinlegal/ HTTP/1.1" 200 59170
201.245.192.253 - - [25/Mar/2022:06:42:14 -0500] "POST /kwsrmcab/Wsrmcab HTTP/1.1" 200 115450
66.249.66.85 - - [25/Mar/2022:06:43:38 -0500] "-" 408 -
173.252.107.120 - - [25/Mar/2022:06:47:06 -0500] "GET /negocios-verdes-de-bogota-se-reuniran-este-fin-de-semana-en-el-centro-comercial-el-retiro.html HTTP/1.1" 206 902
173.252.107.18 - - [25/Mar/2022:06:47:06 -0500] "GET /negocios-verdes-de-bogota-se-reuniran-este-fin-de-semana-en-el-centro-comercial-el-retiro.html HTTP/1.1" 206 902
69.171.251.23 - - [25/Mar/2022:06:47:07 -0500] "GET /images/negocios-verdes-emprendimientos-24-marzo.jpg HTTP/1.1" 200 54522
173.252.107.18 - - [25/Mar/2022:06:47:08 -0500] "GET /images/negocios-verdes-emprendimientos-24-marzo.jpg HTTP/1.1" 200 54522
173.252.127.24 - - [25/Mar/2022:06:47:08 -0500] "GET /images/negocios-verdes-emprendimientos-24-marzo.jpg HTTP/1.1" 200 54522
173.252.107.120 - - [25/Mar/2022:06:47:09 -0500] "GET /negocios-verdes-de-bogota-se-reuniran-este-fin-de-semana-en-el-centro-comercial-el-retiro.html HTTP/1.1" 206 902
173.252.107.4 - - [25/Mar/2022:06:47:09 -0500] "GET /negocios-verdes-de-bogota-se-reuniran-este-fin-de-semana-en-el-centro-comercial-el-retiro.html HTTP/1.1" 206 902
216.245.221.92 - - [25/Mar/2022:06:47:28 -0500] "HEAD / HTTP/1.1" 200 -
172.22.2.4 - - [25/Mar/2022:06:46:19 -0500] "HEAD /BLA/boletinlegal/ HTTP/1.1" 200 -
201.245.192.253 - - [25/Mar/2022:06:47:23 -0500] "POST /kwsrmcab/Wsrmcab HTTP/1.1" 200 115450
172.22.2.4 - - [25/Mar/2022:06:47:09 -0500] "GET /BLA/boletinlegal/ HTTP/1.1" 200 52945
61.135.159.132 - - [25/Mar/2022:06:49:35 -0500] "GET / HTTP/1.1" 200 319
172.22.2.4 - - [25/Mar/2022:06:50:26 -0500] "GET /BLA/boletinlegal/actos.php HTTP/1.1" 200 9555
172.22.2.4 - - [25/Mar/2022:06:50:34 -0500] "GET /BLA/boletinlegal/consulta_actos.php?tipo=autos&no=1644&usuario=&sector=&fecha=2021&resuelve= HTTP/1.1" 200 1132
201.245.192.253 - - [25/Mar/2022:06:51:37 -0500] "POST /kwsrmcab/Wsrmcab HTTP/1.1" 200 115450
216.245.221.92 - - [25/Mar/2022:06:52:28 -0500] "HEAD / HTTP/1.1" 200 -
172.22.2.4 - - [25/Mar/2022:06:52:09 -0500] "HEAD /BLA/boletinlegal/ HTTP/1.1" 200 -
172.22.2.4 - - [25/Mar/2022:06:52:59 -0500] "GET /BLA/boletinlegal/ HTTP/1.1" 200 53344
66.249.66.27 - - [25/Mar/2022:06:55:05 -0500] "-" 408 -
216.245.221.92 - - [25/Mar/2022:06:57:28 -0500] "HEAD / HTTP/1.1" 200 -
92.255.226.6 - - [25/Mar/2022:06:59:17 -0500] "GET / HTTP/1.1" 200 319
172.22.2.4 - - [25/Mar/2022:06:57:59 -0500] "HEAD /BLA/boletinlegal/ HTTP/1.1" 200 -
172.22.2.4 - - [25/Mar/2022:06:58:49 -0500] "GET /BLA/boletinlegal/ HTTP/1.1" 200 59170
181.61.138.238 - - [25/Mar/2022:07:00:48 -0500] "GET /programa-mujeres-que-reverdecen-tiene-cerca-de-200-cupos-disponibles.html HTTP/1.1" 200 1059
191.156.186.129 - - [25/Mar/2022:07:02:27 -0500] "GET /secretaria-de-ambiente-incrementa-evaluacion-y-seguimiento-al-arbolado-urbano.html HTTP/1.1" 200 933
216.245.221.92 - - [25/Mar/2022:07:02:28 -0500] "HEAD / HTTP/1.1" 200 -
201.245.192.253 - - [25/Mar/2022:07:01:46 -0500] "POST /kwsrmcab/Wsrmcab HTTP/1.1" 200 115450
172.22.2.4 - - [25/Mar/2022:07:03:49 -0500] "HEAD /BLA/boletinlegal/ HTTP/1.1" 200 -
172.22.2.4 - - [25/Mar/2022:07:04:39 -0500] "GET /BLA/boletinlegal/ HTTP/1.1" 200 53344
173.252.83.1 - - [25/Mar/2022:07:06:43 -0500] "GET /images/dia-agua-participantes-22-marzo.jpg HTTP/1.1" 200 53143
216.245.221.92 - - [25/Mar/2022:07:07:28 -0500] "HEAD / HTTP/1.1" 200 -
172.22.2.4 - - [25/Mar/2022:07:08:10 -0500] "GET /BLA/boletinlegal/jurisprudencia/analisis/CUADRO%20ANALISIS%20SENTENCIA%20T-411%20DE%201992.doc HTTP/1.1" 200 41984
173.252.111.19 - - [25/Mar/2022:07:09:43 -0500] "GET /images/feria-servicios-principal-24-marzo.jpg HTTP/1.1" 200 37032
66.220.149.15 - - [25/Mar/2022:07:10:17 -0500] "GET /programate-para-una-nueva-jornada-de-recoleccion-de-llantas-en-bogota.html HTTP/1.1" 206 913
172.22.2.4 - - [25/Mar/2022:07:09:39 -0500] "HEAD /BLA/boletinlegal/ HTTP/1.1" 200 -
172.22.2.4 - - [25/Mar/2022:07:10:29 -0500] "GET /BLA/boletinlegal/ HTTP/1.1" 200 58588
216.245.221.92 - - [25/Mar/2022:07:12:27 -0500] "HEAD / HTTP/1.1" 200 -
35.233.62.116 - - [25/Mar/2022:07:12:44 -0500] "GET / HTTP/1.1" 200 319
45.146.165.37 - - [25/Mar/2022:07:13:07 -0500] "GET /solr/admin/info/system?wt=json HTTP/1.1" 404 1018
201.245.192.253 - - [25/Mar/2022:07:12:43 -0500] "POST /kwsrmcab/Wsrmcab HTTP/1.1" 200 115473
201.245.192.253 - - [25/Mar/2022:07:13:48 -0500] "POST /kwsrmcab/Wsrmcab HTTP/1.1" 200 115473
172.22.2.4 - - [25/Mar/2022:07:16:48 -0500] "GET /BLA/boletinlegal/Directivas/2011/Directiva%20No.%206%20del%208%20de%20Septiembre%20de%202011.pdf HTTP/1.1" 304 -
172.22.2.4 - - [25/Mar/2022:07:15:29 -0500] "HEAD /BLA/boletinlegal/ HTTP/1.1" 200 -
216.245.221.92 - - [25/Mar/2022:07:17:28 -0500] "HEAD / HTTP/1.1" 200 -
172.22.2.4 - - [25/Mar/2022:07:16:19 -0500] "GET /BLA/boletinlegal/ HTTP/1.1" 200 59170
172.22.2.4 - - [25/Mar/2022:07:18:40 -0500] "GET /BLA/boletinlegal/actos.php HTTP/1.1" 200 9555
172.22.2.4 - - [25/Mar/2022:07:18:40 -0500] "GET /BLA/boletinlegal/favicon.ico HTTP/1.1" 404 1326
172.22.2.4 - - [25/Mar/2022:07:18:38 -0500] "GET /BLA/boletinlegal/ HTTP/1.1" 200 24523
172.22.2.4 - - [25/Mar/2022:07:19:23 -0500] "GET /BLA/boletinlegal/consulta_actos.php?tipo=resoluciones&no=0883&usuario=&sector=&fecha=2021&resuelve= HTTP/1.1" 200 1864
172.22.2.4 - - [25/Mar/2022:07:19:23 -0500] "GET /BLA/boletinlegal/images/pdf.gif HTTP/1.1" 200 567
191.156.229.13 - - [25/Mar/2022:07:20:04 -0500] "GET /appsia/controlador HTTP/1.1" 200 4799
191.156.229.13 - - [25/Mar/2022:07:20:04 -0500] "GET /appsia/scripts/validarIngreso.js HTTP/1.1" 304 -
191.156.229.13 - - [25/Mar/2022:07:20:04 -0500] "GET /appsia/css/estilos.css HTTP/1.1" 304 -
191.156.229.13 - - [25/Mar/2022:07:20:04 -0500] "GET /appsia/images/logo_bogota_p.png HTTP/1.1" 304 -
191.156.229.13 - - [25/Mar/2022:07:20:04 -0500] "GET /appsia/images/cabezoteHojaVida.png HTTP/1.1" 200 32493
191.156.229.13 - - [25/Mar/2022:07:20:10 -0500] "POST /appsia/controlador HTTP/1.1" 200 5437
191.156.229.13 - - [25/Mar/2022:07:20:14 -0500] "POST /appsia/controlador HTTP/1.1" 200 7799
191.156.229.13 - - [25/Mar/2022:07:20:19 -0500] "POST /appsia/controlador HTTP/1.1" 200 6664
191.156.229.13 - - [25/Mar/2022:07:20:22 -0500] "POST /appsia/controlador HTTP/1.1" 200 9524
191.156.229.13 - - [25/Mar/2022:07:20:27 -0500] "POST /appsia/controlador HTTP/1.1" 200 75711
191.156.229.13 - - [25/Mar/2022:07:20:25 -0500] "POST /appsia/controlador HTTP/1.1" 200 75711
201.245.192.253 - - [25/Mar/2022:07:20:56 -0500] "POST /kwsrmcab/Wsrmcab HTTP/1.1" 200 45349
201.245.192.253 - - [25/Mar/2022:07:21:42 -0500] "POST /kwsrmcab/Wsrmcab HTTP/1.1" 200 45488
216.245.221.92 - - [25/Mar/2022:07:22:28 -0500] "HEAD / HTTP/1.1" 200 -
201.245.192.253 - - [25/Mar/2022:07:21:59 -0500] "POST /kwsrmcab/Wsrmcab HTTP/1.1" 200 115473
172.22.2.4 - - [25/Mar/2022:07:21:19 -0500] "HEAD /BLA/boletinlegal/ HTTP/1.1" 200 -
66.249.73.97 - - [25/Mar/2022:07:23:30 -0500] "-" 408 -
157.55.39.218 - - [25/Mar/2022:07:23:46 -0500] "GET /BLA/resoluciones/AUTOS%202020/3705.pdf HTTP/1.1" 304 -
172.22.2.4 - - [25/Mar/2022:07:22:09 -0500] "GET /BLA/boletinlegal/ HTTP/1.1" 200 56300
186.85.184.148 - - [25/Mar/2022:07:24:47 -0500] "GET /BLA/resoluciones/index.php?dir=RESOLUCIONES+2015%2F HTTP/1.1" 200 129010
186.85.184.148 - - [25/Mar/2022:07:24:48 -0500] "GET /BLA/resoluciones/dlf/styles.css HTTP/1.1" 200 3049
186.85.184.148 - - [25/Mar/2022:07:24:48 -0500] "GET /BLA/resoluciones/dlf/dirup.png HTTP/1.1" 200 644
186.85.184.148 - - [25/Mar/2022:07:24:48 -0500] "GET /BLA/resoluciones/dlf/pdf.gif HTTP/1.1" 200 272
186.85.184.148 - - [25/Mar/2022:07:24:48 -0500] "GET /BLA/resoluciones/dlf/bg.gif HTTP/1.1" 200 54
186.85.184.148 - - [25/Mar/2022:07:24:48 -0500] "GET /favicon.ico HTTP/1.1" 200 7782
69.63.184.3 - - [25/Mar/2022:07:25:57 -0500] "GET /images/dia-agua-participantes-22-marzo.jpg HTTP/1.1" 200 53143
157.55.39.218 - - [25/Mar/2022:07:26:25 -0500] "GET /BLA/resoluciones/RESOLUCIONES%202018/0466.pdf HTTP/1.1" 304 -
181.52.20.217 - - [25/Mar/2022:07:27:24 -0500] "GET /appsia/controlador HTTP/1.1" 200 4799
181.52.20.217 - - [25/Mar/2022:07:27:24 -0500] "GET /appsia/scripts/validarIngreso.js HTTP/1.1" 200 851
181.52.20.217 - - [25/Mar/2022:07:27:24 -0500] "GET /appsia/css/estilos.css HTTP/1.1" 200 4804
181.52.20.217 - - [25/Mar/2022:07:27:24 -0500] "GET /appsia/images/logo_bogota_p.png HTTP/1.1" 200 14951
181.52.20.217 - - [25/Mar/2022:07:27:24 -0500] "GET /appsia/images/cabezoteHojaVida.png HTTP/1.1" 200 32493
181.52.20.217 - - [25/Mar/2022:07:27:24 -0500] "GET /favicon.ico HTTP/1.1" 200 7782
216.245.221.92 - - [25/Mar/2022:07:27:27 -0500] "HEAD / HTTP/1.1" 200 -
181.52.20.217 - - [25/Mar/2022:07:27:31 -0500] "POST /appsia/controlador HTTP/1.1" 200 5437
181.52.20.217 - - [25/Mar/2022:07:27:33 -0500] "POST /appsia/controlador HTTP/1.1" 200 7785
181.52.20.217 - - [25/Mar/2022:07:27:34 -0500] "POST /appsia/controlador HTTP/1.1" 200 6650
181.52.20.217 - - [25/Mar/2022:07:27:35 -0500] "POST /appsia/controlador HTTP/1.1" 200 10576
172.22.2.4 - - [25/Mar/2022:07:27:09 -0500] "HEAD /BLA/boletinlegal/ HTTP/1.1" 200 -
181.52.20.217 - - [25/Mar/2022:07:28:53 -0500] "POST /appsia/controlador HTTP/1.1" 200 7785
181.52.20.217 - - [25/Mar/2022:07:28:56 -0500] "POST /appsia/controlador HTTP/1.1" 200 6650
181.52.20.217 - - [25/Mar/2022:07:28:56 -0500] "POST /appsia/controlador HTTP/1.1" 200 11338
172.22.2.4 - - [25/Mar/2022:07:27:59 -0500] "GET /BLA/boletinlegal/ HTTP/1.1" 200 59170
191.95.21.173 - - [25/Mar/2022:07:30:13 -0500] "GET /galeria/galeria/jquery.fancybox.css?v=2.1.5 HTTP/1.1" 200 4895
201.245.192.253 - - [25/Mar/2022:07:30:56 -0500] "POST /kwsrmcab/Wsrmcab HTTP/1.1" 200 45349
40.77.167.78 - - [25/Mar/2022:07:31:59 -0500] "GET / HTTP/1.1" 200 4720
181.52.20.217 - - [25/Mar/2022:07:32:06 -0500] "POST /appsia/controlador HTTP/1.1" 200 5437
181.52.20.217 - - [25/Mar/2022:07:32:06 -0500] "POST /appsia/controlador HTTP/1.1" 200 4799
172.22.2.4 - - [25/Mar/2022:07:32:07 -0500] "GET /BLA/boletinlegal/style.css HTTP/1.1" 200 9406
172.22.2.4 - - [25/Mar/2022:07:32:07 -0500] "GET /BLA/boletinlegal/styles2.css HTTP/1.1" 200 1838
172.22.2.4 - - [25/Mar/2022:07:32:07 -0500] "GET /BLA/boletinlegal/js/jquery.scrollTo-min.js HTTP/1.1" 200 1150
172.22.2.4 - - [25/Mar/2022:07:32:07 -0500] "GET /BLA/boletinlegal/js/jquery.js HTTP/1.1" 200 57254
172.22.2.4 - - [25/Mar/2022:07:32:07 -0500] "GET /BLA/boletinlegal/js/jquery.scrollShow.js HTTP/1.1" 200 4586
172.22.2.4 - - [25/Mar/2022:07:32:07 -0500] "GET /BLA/boletinlegal/images/cabezote%20BLEGAL.jpg HTTP/1.1" 200 118164
172.22.2.4 - - [25/Mar/2022:07:32:07 -0500] "GET /BLA/boletinlegal/images/subscribe-icon-big.png HTTP/1.1" 200 47702
172.22.2.4 - - [25/Mar/2022:07:32:07 -0500] "GET /BLA/boletinlegal/images/historia.png HTTP/1.1" 200 52775
172.22.2.4 - - [25/Mar/2022:07:32:07 -0500] "GET /BLA/boletinlegal/images/registro-usuarios.png HTTP/1.1" 200 8106
172.22.2.4 - - [25/Mar/2022:07:32:07 -0500] "GET /BLA/boletinlegal/images/arr_l.jpg HTTP/1.1" 200 1979
172.22.2.4 - - [25/Mar/2022:07:32:07 -0500] "GET /BLA/boletinlegal/images/screen_1.png HTTP/1.1" 200 202547
172.22.2.4 - - [25/Mar/2022:07:32:07 -0500] "GET /BLA/boletinlegal/images/launch.jpg HTTP/1.1" 200 14577
172.22.2.4 - - [25/Mar/2022:07:32:07 -0500] "GET /BLA/boletinlegal/images/menu_lft.gif HTTP/1.1" 200 1713
172.22.2.4 - - [25/Mar/2022:07:32:07 -0500] "GET /BLA/boletinlegal/images/bg_top.jpg HTTP/1.1" 200 522
172.22.2.4 - - [25/Mar/2022:07:32:07 -0500] "GET /BLA/boletinlegal/images/hover.jpg HTTP/1.1" 200 640
172.22.2.4 - - [25/Mar/2022:07:32:07 -0500] "GET /BLA/boletinlegal/images/menu_rght.gif HTTP/1.1" 200 1627
172.22.2.4 - - [25/Mar/2022:07:32:07 -0500] "GET /BLA/boletinlegal/images/menu_bg.jpg HTTP/1.1" 200 620
172.22.2.4 - - [25/Mar/2022:07:32:07 -0500] "GET /BLA/boletinlegal/images/text.jpg HTTP/1.1" 200 568
172.22.2.4 - - [25/Mar/2022:07:32:07 -0500] "GET /BLA/boletinlegal/images/body_bg.jpg HTTP/1.1" 200 1601
172.22.2.4 - - [25/Mar/2022:07:32:11 -0500] "GET /BLA/boletinlegal/js/ajax_normativa.js HTTP/1.1" 200 1154
172.22.2.4 - - [25/Mar/2022:07:32:11 -0500] "GET /BLA/boletinlegal/niceforms.js HTTP/1.1" 200 22876
172.22.2.4 - - [25/Mar/2022:07:32:11 -0500] "GET /BLA/boletinlegal/niceforms-default.css HTTP/1.1" 200 6694
172.22.2.4 - - [25/Mar/2022:07:32:11 -0500] "GET /BLA/boletinlegal/normativa.php HTTP/1.1" 200 8258
172.22.2.4 - - [25/Mar/2022:07:32:11 -0500] "GET /BLA/boletinlegal/images/tel.png HTTP/1.1" 200 14477
172.22.2.4 - - [25/Mar/2022:07:32:11 -0500] "GET /BLA/boletinlegal/images/icono-email.png HTTP/1.1" 200 5544
172.22.2.4 - - [25/Mar/2022:07:32:11 -0500] "GET /BLA/boletinlegal/images/footer_bg.jpg HTTP/1.1" 200 586
172.22.2.4 - - [25/Mar/2022:07:32:11 -0500] "GET /BLA/boletinlegal/images/footer_bg_l.jpg HTTP/1.1" 200 776
172.22.2.4 - - [25/Mar/2022:07:32:11 -0500] "GET /BLA/boletinlegal/images/abajo.png HTTP/1.1" 200 96676
172.22.2.4 - - [25/Mar/2022:07:32:11 -0500] "GET /BLA/boletinlegal/img/select-right.png HTTP/1.1" 200 44019
172.22.2.4 - - [25/Mar/2022:07:32:11 -0500] "GET /BLA/boletinlegal/img/0.png HTTP/1.1" 200 110
172.22.2.4 - - [25/Mar/2022:07:32:11 -0500] "GET /BLA/boletinlegal/img/select-left.png HTTP/1.1" 200 263
172.22.2.4 - - [25/Mar/2022:07:32:11 -0500] "GET /BLA/boletinlegal/img/button.png HTTP/1.1" 200 43241
172.22.2.4 - - [25/Mar/2022:07:32:11 -0500] "GET /BLA/boletinlegal/img/button-left.png HTTP/1.1" 200 57071
172.22.2.4 - - [25/Mar/2022:07:32:11 -0500] "GET /BLA/boletinlegal/img/button-right.png HTTP/1.1" 200 57878
172.22.2.4 - - [25/Mar/2022:07:32:11 -0500] "GET /BLA/boletinlegal/favicon.ico HTTP/1.1" 404 1334
172.22.2.4 - - [25/Mar/2022:07:32:16 -0500] "GET /BLA/boletinlegal/consulta_normativa.php?tipo=Ley&sector=Aire&ano=&resuelve= HTTP/1.1" 200 454
172.22.2.4 - - [25/Mar/2022:07:32:27 -0500] "GET /BLA/boletinlegal/consulta_normativa.php?tipo=Ley&sector=Aire&ano=2021&resuelve= HTTP/1.1" 200 454
216.245.221.92 - - [25/Mar/2022:07:32:27 -0500] "HEAD / HTTP/1.1" 200 -
172.22.2.4 - - [25/Mar/2022:07:32:28 -0500] "GET /BLA/boletinlegal/consulta_normativa.php?tipo=Ley&sector=Aire&ano=2021&resuelve= HTTP/1.1" 200 454
201.245.192.253 - - [25/Mar/2022:07:31:44 -0500] "POST /kwsrmcab/Wsrmcab HTTP/1.1" 200 45488
172.22.2.4 - - [25/Mar/2022:07:32:32 -0500] "GET /BLA/boletinlegal/consulta_normativa.php?tipo=Ley&sector=Aire&ano=2021&resuelve= HTTP/1.1" 200 454
172.22.2.4 - - [25/Mar/2022:07:32:07 -0500] "GET /BLA/boletinlegal/ HTTP/1.1" 200 24523
201.245.192.253 - - [25/Mar/2022:07:32:47 -0500] "POST /kwsrmcab/Wsrmcab HTTP/1.1" 200 115473
172.22.2.4 - - [25/Mar/2022:07:32:59 -0500] "HEAD /BLA/boletinlegal/ HTTP/1.1" 200 -
172.22.2.4 - - [25/Mar/2022:07:34:41 -0500] "GET /BLA/boletinlegal/consulta_actos.php?tipo=resoluciones&no=0897&usuario=&sector=&fecha=2021&resuelve= HTTP/1.1" 200 1704
172.22.2.4 - - [25/Mar/2022:07:33:49 -0500] "GET /BLA/boletinlegal/ HTTP/1.1" 200 59170
173.252.107.21 - - [25/Mar/2022:07:36:48 -0500] "GET /images/Acuerdos1.jpeg HTTP/1.1" 200 59889
216.245.221.92 - - [25/Mar/2022:07:37:27 -0500] "HEAD / HTTP/1.1" 200 -
201.245.192.253 - - [25/Mar/2022:07:37:28 -0500] "GET /appsia/controlador HTTP/1.1" 200 4799
201.245.192.253 - - [25/Mar/2022:07:37:28 -0500] "GET /appsia/css/estilos.css HTTP/1.1" 304 -
201.245.192.253 - - [25/Mar/2022:07:37:28 -0500] "GET /appsia/scripts/validarIngreso.js HTTP/1.1" 304 -
201.245.192.253 - - [25/Mar/2022:07:37:28 -0500] "GET /appsia/images/cabezoteHojaVida.png HTTP/1.1" 304 -
201.245.192.253 - - [25/Mar/2022:07:37:28 -0500] "GET /appsia/images/logo_bogota_p.png HTTP/1.1" 304 -
201.245.192.253 - - [25/Mar/2022:07:37:49 -0500] "POST /appsia/controlador HTTP/1.1" 200 5437
201.245.192.253 - - [25/Mar/2022:07:37:59 -0500] "POST /appsia/controlador HTTP/1.1" 200 7779
201.245.192.253 - - [25/Mar/2022:07:38:01 -0500] "POST /appsia/controlador HTTP/1.1" 200 6644
201.245.192.253 - - [25/Mar/2022:07:38:05 -0500] "POST /appsia/controlador HTTP/1.1" 200 12822
201.245.192.253 - - [25/Mar/2022:07:39:19 -0500] "GET /appsia/controlador HTTP/1.1" 200 4799
201.245.192.253 - - [25/Mar/2022:07:39:19 -0500] "GET /appsia/css/estilos.css HTTP/1.1" 200 4804
201.245.192.253 - - [25/Mar/2022:07:39:19 -0500] "GET /appsia/scripts/validarIngreso.js HTTP/1.1" 200 851
201.245.192.253 - - [25/Mar/2022:07:39:19 -0500] "GET /appsia/images/cabezoteHojaVida.png HTTP/1.1" 200 32493
201.245.192.253 - - [25/Mar/2022:07:39:19 -0500] "GET /appsia/images/logo_bogota_p.png HTTP/1.1" 200 14951
201.245.192.253 - - [25/Mar/2022:07:39:28 -0500] "POST /appsia/controlador HTTP/1.1" 200 5437
201.245.192.253 - - [25/Mar/2022:07:39:30 -0500] "POST /appsia/controlador HTTP/1.1" 200 7777
201.245.192.253 - - [25/Mar/2022:07:39:34 -0500] "POST /appsia/controlador HTTP/1.1" 200 6642
201.245.192.253 - - [25/Mar/2022:07:39:35 -0500] "POST /appsia/controlador HTTP/1.1" 200 9799
172.22.2.4 - - [25/Mar/2022:07:39:15 -0500] "GET /BLA/boletinlegal/ HTTP/1.1" 200 20427
201.245.192.253 - - [25/Mar/2022:07:39:52 -0500] "POST /appsia/controlador HTTP/1.1" 200 7777
172.22.2.4 - - [25/Mar/2022:07:39:15 -0500] "GET /BLA/boletinlegal/ HTTP/1.1" 200 32715
186.102.11.117 - - [25/Mar/2022:07:40:23 -0500] "GET /galeria/galeria/jquery.fancybox.css?v=2.1.5 HTTP/1.1" 200 4895
201.245.192.253 - - [25/Mar/2022:07:40:30 -0500] "POST /appsia/controlador HTTP/1.1" 200 7779
201.245.192.253 - - [25/Mar/2022:07:40:39 -0500] "POST /appsia/controlador HTTP/1.1" 200 5437
201.245.192.253 - - [25/Mar/2022:07:40:42 -0500] "POST /appsia/controlador HTTP/1.1" 200 4799
186.86.32.185 - - [25/Mar/2022:07:41:16 -0500] "GET /appsia/controlador HTTP/1.1" 200 4799
186.86.32.185 - - [25/Mar/2022:07:41:16 -0500] "GET /appsia/css/estilos.css HTTP/1.1" 200 4804
186.86.32.185 - - [25/Mar/2022:07:41:16 -0500] "GET /appsia/scripts/validarIngreso.js HTTP/1.1" 200 851
186.86.32.185 - - [25/Mar/2022:07:41:16 -0500] "GET /appsia/images/cabezoteHojaVida.png HTTP/1.1" 200 32493
186.86.32.185 - - [25/Mar/2022:07:41:16 -0500] "GET /appsia/images/logo_bogota_p.png HTTP/1.1" 200 14951
186.86.32.185 - - [25/Mar/2022:07:41:16 -0500] "GET /favicon.ico HTTP/1.1" 200 7782
186.86.32.185 - - [25/Mar/2022:07:41:19 -0500] "POST /appsia/controlador HTTP/1.1" 200 5437
186.86.32.185 - - [25/Mar/2022:07:41:20 -0500] "POST /appsia/controlador HTTP/1.1" 200 7771
186.86.32.185 - - [25/Mar/2022:07:41:22 -0500] "POST /appsia/controlador HTTP/1.1" 200 6636
186.86.32.185 - - [25/Mar/2022:07:41:23 -0500] "POST /appsia/controlador HTTP/1.1" 200 10567
181.53.12.145 - - [25/Mar/2022:07:41:31 -0500] "GET /BLA/boletinlegal/js/jquery.scrollShow.js HTTP/1.1" 200 4586
181.53.12.145 - - [25/Mar/2022:07:41:31 -0500] "GET /galeria/galeria/jquery.fancybox.css?v=2.1.5 HTTP/1.1" 200 4895
181.53.12.145 - - [25/Mar/2022:07:41:31 -0500] "GET /galeria/galeria/jquery.fancybox.js?v=2.1.5 HTTP/1.1" 200 48706
181.53.12.145 - - [25/Mar/2022:07:41:31 -0500] "GET /galeria/carrusel/Carrusel/jquery.thumbnailScroller.css HTTP/1.1" 200 2066
181.53.12.145 - - [25/Mar/2022:07:41:32 -0500] "GET /galeria/carrusel/Carrusel/jquery-ui-1.8.13.custom.min.js HTTP/1.1" 200 10800
181.53.12.145 - - [25/Mar/2022:07:41:32 -0500] "GET /galeria/carrusel/Carrusel/jquery.thumbnailScroller.js HTTP/1.1" 200 8157
181.53.12.145 - - [25/Mar/2022:07:41:32 -0500] "GET /galeria/nivo-slider/demo/banner.html HTTP/1.1" 200 5446
181.53.12.145 - - [25/Mar/2022:07:41:35 -0500] "GET /galeria/nivo-slider/themes/default/default.css HTTP/1.1" 200 1569
181.53.12.145 - - [25/Mar/2022:07:41:35 -0500] "GET /galeria/nivo-slider/themes/pascal/pascal.css HTTP/1.1" 200 2258
181.53.12.145 - - [25/Mar/2022:07:41:36 -0500] "GET /galeria/nivo-slider/themes/orman/orman.css HTTP/1.1" 200 2152
181.53.12.145 - - [25/Mar/2022:07:41:36 -0500] "GET /galeria/nivo-slider/nivo-slider.css HTTP/1.1" 200 1507
181.53.12.145 - - [25/Mar/2022:07:41:36 -0500] "GET /galeria/nivo-slider/demo/style.css HTTP/1.1" 200 2222
181.53.12.145 - - [25/Mar/2022:07:41:36 -0500] "GET /galeria/nivo-slider/demo/scripts/jquery-1.7.1.min.js HTTP/1.1" 200 93868
181.53.12.145 - - [25/Mar/2022:07:41:36 -0500] "GET /galeria/nivo-slider/jquery.nivo.slider.pack.js HTTP/1.1" 200 11561
181.53.12.145 - - [25/Mar/2022:07:41:36 -0500] "GET /galeria/nivo-slider/demo/images/bannertortuga_optimized.jpg HTTP/1.1" 200 39066
181.53.12.145 - - [25/Mar/2022:07:41:37 -0500] "GET /galeria/nivo-slider/demo/images/Bannermujeresquereverdecen.jpg HTTP/1.1" 200 46558
181.53.12.145 - - [25/Mar/2022:07:41:37 -0500] "GET /galeria/nivo-slider/demo/images/bannertrafico_optimized.jpg HTTP/1.1" 200 42578
181.53.12.145 - - [25/Mar/2022:07:41:37 -0500] "GET /galeria/nivo-slider/demo/images/4Simple_Slider.png HTTP/1.1" 200 11722
181.53.12.145 - - [25/Mar/2022:07:41:37 -0500] "GET /galeria/nivo-slider/themes/default/loading.gif HTTP/1.1" 200 1737
181.53.12.145 - - [25/Mar/2022:07:41:37 -0500] "GET /galeria/nivo-slider/demo/images/Bannersedeelectronica.jpg HTTP/1.1" 200 40383
181.53.12.145 - - [25/Mar/2022:07:41:37 -0500] "GET /galeria/nivo-slider/demo/images/bannerrutaesperanza.jpg HTTP/1.1" 200 55560
181.53.12.145 - - [25/Mar/2022:07:41:37 -0500] "GET /galeria/nivo-slider/demo/images/banneraire2021.jpg HTTP/1.1" 200 265101
181.53.12.145 - - [25/Mar/2022:07:41:37 -0500] "GET /galeria/nivo-slider/demo/images/Bannerplasticosseptiembre.jpg HTTP/1.1" 200 45633
181.53.12.145 - - [25/Mar/2022:07:41:37 -0500] "GET /galeria/nivo-slider/demo/images/bannerresiduoshospitalariosagosto.jpg HTTP/1.1" 200 36499
181.53.12.145 - - [25/Mar/2022:07:41:38 -0500] "GET /galeria/nivo-slider/demo/images/banneraccionpopularcrr68.jpg HTTP/1.1" 200 51887
181.53.12.145 - - [25/Mar/2022:07:41:38 -0500] "GET /galeria/nivo-slider/demo/images/banneraccionpopular.jpeg HTTP/1.1" 200 41707
181.53.12.145 - - [25/Mar/2022:07:41:39 -0500] "GET /galeria/nivo-slider/demo/images/bannerclases2021.jpg HTTP/1.1" 200 68230
181.53.12.145 - - [25/Mar/2022:07:41:39 -0500] "GET /galeria/nivo-slider/demo/images/bannercapacitacionesbogota.jpg HTTP/1.1" 200 42416
181.53.12.145 - - [25/Mar/2022:07:41:40 -0500] "GET /galeria/nivo-slider/demo/images/Bannerenvases.jpg HTTP/1.1" 200 37316
181.53.12.145 - - [25/Mar/2022:07:41:40 -0500] "GET /galeria/nivo-slider/demo/images/Bannervirtualescanales.jpg HTTP/1.1" 200 174544
181.53.12.145 - - [25/Mar/2022:07:41:41 -0500] "GET /galeria/nivo-slider/themes/default/arrows.png HTTP/1.1" 200 824
181.53.12.145 - - [25/Mar/2022:07:41:42 -0500] "GET /galeria/nivo-slider/themes/default/bullets.png HTTP/1.1" 200 1281
201.245.192.253 - - [25/Mar/2022:07:40:56 -0500] "POST /kwsrmcab/Wsrmcab HTTP/1.1" 200 45349
216.245.221.92 - - [25/Mar/2022:07:42:27 -0500] "HEAD / HTTP/1.1" 200 -
201.245.192.253 - - [25/Mar/2022:07:41:45 -0500] "POST /kwsrmcab/Wsrmcab HTTP/1.1" 200 45488
201.245.192.253 - - [25/Mar/2022:07:42:00 -0500] "POST /kwsrmcab/Wsrmcab HTTP/1.1" 200 115473
172.22.2.4 - - [25/Mar/2022:07:44:27 -0500] "GET /BLA/boletinlegal/actos.php HTTP/1.1" 200 9555
172.22.2.4 - - [25/Mar/2022:07:44:28 -0500] "GET /BLA/boletinlegal/niceforms.js HTTP/1.1" 200 22876
172.22.2.4 - - [25/Mar/2022:07:44:28 -0500] "GET /BLA/boletinlegal/js/ajax_actos.js HTTP/1.1" 200 1322
172.22.2.4 - - [25/Mar/2022:07:44:28 -0500] "GET /BLA/boletinlegal/niceforms-default.css HTTP/1.1" 200 6694
172.22.2.4 - - [25/Mar/2022:07:44:28 -0500] "GET /BLA/boletinlegal/js/lib.js HTTP/1.1" 200 6474
172.22.2.4 - - [25/Mar/2022:07:44:28 -0500] "GET /BLA/boletinlegal/js/popup.js HTTP/1.1" 200 1270
172.22.2.4 - - [25/Mar/2022:07:44:28 -0500] "GET /BLA/boletinlegal/js/jquery1.js HTTP/1.1" 200 29846
172.22.2.4 - - [25/Mar/2022:07:44:28 -0500] "GET /BLA/boletinlegal/images/green-yellow-blue-pink-th.png HTTP/1.1" 200 7394
172.22.2.4 - - [25/Mar/2022:07:44:28 -0500] "GET /BLA/boletinlegal/images/abajo.png HTTP/1.1" 200 96676
172.22.2.4 - - [25/Mar/2022:07:44:28 -0500] "GET /BLA/boletinlegal/images/tel.png HTTP/1.1" 200 14477
172.22.2.4 - - [25/Mar/2022:07:44:28 -0500] "GET /BLA/boletinlegal/images/icono-email.png HTTP/1.1" 200 5544
172.22.2.4 - - [25/Mar/2022:07:44:28 -0500] "GET /BLA/boletinlegal/images/footer_bg.jpg HTTP/1.1" 200 586
172.22.2.4 - - [25/Mar/2022:07:44:30 -0500] "GET /BLA/boletinlegal/images/footer_bg_l.jpg HTTP/1.1" 200 776
172.22.2.4 - - [25/Mar/2022:07:44:30 -0500] "GET /BLA/boletinlegal/img/select-left.png HTTP/1.1" 200 263
172.22.2.4 - - [25/Mar/2022:07:44:30 -0500] "GET /BLA/boletinlegal/img/0.png HTTP/1.1" 200 110
172.22.2.4 - - [25/Mar/2022:07:44:30 -0500] "GET /BLA/boletinlegal/img/select-right.png HTTP/1.1" 200 44019
172.22.2.4 - - [25/Mar/2022:07:44:30 -0500] "GET /BLA/boletinlegal/img/button-left.png HTTP/1.1" 200 57071
172.22.2.4 - - [25/Mar/2022:07:44:30 -0500] "GET /BLA/boletinlegal/img/button.png HTTP/1.1" 200 43241
172.22.2.4 - - [25/Mar/2022:07:44:30 -0500] "GET /BLA/boletinlegal/img/button-right.png HTTP/1.1" 200 57878
172.22.2.4 - - [25/Mar/2022:07:44:30 -0500] "GET /BLA/boletinlegal/favicon.ico HTTP/1.1" 404 1326
172.22.2.4 - - [25/Mar/2022:07:44:23 -0500] "GET /BLA/boletinlegal/ HTTP/1.1" 200 24523
207.46.13.157 - - [25/Mar/2022:07:46:21 -0500] "GET /BLA/resoluciones/index.php?dir= HTTP/1.1" 200 13093
216.245.221.92 - - [25/Mar/2022:07:47:27 -0500] "HEAD / HTTP/1.1" 200 -
172.22.2.4 - - [25/Mar/2022:07:45:56 -0500] "HEAD /BLA/boletinlegal/ HTTP/1.1" 200 -
186.86.32.185 - - [25/Mar/2022:07:48:00 -0500] "POST /appsia/controlador HTTP/1.1" 200 75880
172.22.2.4 - - [25/Mar/2022:07:48:02 -0500] "GET /BLA/boletinlegal/Circulares/2011/Circular%20003%20de%20Febrero%20de%202011.pdf HTTP/1.1" 200 224758
186.86.32.185 - - [25/Mar/2022:07:48:04 -0500] "POST /appsia/controlador HTTP/1.1" 200 7771
186.86.32.185 - - [25/Mar/2022:07:48:11 -0500] "POST /appsia/controlador HTTP/1.1" 200 6636
186.86.32.185 - - [25/Mar/2022:07:48:13 -0500] "POST /appsia/controlador HTTP/1.1" 200 10569
172.22.2.4 - - [25/Mar/2022:07:46:48 -0500] "GET /BLA/boletinlegal/ HTTP/1.1" 200 59170
66.249.73.127 - - [25/Mar/2022:07:48:40 -0500] "-" 408 -
186.86.32.185 - - [25/Mar/2022:07:49:10 -0500] "POST /appsia/controlador HTTP/1.1" 200 7771
186.86.32.185 - - [25/Mar/2022:07:49:47 -0500] "POST /appsia/controlador HTTP/1.1" 200 5437
186.86.32.185 - - [25/Mar/2022:07:49:50 -0500] "POST /appsia/controlador HTTP/1.1" 200 4799
201.245.192.253 - - [25/Mar/2022:07:51:16 -0500] "GET /sipse/faces/faces/autenticacion.xhtml HTTP/1.1" 200 12179
201.245.192.253 - - [25/Mar/2022:07:51:16 -0500] "GET /sipse/js/disable_browser_buttons.js HTTP/1.1" 304 -
201.245.192.253 - - [25/Mar/2022:07:51:16 -0500] "GET /sipse/js/funciones.js HTTP/1.1" 304 -
201.245.192.253 - - [25/Mar/2022:07:51:16 -0500] "GET /sipse/faces/javax.faces.resource/theme.css?ln=primefaces-sipse HTTP/1.1" 304 -
201.245.192.253 - - [25/Mar/2022:07:51:16 -0500] "GET /sipse/css/custom_css_sg.css HTTP/1.1" 304 -
201.245.192.253 - - [25/Mar/2022:07:51:16 -0500] "GET /sipse/faces/javax.faces.resource/primefaces.css?ln=primefaces&v=4.0 HTTP/1.1" 304 -
201.245.192.253 - - [25/Mar/2022:07:51:16 -0500] "GET /sipse/css/custom_css_sg_prime_login.css HTTP/1.1" 304 -
201.245.192.253 - - [25/Mar/2022:07:51:16 -0500] "GET /sipse/faces/javax.faces.resource/layout/layout.css?ln=primefaces&v=4.0 HTTP/1.1" 304 -
201.245.192.253 - - [25/Mar/2022:07:51:16 -0500] "GET /sipse/faces/javax.faces.resource/jquery/jquery-plugins.js?ln=primefaces&v=4.0 HTTP/1.1" 304 -
201.245.192.253 - - [25/Mar/2022:07:51:16 -0500] "GET /sipse/faces/javax.faces.resource/layout/layout.js?ln=primefaces&v=4.0 HTTP/1.1" 304 -
201.245.192.253 - - [25/Mar/2022:07:51:16 -0500] "GET /sipse/faces/javax.faces.resource/jquery/jquery.js?ln=primefaces&v=4.0 HTTP/1.1" 304 -
201.245.192.253 - - [25/Mar/2022:07:51:16 -0500] "GET /sipse/faces/javax.faces.resource/primefaces.js?ln=primefaces&v=4.0 HTTP/1.1" 304 -
201.245.192.253 - - [25/Mar/2022:07:51:16 -0500] "GET /sipse/css/imagen/loginimg.png HTTP/1.1" 304 -
201.245.192.253 - - [25/Mar/2022:07:51:16 -0500] "GET /sipse/css/imagen/logoSDG.png HTTP/1.1" 304 -
201.245.192.253 - - [25/Mar/2022:07:51:16 -0500] "GET /sipse/faces/javax.faces.resource/images/ui-icons_898989_256x240.png?ln=primefaces-aristo HTTP/1.1" 304 -
201.245.192.253 - - [25/Mar/2022:07:51:16 -0500] "GET /sipse/faces/faces/index.xhtml HTTP/1.1" 200 677
201.245.192.253 - - [25/Mar/2022:07:51:16 -0500] "GET /sipse/faces/javax.faces.resource/theme.css?ln=primefaces-sipse HTTP/1.1" 304 -
201.245.192.253 - - [25/Mar/2022:07:51:16 -0500] "GET /sipse/faces/faces/faces/autenticacion.xhtml HTTP/1.1" 200 12179
201.245.192.253 - - [25/Mar/2022:07:51:17 -0500] "GET /sipse/faces/javax.faces.resource/theme.css?ln=primefaces-sipse HTTP/1.1" 304 -
201.245.192.253 - - [25/Mar/2022:07:51:17 -0500] "GET /sipse/faces/javax.faces.resource/primefaces.css?ln=primefaces&v=4.0 HTTP/1.1" 304 -
201.245.192.253 - - [25/Mar/2022:07:51:17 -0500] "GET /sipse/faces/javax.faces.resource/layout/layout.css?ln=primefaces&v=4.0 HTTP/1.1" 304 -
201.245.192.253 - - [25/Mar/2022:07:51:17 -0500] "GET /sipse/faces/javax.faces.resource/jquery/jquery-plugins.js?ln=primefaces&v=4.0 HTTP/1.1" 304 -
201.245.192.253 - - [25/Mar/2022:07:51:17 -0500] "GET /sipse/faces/javax.faces.resource/primefaces.js?ln=primefaces&v=4.0 HTTP/1.1" 304 -
201.245.192.253 - - [25/Mar/2022:07:51:17 -0500] "GET /sipse/faces/javax.faces.resource/jquery/jquery.js?ln=primefaces&v=4.0 HTTP/1.1" 304 -
201.245.192.253 - - [25/Mar/2022:07:51:17 -0500] "GET /sipse/faces/javax.faces.resource/layout/layout.js?ln=primefaces&v=4.0 HTTP/1.1" 304 -
201.245.192.253 - - [25/Mar/2022:07:51:19 -0500] "POST /sipse/faces/autenticacion.xhtml HTTP/1.1" 200 2220
201.245.192.253 - - [25/Mar/2022:07:51:19 -0500] "GET /sipse/faces/javax.faces.resource/messages/messages.png?ln=primefaces&v=4.0 HTTP/1.1" 304 -
201.245.192.253 - - [25/Mar/2022:07:51:22 -0500] "GET /sipse/faces/javax.faces.resource/images/ui-icons_898989_256x240.png?ln=primefaces-aristo HTTP/1.1" 304 -
201.245.192.253 - - [25/Mar/2022:07:51:22 -0500] "POST /sipse/faces/autenticacion.xhtml HTTP/1.1" 200 16253
201.245.192.253 - - [25/Mar/2022:07:51:22 -0500] "GET /sipse/faces/javax.faces.resource/primefaces.css?ln=primefaces&v=4.0 HTTP/1.1" 304 -
201.245.192.253 - - [25/Mar/2022:07:51:22 -0500] "GET /sipse/css/custom_css_sg_prime.css HTTP/1.1" 304 -
201.245.192.253 - - [25/Mar/2022:07:51:22 -0500] "GET /sipse/faces/javax.faces.resource/theme.css?ln=primefaces-sipse HTTP/1.1" 304 -
201.245.192.253 - - [25/Mar/2022:07:51:22 -0500] "GET /sipse/faces/javax.faces.resource/layout/layout.css?ln=primefaces&v=4.0 HTTP/1.1" 304 -
201.245.192.253 - - [25/Mar/2022:07:51:22 -0500] "GET /sipse/js/jquery.min.js HTTP/1.1" 304 -
201.245.192.253 - - [25/Mar/2022:07:51:22 -0500] "GET /sipse/faces/javax.faces.resource/jquery/jquery.js?ln=primefaces&v=4.0 HTTP/1.1" 304 -
201.245.192.253 - - [25/Mar/2022:07:51:22 -0500] "GET /sipse/faces/javax.faces.resource/jquery/jquery-plugins.js?ln=primefaces&v=4.0 HTTP/1.1" 304 -
201.245.192.253 - - [25/Mar/2022:07:51:22 -0500] "GET /sipse/faces/javax.faces.resource/primefaces.js?ln=primefaces&v=4.0 HTTP/1.1" 304 -
201.245.192.253 - - [25/Mar/2022:07:51:22 -0500] "GET /sipse/faces/javax.faces.resource/layout/layout.js?ln=primefaces&v=4.0 HTTP/1.1" 304 -
201.245.192.253 - - [25/Mar/2022:07:51:22 -0500] "GET /sipse/imagenes/cargando.gif HTTP/1.1" 304 -
201.245.192.253 - - [25/Mar/2022:07:51:22 -0500] "GET /sipse/css/imagen/contrasena.png HTTP/1.1" 404 383
201.245.192.253 - - [25/Mar/2022:07:51:22 -0500] "GET /sipse/imagenes/logoAplicacion.jpg HTTP/1.1" 304 -
201.245.192.253 - - [25/Mar/2022:07:51:26 -0500] "GET /sipse/faces/javax.faces.resource/images/ui-bg_flat_0_2d5972_40x100.png?ln=primefaces-aristo HTTP/1.1" 304 -
201.245.192.253 - - [25/Mar/2022:07:51:26 -0500] "POST /sipse/faces/bienvenido.xhtml HTTP/1.1" 200 2658
201.245.192.253 - - [25/Mar/2022:07:51:27 -0500] "POST /sipse/faces/bienvenido.xhtml HTTP/1.1" 200 60988
201.245.192.253 - - [25/Mar/2022:07:51:29 -0500] "GET /sipse/faces/javax.faces.resource/theme.css?ln=primefaces-sipse HTTP/1.1" 304 -
201.245.192.253 - - [25/Mar/2022:07:51:29 -0500] "GET /sipse/faces/javax.faces.resource/primefaces.css?ln=primefaces&v=4.0 HTTP/1.1" 304 -
201.245.192.253 - - [25/Mar/2022:07:51:29 -0500] "GET /sipse/faces/javax.faces.resource/layout/layout.css?ln=primefaces&v=4.0 HTTP/1.1" 304 -
201.245.192.253 - - [25/Mar/2022:07:51:29 -0500] "GET /sipse/faces/javax.faces.resource/jquery/jquery.js?ln=primefaces&v=4.0 HTTP/1.1" 304 -
201.245.192.253 - - [25/Mar/2022:07:51:29 -0500] "GET /sipse/faces/javax.faces.resource/jquery/jquery-plugins.js?ln=primefaces&v=4.0 HTTP/1.1" 304 -
201.245.192.253 - - [25/Mar/2022:07:51:29 -0500] "GET /sipse/faces/javax.faces.resource/primefaces.js?ln=primefaces&v=4.0 HTTP/1.1" 304 -
201.245.192.253 - - [25/Mar/2022:07:51:29 -0500] "GET /sipse/faces/javax.faces.resource/layout/layout.js?ln=primefaces&v=4.0 HTTP/1.1" 304 -
201.245.192.253 - - [25/Mar/2022:07:51:29 -0500] "POST /sipse/faces/presentacion/financiero/solicitudProceso/listarSolicitudProceso.xhtml HTTP/1.1" 200 1448
201.245.192.253 - - [25/Mar/2022:07:51:54 -0500] "POST /sipse/faces/presentacion/financiero/solicitudProceso/listarSolicitudProceso.xhtml HTTP/1.1" 200 109644
201.245.192.253 - - [25/Mar/2022:07:51:54 -0500] "GET /sipse/faces/javax.faces.resource/theme.css?ln=primefaces-sipse HTTP/1.1" 304 -
201.245.192.253 - - [25/Mar/2022:07:51:54 -0500] "GET /sipse/faces/javax.faces.resource/layout/layout.css?ln=primefaces&v=4.0 HTTP/1.1" 304 -
201.245.192.253 - - [25/Mar/2022:07:51:54 -0500] "GET /sipse/faces/javax.faces.resource/jquery/jquery.js?ln=primefaces&v=4.0 HTTP/1.1" 304 -
201.245.192.253 - - [25/Mar/2022:07:51:54 -0500] "GET /sipse/faces/javax.faces.resource/primefaces.css?ln=primefaces&v=4.0 HTTP/1.1" 304 -
201.245.192.253 - - [25/Mar/2022:07:51:54 -0500] "GET /sipse/faces/javax.faces.resource/jquery/jquery-plugins.js?ln=primefaces&v=4.0 HTTP/1.1" 304 -
201.245.192.253 - - [25/Mar/2022:07:51:54 -0500] "GET /sipse/faces/javax.faces.resource/primefaces.js?ln=primefaces&v=4.0 HTTP/1.1" 304 -
201.245.192.253 - - [25/Mar/2022:07:51:54 -0500] "GET /sipse/faces/javax.faces.resource/layout/layout.js?ln=primefaces&v=4.0 HTTP/1.1" 304 -
201.245.192.253 - - [25/Mar/2022:07:51:55 -0500] "GET /reportes_sipse/sdg/ServletReporte?reporte=solicitud_cdp&Solicitud=17587&pfdrid_c=false HTTP/1.1" 200 106636
