172.22.2.4 - - [25/Mar/2022:17:10:14 -0500] "GET /BLA/boletinlegal/images/text.jpg HTTP/1.1" 200 568
172.22.2.4 - - [25/Mar/2022:17:10:14 -0500] "GET /BLA/boletinlegal/images/body_bg.jpg HTTP/1.1" 200 1601
172.22.2.4 - - [25/Mar/2022:17:10:14 -0500] "GET /BLA/boletinlegal/images/bg_top.jpg HTTP/1.1" 200 522
172.22.2.4 - - [25/Mar/2022:17:10:14 -0500] "GET /BLA/boletinlegal/images/menu_bg.jpg HTTP/1.1" 200 620
172.22.2.4 - - [25/Mar/2022:17:10:14 -0500] "GET /BLA/boletinlegal/images/hover.jpg HTTP/1.1" 200 640
172.22.2.4 - - [25/Mar/2022:17:10:14 -0500] "GET /BLA/boletinlegal/images/icono-email.png HTTP/1.1" 200 5544
172.22.2.4 - - [25/Mar/2022:17:10:14 -0500] "GET /BLA/boletinlegal/images/footer_bg_l.jpg HTTP/1.1" 200 776
172.22.2.4 - - [25/Mar/2022:17:10:14 -0500] "GET /BLA/boletinlegal/img/0.png HTTP/1.1" 200 110
172.22.2.4 - - [25/Mar/2022:17:10:14 -0500] "GET /BLA/boletinlegal/img/select-left.png HTTP/1.1" 200 263
172.22.2.4 - - [25/Mar/2022:17:10:14 -0500] "GET /BLA/boletinlegal/img/button-right.png HTTP/1.1" 200 57878
172.22.2.4 - - [25/Mar/2022:17:10:14 -0500] "GET /BLA/boletinlegal/img/select-right.png HTTP/1.1" 200 44019
172.22.2.4 - - [25/Mar/2022:17:10:14 -0500] "GET /BLA/boletinlegal/img/button-left.png HTTP/1.1" 200 57071
172.22.2.4 - - [25/Mar/2022:17:10:14 -0500] "GET /BLA/boletinlegal/img/button.png HTTP/1.1" 200 43241
172.22.2.4 - - [25/Mar/2022:17:10:15 -0500] "GET /BLA/boletinlegal/favicon.ico HTTP/1.1" 404 1334
172.22.2.4 - - [25/Mar/2022:17:10:16 -0500] "GET /BLA/boletinlegal/conceptos.php HTTP/1.1" 200 7443
172.22.2.4 - - [25/Mar/2022:17:10:16 -0500] "GET /BLA/boletinlegal/js/ajax_conceptos.js HTTP/1.1" 200 1326
172.22.2.4 - - [25/Mar/2022:17:10:19 -0500] "GET /BLA/boletinlegal/consulta_conceptos.php?no=&solicitante=&radicado_entrada=&fecha_concepto=2022&objeto= HTTP/1.1" 200 9787
172.22.2.4 - - [25/Mar/2022:17:10:19 -0500] "GET /BLA/boletinlegal/images/background.gif HTTP/1.1" 200 -
172.22.2.4 - - [25/Mar/2022:17:10:19 -0500] "GET /BLA/boletinlegal/images/pdf.gif HTTP/1.1" 200 567
172.22.2.4 - - [25/Mar/2022:17:10:23 -0500] "GET /BLA/boletinlegal/actos.php HTTP/1.1" 200 9555
172.22.2.4 - - [25/Mar/2022:17:10:23 -0500] "GET /BLA/boletinlegal/js/ajax_actos.js HTTP/1.1" 200 1322
172.22.2.4 - - [25/Mar/2022:17:10:23 -0500] "GET /BLA/boletinlegal/js/lib.js HTTP/1.1" 200 6474
172.22.2.4 - - [25/Mar/2022:17:10:23 -0500] "GET /BLA/boletinlegal/js/popup.js HTTP/1.1" 200 1270
172.22.2.4 - - [25/Mar/2022:17:10:23 -0500] "GET /BLA/boletinlegal/js/jquery1.js HTTP/1.1" 200 29846
172.22.2.4 - - [25/Mar/2022:17:10:24 -0500] "GET /BLA/boletinlegal/images/green-yellow-blue-pink-th.png HTTP/1.1" 200 7394
172.22.2.4 - - [25/Mar/2022:17:10:28 -0500] "GET /BLA/boletinlegal/consulta_actos.php?tipo=resoluciones&no=&usuario=&sector=&fecha=2022&resuelve= HTTP/1.1" 200 18305
172.22.2.4 - - [25/Mar/2022:17:10:48 -0500] "POST /BLA/boletinlegal/admin/actos/ingresar.php HTTP/1.1" 200 7236
34.141.253.63 - - [25/Mar/2022:17:11:49 -0500] "GET / HTTP/1.1" 200 319
172.22.2.4 - - [25/Mar/2022:17:12:03 -0500] "POST /BLA/boletinlegal/admin/actos/ingresar.php HTTP/1.1" 200 7236
216.245.221.92 - - [25/Mar/2022:17:12:26 -0500] "HEAD / HTTP/1.1" 200 -
157.55.39.218 - - [25/Mar/2022:17:12:41 -0500] "GET /BLA/resoluciones/index.php?dir=RESOLUCIONES+2021%2F HTTP/1.1" 200 298290
186.29.29.209 - - [25/Mar/2022:17:12:45 -0500] "GET /cuando-un-humedal-es-tu-oficina-la-labor-de-los-administradores-de-estos-ecosistemas.html HTTP/1.1" 200 957
172.22.2.4 - - [25/Mar/2022:17:13:13 -0500] "POST /BLA/boletinlegal/admin/actos/ingresar.php HTTP/1.1" 200 7236
201.245.192.253 - - [25/Mar/2022:17:12:30 -0500] "POST /kwsrmcab/Wsrmcab HTTP/1.1" 200 112517
172.22.2.4 - - [25/Mar/2022:17:11:44 -0500] "HEAD /BLA/boletinlegal/ HTTP/1.1" 200 -
172.22.2.4 - - [25/Mar/2022:17:12:34 -0500] "GET /BLA/boletinlegal/ HTTP/1.1" 200 54090
172.22.2.4 - - [25/Mar/2022:17:14:19 -0500] "POST /BLA/boletinlegal/admin/actos/ingresar.php HTTP/1.1" 200 7236
172.22.2.4 - - [25/Mar/2022:17:15:28 -0500] "POST /BLA/boletinlegal/admin/actos/ingresar.php HTTP/1.1" 200 7236
172.22.2.4 - - [25/Mar/2022:17:16:48 -0500] "POST /BLA/boletinlegal/admin/actos/ingresar.php HTTP/1.1" 200 7236
216.245.221.92 - - [25/Mar/2022:17:17:26 -0500] "HEAD / HTTP/1.1" 200 -
172.22.2.4 - - [25/Mar/2022:17:18:35 -0500] "POST /BLA/boletinlegal/admin/actos/ingresar.php HTTP/1.1" 200 7236
172.22.2.4 - - [25/Mar/2022:17:17:34 -0500] "HEAD /BLA/boletinlegal/ HTTP/1.1" 200 -
191.156.177.12 - - [25/Mar/2022:17:19:40 -0500] "GET /css/date_blue.css HTTP/1.1" 404 1254
191.156.178.179 - - [25/Mar/2022:17:19:40 -0500] "GET /css/fondos.css HTTP/1.1" 404 1254
191.156.178.179 - - [25/Mar/2022:17:19:41 -0500] "GET /css/bordes.css HTTP/1.1" 404 1254
191.156.177.12 - - [25/Mar/2022:17:19:41 -0500] "GET /css/textos.css HTTP/1.1" 404 1254
186.29.182.93 - - [25/Mar/2022:17:19:54 -0500] "GET /portaldeninos/ HTTP/1.1" 200 102040
186.29.182.93 - - [25/Mar/2022:17:19:59 -0500] "GET /portaldeninos/que-es-cambio-climatico HTTP/1.1" 301 -
186.29.182.93 - - [25/Mar/2022:17:19:59 -0500] "GET /portaldeninos/que-es-cambio-climatico/ HTTP/1.1" 200 79306
186.29.182.93 - - [25/Mar/2022:17:20:00 -0500] "GET /portaldeninos/wp-content/uploads/2020/01/Infograf%C3%ADa.gif%22%22 HTTP/1.1" 301 -
172.22.2.4 - - [25/Mar/2022:17:20:01 -0500] "POST /BLA/boletinlegal/admin/actos/ingresar.php HTTP/1.1" 200 7236
186.29.182.93 - - [25/Mar/2022:17:20:00 -0500] "GET /portaldeninos/wp-content/uploads/2020/01/Infograf%C3%ADa.gif HTTP/1.1" 200 965626
172.22.2.4 - - [25/Mar/2022:17:18:24 -0500] "GET /BLA/boletinlegal/ HTTP/1.1" 200 58588
192.168.171.75 - - [25/Mar/2022:17:20:27 -0500] "GET /BLA/boletinlegal/consulta_actos.php?tipo=resoluciones&no=1584&usuario=&sector=&fecha=2021&resuelve= HTTP/1.1" 200 1184
172.22.2.4 - - [25/Mar/2022:17:21:25 -0500] "POST /BLA/boletinlegal/admin/actos/ingresar.php HTTP/1.1" 200 7236
201.245.192.253 - - [25/Mar/2022:17:20:55 -0500] "POST /kwsrmcab/Wsrmcab HTTP/1.1" 200 44998
186.29.68.234 - - [25/Mar/2022:17:22:06 -0500] "GET /galeria/galeria/jquery.fancybox.css?v=2.1.5 HTTP/1.1" 200 4895
186.29.68.234 - - [25/Mar/2022:17:22:06 -0500] "GET /BLA/boletinlegal/js/jquery.scrollShow.js HTTP/1.1" 200 4586
186.29.68.234 - - [25/Mar/2022:17:22:06 -0500] "GET /galeria/galeria/jquery.fancybox.js?v=2.1.5 HTTP/1.1" 200 48706
216.245.221.92 - - [25/Mar/2022:17:22:26 -0500] "HEAD / HTTP/1.1" 200 -
201.245.192.253 - - [25/Mar/2022:17:21:42 -0500] "POST /kwsrmcab/Wsrmcab HTTP/1.1" 200 44476
172.22.2.4 - - [25/Mar/2022:17:22:47 -0500] "POST /BLA/boletinlegal/admin/actos/ingresar.php HTTP/1.1" 200 7236
201.245.192.253 - - [25/Mar/2022:17:22:10 -0500] "POST /kwsrmcab/Wsrmcab HTTP/1.1" 200 112517
186.29.182.93 - - [25/Mar/2022:17:23:16 -0500] "GET /favicon.ico HTTP/1.1" 200 7782
186.29.182.93 - - [25/Mar/2022:17:23:29 -0500] "GET /portaldeninos/residuos HTTP/1.1" 301 -
186.29.182.93 - - [25/Mar/2022:17:23:29 -0500] "GET /portaldeninos/residuos/ HTTP/1.1" 200 80022
186.29.182.93 - - [25/Mar/2022:17:23:30 -0500] "GET /portaldeninos/wp-content/uploads/2021/07/residuos-pagina-ni%C3%B1os.jpg HTTP/1.1" 200 316433
186.29.182.93 - - [25/Mar/2022:17:23:58 -0500] "GET /portaldeninos/gestion-del-riesgo-incendios-forestales HTTP/1.1" 301 -
186.29.182.93 - - [25/Mar/2022:17:23:58 -0500] "GET /portaldeninos/gestion-del-riesgo-incendios-forestales/ HTTP/1.1" 200 79404
172.22.2.4 - - [25/Mar/2022:17:23:59 -0500] "POST /BLA/boletinlegal/admin/actos/ingresar.php HTTP/1.1" 200 7236
186.29.182.93 - - [25/Mar/2022:17:23:59 -0500] "GET /portaldeninos/wp-content/uploads/2019/08/Incendios-forestales-ajustada.gif HTTP/1.1" 200 764832
186.29.182.93 - - [25/Mar/2022:17:24:03 -0500] "GET /portaldeninos/wp-content/uploads/2019/08/Incendios-forestales-ajustada.gif HTTP/1.1" 200 764832
186.29.182.93 - - [25/Mar/2022:17:24:15 -0500] "GET /portaldeninos/agua-y-estructura-ecologica-principal/ HTTP/1.1" 200 80067
207.46.13.194 - - [25/Mar/2022:17:24:26 -0500] "GET /reporte-calidad-del-aire-jueves.html HTTP/1.1" 200 750
186.29.182.93 - - [25/Mar/2022:17:24:32 -0500] "GET /portaldeninos/biodiversidad/ HTTP/1.1" 200 79212
186.29.182.93 - - [25/Mar/2022:17:24:37 -0500] "GET /portaldeninos/wp-content/uploads/2020/01/Fauna-gif.gif HTTP/1.1" 200 1510262
186.29.182.93 - - [25/Mar/2022:17:24:37 -0500] "GET /portaldeninos/wp-content/uploads/2020/01/Fauna-gif.gif HTTP/1.1" 206 2413694
172.22.2.4 - - [25/Mar/2022:17:23:24 -0500] "HEAD /BLA/boletinlegal/ HTTP/1.1" 200 -
172.22.2.4 - - [25/Mar/2022:17:25:19 -0500] "POST /BLA/boletinlegal/admin/actos/ingresar.php HTTP/1.1" 200 7236
172.22.2.4 - - [25/Mar/2022:17:24:15 -0500] "GET /BLA/boletinlegal/ HTTP/1.1" 200 59170
207.46.13.209 - - [25/Mar/2022:17:26:21 -0500] "GET / HTTP/1.1" 200 319
172.22.2.4 - - [25/Mar/2022:17:26:42 -0500] "POST /BLA/boletinlegal/admin/actos/ingresar.php HTTP/1.1" 200 7236
216.245.221.92 - - [25/Mar/2022:17:27:26 -0500] "HEAD / HTTP/1.1" 200 -
207.46.13.43 - - [25/Mar/2022:17:27:29 -0500] "GET /Publicaciones/2022EE26751.pdf HTTP/1.1" 404 227
172.22.2.4 - - [25/Mar/2022:17:28:06 -0500] "POST /BLA/boletinlegal/admin/actos/ingresar.php HTTP/1.1" 200 7236
40.77.167.46 - - [25/Mar/2022:17:28:09 -0500] "GET /BLA/resoluciones/AUTOS%202018/3020.pdf HTTP/1.1" 304 -
172.22.2.4 - - [25/Mar/2022:17:29:19 -0500] "POST /BLA/boletinlegal/admin/actos/ingresar.php HTTP/1.1" 200 7236
186.30.98.19 - - [25/Mar/2022:17:30:05 -0500] "GET /negocios-verdes-de-bogota-se-reuniran-este-fin-de-semana-en-el-centro-comercial-el-retiro.html?fbclid=IwAR3c_V58elknlFGm4PwcXSOWfHZ4ziLm5lYVKWCJtkS1ImXIOXOd6HvDTzs HTTP/1.1" 200 902
172.22.2.4 - - [25/Mar/2022:17:30:31 -0500] "POST /BLA/boletinlegal/admin/actos/ingresar.php HTTP/1.1" 200 7236
172.22.2.4 - - [25/Mar/2022:17:29:14 -0500] "HEAD /BLA/boletinlegal/ HTTP/1.1" 200 -
173.252.107.4 - - [25/Mar/2022:17:31:02 -0500] "GET /programate-para-una-nueva-jornada-de-recoleccion-de-llantas-en-bogota.html HTTP/1.1" 206 913
173.252.107.119 - - [25/Mar/2022:17:31:03 -0500] "GET /programate-para-una-nueva-jornada-de-recoleccion-de-llantas-en-bogota.html HTTP/1.1" 206 913
181.49.165.234 - - [25/Mar/2022:17:31:06 -0500] "GET /galeria/galeria/jquery.fancybox.css?v=2.1.5 HTTP/1.1" 200 4895
181.49.165.234 - - [25/Mar/2022:17:31:06 -0500] "GET /BLA/boletinlegal/js/jquery.scrollShow.js HTTP/1.1" 200 4586
181.49.165.234 - - [25/Mar/2022:17:31:06 -0500] "GET /galeria/galeria/jquery.fancybox.js?v=2.1.5 HTTP/1.1" 200 48706
201.245.192.253 - - [25/Mar/2022:17:30:54 -0500] "POST /kwsrmcab/Wsrmcab HTTP/1.1" 200 44998
172.22.2.4 - - [25/Mar/2022:17:31:43 -0500] "POST /BLA/boletinlegal/admin/actos/ingresar.php HTTP/1.1" 200 7236
172.22.2.4 - - [25/Mar/2022:17:30:04 -0500] "GET /BLA/boletinlegal/ HTTP/1.1" 200 59170
201.245.192.253 - - [25/Mar/2022:17:31:40 -0500] "POST /kwsrmcab/Wsrmcab HTTP/1.1" 200 44476
216.245.221.92 - - [25/Mar/2022:17:32:26 -0500] "HEAD / HTTP/1.1" 200 -
201.245.192.253 - - [25/Mar/2022:17:32:24 -0500] "POST /kwsrmcab/Wsrmcab HTTP/1.1" 200 112517
172.22.2.4 - - [25/Mar/2022:17:33:56 -0500] "GET /BLA/boletinlegal/consulta_actos.php?tipo=resoluciones&no=2718&usuario=&sector=&fecha=2020&resuelve= HTTP/1.1" 200 2580
172.22.2.4 - - [25/Mar/2022:17:34:03 -0500] "POST /BLA/boletinlegal/admin/actos/ingresar.php HTTP/1.1" 200 7236
172.22.2.4 - - [25/Mar/2022:17:35:13 -0500] "GET /BLA/boletinlegal/consulta_actos.php?tipo=resoluciones&no=4509&usuario=&sector=&fecha=2021&resuelve= HTTP/1.1" 200 1224
172.22.2.4 - - [25/Mar/2022:17:35:56 -0500] "POST /BLA/boletinlegal/admin/actos/ingresar.php HTTP/1.1" 200 7236
199.16.157.181 - - [25/Mar/2022:17:36:02 -0500] "GET /documents/10184/2325415/pieza-concurso-buenas-practicas-20-septiembre.jpg HTTP/1.1" 404 1030
199.16.157.182 - - [25/Mar/2022:17:36:10 -0500] "GET /documents/10184/2325415/pieza-concurso-buenas-practicas-20-septiembre.jpg HTTP/1.1" 404 1030
186.119.91.168 - - [25/Mar/2022:17:36:14 -0500] "GET /galeria/galeria/jquery.fancybox.css?v=2.1.5 HTTP/1.1" 200 4895
172.22.2.4 - - [25/Mar/2022:17:35:04 -0500] "HEAD /BLA/boletinlegal/ HTTP/1.1" 200 -
152.228.167.63 - - [25/Mar/2022:17:37:03 -0500] "GET /documents/10184/2325415/pieza-concurso-buenas-practicas-20-septiembre.jpg HTTP/1.1" 404 1030
216.245.221.92 - - [25/Mar/2022:17:37:26 -0500] "HEAD / HTTP/1.1" 200 -
172.22.2.4 - - [25/Mar/2022:17:37:26 -0500] "GET /BLA/boletinlegal/consulta_actos.php?tipo=autos&no=4873&usuario=&sector=&fecha=2017&resuelve= HTTP/1.1" 200 2410
172.22.2.4 - - [25/Mar/2022:17:35:54 -0500] "GET /BLA/boletinlegal/ HTTP/1.1" 200 49718
172.22.2.4 - - [25/Mar/2022:17:37:59 -0500] "GET /BLA/boletinlegal/consulta_actos.php?tipo=autos&no=3504&usuario=&sector=&fecha=2017&resuelve= HTTP/1.1" 200 626
172.22.2.4 - - [25/Mar/2022:17:38:00 -0500] "POST /BLA/boletinlegal/admin/actos/ingresar.php HTTP/1.1" 200 7236
172.22.2.4 - - [25/Mar/2022:17:38:05 -0500] "GET /BLA/boletinlegal/consulta_actos.php?tipo=autos&no=3504&usuario=&sector=&fecha=2017&resuelve= HTTP/1.1" 200 626
172.22.2.4 - - [25/Mar/2022:17:38:21 -0500] "GET /BLA/boletinlegal/consulta_actos.php?tipo=resoluciones&no=3504&usuario=&sector=&fecha=2017&resuelve= HTTP/1.1" 200 2383
172.22.2.4 - - [25/Mar/2022:17:36:43 -0500] "GET /BLA/boletinlegal/ HTTP/1.1" 200 59170
31.148.131.21 - - [25/Mar/2022:17:38:38 -0500] "GET /bla/resoluciones/notificaciones/autos%202020/1218.pdf HTTP/1.1" 200 1023551
192.168.171.75 - - [25/Mar/2022:17:38:57 -0500] "GET /BLA/boletinlegal/consulta_actos.php?tipo=resoluciones&no=2646&usuario=&sector=&fecha=2021&resuelve= HTTP/1.1" 200 1144
192.168.171.75 - - [25/Mar/2022:17:39:21 -0500] "GET /BLA/boletinlegal/consulta_actos.php?tipo=resoluciones&no=2647&usuario=&sector=&fecha=2021&resuelve= HTTP/1.1" 200 1144
192.168.171.75 - - [25/Mar/2022:17:39:28 -0500] "GET /BLA/boletinlegal/consulta_actos.php?tipo=resoluciones&no=2649&usuario=&sector=&fecha=2021&resuelve= HTTP/1.1" 200 1144
192.168.171.75 - - [25/Mar/2022:17:39:37 -0500] "GET /BLA/boletinlegal/consulta_actos.php?tipo=resoluciones&no=2665&usuario=&sector=&fecha=2021&resuelve= HTTP/1.1" 200 1147
190.27.22.0 - - [25/Mar/2022:17:40:12 -0500] "GET /galeria/galeria/jquery.fancybox.css?v=2.1.5 HTTP/1.1" 200 4895
172.22.2.4 - - [25/Mar/2022:17:40:39 -0500] "GET /BLA/boletinlegal/Circulares/2022/CIRCULAR%20No.%2000003%20DEL%2007%20DE%20MARZO%20DEL%202022.pdf HTTP/1.1" 404 1038
172.22.2.4 - - [25/Mar/2022:17:40:39 -0500] "POST /BLA/boletinlegal/admin/actos/ingresar.php HTTP/1.1" 200 7236
172.22.2.4 - - [25/Mar/2022:17:40:42 -0500] "GET /BLA/boletinlegal/Circulares/2021/CIRCULAR%20No.%2000009%20DEL%2001%20DE%20OCTUBRE%20DEL%202021.pdf HTTP/1.1" 200 320793
172.22.2.4 - - [25/Mar/2022:17:40:49 -0500] "GET /BLA/boletinlegal/Circulares/2021/CIRCULAR%20No.%2000007%20DEL%2010%20DE%20AGOSTO%20DEL%202021.pdf HTTP/1.1" 200 266364
172.22.2.4 - - [25/Mar/2022:17:41:09 -0500] "GET /BLA/boletinlegal/Circulares/2021/CIRCULAR%20No.%2000006%20DEL%2005%20DE%20AGOSTO%20DEL%202021.pdf HTTP/1.1" 200 249615
172.22.2.4 - - [25/Mar/2022:17:41:33 -0500] "GET /BLA/boletinlegal/Circulares/2020/Circular%20No.%2000018%20del%2002%20de%20diciembre%20del%202020.pdf HTTP/1.1" 200 276868
201.245.192.253 - - [25/Mar/2022:17:40:54 -0500] "POST /kwsrmcab/Wsrmcab HTTP/1.1" 200 44998
172.22.2.4 - - [25/Mar/2022:17:41:53 -0500] "GET /BLA/boletinlegal/Circulares/2020/Circular%2000010%20del%2027%20de%20julio%20de%202020.pdf HTTP/1.1" 200 422655
172.22.2.4 - - [25/Mar/2022:17:41:58 -0500] "POST /BLA/boletinlegal/admin/actos/ingresar.php HTTP/1.1" 200 7236
172.22.2.4 - - [25/Mar/2022:17:42:09 -0500] "GET /BLA/boletinlegal/Circulares/2020/CIRCULAR%20No.%2000019%20DEL%2018%20DE%20DICIEMBRE%20DEL%202020.pdf HTTP/1.1" 200 307959
201.245.192.253 - - [25/Mar/2022:17:41:39 -0500] "POST /kwsrmcab/Wsrmcab HTTP/1.1" 200 44476
216.245.221.92 - - [25/Mar/2022:17:42:26 -0500] "HEAD / HTTP/1.1" 200 -
172.22.2.4 - - [25/Mar/2022:17:42:32 -0500] "GET /BLA/boletinlegal/Circulares/2020/CIRCULAR%20No.%2000014%20del%2001%20de%20septiembre%20del%202020.pdf HTTP/1.1" 200 320826
172.22.2.4 - - [25/Mar/2022:17:40:54 -0500] "HEAD /BLA/boletinlegal/ HTTP/1.1" 200 -
66.249.73.127 - - [25/Mar/2022:17:42:45 -0500] "-" 408 -
172.22.2.4 - - [25/Mar/2022:17:42:48 -0500] "GET /BLA/boletinlegal/Circulares/2019/Circular%20No.%2012%20del%2014%20de%20Marzo%20de%202019.pdf HTTP/1.1" 200 344384
190.25.230.98 - - [25/Mar/2022:17:42:58 -0500] "GET /un-animal-adulto-espera-renacer-de-tu-mano-adopta.html HTTP/1.1" 200 1028
172.22.2.4 - - [25/Mar/2022:17:43:02 -0500] "GET /BLA/boletinlegal/Circulares/2019/Circular%20No.%20006%20del%2008%20de%20Febrero%20de%202019.pdf HTTP/1.1" 200 674401
172.22.2.4 - - [25/Mar/2022:17:43:06 -0500] "GET /BLA/boletinlegal/Circulares/2019/Circular%20No.%200015%20del%2003%20de%20Octubre%20de%202019.pdf HTTP/1.1" 200 165608
201.245.192.253 - - [25/Mar/2022:17:42:25 -0500] "POST /kwsrmcab/Wsrmcab HTTP/1.1" 200 112517
172.22.2.4 - - [25/Mar/2022:17:43:11 -0500] "POST /BLA/boletinlegal/admin/actos/ingresar.php HTTP/1.1" 200 7236
172.22.2.4 - - [25/Mar/2022:17:43:18 -0500] "GET /BLA/boletinlegal/Circulares/2019/Circular%20No.%200005%20del%2020%20de%20Marzo%20de%202019.pdf HTTP/1.1" 200 159877
172.22.2.4 - - [25/Mar/2022:17:41:44 -0500] "GET /BLA/boletinlegal/ HTTP/1.1" 200 52945
172.22.2.4 - - [25/Mar/2022:17:43:34 -0500] "GET /BLA/boletinlegal/Circulares/2019/Circular%20No.%200003%20del%2031%20de%20Enero%20de%202019.pdf HTTP/1.1" 200 164676
172.22.2.4 - - [25/Mar/2022:17:43:51 -0500] "GET /BLA/boletinlegal/Circulares/2019/Circular%2000020%20del%2020%20de%20diciembre%20de%202019.pdf HTTP/1.1" 200 145170
172.22.2.4 - - [25/Mar/2022:17:43:59 -0500] "GET /BLA/boletinlegal/Circulares/2019/Circular%2000018%20del%2020%20de%20noviembre%20de%202019.pdf HTTP/1.1" 200 158030
34.86.177.154 - - [25/Mar/2022:17:44:09 -0500] "-" 408 -
172.22.2.4 - - [25/Mar/2022:17:44:20 -0500] "GET /BLA/boletinlegal/Circulares/2019/.pdf HTTP/1.1" 404 1218
172.22.2.4 - - [25/Mar/2022:17:44:23 -0500] "POST /BLA/boletinlegal/admin/actos/ingresar.php HTTP/1.1" 200 7236
172.22.2.4 - - [25/Mar/2022:17:44:24 -0500] "GET /BLA/boletinlegal/Circulares/2018/Circular%20No.%2011%20del%2024%20de%20Septiembre%20de%202018.pdf HTTP/1.1" 200 169541
172.22.2.4 - - [25/Mar/2022:17:44:39 -0500] "GET /BLA/boletinlegal/Circulares/2018/Circular%20No.%2010%20del%2021%20de%20Septiembre%20de%202018.pdf HTTP/1.1" 200 163426
172.22.2.4 - - [25/Mar/2022:17:44:47 -0500] "GET /BLA/boletinlegal/Circulares/2018/Circular%20No.%200015%20del%207%20de%20Diciembre%20de%202018.pdf HTTP/1.1" 200 165305
172.22.2.4 - - [25/Mar/2022:17:45:01 -0500] "GET /BLA/boletinlegal/Circulares/2018/CIRCULAR%20COJUNTA%20042%20DE%202018.pdf HTTP/1.1" 200 515008
172.22.2.4 - - [25/Mar/2022:17:45:15 -0500] "GET /BLA/boletinlegal/Circulares/2017/Circular%20No.%202%20del%201%20de%20Septiembre%20de%202017.pdf HTTP/1.1" 200 152575
172.22.2.4 - - [25/Mar/2022:17:45:20 -0500] "GET /BLA/boletinlegal/.git/config HTTP/1.1" 404 1018
172.22.2.4 - - [25/Mar/2022:17:45:27 -0500] "GET /BLA/boletinlegal/Circulares/2017/Circular%20No.%201%20del%2030%20de%20Marzo%20de%202017.pdf HTTP/1.1" 200 668532
172.22.2.4 - - [25/Mar/2022:17:45:38 -0500] "POST /BLA/boletinlegal/admin/actos/ingresar.php HTTP/1.1" 200 7236
172.22.2.4 - - [25/Mar/2022:17:45:49 -0500] "GET /BLA/boletinlegal/Circulares/2017/Circular%20No.%2007%20del%2028%20de%20Abril%20de%202017.pdf HTTP/1.1" 200 309906
172.22.2.4 - - [25/Mar/2022:17:46:20 -0500] "GET /BLA/boletinlegal/Circulares/2017/Circular%20No.%20011%20del%2005%20de%20julio%20de%202017.pdf HTTP/1.1" 200 965526
172.22.2.4 - - [25/Mar/2022:17:46:48 -0500] "GET /BLA/boletinlegal/Circulares/2015/Circular%20No.%202%20del%201%20de%20julio%20de%202015.pdf HTTP/1.1" 200 752890
172.22.2.4 - - [25/Mar/2022:17:46:59 -0500] "POST /BLA/boletinlegal/admin/actos/ingresar.php HTTP/1.1" 200 7236
172.22.2.4 - - [25/Mar/2022:17:47:00 -0500] "GET /BLA/boletinlegal/Circulares/2015/Circular%20No.%201%20del%2010%20de%20Febrero%20de%202015.pdf HTTP/1.1" 200 660637
199.59.150.182 - - [25/Mar/2022:17:47:08 -0500] "GET /images/liberacion-tinguas-azul-humedal-jaboque-fotoprincipal-26-enero.jpg HTTP/1.1" 200 80757
199.59.150.182 - - [25/Mar/2022:17:47:08 -0500] "GET /images/liberacion-tinguas-azul-humedal-jaboque-fotoprincipal-26-enero.jpg HTTP/1.1" 200 80757
199.59.150.180 - - [25/Mar/2022:17:47:08 -0500] "GET /30-tinguas-azules-volvieron-a-alzar-vuelo-en-el-humedal-jaboque-en-engativa.html HTTP/1.1" 200 1102
172.22.2.4 - - [25/Mar/2022:17:47:14 -0500] "GET /BLA/boletinlegal/Circulares/2014/Circular%20No.%203%20del%2014%20de%20Noviembre%20de%202014.pdf HTTP/1.1" 200 104132
172.22.2.4 - - [25/Mar/2022:17:47:21 -0500] "GET /BLA/boletinlegal/Circulares/2014/Circular%20No.%202%20del%2021%20de%20septiembre%20de%202014.pdf HTTP/1.1" 200 143376
216.245.221.92 - - [25/Mar/2022:17:47:26 -0500] "HEAD / HTTP/1.1" 200 -
172.22.2.4 - - [25/Mar/2022:17:47:36 -0500] "GET /BLA/boletinlegal/Circulares/2014/Circular%20No.%201%20del%2008%20de%20Mayo%20de%202014.pdf HTTP/1.1" 200 180124
172.22.2.4 - - [25/Mar/2022:17:47:38 -0500] "GET /BLA/boletinlegal/admin/admin.php HTTP/1.1" 302 -
172.22.2.4 - - [25/Mar/2022:17:47:39 -0500] "GET /BLA/boletinlegal/Circulares/2013/Circular%20No.%208%20del%201%20de%20Noviembre%20de%202013.pdf HTTP/1.1" 200 385156
172.22.2.4 - - [25/Mar/2022:17:47:53 -0500] "GET /BLA/boletinlegal/Circulares/2013/Circular%20No.%207%20del%201%20de%20Agosto%20de%202013.pdf HTTP/1.1" 200 340934
172.22.2.4 - - [25/Mar/2022:17:47:38 -0500] "GET /BLA/boletinlegal/admin/index.php HTTP/1.1" 200 7017
172.22.2.4 - - [25/Mar/2022:17:47:55 -0500] "GET /BLA/boletinlegal/admin/index_files/index_files/tback.gif HTTP/1.1" 404 1362
172.22.2.4 - - [25/Mar/2022:17:48:02 -0500] "GET /BLA/boletinlegal/admin/usuarios/process.php HTTP/1.1" 302 -
172.22.2.4 - - [25/Mar/2022:17:48:02 -0500] "GET /BLA/boletinlegal/admin/index.php HTTP/1.1" 200 2324
172.22.2.4 - - [25/Mar/2022:17:48:04 -0500] "GET /BLA/boletinlegal/Circulares/2013/Circular%20No.%206%20del%2019%20de%20julio%20de%202013.pdf HTTP/1.1" 200 4210437
172.22.2.4 - - [25/Mar/2022:17:46:44 -0500] "HEAD /BLA/boletinlegal/ HTTP/1.1" 200 -
172.22.2.4 - - [25/Mar/2022:17:48:26 -0500] "GET /BLA/boletinlegal/Circulares/2013/Circular%20No.%205%20del%2013%20de%20junio%20de%202013.pdf HTTP/1.1" 200 110904
172.22.2.4 - - [25/Mar/2022:17:48:40 -0500] "GET /BLA/boletinlegal/Circulares/2013/Circular%20No.%204%20del%2005%20de%20junio%20de%202013.pdf HTTP/1.1" 200 130461
172.22.2.4 - - [25/Mar/2022:17:48:54 -0500] "GET /BLA/boletinlegal/Circulares/2013/Circular%20No.%203%20del%2005%20de%20abril%20de%202013.pdf HTTP/1.1" 200 93580
192.168.171.75 - - [25/Mar/2022:17:49:12 -0500] "GET /BLA/boletinlegal/consulta_actos.php?tipo=resoluciones&no=2646&usuario=&sector=&fecha=2021&resuelve= HTTP/1.1" 200 1144
172.22.2.4 - - [25/Mar/2022:17:47:34 -0500] "GET /BLA/boletinlegal/ HTTP/1.1" 200 61416
172.22.2.4 - - [25/Mar/2022:17:49:23 -0500] "GET /BLA/boletinlegal/Circulares/2013/Circular%20No.%202%20del%2022%20de%20enero%20de%202013.pdf HTTP/1.1" 200 85466
172.22.2.4 - - [25/Mar/2022:17:49:47 -0500] "GET /BLA/boletinlegal/Circulares/2013/Circular%20No.%201%20del%2014%20de%20enero%20de%202013.pdf HTTP/1.1" 200 1298384
172.22.2.4 - - [25/Mar/2022:17:49:57 -0500] "GET /BLA/boletinlegal/Circulares/2012/Circular%20No.%209%20del%2021%20de%20Agosto%20de%202012.pdf HTTP/1.1" 200 1402289
172.22.2.4 - - [25/Mar/2022:17:50:25 -0500] "GET /BLA/boletinlegal/Circulares/2012/Circular%20No.%208%20del%2021%20de%20Agosto%20de%202012.pdf HTTP/1.1" 200 963197
172.22.2.4 - - [25/Mar/2022:17:50:33 -0500] "GET /BLA/boletinlegal/Circulares/2012/Circular%20No.%207%20del%2008%20de%20Agosto%20de%202012.pdf HTTP/1.1" 200 972955
83.33.104.103 - - [25/Mar/2022:17:50:34 -0500] "GET /BLA/resoluciones/RESOLUCIONES%202019/2086.pdf HTTP/1.1" 200 1245635
172.22.2.4 - - [25/Mar/2022:17:50:48 -0500] "GET /BLA/boletinlegal/Circulares/2012/Circular%20No.%206%20del%2025%20de%20Mayo%20de%202012.pdf HTTP/1.1" 200 387391
172.22.2.4 - - [25/Mar/2022:17:51:03 -0500] "GET /BLA/boletinlegal/Circulares/2012/Circular%20No.%205%20del%2027%20de%20Abril%20de%202012.pdf HTTP/1.1" 200 216613
172.22.2.4 - - [25/Mar/2022:17:51:15 -0500] "GET /BLA/boletinlegal/Circulares/2012/Circular%20No.%204%20del%2019%20de%20abril%20de%202012.pdf HTTP/1.1" 200 253045
172.22.2.4 - - [25/Mar/2022:17:51:32 -0500] "GET /BLA/boletinlegal/Circulares/2012/Circular%20No.%203%20del%2023%20de%20Marzo%20de%202012.pdf HTTP/1.1" 200 572950
172.22.2.4 - - [25/Mar/2022:17:51:44 -0500] "GET /BLA/boletinlegal/Circulares/2012/Circular%20No.%202%20del%2014%20de%20Marzo%20de%202012.pdf HTTP/1.1" 200 113666
172.22.2.4 - - [25/Mar/2022:17:52:01 -0500] "GET /BLA/boletinlegal/Circulares/2012/Circular%20No.%2016%20del%2022%20de%20octubre%20de%202012.pdf HTTP/1.1" 200 381186
172.22.2.4 - - [25/Mar/2022:17:52:19 -0500] "GET /BLA/boletinlegal/Circulares/2012/Circular%20No.%2015%20del%2022%20de%20octubre%20de%202012.pdf HTTP/1.1" 200 486506
216.245.221.92 - - [25/Mar/2022:17:52:26 -0500] "HEAD / HTTP/1.1" 200 -
172.22.2.4 - - [25/Mar/2022:17:52:36 -0500] "GET /BLA/boletinlegal/Circulares/2012/Circular%20No.%2014%20del%2011%20de%20Septiembre%20de%202012.pdf HTTP/1.1" 200 3427471
172.22.2.4 - - [25/Mar/2022:17:52:54 -0500] "GET /BLA/boletinlegal/Circulares/2012/Circular%20No.%2013%20del%2006%20de%20Septiembre%20de%202012.pdf HTTP/1.1" 200 351421
201.245.192.253 - - [25/Mar/2022:17:52:20 -0500] "POST /kwsrmcab/Wsrmcab HTTP/1.1" 200 112517
172.22.2.4 - - [25/Mar/2022:17:53:18 -0500] "GET /BLA/boletinlegal/Circulares/2012/Circular%20No.%2012%20del%2028%20de%20Agosto%20de%202012.pdf HTTP/1.1" 200 369945
173.252.95.7 - - [25/Mar/2022:17:53:19 -0500] "GET /en-el-ultimo-ano-fueron-recuperados-mas-de-12-mil-especimenes-silvestres-en-bogota.html HTTP/1.1" 206 1150
173.252.95.20 - - [25/Mar/2022:17:53:19 -0500] "GET /en-el-ultimo-ano-fueron-recuperados-mas-de-12-mil-especimenes-silvestres-en-bogota.html HTTP/1.1" 206 1150
66.220.149.2 - - [25/Mar/2022:17:53:22 -0500] "GET /images/mono-pelo-blanco-15-enero.jpg HTTP/1.1" 200 28164
172.22.2.4 - - [25/Mar/2022:17:53:30 -0500] "GET /BLA/boletinlegal/Circulares/2012/Circular%20No.%2011%20del%2027%20de%20Agosto%20de%202012.pdf HTTP/1.1" 200 526945
172.22.2.4 - - [25/Mar/2022:17:53:38 -0500] "GET /BLA/boletinlegal/Circulares/2012/Circular%20No.%2010%20del%2026%20de%20Enero%20de%202012.pdf HTTP/1.1" 404 1218
172.22.2.4 - - [25/Mar/2022:17:53:41 -0500] "GET /BLA/boletinlegal/Circulares/2012/Circular%20No.%2010%20del%2022%20de%20Agosto%20de%202012.pdf HTTP/1.1" 200 1563219
172.22.2.4 - - [25/Mar/2022:17:53:53 -0500] "GET /BLA/boletinlegal/Circulares/2012/Circular%20No.%201%20del%2017%20de%20Enero%20de%202012.pdf HTTP/1.1" 200 1118749
66.249.73.127 - - [25/Mar/2022:17:54:10 -0500] "-" 408 -
172.22.2.4 - - [25/Mar/2022:17:52:34 -0500] "HEAD /BLA/boletinlegal/ HTTP/1.1" 200 -
172.22.2.4 - - [25/Mar/2022:17:54:22 -0500] "GET /BLA/boletinlegal/Circulares/2011/Circular%20No.%209%20del%2003%20de%20Noviembre%20de%202011.pdf HTTP/1.1" 200 54568
34.77.162.16 - - [25/Mar/2022:17:54:28 -0500] "GET / HTTP/1.1" 200 319
172.22.2.4 - - [25/Mar/2022:17:54:48 -0500] "GET /BLA/boletinlegal/Circulares/2011/Circular%20No.%208%20del%2020%20de%20Septiembre%20de%202011.pdf HTTP/1.1" 200 285158
172.22.2.4 - - [25/Mar/2022:17:55:03 -0500] "GET /BLA/boletinlegal/Circulares/2011/Circular%20No.%207%20del%2023%20de%20Diciembre%20de%202011.pdf HTTP/1.1" 200 1107785
172.22.2.4 - - [25/Mar/2022:17:53:24 -0500] "GET /BLA/boletinlegal/ HTTP/1.1" 200 52945
172.22.2.4 - - [25/Mar/2022:17:55:13 -0500] "GET /BLA/boletinlegal/Circulares/2011/Circular%20No.%207%20del%2015%20de%20Septiembre%20de%202011.pdf HTTP/1.1" 200 314873
172.22.2.4 - - [25/Mar/2022:17:55:34 -0500] "GET /BLA/boletinlegal/Circulares/2011/Circular%20No.%206%20del%2029%20de%20Julio%20de%202011.pdf HTTP/1.1" 200 262144
172.22.2.4 - - [25/Mar/2022:17:55:46 -0500] "GET /BLA/boletinlegal/style.css HTTP/1.1" 200 9406
172.22.2.4 - - [25/Mar/2022:17:55:46 -0500] "GET /BLA/boletinlegal/styles2.css HTTP/1.1" 200 1838
172.22.2.4 - - [25/Mar/2022:17:55:46 -0500] "GET /BLA/boletinlegal/js/jquery.js HTTP/1.1" 200 57254
172.22.2.4 - - [25/Mar/2022:17:55:46 -0500] "GET /BLA/boletinlegal/js/jquery.scrollTo-min.js HTTP/1.1" 200 1150
172.22.2.4 - - [25/Mar/2022:17:55:46 -0500] "GET /BLA/boletinlegal/js/jquery.scrollShow.js HTTP/1.1" 200 4586
172.22.2.4 - - [25/Mar/2022:17:55:46 -0500] "GET /BLA/boletinlegal/images/cabezote%20BLEGAL.jpg HTTP/1.1" 200 118164
172.22.2.4 - - [25/Mar/2022:17:55:46 -0500] "GET /BLA/boletinlegal/images/subscribe-icon-big.png HTTP/1.1" 200 47702
172.22.2.4 - - [25/Mar/2022:17:55:46 -0500] "GET /BLA/boletinlegal/images/historia.png HTTP/1.1" 200 52775
172.22.2.4 - - [25/Mar/2022:17:55:46 -0500] "GET /BLA/boletinlegal/images/registro-usuarios.png HTTP/1.1" 200 8106
172.22.2.4 - - [25/Mar/2022:17:55:46 -0500] "GET /BLA/boletinlegal/images/arr_l.jpg HTTP/1.1" 200 1979
172.22.2.4 - - [25/Mar/2022:17:55:46 -0500] "GET /BLA/boletinlegal/images/screen_1.png HTTP/1.1" 200 202547
172.22.2.4 - - [25/Mar/2022:17:55:46 -0500] "GET /BLA/boletinlegal/images/launch.jpg HTTP/1.1" 200 14577
172.22.2.4 - - [25/Mar/2022:17:55:46 -0500] "GET /BLA/boletinlegal/images/body_bg.jpg HTTP/1.1" 200 1601
172.22.2.4 - - [25/Mar/2022:17:55:46 -0500] "GET /BLA/boletinlegal/images/menu_lft.gif HTTP/1.1" 200 1713
172.22.2.4 - - [25/Mar/2022:17:55:46 -0500] "GET /BLA/boletinlegal/images/menu_rght.gif HTTP/1.1" 200 1627
172.22.2.4 - - [25/Mar/2022:17:55:46 -0500] "GET /BLA/boletinlegal/images/bg_top.jpg HTTP/1.1" 200 522
172.22.2.4 - - [25/Mar/2022:17:55:46 -0500] "GET /BLA/boletinlegal/images/menu_bg.jpg HTTP/1.1" 200 620
172.22.2.4 - - [25/Mar/2022:17:55:46 -0500] "GET /BLA/boletinlegal/images/hover.jpg HTTP/1.1" 200 640
172.22.2.4 - - [25/Mar/2022:17:55:46 -0500] "GET /BLA/boletinlegal/images/text.jpg HTTP/1.1" 200 568
172.22.2.4 - - [25/Mar/2022:17:55:51 -0500] "GET /BLA/boletinlegal/Circulares/2011/Circular%20No.%206%20del%2023%20de%20Septiembre%20de%202011.pdf HTTP/1.1" 200 252800
172.22.2.4 - - [25/Mar/2022:17:55:53 -0500] "GET /BLA/boletinlegal/images/screen_2.png HTTP/1.1" 200 362502
172.22.2.4 - - [25/Mar/2022:17:55:53 -0500] "GET /BLA/boletinlegal/images/screen_3.png HTTP/1.1" 200 210620
172.22.2.4 - - [25/Mar/2022:17:55:53 -0500] "GET /BLA/boletinlegal/images/screen_5.png HTTP/1.1" 200 368876
172.22.2.4 - - [25/Mar/2022:17:55:53 -0500] "GET /BLA/boletinlegal/images/footer_bg.jpg HTTP/1.1" 200 586
172.22.2.4 - - [25/Mar/2022:17:55:53 -0500] "GET /BLA/boletinlegal/images/arr_r.jpg HTTP/1.1" 200 1998
172.22.2.4 - - [25/Mar/2022:17:56:01 -0500] "GET /BLA/boletinlegal/images/pdf.gif HTTP/1.1" 200 567
172.22.2.4 - - [25/Mar/2022:17:56:34 -0500] "GET /BLA/boletinlegal/Circulares/2011/Circular%20No.%205%20del%2014%20de%20Julio%20de%202011.pdf HTTP/1.1" 200 1488992
186.155.136.191 - - [25/Mar/2022:17:56:36 -0500] "GET /cuando-un-humedal-es-tu-oficina-la-labor-de-los-administradores-de-estos-ecosistemas.html HTTP/1.1" 200 957
190.25.77.160 - - [25/Mar/2022:17:56:42 -0500] "GET /BLA/resoluciones/ HTTP/1.1" 200 13093
190.25.77.160 - - [25/Mar/2022:17:56:42 -0500] "GET /BLA/resoluciones/dlf/styles.css HTTP/1.1" 200 3049
190.25.77.160 - - [25/Mar/2022:17:56:42 -0500] "GET /BLA/resoluciones/dlf/folder.png HTTP/1.1" 200 410
190.25.77.160 - - [25/Mar/2022:17:56:42 -0500] "GET /BLA/resoluciones/dlf/bg.gif HTTP/1.1" 200 54
190.25.77.160 - - [25/Mar/2022:17:56:42 -0500] "GET /favicon.ico HTTP/1.1" 200 7782
172.22.2.4 - - [25/Mar/2022:17:56:57 -0500] "GET /BLA/boletinlegal/Circulares/2011/Circular%20No.%205%20del%2012%20de%20Agosto%20de%202011.pdf HTTP/1.1" 200 431796
186.80.102.210 - - [25/Mar/2022:17:57:04 -0500] "GET /cuando-un-humedal-es-tu-oficina-la-labor-de-los-administradores-de-estos-ecosistemas.html HTTP/1.1" 200 957
172.22.2.4 - - [25/Mar/2022:17:57:05 -0500] "GET /BLA/boletinlegal/Circulares/2011/Circular%20No.%204%20del%2012%20de%20Agosto%20de%202011.pdf HTTP/1.1" 200 601047
172.22.2.4 - - [25/Mar/2022:17:57:18 -0500] "GET /BLA/boletinlegal/Circulares/2019/Circular%20No.%20006%20del%2008%20de%20Febrero%20de%202019.pdf HTTP/1.1" 200 674401
216.245.221.92 - - [25/Mar/2022:17:57:26 -0500] "HEAD / HTTP/1.1" 200 -
172.22.2.4 - - [25/Mar/2022:17:55:46 -0500] "GET /BLA/boletinlegal/ HTTP/1.1" 200 63729
172.22.2.4 - - [25/Mar/2022:17:57:30 -0500] "GET /BLA/boletinlegal/Circulares/2014/Circular%20No.%201%20del%2008%20de%20Mayo%20de%202014.pdf HTTP/1.1" 200 180124
114.119.134.231 - - [25/Mar/2022:17:57:30 -0500] "-" 408 -
156.146.37.95 - - [25/Mar/2022:17:57:45 -0500] "GET /wp-login.php HTTP/1.1" 404 1035
172.22.2.4 - - [25/Mar/2022:17:57:46 -0500] "GET /BLA/boletinlegal/wp-login.php HTTP/1.1" 404 1038
114.119.150.57 - - [25/Mar/2022:17:58:01 -0500] "-" 408 -
172.22.2.4 - - [25/Mar/2022:17:58:23 -0500] "GET /BLA/boletinlegal/actos.php HTTP/1.1" 200 9555
172.22.2.4 - - [25/Mar/2022:17:58:23 -0500] "GET /BLA/boletinlegal/niceforms.js HTTP/1.1" 200 22876
172.22.2.4 - - [25/Mar/2022:17:58:23 -0500] "GET /BLA/boletinlegal/js/ajax_actos.js HTTP/1.1" 200 1322
172.22.2.4 - - [25/Mar/2022:17:58:23 -0500] "GET /BLA/boletinlegal/niceforms-default.css HTTP/1.1" 200 6694
172.22.2.4 - - [25/Mar/2022:17:58:23 -0500] "GET /BLA/boletinlegal/js/popup.js HTTP/1.1" 200 1270
172.22.2.4 - - [25/Mar/2022:17:58:23 -0500] "GET /BLA/boletinlegal/js/lib.js HTTP/1.1" 200 6474
172.22.2.4 - - [25/Mar/2022:17:58:23 -0500] "GET /BLA/boletinlegal/js/jquery1.js HTTP/1.1" 200 29846
172.22.2.4 - - [25/Mar/2022:17:58:23 -0500] "GET /BLA/boletinlegal/images/green-yellow-blue-pink-th.png HTTP/1.1" 200 7394
172.22.2.4 - - [25/Mar/2022:17:58:23 -0500] "GET /BLA/boletinlegal/images/abajo.png HTTP/1.1" 200 96676
172.22.2.4 - - [25/Mar/2022:17:58:23 -0500] "GET /BLA/boletinlegal/images/tel.png HTTP/1.1" 200 14477
172.22.2.4 - - [25/Mar/2022:17:58:23 -0500] "GET /BLA/boletinlegal/images/icono-email.png HTTP/1.1" 200 5544
172.22.2.4 - - [25/Mar/2022:17:58:23 -0500] "GET /BLA/boletinlegal/images/footer_bg_l.jpg HTTP/1.1" 200 776
172.22.2.4 - - [25/Mar/2022:17:58:23 -0500] "GET /BLA/boletinlegal/img/0.png HTTP/1.1" 200 110
172.22.2.4 - - [25/Mar/2022:17:58:23 -0500] "GET /BLA/boletinlegal/img/select-left.png HTTP/1.1" 200 263
172.22.2.4 - - [25/Mar/2022:17:58:23 -0500] "GET /BLA/boletinlegal/img/select-right.png HTTP/1.1" 200 44019
172.22.2.4 - - [25/Mar/2022:17:58:23 -0500] "GET /BLA/boletinlegal/img/button-left.png HTTP/1.1" 200 57071
172.22.2.4 - - [25/Mar/2022:17:58:23 -0500] "GET /BLA/boletinlegal/img/button.png HTTP/1.1" 200 43241
172.22.2.4 - - [25/Mar/2022:17:58:23 -0500] "GET /BLA/boletinlegal/img/button-right.png HTTP/1.1" 200 57878
114.119.128.19 - - [25/Mar/2022:17:58:37 -0500] "-" 408 -
186.84.22.142 - - [25/Mar/2022:17:59:12 -0500] "-" 408 -
186.84.22.142 - - [25/Mar/2022:17:59:12 -0500] "-" 408 -
172.22.2.4 - - [25/Mar/2022:17:58:24 -0500] "HEAD /BLA/boletinlegal/ HTTP/1.1" 200 -
172.22.2.4 - - [25/Mar/2022:17:59:14 -0500] "GET /BLA/boletinlegal/ HTTP/1.1" 200 58588
66.249.73.127 - - [25/Mar/2022:18:01:38 -0500] "-" 408 -
191.156.53.204 - - [25/Mar/2022:18:01:53 -0500] "GET /sipse/faces/index.xhtml HTTP/1.1" 200 677
191.156.53.204 - - [25/Mar/2022:18:01:54 -0500] "GET /sipse/faces/javax.faces.resource/theme.css?ln=primefaces-sipse HTTP/1.1" 200 50058
191.156.52.189 - - [25/Mar/2022:18:01:54 -0500] "GET /favicon.ico HTTP/1.1" 200 7782
191.156.53.204 - - [25/Mar/2022:18:01:54 -0500] "GET /sipse/faces/faces/autenticacion.xhtml HTTP/1.1" 200 12179
191.156.52.189 - - [25/Mar/2022:18:01:54 -0500] "GET /sipse/js/disable_browser_buttons.js HTTP/1.1" 200 3230
191.156.53.204 - - [25/Mar/2022:18:01:54 -0500] "GET /sipse/js/funciones.js HTTP/1.1" 200 12592
191.156.51.164 - - [25/Mar/2022:18:01:54 -0500] "GET /sipse/css/custom_css_sg_prime_login.css HTTP/1.1" 200 443
191.156.63.53 - - [25/Mar/2022:18:01:54 -0500] "GET /sipse/css/custom_css_sg.css HTTP/1.1" 200 9694
191.156.52.189 - - [25/Mar/2022:18:01:54 -0500] "GET /sipse/faces/javax.faces.resource/theme.css?ln=primefaces-sipse HTTP/1.1" 304 -
191.156.63.53 - - [25/Mar/2022:18:01:54 -0500] "GET /sipse/faces/javax.faces.resource/layout/layout.css?ln=primefaces&v=4.0 HTTP/1.1" 200 542
191.156.61.152 - - [25/Mar/2022:18:01:54 -0500] "GET /sipse/faces/javax.faces.resource/primefaces.css?ln=primefaces&v=4.0 HTTP/1.1" 200 53295
191.156.53.204 - - [25/Mar/2022:18:01:54 -0500] "GET /sipse/faces/javax.faces.resource/jquery/jquery.js?ln=primefaces&v=4.0 HTTP/1.1" 200 105384
191.156.63.53 - - [25/Mar/2022:18:01:54 -0500] "GET /sipse/faces/javax.faces.resource/layout/layout.js?ln=primefaces&v=4.0 HTTP/1.1" 200 87560
191.156.52.189 - - [25/Mar/2022:18:01:54 -0500] "GET /sipse/faces/javax.faces.resource/primefaces.js?ln=primefaces&v=4.0 HTTP/1.1" 200 276924
191.156.51.164 - - [25/Mar/2022:18:01:54 -0500] "GET /sipse/faces/javax.faces.resource/jquery/jquery-plugins.js?ln=primefaces&v=4.0 HTTP/1.1" 200 220526
191.156.63.53 - - [25/Mar/2022:18:01:55 -0500] "GET /sipse/faces/javax.faces.resource/images/ui-icons_898989_256x240.png?ln=primefaces-aristo HTTP/1.1" 200 5355
191.156.51.164 - - [25/Mar/2022:18:01:55 -0500] "GET /sipse/css/imagen/logoSDG.png HTTP/1.1" 200 53064
191.156.52.189 - - [25/Mar/2022:18:01:55 -0500] "GET /sipse/css/imagen/loginimg.png HTTP/1.1" 200 71635
191.156.52.189 - - [25/Mar/2022:18:02:06 -0500] "POST /sipse/faces/autenticacion.xhtml HTTP/1.1" 200 2220
191.156.52.189 - - [25/Mar/2022:18:02:06 -0500] "GET /sipse/faces/javax.faces.resource/messages/messages.png?ln=primefaces&v=4.0 HTTP/1.1" 200 27209
191.156.52.189 - - [25/Mar/2022:18:02:11 -0500] "POST /sipse/faces/autenticacion.xhtml HTTP/1.1" 200 16255
191.156.52.189 - - [25/Mar/2022:18:02:11 -0500] "GET /sipse/css/custom_css_sg_prime.css HTTP/1.1" 200 5201
191.156.50.251 - - [25/Mar/2022:18:02:11 -0500] "GET /sipse/faces/javax.faces.resource/primefaces.css?ln=primefaces&v=4.0 HTTP/1.1" 304 -
191.156.61.37 - - [25/Mar/2022:18:02:11 -0500] "GET /sipse/faces/javax.faces.resource/layout/layout.css?ln=primefaces&v=4.0 HTTP/1.1" 304 -
191.156.63.53 - - [25/Mar/2022:18:02:11 -0500] "GET /sipse/faces/javax.faces.resource/theme.css?ln=primefaces-sipse HTTP/1.1" 304 -
191.156.63.53 - - [25/Mar/2022:18:02:11 -0500] "GET /sipse/js/jquery.min.js HTTP/1.1" 200 85582
191.156.63.53 - - [25/Mar/2022:18:02:12 -0500] "GET /sipse/faces/javax.faces.resource/jquery/jquery.js?ln=primefaces&v=4.0 HTTP/1.1" 304 -
191.156.63.53 - - [25/Mar/2022:18:02:12 -0500] "GET /sipse/faces/javax.faces.resource/jquery/jquery-plugins.js?ln=primefaces&v=4.0 HTTP/1.1" 304 -
191.156.63.53 - - [25/Mar/2022:18:02:12 -0500] "GET /sipse/faces/javax.faces.resource/primefaces.js?ln=primefaces&v=4.0 HTTP/1.1" 304 -
191.156.63.53 - - [25/Mar/2022:18:02:12 -0500] "GET /sipse/faces/javax.faces.resource/layout/layout.js?ln=primefaces&v=4.0 HTTP/1.1" 304 -
191.156.61.37 - - [25/Mar/2022:18:02:12 -0500] "GET /sipse/css/imagen/contrasena.png HTTP/1.1" 404 383
191.156.63.53 - - [25/Mar/2022:18:02:12 -0500] "GET /sipse/imagenes/cargando.gif HTTP/1.1" 200 36959
191.156.63.53 - - [25/Mar/2022:18:02:12 -0500] "GET /sipse/imagenes/logoAplicacion.jpg HTTP/1.1" 200 155084
191.156.63.53 - - [25/Mar/2022:18:02:20 -0500] "GET /sipse/faces/javax.faces.resource/images/ui-bg_flat_0_2d5972_40x100.png?ln=primefaces-aristo HTTP/1.1" 200 183
191.156.63.53 - - [25/Mar/2022:18:02:20 -0500] "POST /sipse/faces/bienvenido.xhtml HTTP/1.1" 200 9754
191.156.63.53 - - [25/Mar/2022:18:02:22 -0500] "POST /sipse/faces/bienvenido.xhtml HTTP/1.1" 200 2658
172.22.2.4 - - [25/Mar/2022:18:02:23 -0500] "GET /BLA/boletinlegal/robots.txt HTTP/1.1" 404 1038
191.156.63.53 - - [25/Mar/2022:18:02:23 -0500] "POST /sipse/faces/bienvenido.xhtml HTTP/1.1" 200 60143
191.156.63.53 - - [25/Mar/2022:18:02:24 -0500] "GET /sipse/faces/javax.faces.resource/theme.css?ln=primefaces-sipse HTTP/1.1" 304 -
191.156.50.251 - - [25/Mar/2022:18:02:24 -0500] "GET /sipse/faces/javax.faces.resource/jquery/jquery.js?ln=primefaces&v=4.0 HTTP/1.1" 304 -
191.156.63.53 - - [25/Mar/2022:18:02:24 -0500] "GET /sipse/faces/javax.faces.resource/primefaces.css?ln=primefaces&v=4.0 HTTP/1.1" 304 -
191.156.61.37 - - [25/Mar/2022:18:02:24 -0500] "GET /sipse/faces/javax.faces.resource/layout/layout.css?ln=primefaces&v=4.0 HTTP/1.1" 304 -
191.156.63.53 - - [25/Mar/2022:18:02:24 -0500] "GET /sipse/faces/javax.faces.resource/jquery/jquery-plugins.js?ln=primefaces&v=4.0 HTTP/1.1" 304 -
191.156.63.53 - - [25/Mar/2022:18:02:25 -0500] "GET /sipse/faces/javax.faces.resource/primefaces.js?ln=primefaces&v=4.0 HTTP/1.1" 304 -
191.156.63.53 - - [25/Mar/2022:18:02:25 -0500] "GET /sipse/faces/javax.faces.resource/layout/layout.js?ln=primefaces&v=4.0 HTTP/1.1" 304 -
191.156.63.53 - - [25/Mar/2022:18:02:25 -0500] "POST /sipse/faces/presentacion/financiero/solicitudProceso/listarSolicitudProceso.xhtml HTTP/1.1" 200 1448
216.245.221.92 - - [25/Mar/2022:18:02:26 -0500] "HEAD / HTTP/1.1" 200 -
200.89.248.14 - - [25/Mar/2022:18:02:46 -0500] "GET /cuando-un-humedal-es-tu-oficina-la-labor-de-los-administradores-de-estos-ecosistemas.html HTTP/1.1" 200 957
201.245.192.253 - - [25/Mar/2022:18:02:11 -0500] "POST /kwsrmcab/Wsrmcab HTTP/1.1" 200 112517
192.168.171.75 - - [25/Mar/2022:18:03:58 -0500] "GET /BLA/boletinlegal/consulta_actos.php?tipo=resoluciones&no=2647&usuario=&sector=&fecha=2021&resuelve= HTTP/1.1" 200 1144
172.22.2.4 - - [25/Mar/2022:18:02:24 -0500] "GET /BLA/boletinlegal/index.php HTTP/1.1" 200 63729
195.154.209.237 - - [25/Mar/2022:18:04:52 -0500] "GET /documents/10184/2325415/pieza-concurso-buenas-practicas-20-septiembre.jpg HTTP/1.1" 404 1030
35.189.112.178 - - [25/Mar/2022:18:04:58 -0500] "GET / HTTP/1.1" 200 319
35.189.112.178 - - [25/Mar/2022:18:05:01 -0500] "POST /HNAP1/ HTTP/1.1" 404 1018
179.14.139.187 - - [25/Mar/2022:18:05:41 -0500] "GET /cuando-un-humedal-es-tu-oficina-la-labor-de-los-administradores-de-estos-ecosistemas.html HTTP/1.1" 200 957
172.22.2.4 - - [25/Mar/2022:18:04:14 -0500] "HEAD /BLA/boletinlegal/ HTTP/1.1" 200 -
172.22.2.4 - - [25/Mar/2022:18:05:04 -0500] "GET /BLA/boletinlegal/ HTTP/1.1" 200 59170
172.22.2.4 - - [25/Mar/2022:18:06:56 -0500] "GET /BLA/boletinlegal/style.css HTTP/1.1" 200 9406
172.22.2.4 - - [25/Mar/2022:18:06:56 -0500] "GET /BLA/boletinlegal/styles2.css HTTP/1.1" 200 1838
172.22.2.4 - - [25/Mar/2022:18:06:56 -0500] "GET /BLA/boletinlegal/js/jquery.js HTTP/1.1" 200 57254
172.22.2.4 - - [25/Mar/2022:18:06:56 -0500] "GET /BLA/boletinlegal/js/jquery.scrollTo-min.js HTTP/1.1" 200 1150
172.22.2.4 - - [25/Mar/2022:18:06:56 -0500] "GET /BLA/boletinlegal/js/jquery.scrollShow.js HTTP/1.1" 200 4586
172.22.2.4 - - [25/Mar/2022:18:06:56 -0500] "GET /BLA/boletinlegal/images/cabezote%20BLEGAL.jpg HTTP/1.1" 200 118164
172.22.2.4 - - [25/Mar/2022:18:06:56 -0500] "GET /BLA/boletinlegal/images/subscribe-icon-big.png HTTP/1.1" 200 47702
172.22.2.4 - - [25/Mar/2022:18:06:56 -0500] "GET /BLA/boletinlegal/images/historia.png HTTP/1.1" 200 52775
172.22.2.4 - - [25/Mar/2022:18:06:56 -0500] "GET /BLA/boletinlegal/images/registro-usuarios.png HTTP/1.1" 200 8106
172.22.2.4 - - [25/Mar/2022:18:06:56 -0500] "GET /BLA/boletinlegal/images/arr_l.jpg HTTP/1.1" 200 1979
172.22.2.4 - - [25/Mar/2022:18:06:56 -0500] "GET /BLA/boletinlegal/images/screen_1.png HTTP/1.1" 200 202547
172.22.2.4 - - [25/Mar/2022:18:06:56 -0500] "GET /BLA/boletinlegal/images/launch.jpg HTTP/1.1" 200 14577
172.22.2.4 - - [25/Mar/2022:18:07:01 -0500] "GET /BLA/boletinlegal/images/body_bg.jpg HTTP/1.1" 200 1601
172.22.2.4 - - [25/Mar/2022:18:07:01 -0500] "GET /BLA/boletinlegal/images/text.jpg HTTP/1.1" 200 568
172.22.2.4 - - [25/Mar/2022:18:07:01 -0500] "GET /BLA/boletinlegal/images/menu_rght.gif HTTP/1.1" 200 1627
172.22.2.4 - - [25/Mar/2022:18:07:01 -0500] "GET /BLA/boletinlegal/images/menu_bg.jpg HTTP/1.1" 200 620
172.22.2.4 - - [25/Mar/2022:18:07:01 -0500] "GET /BLA/boletinlegal/images/menu_lft.gif HTTP/1.1" 200 1713
172.22.2.4 - - [25/Mar/2022:18:07:01 -0500] "GET /BLA/boletinlegal/images/bg_top.jpg HTTP/1.1" 200 522
172.22.2.4 - - [25/Mar/2022:18:07:01 -0500] "GET /BLA/boletinlegal/images/hover.jpg HTTP/1.1" 200 640
172.22.2.4 - - [25/Mar/2022:18:07:03 -0500] "GET /BLA/boletinlegal/images/screen_3.png HTTP/1.1" 200 210620
172.22.2.4 - - [25/Mar/2022:18:07:03 -0500] "GET /BLA/boletinlegal/images/screen_2.png HTTP/1.1" 200 362502
172.22.2.4 - - [25/Mar/2022:18:07:03 -0500] "GET /BLA/boletinlegal/images/screen_5.png HTTP/1.1" 200 368876
172.22.2.4 - - [25/Mar/2022:18:07:03 -0500] "GET /BLA/boletinlegal/images/arr_r.jpg HTTP/1.1" 200 1998
172.22.2.4 - - [25/Mar/2022:18:07:03 -0500] "GET /BLA/boletinlegal/images/footer_bg.jpg HTTP/1.1" 200 586
172.22.2.4 - - [25/Mar/2022:18:07:06 -0500] "GET /BLA/boletinlegal/actos.php HTTP/1.1" 200 9555
172.22.2.4 - - [25/Mar/2022:18:07:07 -0500] "GET /BLA/boletinlegal/niceforms.js HTTP/1.1" 200 22876
172.22.2.4 - - [25/Mar/2022:18:07:07 -0500] "GET /BLA/boletinlegal/js/popup.js HTTP/1.1" 200 1270
172.22.2.4 - - [25/Mar/2022:18:07:07 -0500] "GET /BLA/boletinlegal/js/ajax_actos.js HTTP/1.1" 200 1322
172.22.2.4 - - [25/Mar/2022:18:07:07 -0500] "GET /BLA/boletinlegal/niceforms-default.css HTTP/1.1" 200 6694
172.22.2.4 - - [25/Mar/2022:18:07:07 -0500] "GET /BLA/boletinlegal/js/lib.js HTTP/1.1" 200 6474
172.22.2.4 - - [25/Mar/2022:18:07:07 -0500] "GET /BLA/boletinlegal/js/jquery1.js HTTP/1.1" 200 29846
172.22.2.4 - - [25/Mar/2022:18:07:07 -0500] "GET /BLA/boletinlegal/images/green-yellow-blue-pink-th.png HTTP/1.1" 200 7394
172.22.2.4 - - [25/Mar/2022:18:07:07 -0500] "GET /BLA/boletinlegal/images/abajo.png HTTP/1.1" 200 96676
172.22.2.4 - - [25/Mar/2022:18:07:07 -0500] "GET /BLA/boletinlegal/images/icono-email.png HTTP/1.1" 200 5544
172.22.2.4 - - [25/Mar/2022:18:07:07 -0500] "GET /BLA/boletinlegal/images/tel.png HTTP/1.1" 200 14477
172.22.2.4 - - [25/Mar/2022:18:07:07 -0500] "GET /BLA/boletinlegal/images/footer_bg_l.jpg HTTP/1.1" 200 776
172.22.2.4 - - [25/Mar/2022:18:07:07 -0500] "GET /BLA/boletinlegal/img/select-left.png HTTP/1.1" 200 263
172.22.2.4 - - [25/Mar/2022:18:07:07 -0500] "GET /BLA/boletinlegal/img/0.png HTTP/1.1" 200 110
172.22.2.4 - - [25/Mar/2022:18:07:07 -0500] "GET /BLA/boletinlegal/img/button.png HTTP/1.1" 200 43241
172.22.2.4 - - [25/Mar/2022:18:07:07 -0500] "GET /BLA/boletinlegal/img/select-right.png HTTP/1.1" 200 44019
172.22.2.4 - - [25/Mar/2022:18:07:07 -0500] "GET /BLA/boletinlegal/img/button-left.png HTTP/1.1" 200 57071
172.22.2.4 - - [25/Mar/2022:18:07:07 -0500] "GET /BLA/boletinlegal/img/button-right.png HTTP/1.1" 200 57878
172.22.2.4 - - [25/Mar/2022:18:07:07 -0500] "GET /BLA/boletinlegal/favicon.ico HTTP/1.1" 404 1326
216.245.221.92 - - [25/Mar/2022:18:07:26 -0500] "HEAD / HTTP/1.1" 200 -
172.22.2.4 - - [25/Mar/2022:18:06:56 -0500] "GET /BLA/boletinlegal/ HTTP/1.1" 200 32715
192.168.171.75 - - [25/Mar/2022:18:07:38 -0500] "GET /BLA/boletinlegal/consulta_actos.php?tipo=resoluciones&no=2649&usuario=&sector=&fecha=2021&resuelve= HTTP/1.1" 200 1144
186.102.36.201 - - [25/Mar/2022:18:08:11 -0500] "GET /galeria/galeria/jquery.fancybox.css?v=2.1.5 HTTP/1.1" 200 4895
66.249.73.127 - - [25/Mar/2022:18:09:08 -0500] "-" 408 -
181.60.243.199 - - [25/Mar/2022:18:09:24 -0500] "GET /cuando-un-humedal-es-tu-oficina-la-labor-de-los-administradores-de-estos-ecosistemas.html?fbclid=IwAR2GkU65YAS8OJiuWc9XMAQIfAAU0za7folfvZu7qqQNYoyEVOskD-_te0Y HTTP/1.1" 200 957
172.22.2.4 - - [25/Mar/2022:18:10:00 -0500] "GET /BLA/boletinlegal/consulta_actos.php?tipo=resoluciones&no=0083&usuario=&sector=&fecha=2017&resuelve= HTTP/1.1" 200 1095
172.22.2.4 - - [25/Mar/2022:18:10:01 -0500] "GET /BLA/boletinlegal/images/pdf.gif HTTP/1.1" 200 567
186.31.3.122 - - [25/Mar/2022:18:11:12 -0500] "GET /BLA/resoluciones/RESOLUCIONES%202017/0083.pdf HTTP/1.1" 200 684497
186.31.3.122 - - [25/Mar/2022:18:11:12 -0500] "GET /BLA/resoluciones/RESOLUCIONES%202017/0083.pdf HTTP/1.1" 206 1025
186.31.3.122 - - [25/Mar/2022:18:11:12 -0500] "GET /BLA/resoluciones/RESOLUCIONES%202017/0083.pdf HTTP/1.1" 200 684497
186.31.3.122 - - [25/Mar/2022:18:11:14 -0500] "GET /BLA/resoluciones/RESOLUCIONES%202017/0083.pdf HTTP/1.1" 206 3072
186.31.3.122 - - [25/Mar/2022:18:11:14 -0500] "GET /BLA/resoluciones/RESOLUCIONES%202017/0083.pdf HTTP/1.1" 206 680400
192.168.171.75 - - [25/Mar/2022:18:11:18 -0500] "GET /BLA/boletinlegal/consulta_actos.php?tipo=resoluciones&no=2665&usuario=&sector=&fecha=2021&resuelve= HTTP/1.1" 200 1147
172.22.2.4 - - [25/Mar/2022:18:10:04 -0500] "HEAD /BLA/boletinlegal/ HTTP/1.1" 200 -
216.245.221.92 - - [25/Mar/2022:18:12:26 -0500] "HEAD / HTTP/1.1" 200 -
201.245.192.253 - - [25/Mar/2022:18:11:43 -0500] "POST /kwsrmcab/Wsrmcab HTTP/1.1" 200 112514
172.22.2.4 - - [25/Mar/2022:18:10:54 -0500] "GET /BLA/boletinlegal/ HTTP/1.1" 200 60932
172.22.2.4 - - [25/Mar/2022:18:13:24 -0500] "GET /BLA/boletinlegal/consulta_actos.php?tipo=resoluciones&no=3229&usuario=&sector=&fecha=2014&resuelve= HTTP/1.1" 200 626
172.22.2.4 - - [25/Mar/2022:18:13:28 -0500] "GET /BLA/boletinlegal/consulta_actos.php?tipo=resoluciones&no=3229&usuario=&sector=&fecha=2014&resuelve= HTTP/1.1" 200 626
207.46.13.157 - - [25/Mar/2022:18:13:40 -0500] "GET /bla/resoluciones/notificaciones/autos%202013/1530.pdf HTTP/1.1" 200 135219
186.154.37.21 - - [25/Mar/2022:18:13:41 -0500] "-" 408 -
186.154.37.21 - - [25/Mar/2022:18:13:41 -0500] "-" 408 -
172.22.2.4 - - [25/Mar/2022:18:14:17 -0500] "GET /BLA/boletinlegal/actos.php HTTP/1.1" 200 9555
172.22.2.4 - - [25/Mar/2022:18:14:34 -0500] "GET /BLA/boletinlegal/consulta_actos.php?tipo=resoluciones&no=3229&usuario=&sector=&fecha=2014&resuelve= HTTP/1.1" 200 626
66.249.73.127 - - [25/Mar/2022:18:15:07 -0500] "-" 408 -
172.22.2.4 - - [25/Mar/2022:18:15:12 -0500] "GET /BLA/boletinlegal/consulta_actos.php?tipo=resoluciones&no=2727&usuario=&sector=&fecha=2017&resuelve= HTTP/1.1" 200 1189
186.31.3.122 - - [25/Mar/2022:18:15:16 -0500] "GET /BLA/resoluciones/RESOLUCIONES%202017/2727.pdf HTTP/1.1" 200 305075
186.31.3.122 - - [25/Mar/2022:18:15:17 -0500] "GET /BLA/resoluciones/RESOLUCIONES%202017/2727.pdf HTTP/1.1" 200 305075
186.31.3.122 - - [25/Mar/2022:18:15:17 -0500] "GET /BLA/resoluciones/RESOLUCIONES%202017/2727.pdf HTTP/1.1" 206 1025
