190.159.20.62 - - [25/Mar/2022:19:21:46 -0500] "GET /BLA/resoluciones/AUTOS%202011/2464.pdf HTTP/1.1" 206 1025
190.159.20.62 - - [25/Mar/2022:19:21:46 -0500] "GET /BLA/resoluciones/AUTOS%202011/2464.pdf HTTP/1.1" 200 135662
216.245.221.92 - - [25/Mar/2022:19:22:26 -0500] "HEAD / HTTP/1.1" 200 -
172.22.2.4 - - [25/Mar/2022:19:20:54 -0500] "GET /BLA/boletinlegal/ HTTP/1.1" 200 59688
201.245.192.253 - - [25/Mar/2022:19:21:46 -0500] "POST /kwsrmcab/Wsrmcab HTTP/1.1" 200 45469
172.22.2.4 - - [25/Mar/2022:19:22:48 -0500] "GET /BLA/boletinlegal/actos.php HTTP/1.1" 200 9555
172.22.2.4 - - [25/Mar/2022:19:23:07 -0500] "GET /BLA/boletinlegal/consulta_actos.php?tipo=autos&no=1928&usuario=&sector=&fecha=2016&resuelve= HTTP/1.1" 200 1093
173.252.83.22 - - [25/Mar/2022:19:23:44 -0500] "GET /fenomeno-de-la-nina-protagonista-en-la-primera-temporada-de-lluvias-del-2022.html HTTP/1.1" 206 1101
201.245.192.253 - - [25/Mar/2022:19:23:14 -0500] "POST /kwsrmcab/Wsrmcab HTTP/1.1" 200 114968
69.63.184.5 - - [25/Mar/2022:19:24:01 -0500] "GET /cerca-de-mil-llantas-fueron-recolectadas-en-usaquen-y-bosa.html HTTP/1.1" 206 952
64.31.49.110 - - [25/Mar/2022:19:24:10 -0500] "GET / HTTP/1.1" 200 319
199.16.157.183 - - [25/Mar/2022:19:24:43 -0500] "GET /documents/10184/2325415/pieza-concurso-buenas-practicas-20-septiembre.jpg HTTP/1.1" 404 1030
173.252.83.2 - - [25/Mar/2022:19:24:48 -0500] "GET /images/jornada-llantaton-usaquen-bosa-25-marzo.jpg HTTP/1.1" 200 60391
199.16.157.182 - - [25/Mar/2022:19:24:52 -0500] "GET /documents/10184/2325415/pieza-concurso-buenas-practicas-20-septiembre.jpg HTTP/1.1" 404 1030
207.46.13.43 - - [25/Mar/2022:19:25:51 -0500] "GET /BLA/resoluciones/AUTOS%202021/4383.pdf HTTP/1.1" 200 361916
173.252.87.11 - - [25/Mar/2022:19:26:07 -0500] "GET /cerca-de-mil-llantas-fueron-recolectadas-en-usaquen-y-bosa.html?fbclid=IwAR254IPOAXwpZd-Z56HzVV95XsxKNaAyLV_jvf3rx8mU5pfHJSm2JGXtPSc HTTP/1.1" 200 952
152.228.167.63 - - [25/Mar/2022:19:26:20 -0500] "GET /documents/10184/2325415/pieza-concurso-buenas-practicas-20-septiembre.jpg HTTP/1.1" 404 1030
216.245.221.92 - - [25/Mar/2022:19:27:26 -0500] "HEAD / HTTP/1.1" 200 -
172.22.2.4 - - [25/Mar/2022:19:25:54 -0500] "HEAD /BLA/boletinlegal/ HTTP/1.1" 200 -
172.22.2.4 - - [25/Mar/2022:19:28:10 -0500] "GET /BLA/boletinlegal/favicon.ico HTTP/1.1" 404 1018
172.22.2.4 - - [25/Mar/2022:19:26:44 -0500] "GET /BLA/boletinlegal/ HTTP/1.1" 200 53344
201.245.192.253 - - [25/Mar/2022:19:30:54 -0500] "POST /kwsrmcab/Wsrmcab HTTP/1.1" 200 45148
172.22.2.4 - - [25/Mar/2022:19:31:53 -0500] "GET /BLA/boletinlegal/Directivas/2019/Directiva%20008%20del%2001%20de%20noviembre%20de%202019.pdf HTTP/1.1" 304 -
216.245.221.92 - - [25/Mar/2022:19:32:26 -0500] "HEAD / HTTP/1.1" 200 -
201.245.192.253 - - [25/Mar/2022:19:31:46 -0500] "POST /kwsrmcab/Wsrmcab HTTP/1.1" 200 45469
201.245.192.253 - - [25/Mar/2022:19:32:03 -0500] "POST /kwsrmcab/Wsrmcab HTTP/1.1" 200 114968
181.237.33.219 - - [25/Mar/2022:19:33:01 -0500] "GET /BLA/resoluciones/RESOLUCIONES%202015/1168.pdf HTTP/1.1" 200 560722
181.237.33.219 - - [25/Mar/2022:19:33:01 -0500] "GET /favicon.ico HTTP/1.1" 200 7782
172.22.2.4 - - [25/Mar/2022:19:31:44 -0500] "HEAD /BLA/boletinlegal/ HTTP/1.1" 200 -
172.22.2.4 - - [25/Mar/2022:19:32:34 -0500] "GET /BLA/boletinlegal/ HTTP/1.1" 200 59170
172.22.2.4 - - [25/Mar/2022:19:36:57 -0500] "GET /BLA/boletinlegal/consulta_actos.php?tipo=resoluciones&no=0154&usuario=&sector=&fecha=2017&resuelve= HTTP/1.1" 200 1089
186.31.3.122 - - [25/Mar/2022:19:37:02 -0500] "GET /BLA/resoluciones/RESOLUCIONES%202017/0154.pdf HTTP/1.1" 200 402591
186.31.3.122 - - [25/Mar/2022:19:37:02 -0500] "GET /BLA/resoluciones/RESOLUCIONES%202017/0154.pdf HTTP/1.1" 200 402591
186.31.3.122 - - [25/Mar/2022:19:37:02 -0500] "GET /BLA/resoluciones/RESOLUCIONES%202017/0154.pdf HTTP/1.1" 206 1025
186.31.3.122 - - [25/Mar/2022:19:37:03 -0500] "GET /BLA/resoluciones/RESOLUCIONES%202017/0154.pdf HTTP/1.1" 206 3072
186.31.3.122 - - [25/Mar/2022:19:37:03 -0500] "GET /BLA/resoluciones/RESOLUCIONES%202017/0154.pdf HTTP/1.1" 206 398494
216.245.221.92 - - [25/Mar/2022:19:37:26 -0500] "HEAD / HTTP/1.1" 200 -
172.22.2.4 - - [25/Mar/2022:19:35:52 -0500] "GET /BLA/boletinlegal/ HTTP/1.1" 200 63729
172.22.2.4 - - [25/Mar/2022:19:37:49 -0500] "GET /BLA/boletinlegal/consulta_actos.php?tipo=resoluciones&no=0468&usuario=&sector=&fecha=2017&resuelve= HTTP/1.1" 200 1091
186.31.3.122 - - [25/Mar/2022:19:37:53 -0500] "GET /BLA/resoluciones/RESOLUCIONES%202017/0468.pdf HTTP/1.1" 200 372382
186.31.3.122 - - [25/Mar/2022:19:37:53 -0500] "GET /BLA/resoluciones/RESOLUCIONES%202017/0468.pdf HTTP/1.1" 200 372382
186.31.3.122 - - [25/Mar/2022:19:37:53 -0500] "GET /BLA/resoluciones/RESOLUCIONES%202017/0468.pdf HTTP/1.1" 206 1025
186.31.3.122 - - [25/Mar/2022:19:37:54 -0500] "GET /BLA/resoluciones/RESOLUCIONES%202017/0468.pdf HTTP/1.1" 206 3072
186.31.3.122 - - [25/Mar/2022:19:37:54 -0500] "GET /BLA/resoluciones/RESOLUCIONES%202017/0468.pdf HTTP/1.1" 206 368285
172.22.2.4 - - [25/Mar/2022:19:38:18 -0500] "GET /BLA/boletinlegal/actos.php HTTP/1.1" 200 9555
172.22.2.4 - - [25/Mar/2022:19:38:50 -0500] "GET /BLA/boletinlegal/consulta_actos.php?tipo=resoluciones&no=0822&usuario=&sector=&fecha=2017&resuelve= HTTP/1.1" 200 1124
186.31.3.122 - - [25/Mar/2022:19:38:53 -0500] "GET /BLA/resoluciones/RESOLUCIONES%202017/0822.pdf HTTP/1.1" 200 395871
186.31.3.122 - - [25/Mar/2022:19:38:53 -0500] "GET /BLA/resoluciones/RESOLUCIONES%202017/0822.pdf HTTP/1.1" 206 1025
186.31.3.122 - - [25/Mar/2022:19:38:53 -0500] "GET /BLA/resoluciones/RESOLUCIONES%202017/0822.pdf HTTP/1.1" 200 395871
186.31.3.122 - - [25/Mar/2022:19:38:54 -0500] "GET /BLA/resoluciones/RESOLUCIONES%202017/0822.pdf HTTP/1.1" 206 3072
186.31.3.122 - - [25/Mar/2022:19:38:54 -0500] "GET /BLA/resoluciones/RESOLUCIONES%202017/0822.pdf HTTP/1.1" 206 391774
172.22.2.4 - - [25/Mar/2022:19:37:34 -0500] "HEAD /BLA/boletinlegal/ HTTP/1.1" 200 -
172.22.2.4 - - [25/Mar/2022:19:39:40 -0500] "GET /BLA/boletinlegal/consulta_actos.php?tipo=resoluciones&no=0319&usuario=&sector=&fecha=2017&resuelve= HTTP/1.1" 200 1412
172.22.2.4 - - [25/Mar/2022:19:39:52 -0500] "GET /BLA/boletinlegal/Circulares/2022/CIRCULAR%20No.%2000003%20DEL%2007%20DE%20MARZO%20DEL%202022.pdf HTTP/1.1" 404 1038
172.22.2.4 - - [25/Mar/2022:19:39:54 -0500] "GET /BLA/boletinlegal/Circulares/2021/CIRCULAR%20No.%2000009%20DEL%2001%20DE%20OCTUBRE%20DEL%202021.pdf HTTP/1.1" 200 320793
172.22.2.4 - - [25/Mar/2022:19:38:24 -0500] "GET /BLA/boletinlegal/ HTTP/1.1" 200 55877
172.22.2.4 - - [25/Mar/2022:19:40:11 -0500] "GET /BLA/boletinlegal/Circulares/2021/CIRCULAR%20No.%2000007%20DEL%2010%20DE%20AGOSTO%20DEL%202021.pdf HTTP/1.1" 200 266364
172.22.2.4 - - [25/Mar/2022:19:40:21 -0500] "GET /BLA/boletinlegal/consulta_actos.php?tipo=resoluciones&no=3219&usuario=&sector=&fecha=2017&resuelve= HTTP/1.1" 200 1072
186.31.3.122 - - [25/Mar/2022:19:40:24 -0500] "GET /BLA/resoluciones/RESOLUCIONES%202017/3219.pdf HTTP/1.1" 200 408801
186.31.3.122 - - [25/Mar/2022:19:40:25 -0500] "GET /BLA/resoluciones/RESOLUCIONES%202017/3219.pdf HTTP/1.1" 206 1025
186.31.3.122 - - [25/Mar/2022:19:40:25 -0500] "GET /BLA/resoluciones/RESOLUCIONES%202017/3219.pdf HTTP/1.1" 200 408801
172.22.2.4 - - [25/Mar/2022:19:40:25 -0500] "GET /BLA/boletinlegal/Circulares/2021/CIRCULAR%20No.%2000006%20DEL%2005%20DE%20AGOSTO%20DEL%202021.pdf HTTP/1.1" 200 249615
186.31.3.122 - - [25/Mar/2022:19:40:25 -0500] "GET /BLA/resoluciones/RESOLUCIONES%202017/3219.pdf HTTP/1.1" 206 3072
186.31.3.122 - - [25/Mar/2022:19:40:25 -0500] "GET /BLA/resoluciones/RESOLUCIONES%202017/3219.pdf HTTP/1.1" 206 404704
172.22.2.4 - - [25/Mar/2022:19:40:37 -0500] "GET /BLA/boletinlegal/Circulares/2020/Circular%20No.%2000018%20del%2002%20de%20diciembre%20del%202020.pdf HTTP/1.1" 200 276868
194.93.0.40 - - [25/Mar/2022:19:40:39 -0500] "-" 408 -
172.22.2.4 - - [25/Mar/2022:19:40:50 -0500] "GET /BLA/boletinlegal/Circulares/2020/Circular%2000010%20del%2027%20de%20julio%20de%202020.pdf HTTP/1.1" 200 422655
172.22.2.4 - - [25/Mar/2022:19:41:02 -0500] "GET /BLA/boletinlegal/Circulares/2020/CIRCULAR%20No.%2000019%20DEL%2018%20DE%20DICIEMBRE%20DEL%202020.pdf HTTP/1.1" 200 307959
172.22.2.4 - - [25/Mar/2022:19:41:14 -0500] "GET /BLA/boletinlegal/Circulares/2020/CIRCULAR%20No.%2000014%20del%2001%20de%20septiembre%20del%202020.pdf HTTP/1.1" 200 320826
191.91.181.236 - - [25/Mar/2022:19:41:15 -0500] "GET /galeria/galeria/jquery.fancybox.css?v=2.1.5 HTTP/1.1" 200 4895
191.91.181.236 - - [25/Mar/2022:19:41:15 -0500] "GET /BLA/boletinlegal/js/jquery.scrollShow.js HTTP/1.1" 200 4586
191.91.181.236 - - [25/Mar/2022:19:41:15 -0500] "GET /galeria/galeria/jquery.fancybox.js?v=2.1.5 HTTP/1.1" 200 48706
172.22.2.4 - - [25/Mar/2022:19:41:21 -0500] "GET /BLA/boletinlegal/consulta_actos.php?tipo=resoluciones&no=1887&usuario=&sector=&fecha=2018&resuelve= HTTP/1.1" 200 1093
186.31.3.122 - - [25/Mar/2022:19:41:26 -0500] "GET /BLA/resoluciones/RESOLUCIONES%202018/1887.pdf HTTP/1.1" 200 437438
186.31.3.122 - - [25/Mar/2022:19:41:26 -0500] "GET /BLA/resoluciones/RESOLUCIONES%202018/1887.pdf HTTP/1.1" 206 1025
186.31.3.122 - - [25/Mar/2022:19:41:26 -0500] "GET /BLA/resoluciones/RESOLUCIONES%202018/1887.pdf HTTP/1.1" 200 437438
186.31.3.122 - - [25/Mar/2022:19:41:26 -0500] "GET /BLA/resoluciones/RESOLUCIONES%202018/1887.pdf HTTP/1.1" 206 3072
186.31.3.122 - - [25/Mar/2022:19:41:27 -0500] "GET /BLA/resoluciones/RESOLUCIONES%202018/1887.pdf HTTP/1.1" 206 433341
172.22.2.4 - - [25/Mar/2022:19:41:32 -0500] "GET /BLA/boletinlegal/Circulares/2019/Circular%20No.%2012%20del%2014%20de%20Marzo%20de%202019.pdf HTTP/1.1" 200 344384
201.245.192.253 - - [25/Mar/2022:19:40:54 -0500] "POST /kwsrmcab/Wsrmcab HTTP/1.1" 200 45148
172.22.2.4 - - [25/Mar/2022:19:41:51 -0500] "GET /BLA/boletinlegal/Circulares/2019/Circular%20No.%20006%20del%2008%20de%20Febrero%20de%202019.pdf HTTP/1.1" 200 674401
172.22.2.4 - - [25/Mar/2022:19:42:06 -0500] "GET /BLA/boletinlegal/Circulares/2019/Circular%20No.%200015%20del%2003%20de%20Octubre%20de%202019.pdf HTTP/1.1" 200 165608
172.22.2.4 - - [25/Mar/2022:19:42:07 -0500] "GET /BLA/boletinlegal/consulta_actos.php?tipo=resoluciones&no=2349&usuario=&sector=&fecha=2018&resuelve= HTTP/1.1" 200 1049
186.31.3.122 - - [25/Mar/2022:19:42:15 -0500] "GET /BLA/resoluciones/RESOLUCIONES%202018/2349.pdf HTTP/1.1" 200 427998
186.31.3.122 - - [25/Mar/2022:19:42:15 -0500] "GET /BLA/resoluciones/RESOLUCIONES%202018/2349.pdf HTTP/1.1" 206 1025
186.31.3.122 - - [25/Mar/2022:19:42:15 -0500] "GET /BLA/resoluciones/RESOLUCIONES%202018/2349.pdf HTTP/1.1" 200 427998
186.31.3.122 - - [25/Mar/2022:19:42:16 -0500] "GET /BLA/resoluciones/RESOLUCIONES%202018/2349.pdf HTTP/1.1" 206 3072
186.31.3.122 - - [25/Mar/2022:19:42:16 -0500] "GET /BLA/resoluciones/RESOLUCIONES%202018/2349.pdf HTTP/1.1" 206 423901
172.22.2.4 - - [25/Mar/2022:19:42:16 -0500] "GET /BLA/boletinlegal/Circulares/2019/Circular%20No.%200005%20del%2020%20de%20Marzo%20de%202019.pdf HTTP/1.1" 200 159877
216.245.221.92 - - [25/Mar/2022:19:42:26 -0500] "HEAD / HTTP/1.1" 200 -
172.22.2.4 - - [25/Mar/2022:19:42:26 -0500] "GET /BLA/boletinlegal/Circulares/2019/Circular%20No.%200003%20del%2031%20de%20Enero%20de%202019.pdf HTTP/1.1" 200 164676
201.245.192.253 - - [25/Mar/2022:19:41:48 -0500] "POST /kwsrmcab/Wsrmcab HTTP/1.1" 200 45469
172.22.2.4 - - [25/Mar/2022:19:42:38 -0500] "GET /BLA/boletinlegal/Circulares/2019/Circular%2000020%20del%2020%20de%20diciembre%20de%202019.pdf HTTP/1.1" 200 145170
201.245.192.253 - - [25/Mar/2022:19:42:05 -0500] "POST /kwsrmcab/Wsrmcab HTTP/1.1" 200 114968
172.22.2.4 - - [25/Mar/2022:19:42:57 -0500] "GET /BLA/boletinlegal/Circulares/2019/Circular%2000018%20del%2020%20de%20noviembre%20de%202019.pdf HTTP/1.1" 200 158030
172.22.2.4 - - [25/Mar/2022:19:42:58 -0500] "GET /BLA/boletinlegal/consulta_actos.php?tipo=resoluciones&no=3480&usuario=&sector=&fecha=2018&resuelve= HTTP/1.1" 200 626
172.22.2.4 - - [25/Mar/2022:19:42:59 -0500] "GET /BLA/boletinlegal/Circulares/2019/.pdf HTTP/1.1" 404 1218
172.22.2.4 - - [25/Mar/2022:19:43:02 -0500] "GET /BLA/boletinlegal/Circulares/2018/Circular%20No.%2011%20del%2024%20de%20Septiembre%20de%202018.pdf HTTP/1.1" 200 169541
172.22.2.4 - - [25/Mar/2022:19:43:03 -0500] "GET /BLA/boletinlegal/consulta_actos.php?tipo=resoluciones&no=3480&usuario=&sector=&fecha=2018&resuelve= HTTP/1.1" 200 626
172.22.2.4 - - [25/Mar/2022:19:43:14 -0500] "GET /BLA/boletinlegal/Circulares/2018/Circular%20No.%2010%20del%2021%20de%20Septiembre%20de%202018.pdf HTTP/1.1" 200 163426
172.22.2.4 - - [25/Mar/2022:19:43:29 -0500] "GET /BLA/boletinlegal/Circulares/2018/Circular%20No.%200015%20del%207%20de%20Diciembre%20de%202018.pdf HTTP/1.1" 200 165305
172.22.2.4 - - [25/Mar/2022:19:43:39 -0500] "GET /BLA/boletinlegal/Circulares/2018/CIRCULAR%20COJUNTA%20042%20DE%202018.pdf HTTP/1.1" 200 515008
172.22.2.4 - - [25/Mar/2022:19:43:55 -0500] "GET /BLA/boletinlegal/Circulares/2017/Circular%20No.%202%20del%201%20de%20Septiembre%20de%202017.pdf HTTP/1.1" 200 152575
172.22.2.4 - - [25/Mar/2022:19:44:19 -0500] "GET /BLA/boletinlegal/consulta_actos.php?tipo=resoluciones&no=2620&usuario=&sector=&fecha=2019&resuelve= HTTP/1.1" 200 1090
172.22.2.4 - - [25/Mar/2022:19:44:21 -0500] "GET /BLA/boletinlegal/Circulares/2017/Circular%20No.%201%20del%2030%20de%20Marzo%20de%202017.pdf HTTP/1.1" 200 668532
186.31.3.122 - - [25/Mar/2022:19:44:23 -0500] "GET /BLA/resoluciones/RESOLUCIONES%202019/2620.pdf HTTP/1.1" 200 361664
186.31.3.122 - - [25/Mar/2022:19:44:23 -0500] "GET /BLA/resoluciones/RESOLUCIONES%202019/2620.pdf HTTP/1.1" 206 1025
186.31.3.122 - - [25/Mar/2022:19:44:23 -0500] "GET /BLA/resoluciones/RESOLUCIONES%202019/2620.pdf HTTP/1.1" 200 361664
186.31.3.122 - - [25/Mar/2022:19:44:24 -0500] "GET /BLA/resoluciones/RESOLUCIONES%202019/2620.pdf HTTP/1.1" 206 3072
186.31.3.122 - - [25/Mar/2022:19:44:24 -0500] "GET /BLA/resoluciones/RESOLUCIONES%202019/2620.pdf HTTP/1.1" 206 357567
172.22.2.4 - - [25/Mar/2022:19:44:36 -0500] "GET /BLA/boletinlegal/Circulares/2017/Circular%20No.%2007%20del%2028%20de%20Abril%20de%202017.pdf HTTP/1.1" 200 309906
172.22.2.4 - - [25/Mar/2022:19:44:39 -0500] "GET /BLA/boletinlegal/Circulares/2017/Circular%20No.%20011%20del%2005%20de%20julio%20de%202017.pdf HTTP/1.1" 200 965526
172.22.2.4 - - [25/Mar/2022:19:44:51 -0500] "GET /BLA/boletinlegal/Circulares/2015/Circular%20No.%202%20del%201%20de%20julio%20de%202015.pdf HTTP/1.1" 200 752890
172.22.2.4 - - [25/Mar/2022:19:44:57 -0500] "GET /BLA/boletinlegal/Circulares/2015/Circular%20No.%201%20del%2010%20de%20Febrero%20de%202015.pdf HTTP/1.1" 200 660637
172.22.2.4 - - [25/Mar/2022:19:43:24 -0500] "HEAD /BLA/boletinlegal/ HTTP/1.1" 200 -
172.22.2.4 - - [25/Mar/2022:19:45:06 -0500] "GET /BLA/boletinlegal/consulta_actos.php?tipo=resoluciones&no=2692&usuario=&sector=&fecha=2019&resuelve= HTTP/1.1" 200 1108
186.31.3.122 - - [25/Mar/2022:19:45:13 -0500] "GET /BLA/resoluciones/RESOLUCIONES%202019/2692.pdf HTTP/1.1" 200 310177
186.31.3.122 - - [25/Mar/2022:19:45:13 -0500] "GET /BLA/resoluciones/RESOLUCIONES%202019/2692.pdf HTTP/1.1" 206 1025
186.31.3.122 - - [25/Mar/2022:19:45:13 -0500] "GET /BLA/resoluciones/RESOLUCIONES%202019/2692.pdf HTTP/1.1" 200 310177
186.31.3.122 - - [25/Mar/2022:19:45:13 -0500] "GET /BLA/resoluciones/RESOLUCIONES%202019/2692.pdf HTTP/1.1" 206 3072
186.31.3.122 - - [25/Mar/2022:19:45:13 -0500] "GET /BLA/resoluciones/RESOLUCIONES%202019/2692.pdf HTTP/1.1" 206 306080
172.22.2.4 - - [25/Mar/2022:19:45:14 -0500] "GET /BLA/boletinlegal/Circulares/2014/Circular%20No.%203%20del%2014%20de%20Noviembre%20de%202014.pdf HTTP/1.1" 200 104132
172.22.2.4 - - [25/Mar/2022:19:45:28 -0500] "GET /BLA/boletinlegal/Circulares/2014/Circular%20No.%202%20del%2021%20de%20septiembre%20de%202014.pdf HTTP/1.1" 200 143376
172.22.2.4 - - [25/Mar/2022:19:45:42 -0500] "GET /BLA/boletinlegal/Circulares/2014/Circular%20No.%201%20del%2008%20de%20Mayo%20de%202014.pdf HTTP/1.1" 200 180124
172.22.2.4 - - [25/Mar/2022:19:45:53 -0500] "GET /BLA/boletinlegal/Circulares/2013/Circular%20No.%208%20del%201%20de%20Noviembre%20de%202013.pdf HTTP/1.1" 200 385156
172.22.2.4 - - [25/Mar/2022:19:44:14 -0500] "GET /BLA/boletinlegal/ HTTP/1.1" 200 59170
173.252.107.17 - - [25/Mar/2022:19:46:06 -0500] "GET /cerca-de-mil-llantas-fueron-recolectadas-en-usaquen-y-bosa.html HTTP/1.1" 206 952
172.22.2.4 - - [25/Mar/2022:19:46:11 -0500] "GET /BLA/boletinlegal/Circulares/2013/Circular%20No.%207%20del%201%20de%20Agosto%20de%202013.pdf HTTP/1.1" 200 340934
172.22.2.4 - - [25/Mar/2022:19:46:27 -0500] "GET /BLA/boletinlegal/Circulares/2013/Circular%20No.%206%20del%2019%20de%20julio%20de%202013.pdf HTTP/1.1" 200 4210437
66.249.73.127 - - [25/Mar/2022:19:46:31 -0500] "-" 408 -
172.22.2.4 - - [25/Mar/2022:19:46:55 -0500] "GET /BLA/boletinlegal/Circulares/2013/Circular%20No.%205%20del%2013%20de%20junio%20de%202013.pdf HTTP/1.1" 200 110904
172.22.2.4 - - [25/Mar/2022:19:47:02 -0500] "GET /BLA/boletinlegal/Circulares/2013/Circular%20No.%204%20del%2005%20de%20junio%20de%202013.pdf HTTP/1.1" 200 130461
172.22.2.4 - - [25/Mar/2022:19:47:14 -0500] "GET /BLA/boletinlegal/Circulares/2013/Circular%20No.%203%20del%2005%20de%20abril%20de%202013.pdf HTTP/1.1" 200 93580
216.245.221.92 - - [25/Mar/2022:19:47:26 -0500] "HEAD / HTTP/1.1" 200 -
172.22.2.4 - - [25/Mar/2022:19:47:29 -0500] "GET /BLA/boletinlegal/Circulares/2013/Circular%20No.%202%20del%2022%20de%20enero%20de%202013.pdf HTTP/1.1" 200 85466
172.22.2.4 - - [25/Mar/2022:19:47:40 -0500] "GET /BLA/boletinlegal/Circulares/2013/Circular%20No.%201%20del%2014%20de%20enero%20de%202013.pdf HTTP/1.1" 200 1298384
172.22.2.4 - - [25/Mar/2022:19:47:52 -0500] "GET /BLA/boletinlegal/Circulares/2012/Circular%20No.%209%20del%2021%20de%20Agosto%20de%202012.pdf HTTP/1.1" 200 1402289
172.22.2.4 - - [25/Mar/2022:19:47:14 -0500] "GET /BLA/boletinlegal/ HTTP/1.1" 200 24523
172.22.2.4 - - [25/Mar/2022:19:48:02 -0500] "GET /BLA/boletinlegal/actos.php HTTP/1.1" 200 9555
172.22.2.4 - - [25/Mar/2022:19:48:03 -0500] "GET /BLA/boletinlegal/Circulares/2012/Circular%20No.%208%20del%2021%20de%20Agosto%20de%202012.pdf HTTP/1.1" 200 963197
192.168.181.192 - - [25/Mar/2022:19:48:06 -0500] "GET /BLA/resoluciones/ HTTP/1.1" 200 13093
192.168.181.192 - - [25/Mar/2022:19:48:09 -0500] "GET /BLA/resoluciones/index.php?dir=AUTOS+2020%2F HTTP/1.1" 200 321600
172.22.2.4 - - [25/Mar/2022:19:48:17 -0500] "GET /BLA/boletinlegal/Circulares/2012/Circular%20No.%207%20del%2008%20de%20Agosto%20de%202012.pdf HTTP/1.1" 200 972955
172.22.2.4 - - [25/Mar/2022:19:47:21 -0500] "GET /BLA/boletinlegal/ HTTP/1.1" 200 40907
192.168.181.192 - - [25/Mar/2022:19:48:33 -0500] "GET /BLA/resoluciones/AUTOS%202020/3820.pdf HTTP/1.1" 200 405060
172.22.2.4 - - [25/Mar/2022:19:48:36 -0500] "GET /BLA/boletinlegal/Circulares/2012/Circular%20No.%206%20del%2025%20de%20Mayo%20de%202012.pdf HTTP/1.1" 200 387391
172.22.2.4 - - [25/Mar/2022:19:48:48 -0500] "GET /BLA/boletinlegal/Circulares/2012/Circular%20No.%205%20del%2027%20de%20Abril%20de%202012.pdf HTTP/1.1" 200 216613
172.22.2.4 - - [25/Mar/2022:19:49:08 -0500] "GET /BLA/boletinlegal/Circulares/2012/Circular%20No.%204%20del%2019%20de%20abril%20de%202012.pdf HTTP/1.1" 200 253045
172.22.2.4 - - [25/Mar/2022:19:49:28 -0500] "GET /BLA/boletinlegal/Circulares/2012/Circular%20No.%203%20del%2023%20de%20Marzo%20de%202012.pdf HTTP/1.1" 200 572950
172.22.2.4 - - [25/Mar/2022:19:49:31 -0500] "GET /BLA/boletinlegal/Circulares/2012/Circular%20No.%202%20del%2014%20de%20Marzo%20de%202012.pdf HTTP/1.1" 200 113666
172.22.2.4 - - [25/Mar/2022:19:49:45 -0500] "GET /BLA/boletinlegal/Circulares/2012/Circular%20No.%2016%20del%2022%20de%20octubre%20de%202012.pdf HTTP/1.1" 200 381186
172.22.2.4 - - [25/Mar/2022:19:49:47 -0500] "GET /BLA/boletinlegal/Circulares/2012/Circular%20No.%2015%20del%2022%20de%20octubre%20de%202012.pdf HTTP/1.1" 200 486506
172.22.2.4 - - [25/Mar/2022:19:50:01 -0500] "GET /BLA/boletinlegal/Circulares/2012/Circular%20No.%2014%20del%2011%20de%20Septiembre%20de%202012.pdf HTTP/1.1" 200 3427471
172.22.2.4 - - [25/Mar/2022:19:50:21 -0500] "GET /BLA/boletinlegal/Circulares/2012/Circular%20No.%2013%20del%2006%20de%20Septiembre%20de%202012.pdf HTTP/1.1" 200 351421
172.22.2.4 - - [25/Mar/2022:19:50:28 -0500] "GET /BLA/boletinlegal/Circulares/2012/Circular%20No.%2012%20del%2028%20de%20Agosto%20de%202012.pdf HTTP/1.1" 200 369945
172.22.2.4 - - [25/Mar/2022:19:50:45 -0500] "GET /BLA/boletinlegal/Circulares/2012/Circular%20No.%2011%20del%2027%20de%20Agosto%20de%202012.pdf HTTP/1.1" 200 526945
172.22.2.4 - - [25/Mar/2022:19:49:14 -0500] "HEAD /BLA/boletinlegal/ HTTP/1.1" 200 -
172.22.2.4 - - [25/Mar/2022:19:50:57 -0500] "GET /BLA/boletinlegal/Circulares/2012/Circular%20No.%2010%20del%2026%20de%20Enero%20de%202012.pdf HTTP/1.1" 404 1218
172.22.2.4 - - [25/Mar/2022:19:50:59 -0500] "GET /BLA/boletinlegal/Circulares/2012/Circular%20No.%2010%20del%2022%20de%20Agosto%20de%202012.pdf HTTP/1.1" 200 1563219
172.22.2.4 - - [25/Mar/2022:19:51:17 -0500] "GET /BLA/boletinlegal/Circulares/2012/Circular%20No.%201%20del%2017%20de%20Enero%20de%202012.pdf HTTP/1.1" 200 1118749
172.22.2.4 - - [25/Mar/2022:19:51:36 -0500] "GET /BLA/boletinlegal/Circulares/2011/Circular%20No.%209%20del%2003%20de%20Noviembre%20de%202011.pdf HTTP/1.1" 200 54568
172.22.2.4 - - [25/Mar/2022:19:51:38 -0500] "GET /BLA/boletinlegal/Circulares/2011/Circular%20No.%208%20del%2020%20de%20Septiembre%20de%202011.pdf HTTP/1.1" 200 285158
172.22.2.4 - - [25/Mar/2022:19:50:04 -0500] "GET /BLA/boletinlegal/ HTTP/1.1" 200 60105
172.22.2.4 - - [25/Mar/2022:19:51:55 -0500] "GET /BLA/boletinlegal/Circulares/2011/Circular%20No.%207%20del%2023%20de%20Diciembre%20de%202011.pdf HTTP/1.1" 200 1107785
172.22.2.4 - - [25/Mar/2022:19:51:59 -0500] "GET /BLA/boletinlegal/Circulares/2011/Circular%20No.%207%20del%2015%20de%20Septiembre%20de%202011.pdf HTTP/1.1" 200 314873
172.22.2.4 - - [25/Mar/2022:19:52:06 -0500] "GET /BLA/boletinlegal/Circulares/2011/Circular%20No.%206%20del%2029%20de%20Julio%20de%202011.pdf HTTP/1.1" 200 262144
65.154.226.169 - - [25/Mar/2022:19:52:19 -0500] "GET /galeria/galeria/jquery.fancybox.css?v=2.1.5 HTTP/1.1" 200 4895
65.154.226.169 - - [25/Mar/2022:19:52:19 -0500] "GET /BLA/boletinlegal/js/jquery.scrollShow.js HTTP/1.1" 200 4586
65.154.226.169 - - [25/Mar/2022:19:52:19 -0500] "GET /galeria/galeria/jquery.fancybox.js?v=2.1.5 HTTP/1.1" 200 48706
172.22.2.4 - - [25/Mar/2022:19:52:21 -0500] "GET /BLA/boletinlegal/Circulares/2011/Circular%20No.%206%20del%2023%20de%20Septiembre%20de%202011.pdf HTTP/1.1" 200 252800
173.252.95.119 - - [25/Mar/2022:19:52:23 -0500] "GET /secretaria-de-ambiente-realizara-jornada-de-reciclaton-y-educacion-ambiental-este-jueves-en-engativa.html HTTP/1.1" 206 994
216.245.221.92 - - [25/Mar/2022:19:52:26 -0500] "HEAD / HTTP/1.1" 200 -
172.22.2.4 - - [25/Mar/2022:19:52:50 -0500] "GET /BLA/boletinlegal/Circulares/2011/Circular%20No.%205%20del%2014%20de%20Julio%20de%202011.pdf HTTP/1.1" 200 1488992
201.245.192.253 - - [25/Mar/2022:19:52:07 -0500] "POST /kwsrmcab/Wsrmcab HTTP/1.1" 200 114968
157.55.39.52 - - [25/Mar/2022:19:53:05 -0500] "GET /BLA/boletinlegal/normativa.php HTTP/1.1" 200 8258
172.22.2.4 - - [25/Mar/2022:19:53:07 -0500] "GET /BLA/boletinlegal/Circulares/2011/Circular%20No.%205%20del%2012%20de%20Agosto%20de%202011.pdf HTTP/1.1" 200 431796
172.22.2.4 - - [25/Mar/2022:19:53:22 -0500] "GET /BLA/boletinlegal/Circulares/2011/Circular%20No.%204%20del%2014%20de%20Julio%20de%202011.pdf HTTP/1.1" 200 399895
172.22.2.4 - - [25/Mar/2022:19:53:37 -0500] "GET /BLA/boletinlegal/Circulares/2011/Circular%20No.%204%20del%2012%20de%20Agosto%20de%202011.pdf HTTP/1.1" 200 601047
172.22.2.4 - - [25/Mar/2022:19:53:46 -0500] "GET /BLA/boletinlegal/Circulares/2011/Circular%20No.%203%20del%2023%20de%20Junio%20de%202011.pdf HTTP/1.1" 200 1452758
172.22.2.4 - - [25/Mar/2022:19:54:10 -0500] "GET /BLA/boletinlegal/Circulares/2011/Circular%20No.%203%20del%2016%20de%20Junio%20de%202011.pdf HTTP/1.1" 200 346378
172.22.2.4 - - [25/Mar/2022:19:54:28 -0500] "GET /BLA/boletinlegal/Circulares/2011/Circular%20No.%202%20del%2031%20de%20Mayo%20de%202011.pdf HTTP/1.1" 200 496778
172.22.2.4 - - [25/Mar/2022:19:54:44 -0500] "GET /BLA/boletinlegal/Circulares/2011/Circular%20No.%202%20del%2026%20de%20Mayo%20de%202011.pdf HTTP/1.1" 200 644194
172.22.2.4 - - [25/Mar/2022:19:55:05 -0500] "GET /BLA/boletinlegal/Circulares/2011/Circular%20No.%201%20del%2023%20de%20Febrero%20de%202011.pdf HTTP/1.1" 200 540140
172.22.2.4 - - [25/Mar/2022:19:55:34 -0500] "GET /BLA/boletinlegal/Circulares/2011/Circular%20No.%201%20del%2012%20de%20Abril%20de%202011.pdf HTTP/1.1" 200 366269
172.22.2.4 - - [25/Mar/2022:19:55:47 -0500] "GET /BLA/boletinlegal/Circulares/2011/Circular%20003%20de%20Febrero%20de%202011.pdf HTTP/1.1" 200 224758
172.22.2.4 - - [25/Mar/2022:19:56:00 -0500] "GET /BLA/boletinlegal/Circulares/2010/Circular%2006%20de%208%20de%20septiembre%20de%202010.pdf HTTP/1.1" 200 4657752
172.22.2.4 - - [25/Mar/2022:19:56:25 -0500] "GET /BLA/boletinlegal/Circulares/2010/Circular%2005%20de%208%20de%20septiembre%20de%202010.pdf HTTP/1.1" 200 2146608
172.22.2.4 - - [25/Mar/2022:19:56:40 -0500] "GET /BLA/boletinlegal/Circulares/2010/Circular%2004%20de%2021%20de%20abril%20de%202010.pdf HTTP/1.1" 200 682373
172.22.2.4 - - [25/Mar/2022:19:55:04 -0500] "HEAD /BLA/boletinlegal/ HTTP/1.1" 200 -
172.22.2.4 - - [25/Mar/2022:19:56:54 -0500] "GET /BLA/boletinlegal/Circulares/2019/Circular%2000018%20del%2020%20de%20noviembre%20de%202019.pdf HTTP/1.1" 200 158030
172.22.2.4 - - [25/Mar/2022:19:57:12 -0500] "GET /BLA/boletinlegal/Circulares/2017/Circular%20No.%2007%20del%2028%20de%20Abril%20de%202017.pdf HTTP/1.1" 200 309906
69.63.184.116 - - [25/Mar/2022:19:57:23 -0500] "GET /images/negocios-verdes-3-marzo.jpg HTTP/1.1" 200 33179
216.245.221.92 - - [25/Mar/2022:19:57:26 -0500] "HEAD / HTTP/1.1" 200 -
172.22.2.4 - - [25/Mar/2022:19:57:27 -0500] "GET /BLA/boletinlegal/Circulares/2012/Circular%20No.%203%20del%2023%20de%20Marzo%20de%202012.pdf HTTP/1.1" 200 572950
172.22.2.4 - - [25/Mar/2022:19:57:32 -0500] "GET /BLA/boletinlegal/jurisprudencia/analisis/CUADRO%20ANALISIS%20SENTENCIA%20T-411%20DE%201992.doc HTTP/1.1" 200 41984
172.22.2.4 - - [25/Mar/2022:19:55:54 -0500] "GET /BLA/boletinlegal/ HTTP/1.1" 200 59688
172.22.2.4 - - [25/Mar/2022:19:57:39 -0500] "GET /BLA/boletinlegal/Circulares/2012/Circular%20No.%2016%20del%2022%20de%20octubre%20de%202012.pdf HTTP/1.1" 200 381186
69.171.251.6 - - [25/Mar/2022:19:57:45 -0500] "GET /images/jornada-llantaton-usaquen-bosa-25-marzo.jpg HTTP/1.1" 200 60391
172.22.2.4 - - [25/Mar/2022:19:57:54 -0500] "GET /BLA/boletinlegal/Circulares/2011/Circular%20No.%209%20del%2003%20de%20Noviembre%20de%202011.pdf HTTP/1.1" 200 54568
172.22.2.4 - - [25/Mar/2022:19:58:03 -0500] "GET /BLA/boletinlegal/Circulares/2011/Circular%20No.%207%20del%2023%20de%20Diciembre%20de%202011.pdf HTTP/1.1" 200 1107785
173.252.87.24 - - [25/Mar/2022:19:58:07 -0500] "GET /images/jornada-llantaton-usaquen-bosa-25-marzo.jpg HTTP/1.1" 200 60391
173.252.95.120 - - [25/Mar/2022:19:58:13 -0500] "GET /un-animal-adulto-espera-renacer-de-tu-mano-adopta.html HTTP/1.1" 206 1028
173.252.127.19 - - [25/Mar/2022:19:58:16 -0500] "GET /un-animal-adulto-espera-renacer-de-tu-mano-adopta.html?fbclid=IwAR0_Z1cbyprPh8uyd2M4e6CHDrgIQbIGiyPA6hMLcDWaMj_gEQVL5nkAvSY HTTP/1.1" 200 1028
173.252.127.31 - - [25/Mar/2022:19:58:19 -0500] "GET /un-animal-adulto-espera-renacer-de-tu-mano-adopta.html?fbclid=IwAR2nWGvLwZWai7Au6zHdQoPRlwm49snyc2sU1wVYu-2JkXwhzAaNPC6k4Fo HTTP/1.1" 200 1028
31.13.127.30 - - [25/Mar/2022:19:58:19 -0500] "GET /un-animal-adulto-espera-renacer-de-tu-mano-adopta.html?fbclid=IwAR1dLRS6UpEwHu1R82Zl7jjzw1p8sNE69zGplGGpU6ZghQ_paQjw__j2N5Y HTTP/1.1" 200 1028
173.252.107.120 - - [25/Mar/2022:19:58:54 -0500] "GET /un-animal-adulto-espera-renacer-de-tu-mano-adopta.html HTTP/1.1" 200 1028
31.13.127.18 - - [25/Mar/2022:19:58:56 -0500] "GET /un-animal-adulto-espera-renacer-de-tu-mano-adopta.html HTTP/1.1" 200 1028
31.13.103.116 - - [25/Mar/2022:19:58:59 -0500] "GET /un-animal-adulto-espera-renacer-de-tu-mano-adopta.html HTTP/1.1" 200 1028
181.55.221.57 - - [25/Mar/2022:20:00:46 -0500] "GET /cerca-de-mil-llantas-fueron-recolectadas-en-usaquen-y-bosa.html HTTP/1.1" 200 952
216.245.221.92 - - [25/Mar/2022:20:02:26 -0500] "HEAD / HTTP/1.1" 200 -
172.22.2.4 - - [25/Mar/2022:20:00:54 -0500] "HEAD /BLA/boletinlegal/ HTTP/1.1" 200 -
172.22.2.4 - - [25/Mar/2022:20:02:49 -0500] "GET /BLA/boletinlegal/.env HTTP/1.1" 404 1018
207.46.13.209 - - [25/Mar/2022:20:03:12 -0500] "GET / HTTP/1.1" 200 319
201.245.192.253 - - [25/Mar/2022:20:02:29 -0500] "POST /kwsrmcab/Wsrmcab HTTP/1.1" 200 114968
172.22.2.4 - - [25/Mar/2022:20:01:44 -0500] "GET /BLA/boletinlegal/ HTTP/1.1" 200 61416
191.95.20.85 - - [25/Mar/2022:20:03:25 -0500] "GET /galeria/galeria/jquery.fancybox.css?v=2.1.5 HTTP/1.1" 200 4895
173.252.95.23 - - [25/Mar/2022:20:04:50 -0500] "GET /cuando-un-humedal-es-tu-oficina-la-labor-de-los-administradores-de-estos-ecosistemas.html?fbclid=IwAR1OifnIYJh7qxSmkaOLGNzjnGIBjBLf81EmhY8hzh5oEVWN7_wabIJkv6o HTTP/1.1" 200 957
66.220.149.26 - - [25/Mar/2022:20:06:08 -0500] "GET /un-animal-adulto-espera-renacer-de-tu-mano-adopta.html?fbclid=IwAR28a_gHZdu58DpQtfB7QDUgu7kSNQxirx11m7qZJRPg7b01qcVGe8zKkMs HTTP/1.1" 200 1028
173.252.79.18 - - [25/Mar/2022:20:07:10 -0500] "GET /cerca-de-mil-llantas-fueron-recolectadas-en-usaquen-y-bosa.html HTTP/1.1" 206 952
216.245.221.92 - - [25/Mar/2022:20:07:26 -0500] "HEAD / HTTP/1.1" 200 -
201.160.223.214 - - [25/Mar/2022:20:08:18 -0500] "GET /galeria/galeria/jquery.fancybox.css?v=2.1.5 HTTP/1.1" 200 4895
172.22.2.4 - - [25/Mar/2022:20:06:44 -0500] "HEAD /BLA/boletinlegal/ HTTP/1.1" 200 -
172.22.2.4 - - [25/Mar/2022:20:07:34 -0500] "GET /BLA/boletinlegal/ HTTP/1.1" 200 52537
172.22.2.4 - - [25/Mar/2022:20:08:35 -0500] "GET /BLA/boletinlegal/ HTTP/1.1" 200 20427
31.13.127.9 - - [25/Mar/2022:20:11:31 -0500] "GET /images/pieza-reciclaton-findesemana-febrero-15.jpg HTTP/1.1" 200 35558
191.95.51.80 - - [25/Mar/2022:20:12:00 -0500] "GET /cerca-de-mil-llantas-fueron-recolectadas-en-usaquen-y-bosa.html?fbclid=IwAR3oTrV9BmB8tVITgGzNQ4O3hgLJZkumlvbrNeGgGvflGmFCFPJ_HEk3B-Y HTTP/1.1" 200 952
216.245.221.92 - - [25/Mar/2022:20:12:26 -0500] "HEAD / HTTP/1.1" 200 -
31.13.127.25 - - [25/Mar/2022:20:12:29 -0500] "GET /secretaria-de-ambiente-invita-a-comunidad-de-bosa-a-entregar-residuos-especiales-y-peligrosos.html HTTP/1.1" 206 992
31.13.127.14 - - [25/Mar/2022:20:12:29 -0500] "GET /secretaria-de-ambiente-invita-a-comunidad-de-bosa-a-entregar-residuos-especiales-y-peligrosos.html HTTP/1.1" 206 992
201.245.192.253 - - [25/Mar/2022:20:12:01 -0500] "POST /kwsrmcab/Wsrmcab HTTP/1.1" 200 114918
172.22.2.4 - - [25/Mar/2022:20:12:34 -0500] "HEAD /BLA/boletinlegal/ HTTP/1.1" 200 -
172.22.2.4 - - [25/Mar/2022:20:13:24 -0500] "GET /BLA/boletinlegal/ HTTP/1.1" 200 48120
186.29.241.111 - - [25/Mar/2022:20:15:56 -0500] "GET /appsia/controlador HTTP/1.1" 200 4799
186.29.241.111 - - [25/Mar/2022:20:15:56 -0500] "GET /appsia/scripts/validarIngreso.js HTTP/1.1" 200 851
186.29.241.111 - - [25/Mar/2022:20:15:56 -0500] "GET /appsia/css/estilos.css HTTP/1.1" 200 4804
186.29.241.111 - - [25/Mar/2022:20:15:56 -0500] "GET /appsia/images/cabezoteHojaVida.png HTTP/1.1" 200 32493
186.29.241.111 - - [25/Mar/2022:20:15:56 -0500] "GET /appsia/images/logo_bogota_p.png HTTP/1.1" 200 14951
186.29.241.111 - - [25/Mar/2022:20:15:56 -0500] "GET /favicon.ico HTTP/1.1" 200 7782
186.29.241.111 - - [25/Mar/2022:20:15:58 -0500] "POST /appsia/controlador HTTP/1.1" 200 5437
186.29.241.111 - - [25/Mar/2022:20:16:00 -0500] "POST /appsia/controlador HTTP/1.1" 200 7777
186.29.241.111 - - [25/Mar/2022:20:16:01 -0500] "POST /appsia/controlador HTTP/1.1" 200 6642
186.29.241.111 - - [25/Mar/2022:20:16:02 -0500] "POST /appsia/controlador HTTP/1.1" 200 10587
216.245.221.92 - - [25/Mar/2022:20:17:26 -0500] "HEAD / HTTP/1.1" 200 -
186.29.241.111 - - [25/Mar/2022:20:18:02 -0500] "POST /appsia/controlador HTTP/1.1" 200 75878
179.14.139.187 - - [25/Mar/2022:20:19:16 -0500] "GET /negocios-verdes-de-bogota-se-reuniran-este-fin-de-semana-en-el-centro-comercial-el-retiro.html HTTP/1.1" 200 902
172.22.2.4 - - [25/Mar/2022:20:18:24 -0500] "HEAD /BLA/boletinlegal/ HTTP/1.1" 200 -
207.46.13.157 - - [25/Mar/2022:20:20:42 -0500] "GET /BLA/resoluciones/AUTOS%202018/1161.pdf HTTP/1.1" 304 -
172.22.2.4 - - [25/Mar/2022:20:19:14 -0500] "GET /BLA/boletinlegal/ HTTP/1.1" 200 54090
201.245.192.253 - - [25/Mar/2022:20:20:53 -0500] "POST /kwsrmcab/Wsrmcab HTTP/1.1" 200 44981
216.245.221.92 - - [25/Mar/2022:20:22:25 -0500] "HEAD / HTTP/1.1" 200 -
201.245.192.253 - - [25/Mar/2022:20:21:44 -0500] "POST /kwsrmcab/Wsrmcab HTTP/1.1" 200 45419
201.245.192.253 - - [25/Mar/2022:20:22:50 -0500] "POST /kwsrmcab/Wsrmcab HTTP/1.1" 200 114918
207.46.13.179 - - [25/Mar/2022:20:24:17 -0500] "GET /bla/resoluciones/notificaciones/autos%202018/2560.pdf HTTP/1.1" 200 97768
207.46.13.157 - - [25/Mar/2022:20:25:11 -0500] "GET /Publicaciones/2022EE29051.pdf HTTP/1.1" 404 227
172.22.2.4 - - [25/Mar/2022:20:24:14 -0500] "HEAD /BLA/boletinlegal/ HTTP/1.1" 200 -
186.154.34.118 - - [25/Mar/2022:20:26:43 -0500] "GET /BLA/resoluciones/RESOLUCIONES%202009/3245.pdf HTTP/1.1" 200 448598
186.154.34.118 - - [25/Mar/2022:20:26:43 -0500] "GET /favicon.ico HTTP/1.1" 200 7782
172.22.2.4 - - [25/Mar/2022:20:25:04 -0500] "GET /BLA/boletinlegal/ HTTP/1.1" 200 60105
216.245.221.92 - - [25/Mar/2022:20:27:25 -0500] "HEAD / HTTP/1.1" 200 -
186.154.34.118 - - [25/Mar/2022:20:28:05 -0500] "GET /BLA/resoluciones/RESOLUCIONES%202014/3801.pdf HTTP/1.1" 200 1959629
40.77.167.46 - - [25/Mar/2022:20:29:17 -0500] "GET /BLA/resoluciones/RESOLUCIONES%202018/3927.pdf HTTP/1.1" 200 310774
201.245.192.253 - - [25/Mar/2022:20:30:53 -0500] "POST /kwsrmcab/Wsrmcab HTTP/1.1" 200 44981
172.22.2.4 - - [25/Mar/2022:20:30:04 -0500] "HEAD /BLA/boletinlegal/ HTTP/1.1" 200 -
157.55.39.132 - - [25/Mar/2022:20:32:12 -0500] "-" 408 -
216.245.221.92 - - [25/Mar/2022:20:32:26 -0500] "HEAD / HTTP/1.1" 200 -
201.245.192.253 - - [25/Mar/2022:20:31:43 -0500] "POST /kwsrmcab/Wsrmcab HTTP/1.1" 200 45419
172.22.2.4 - - [25/Mar/2022:20:30:54 -0500] "GET /BLA/boletinlegal/ HTTP/1.1" 200 59170
186.80.182.200 - - [25/Mar/2022:20:33:06 -0500] "GET /negocios-verdes-de-bogota-se-reuniran-este-fin-de-semana-en-el-centro-comercial-el-retiro.html?fbclid=IwAR2KTvXPIR6PZj7Dn2g8qOFV2R6gH-cffWDcpag4PaMburTYEUWmAtggeGE HTTP/1.1" 200 902
201.245.192.253 - - [25/Mar/2022:20:32:21 -0500] "POST /kwsrmcab/Wsrmcab HTTP/1.1" 200 114918
173.252.83.12 - - [25/Mar/2022:20:33:18 -0500] "GET /negocios-verdes-de-bogota-se-reuniran-este-fin-de-semana-en-el-centro-comercial-el-retiro.html HTTP/1.1" 206 902
186.29.169.189 - - [25/Mar/2022:20:34:46 -0500] "GET /cerca-de-mil-llantas-fueron-recolectadas-en-usaquen-y-bosa.html?fbclid=IwAR1UKOdmcEU2gjwvbe1WeFBt3JpdMVUSQNlw1Op_sD7to_Ttk9LVag2OI2I HTTP/1.1" 200 952
186.29.169.189 - - [25/Mar/2022:20:34:47 -0500] "GET /favicon.ico HTTP/1.1" 404 1562
200.68.167.230 - - [25/Mar/2022:20:35:59 -0500] "GET /BLA/resoluciones/RESOLUCIONES%202021/5502.pdf HTTP/1.1" 200 399396
200.68.167.230 - - [25/Mar/2022:20:35:59 -0500] "GET /BLA/resoluciones/RESOLUCIONES%202021/5502.pdf HTTP/1.1" 200 399396
200.68.167.230 - - [25/Mar/2022:20:36:00 -0500] "GET /BLA/resoluciones/RESOLUCIONES%202021/5502.pdf HTTP/1.1" 206 1025
173.252.107.15 - - [25/Mar/2022:20:36:39 -0500] "GET /cerca-de-mil-llantas-fueron-recolectadas-en-usaquen-y-bosa.html HTTP/1.1" 206 952
181.53.12.137 - - [25/Mar/2022:20:36:49 -0500] "GET /BLA/resoluciones/ HTTP/1.1" 200 13093
181.53.12.137 - - [25/Mar/2022:20:36:53 -0500] "GET /BLA/resoluciones/index.php?dir=AUTOS+2016%2F HTTP/1.1" 200 324613
216.245.221.92 - - [25/Mar/2022:20:37:26 -0500] "HEAD / HTTP/1.1" 200 -
172.22.2.4 - - [25/Mar/2022:20:35:54 -0500] "HEAD /BLA/boletinlegal/ HTTP/1.1" 200 -
172.22.2.4 - - [25/Mar/2022:20:36:22 -0500] "GET /BLA/boletinlegal/ HTTP/1.1" 200 51365
172.22.2.4 - - [25/Mar/2022:20:36:44 -0500] "GET /BLA/boletinlegal/ HTTP/1.1" 200 55450
172.22.2.4 - - [25/Mar/2022:20:40:17 -0500] "GET /BLA/boletinlegal/Circulares/2022/CIRCULAR%20No.%2000003%20DEL%2007%20DE%20MARZO%20DEL%202022.pdf HTTP/1.1" 404 1038
172.22.2.4 - - [25/Mar/2022:20:40:21 -0500] "GET /BLA/boletinlegal/Circulares/2021/CIRCULAR%20No.%2000009%20DEL%2001%20DE%20OCTUBRE%20DEL%202021.pdf HTTP/1.1" 200 320793
172.22.2.4 - - [25/Mar/2022:20:40:36 -0500] "GET /BLA/boletinlegal/Circulares/2021/CIRCULAR%20No.%2000007%20DEL%2010%20DE%20AGOSTO%20DEL%202021.pdf HTTP/1.1" 200 266364
172.22.2.4 - - [25/Mar/2022:20:40:47 -0500] "GET /BLA/boletinlegal/Circulares/2021/CIRCULAR%20No.%2000006%20DEL%2005%20DE%20AGOSTO%20DEL%202021.pdf HTTP/1.1" 200 249615
172.22.2.4 - - [25/Mar/2022:20:41:02 -0500] "GET /BLA/boletinlegal/Circulares/2020/Circular%20No.%2000018%20del%2002%20de%20diciembre%20del%202020.pdf HTTP/1.1" 200 276868
172.22.2.4 - - [25/Mar/2022:20:41:06 -0500] "GET /BLA/boletinlegal/Circulares/2020/Circular%2000010%20del%2027%20de%20julio%20de%202020.pdf HTTP/1.1" 200 422655
172.22.2.4 - - [25/Mar/2022:20:41:19 -0500] "GET /BLA/boletinlegal/Circulares/2020/CIRCULAR%20No.%2000019%20DEL%2018%20DE%20DICIEMBRE%20DEL%202020.pdf HTTP/1.1" 200 307959
172.22.2.4 - - [25/Mar/2022:20:41:26 -0500] "GET /BLA/boletinlegal/Circulares/2020/CIRCULAR%20No.%2000014%20del%2001%20de%20septiembre%20del%202020.pdf HTTP/1.1" 200 320826
201.245.192.253 - - [25/Mar/2022:20:40:54 -0500] "POST /kwsrmcab/Wsrmcab HTTP/1.1" 200 44981
172.22.2.4 - - [25/Mar/2022:20:41:54 -0500] "GET /BLA/boletinlegal/Circulares/2019/Circular%20No.%2012%20del%2014%20de%20Marzo%20de%202019.pdf HTTP/1.1" 200 344384
172.22.2.4 - - [25/Mar/2022:20:42:07 -0500] "GET /BLA/boletinlegal/Circulares/2019/Circular%20No.%20006%20del%2008%20de%20Febrero%20de%202019.pdf HTTP/1.1" 200 674401
172.22.2.4 - - [25/Mar/2022:20:42:25 -0500] "GET /BLA/boletinlegal/Circulares/2019/Circular%20No.%200015%20del%2003%20de%20Octubre%20de%202019.pdf HTTP/1.1" 200 165608
216.245.221.92 - - [25/Mar/2022:20:42:25 -0500] "HEAD / HTTP/1.1" 200 -
201.245.192.253 - - [25/Mar/2022:20:41:43 -0500] "POST /kwsrmcab/Wsrmcab HTTP/1.1" 200 45419
172.22.2.4 - - [25/Mar/2022:20:42:41 -0500] "GET /BLA/boletinlegal/Circulares/2019/Circular%20No.%200005%20del%2020%20de%20Marzo%20de%202019.pdf HTTP/1.1" 200 159877
172.22.2.4 - - [25/Mar/2022:20:42:53 -0500] "GET /BLA/boletinlegal/Circulares/2019/Circular%20No.%200003%20del%2031%20de%20Enero%20de%202019.pdf HTTP/1.1" 200 164676
172.22.2.4 - - [25/Mar/2022:20:42:59 -0500] "GET /BLA/boletinlegal/Circulares/2019/Circular%2000020%20del%2020%20de%20diciembre%20de%202019.pdf HTTP/1.1" 200 145170
172.22.2.4 - - [25/Mar/2022:20:43:11 -0500] "GET /BLA/boletinlegal/Circulares/2019/Circular%2000018%20del%2020%20de%20noviembre%20de%202019.pdf HTTP/1.1" 200 158030
201.245.192.253 - - [25/Mar/2022:20:42:23 -0500] "POST /kwsrmcab/Wsrmcab HTTP/1.1" 200 114918
172.22.2.4 - - [25/Mar/2022:20:43:21 -0500] "GET /BLA/boletinlegal/Circulares/2019/.pdf HTTP/1.1" 404 1218
172.22.2.4 - - [25/Mar/2022:20:41:44 -0500] "HEAD /BLA/boletinlegal/ HTTP/1.1" 200 -
172.22.2.4 - - [25/Mar/2022:20:43:24 -0500] "GET /BLA/boletinlegal/Circulares/2018/Circular%20No.%2011%20del%2024%20de%20Septiembre%20de%202018.pdf HTTP/1.1" 200 169541
172.22.2.4 - - [25/Mar/2022:20:43:38 -0500] "GET /BLA/boletinlegal/Circulares/2018/Circular%20No.%2010%20del%2021%20de%20Septiembre%20de%202018.pdf HTTP/1.1" 200 163426
172.22.2.4 - - [25/Mar/2022:20:43:52 -0500] "GET /BLA/boletinlegal/Circulares/2018/Circular%20No.%200015%20del%207%20de%20Diciembre%20de%202018.pdf HTTP/1.1" 200 165305
172.22.2.4 - - [25/Mar/2022:20:43:55 -0500] "GET /BLA/boletinlegal/actos.php HTTP/1.1" 200 9555
172.22.2.4 - - [25/Mar/2022:20:43:56 -0500] "GET /BLA/boletinlegal/images/cabezote%20BLEGAL.jpg HTTP/1.1" 200 118164
172.22.2.4 - - [25/Mar/2022:20:43:57 -0500] "GET /BLA/boletinlegal/Circulares/2018/CIRCULAR%20COJUNTA%20042%20DE%202018.pdf HTTP/1.1" 200 515008
172.22.2.4 - - [25/Mar/2022:20:43:58 -0500] "GET /BLA/boletinlegal/images/abajo.png HTTP/1.1" 200 96676
172.22.2.4 - - [25/Mar/2022:20:44:10 -0500] "GET /BLA/boletinlegal/favicon.ico HTTP/1.1" 404 1326
172.22.2.4 - - [25/Mar/2022:20:42:34 -0500] "GET /BLA/boletinlegal/ HTTP/1.1" 200 61416
172.22.2.4 - - [25/Mar/2022:20:44:16 -0500] "GET /BLA/boletinlegal/Circulares/2017/Circular%20No.%202%20del%201%20de%20Septiembre%20de%202017.pdf HTTP/1.1" 200 152575
172.22.2.4 - - [25/Mar/2022:20:44:37 -0500] "GET /BLA/boletinlegal/actos.php HTTP/1.1" 200 9555
172.22.2.4 - - [25/Mar/2022:20:44:37 -0500] "GET /BLA/boletinlegal/favicon.ico HTTP/1.1" 404 1326
172.22.2.4 - - [25/Mar/2022:20:44:41 -0500] "GET /BLA/boletinlegal/Circulares/2017/Circular%20No.%201%20del%2030%20de%20Marzo%20de%202017.pdf HTTP/1.1" 200 668532
172.22.2.4 - - [25/Mar/2022:20:44:57 -0500] "GET /BLA/boletinlegal/Circulares/2017/Circular%20No.%2007%20del%2028%20de%20Abril%20de%202017.pdf HTTP/1.1" 200 309906
172.22.2.4 - - [25/Mar/2022:20:45:23 -0500] "GET /BLA/boletinlegal/Circulares/2017/Circular%20No.%20011%20del%2005%20de%20julio%20de%202017.pdf HTTP/1.1" 200 965526
172.22.2.4 - - [25/Mar/2022:20:45:38 -0500] "GET /BLA/boletinlegal/Circulares/2015/Circular%20No.%202%20del%201%20de%20julio%20de%202015.pdf HTTP/1.1" 200 752890
172.22.2.4 - - [25/Mar/2022:20:45:57 -0500] "GET /BLA/boletinlegal/Circulares/2015/Circular%20No.%201%20del%2010%20de%20Febrero%20de%202015.pdf HTTP/1.1" 200 660637
172.22.2.4 - - [25/Mar/2022:20:46:12 -0500] "GET /BLA/boletinlegal/Circulares/2014/Circular%20No.%203%20del%2014%20de%20Noviembre%20de%202014.pdf HTTP/1.1" 200 104132
172.22.2.4 - - [25/Mar/2022:20:46:24 -0500] "GET /BLA/boletinlegal/Circulares/2014/Circular%20No.%202%20del%2021%20de%20septiembre%20de%202014.pdf HTTP/1.1" 200 143376
172.22.2.4 - - [25/Mar/2022:20:46:44 -0500] "GET /BLA/boletinlegal/Circulares/2014/Circular%20No.%201%20del%2008%20de%20Mayo%20de%202014.pdf HTTP/1.1" 200 180124
172.22.2.4 - - [25/Mar/2022:20:46:55 -0500] "GET /BLA/boletinlegal/Circulares/2013/Circular%20No.%208%20del%201%20de%20Noviembre%20de%202013.pdf HTTP/1.1" 200 385156
172.22.2.4 - - [25/Mar/2022:20:47:10 -0500] "GET /BLA/boletinlegal/Circulares/2013/Circular%20No.%207%20del%201%20de%20Agosto%20de%202013.pdf HTTP/1.1" 200 340934
172.22.2.4 - - [25/Mar/2022:20:47:22 -0500] "GET /BLA/boletinlegal/Circulares/2013/Circular%20No.%206%20del%2019%20de%20julio%20de%202013.pdf HTTP/1.1" 200 4210437
181.56.55.78 - - [25/Mar/2022:20:47:22 -0500] "GET /galeria/galeria/jquery.fancybox.css?v=2.1.5 HTTP/1.1" 200 4895
216.245.221.92 - - [25/Mar/2022:20:47:25 -0500] "HEAD / HTTP/1.1" 200 -
172.22.2.4 - - [25/Mar/2022:20:47:46 -0500] "GET /BLA/boletinlegal/Circulares/2013/Circular%20No.%205%20del%2013%20de%20junio%20de%202013.pdf HTTP/1.1" 200 110904
172.22.2.4 - - [25/Mar/2022:20:47:53 -0500] "GET /BLA/boletinlegal/Circulares/2013/Circular%20No.%204%20del%2005%20de%20junio%20de%202013.pdf HTTP/1.1" 200 130461
172.22.2.4 - - [25/Mar/2022:20:48:13 -0500] "GET /BLA/boletinlegal/Circulares/2013/Circular%20No.%203%20del%2005%20de%20abril%20de%202013.pdf HTTP/1.1" 200 93580
172.22.2.4 - - [25/Mar/2022:20:48:25 -0500] "GET /BLA/boletinlegal/Circulares/2013/Circular%20No.%202%20del%2022%20de%20enero%20de%202013.pdf HTTP/1.1" 200 85466
172.22.2.4 - - [25/Mar/2022:20:48:39 -0500] "GET /BLA/boletinlegal/Circulares/2013/Circular%20No.%201%20del%2014%20de%20enero%20de%202013.pdf HTTP/1.1" 200 1298384
172.22.2.4 - - [25/Mar/2022:20:48:59 -0500] "GET /BLA/boletinlegal/Circulares/2012/Circular%20No.%209%20del%2021%20de%20Agosto%20de%202012.pdf HTTP/1.1" 200 1402289
172.22.2.4 - - [25/Mar/2022:20:49:13 -0500] "GET /BLA/boletinlegal/Circulares/2012/Circular%20No.%2016%20del%2022%20de%20octubre%20de%202012.pdf HTTP/1.1" 200 381186
172.22.2.4 - - [25/Mar/2022:20:47:34 -0500] "HEAD /BLA/boletinlegal/ HTTP/1.1" 200 -
172.22.2.4 - - [25/Mar/2022:20:49:26 -0500] "GET /BLA/boletinlegal/Circulares/2012/Circular%20No.%2015%20del%2022%20de%20octubre%20de%202012.pdf HTTP/1.1" 200 486506
172.22.2.4 - - [25/Mar/2022:20:49:37 -0500] "GET /BLA/boletinlegal/Circulares/2012/Circular%20No.%2014%20del%2011%20de%20Septiembre%20de%202012.pdf HTTP/1.1" 200 3427471
172.22.2.4 - - [25/Mar/2022:20:49:51 -0500] "GET /BLA/boletinlegal/Circulares/2012/Circular%20No.%2013%20del%2006%20de%20Septiembre%20de%202012.pdf HTTP/1.1" 200 351421
172.22.2.4 - - [25/Mar/2022:20:48:24 -0500] "GET /BLA/boletinlegal/ HTTP/1.1" 200 59170
172.22.2.4 - - [25/Mar/2022:20:50:21 -0500] "GET /BLA/boletinlegal/Circulares/2012/Circular%20No.%2012%20del%2028%20de%20Agosto%20de%202012.pdf HTTP/1.1" 200 369945
172.22.2.4 - - [25/Mar/2022:20:50:35 -0500] "GET /BLA/boletinlegal/Circulares/2012/Circular%20No.%2011%20del%2027%20de%20Agosto%20de%202012.pdf HTTP/1.1" 200 526945
172.22.2.4 - - [25/Mar/2022:20:50:47 -0500] "GET /BLA/boletinlegal/Circulares/2012/Circular%20No.%2010%20del%2022%20de%20Agosto%20de%202012.pdf HTTP/1.1" 200 1563219
172.22.2.4 - - [25/Mar/2022:20:51:12 -0500] "GET /BLA/boletinlegal/Circulares/2020/Circular%20No.%2000018%20del%2002%20de%20diciembre%20del%202020.pdf HTTP/1.1" 200 276868
216.245.221.92 - - [25/Mar/2022:20:52:25 -0500] "HEAD / HTTP/1.1" 200 -
172.22.2.4 - - [25/Mar/2022:20:52:27 -0500] "GET /BLA/boletinlegal/consulta_actos.php?tipo=resoluciones&no=&usuario=&sector=SILVICULTURA&fecha=1990&resuelve= HTTP/1.1" 200 626
201.245.192.253 - - [25/Mar/2022:20:51:46 -0500] "POST /kwsrmcab/Wsrmcab HTTP/1.1" 200 114918
157.55.39.218 - - [25/Mar/2022:20:54:02 -0500] "GET /BLA/resoluciones/AUTOS%202014/1537.pdf HTTP/1.1" 200 672249
172.22.2.4 - - [25/Mar/2022:20:54:38 -0500] "GET /BLA/boletinlegal/consulta_actos.php?tipo=resoluciones&no=&usuario=&sector=SILVICULTURA&fecha=1996&resuelve= HTTP/1.1" 200 626
172.22.2.4 - - [25/Mar/2022:20:54:43 -0500] "GET /BLA/boletinlegal/consulta_actos.php?tipo=resoluciones&no=&usuario=&sector=SILVICULTURA&fecha=1997&resuelve= HTTP/1.1" 200 626
172.22.2.4 - - [25/Mar/2022:20:54:50 -0500] "GET /BLA/boletinlegal/consulta_actos.php?tipo=resoluciones&no=&usuario=&sector=SILVICULTURA&fecha=1998&resuelve= HTTP/1.1" 200 626
172.22.2.4 - - [25/Mar/2022:20:54:53 -0500] "GET /BLA/boletinlegal/consulta_actos.php?tipo=resoluciones&no=&usuario=&sector=SILVICULTURA&fecha=1999&resuelve= HTTP/1.1" 200 626
172.22.2.4 - - [25/Mar/2022:20:54:56 -0500] "GET /BLA/boletinlegal/consulta_actos.php?tipo=resoluciones&no=&usuario=&sector=SILVICULTURA&fecha=2000&resuelve= HTTP/1.1" 200 1315
172.22.2.4 - - [25/Mar/2022:20:53:24 -0500] "HEAD /BLA/boletinlegal/ HTTP/1.1" 200 -
172.22.2.4 - - [25/Mar/2022:20:55:05 -0500] "GET /BLA/boletinlegal/consulta_actos.php?tipo=resoluciones&no=&usuario=&sector=SILVICULTURA&fecha=2001&resuelve= HTTP/1.1" 200 1232
172.22.2.4 - - [25/Mar/2022:20:55:12 -0500] "GET /BLA/boletinlegal/consulta_actos.php?tipo=resoluciones&no=&usuario=&sector=SILVICULTURA&fecha=2002&resuelve= HTTP/1.1" 200 626
172.22.2.4 - - [25/Mar/2022:20:55:16 -0500] "GET /BLA/boletinlegal/consulta_actos.php?tipo=resoluciones&no=&usuario=&sector=SILVICULTURA&fecha=2003&resuelve= HTTP/1.1" 200 1295
172.22.2.4 - - [25/Mar/2022:20:55:24 -0500] "GET /BLA/boletinlegal/consulta_actos.php?tipo=resoluciones&no=&usuario=&sector=SILVICULTURA&fecha=2004&resuelve= HTTP/1.1" 200 626
172.22.2.4 - - [25/Mar/2022:20:55:29 -0500] "GET /BLA/boletinlegal/consulta_actos.php?tipo=resoluciones&no=&usuario=&sector=SILVICULTURA&fecha=2005&resuelve= HTTP/1.1" 200 626
181.58.39.186 - - [25/Mar/2022:20:55:52 -0500] "GET /galeria/galeria/jquery.fancybox.css?v=2.1.5 HTTP/1.1" 200 4895
181.58.39.186 - - [25/Mar/2022:20:55:52 -0500] "GET /BLA/boletinlegal/js/jquery.scrollShow.js HTTP/1.1" 200 4586
181.58.39.186 - - [25/Mar/2022:20:55:52 -0500] "GET /galeria/galeria/jquery.fancybox.js?v=2.1.5 HTTP/1.1" 200 48706
172.22.2.4 - - [25/Mar/2022:20:54:14 -0500] "GET /BLA/boletinlegal/ HTTP/1.1" 200 54090
172.22.2.4 - - [25/Mar/2022:20:57:24 -0500] "GET /BLA/boletinlegal/actos.php HTTP/1.1" 200 9555
172.22.2.4 - - [25/Mar/2022:20:57:25 -0500] "GET /BLA/boletinlegal/favicon.ico HTTP/1.1" 404 1326
216.245.221.92 - - [25/Mar/2022:20:57:25 -0500] "HEAD / HTTP/1.1" 200 -
186.84.20.115 - - [25/Mar/2022:20:58:14 -0500] "-" 408 -
186.31.216.46 - - [25/Mar/2022:20:58:41 -0500] "GET /cerca-de-mil-llantas-fueron-recolectadas-en-usaquen-y-bosa.html HTTP/1.1" 200 952
172.22.2.4 - - [25/Mar/2022:20:57:22 -0500] "GET /BLA/boletinlegal/ HTTP/1.1" 200 63729
172.22.2.4 - - [25/Mar/2022:20:59:16 -0500] "GET /BLA/boletinlegal/consulta_actos.php?tipo=resoluciones&no=&usuario=&sector=SILVICULTURA&fecha=2006&resuelve= HTTP/1.1" 200 626
172.22.2.4 - - [25/Mar/2022:20:59:20 -0500] "GET /BLA/boletinlegal/consulta_actos.php?tipo=resoluciones&no=&usuario=&sector=SILVICULTURA&fecha=2006&resuelve= HTTP/1.1" 200 626
172.22.2.4 - - [25/Mar/2022:20:59:23 -0500] "GET /BLA/boletinlegal/consulta_actos.php?tipo=resoluciones&no=&usuario=&sector=SILVICULTURA&fecha=2007&resuelve= HTTP/1.1" 200 1306
172.22.2.4 - - [25/Mar/2022:20:59:24 -0500] "GET /BLA/boletinlegal/consulta_actos.php?tipo=resoluciones&no=&usuario=&sector=SILVICULTURA&fecha=2007&resuelve= HTTP/1.1" 200 1306
207.46.13.209 - - [25/Mar/2022:20:59:28 -0500] "GET /BLA/resoluciones/AUTOS%202019/2538%20.pdf HTTP/1.1" 304 -
172.22.2.4 - - [25/Mar/2022:20:59:32 -0500] "GET /BLA/boletinlegal/consulta_actos.php?tipo=resoluciones&no=&usuario=&sector=SILVICULTURA&fecha=2008&resuelve= HTTP/1.1" 200 741943
172.22.2.4 - - [25/Mar/2022:20:59:33 -0500] "GET /BLA/boletinlegal/images/background.gif HTTP/1.1" 200 -
172.22.2.4 - - [25/Mar/2022:21:00:10 -0500] "GET /BLA/boletinlegal/consulta_actos.php?tipo=resoluciones&no=&usuario=&sector=SILVICULTURA&fecha=2009&resuelve= HTTP/1.1" 200 804195
172.22.2.4 - - [25/Mar/2022:21:00:13 -0500] "GET /BLA/boletinlegal/consulta_actos.php?tipo=resoluciones&no=&usuario=&sector=SILVICULTURA&fecha=2009&resuelve= HTTP/1.1" 200 804195
172.22.2.4 - - [25/Mar/2022:20:59:14 -0500] "HEAD /BLA/boletinlegal/ HTTP/1.1" 200 -
