200.118.64.109 - - [26/Mar/2022:17:25:43 -0500] "POST /forms/lservlet;jsessionid=ac16012b30d6e9ea866cdcb74172abb1eb8ad4526039.e3iSbxaKaheRe34Sc38RahyRchr0n6jAmljGr5XDqQLvpAe HTTP/1.1" 200 2
172.22.2.4 - - [26/Mar/2022:17:24:11 -0500] "HEAD /BLA/boletinlegal/ HTTP/1.1" 200 -
40.77.167.46 - - [26/Mar/2022:17:26:13 -0500] "GET /BLA/resoluciones/RESOLUCIONES%202006/RES%202006%20351-400/00000399.tif HTTP/1.1" 200 68634
172.22.2.4 - - [26/Mar/2022:17:25:02 -0500] "GET /BLA/boletinlegal/ HTTP/1.1" 200 53739
207.46.13.43 - - [26/Mar/2022:17:27:13 -0500] "GET /appsia/controlador HTTP/1.1" 200 4799
216.245.221.92 - - [26/Mar/2022:17:27:22 -0500] "HEAD / HTTP/1.1" 200 -
200.118.64.109 - - [26/Mar/2022:17:27:43 -0500] "POST /forms/lservlet;jsessionid=ac16012b30d6e9ea866cdcb74172abb1eb8ad4526039.e3iSbxaKaheRe34Sc38RahyRchr0n6jAmljGr5XDqQLvpAe HTTP/1.1" 200 2
186.147.218.7 - - [26/Mar/2022:17:28:24 -0500] "GET /galeria/galeria/jquery.fancybox.css?v=2.1.5 HTTP/1.1" 200 4895
186.80.66.109 - - [26/Mar/2022:17:29:12 -0500] "GET /galeria/galeria/jquery.fancybox.css?v=2.1.5 HTTP/1.1" 200 4895
186.80.66.109 - - [26/Mar/2022:17:29:12 -0500] "GET /BLA/boletinlegal/js/jquery.scrollShow.js HTTP/1.1" 200 4586
186.80.66.109 - - [26/Mar/2022:17:29:13 -0500] "GET /galeria/galeria/jquery.fancybox.js?v=2.1.5 HTTP/1.1" 200 48706
200.118.64.109 - - [26/Mar/2022:17:29:43 -0500] "POST /forms/lservlet;jsessionid=ac16012b30d6e9ea866cdcb74172abb1eb8ad4526039.e3iSbxaKaheRe34Sc38RahyRchr0n6jAmljGr5XDqQLvpAe HTTP/1.1" 200 2
200.118.64.109 - - [26/Mar/2022:17:30:10 -0500] "POST /forms/lservlet;jsessionid=ac16012b30d6e9ea866cdcb74172abb1eb8ad4526039.e3iSbxaKaheRe34Sc38RahyRchr0n6jAmljGr5XDqQLvpAe HTTP/1.1" 200 2027
200.118.64.109 - - [26/Mar/2022:17:30:10 -0500] "POST /forms/lservlet;jsessionid=ac16012b30d6e9ea866cdcb74172abb1eb8ad4526039.e3iSbxaKaheRe34Sc38RahyRchr0n6jAmljGr5XDqQLvpAe HTTP/1.1" 200 78
200.118.64.109 - - [26/Mar/2022:17:30:12 -0500] "POST /forms/lservlet;jsessionid=ac16012b30d6e9ea866cdcb74172abb1eb8ad4526039.e3iSbxaKaheRe34Sc38RahyRchr0n6jAmljGr5XDqQLvpAe HTTP/1.1" 200 86
200.118.64.109 - - [26/Mar/2022:17:30:12 -0500] "POST /forms/lservlet;jsessionid=ac16012b30d6e9ea866cdcb74172abb1eb8ad4526039.e3iSbxaKaheRe34Sc38RahyRchr0n6jAmljGr5XDqQLvpAe HTTP/1.1" 200 -
201.245.192.253 - - [26/Mar/2022:17:30:49 -0500] "POST /kwsrmcab/Wsrmcab HTTP/1.1" 200 45807
172.22.2.4 - - [26/Mar/2022:17:30:01 -0500] "HEAD /BLA/boletinlegal/ HTTP/1.1" 200 -
216.245.221.92 - - [26/Mar/2022:17:32:22 -0500] "HEAD / HTTP/1.1" 200 -
201.245.192.253 - - [26/Mar/2022:17:31:39 -0500] "POST /kwsrmcab/Wsrmcab HTTP/1.1" 200 45464
201.245.192.253 - - [26/Mar/2022:17:31:40 -0500] "POST /kwsrmcab/Wsrmcab HTTP/1.1" 200 114963
172.22.2.4 - - [26/Mar/2022:17:30:52 -0500] "GET /BLA/boletinlegal/ HTTP/1.1" 200 59170
172.22.2.4 - - [26/Mar/2022:17:36:27 -0500] "GET /BLA/boletinlegal/style.css HTTP/1.1" 200 9406
172.22.2.4 - - [26/Mar/2022:17:36:27 -0500] "GET /BLA/boletinlegal/styles2.css HTTP/1.1" 200 1838
172.22.2.4 - - [26/Mar/2022:17:36:27 -0500] "GET /BLA/boletinlegal/images/cabezote%20BLEGAL.jpg HTTP/1.1" 200 118164
172.22.2.4 - - [26/Mar/2022:17:36:27 -0500] "GET /BLA/boletinlegal/images/subscribe-icon-big.png HTTP/1.1" 200 47702
172.22.2.4 - - [26/Mar/2022:17:36:27 -0500] "GET /BLA/boletinlegal/images/historia.png HTTP/1.1" 200 52775
172.22.2.4 - - [26/Mar/2022:17:36:27 -0500] "GET /BLA/boletinlegal/images/registro-usuarios.png HTTP/1.1" 200 8106
172.22.2.4 - - [26/Mar/2022:17:36:27 -0500] "GET /BLA/boletinlegal/images/body_bg.jpg HTTP/1.1" 200 1601
172.22.2.4 - - [26/Mar/2022:17:36:27 -0500] "GET /BLA/boletinlegal/images/menu_lft.gif HTTP/1.1" 200 1713
172.22.2.4 - - [26/Mar/2022:17:36:27 -0500] "GET /BLA/boletinlegal/images/menu_rght.gif HTTP/1.1" 200 1627
172.22.2.4 - - [26/Mar/2022:17:36:27 -0500] "GET /BLA/boletinlegal/images/bg_top.jpg HTTP/1.1" 200 522
172.22.2.4 - - [26/Mar/2022:17:36:27 -0500] "GET /BLA/boletinlegal/images/menu_bg.jpg HTTP/1.1" 200 620
172.22.2.4 - - [26/Mar/2022:17:36:27 -0500] "GET /BLA/boletinlegal/images/text.jpg HTTP/1.1" 200 568
172.22.2.4 - - [26/Mar/2022:17:36:27 -0500] "GET /BLA/boletinlegal/images/hover.jpg HTTP/1.1" 200 640
172.22.2.4 - - [26/Mar/2022:17:36:28 -0500] "GET /BLA/boletinlegal/actos.php HTTP/1.1" 200 9555
172.22.2.4 - - [26/Mar/2022:17:36:28 -0500] "GET /BLA/boletinlegal/js/popup.js HTTP/1.1" 200 1270
172.22.2.4 - - [26/Mar/2022:17:36:28 -0500] "GET /BLA/boletinlegal/js/lib.js HTTP/1.1" 200 6474
172.22.2.4 - - [26/Mar/2022:17:36:28 -0500] "GET /BLA/boletinlegal/niceforms.js HTTP/1.1" 200 22876
172.22.2.4 - - [26/Mar/2022:17:36:28 -0500] "GET /BLA/boletinlegal/js/jquery1.js HTTP/1.1" 200 29846
172.22.2.4 - - [26/Mar/2022:17:36:28 -0500] "GET /BLA/boletinlegal/images/green-yellow-blue-pink-th.png HTTP/1.1" 200 7394
172.22.2.4 - - [26/Mar/2022:17:36:28 -0500] "GET /BLA/boletinlegal/images/abajo.png HTTP/1.1" 200 96676
172.22.2.4 - - [26/Mar/2022:17:36:28 -0500] "GET /BLA/boletinlegal/js/ajax_actos.js HTTP/1.1" 200 1322
172.22.2.4 - - [26/Mar/2022:17:36:28 -0500] "GET /BLA/boletinlegal/images/tel.png HTTP/1.1" 200 14477
172.22.2.4 - - [26/Mar/2022:17:36:28 -0500] "GET /BLA/boletinlegal/images/icono-email.png HTTP/1.1" 200 5544
172.22.2.4 - - [26/Mar/2022:17:36:28 -0500] "GET /BLA/boletinlegal/images/footer_bg.jpg HTTP/1.1" 200 586
172.22.2.4 - - [26/Mar/2022:17:36:28 -0500] "GET /BLA/boletinlegal/images/footer_bg_l.jpg HTTP/1.1" 200 776
172.22.2.4 - - [26/Mar/2022:17:36:28 -0500] "GET /BLA/boletinlegal/img/0.png HTTP/1.1" 200 110
172.22.2.4 - - [26/Mar/2022:17:36:28 -0500] "GET /BLA/boletinlegal/img/select-left.png HTTP/1.1" 200 263
172.22.2.4 - - [26/Mar/2022:17:36:28 -0500] "GET /BLA/boletinlegal/img/select-right.png HTTP/1.1" 200 44019
172.22.2.4 - - [26/Mar/2022:17:36:28 -0500] "GET /BLA/boletinlegal/img/button.png HTTP/1.1" 200 43241
172.22.2.4 - - [26/Mar/2022:17:36:28 -0500] "GET /BLA/boletinlegal/img/button-left.png HTTP/1.1" 200 57071
172.22.2.4 - - [26/Mar/2022:17:36:28 -0500] "GET /BLA/boletinlegal/favicon.ico HTTP/1.1" 404 1326
172.22.2.4 - - [26/Mar/2022:17:36:28 -0500] "GET /BLA/boletinlegal/img/button-right.png HTTP/1.1" 200 57878
172.22.2.4 - - [26/Mar/2022:17:36:34 -0500] "GET /BLA/boletinlegal/consulta_actos.php?tipo=autos&no=6037&usuario=&sector=&fecha=2021&resuelve= HTTP/1.1" 200 626
45.155.204.146 - - [26/Mar/2022:17:36:35 -0500] "POST /Autodiscover/Autodiscover.xml HTTP/1.1" 404 1018
172.22.2.4 - - [26/Mar/2022:17:37:09 -0500] "GET /BLA/boletinlegal/images/screen_3.png HTTP/1.1" 200 210620
172.22.2.4 - - [26/Mar/2022:17:37:09 -0500] "GET /BLA/boletinlegal/images/screen_5.png HTTP/1.1" 200 368876
172.22.2.4 - - [26/Mar/2022:17:37:10 -0500] "GET /BLA/boletinlegal/images/arr_r.jpg HTTP/1.1" 200 1998
172.22.2.4 - - [26/Mar/2022:17:37:09 -0500] "GET /BLA/boletinlegal/images/screen_2.png HTTP/1.1" 200 362502
172.22.2.4 - - [26/Mar/2022:17:36:27 -0500] "GET /BLA/boletinlegal/ HTTP/1.1" 200 24523
172.22.2.4 - - [26/Mar/2022:17:37:22 -0500] "GET /BLA/boletinlegal/images/pdf.gif HTTP/1.1" 200 567
216.245.221.92 - - [26/Mar/2022:17:37:22 -0500] "HEAD / HTTP/1.1" 200 -
172.22.2.4 - - [26/Mar/2022:17:37:29 -0500] "GET /BLA/boletinlegal/actos.php HTTP/1.1" 200 9555
172.22.2.4 - - [26/Mar/2022:17:37:30 -0500] "GET /BLA/boletinlegal/favicon.ico HTTP/1.1" 404 1326
172.22.2.4 - - [26/Mar/2022:17:35:51 -0500] "HEAD /BLA/boletinlegal/ HTTP/1.1" 200 -
181.51.32.107 - - [26/Mar/2022:17:37:40 -0500] "GET /galeria/galeria/jquery.fancybox.css?v=2.1.5 HTTP/1.1" 200 4895
172.22.2.4 - - [26/Mar/2022:17:36:40 -0500] "GET /BLA/boletinlegal/ HTTP/1.1" 200 43418
172.22.2.4 - - [26/Mar/2022:17:36:42 -0500] "GET /BLA/boletinlegal/ HTTP/1.1" 200 44043
172.22.2.4 - - [26/Mar/2022:17:36:57 -0500] "GET /BLA/boletinlegal/ HTTP/1.1" 200 45003
40.77.167.46 - - [26/Mar/2022:17:39:34 -0500] "GET /BLA/resoluciones/2201.tif HTTP/1.1" 404 1018
172.22.2.4 - - [26/Mar/2022:17:39:59 -0500] "GET /BLA/boletinlegal/images/historia.png HTTP/1.1" 200 52775
172.22.2.4 - - [26/Mar/2022:17:39:59 -0500] "GET /BLA/boletinlegal/images/cabezote%20BLEGAL.jpg HTTP/1.1" 200 118164
172.22.2.4 - - [26/Mar/2022:17:39:59 -0500] "GET /BLA/boletinlegal/images/registro-usuarios.png HTTP/1.1" 200 8106
172.22.2.4 - - [26/Mar/2022:17:39:59 -0500] "GET /BLA/boletinlegal/images/launch.jpg HTTP/1.1" 200 14577
172.22.2.4 - - [26/Mar/2022:17:39:59 -0500] "GET /BLA/boletinlegal/images/bg_top.jpg HTTP/1.1" 200 522
172.22.2.4 - - [26/Mar/2022:17:39:59 -0500] "GET /BLA/boletinlegal/images/body_bg.jpg HTTP/1.1" 200 1601
172.22.2.4 - - [26/Mar/2022:17:40:04 -0500] "GET /BLA/boletinlegal/actos.php HTTP/1.1" 200 9555
172.22.2.4 - - [26/Mar/2022:17:40:04 -0500] "GET /BLA/boletinlegal/js/jquery1.js HTTP/1.1" 200 29846
66.249.73.97 - - [26/Mar/2022:17:40:06 -0500] "-" 408 -
172.22.2.4 - - [26/Mar/2022:17:40:47 -0500] "GET /BLA/boletinlegal/Circulares/2022/CIRCULAR%20No.%2000003%20DEL%2007%20DE%20MARZO%20DEL%202022.pdf HTTP/1.1" 404 1038
172.22.2.4 - - [26/Mar/2022:17:39:59 -0500] "GET /BLA/boletinlegal/ HTTP/1.1" 200 36811
172.22.2.4 - - [26/Mar/2022:17:40:50 -0500] "GET /BLA/boletinlegal/Circulares/2021/CIRCULAR%20No.%2000009%20DEL%2001%20DE%20OCTUBRE%20DEL%202021.pdf HTTP/1.1" 200 320793
172.22.2.4 - - [26/Mar/2022:17:41:01 -0500] "GET /BLA/boletinlegal/Circulares/2021/CIRCULAR%20No.%2000007%20DEL%2010%20DE%20AGOSTO%20DEL%202021.pdf HTTP/1.1" 200 266364
207.46.13.209 - - [26/Mar/2022:17:41:04 -0500] "GET /bla/resoluciones/resoluciones%202021/5484.pdf HTTP/1.1" 200 593726
172.22.2.4 - - [26/Mar/2022:17:41:11 -0500] "GET /BLA/boletinlegal/Circulares/2021/CIRCULAR%20No.%2000006%20DEL%2005%20DE%20AGOSTO%20DEL%202021.pdf HTTP/1.1" 200 249615
172.22.2.4 - - [26/Mar/2022:17:41:24 -0500] "GET /BLA/boletinlegal/Circulares/2020/Circular%20No.%2000018%20del%2002%20de%20diciembre%20del%202020.pdf HTTP/1.1" 200 276868
172.22.2.4 - - [26/Mar/2022:17:41:33 -0500] "GET /BLA/boletinlegal/Circulares/2020/Circular%2000010%20del%2027%20de%20julio%20de%202020.pdf HTTP/1.1" 200 422655
201.245.192.253 - - [26/Mar/2022:17:40:49 -0500] "POST /kwsrmcab/Wsrmcab HTTP/1.1" 200 45807
172.22.2.4 - - [26/Mar/2022:17:41:44 -0500] "GET /BLA/boletinlegal/Circulares/2020/CIRCULAR%20No.%2000019%20DEL%2018%20DE%20DICIEMBRE%20DEL%202020.pdf HTTP/1.1" 200 307959
172.22.2.4 - - [26/Mar/2022:17:41:55 -0500] "GET /BLA/boletinlegal/Circulares/2020/CIRCULAR%20No.%2000014%20del%2001%20de%20septiembre%20del%202020.pdf HTTP/1.1" 200 320826
172.22.2.4 - - [26/Mar/2022:17:42:13 -0500] "GET /BLA/boletinlegal/Circulares/2019/Circular%20No.%2012%20del%2014%20de%20Marzo%20de%202019.pdf HTTP/1.1" 200 344384
216.245.221.92 - - [26/Mar/2022:17:42:22 -0500] "HEAD / HTTP/1.1" 200 -
172.22.2.4 - - [26/Mar/2022:17:42:24 -0500] "GET /BLA/boletinlegal/Circulares/2019/Circular%20No.%20006%20del%2008%20de%20Febrero%20de%202019.pdf HTTP/1.1" 200 674401
201.245.192.253 - - [26/Mar/2022:17:41:38 -0500] "POST /kwsrmcab/Wsrmcab HTTP/1.1" 200 45464
201.245.192.253 - - [26/Mar/2022:17:41:41 -0500] "POST /kwsrmcab/Wsrmcab HTTP/1.1" 200 114963
172.22.2.4 - - [26/Mar/2022:17:42:37 -0500] "GET /BLA/boletinlegal/Circulares/2019/Circular%20No.%200015%20del%2003%20de%20Octubre%20de%202019.pdf HTTP/1.1" 200 165608
172.22.2.4 - - [26/Mar/2022:17:42:47 -0500] "GET /BLA/boletinlegal/Circulares/2019/Circular%20No.%200005%20del%2020%20de%20Marzo%20de%202019.pdf HTTP/1.1" 200 159877
172.22.2.4 - - [26/Mar/2022:17:42:53 -0500] "GET /BLA/boletinlegal/style.css HTTP/1.1" 200 9406
172.22.2.4 - - [26/Mar/2022:17:42:53 -0500] "GET /BLA/boletinlegal/styles2.css HTTP/1.1" 200 1838
172.22.2.4 - - [26/Mar/2022:17:42:53 -0500] "GET /BLA/boletinlegal/js/jquery.js HTTP/1.1" 200 57254
172.22.2.4 - - [26/Mar/2022:17:42:53 -0500] "GET /BLA/boletinlegal/js/jquery.scrollTo-min.js HTTP/1.1" 200 1150
172.22.2.4 - - [26/Mar/2022:17:42:53 -0500] "GET /BLA/boletinlegal/js/jquery.scrollShow.js HTTP/1.1" 200 4586
172.22.2.4 - - [26/Mar/2022:17:42:53 -0500] "GET /BLA/boletinlegal/images/cabezote%20BLEGAL.jpg HTTP/1.1" 200 118164
172.22.2.4 - - [26/Mar/2022:17:42:53 -0500] "GET /BLA/boletinlegal/images/subscribe-icon-big.png HTTP/1.1" 200 47702
172.22.2.4 - - [26/Mar/2022:17:42:53 -0500] "GET /BLA/boletinlegal/images/arr_l.jpg HTTP/1.1" 200 1979
172.22.2.4 - - [26/Mar/2022:17:42:53 -0500] "GET /BLA/boletinlegal/images/historia.png HTTP/1.1" 200 52775
172.22.2.4 - - [26/Mar/2022:17:42:53 -0500] "GET /BLA/boletinlegal/images/registro-usuarios.png HTTP/1.1" 200 8106
172.22.2.4 - - [26/Mar/2022:17:42:53 -0500] "GET /BLA/boletinlegal/images/screen_1.png HTTP/1.1" 200 202547
172.22.2.4 - - [26/Mar/2022:17:42:53 -0500] "GET /BLA/boletinlegal/images/launch.jpg HTTP/1.1" 200 14577
172.22.2.4 - - [26/Mar/2022:17:42:53 -0500] "GET /BLA/boletinlegal/images/body_bg.jpg HTTP/1.1" 200 1601
172.22.2.4 - - [26/Mar/2022:17:42:53 -0500] "GET /BLA/boletinlegal/images/bg_top.jpg HTTP/1.1" 200 522
172.22.2.4 - - [26/Mar/2022:17:42:53 -0500] "GET /BLA/boletinlegal/images/text.jpg HTTP/1.1" 200 568
172.22.2.4 - - [26/Mar/2022:17:42:53 -0500] "GET /BLA/boletinlegal/images/menu_bg.jpg HTTP/1.1" 200 620
172.22.2.4 - - [26/Mar/2022:17:42:53 -0500] "GET /BLA/boletinlegal/images/menu_rght.gif HTTP/1.1" 200 1627
172.22.2.4 - - [26/Mar/2022:17:42:53 -0500] "GET /BLA/boletinlegal/images/hover.jpg HTTP/1.1" 200 640
172.22.2.4 - - [26/Mar/2022:17:42:53 -0500] "GET /BLA/boletinlegal/images/menu_lft.gif HTTP/1.1" 200 1713
172.22.2.4 - - [26/Mar/2022:17:42:57 -0500] "GET /BLA/boletinlegal/normativa.php HTTP/1.1" 200 8258
172.22.2.4 - - [26/Mar/2022:17:42:57 -0500] "GET /BLA/boletinlegal/niceforms.js HTTP/1.1" 200 22876
172.22.2.4 - - [26/Mar/2022:17:42:57 -0500] "GET /BLA/boletinlegal/niceforms-default.css HTTP/1.1" 200 6694
172.22.2.4 - - [26/Mar/2022:17:42:57 -0500] "GET /BLA/boletinlegal/js/ajax_normativa.js HTTP/1.1" 200 1154
172.22.2.4 - - [26/Mar/2022:17:42:57 -0500] "GET /BLA/boletinlegal/images/abajo.png HTTP/1.1" 200 96676
172.22.2.4 - - [26/Mar/2022:17:42:57 -0500] "GET /BLA/boletinlegal/images/tel.png HTTP/1.1" 200 14477
172.22.2.4 - - [26/Mar/2022:17:42:57 -0500] "GET /BLA/boletinlegal/images/icono-email.png HTTP/1.1" 200 5544
172.22.2.4 - - [26/Mar/2022:17:42:57 -0500] "GET /BLA/boletinlegal/images/footer_bg.jpg HTTP/1.1" 200 586
172.22.2.4 - - [26/Mar/2022:17:42:57 -0500] "GET /BLA/boletinlegal/images/footer_bg_l.jpg HTTP/1.1" 200 776
172.22.2.4 - - [26/Mar/2022:17:42:57 -0500] "GET /BLA/boletinlegal/img/select-left.png HTTP/1.1" 200 263
172.22.2.4 - - [26/Mar/2022:17:42:57 -0500] "GET /BLA/boletinlegal/img/0.png HTTP/1.1" 200 110
172.22.2.4 - - [26/Mar/2022:17:42:57 -0500] "GET /BLA/boletinlegal/img/select-right.png HTTP/1.1" 200 44019
172.22.2.4 - - [26/Mar/2022:17:42:57 -0500] "GET /BLA/boletinlegal/img/button-left.png HTTP/1.1" 200 57071
172.22.2.4 - - [26/Mar/2022:17:42:57 -0500] "GET /BLA/boletinlegal/img/button.png HTTP/1.1" 200 43241
172.22.2.4 - - [26/Mar/2022:17:42:57 -0500] "GET /BLA/boletinlegal/img/button-right.png HTTP/1.1" 200 57878
172.22.2.4 - - [26/Mar/2022:17:42:57 -0500] "GET /BLA/boletinlegal/favicon.ico HTTP/1.1" 404 1334
172.22.2.4 - - [26/Mar/2022:17:43:01 -0500] "GET /BLA/boletinlegal/Circulares/2019/Circular%20No.%200003%20del%2031%20de%20Enero%20de%202019.pdf HTTP/1.1" 200 164676
172.22.2.4 - - [26/Mar/2022:17:43:10 -0500] "GET /BLA/boletinlegal/Circulares/2019/Circular%2000020%20del%2020%20de%20diciembre%20de%202019.pdf HTTP/1.1" 200 145170
172.22.2.4 - - [26/Mar/2022:17:43:20 -0500] "GET /BLA/boletinlegal/Circulares/2019/Circular%2000018%20del%2020%20de%20noviembre%20de%202019.pdf HTTP/1.1" 200 158030
172.22.2.4 - - [26/Mar/2022:17:41:41 -0500] "HEAD /BLA/boletinlegal/ HTTP/1.1" 200 -
172.22.2.4 - - [26/Mar/2022:17:43:26 -0500] "GET /BLA/boletinlegal/Circulares/2019/.pdf HTTP/1.1" 404 1218
172.22.2.4 - - [26/Mar/2022:17:43:29 -0500] "GET /BLA/boletinlegal/Circulares/2018/Circular%20No.%2011%20del%2024%20de%20Septiembre%20de%202018.pdf HTTP/1.1" 200 169541
172.22.2.4 - - [26/Mar/2022:17:42:52 -0500] "GET /BLA/boletinlegal/ HTTP/1.1" 200 24523
172.22.2.4 - - [26/Mar/2022:17:43:43 -0500] "GET /BLA/boletinlegal/Circulares/2018/Circular%20No.%2010%20del%2021%20de%20Septiembre%20de%202018.pdf HTTP/1.1" 200 163426
172.22.2.4 - - [26/Mar/2022:17:44:04 -0500] "GET /BLA/boletinlegal/Circulares/2018/Circular%20No.%200015%20del%207%20de%20Diciembre%20de%202018.pdf HTTP/1.1" 200 165305
172.22.2.4 - - [26/Mar/2022:17:42:32 -0500] "GET /BLA/boletinlegal/ HTTP/1.1" 200 56300
172.22.2.4 - - [26/Mar/2022:17:44:12 -0500] "GET /BLA/boletinlegal/Circulares/2018/CIRCULAR%20COJUNTA%20042%20DE%202018.pdf HTTP/1.1" 200 515008
172.22.2.4 - - [26/Mar/2022:17:44:27 -0500] "GET /BLA/boletinlegal/Circulares/2017/Circular%20No.%202%20del%201%20de%20Septiembre%20de%202017.pdf HTTP/1.1" 200 152575
172.22.2.4 - - [26/Mar/2022:17:44:28 -0500] "GET /BLA/boletinlegal/consulta_normativa.php?tipo=Resolucion&sector=competencia-estructura&ano=2021&resuelve=1865 HTTP/1.1" 200 454
172.22.2.4 - - [26/Mar/2022:17:44:36 -0500] "GET /BLA/boletinlegal/Circulares/2017/Circular%20No.%201%20del%2030%20de%20Marzo%20de%202017.pdf HTTP/1.1" 200 668532
172.22.2.4 - - [26/Mar/2022:17:44:47 -0500] "GET /BLA/boletinlegal/Circulares/2017/Circular%20No.%2007%20del%2028%20de%20Abril%20de%202017.pdf HTTP/1.1" 200 309906
172.22.2.4 - - [26/Mar/2022:17:44:52 -0500] "GET /BLA/boletinlegal/consulta_normativa.php?tipo=Resolucion&sector=competencia-estructura&ano=2021&resuelve= HTTP/1.1" 200 454
172.22.2.4 - - [26/Mar/2022:17:45:03 -0500] "GET /BLA/boletinlegal/Circulares/2017/Circular%20No.%20011%20del%2005%20de%20julio%20de%202017.pdf HTTP/1.1" 200 965526
172.22.2.4 - - [26/Mar/2022:17:45:15 -0500] "GET /BLA/boletinlegal/Circulares/2015/Circular%20No.%202%20del%201%20de%20julio%20de%202015.pdf HTTP/1.1" 200 752890
172.22.2.4 - - [26/Mar/2022:17:45:30 -0500] "GET /BLA/boletinlegal/Circulares/2015/Circular%20No.%201%20del%2010%20de%20Febrero%20de%202015.pdf HTTP/1.1" 200 660637
172.22.2.4 - - [26/Mar/2022:17:45:35 -0500] "GET /BLA/boletinlegal/consulta_normativa.php?tipo=Resolucion&sector=competencia-estructura&ano=2021&resuelve=1865 HTTP/1.1" 200 454
172.22.2.4 - - [26/Mar/2022:17:45:40 -0500] "GET /BLA/boletinlegal/Circulares/2014/Circular%20No.%203%20del%2014%20de%20Noviembre%20de%202014.pdf HTTP/1.1" 200 104132
173.252.127.27 - - [26/Mar/2022:17:45:54 -0500] "GET /quieres-saber-como-ahorrar-energia-en-tu-empresa-secretaria-de-ambiente-lanza-guia-que-te-ayudara.html?fbclid=IwAR0dmybtVK92ZN6bAnwMeH87_yOiatf2OpjSaWCtmv6Q3gu0yGfEa3C8fw4 HTTP/1.1" 200 998
172.22.2.4 - - [26/Mar/2022:17:46:56 -0500] "GET /BLA/boletinlegal/images/screen_3.png HTTP/1.1" 200 210620
172.22.2.4 - - [26/Mar/2022:17:46:56 -0500] "GET /BLA/boletinlegal/images/screen_2.png HTTP/1.1" 200 362502
172.22.2.4 - - [26/Mar/2022:17:46:56 -0500] "GET /BLA/boletinlegal/images/screen_5.png HTTP/1.1" 200 368876
172.22.2.4 - - [26/Mar/2022:17:46:56 -0500] "GET /BLA/boletinlegal/images/arr_r.jpg HTTP/1.1" 200 1998
172.22.2.4 - - [26/Mar/2022:17:47:03 -0500] "GET /BLA/boletinlegal/images/pdf.gif HTTP/1.1" 200 567
40.77.167.41 - - [26/Mar/2022:17:47:15 -0500] "GET /portaldeninos/wp-content/uploads/2021/07/Banners-p%C3%A1gina-de-ni%C3%B1os-humedales-de-Bogot%C3%A1-260x13.jpg HTTP/1.1" 404 67768
216.245.221.92 - - [26/Mar/2022:17:47:22 -0500] "HEAD / HTTP/1.1" 200 -
172.22.2.4 - - [26/Mar/2022:17:46:48 -0500] "GET /BLA/boletinlegal/ HTTP/1.1" 200 57542
172.22.2.4 - - [26/Mar/2022:17:47:31 -0500] "HEAD /BLA/boletinlegal/ HTTP/1.1" 200 -
172.22.2.4 - - [26/Mar/2022:17:48:22 -0500] "GET /BLA/boletinlegal/ HTTP/1.1" 200 58588
216.245.221.92 - - [26/Mar/2022:17:52:22 -0500] "HEAD / HTTP/1.1" 200 -
201.245.192.253 - - [26/Mar/2022:17:51:38 -0500] "POST /kwsrmcab/Wsrmcab HTTP/1.1" 200 114963
172.22.2.4 - - [26/Mar/2022:17:53:21 -0500] "HEAD /BLA/boletinlegal/ HTTP/1.1" 200 -
181.206.0.11 - - [26/Mar/2022:17:55:35 -0500] "GET /galeria/galeria/jquery.fancybox.js?v=2.1.5 HTTP/1.1" 200 48706
181.206.0.11 - - [26/Mar/2022:17:55:35 -0500] "GET /galeria/galeria/jquery.fancybox.css?v=2.1.5 HTTP/1.1" 200 4895
172.22.2.4 - - [26/Mar/2022:17:54:12 -0500] "GET /BLA/boletinlegal/ HTTP/1.1" 200 59170
45.155.204.146 - - [26/Mar/2022:17:57:04 -0500] "GET /_ignition/execute-solution HTTP/1.1" 404 1018
216.245.221.92 - - [26/Mar/2022:17:57:22 -0500] "HEAD / HTTP/1.1" 200 -
172.22.2.4 - - [26/Mar/2022:17:57:35 -0500] "GET /BLA/boletinlegal/robots.txt HTTP/1.1" 404 1038
172.22.2.4 - - [26/Mar/2022:17:57:37 -0500] "GET /BLA/boletinlegal/index.php HTTP/1.1" 200 63342
207.46.13.179 - - [26/Mar/2022:17:59:17 -0500] "GET /galeria/mapa/humedal2017.jpg HTTP/1.1" 200 644667
172.22.2.4 - - [26/Mar/2022:17:59:11 -0500] "HEAD /BLA/boletinlegal/ HTTP/1.1" 200 -
172.22.2.4 - - [26/Mar/2022:18:00:02 -0500] "GET /BLA/boletinlegal/ HTTP/1.1" 200 53739
216.245.221.92 - - [26/Mar/2022:18:02:22 -0500] "HEAD / HTTP/1.1" 200 -
201.245.192.253 - - [26/Mar/2022:18:02:20 -0500] "POST /kwsrmcab/Wsrmcab HTTP/1.1" 200 114963
172.22.2.4 - - [26/Mar/2022:18:04:54 -0500] "GET /BLA/boletinlegal/normativa.php HTTP/1.1" 200 8258
172.22.2.4 - - [26/Mar/2022:18:04:54 -0500] "GET /BLA/boletinlegal/normativa.php HTTP/1.1" 200 8258
172.22.2.4 - - [26/Mar/2022:18:05:33 -0500] "GET /BLA/boletinlegal/consulta_normativa.php?tipo=Resolucion&sector=competencia-estructura&ano=2021&resuelve=1876 HTTP/1.1" 200 454
172.22.2.4 - - [26/Mar/2022:18:05:42 -0500] "GET /BLA/boletinlegal/consulta_normativa.php?tipo=Resolucion&sector=competencia-estructura&ano=2021&resuelve=1876 HTTP/1.1" 200 454
172.22.2.4 - - [26/Mar/2022:18:05:01 -0500] "HEAD /BLA/boletinlegal/ HTTP/1.1" 200 -
40.77.167.41 - - [26/Mar/2022:18:06:48 -0500] "GET /portaldeninos/wp-content/uploads/2021/11/Agroecologia-semillas-1-junio-133x75.jpg HTTP/1.1" 200 4809
216.245.221.92 - - [26/Mar/2022:18:07:22 -0500] "HEAD / HTTP/1.1" 200 -
172.22.2.4 - - [26/Mar/2022:18:05:52 -0500] "GET /BLA/boletinlegal/ HTTP/1.1" 200 61416
172.22.2.4 - - [26/Mar/2022:18:07:33 -0500] "GET /BLA/boletinlegal/Circulares/2021/CIRCULAR%20No.%2000009%20DEL%2001%20DE%20OCTUBRE%20DEL%202021.pdf HTTP/1.1" 304 -
216.245.221.92 - - [26/Mar/2022:18:12:22 -0500] "HEAD / HTTP/1.1" 200 -
172.22.2.4 - - [26/Mar/2022:18:10:51 -0500] "HEAD /BLA/boletinlegal/ HTTP/1.1" 200 -
172.22.2.4 - - [26/Mar/2022:18:11:42 -0500] "GET /BLA/boletinlegal/ HTTP/1.1" 200 59688
201.245.192.253 - - [26/Mar/2022:18:13:00 -0500] "POST /kwsrmcab/Wsrmcab HTTP/1.1" 200 114957
216.245.221.92 - - [26/Mar/2022:18:17:22 -0500] "HEAD / HTTP/1.1" 200 -
172.22.2.4 - - [26/Mar/2022:18:16:41 -0500] "HEAD /BLA/boletinlegal/ HTTP/1.1" 200 -
69.171.251.11 - - [26/Mar/2022:18:18:54 -0500] "GET /un-animal-adulto-espera-renacer-de-tu-mano-adopta.html?fbclid=IwAR3ThzPgh-LTaTS0jjJIZbNwwMEYMLVyqFt4BUWnom83QxezVyoaUJ56bHY HTTP/1.1" 200 1028
66.249.73.97 - - [26/Mar/2022:18:19:09 -0500] "-" 408 -
172.22.2.4 - - [26/Mar/2022:18:17:32 -0500] "GET /BLA/boletinlegal/ HTTP/1.1" 200 60932
40.77.167.46 - - [26/Mar/2022:18:19:19 -0500] "GET /bla/resoluciones/resoluciones%202021/3526.pdf HTTP/1.1" 200 600342
172.22.2.4 - - [26/Mar/2022:18:19:43 -0500] "GET /BLA/boletinlegal/actos.php HTTP/1.1" 200 9555
172.22.2.4 - - [26/Mar/2022:18:19:41 -0500] "GET /BLA/boletinlegal/ HTTP/1.1" 200 62940
172.22.2.4 - - [26/Mar/2022:18:21:24 -0500] "GET /BLA/boletinlegal/actos.php HTTP/1.1" 200 9555
181.55.68.19 - - [26/Mar/2022:18:21:25 -0500] "GET /galeria/galeria/jquery.fancybox.css?v=2.1.5 HTTP/1.1" 200 4895
181.55.68.19 - - [26/Mar/2022:18:21:25 -0500] "GET /BLA/boletinlegal/js/jquery.scrollShow.js HTTP/1.1" 200 4586
181.55.68.19 - - [26/Mar/2022:18:21:25 -0500] "GET /galeria/galeria/jquery.fancybox.js?v=2.1.5 HTTP/1.1" 200 48706
201.245.192.253 - - [26/Mar/2022:18:20:49 -0500] "POST /kwsrmcab/Wsrmcab HTTP/1.1" 200 45318
216.245.221.92 - - [26/Mar/2022:18:22:22 -0500] "HEAD / HTTP/1.1" 200 -
201.245.192.253 - - [26/Mar/2022:18:21:39 -0500] "POST /kwsrmcab/Wsrmcab HTTP/1.1" 200 45458
172.22.2.4 - - [26/Mar/2022:18:22:47 -0500] "GET /BLA/boletinlegal/styles2.css HTTP/1.1" 200 1838
172.22.2.4 - - [26/Mar/2022:18:22:47 -0500] "GET /BLA/boletinlegal/js/jquery.js HTTP/1.1" 200 57254
172.22.2.4 - - [26/Mar/2022:18:22:47 -0500] "GET /BLA/boletinlegal/style.css HTTP/1.1" 200 9406
172.22.2.4 - - [26/Mar/2022:18:22:47 -0500] "GET /BLA/boletinlegal/js/jquery.scrollShow.js HTTP/1.1" 200 4586
172.22.2.4 - - [26/Mar/2022:18:22:47 -0500] "GET /BLA/boletinlegal/images/cabezote%20BLEGAL.jpg HTTP/1.1" 200 118164
172.22.2.4 - - [26/Mar/2022:18:22:47 -0500] "GET /BLA/boletinlegal/images/subscribe-icon-big.png HTTP/1.1" 200 47702
172.22.2.4 - - [26/Mar/2022:18:22:47 -0500] "GET /BLA/boletinlegal/js/jquery.scrollTo-min.js HTTP/1.1" 200 1150
172.22.2.4 - - [26/Mar/2022:18:22:47 -0500] "GET /BLA/boletinlegal/images/historia.png HTTP/1.1" 200 52775
172.22.2.4 - - [26/Mar/2022:18:22:47 -0500] "GET /BLA/boletinlegal/images/arr_l.jpg HTTP/1.1" 200 1979
172.22.2.4 - - [26/Mar/2022:18:22:47 -0500] "GET /BLA/boletinlegal/images/registro-usuarios.png HTTP/1.1" 200 8106
172.22.2.4 - - [26/Mar/2022:18:22:47 -0500] "GET /BLA/boletinlegal/images/launch.jpg HTTP/1.1" 200 14577
172.22.2.4 - - [26/Mar/2022:18:22:47 -0500] "GET /BLA/boletinlegal/images/screen_1.png HTTP/1.1" 200 202547
172.22.2.4 - - [26/Mar/2022:18:22:47 -0500] "GET /BLA/boletinlegal/images/body_bg.jpg HTTP/1.1" 200 1601
172.22.2.4 - - [26/Mar/2022:18:22:47 -0500] "GET /BLA/boletinlegal/images/menu_lft.gif HTTP/1.1" 200 1713
172.22.2.4 - - [26/Mar/2022:18:22:47 -0500] "GET /BLA/boletinlegal/images/menu_rght.gif HTTP/1.1" 200 1627
172.22.2.4 - - [26/Mar/2022:18:22:47 -0500] "GET /BLA/boletinlegal/images/bg_top.jpg HTTP/1.1" 200 522
172.22.2.4 - - [26/Mar/2022:18:22:47 -0500] "GET /BLA/boletinlegal/images/hover.jpg HTTP/1.1" 200 640
172.22.2.4 - - [26/Mar/2022:18:22:47 -0500] "GET /BLA/boletinlegal/images/menu_bg.jpg HTTP/1.1" 200 620
172.22.2.4 - - [26/Mar/2022:18:22:47 -0500] "GET /BLA/boletinlegal/images/text.jpg HTTP/1.1" 200 568
172.22.2.4 - - [26/Mar/2022:18:22:53 -0500] "GET /BLA/boletinlegal/actos.php HTTP/1.1" 200 9555
172.22.2.4 - - [26/Mar/2022:18:22:54 -0500] "GET /BLA/boletinlegal/js/ajax_actos.js HTTP/1.1" 200 1322
172.22.2.4 - - [26/Mar/2022:18:22:54 -0500] "GET /BLA/boletinlegal/js/popup.js HTTP/1.1" 200 1270
172.22.2.4 - - [26/Mar/2022:18:22:54 -0500] "GET /BLA/boletinlegal/js/jquery1.js HTTP/1.1" 200 29846
172.22.2.4 - - [26/Mar/2022:18:22:54 -0500] "GET /BLA/boletinlegal/images/green-yellow-blue-pink-th.png HTTP/1.1" 200 7394
172.22.2.4 - - [26/Mar/2022:18:22:54 -0500] "GET /BLA/boletinlegal/images/abajo.png HTTP/1.1" 200 96676
172.22.2.4 - - [26/Mar/2022:18:22:54 -0500] "GET /BLA/boletinlegal/niceforms-default.css HTTP/1.1" 200 6694
172.22.2.4 - - [26/Mar/2022:18:22:54 -0500] "GET /BLA/boletinlegal/js/lib.js HTTP/1.1" 200 6474
172.22.2.4 - - [26/Mar/2022:18:22:54 -0500] "GET /BLA/boletinlegal/niceforms.js HTTP/1.1" 200 22876
172.22.2.4 - - [26/Mar/2022:18:22:54 -0500] "GET /BLA/boletinlegal/images/icono-email.png HTTP/1.1" 200 5544
172.22.2.4 - - [26/Mar/2022:18:22:54 -0500] "GET /BLA/boletinlegal/images/tel.png HTTP/1.1" 200 14477
172.22.2.4 - - [26/Mar/2022:18:22:54 -0500] "GET /BLA/boletinlegal/images/footer_bg.jpg HTTP/1.1" 200 586
172.22.2.4 - - [26/Mar/2022:18:22:54 -0500] "GET /BLA/boletinlegal/images/footer_bg_l.jpg HTTP/1.1" 200 776
172.22.2.4 - - [26/Mar/2022:18:22:54 -0500] "GET /BLA/boletinlegal/img/0.png HTTP/1.1" 200 110
172.22.2.4 - - [26/Mar/2022:18:22:54 -0500] "GET /BLA/boletinlegal/img/button-left.png HTTP/1.1" 200 57071
172.22.2.4 - - [26/Mar/2022:18:22:54 -0500] "GET /BLA/boletinlegal/img/select-right.png HTTP/1.1" 200 44019
172.22.2.4 - - [26/Mar/2022:18:22:54 -0500] "GET /BLA/boletinlegal/img/select-left.png HTTP/1.1" 200 263
172.22.2.4 - - [26/Mar/2022:18:22:54 -0500] "GET /BLA/boletinlegal/img/button.png HTTP/1.1" 200 43241
172.22.2.4 - - [26/Mar/2022:18:22:54 -0500] "GET /BLA/boletinlegal/img/button-right.png HTTP/1.1" 200 57878
172.22.2.4 - - [26/Mar/2022:18:21:15 -0500] "GET /BLA/boletinlegal/ HTTP/1.1" 200 60486
172.22.2.4 - - [26/Mar/2022:18:22:46 -0500] "GET /BLA/boletinlegal/ HTTP/1.1" 200 24523
172.22.2.4 - - [26/Mar/2022:18:22:31 -0500] "HEAD /BLA/boletinlegal/ HTTP/1.1" 200 -
172.22.2.4 - - [26/Mar/2022:18:23:22 -0500] "GET /BLA/boletinlegal/ HTTP/1.1" 200 60932
109.237.103.123 - - [26/Mar/2022:18:26:55 -0500] "GET /.env HTTP/1.1" 404 1018
216.245.221.92 - - [26/Mar/2022:18:27:22 -0500] "HEAD / HTTP/1.1" 200 -
172.22.2.4 - - [26/Mar/2022:18:27:31 -0500] "GET /BLA/boletinlegal/actos.php HTTP/1.1" 200 9555
172.22.2.4 - - [26/Mar/2022:18:27:40 -0500] "GET /BLA/boletinlegal/consulta_actos.php?tipo=autos&no=6039&usuario=&sector=&fecha=2021&resuelve= HTTP/1.1" 200 626
172.22.2.4 - - [26/Mar/2022:18:27:29 -0500] "GET /BLA/boletinlegal/ HTTP/1.1" 200 24523
173.252.127.23 - - [26/Mar/2022:18:28:56 -0500] "GET /cuando-un-humedal-es-tu-oficina-la-labor-de-los-administradores-de-estos-ecosistemas.html HTTP/1.1" 206 957
173.252.127.11 - - [26/Mar/2022:18:28:56 -0500] "GET /cuando-un-humedal-es-tu-oficina-la-labor-de-los-administradores-de-estos-ecosistemas.html HTTP/1.1" 206 957
172.22.2.4 - - [26/Mar/2022:18:28:21 -0500] "HEAD /BLA/boletinlegal/ HTTP/1.1" 200 -
172.22.2.4 - - [26/Mar/2022:18:29:12 -0500] "GET /BLA/boletinlegal/ HTTP/1.1" 200 59170
201.245.192.253 - - [26/Mar/2022:18:30:49 -0500] "POST /kwsrmcab/Wsrmcab HTTP/1.1" 200 45318
172.22.2.4 - - [26/Mar/2022:18:31:34 -0500] "GET /BLA/boletinlegal/ HTTP/1.1" 200 32715
207.46.13.179 - - [26/Mar/2022:18:32:20 -0500] "GET /bla/resoluciones/resoluciones%202021/2989.pdf HTTP/1.1" 200 561982
216.245.221.92 - - [26/Mar/2022:18:32:22 -0500] "HEAD / HTTP/1.1" 200 -
201.245.192.253 - - [26/Mar/2022:18:31:40 -0500] "POST /kwsrmcab/Wsrmcab HTTP/1.1" 200 45458
201.245.192.253 - - [26/Mar/2022:18:31:59 -0500] "POST /kwsrmcab/Wsrmcab HTTP/1.1" 200 114957
40.77.167.41 - - [26/Mar/2022:18:33:30 -0500] "GET /portaldeninos/wp-content/uploads/2020/11/El-Tunjo-B-768x432.jpg HTTP/1.1" 200 81322
207.46.13.43 - - [26/Mar/2022:18:35:01 -0500] "GET /bla/resoluciones/resoluciones%202021/0053.pdf HTTP/1.1" 200 378118
172.22.2.4 - - [26/Mar/2022:18:34:11 -0500] "HEAD /BLA/boletinlegal/ HTTP/1.1" 200 -
172.22.2.4 - - [26/Mar/2022:18:35:02 -0500] "GET /BLA/boletinlegal/ HTTP/1.1" 200 58588
34.147.27.231 - - [26/Mar/2022:18:37:14 -0500] "GET / HTTP/1.1" 200 319
216.245.221.92 - - [26/Mar/2022:18:37:22 -0500] "HEAD / HTTP/1.1" 200 -
172.22.2.4 - - [26/Mar/2022:18:36:33 -0500] "GET /BLA/boletinlegal/ HTTP/1.1" 200 53344
172.22.2.4 - - [26/Mar/2022:18:37:27 -0500] "POST /BLA/boletinlegal/ HTTP/1.1" 200 24523
172.22.2.4 - - [26/Mar/2022:18:40:26 -0500] "GET /BLA/boletinlegal/Circulares/2022/CIRCULAR%20No.%2000003%20DEL%2007%20DE%20MARZO%20DEL%202022.pdf HTTP/1.1" 404 1038
172.22.2.4 - - [26/Mar/2022:18:40:30 -0500] "GET /BLA/boletinlegal/Circulares/2021/CIRCULAR%20No.%2000009%20DEL%2001%20DE%20OCTUBRE%20DEL%202021.pdf HTTP/1.1" 200 320793
172.22.2.4 - - [26/Mar/2022:18:40:44 -0500] "GET /BLA/boletinlegal/Circulares/2021/CIRCULAR%20No.%2000007%20DEL%2010%20DE%20AGOSTO%20DEL%202021.pdf HTTP/1.1" 200 266364
172.22.2.4 - - [26/Mar/2022:18:40:58 -0500] "GET /BLA/boletinlegal/Circulares/2021/CIRCULAR%20No.%2000006%20DEL%2005%20DE%20AGOSTO%20DEL%202021.pdf HTTP/1.1" 200 249615
172.22.2.4 - - [26/Mar/2022:18:41:03 -0500] "GET /BLA/boletinlegal/Circulares/2020/Circular%20No.%2000018%20del%2002%20de%20diciembre%20del%202020.pdf HTTP/1.1" 200 276868
190.156.212.8 - - [26/Mar/2022:18:41:07 -0500] "GET /secretaria-de-ambiente-abre-ciclo-de-capacitaciones-sobre-techos-verdes-y-jardines-verticales.html?fbclid=IwAR3VV0KO3NwmGElwL_gJYUolbQhVT2Ql9-3aoYNHI3Qsk2I_TpOyaL7-im4 HTTP/1.1" 200 1078
172.22.2.4 - - [26/Mar/2022:18:41:16 -0500] "GET /BLA/boletinlegal/Circulares/2020/Circular%2000010%20del%2027%20de%20julio%20de%202020.pdf HTTP/1.1" 200 422655
172.22.2.4 - - [26/Mar/2022:18:41:27 -0500] "GET /BLA/boletinlegal/Circulares/2020/CIRCULAR%20No.%2000019%20DEL%2018%20DE%20DICIEMBRE%20DEL%202020.pdf HTTP/1.1" 200 307959
66.249.73.97 - - [26/Mar/2022:18:41:32 -0500] "-" 408 -
172.22.2.4 - - [26/Mar/2022:18:41:36 -0500] "GET /BLA/boletinlegal/Circulares/2020/CIRCULAR%20No.%2000014%20del%2001%20de%20septiembre%20del%202020.pdf HTTP/1.1" 200 320826
201.245.192.253 - - [26/Mar/2022:18:40:49 -0500] "POST /kwsrmcab/Wsrmcab HTTP/1.1" 200 45318
172.22.2.4 - - [26/Mar/2022:18:40:01 -0500] "HEAD /BLA/boletinlegal/ HTTP/1.1" 200 -
172.22.2.4 - - [26/Mar/2022:18:41:49 -0500] "GET /BLA/boletinlegal/Circulares/2019/Circular%20No.%2012%20del%2014%20de%20Marzo%20de%202019.pdf HTTP/1.1" 200 344384
172.22.2.4 - - [26/Mar/2022:18:41:58 -0500] "GET /BLA/boletinlegal/Circulares/2019/Circular%20No.%20006%20del%2008%20de%20Febrero%20de%202019.pdf HTTP/1.1" 200 674401
172.22.2.4 - - [26/Mar/2022:18:42:09 -0500] "GET /BLA/boletinlegal/Circulares/2019/Circular%20No.%200015%20del%2003%20de%20Octubre%20de%202019.pdf HTTP/1.1" 200 165608
172.22.2.4 - - [26/Mar/2022:18:42:16 -0500] "GET /BLA/boletinlegal/Circulares/2019/Circular%20No.%200005%20del%2020%20de%20Marzo%20de%202019.pdf HTTP/1.1" 200 159877
216.245.221.92 - - [26/Mar/2022:18:42:22 -0500] "HEAD / HTTP/1.1" 200 -
172.22.2.4 - - [26/Mar/2022:18:42:25 -0500] "GET /BLA/boletinlegal/Circulares/2019/Circular%20No.%200003%20del%2031%20de%20Enero%20de%202019.pdf HTTP/1.1" 200 164676
201.245.192.253 - - [26/Mar/2022:18:41:39 -0500] "POST /kwsrmcab/Wsrmcab HTTP/1.1" 200 45458
172.22.2.4 - - [26/Mar/2022:18:40:51 -0500] "GET /BLA/boletinlegal/ HTTP/1.1" 200 59170
172.22.2.4 - - [26/Mar/2022:18:42:33 -0500] "GET /BLA/boletinlegal/Circulares/2019/Circular%2000020%20del%2020%20de%20diciembre%20de%202019.pdf HTTP/1.1" 200 145170
172.22.2.4 - - [26/Mar/2022:18:42:39 -0500] "GET /BLA/boletinlegal/Circulares/2019/Circular%2000018%20del%2020%20de%20noviembre%20de%202019.pdf HTTP/1.1" 200 158030
200.118.61.113 - - [26/Mar/2022:18:42:39 -0500] "GET /forest/ HTTP/1.1" 200 12041
201.245.192.253 - - [26/Mar/2022:18:41:53 -0500] "POST /kwsrmcab/Wsrmcab HTTP/1.1" 200 114957
172.22.2.4 - - [26/Mar/2022:18:42:47 -0500] "GET /BLA/boletinlegal/Circulares/2019/.pdf HTTP/1.1" 404 1218
172.22.2.4 - - [26/Mar/2022:18:42:48 -0500] "GET /BLA/boletinlegal/Circulares/2018/Circular%20No.%2011%20del%2024%20de%20Septiembre%20de%202018.pdf HTTP/1.1" 200 169541
200.118.61.113 - - [26/Mar/2022:18:42:50 -0500] "POST /forest/index.php HTTP/1.1" 200 12268
172.22.2.4 - - [26/Mar/2022:18:42:56 -0500] "GET /BLA/boletinlegal/Circulares/2018/Circular%20No.%2010%20del%2021%20de%20Septiembre%20de%202018.pdf HTTP/1.1" 200 163426
172.22.2.4 - - [26/Mar/2022:18:43:07 -0500] "GET /BLA/boletinlegal/Circulares/2018/Circular%20No.%200015%20del%207%20de%20Diciembre%20de%202018.pdf HTTP/1.1" 200 165305
172.22.2.4 - - [26/Mar/2022:18:43:12 -0500] "GET /BLA/boletinlegal/Circulares/2018/CIRCULAR%20COJUNTA%20042%20DE%202018.pdf HTTP/1.1" 200 515008
172.22.2.4 - - [26/Mar/2022:18:43:25 -0500] "GET /BLA/boletinlegal/Circulares/2017/Circular%20No.%202%20del%201%20de%20Septiembre%20de%202017.pdf HTTP/1.1" 200 152575
172.22.2.4 - - [26/Mar/2022:18:43:39 -0500] "GET /BLA/boletinlegal/Circulares/2017/Circular%20No.%201%20del%2030%20de%20Marzo%20de%202017.pdf HTTP/1.1" 200 668532
40.77.167.41 - - [26/Mar/2022:18:43:52 -0500] "GET /portaldeninos/agua-y-estructura-ecologica-principal/ HTTP/1.1" 200 80067
172.22.2.4 - - [26/Mar/2022:18:44:03 -0500] "GET /BLA/boletinlegal/Circulares/2017/Circular%20No.%2007%20del%2028%20de%20Abril%20de%202017.pdf HTTP/1.1" 200 309906
172.22.2.4 - - [26/Mar/2022:18:44:10 -0500] "GET /BLA/boletinlegal/Circulares/2017/Circular%20No.%20011%20del%2005%20de%20julio%20de%202017.pdf HTTP/1.1" 200 965526
172.22.2.4 - - [26/Mar/2022:18:44:21 -0500] "GET /BLA/boletinlegal/Circulares/2015/Circular%20No.%202%20del%201%20de%20julio%20de%202015.pdf HTTP/1.1" 200 752890
172.22.2.4 - - [26/Mar/2022:18:44:30 -0500] "GET /BLA/boletinlegal/Circulares/2015/Circular%20No.%201%20del%2010%20de%20Febrero%20de%202015.pdf HTTP/1.1" 200 660637
172.22.2.4 - - [26/Mar/2022:18:44:43 -0500] "GET /BLA/boletinlegal/Circulares/2014/Circular%20No.%203%20del%2014%20de%20Noviembre%20de%202014.pdf HTTP/1.1" 200 104132
172.22.2.4 - - [26/Mar/2022:18:44:55 -0500] "GET /BLA/boletinlegal/Circulares/2014/Circular%20No.%202%20del%2021%20de%20septiembre%20de%202014.pdf HTTP/1.1" 200 143376
172.22.2.4 - - [26/Mar/2022:18:45:06 -0500] "GET /BLA/boletinlegal/Circulares/2014/Circular%20No.%201%20del%2008%20de%20Mayo%20de%202014.pdf HTTP/1.1" 200 180124
172.22.2.4 - - [26/Mar/2022:18:45:12 -0500] "GET /BLA/boletinlegal/Circulares/2013/Circular%20No.%208%20del%201%20de%20Noviembre%20de%202013.pdf HTTP/1.1" 200 385156
172.22.2.4 - - [26/Mar/2022:18:45:29 -0500] "GET /BLA/boletinlegal/Circulares/2013/Circular%20No.%207%20del%201%20de%20Agosto%20de%202013.pdf HTTP/1.1" 200 340934
172.22.2.4 - - [26/Mar/2022:18:45:40 -0500] "GET /BLA/boletinlegal/Circulares/2013/Circular%20No.%206%20del%2019%20de%20julio%20de%202013.pdf HTTP/1.1" 200 4210437
172.22.2.4 - - [26/Mar/2022:18:46:03 -0500] "GET /BLA/boletinlegal/Circulares/2013/Circular%20No.%205%20del%2013%20de%20junio%20de%202013.pdf HTTP/1.1" 200 110904
172.22.2.4 - - [26/Mar/2022:18:46:11 -0500] "GET /BLA/boletinlegal/Circulares/2013/Circular%20No.%204%20del%2005%20de%20junio%20de%202013.pdf HTTP/1.1" 200 130461
172.22.2.4 - - [26/Mar/2022:18:46:25 -0500] "GET /BLA/boletinlegal/Circulares/2013/Circular%20No.%203%20del%2005%20de%20abril%20de%202013.pdf HTTP/1.1" 200 93580
172.22.2.4 - - [26/Mar/2022:18:46:30 -0500] "GET /BLA/boletinlegal/Circulares/2013/Circular%20No.%202%20del%2022%20de%20enero%20de%202013.pdf HTTP/1.1" 200 85466
172.22.2.4 - - [26/Mar/2022:18:46:39 -0500] "GET /BLA/boletinlegal/Circulares/2013/Circular%20No.%201%20del%2014%20de%20enero%20de%202013.pdf HTTP/1.1" 200 1298384
172.22.2.4 - - [26/Mar/2022:18:46:48 -0500] "GET /BLA/boletinlegal/Circulares/2012/Circular%20No.%209%20del%2021%20de%20Agosto%20de%202012.pdf HTTP/1.1" 200 1402289
172.22.2.4 - - [26/Mar/2022:18:46:59 -0500] "GET /BLA/boletinlegal/Circulares/2012/Circular%20No.%208%20del%2021%20de%20Agosto%20de%202012.pdf HTTP/1.1" 200 963197
172.22.2.4 - - [26/Mar/2022:18:47:08 -0500] "GET /BLA/boletinlegal/Circulares/2012/Circular%20No.%207%20del%2008%20de%20Agosto%20de%202012.pdf HTTP/1.1" 200 972955
172.22.2.4 - - [26/Mar/2022:18:47:18 -0500] "GET /BLA/boletinlegal/Circulares/2012/Circular%20No.%206%20del%2025%20de%20Mayo%20de%202012.pdf HTTP/1.1" 200 387391
216.245.221.92 - - [26/Mar/2022:18:47:22 -0500] "HEAD / HTTP/1.1" 200 -
172.22.2.4 - - [26/Mar/2022:18:47:25 -0500] "GET /BLA/boletinlegal/Circulares/2012/Circular%20No.%205%20del%2027%20de%20Abril%20de%202012.pdf HTTP/1.1" 200 216613
172.22.2.4 - - [26/Mar/2022:18:45:51 -0500] "HEAD /BLA/boletinlegal/ HTTP/1.1" 200 -
172.22.2.4 - - [26/Mar/2022:18:47:32 -0500] "GET /BLA/boletinlegal/Circulares/2012/Circular%20No.%204%20del%2019%20de%20abril%20de%202012.pdf HTTP/1.1" 200 253045
172.22.2.4 - - [26/Mar/2022:18:47:47 -0500] "GET /BLA/boletinlegal/Circulares/2012/Circular%20No.%2016%20del%2022%20de%20octubre%20de%202012.pdf HTTP/1.1" 200 381186
172.22.2.4 - - [26/Mar/2022:18:48:00 -0500] "GET /BLA/boletinlegal/Circulares/2012/Circular%20No.%2015%20del%2022%20de%20octubre%20de%202012.pdf HTTP/1.1" 200 486506
172.22.2.4 - - [26/Mar/2022:18:46:42 -0500] "GET /BLA/boletinlegal/ HTTP/1.1" 200 58588
172.22.2.4 - - [26/Mar/2022:18:48:44 -0500] "GET /BLA/boletinlegal/Circulares/2012/Circular%20No.%2014%20del%2011%20de%20Septiembre%20de%202012.pdf HTTP/1.1" 200 3427471
172.22.2.4 - - [26/Mar/2022:18:49:00 -0500] "GET /BLA/boletinlegal/Circulares/2012/Circular%20No.%2013%20del%2006%20de%20Septiembre%20de%202012.pdf HTTP/1.1" 200 351421
172.22.2.4 - - [26/Mar/2022:18:49:14 -0500] "GET /BLA/boletinlegal/Circulares/2012/Circular%20No.%2012%20del%2028%20de%20Agosto%20de%202012.pdf HTTP/1.1" 200 369945
172.22.2.4 - - [26/Mar/2022:18:49:30 -0500] "GET /BLA/boletinlegal/Circulares/2012/Circular%20No.%2011%20del%2027%20de%20Agosto%20de%202012.pdf HTTP/1.1" 200 526945
31.13.115.21 - - [26/Mar/2022:18:49:40 -0500] "GET /images/jornada-llantaton-usaquen-bosa-25-marzo.jpg HTTP/1.1" 200 60391
69.171.249.18 - - [26/Mar/2022:18:49:40 -0500] "GET /images/jornada-llantaton-usaquen-bosa-25-marzo.jpg HTTP/1.1" 200 60391
172.22.2.4 - - [26/Mar/2022:18:49:48 -0500] "GET /BLA/boletinlegal/style.css HTTP/1.1" 200 9406
172.22.2.4 - - [26/Mar/2022:18:49:48 -0500] "GET /BLA/boletinlegal/js/jquery.js HTTP/1.1" 200 57254
172.22.2.4 - - [26/Mar/2022:18:49:48 -0500] "GET /BLA/boletinlegal/js/jquery.scrollShow.js HTTP/1.1" 200 4586
172.22.2.4 - - [26/Mar/2022:18:49:48 -0500] "GET /BLA/boletinlegal/styles2.css HTTP/1.1" 200 1838
172.22.2.4 - - [26/Mar/2022:18:49:48 -0500] "GET /BLA/boletinlegal/js/jquery.scrollTo-min.js HTTP/1.1" 200 1150
172.22.2.4 - - [26/Mar/2022:18:49:48 -0500] "GET /BLA/boletinlegal/images/historia.png HTTP/1.1" 200 52775
172.22.2.4 - - [26/Mar/2022:18:49:48 -0500] "GET /BLA/boletinlegal/images/subscribe-icon-big.png HTTP/1.1" 200 47702
172.22.2.4 - - [26/Mar/2022:18:49:48 -0500] "GET /BLA/boletinlegal/images/arr_l.jpg HTTP/1.1" 200 1979
172.22.2.4 - - [26/Mar/2022:18:49:48 -0500] "GET /BLA/boletinlegal/images/registro-usuarios.png HTTP/1.1" 200 8106
172.22.2.4 - - [26/Mar/2022:18:49:48 -0500] "GET /BLA/boletinlegal/images/launch.jpg HTTP/1.1" 200 14577
172.22.2.4 - - [26/Mar/2022:18:49:48 -0500] "GET /BLA/boletinlegal/images/cabezote%20BLEGAL.jpg HTTP/1.1" 200 118164
172.22.2.4 - - [26/Mar/2022:18:49:48 -0500] "GET /BLA/boletinlegal/images/screen_1.png HTTP/1.1" 200 202547
172.22.2.4 - - [26/Mar/2022:18:49:48 -0500] "GET /BLA/boletinlegal/images/body_bg.jpg HTTP/1.1" 200 1601
172.22.2.4 - - [26/Mar/2022:18:49:48 -0500] "GET /BLA/boletinlegal/images/menu_rght.gif HTTP/1.1" 200 1627
172.22.2.4 - - [26/Mar/2022:18:49:48 -0500] "GET /BLA/boletinlegal/images/menu_lft.gif HTTP/1.1" 200 1713
172.22.2.4 - - [26/Mar/2022:18:49:48 -0500] "GET /BLA/boletinlegal/images/bg_top.jpg HTTP/1.1" 200 522
172.22.2.4 - - [26/Mar/2022:18:49:48 -0500] "GET /BLA/boletinlegal/images/menu_bg.jpg HTTP/1.1" 200 620
172.22.2.4 - - [26/Mar/2022:18:49:48 -0500] "GET /BLA/boletinlegal/images/hover.jpg HTTP/1.1" 200 640
172.22.2.4 - - [26/Mar/2022:18:49:48 -0500] "GET /BLA/boletinlegal/images/text.jpg HTTP/1.1" 200 568
172.22.2.4 - - [26/Mar/2022:18:49:52 -0500] "GET /BLA/boletinlegal/favicon.ico HTTP/1.1" 404 1308
172.22.2.4 - - [26/Mar/2022:18:49:53 -0500] "GET /BLA/boletinlegal/actos.php HTTP/1.1" 200 9555
172.22.2.4 - - [26/Mar/2022:18:49:53 -0500] "GET /BLA/boletinlegal/niceforms.js HTTP/1.1" 200 22876
172.22.2.4 - - [26/Mar/2022:18:49:53 -0500] "GET /BLA/boletinlegal/js/ajax_actos.js HTTP/1.1" 200 1322
172.22.2.4 - - [26/Mar/2022:18:49:53 -0500] "GET /BLA/boletinlegal/niceforms-default.css HTTP/1.1" 200 6694
172.22.2.4 - - [26/Mar/2022:18:49:53 -0500] "GET /BLA/boletinlegal/js/lib.js HTTP/1.1" 200 6474
172.22.2.4 - - [26/Mar/2022:18:49:53 -0500] "GET /BLA/boletinlegal/js/jquery1.js HTTP/1.1" 200 29846
172.22.2.4 - - [26/Mar/2022:18:49:53 -0500] "GET /BLA/boletinlegal/js/popup.js HTTP/1.1" 200 1270
172.22.2.4 - - [26/Mar/2022:18:49:53 -0500] "GET /BLA/boletinlegal/images/abajo.png HTTP/1.1" 200 96676
172.22.2.4 - - [26/Mar/2022:18:49:53 -0500] "GET /BLA/boletinlegal/images/tel.png HTTP/1.1" 200 14477
172.22.2.4 - - [26/Mar/2022:18:49:53 -0500] "GET /BLA/boletinlegal/images/green-yellow-blue-pink-th.png HTTP/1.1" 200 7394
172.22.2.4 - - [26/Mar/2022:18:49:53 -0500] "GET /BLA/boletinlegal/images/icono-email.png HTTP/1.1" 200 5544
172.22.2.4 - - [26/Mar/2022:18:49:53 -0500] "GET /BLA/boletinlegal/images/footer_bg.jpg HTTP/1.1" 200 586
172.22.2.4 - - [26/Mar/2022:18:49:53 -0500] "GET /BLA/boletinlegal/images/footer_bg_l.jpg HTTP/1.1" 200 776
172.22.2.4 - - [26/Mar/2022:18:49:54 -0500] "GET /BLA/boletinlegal/img/0.png HTTP/1.1" 200 110
172.22.2.4 - - [26/Mar/2022:18:49:54 -0500] "GET /BLA/boletinlegal/img/button.png HTTP/1.1" 200 43241
172.22.2.4 - - [26/Mar/2022:18:49:54 -0500] "GET /BLA/boletinlegal/img/select-left.png HTTP/1.1" 200 263
172.22.2.4 - - [26/Mar/2022:18:49:54 -0500] "GET /BLA/boletinlegal/img/select-right.png HTTP/1.1" 200 44019
172.22.2.4 - - [26/Mar/2022:18:49:54 -0500] "GET /BLA/boletinlegal/img/button-left.png HTTP/1.1" 200 57071
172.22.2.4 - - [26/Mar/2022:18:49:54 -0500] "GET /BLA/boletinlegal/img/button-right.png HTTP/1.1" 200 57878
172.22.2.4 - - [26/Mar/2022:18:50:18 -0500] "GET /BLA/boletinlegal/actos.php HTTP/1.1" 200 9555
172.22.2.4 - - [26/Mar/2022:18:50:20 -0500] "GET /BLA/boletinlegal/favicon.ico HTTP/1.1" 404 1326
172.22.2.4 - - [26/Mar/2022:18:49:47 -0500] "GET /BLA/boletinlegal/ HTTP/1.1" 200 24523
172.22.2.4 - - [26/Mar/2022:18:50:22 -0500] "GET /BLA/boletinlegal/Circulares/2012/Circular%20No.%2010%20del%2022%20de%20Agosto%20de%202012.pdf HTTP/1.1" 200 1563219
172.22.2.4 - - [26/Mar/2022:18:50:31 -0500] "GET /BLA/boletinlegal/consulta_actos.php?tipo=resoluciones&no=&usuario=&sector=&fecha=2022&resuelve=sellamiento HTTP/1.1" 200 626
172.22.2.4 - - [26/Mar/2022:18:50:35 -0500] "GET /BLA/boletinlegal/consulta_actos.php?tipo=resoluciones&no=&usuario=&sector=&fecha=2021&resuelve=sellamiento HTTP/1.1" 200 2578
172.22.2.4 - - [26/Mar/2022:18:50:11 -0500] "GET /BLA/boletinlegal/ HTTP/1.1" 200 24523
172.22.2.4 - - [26/Mar/2022:18:51:00 -0500] "GET /BLA/boletinlegal/consulta_actos.php?tipo=resoluciones&no=&usuario=&sector=&fecha=2020&resuelve=sellamiento HTTP/1.1" 200 19745
186.84.22.16 - - [26/Mar/2022:18:51:23 -0500] "GET /BLA/resoluciones/RESOLUCIONES%202020/2553.pdf HTTP/1.1" 200 382763
216.245.221.92 - - [26/Mar/2022:18:52:22 -0500] "HEAD / HTTP/1.1" 200 -
207.46.13.43 - - [26/Mar/2022:18:52:33 -0500] "GET /sipse/faces/faces/autenticacion.xhtml HTTP/1.1" 200 12501
172.22.2.4 - - [26/Mar/2022:18:51:41 -0500] "HEAD /BLA/boletinlegal/ HTTP/1.1" 200 -
172.22.2.4 - - [26/Mar/2022:18:52:31 -0500] "GET /BLA/boletinlegal/ HTTP/1.1" 200 58588
207.46.13.157 - - [26/Mar/2022:18:54:56 -0500] "GET /BLA/resoluciones/00001403.tif HTTP/1.1" 404 1018
216.245.221.92 - - [26/Mar/2022:18:57:22 -0500] "HEAD / HTTP/1.1" 200 -
173.252.107.117 - - [26/Mar/2022:18:57:30 -0500] "GET /asi-las-mujeres-que-reverdecen-cuidan-los-arboles-para-la-restauracion-ecologica-de-bogota.html HTTP/1.1" 206 911
173.252.107.21 - - [26/Mar/2022:18:57:30 -0500] "GET /asi-las-mujeres-que-reverdecen-cuidan-los-arboles-para-la-restauracion-ecologica-de-bogota.html HTTP/1.1" 206 911
45.155.204.146 - - [26/Mar/2022:18:58:16 -0500] "GET / HTTP/1.1" 200 319
185.239.215.226 - - [26/Mar/2022:18:58:28 -0500] "-" 408 -
194.31.100.148 - - [26/Mar/2022:18:58:37 -0500] "-" 408 -
172.22.2.4 - - [26/Mar/2022:18:57:31 -0500] "HEAD /BLA/boletinlegal/ HTTP/1.1" 200 -
172.22.2.4 - - [26/Mar/2022:18:58:21 -0500] "GET /BLA/boletinlegal/ HTTP/1.1" 200 61416
216.245.221.92 - - [26/Mar/2022:19:02:22 -0500] "HEAD / HTTP/1.1" 200 -
172.22.2.4 - - [26/Mar/2022:19:03:05 -0500] "GET /BLA/boletinlegal/actos.php HTTP/1.1" 200 9555
201.245.192.253 - - [26/Mar/2022:19:02:25 -0500] "POST /kwsrmcab/Wsrmcab HTTP/1.1" 200 114957
172.22.2.4 - - [26/Mar/2022:19:03:00 -0500] "GET /BLA/boletinlegal/ HTTP/1.1" 200 24523
66.249.73.127 - - [26/Mar/2022:19:03:56 -0500] "-" 408 -
172.22.2.4 - - [26/Mar/2022:19:04:05 -0500] "GET /BLA/boletinlegal/consulta_actos.php?tipo=resoluciones&no=5552&usuario=&sector=&fecha=2021&resuelve= HTTP/1.1" 200 626
172.22.2.4 - - [26/Mar/2022:19:03:21 -0500] "HEAD /BLA/boletinlegal/ HTTP/1.1" 200 -
172.22.2.4 - - [26/Mar/2022:19:04:11 -0500] "GET /BLA/boletinlegal/ HTTP/1.1" 200 57044
216.245.221.92 - - [26/Mar/2022:19:07:22 -0500] "HEAD / HTTP/1.1" 200 -
109.237.103.118 - - [26/Mar/2022:19:10:29 -0500] "GET /.env HTTP/1.1" 404 1018
109.237.103.118 - - [26/Mar/2022:19:10:29 -0500] "\x16\x03\x01\x01D\x01" 400 226
172.22.2.4 - - [26/Mar/2022:19:09:11 -0500] "HEAD /BLA/boletinlegal/ HTTP/1.1" 200 -
157.55.39.218 - - [26/Mar/2022:19:11:04 -0500] "GET /BLA/resoluciones/0760.tif HTTP/1.1" 404 1018
172.22.2.4 - - [26/Mar/2022:19:10:01 -0500] "GET /BLA/boletinlegal/ HTTP/1.1" 200 61416
207.46.13.209 - - [26/Mar/2022:19:11:51 -0500] "GET / HTTP/1.1" 200 319
40.77.167.78 - - [26/Mar/2022:19:12:06 -0500] "GET /portaldeninos/wp-content/uploads/2021/07/Banners-p%C3%A1gina-de-ni%C3%B1os2-300x15.jpg HTTP/1.1" 404 67768
216.245.221.92 - - [26/Mar/2022:19:12:22 -0500] "HEAD / HTTP/1.1" 200 -
201.245.192.253 - - [26/Mar/2022:19:11:58 -0500] "POST /kwsrmcab/Wsrmcab HTTP/1.1" 200 114950
172.22.2.4 - - [26/Mar/2022:19:15:01 -0500] "HEAD /BLA/boletinlegal/ HTTP/1.1" 200 -
216.245.221.92 - - [26/Mar/2022:19:17:22 -0500] "HEAD / HTTP/1.1" 200 -
172.22.2.4 - - [26/Mar/2022:19:15:52 -0500] "GET /BLA/boletinlegal/ HTTP/1.1" 200 58588
31.13.115.17 - - [26/Mar/2022:19:21:28 -0500] "GET /quieres-saber-como-ahorrar-energia-en-tu-empresa-secretaria-de-ambiente-lanza-guia-que-te-ayudara.html?fbclid=IwAR3R7oRdpfDAwKirPxEtkHaO-g5l19ASSpuR841VRhw362lwU4urwFdXzW4 HTTP/1.1" 200 998
172.22.2.4 - - [26/Mar/2022:19:21:34 -0500] "GET /BLA/boletinlegal/style.css HTTP/1.1" 200 9406
172.22.2.4 - - [26/Mar/2022:19:21:34 -0500] "GET /BLA/boletinlegal/styles2.css HTTP/1.1" 200 1838
172.22.2.4 - - [26/Mar/2022:19:21:34 -0500] "GET /BLA/boletinlegal/js/jquery.js HTTP/1.1" 200 57254
172.22.2.4 - - [26/Mar/2022:19:21:34 -0500] "GET /BLA/boletinlegal/js/jquery.scrollTo-min.js HTTP/1.1" 200 1150
172.22.2.4 - - [26/Mar/2022:19:21:34 -0500] "GET /BLA/boletinlegal/js/jquery.scrollShow.js HTTP/1.1" 200 4586
172.22.2.4 - - [26/Mar/2022:19:21:35 -0500] "GET /BLA/boletinlegal/images/cabezote%20BLEGAL.jpg HTTP/1.1" 200 118164
172.22.2.4 - - [26/Mar/2022:19:21:35 -0500] "GET /BLA/boletinlegal/images/subscribe-icon-big.png HTTP/1.1" 200 47702
172.22.2.4 - - [26/Mar/2022:19:21:35 -0500] "GET /BLA/boletinlegal/images/arr_l.jpg HTTP/1.1" 200 1979
172.22.2.4 - - [26/Mar/2022:19:21:35 -0500] "GET /BLA/boletinlegal/images/registro-usuarios.png HTTP/1.1" 200 8106
172.22.2.4 - - [26/Mar/2022:19:21:35 -0500] "GET /BLA/boletinlegal/images/historia.png HTTP/1.1" 200 52775
172.22.2.4 - - [26/Mar/2022:19:21:35 -0500] "GET /BLA/boletinlegal/images/screen_1.png HTTP/1.1" 200 202547
