190.130.72.38 - - [26/Mar/2022:09:47:47 -0500] "GET /sipse/faces/faces/faces/faces/faces/faces/faces/faces/faces/faces/faces/faces/faces/faces/index.xhtml HTTP/1.1" 200 677
190.130.72.38 - - [26/Mar/2022:09:47:48 -0500] "GET /sipse/faces/javax.faces.resource/theme.css?ln=primefaces-sipse HTTP/1.1" 304 -
190.130.72.38 - - [26/Mar/2022:09:47:48 -0500] "GET /sipse/faces/faces/faces/faces/faces/faces/faces/faces/faces/faces/faces/faces/faces/faces/faces/autenticacion.xhtml HTTP/1.1" 200 12179
190.130.72.38 - - [26/Mar/2022:09:47:48 -0500] "GET /sipse/faces/javax.faces.resource/layout/layout.css?ln=primefaces&v=4.0 HTTP/1.1" 200 542
190.130.72.38 - - [26/Mar/2022:09:47:48 -0500] "GET /sipse/faces/javax.faces.resource/theme.css?ln=primefaces-sipse HTTP/1.1" 304 -
190.130.72.38 - - [26/Mar/2022:09:47:48 -0500] "GET /sipse/faces/javax.faces.resource/primefaces.css?ln=primefaces&v=4.0 HTTP/1.1" 200 53295
190.130.72.38 - - [26/Mar/2022:09:47:48 -0500] "GET /sipse/faces/javax.faces.resource/jquery/jquery.js?ln=primefaces&v=4.0 HTTP/1.1" 200 105384
190.130.72.38 - - [26/Mar/2022:09:47:48 -0500] "GET /sipse/faces/javax.faces.resource/layout/layout.js?ln=primefaces&v=4.0 HTTP/1.1" 200 87560
190.130.72.38 - - [26/Mar/2022:09:47:48 -0500] "GET /sipse/faces/javax.faces.resource/jquery/jquery-plugins.js?ln=primefaces&v=4.0 HTTP/1.1" 200 220526
190.130.72.38 - - [26/Mar/2022:09:47:48 -0500] "GET /sipse/faces/javax.faces.resource/primefaces.js?ln=primefaces&v=4.0 HTTP/1.1" 200 276924
172.22.2.4 - - [26/Mar/2022:09:48:35 -0500] "GET /BLA/boletinlegal/actos.php HTTP/1.1" 200 9555
172.22.2.4 - - [26/Mar/2022:09:48:45 -0500] "GET /BLA/boletinlegal/actos.php HTTP/1.1" 200 9555
207.46.13.179 - - [26/Mar/2022:09:49:32 -0500] "GET /galeria/galeria/fotos/Entrenube2G.jpg HTTP/1.1" 200 111422
172.22.2.4 - - [26/Mar/2022:09:49:13 -0500] "HEAD /BLA/boletinlegal/ HTTP/1.1" 200 -
199.16.157.183 - - [26/Mar/2022:09:51:11 -0500] "-" 408 -
199.16.157.181 - - [26/Mar/2022:09:51:11 -0500] "-" 408 -
199.16.157.183 - - [26/Mar/2022:09:51:12 -0500] "-" 408 -
199.16.157.183 - - [26/Mar/2022:09:51:12 -0500] "-" 408 -
172.22.2.4 - - [26/Mar/2022:09:50:03 -0500] "GET /BLA/boletinlegal/ HTTP/1.1" 200 46066
207.46.13.31 - - [26/Mar/2022:09:52:02 -0500] "GET /images/secretaria-participantes.14-octubre.jpg HTTP/1.1" 200 102021
216.245.221.92 - - [26/Mar/2022:09:52:23 -0500] "HEAD / HTTP/1.1" 200 -
201.245.192.253 - - [26/Mar/2022:09:51:44 -0500] "POST /kwsrmcab/Wsrmcab HTTP/1.1" 200 114674
207.46.13.209 - - [26/Mar/2022:09:52:40 -0500] "GET /bla/resoluciones/resoluciones%202021/4589.pdf HTTP/1.1" 200 356271
172.22.2.4 - - [26/Mar/2022:09:55:09 -0500] "GET /BLA/boletinlegal/consulta_actos.php?tipo=resoluciones&no=&usuario=&sector=&fecha=2021&resuelve=recurso HTTP/1.1" 200 105277
172.22.2.4 - - [26/Mar/2022:09:55:09 -0500] "GET /BLA/boletinlegal/images/background.gif HTTP/1.1" 200 -
190.26.33.80 - - [26/Mar/2022:09:55:13 -0500] "GET /BLA/resoluciones/RESOLUCIONES%202021/5304.pdf HTTP/1.1" 200 397670
207.46.13.43 - - [26/Mar/2022:09:56:11 -0500] "GET /bla/resoluciones/resoluciones%202018/4107.pdf HTTP/1.1" 200 332527
157.55.39.218 - - [26/Mar/2022:09:56:14 -0500] "GET /bla/resoluciones/resoluciones%202014/0133.pdf HTTP/1.1" 200 835726
181.130.54.38 - - [26/Mar/2022:09:56:15 -0500] "GET /galeria/galeria/jquery.fancybox.css?v=2.1.5 HTTP/1.1" 200 4895
172.22.2.4 - - [26/Mar/2022:09:55:03 -0500] "HEAD /BLA/boletinlegal/ HTTP/1.1" 200 -
216.245.221.92 - - [26/Mar/2022:09:57:24 -0500] "HEAD / HTTP/1.1" 200 -
172.22.2.4 - - [26/Mar/2022:09:55:53 -0500] "GET /BLA/boletinlegal/ HTTP/1.1" 200 52945
207.46.13.43 - - [26/Mar/2022:09:58:12 -0500] "GET /bla/resoluciones/resoluciones%202021/3979.pdf HTTP/1.1" 200 328649
181.237.42.244 - - [26/Mar/2022:09:58:22 -0500] "GET /documents/10184/2325415/pieza-concurso-buenas-practicas-20-septiembre.jpg HTTP/1.1" 404 1132
207.46.13.179 - - [26/Mar/2022:10:00:34 -0500] "GET /bla/resoluciones/resoluciones%202012/1214.pdf HTTP/1.1" 200 744477
207.46.13.157 - - [26/Mar/2022:10:01:29 -0500] "GET /bla/resoluciones/resoluciones%202021/4867.pdf HTTP/1.1" 200 359477
181.237.42.244 - - [26/Mar/2022:10:01:53 -0500] "GET /documents/10184/2325415/pieza-concurso-buenas-practicas-20-septiembre.jpg HTTP/1.1" 404 1132
216.245.221.92 - - [26/Mar/2022:10:02:23 -0500] "HEAD / HTTP/1.1" 200 -
192.241.224.241 - - [26/Mar/2022:10:02:28 -0500] "MGLNDD_190.27.245.106_80" 501 953
172.22.2.4 - - [26/Mar/2022:10:00:53 -0500] "HEAD /BLA/boletinlegal/ HTTP/1.1" 200 -
201.245.192.253 - - [26/Mar/2022:10:02:00 -0500] "POST /kwsrmcab/Wsrmcab HTTP/1.1" 200 114674
172.22.2.4 - - [26/Mar/2022:10:01:43 -0500] "GET /BLA/boletinlegal/ HTTP/1.1" 200 59170
207.46.13.43 - - [26/Mar/2022:10:04:12 -0500] "GET /bla/resoluciones/resoluciones%202012/0897.pdf HTTP/1.1" 200 314788
207.46.13.209 - - [26/Mar/2022:10:05:11 -0500] "GET /bla/resoluciones/resoluciones%202012/0867.pdf HTTP/1.1" 200 385117
191.156.63.53 - - [26/Mar/2022:10:06:40 -0500] "GET /las-mujeres-que-reverdecen-plantaron-arboles-nativos-en-san-cristobal.html HTTP/1.1" 200 901
207.46.13.179 - - [26/Mar/2022:10:06:53 -0500] "GET /bla/resoluciones/resoluciones%202021/1250.pdf HTTP/1.1" 200 511288
181.53.12.73 - - [26/Mar/2022:10:07:01 -0500] "GET /galeria/galeria/jquery.fancybox.css?v=2.1.5 HTTP/1.1" 200 4895
157.55.39.218 - - [26/Mar/2022:10:07:06 -0500] "GET /bla/resoluciones/resoluciones%202012/1375.pdf HTTP/1.1" 200 709873
216.245.221.92 - - [26/Mar/2022:10:07:23 -0500] "HEAD / HTTP/1.1" 200 -
172.22.2.4 - - [26/Mar/2022:10:06:43 -0500] "HEAD /BLA/boletinlegal/ HTTP/1.1" 200 -
172.22.2.4 - - [26/Mar/2022:10:07:33 -0500] "GET /BLA/boletinlegal/ HTTP/1.1" 200 54090
103.178.236.95 - - [26/Mar/2022:10:10:09 -0500] "GET /dispatch.asp HTTP/1.1" 404 1018
35.204.6.106 - - [26/Mar/2022:10:10:30 -0500] "GET / HTTP/1.1" 200 319
138.201.248.30 - - [26/Mar/2022:10:11:58 -0500] "HEAD /negocios-verdes-de-bogota-se-reuniran-este-fin-de-semana-en-el-centro-comercial-el-retiro.html HTTP/1.1" 200 -
216.245.221.92 - - [26/Mar/2022:10:12:23 -0500] "HEAD / HTTP/1.1" 200 -
201.245.192.253 - - [26/Mar/2022:10:11:48 -0500] "POST /kwsrmcab/Wsrmcab HTTP/1.1" 200 114961
207.46.13.194 - - [26/Mar/2022:10:13:08 -0500] "GET /portaldeninos/wp-content/uploads/2021/11/pieza-dia-ruido-ambiental-bogota-28-abril-768x767.jpg HTTP/1.1" 200 107793
172.22.2.4 - - [26/Mar/2022:10:12:33 -0500] "HEAD /BLA/boletinlegal/ HTTP/1.1" 200 -
172.22.2.4 - - [26/Mar/2022:10:13:23 -0500] "GET /BLA/boletinlegal/ HTTP/1.1" 200 59170
191.156.187.159 - - [26/Mar/2022:10:15:06 -0500] "GET /galeria/galeria/jquery.fancybox.css?v=2.1.5 HTTP/1.1" 200 4895
191.95.48.184 - - [26/Mar/2022:10:16:02 -0500] "GET /galeria/galeria/jquery.fancybox.css?v=2.1.5 HTTP/1.1" 200 4895
216.245.221.92 - - [26/Mar/2022:10:17:23 -0500] "HEAD / HTTP/1.1" 200 -
172.22.2.4 - - [26/Mar/2022:10:18:23 -0500] "HEAD /BLA/boletinlegal/ HTTP/1.1" 200 -
35.240.26.48 - - [26/Mar/2022:10:20:16 -0500] "GET /negocios-verdes-de-bogota-se-reuniran-este-fin-de-semana-en-el-centro-comercial-el-retiro.html HTTP/1.1" 200 902
191.109.191.182 - - [26/Mar/2022:10:20:19 -0500] "GET /BLA/boletinlegal/js/jquery.scrollShow.js HTTP/1.1" 200 4586
191.109.191.182 - - [26/Mar/2022:10:20:19 -0500] "GET /galeria/galeria/jquery.fancybox.js?v=2.1.5 HTTP/1.1" 200 48706
191.109.191.182 - - [26/Mar/2022:10:20:19 -0500] "GET /galeria/galeria/jquery.fancybox.css?v=2.1.5 HTTP/1.1" 200 4895
207.46.13.209 - - [26/Mar/2022:10:20:21 -0500] "GET /bla/resoluciones/resoluciones%202021/4522.pdf HTTP/1.1" 200 349490
172.22.2.4 - - [26/Mar/2022:10:19:13 -0500] "GET /BLA/boletinlegal/ HTTP/1.1" 200 60932
201.245.192.253 - - [26/Mar/2022:10:20:50 -0500] "POST /kwsrmcab/Wsrmcab HTTP/1.1" 200 41944
216.245.221.92 - - [26/Mar/2022:10:22:23 -0500] "HEAD / HTTP/1.1" 200 -
201.245.192.253 - - [26/Mar/2022:10:21:41 -0500] "POST /kwsrmcab/Wsrmcab HTTP/1.1" 200 114961
201.245.192.253 - - [26/Mar/2022:10:21:41 -0500] "POST /kwsrmcab/Wsrmcab HTTP/1.1" 200 45462
138.68.169.110 - - [26/Mar/2022:10:23:44 -0500] "GET / HTTP/1.1" 200 319
207.46.13.179 - - [26/Mar/2022:10:25:05 -0500] "GET /BLA/resoluciones/index.php?dir=AUTOS+2020%2F HTTP/1.1" 200 321600
181.56.234.205 - - [26/Mar/2022:10:25:50 -0500] "GET /un-animal-adulto-espera-renacer-de-tu-mano-adopta.html?fbclid=IwAR1VgzS8ALhaDALqicaUab6EQLWc1xQ0qb9HwNBm9ZSEJoOpOwtj206fSQc HTTP/1.1" 200 1028
103.162.30.101 - - [26/Mar/2022:10:25:42 -0500] "POST /boaform/admin/formLogin HTTP/1.1" 404 1186
172.22.2.4 - - [26/Mar/2022:10:24:12 -0500] "HEAD /BLA/boletinlegal/ HTTP/1.1" 200 -
172.22.2.4 - - [26/Mar/2022:10:25:03 -0500] "GET /BLA/boletinlegal/ HTTP/1.1" 200 59688
216.245.221.92 - - [26/Mar/2022:10:27:23 -0500] "HEAD / HTTP/1.1" 200 -
207.46.13.43 - - [26/Mar/2022:10:28:15 -0500] "GET /bla/resoluciones/resoluciones%202021/2399.pdf HTTP/1.1" 200 702453
207.46.13.209 - - [26/Mar/2022:10:28:23 -0500] "GET /bla/resoluciones/resoluciones%202012/0827.pdf HTTP/1.1" 200 329101
207.46.13.43 - - [26/Mar/2022:10:30:24 -0500] "GET /BLA/resoluciones/2618.tif HTTP/1.1" 404 1018
201.245.192.253 - - [26/Mar/2022:10:30:50 -0500] "POST /kwsrmcab/Wsrmcab HTTP/1.1" 200 41944
172.22.2.4 - - [26/Mar/2022:10:30:02 -0500] "HEAD /BLA/boletinlegal/ HTTP/1.1" 200 -
216.245.221.92 - - [26/Mar/2022:10:32:23 -0500] "HEAD / HTTP/1.1" 200 -
201.245.192.253 - - [26/Mar/2022:10:31:41 -0500] "POST /kwsrmcab/Wsrmcab HTTP/1.1" 200 45462
172.22.2.4 - - [26/Mar/2022:10:30:53 -0500] "GET /BLA/boletinlegal/ HTTP/1.1" 200 61416
201.245.192.253 - - [26/Mar/2022:10:31:45 -0500] "POST /kwsrmcab/Wsrmcab HTTP/1.1" 200 114961
207.46.13.209 - - [26/Mar/2022:10:33:34 -0500] "GET /bla/resoluciones/resoluciones%202012/0967.pdf HTTP/1.1" 200 382213
207.46.13.157 - - [26/Mar/2022:10:34:11 -0500] "GET /bla/resoluciones/resoluciones%202012/1370.pdf HTTP/1.1" 200 962967
207.46.13.179 - - [26/Mar/2022:10:34:55 -0500] "GET /forest/ HTTP/1.1" 200 12041
216.245.221.92 - - [26/Mar/2022:10:37:23 -0500] "HEAD / HTTP/1.1" 200 -
172.22.2.4 - - [26/Mar/2022:10:35:53 -0500] "HEAD /BLA/boletinlegal/ HTTP/1.1" 200 -
157.55.39.218 - - [26/Mar/2022:10:37:58 -0500] "GET /bla/resoluciones/resoluciones%202021/2438.pdf HTTP/1.1" 200 576980
172.22.2.4 - - [26/Mar/2022:10:36:43 -0500] "GET /BLA/boletinlegal/ HTTP/1.1" 200 52945
205.185.89.182 - - [26/Mar/2022:10:39:22 -0500] "GET / HTTP/1.1" 200 319
172.22.2.4 - - [26/Mar/2022:10:39:26 -0500] "GET /BLA/boletinlegal/style.css HTTP/1.1" 200 9406
172.22.2.4 - - [26/Mar/2022:10:39:26 -0500] "GET /BLA/boletinlegal/styles2.css HTTP/1.1" 200 1838
172.22.2.4 - - [26/Mar/2022:10:39:27 -0500] "GET /BLA/boletinlegal/js/jquery.js HTTP/1.1" 200 57254
172.22.2.4 - - [26/Mar/2022:10:39:27 -0500] "GET /BLA/boletinlegal/js/jquery.scrollShow.js HTTP/1.1" 200 4586
172.22.2.4 - - [26/Mar/2022:10:39:27 -0500] "GET /BLA/boletinlegal/js/jquery.scrollTo-min.js HTTP/1.1" 200 1150
172.22.2.4 - - [26/Mar/2022:10:39:27 -0500] "GET /BLA/boletinlegal/images/cabezote%20BLEGAL.jpg HTTP/1.1" 200 118164
172.22.2.4 - - [26/Mar/2022:10:39:27 -0500] "GET /BLA/boletinlegal/images/subscribe-icon-big.png HTTP/1.1" 200 47702
172.22.2.4 - - [26/Mar/2022:10:39:27 -0500] "GET /BLA/boletinlegal/images/arr_l.jpg HTTP/1.1" 200 1979
172.22.2.4 - - [26/Mar/2022:10:39:27 -0500] "GET /BLA/boletinlegal/images/registro-usuarios.png HTTP/1.1" 200 8106
172.22.2.4 - - [26/Mar/2022:10:39:27 -0500] "GET /BLA/boletinlegal/images/historia.png HTTP/1.1" 200 52775
172.22.2.4 - - [26/Mar/2022:10:39:27 -0500] "GET /BLA/boletinlegal/images/menu_lft.gif HTTP/1.1" 200 1713
172.22.2.4 - - [26/Mar/2022:10:39:27 -0500] "GET /BLA/boletinlegal/images/menu_rght.gif HTTP/1.1" 200 1627
172.22.2.4 - - [26/Mar/2022:10:39:28 -0500] "GET /BLA/boletinlegal/images/menu_bg.jpg HTTP/1.1" 200 620
172.22.2.4 - - [26/Mar/2022:10:39:28 -0500] "GET /BLA/boletinlegal/images/body_bg.jpg HTTP/1.1" 200 1601
172.22.2.4 - - [26/Mar/2022:10:39:28 -0500] "GET /BLA/boletinlegal/images/bg_top.jpg HTTP/1.1" 200 522
172.22.2.4 - - [26/Mar/2022:10:39:28 -0500] "GET /BLA/boletinlegal/images/hover.jpg HTTP/1.1" 200 640
172.22.2.4 - - [26/Mar/2022:10:39:28 -0500] "GET /BLA/boletinlegal/images/text.jpg HTTP/1.1" 200 568
172.22.2.4 - - [26/Mar/2022:10:39:28 -0500] "GET /BLA/boletinlegal/images/screen_1.png HTTP/1.1" 200 202547
172.22.2.4 - - [26/Mar/2022:10:39:28 -0500] "GET /BLA/boletinlegal/images/launch.jpg HTTP/1.1" 200 14577
194.187.171.124 - - [26/Mar/2022:10:39:29 -0500] "GET /favicon.ico HTTP/1.1" 200 7782
172.22.2.4 - - [26/Mar/2022:10:39:34 -0500] "GET /BLA/boletinlegal/images/screen_2.png HTTP/1.1" 200 362502
172.22.2.4 - - [26/Mar/2022:10:39:34 -0500] "GET /BLA/boletinlegal/images/screen_3.png HTTP/1.1" 200 210620
172.22.2.4 - - [26/Mar/2022:10:39:34 -0500] "GET /BLA/boletinlegal/images/screen_5.png HTTP/1.1" 200 368876
172.22.2.4 - - [26/Mar/2022:10:39:34 -0500] "GET /BLA/boletinlegal/images/footer_bg.jpg HTTP/1.1" 200 586
172.22.2.4 - - [26/Mar/2022:10:39:34 -0500] "GET /BLA/boletinlegal/images/arr_r.jpg HTTP/1.1" 200 1998
172.22.2.4 - - [26/Mar/2022:10:39:41 -0500] "GET /BLA/boletinlegal/images/pdf.gif HTTP/1.1" 200 567
157.55.39.218 - - [26/Mar/2022:10:40:08 -0500] "GET /bla/resoluciones/resoluciones%202014/0699.pdf HTTP/1.1" 200 213149
172.22.2.4 - - [26/Mar/2022:10:39:26 -0500] "GET /BLA/boletinlegal/ HTTP/1.1" 200 40907
172.22.2.4 - - [26/Mar/2022:10:40:27 -0500] "GET /BLA/boletinlegal/style.css HTTP/1.1" 200 9406
172.22.2.4 - - [26/Mar/2022:10:40:27 -0500] "GET /BLA/boletinlegal/styles2.css HTTP/1.1" 200 1838
172.22.2.4 - - [26/Mar/2022:10:40:27 -0500] "GET /BLA/boletinlegal/js/jquery.js HTTP/1.1" 200 57254
172.22.2.4 - - [26/Mar/2022:10:40:27 -0500] "GET /BLA/boletinlegal/js/jquery.scrollTo-min.js HTTP/1.1" 200 1150
172.22.2.4 - - [26/Mar/2022:10:40:27 -0500] "GET /BLA/boletinlegal/js/jquery.scrollShow.js HTTP/1.1" 200 4586
172.22.2.4 - - [26/Mar/2022:10:40:27 -0500] "GET /BLA/boletinlegal/images/cabezote%20BLEGAL.jpg HTTP/1.1" 200 118164
172.22.2.4 - - [26/Mar/2022:10:40:27 -0500] "GET /BLA/boletinlegal/images/subscribe-icon-big.png HTTP/1.1" 200 47702
172.22.2.4 - - [26/Mar/2022:10:40:27 -0500] "GET /BLA/boletinlegal/images/registro-usuarios.png HTTP/1.1" 200 8106
172.22.2.4 - - [26/Mar/2022:10:40:27 -0500] "GET /BLA/boletinlegal/images/historia.png HTTP/1.1" 200 52775
172.22.2.4 - - [26/Mar/2022:10:40:27 -0500] "GET /BLA/boletinlegal/images/arr_l.jpg HTTP/1.1" 200 1979
172.22.2.4 - - [26/Mar/2022:10:40:27 -0500] "GET /BLA/boletinlegal/images/screen_1.png HTTP/1.1" 200 202547
172.22.2.4 - - [26/Mar/2022:10:40:27 -0500] "GET /BLA/boletinlegal/images/launch.jpg HTTP/1.1" 200 14577
172.22.2.4 - - [26/Mar/2022:10:40:28 -0500] "GET /BLA/boletinlegal/images/body_bg.jpg HTTP/1.1" 200 1601
172.22.2.4 - - [26/Mar/2022:10:40:28 -0500] "GET /BLA/boletinlegal/images/menu_lft.gif HTTP/1.1" 200 1713
172.22.2.4 - - [26/Mar/2022:10:40:28 -0500] "GET /BLA/boletinlegal/images/menu_rght.gif HTTP/1.1" 200 1627
172.22.2.4 - - [26/Mar/2022:10:40:28 -0500] "GET /BLA/boletinlegal/images/bg_top.jpg HTTP/1.1" 200 522
172.22.2.4 - - [26/Mar/2022:10:40:28 -0500] "GET /BLA/boletinlegal/images/menu_bg.jpg HTTP/1.1" 200 620
172.22.2.4 - - [26/Mar/2022:10:40:28 -0500] "GET /BLA/boletinlegal/images/hover.jpg HTTP/1.1" 200 640
172.22.2.4 - - [26/Mar/2022:10:40:28 -0500] "GET /BLA/boletinlegal/images/text.jpg HTTP/1.1" 200 568
172.22.2.4 - - [26/Mar/2022:10:40:31 -0500] "GET /BLA/boletinlegal/actos.php HTTP/1.1" 200 9555
172.22.2.4 - - [26/Mar/2022:10:40:31 -0500] "GET /BLA/boletinlegal/js/ajax_actos.js HTTP/1.1" 200 1322
172.22.2.4 - - [26/Mar/2022:10:40:31 -0500] "GET /BLA/boletinlegal/niceforms.js HTTP/1.1" 200 22876
172.22.2.4 - - [26/Mar/2022:10:40:31 -0500] "GET /BLA/boletinlegal/niceforms-default.css HTTP/1.1" 200 6694
172.22.2.4 - - [26/Mar/2022:10:40:31 -0500] "GET /BLA/boletinlegal/js/lib.js HTTP/1.1" 200 6474
172.22.2.4 - - [26/Mar/2022:10:40:31 -0500] "GET /BLA/boletinlegal/js/popup.js HTTP/1.1" 200 1270
172.22.2.4 - - [26/Mar/2022:10:40:31 -0500] "GET /BLA/boletinlegal/js/jquery1.js HTTP/1.1" 200 29846
172.22.2.4 - - [26/Mar/2022:10:40:31 -0500] "GET /BLA/boletinlegal/images/green-yellow-blue-pink-th.png HTTP/1.1" 200 7394
172.22.2.4 - - [26/Mar/2022:10:40:31 -0500] "GET /BLA/boletinlegal/images/abajo.png HTTP/1.1" 200 96676
172.22.2.4 - - [26/Mar/2022:10:40:31 -0500] "GET /BLA/boletinlegal/images/icono-email.png HTTP/1.1" 200 5544
172.22.2.4 - - [26/Mar/2022:10:40:31 -0500] "GET /BLA/boletinlegal/images/tel.png HTTP/1.1" 200 14477
172.22.2.4 - - [26/Mar/2022:10:40:31 -0500] "GET /BLA/boletinlegal/images/footer_bg.jpg HTTP/1.1" 200 586
172.22.2.4 - - [26/Mar/2022:10:40:32 -0500] "GET /BLA/boletinlegal/images/footer_bg_l.jpg HTTP/1.1" 200 776
172.22.2.4 - - [26/Mar/2022:10:40:32 -0500] "GET /BLA/boletinlegal/img/select-left.png HTTP/1.1" 200 263
172.22.2.4 - - [26/Mar/2022:10:40:32 -0500] "GET /BLA/boletinlegal/img/select-right.png HTTP/1.1" 200 44019
172.22.2.4 - - [26/Mar/2022:10:40:32 -0500] "GET /BLA/boletinlegal/img/button.png HTTP/1.1" 200 43241
172.22.2.4 - - [26/Mar/2022:10:40:32 -0500] "GET /BLA/boletinlegal/img/button-left.png HTTP/1.1" 200 57071
172.22.2.4 - - [26/Mar/2022:10:40:32 -0500] "GET /BLA/boletinlegal/img/button-right.png HTTP/1.1" 200 57878
172.22.2.4 - - [26/Mar/2022:10:40:32 -0500] "GET /BLA/boletinlegal/favicon.ico HTTP/1.1" 404 1326
172.22.2.4 - - [26/Mar/2022:10:40:32 -0500] "GET /BLA/boletinlegal/img/0.png HTTP/1.1" 200 110
172.22.2.4 - - [26/Mar/2022:10:40:34 -0500] "GET /BLA/boletinlegal/images/screen_2.png HTTP/1.1" 200 362502
172.22.2.4 - - [26/Mar/2022:10:40:34 -0500] "GET /BLA/boletinlegal/images/screen_3.png HTTP/1.1" 200 210620
172.22.2.4 - - [26/Mar/2022:10:40:34 -0500] "GET /BLA/boletinlegal/images/screen_5.png HTTP/1.1" 200 368876
172.22.2.4 - - [26/Mar/2022:10:40:34 -0500] "GET /BLA/boletinlegal/images/arr_r.jpg HTTP/1.1" 200 1998
172.22.2.4 - - [26/Mar/2022:10:40:42 -0500] "GET /BLA/boletinlegal/images/pdf.gif HTTP/1.1" 200 567
172.22.2.4 - - [26/Mar/2022:10:40:59 -0500] "GET /BLA/boletinlegal/consulta_actos.php?tipo=autos&no=0558&usuario=&sector=&fecha=2014&resuelve= HTTP/1.1" 200 626
172.22.2.4 - - [26/Mar/2022:10:41:06 -0500] "GET /BLA/boletinlegal/consulta_actos.php?tipo=autos&no=0558&usuario=&sector=&fecha=2014&resuelve= HTTP/1.1" 200 626
172.22.2.4 - - [26/Mar/2022:10:41:19 -0500] "GET /BLA/boletinlegal/consulta_actos.php?tipo=autos&no=0558&usuario=&sector=&fecha=2014&resuelve= HTTP/1.1" 200 626
201.245.192.253 - - [26/Mar/2022:10:40:51 -0500] "POST /kwsrmcab/Wsrmcab HTTP/1.1" 200 41944
172.22.2.4 - - [26/Mar/2022:10:40:27 -0500] "GET /BLA/boletinlegal/ HTTP/1.1" 200 61416
216.245.221.92 - - [26/Mar/2022:10:42:23 -0500] "HEAD / HTTP/1.1" 200 -
201.245.192.253 - - [26/Mar/2022:10:41:41 -0500] "POST /kwsrmcab/Wsrmcab HTTP/1.1" 200 45462
201.245.192.253 - - [26/Mar/2022:10:41:44 -0500] "POST /kwsrmcab/Wsrmcab HTTP/1.1" 200 114961
172.22.2.4 - - [26/Mar/2022:10:43:05 -0500] "GET /BLA/boletinlegal/actos.php HTTP/1.1" 200 9555
172.22.2.4 - - [26/Mar/2022:10:43:05 -0500] "GET /BLA/boletinlegal/favicon.ico HTTP/1.1" 404 1326
172.22.2.4 - - [26/Mar/2022:10:43:10 -0500] "GET /BLA/boletinlegal/consulta_actos.php?tipo=autos&no=0558&usuario=&sector=&fecha=2014&resuelve= HTTP/1.1" 200 626
172.22.2.4 - - [26/Mar/2022:10:43:13 -0500] "GET /BLA/boletinlegal/consulta_actos.php?tipo=resoluciones&no=0046&usuario=&sector=&fecha=2022&resuelve= HTTP/1.1" 200 1300
172.22.2.4 - - [26/Mar/2022:10:41:42 -0500] "HEAD /BLA/boletinlegal/ HTTP/1.1" 200 -
181.51.34.187 - - [26/Mar/2022:10:43:24 -0500] "GET /BLA/resoluciones/RESOLUCIONES%202022/0046.pdf HTTP/1.1" 200 405139
181.51.34.187 - - [26/Mar/2022:10:43:24 -0500] "GET /BLA/resoluciones/RESOLUCIONES%202022/0046.pdf HTTP/1.1" 200 405139
181.51.34.187 - - [26/Mar/2022:10:43:24 -0500] "GET /BLA/resoluciones/RESOLUCIONES%202022/0046.pdf HTTP/1.1" 206 1025
181.51.34.187 - - [26/Mar/2022:10:43:26 -0500] "GET /BLA/resoluciones/RESOLUCIONES%202022/0046.pdf HTTP/1.1" 206 3072
181.51.34.187 - - [26/Mar/2022:10:43:26 -0500] "GET /BLA/resoluciones/RESOLUCIONES%202022/0046.pdf HTTP/1.1" 206 401042
94.130.167.117 - - [26/Mar/2022:10:43:39 -0500] "-" 408 -
172.22.2.4 - - [26/Mar/2022:10:42:59 -0500] "GET /BLA/boletinlegal/ HTTP/1.1" 200 24523
172.22.2.4 - - [26/Mar/2022:10:44:02 -0500] "GET /BLA/boletinlegal/consulta_actos.php?tipo=autos&no=0558&usuario=&sector=&fecha=2014&resuelve= HTTP/1.1" 200 626
172.22.2.4 - - [26/Mar/2022:10:42:33 -0500] "GET /BLA/boletinlegal/ HTTP/1.1" 200 56669
136.243.136.201 - - [26/Mar/2022:10:46:38 -0500] "-" 408 -
207.46.13.209 - - [26/Mar/2022:10:46:56 -0500] "GET /bla/resoluciones/resoluciones%202012/1754.pdf HTTP/1.1" 200 1799345
216.245.221.92 - - [26/Mar/2022:10:47:23 -0500] "HEAD / HTTP/1.1" 200 -
172.22.2.4 - - [26/Mar/2022:10:47:32 -0500] "HEAD /BLA/boletinlegal/ HTTP/1.1" 200 -
69.171.249.24 - - [26/Mar/2022:10:49:16 -0500] "GET /images/secretaria-participantes.14-octubre.jpg HTTP/1.1" 200 102021
186.29.42.18 - - [26/Mar/2022:10:49:50 -0500] "GET /BLA/resoluciones/index.php?dir= HTTP/1.1" 200 13093
186.29.42.18 - - [26/Mar/2022:10:50:00 -0500] "GET /BLA/resoluciones/index.php?dir= HTTP/1.1" 200 13093
172.22.2.4 - - [26/Mar/2022:10:48:23 -0500] "GET /BLA/boletinlegal/ HTTP/1.1" 200 58588
186.29.42.18 - - [26/Mar/2022:10:50:22 -0500] "GET /BLA/resoluciones/index.php?dir=RESOLUCIONES+2018%2F HTTP/1.1" 200 259022
216.245.221.92 - - [26/Mar/2022:10:52:23 -0500] "HEAD / HTTP/1.1" 200 -
201.245.192.253 - - [26/Mar/2022:10:51:41 -0500] "POST /kwsrmcab/Wsrmcab HTTP/1.1" 200 114961
172.22.2.4 - - [26/Mar/2022:10:53:06 -0500] "GET /BLA/boletinlegal/consulta_actos.php?tipo=autos&no=0458&usuario=&sector=&fecha=2014&resuelve= HTTP/1.1" 200 626
172.22.2.4 - - [26/Mar/2022:10:53:21 -0500] "GET /BLA/boletinlegal/actos.php HTTP/1.1" 200 9555
207.46.13.157 - - [26/Mar/2022:10:53:21 -0500] "GET /menu/css/demo.css HTTP/1.1" 404 1018
40.77.167.46 - - [26/Mar/2022:10:53:27 -0500] "GET /menu/css/style.css HTTP/1.1" 404 1018
172.22.2.4 - - [26/Mar/2022:10:53:38 -0500] "GET /BLA/boletinlegal/consulta_actos.php?tipo=autos&no=0458&usuario=&sector=&fecha=2014&resuelve= HTTP/1.1" 200 626
172.22.2.4 - - [26/Mar/2022:10:53:46 -0500] "GET /BLA/boletinlegal/consulta_actos.php?tipo=autos&no=0458&usuario=&sector=&fecha=2014&resuelve= HTTP/1.1" 200 626
207.46.13.31 - - [26/Mar/2022:10:54:39 -0500] "GET /images/nueva-jornada-reciclaton-ambiente-cajas-12-noviembre.jpg HTTP/1.1" 200 479427
172.22.2.4 - - [26/Mar/2022:10:53:22 -0500] "HEAD /BLA/boletinlegal/ HTTP/1.1" 200 -
172.22.2.4 - - [26/Mar/2022:10:54:13 -0500] "GET /BLA/boletinlegal/ HTTP/1.1" 200 52945
191.95.54.72 - - [26/Mar/2022:10:56:08 -0500] "GET /BLA/boletinlegal/js/jquery.scrollShow.js HTTP/1.1" 200 4586
191.95.54.72 - - [26/Mar/2022:10:56:08 -0500] "GET /galeria/galeria/jquery.fancybox.css?v=2.1.5 HTTP/1.1" 200 4895
191.95.54.72 - - [26/Mar/2022:10:56:08 -0500] "GET /galeria/galeria/jquery.fancybox.js?v=2.1.5 HTTP/1.1" 200 48706
207.46.13.179 - - [26/Mar/2022:10:56:08 -0500] "GET /bla/resoluciones/resoluciones%202014/0725.pdf HTTP/1.1" 200 566417
216.245.221.92 - - [26/Mar/2022:10:57:23 -0500] "HEAD / HTTP/1.1" 200 -
172.22.2.4 - - [26/Mar/2022:10:57:56 -0500] "GET /BLA/boletinlegal/consulta_actos.php?tipo=autos&no=0458&usuario=&sector=&fecha=2011&resuelve= HTTP/1.1" 200 626
172.22.2.4 - - [26/Mar/2022:10:58:01 -0500] "GET /BLA/boletinlegal/actos.php HTTP/1.1" 200 9555
172.22.2.4 - - [26/Mar/2022:10:58:13 -0500] "GET /BLA/boletinlegal/consulta_actos.php?tipo=autos&no=0458&usuario=&sector=&fecha=2011&resuelve= HTTP/1.1" 200 626
172.22.2.4 - - [26/Mar/2022:10:58:34 -0500] "GET /BLA/boletinlegal/consulta_actos.php?tipo=autos&no=0458&usuario=&sector=&fecha=2014&resuelve= HTTP/1.1" 200 626
172.22.2.4 - - [26/Mar/2022:10:58:36 -0500] "GET /BLA/boletinlegal/consulta_actos.php?tipo=autos&no=0458&usuario=&sector=&fecha=2014&resuelve= HTTP/1.1" 200 626
172.22.2.4 - - [26/Mar/2022:10:58:40 -0500] "GET /BLA/boletinlegal/actos.php HTTP/1.1" 200 9555
172.22.2.4 - - [26/Mar/2022:10:58:51 -0500] "GET /BLA/boletinlegal/consulta_actos.php?tipo=autos&no=0458&usuario=&sector=&fecha=2014&resuelve= HTTP/1.1" 200 626
172.22.2.4 - - [26/Mar/2022:10:59:58 -0500] "GET /BLA/boletinlegal/consulta_actos.php?tipo=autos&no=6480&usuario=&sector=&fecha=2011&resuelve= HTTP/1.1" 200 626
172.22.2.4 - - [26/Mar/2022:11:00:02 -0500] "GET /BLA/boletinlegal/images/body_bg.jpg HTTP/1.1" 200 1601
172.22.2.4 - - [26/Mar/2022:11:00:02 -0500] "GET /BLA/boletinlegal/images/menu_lft.gif HTTP/1.1" 200 1713
172.22.2.4 - - [26/Mar/2022:11:00:02 -0500] "GET /BLA/boletinlegal/images/menu_rght.gif HTTP/1.1" 200 1627
172.22.2.4 - - [26/Mar/2022:11:00:02 -0500] "GET /BLA/boletinlegal/images/bg_top.jpg HTTP/1.1" 200 522
172.22.2.4 - - [26/Mar/2022:11:00:02 -0500] "GET /BLA/boletinlegal/images/menu_bg.jpg HTTP/1.1" 200 620
172.22.2.4 - - [26/Mar/2022:11:00:02 -0500] "GET /BLA/boletinlegal/images/hover.jpg HTTP/1.1" 200 640
172.22.2.4 - - [26/Mar/2022:11:00:02 -0500] "GET /BLA/boletinlegal/images/text.jpg HTTP/1.1" 200 568
172.22.2.4 - - [26/Mar/2022:11:00:04 -0500] "GET /BLA/boletinlegal/actos.php HTTP/1.1" 200 9555
172.22.2.4 - - [26/Mar/2022:11:00:04 -0500] "GET /BLA/boletinlegal/js/lib.js HTTP/1.1" 200 6474
172.22.2.4 - - [26/Mar/2022:11:00:04 -0500] "GET /BLA/boletinlegal/niceforms.js HTTP/1.1" 200 22876
172.22.2.4 - - [26/Mar/2022:11:00:04 -0500] "GET /BLA/boletinlegal/js/popup.js HTTP/1.1" 200 1270
172.22.2.4 - - [26/Mar/2022:11:00:04 -0500] "GET /BLA/boletinlegal/js/jquery1.js HTTP/1.1" 200 29846
172.22.2.4 - - [26/Mar/2022:11:00:04 -0500] "GET /BLA/boletinlegal/js/ajax_actos.js HTTP/1.1" 200 1322
172.22.2.4 - - [26/Mar/2022:11:00:04 -0500] "GET /BLA/boletinlegal/images/green-yellow-blue-pink-th.png HTTP/1.1" 200 7394
172.22.2.4 - - [26/Mar/2022:11:00:04 -0500] "GET /BLA/boletinlegal/images/abajo.png HTTP/1.1" 200 96676
172.22.2.4 - - [26/Mar/2022:11:00:04 -0500] "GET /BLA/boletinlegal/images/tel.png HTTP/1.1" 200 14477
172.22.2.4 - - [26/Mar/2022:11:00:04 -0500] "GET /BLA/boletinlegal/images/icono-email.png HTTP/1.1" 200 5544
172.22.2.4 - - [26/Mar/2022:11:00:04 -0500] "GET /BLA/boletinlegal/images/footer_bg.jpg HTTP/1.1" 200 586
172.22.2.4 - - [26/Mar/2022:11:00:04 -0500] "GET /BLA/boletinlegal/images/footer_bg_l.jpg HTTP/1.1" 200 776
172.22.2.4 - - [26/Mar/2022:11:00:04 -0500] "GET /BLA/boletinlegal/img/0.png HTTP/1.1" 200 110
172.22.2.4 - - [26/Mar/2022:11:00:04 -0500] "GET /BLA/boletinlegal/img/button.png HTTP/1.1" 200 43241
172.22.2.4 - - [26/Mar/2022:11:00:04 -0500] "GET /BLA/boletinlegal/img/button-left.png HTTP/1.1" 200 57071
172.22.2.4 - - [26/Mar/2022:11:00:04 -0500] "GET /BLA/boletinlegal/img/select-right.png HTTP/1.1" 200 44019
172.22.2.4 - - [26/Mar/2022:11:00:04 -0500] "GET /BLA/boletinlegal/img/select-left.png HTTP/1.1" 200 263
172.22.2.4 - - [26/Mar/2022:11:00:04 -0500] "GET /BLA/boletinlegal/img/button-right.png HTTP/1.1" 200 57878
172.22.2.4 - - [26/Mar/2022:11:00:04 -0500] "GET /BLA/boletinlegal/favicon.ico HTTP/1.1" 404 1326
172.22.2.4 - - [26/Mar/2022:11:00:05 -0500] "GET /BLA/boletinlegal/actos.php HTTP/1.1" 200 9555
186.155.136.191 - - [26/Mar/2022:11:00:08 -0500] "GET /cerca-de-mil-llantas-fueron-recolectadas-en-usaquen-y-bosa.html HTTP/1.1" 200 952
186.155.136.191 - - [26/Mar/2022:11:00:08 -0500] "GET /images/jornada-llantaton-usaquen-bosa-25-marzo.jpg HTTP/1.1" 200 60391
207.46.13.209 - - [26/Mar/2022:11:00:16 -0500] "GET /bla/resoluciones/resoluciones%202021/3105.pdf HTTP/1.1" 200 369410
172.22.2.4 - - [26/Mar/2022:11:00:27 -0500] "GET /BLA/boletinlegal/consulta_actos.php?tipo=autos&no=6480&usuario=&sector=&fecha=2011&resuelve= HTTP/1.1" 200 626
186.155.136.191 - - [26/Mar/2022:11:00:30 -0500] "GET /las-mujeres-que-reverdecen-plantaron-arboles-nativos-en-san-cristobal.html HTTP/1.1" 200 901
186.155.136.191 - - [26/Mar/2022:11:00:30 -0500] "GET /images/mujeres-reverdecen-ceresa-25-marzo.jpg HTTP/1.1" 200 63800
172.22.2.4 - - [26/Mar/2022:11:00:01 -0500] "GET /BLA/boletinlegal/ HTTP/1.1" 200 24523
172.22.2.4 - - [26/Mar/2022:10:59:12 -0500] "HEAD /BLA/boletinlegal/ HTTP/1.1" 200 -
172.22.2.4 - - [26/Mar/2022:11:00:03 -0500] "GET /BLA/boletinlegal/ HTTP/1.1" 200 54457
186.86.34.17 - - [26/Mar/2022:11:01:44 -0500] "GET /cerca-de-mil-llantas-fueron-recolectadas-en-usaquen-y-bosa.html HTTP/1.1" 200 952
172.22.2.4 - - [26/Mar/2022:11:02:00 -0500] "GET /BLA/boletinlegal/actos.php HTTP/1.1" 200 9555
186.86.34.17 - - [26/Mar/2022:11:02:15 -0500] "GET /las-mujeres-que-reverdecen-plantaron-arboles-nativos-en-san-cristobal.html HTTP/1.1" 200 901
216.245.221.92 - - [26/Mar/2022:11:02:23 -0500] "HEAD / HTTP/1.1" 200 -
201.245.192.253 - - [26/Mar/2022:11:01:39 -0500] "POST /kwsrmcab/Wsrmcab HTTP/1.1" 200 114961
157.55.39.218 - - [26/Mar/2022:11:04:51 -0500] "GET /bla/resoluciones/resoluciones%202012/1383.pdf HTTP/1.1" 200 782309
172.22.2.4 - - [26/Mar/2022:11:05:02 -0500] "HEAD /BLA/boletinlegal/ HTTP/1.1" 200 -
40.77.167.46 - - [26/Mar/2022:11:06:59 -0500] "GET /bla/resoluciones/resoluciones%202021/3933.pdf HTTP/1.1" 200 346676
216.245.221.92 - - [26/Mar/2022:11:07:23 -0500] "HEAD / HTTP/1.1" 200 -
157.55.39.218 - - [26/Mar/2022:11:07:31 -0500] "GET /bla/resoluciones/resoluciones%202012/0594.pdf HTTP/1.1" 200 303556
172.22.2.4 - - [26/Mar/2022:11:05:53 -0500] "GET /BLA/boletinlegal/ HTTP/1.1" 200 55089
172.22.2.4 - - [26/Mar/2022:11:08:17 -0500] "GET /BLA/boletinlegal/actos.php HTTP/1.1" 200 9555
172.22.2.4 - - [26/Mar/2022:11:08:18 -0500] "GET /BLA/boletinlegal/favicon.ico HTTP/1.1" 404 1326
207.46.13.179 - - [26/Mar/2022:11:09:50 -0500] "GET /bla/resoluciones/resoluciones%202014/2587.pdf HTTP/1.1" 200 837684
172.22.2.4 - - [26/Mar/2022:11:08:15 -0500] "GET /BLA/boletinlegal/ HTTP/1.1" 200 63729
221.2.155.199 - - [26/Mar/2022:11:10:00 -0500] "GET / HTTP/1.0" 200 319
190.26.33.80 - - [26/Mar/2022:11:10:22 -0500] "GET /BLA/resoluciones/RESOLUCIONES%202021/5298.pdf HTTP/1.1" 200 472619
207.46.13.209 - - [26/Mar/2022:11:10:26 -0500] "GET /bla/resoluciones/resoluciones%202014/2944.pdf HTTP/1.1" 200 265747
216.245.221.92 - - [26/Mar/2022:11:12:23 -0500] "HEAD / HTTP/1.1" 200 -
172.22.2.4 - - [26/Mar/2022:11:10:52 -0500] "HEAD /BLA/boletinlegal/ HTTP/1.1" 200 -
201.245.192.253 - - [26/Mar/2022:11:12:02 -0500] "POST /kwsrmcab/Wsrmcab HTTP/1.1" 200 114948
172.22.2.4 - - [26/Mar/2022:11:11:43 -0500] "GET /BLA/boletinlegal/ HTTP/1.1" 200 60932
207.46.13.157 - - [26/Mar/2022:11:13:44 -0500] "GET /galeria/galeria/fotos/Humedal-Santa-Mar%C3%ADa-del-Lago3G.jpg HTTP/1.1" 200 271832
190.26.33.80 - - [26/Mar/2022:11:13:48 -0500] "GET /BLA/resoluciones/RESOLUCIONES%202021/3515.pdf HTTP/1.1" 200 438815
190.84.36.175 - - [26/Mar/2022:11:13:55 -0500] "GET /galeria/galeria/jquery.fancybox.css?v=2.1.5 HTTP/1.1" 200 4895
216.245.221.92 - - [26/Mar/2022:11:17:23 -0500] "HEAD / HTTP/1.1" 200 -
157.55.39.218 - - [26/Mar/2022:11:18:11 -0500] "GET /bla/resoluciones/resoluciones%202014/0716.pdf HTTP/1.1" 200 837974
172.22.2.4 - - [26/Mar/2022:11:16:42 -0500] "HEAD /BLA/boletinlegal/ HTTP/1.1" 200 -
207.46.13.209 - - [26/Mar/2022:11:18:28 -0500] "GET /bla/resoluciones/resoluciones%202021/5510.pdf HTTP/1.1" 200 437553
172.22.2.4 - - [26/Mar/2022:11:17:33 -0500] "GET /BLA/boletinlegal/ HTTP/1.1" 200 61416
186.145.236.27 - - [26/Mar/2022:11:19:38 -0500] "GET /galeria/galeria/jquery.fancybox.js?v=2.1.5 HTTP/1.1" 200 48706
186.145.236.27 - - [26/Mar/2022:11:19:38 -0500] "GET /BLA/boletinlegal/js/jquery.scrollShow.js HTTP/1.1" 200 4586
186.145.236.27 - - [26/Mar/2022:11:19:38 -0500] "GET /galeria/galeria/jquery.fancybox.css?v=2.1.5 HTTP/1.1" 200 4895
31.13.103.11 - - [26/Mar/2022:11:21:01 -0500] "GET /images/residuos-bolsas-rojas.jpeg HTTP/1.1" 200 46289
207.46.13.43 - - [26/Mar/2022:11:21:09 -0500] "GET /bla/resoluciones/resoluciones%202014/2999.pdf HTTP/1.1" 200 1070748
200.119.125.66 - - [26/Mar/2022:11:21:15 -0500] "GET /galeria/galeria/jquery.fancybox.css?v=2.1.5 HTTP/1.1" 200 4895
200.119.125.66 - - [26/Mar/2022:11:21:15 -0500] "GET /galeria/galeria/jquery.fancybox.js?v=2.1.5 HTTP/1.1" 200 48706
200.119.125.66 - - [26/Mar/2022:11:21:15 -0500] "GET /BLA/boletinlegal/js/jquery.scrollShow.js HTTP/1.1" 200 4586
69.171.251.2 - - [26/Mar/2022:11:21:24 -0500] "GET /images/Memo1.jpg HTTP/1.1" 200 91151
69.63.184.118 - - [26/Mar/2022:11:21:24 -0500] "GET /images/llantaton-jornada.jpg HTTP/1.1" 200 356045
172.22.2.4 - - [26/Mar/2022:11:21:27 -0500] "GET /BLA/boletinlegal/actos.php HTTP/1.1" 200 9555
173.252.127.3 - - [26/Mar/2022:11:21:31 -0500] "GET /images/jardines-verticales-4-marzo.jpg HTTP/1.1" 200 54804
69.63.184.4 - - [26/Mar/2022:11:21:31 -0500] "GET /images/reunion-plan-accion-calidad-aire-7-marzo.jpeg HTTP/1.1" 200 62356
173.252.107.12 - - [26/Mar/2022:11:21:37 -0500] "GET /images/humedal-observatorio-26-febrero.jpg HTTP/1.1" 200 21641
201.245.192.253 - - [26/Mar/2022:11:20:51 -0500] "POST /kwsrmcab/Wsrmcab HTTP/1.1" 200 41659
216.245.221.92 - - [26/Mar/2022:11:22:23 -0500] "HEAD / HTTP/1.1" 200 -
172.22.2.4 - - [26/Mar/2022:11:22:24 -0500] "GET /BLA/boletinlegal/consulta_actos.php?tipo=autos&no=&usuario=&sector=&fecha=2021&resuelve= HTTP/1.1" 200 1009717
172.22.2.4 - - [26/Mar/2022:11:22:26 -0500] "GET /BLA/boletinlegal/consulta_actos.php?tipo=autos&no=&usuario=&sector=&fecha=2021&resuelve= HTTP/1.1" 200 1009717
201.245.192.253 - - [26/Mar/2022:11:21:42 -0500] "POST /kwsrmcab/Wsrmcab HTTP/1.1" 200 114948
201.245.192.253 - - [26/Mar/2022:11:21:41 -0500] "POST /kwsrmcab/Wsrmcab HTTP/1.1" 200 45449
172.22.2.4 - - [26/Mar/2022:11:21:22 -0500] "GET /BLA/boletinlegal/ HTTP/1.1" 200 61416
172.22.2.4 - - [26/Mar/2022:11:23:17 -0500] "GET /BLA/boletinlegal/consulta_actos.php?tipo=autos&no=&usuario=&sector=&fecha=2021&resuelve=04150 HTTP/1.1" 200 626
172.22.2.4 - - [26/Mar/2022:11:23:24 -0500] "GET /BLA/boletinlegal/consulta_actos.php?tipo=autos&no=&usuario=&sector=&fecha=2021&resuelve= HTTP/1.1" 200 1009717
172.22.2.4 - - [26/Mar/2022:11:23:32 -0500] "GET /BLA/boletinlegal/consulta_actos.php?tipo=autos&no=&usuario=&sector=&fecha=2021&resuelve=duque%20 HTTP/1.1" 200 626
172.22.2.4 - - [26/Mar/2022:11:23:39 -0500] "GET /BLA/boletinlegal/consulta_actos.php?tipo=autos&no=&usuario=&sector=&fecha=2021&resuelve= HTTP/1.1" 200 1009717
172.22.2.4 - - [26/Mar/2022:11:22:32 -0500] "HEAD /BLA/boletinlegal/ HTTP/1.1" 200 -
69.63.184.10 - - [26/Mar/2022:11:24:23 -0500] "GET /images/feria-servicios-principal-24-marzo.jpg HTTP/1.1" 200 37032
186.84.21.245 - - [26/Mar/2022:11:24:36 -0500] "GET /las-mujeres-que-reverdecen-plantaron-arboles-nativos-en-san-cristobal.html HTTP/1.1" 304 -
172.22.2.4 - - [26/Mar/2022:11:23:23 -0500] "GET /BLA/boletinlegal/ HTTP/1.1" 200 58588
207.46.13.179 - - [26/Mar/2022:11:25:51 -0500] "GET /bla/resoluciones/resoluciones%202014/3290.pdf HTTP/1.1" 200 452098
181.61.18.236 - - [26/Mar/2022:11:27:13 -0500] "GET /portaldeninos/ HTTP/1.1" 200 102040
181.61.18.236 - - [26/Mar/2022:11:27:14 -0500] "GET /portaldeninos/wp-content/uploads/useanyfont/uaf.css?ver=1589905315 HTTP/1.1" 200 408
181.61.18.236 - - [26/Mar/2022:11:27:14 -0500] "GET /portaldeninos/wp-content/themes/betheme/style.css?ver=20.9.6 HTTP/1.1" 200 287
181.61.18.236 - - [26/Mar/2022:11:27:14 -0500] "GET /portaldeninos/wp-includes/js/wp-emoji-release.min.js?ver=4.9.8 HTTP/1.1" 200 12026
181.61.18.236 - - [26/Mar/2022:11:27:14 -0500] "GET /portaldeninos/wp-content/plugins/gallery-videos/CSS/Total-Soft-Gallery-Video-Widget.css?ver=4.9.8 HTTP/1.1" 200 51554
181.61.18.236 - - [26/Mar/2022:11:27:14 -0500] "GET /portaldeninos/wp-content/themes/betheme/css/base.css?ver=20.9.6 HTTP/1.1" 200 57283
181.61.18.236 - - [26/Mar/2022:11:27:14 -0500] "GET /portaldeninos/wp-content/plugins/gallery-videos/CSS/totalsoft.css?ver=4.9.8 HTTP/1.1" 200 40622
181.61.18.236 - - [26/Mar/2022:11:27:14 -0500] "GET /portaldeninos/wp-content/themes/betheme/assets/animations/animations.min.css?ver=20.9.6 HTTP/1.1" 200 58508
181.61.18.236 - - [26/Mar/2022:11:27:14 -0500] "GET /portaldeninos/wp-content/themes/betheme/assets/jplayer/css/jplayer.blue.monday.css?ver=20.9.6 HTTP/1.1" 200 9834
181.61.18.236 - - [26/Mar/2022:11:27:14 -0500] "GET /portaldeninos/wp-content/themes/betheme/assets/ui/jquery.ui.all.css?ver=20.9.6 HTTP/1.1" 200 18765
181.61.18.236 - - [26/Mar/2022:11:27:14 -0500] "GET /portaldeninos/wp-content/plugins/popup-maker/assets/css/site.min.css?ver=1.8.14 HTTP/1.1" 200 8260
181.61.18.236 - - [26/Mar/2022:11:27:14 -0500] "GET /portaldeninos/wp-content/themes/betheme/css/layout.css?ver=20.9.6 HTTP/1.1" 200 116639
181.61.18.236 - - [26/Mar/2022:11:27:14 -0500] "GET /portaldeninos/wp-content/themes/betheme/css/responsive.css?ver=20.9.6 HTTP/1.1" 200 55740
181.61.18.236 - - [26/Mar/2022:11:27:15 -0500] "GET /portaldeninos/wp-includes/js/jquery/ui/core.min.js?ver=1.11.4 HTTP/1.1" 200 4000
181.61.18.236 - - [26/Mar/2022:11:27:15 -0500] "GET /portaldeninos/wp-includes/js/jquery/jquery-migrate.min.js?ver=1.4.1 HTTP/1.1" 200 10056
181.61.18.236 - - [26/Mar/2022:11:27:14 -0500] "GET /portaldeninos/wp-content/themes/betheme/css/shortcodes.css?ver=20.9.6 HTTP/1.1" 200 138889
181.61.18.236 - - [26/Mar/2022:11:27:15 -0500] "GET /portaldeninos/wp-content/plugins/gallery-videos/JS/modernizr.custom.js?ver=4.9.8 HTTP/1.1" 200 9019
181.61.18.236 - - [26/Mar/2022:11:27:15 -0500] "GET /portaldeninos/wp-content/plugins/gallery-videos/JS/Total-Soft-Gallery-Video-Widget.js?ver=4.9.8 HTTP/1.1" 200 80264
181.61.18.236 - - [26/Mar/2022:11:27:14 -0500] "GET /portaldeninos/wp-includes/js/jquery/jquery.js?ver=1.12.4 HTTP/1.1" 200 97184
181.61.18.236 - - [26/Mar/2022:11:27:15 -0500] "GET /portaldeninos/wp-includes/js/jquery/ui/widget.min.js?ver=1.11.4 HTTP/1.1" 200 6908
181.61.18.236 - - [26/Mar/2022:11:27:15 -0500] "GET /portaldeninos/wp-includes/js/jquery/ui/mouse.min.js?ver=1.11.4 HTTP/1.1" 200 3148
181.61.18.236 - - [26/Mar/2022:11:27:15 -0500] "GET /portaldeninos/wp-content/themes/betheme/js/menu.js?ver=20.9.6 HTTP/1.1" 200 2449
181.61.18.236 - - [26/Mar/2022:11:27:15 -0500] "GET /portaldeninos/wp-includes/js/jquery/ui/accordion.min.js?ver=1.11.4 HTTP/1.1" 200 8584
181.61.18.236 - - [26/Mar/2022:11:27:15 -0500] "GET /portaldeninos/wp-content/themes/betheme/assets/animations/animations.min.js?ver=20.9.6 HTTP/1.1" 200 1896
181.61.18.236 - - [26/Mar/2022:11:27:15 -0500] "GET /portaldeninos/wp-includes/js/jquery/ui/tabs.min.js?ver=1.11.4 HTTP/1.1" 200 12110
181.61.18.236 - - [26/Mar/2022:11:27:15 -0500] "GET /portaldeninos/wp-includes/js/jquery/ui/sortable.min.js?ver=1.11.4 HTTP/1.1" 200 24899
181.61.18.236 - - [26/Mar/2022:11:27:15 -0500] "GET /portaldeninos/wp-content/themes/betheme/fonts/mfn-icons.woff?93978679 HTTP/1.1" 200 80932
181.61.18.236 - - [26/Mar/2022:11:27:15 -0500] "GET /portaldeninos/wp-content/uploads/2021/06/titulo-cabezote-ni%C3%B1os.png HTTP/1.1" 200 64425
181.61.18.236 - - [26/Mar/2022:11:27:15 -0500] "GET /portaldeninos/wp-content/themes/betheme/assets/jplayer/jplayer.min.js?ver=20.9.6 HTTP/1.1" 200 52702
181.61.18.236 - - [26/Mar/2022:11:27:15 -0500] "GET /portaldeninos/wp-includes/js/jquery/ui/position.min.js?ver=1.11.4 HTTP/1.1" 200 6527
181.61.18.236 - - [26/Mar/2022:11:27:15 -0500] "GET /portaldeninos/wp-content/themes/betheme/js/scripts.js?ver=20.9.6 HTTP/1.1" 200 77162
181.61.18.236 - - [26/Mar/2022:11:27:15 -0500] "GET /portaldeninos/wp-includes/js/wp-embed.min.js?ver=4.9.8 HTTP/1.1" 200 1398
181.61.18.236 - - [26/Mar/2022:11:27:15 -0500] "GET /portaldeninos/wp-content/uploads/2021/06/titulo-miambiente-ni%C3%B1os.png HTTP/1.1" 200 11944
181.61.18.236 - - [26/Mar/2022:11:27:15 -0500] "GET /portaldeninos/wp-content/themes/betheme/js/plugins.js?ver=20.9.6 HTTP/1.1" 200 197151
181.61.18.236 - - [26/Mar/2022:11:27:15 -0500] "GET /portaldeninos/wp-content/uploads/2019/08/Logo-Ambientic.png HTTP/1.1" 200 22941
181.61.18.236 - - [26/Mar/2022:11:27:15 -0500] "GET /portaldeninos/wp-content/plugins/popup-maker/assets/js/site.min.js?defer&ver=1.8.14 HTTP/1.1" 200 48457
181.61.18.236 - - [26/Mar/2022:11:27:15 -0500] "GET /portaldeninos/wp-content/uploads/2021/06/titulo-videos-ni%C3%B1os.png HTTP/1.1" 200 10502
181.61.18.236 - - [26/Mar/2022:11:27:15 -0500] "GET /portaldeninos/wp-content/uploads/2020/01/Tierra-escenario.jpg HTTP/1.1" 200 181491
181.61.18.236 - - [26/Mar/2022:11:27:15 -0500] "GET /portaldeninos/wp-content/uploads/2021/06/titulo-humedales-ni%C3%B1os.png HTTP/1.1" 200 13361
181.61.18.236 - - [26/Mar/2022:11:27:15 -0500] "GET /portaldeninos/wp-content/uploads/2018/10/oso.jpg HTTP/1.1" 200 305180
181.61.18.236 - - [26/Mar/2022:11:27:15 -0500] "GET /portaldeninos/wp-content/uploads/2020/05/fb.jpg HTTP/1.1" 200 9893
181.61.18.236 - - [26/Mar/2022:11:27:15 -0500] "GET /portaldeninos/wp-content/uploads/2022/03/humedal-capellania.jpg HTTP/1.1" 200 42159
181.61.18.236 - - [26/Mar/2022:11:27:15 -0500] "GET /portaldeninos/wp-content/uploads/2018/11/caneca.jpg HTTP/1.1" 200 262661
181.61.18.236 - - [26/Mar/2022:11:27:15 -0500] "GET /portaldeninos/wp-content/uploads/2020/05/ig.jpg HTTP/1.1" 200 11470
181.61.18.236 - - [26/Mar/2022:11:27:15 -0500] "GET /portaldeninos/wp-content/uploads/2020/06/yt.jpg HTTP/1.1" 200 10577
181.61.18.236 - - [26/Mar/2022:11:27:15 -0500] "GET /portaldeninos/wp-content/uploads/2018/11/tigrillo.jpg HTTP/1.1" 200 402961
181.61.18.236 - - [26/Mar/2022:11:27:15 -0500] "GET /portaldeninos/wp-content/themes/betheme/images/box_shadow.png HTTP/1.1" 200 108
181.61.18.236 - - [26/Mar/2022:11:27:15 -0500] "GET /portaldeninos/wp-content/uploads/2020/06/tw.jpg HTTP/1.1" 200 11056
181.61.18.236 - - [26/Mar/2022:11:27:15 -0500] "GET /portaldeninos/wp-content/uploads/2020/01/Frailejon-escenario.jpg HTTP/1.1" 200 357472
181.61.18.236 - - [26/Mar/2022:11:27:16 -0500] "GET /portaldeninos/wp-json/pum/v1/analytics/?event=open&pid=1126&_cache=1648311859748 HTTP/1.1" 204 -
181.61.18.236 - - [26/Mar/2022:11:27:15 -0500] "GET /portaldeninos/wp-content/uploads/2022/03/Mapa-humedales-2022.jpg HTTP/1.1" 200 894674
216.245.221.92 - - [26/Mar/2022:11:27:23 -0500] "HEAD / HTTP/1.1" 200 -
181.61.18.236 - - [26/Mar/2022:11:27:15 -0500] "GET /portaldeninos/wp-content/uploads/2019/06/CabezoteAMBIENTIC.mp4 HTTP/1.1" 206 21677757
181.61.18.236 - - [26/Mar/2022:11:27:15 -0500] "GET /portaldeninos/wp-content/uploads/2022/01/Conoce-lo-que-hace-la-Secretar%C3%ADa-de-Ambiente.mp4 HTTP/1.1" 206 5756422
207.46.13.209 - - [26/Mar/2022:11:27:48 -0500] "GET /bla/resoluciones/resoluciones%202010/4660.pdf HTTP/1.1" 200 485703
207.46.13.179 - - [26/Mar/2022:11:30:01 -0500] "GET /bla/resoluciones/resoluciones%202021/0049.pdf HTTP/1.1" 200 386702
172.22.2.4 - - [26/Mar/2022:11:28:22 -0500] "HEAD /BLA/boletinlegal/ HTTP/1.1" 200 -
172.22.2.4 - - [26/Mar/2022:11:29:13 -0500] "GET /BLA/boletinlegal/ HTTP/1.1" 200 52945
52.39.153.229 - - [26/Mar/2022:11:31:14 -0500] "GET /galeria/mapa/humedal2017.jpg HTTP/1.1" 200 644667
201.245.192.253 - - [26/Mar/2022:11:30:50 -0500] "POST /kwsrmcab/Wsrmcab HTTP/1.1" 200 41659
157.55.39.132 - - [26/Mar/2022:11:31:45 -0500] "-" 408 -
190.69.63.120 - - [26/Mar/2022:11:32:06 -0500] "GET /cerca-de-mil-llantas-fueron-recolectadas-en-usaquen-y-bosa.html?fbclid=IwAR2u6e1nM54UoAljEeca09HjPuAPc37tRA6riwNo8uGmpwHxwx7COIpC1h0 HTTP/1.1" 200 952
216.245.221.92 - - [26/Mar/2022:11:32:23 -0500] "HEAD / HTTP/1.1" 200 -
201.245.192.253 - - [26/Mar/2022:11:31:41 -0500] "POST /kwsrmcab/Wsrmcab HTTP/1.1" 200 45449
201.245.192.253 - - [26/Mar/2022:11:31:46 -0500] "POST /kwsrmcab/Wsrmcab HTTP/1.1" 200 114948
172.22.2.4 - - [26/Mar/2022:11:33:01 -0500] "GET /BLA/boletinlegal/robots.txt HTTP/1.1" 404 1038
172.22.2.4 - - [26/Mar/2022:11:33:03 -0500] "GET /BLA/boletinlegal/consulta_actos.php?tipo=autos&no=6480&usuario=&sector=&fecha=2011&resuelve= HTTP/1.1" 200 626
172.22.2.4 - - [26/Mar/2022:11:33:04 -0500] "GET /BLA/boletinlegal/actos.php HTTP/1.1" 200 9555
172.22.2.4 - - [26/Mar/2022:11:33:20 -0500] "GET /BLA/boletinlegal/consulta_actos.php?tipo=autos&no=6480&usuario=&sector=&fecha=2011&resuelve= HTTP/1.1" 200 626
40.77.167.46 - - [26/Mar/2022:11:33:31 -0500] "GET /bla/resoluciones/resoluciones%202014/1678.pdf HTTP/1.1" 200 570545
207.46.13.43 - - [26/Mar/2022:11:33:31 -0500] "GET /bla/resoluciones/resoluciones%202014/3398.pdf HTTP/1.1" 200 652398
172.22.2.4 - - [26/Mar/2022:11:33:33 -0500] "GET /BLA/boletinlegal/consulta_actos.php?tipo=autos&no=&usuario=&sector=&fecha=2021&resuelve=duque%20 HTTP/1.1" 200 626
172.22.2.4 - - [26/Mar/2022:11:33:44 -0500] "GET /BLA/boletinlegal/consulta_actos.php?tipo=autos&no=&usuario=&sector=&fecha=2021&resuelve=jesus%20antonio%20duque%20 HTTP/1.1" 200 626
172.22.2.4 - - [26/Mar/2022:11:33:46 -0500] "GET /BLA/boletinlegal/consulta_actos.php?tipo=autos&no=&usuario=&sector=&fecha=2021&resuelve=jesus%20antonio%20duque%20 HTTP/1.1" 200 626
157.55.39.177 - - [26/Mar/2022:11:33:57 -0500] "GET /portaldeninos/2021/06/29/jasbleady-castaneda-una-mujer-que-le-pone-el-alma-a-la-proteccion-de-las-tinguas-azules/ HTTP/1.1" 200 100967
172.22.2.4 - - [26/Mar/2022:11:33:02 -0500] "GET /BLA/boletinlegal/index.php HTTP/1.1" 200 62201
186.84.21.173 - - [26/Mar/2022:11:35:30 -0500] "GET /galeria/galeria/jquery.fancybox.css?v=2.1.5 HTTP/1.1" 200 4895
186.84.21.173 - - [26/Mar/2022:11:35:30 -0500] "GET /BLA/boletinlegal/js/jquery.scrollShow.js HTTP/1.1" 200 4586
186.84.21.173 - - [26/Mar/2022:11:35:31 -0500] "GET /galeria/galeria/jquery.fancybox.js?v=2.1.5 HTTP/1.1" 200 48706
172.22.2.4 - - [26/Mar/2022:11:34:12 -0500] "HEAD /BLA/boletinlegal/ HTTP/1.1" 200 -
172.22.2.4 - - [26/Mar/2022:11:35:03 -0500] "GET /BLA/boletinlegal/ HTTP/1.1" 200 60932
216.245.221.92 - - [26/Mar/2022:11:37:23 -0500] "HEAD / HTTP/1.1" 200 -
181.237.42.244 - - [26/Mar/2022:11:37:57 -0500] "GET /documents/10184/2325415/pieza-concurso-buenas-practicas-20-septiembre.jpg HTTP/1.1" 404 1132
186.29.42.18 - - [26/Mar/2022:11:37:57 -0500] "GET /BLA/resoluciones/index.php?dir=AUTOS+2011%2F HTTP/1.1" 200 624030
186.29.42.18 - - [26/Mar/2022:11:38:22 -0500] "GET /BLA/resoluciones/AUTOS%202011/0202.pdf HTTP/1.1" 200 169441
172.22.2.4 - - [26/Mar/2022:11:40:42 -0500] "GET /BLA/boletinlegal/consulta_actos.php?tipo=autos&no=6476&usuario=&sector=&fecha=2011&resuelve= HTTP/1.1" 200 626
172.22.2.4 - - [26/Mar/2022:11:41:09 -0500] "GET /BLA/boletinlegal/consulta_actos.php?tipo=autos&no=0541&usuario=&sector=&fecha=2014&resuelve= HTTP/1.1" 200 1050
172.22.2.4 - - [26/Mar/2022:11:41:12 -0500] "GET /BLA/boletinlegal/actos.php HTTP/1.1" 200 9555
172.22.2.4 - - [26/Mar/2022:11:41:26 -0500] "GET /BLA/boletinlegal/consulta_actos.php?tipo=autos&no=0541&usuario=&sector=&fecha=2014&resuelve= HTTP/1.1" 200 1050
201.245.192.253 - - [26/Mar/2022:11:40:51 -0500] "POST /kwsrmcab/Wsrmcab HTTP/1.1" 200 41659
172.22.2.4 - - [26/Mar/2022:11:40:02 -0500] "HEAD /BLA/boletinlegal/ HTTP/1.1" 200 -
172.22.2.4 - - [26/Mar/2022:11:41:52 -0500] "GET /BLA/boletinlegal/actos.php HTTP/1.1" 200 9555
172.22.2.4 - - [26/Mar/2022:11:42:09 -0500] "GET /BLA/boletinlegal/consulta_actos.php?tipo=autos&no=6476&usuario=&sector=&fecha=2011&resuelve= HTTP/1.1" 200 626
207.46.13.209 - - [26/Mar/2022:11:42:10 -0500] "GET /bla/resoluciones/resoluciones%202012/1855.pdf HTTP/1.1" 200 501102
216.245.221.92 - - [26/Mar/2022:11:42:23 -0500] "HEAD / HTTP/1.1" 200 -
201.245.192.253 - - [26/Mar/2022:11:41:35 -0500] "POST /kwsrmcab/Wsrmcab HTTP/1.1" 200 45449
201.245.192.253 - - [26/Mar/2022:11:41:41 -0500] "POST /kwsrmcab/Wsrmcab HTTP/1.1" 200 114948
172.22.2.4 - - [26/Mar/2022:11:40:53 -0500] "GET /BLA/boletinlegal/ HTTP/1.1" 200 53344
46.101.196.76 - - [26/Mar/2022:11:43:56 -0500] "GET /favicon.ico HTTP/1.1" 200 7782
40.77.167.46 - - [26/Mar/2022:11:44:01 -0500] "GET /bla/resoluciones/resoluciones%202021/4679.pdf HTTP/1.1" 200 356078
192.168.172.17 - - [26/Mar/2022:11:45:29 -0500] "GET / HTTP/1.1" 200 4720
192.168.172.17 - - [26/Mar/2022:11:45:29 -0500] "GET /js/url.js HTTP/1.1" 404 1294
192.168.172.17 - - [26/Mar/2022:11:45:29 -0500] "GET /favicon.ico HTTP/1.1" 404 1294
186.102.29.202 - - [26/Mar/2022:11:45:59 -0500] "GET /kwssiamovil/sm/ldap/au?x=U2FsdGVkX1+QkLSaSFNQBcCNNQg3X1Fj3tudE5nNXi5t/ZF4QQxjUoPAgQ1nJtvl&y=U2FsdGVkX1/ymm6HrYBuQtU8bY0g1sgMHMHUGezT0PZHXw9FcO0Sd0ieZ4I4vsNt HTTP/1.1" 200 30
192.168.172.17 - - [26/Mar/2022:11:46:12 -0500] "POST /procesar.php HTTP/1.1" 200 977
172.22.2.4 - - [26/Mar/2022:11:44:59 -0500] "GET /BLA/boletinlegal/ HTTP/1.1" 200 59170
173.252.95.5 - - [26/Mar/2022:11:46:48 -0500] "GET /interpretes-de-humedales-guias-para-la-educacion-ambiental.html HTTP/1.1" 206 894
173.252.95.15 - - [26/Mar/2022:11:46:48 -0500] "GET /interpretes-de-humedales-guias-para-la-educacion-ambiental.html HTTP/1.1" 206 894
173.252.95.4 - - [26/Mar/2022:11:46:48 -0500] "GET /interpretes-de-humedales-guias-para-la-educacion-ambiental.html HTTP/1.1" 206 894
173.252.95.15 - - [26/Mar/2022:11:46:49 -0500] "GET /images/interpretes-humedales-principal-26-marzo.jpg HTTP/1.1" 200 40211
69.63.184.7 - - [26/Mar/2022:11:47:00 -0500] "GET /images/jornada-llantaton-usaquen-bosa-25-marzo.jpg HTTP/1.1" 200 60391
173.252.95.23 - - [26/Mar/2022:11:47:00 -0500] "GET /cerca-de-mil-llantas-fueron-recolectadas-en-usaquen-y-bosa.html HTTP/1.1" 206 952
186.155.136.191 - - [26/Mar/2022:11:47:01 -0500] "GET /interpretes-de-humedales-guias-para-la-educacion-ambiental.html HTTP/1.1" 200 894
186.155.136.191 - - [26/Mar/2022:11:47:01 -0500] "GET /images/interpretes-humedales-principal-26-marzo.jpg HTTP/1.1" 200 40211
173.252.95.21 - - [26/Mar/2022:11:47:01 -0500] "GET /images/jornada-llantaton-usaquen-bosa-25-marzo.jpg HTTP/1.1" 200 60391
173.252.95.21 - - [26/Mar/2022:11:47:01 -0500] "GET /cerca-de-mil-llantas-fueron-recolectadas-en-usaquen-y-bosa.html HTTP/1.1" 206 952
173.252.95.11 - - [26/Mar/2022:11:47:01 -0500] "GET /cerca-de-mil-llantas-fueron-recolectadas-en-usaquen-y-bosa.html HTTP/1.1" 206 952
192.168.172.17 - - [26/Mar/2022:11:47:05 -0500] "GET /interpretes-de-humedales-guias-para-la-educacion-ambiental.html HTTP/1.1" 200 894
173.252.95.23 - - [26/Mar/2022:11:47:06 -0500] "GET /cerca-de-mil-llantas-fueron-recolectadas-en-usaquen-y-bosa.html HTTP/1.1" 206 952
216.245.221.92 - - [26/Mar/2022:11:47:23 -0500] "HEAD / HTTP/1.1" 200 -
