207.46.13.209 - - [26/Mar/2022:14:43:08 -0500] "GET /bla/resoluciones/resoluciones%202012/1338.pdf HTTP/1.1" 200 1105114
201.245.192.253 - - [26/Mar/2022:14:42:25 -0500] "POST /kwsrmcab/Wsrmcab HTTP/1.1" 200 114556
172.22.2.4 - - [26/Mar/2022:14:41:42 -0500] "GET /BLA/boletinlegal/ HTTP/1.1" 200 59170
200.118.64.109 - - [26/Mar/2022:14:43:32 -0500] "POST /forms/lservlet;jsessionid=ac16012b30d6e9ea866cdcb74172abb1eb8ad4526039.e3iSbxaKaheRe34Sc38RahyRchr0n6jAmljGr5XDqQLvpAe HTTP/1.1" 200 2
172.22.2.4 - - [26/Mar/2022:14:44:09 -0500] "GET /BLA/boletinlegal/actos.php HTTP/1.1" 200 9555
172.22.2.4 - - [26/Mar/2022:14:44:09 -0500] "GET /BLA/boletinlegal/favicon.ico HTTP/1.1" 404 1326
207.46.13.209 - - [26/Mar/2022:14:44:36 -0500] "GET /bla/resoluciones/resoluciones%202021/4498.pdf HTTP/1.1" 200 361882
200.118.64.109 - - [26/Mar/2022:14:45:33 -0500] "POST /forms/lservlet;jsessionid=ac16012b30d6e9ea866cdcb74172abb1eb8ad4526039.e3iSbxaKaheRe34Sc38RahyRchr0n6jAmljGr5XDqQLvpAe HTTP/1.1" 200 2
172.22.2.4 - - [26/Mar/2022:14:44:05 -0500] "GET /BLA/boletinlegal/ HTTP/1.1" 200 63729
216.245.221.92 - - [26/Mar/2022:14:47:23 -0500] "HEAD / HTTP/1.1" 200 -
200.118.64.109 - - [26/Mar/2022:14:47:33 -0500] "POST /forms/lservlet;jsessionid=ac16012b30d6e9ea866cdcb74172abb1eb8ad4526039.e3iSbxaKaheRe34Sc38RahyRchr0n6jAmljGr5XDqQLvpAe HTTP/1.1" 200 2
172.22.2.4 - - [26/Mar/2022:14:46:42 -0500] "HEAD /BLA/boletinlegal/ HTTP/1.1" 200 -
66.249.73.127 - - [26/Mar/2022:14:49:04 -0500] "-" 408 -
172.22.2.4 - - [26/Mar/2022:14:47:32 -0500] "GET /BLA/boletinlegal/ HTTP/1.1" 200 52945
200.118.64.109 - - [26/Mar/2022:14:49:30 -0500] "POST /forms/lservlet;jsessionid=ac16012b30d6e9ea866cdcb74172abb1eb8ad4526039.e3iSbxaKaheRe34Sc38RahyRchr0n6jAmljGr5XDqQLvpAe HTTP/1.1" 200 34715
200.118.64.109 - - [26/Mar/2022:14:49:30 -0500] "GET /imagenes/listval.gif HTTP/1.1" 200 905
200.118.64.109 - - [26/Mar/2022:14:49:30 -0500] "POST /forms/lservlet;jsessionid=ac16012b30d6e9ea866cdcb74172abb1eb8ad4526039.e3iSbxaKaheRe34Sc38RahyRchr0n6jAmljGr5XDqQLvpAe HTTP/1.1" 200 7
200.118.64.109 - - [26/Mar/2022:14:49:31 -0500] "POST /forms/lservlet;jsessionid=ac16012b30d6e9ea866cdcb74172abb1eb8ad4526039.e3iSbxaKaheRe34Sc38RahyRchr0n6jAmljGr5XDqQLvpAe HTTP/1.1" 200 34
200.118.64.109 - - [26/Mar/2022:14:49:31 -0500] "POST /forms/lservlet;jsessionid=ac16012b30d6e9ea866cdcb74172abb1eb8ad4526039.e3iSbxaKaheRe34Sc38RahyRchr0n6jAmljGr5XDqQLvpAe HTTP/1.1" 200 2
200.118.64.109 - - [26/Mar/2022:14:49:32 -0500] "POST /forms/lservlet;jsessionid=ac16012b30d6e9ea866cdcb74172abb1eb8ad4526039.e3iSbxaKaheRe34Sc38RahyRchr0n6jAmljGr5XDqQLvpAe HTTP/1.1" 200 2
200.118.64.109 - - [26/Mar/2022:14:49:32 -0500] "POST /forms/lservlet;jsessionid=ac16012b30d6e9ea866cdcb74172abb1eb8ad4526039.e3iSbxaKaheRe34Sc38RahyRchr0n6jAmljGr5XDqQLvpAe HTTP/1.1" 200 662
200.118.64.109 - - [26/Mar/2022:14:49:32 -0500] "GET /imagenes/Srch_frw.gif HTTP/1.1" 200 925
200.118.64.109 - - [26/Mar/2022:14:49:32 -0500] "POST /forms/lservlet;jsessionid=ac16012b30d6e9ea866cdcb74172abb1eb8ad4526039.e3iSbxaKaheRe34Sc38RahyRchr0n6jAmljGr5XDqQLvpAe HTTP/1.1" 200 10
200.118.64.109 - - [26/Mar/2022:14:49:33 -0500] "POST /forms/lservlet;jsessionid=ac16012b30d6e9ea866cdcb74172abb1eb8ad4526039.e3iSbxaKaheRe34Sc38RahyRchr0n6jAmljGr5XDqQLvpAe HTTP/1.1" 200 2
200.118.64.109 - - [26/Mar/2022:14:49:46 -0500] "POST /forms/lservlet;jsessionid=ac16012b30d6e9ea866cdcb74172abb1eb8ad4526039.e3iSbxaKaheRe34Sc38RahyRchr0n6jAmljGr5XDqQLvpAe HTTP/1.1" 200 26
200.118.64.109 - - [26/Mar/2022:14:49:46 -0500] "POST /forms/lservlet;jsessionid=ac16012b30d6e9ea866cdcb74172abb1eb8ad4526039.e3iSbxaKaheRe34Sc38RahyRchr0n6jAmljGr5XDqQLvpAe HTTP/1.1" 200 14
200.118.64.109 - - [26/Mar/2022:14:49:47 -0500] "POST /forms/lservlet;jsessionid=ac16012b30d6e9ea866cdcb74172abb1eb8ad4526039.e3iSbxaKaheRe34Sc38RahyRchr0n6jAmljGr5XDqQLvpAe HTTP/1.1" 200 14
200.118.64.109 - - [26/Mar/2022:14:49:49 -0500] "POST /forms/lservlet;jsessionid=ac16012b30d6e9ea866cdcb74172abb1eb8ad4526039.e3iSbxaKaheRe34Sc38RahyRchr0n6jAmljGr5XDqQLvpAe HTTP/1.1" 200 4053
200.118.64.109 - - [26/Mar/2022:14:49:49 -0500] "POST /forms/lservlet;jsessionid=ac16012b30d6e9ea866cdcb74172abb1eb8ad4526039.e3iSbxaKaheRe34Sc38RahyRchr0n6jAmljGr5XDqQLvpAe HTTP/1.1" 200 2
200.118.64.109 - - [26/Mar/2022:14:49:53 -0500] "POST /forms/lservlet;jsessionid=ac16012b30d6e9ea866cdcb74172abb1eb8ad4526039.e3iSbxaKaheRe34Sc38RahyRchr0n6jAmljGr5XDqQLvpAe HTTP/1.1" 200 2
200.118.64.109 - - [26/Mar/2022:14:49:53 -0500] "POST /forms/lservlet;jsessionid=ac16012b30d6e9ea866cdcb74172abb1eb8ad4526039.e3iSbxaKaheRe34Sc38RahyRchr0n6jAmljGr5XDqQLvpAe HTTP/1.1" 200 14
200.118.64.109 - - [26/Mar/2022:14:49:55 -0500] "POST /forms/lservlet;jsessionid=ac16012b30d6e9ea866cdcb74172abb1eb8ad4526039.e3iSbxaKaheRe34Sc38RahyRchr0n6jAmljGr5XDqQLvpAe HTTP/1.1" 200 14
200.118.64.109 - - [26/Mar/2022:14:49:56 -0500] "POST /forms/lservlet;jsessionid=ac16012b30d6e9ea866cdcb74172abb1eb8ad4526039.e3iSbxaKaheRe34Sc38RahyRchr0n6jAmljGr5XDqQLvpAe HTTP/1.1" 200 14
200.118.64.109 - - [26/Mar/2022:14:49:57 -0500] "POST /forms/lservlet;jsessionid=ac16012b30d6e9ea866cdcb74172abb1eb8ad4526039.e3iSbxaKaheRe34Sc38RahyRchr0n6jAmljGr5XDqQLvpAe HTTP/1.1" 200 14
200.118.64.109 - - [26/Mar/2022:14:49:59 -0500] "POST /forms/lservlet;jsessionid=ac16012b30d6e9ea866cdcb74172abb1eb8ad4526039.e3iSbxaKaheRe34Sc38RahyRchr0n6jAmljGr5XDqQLvpAe HTTP/1.1" 200 15
200.118.64.109 - - [26/Mar/2022:14:50:02 -0500] "POST /forms/lservlet;jsessionid=ac16012b30d6e9ea866cdcb74172abb1eb8ad4526039.e3iSbxaKaheRe34Sc38RahyRchr0n6jAmljGr5XDqQLvpAe HTTP/1.1" 200 15
200.118.64.109 - - [26/Mar/2022:14:50:06 -0500] "POST /forms/lservlet;jsessionid=ac16012b30d6e9ea866cdcb74172abb1eb8ad4526039.e3iSbxaKaheRe34Sc38RahyRchr0n6jAmljGr5XDqQLvpAe HTTP/1.1" 200 127
200.118.64.109 - - [26/Mar/2022:14:50:06 -0500] "POST /forms/lservlet;jsessionid=ac16012b30d6e9ea866cdcb74172abb1eb8ad4526039.e3iSbxaKaheRe34Sc38RahyRchr0n6jAmljGr5XDqQLvpAe HTTP/1.1" 200 2
200.118.64.109 - - [26/Mar/2022:14:50:06 -0500] "GET /reports/rwservlet/getjobid73560?server=repnomi HTTP/1.1" 200 47686
200.118.64.109 - - [26/Mar/2022:14:51:22 -0500] "POST /forms/lservlet;jsessionid=ac16012b30d6e9ea866cdcb74172abb1eb8ad4526039.e3iSbxaKaheRe34Sc38RahyRchr0n6jAmljGr5XDqQLvpAe HTTP/1.1" 200 2
200.118.64.109 - - [26/Mar/2022:14:51:22 -0500] "POST /forms/lservlet;jsessionid=ac16012b30d6e9ea866cdcb74172abb1eb8ad4526039.e3iSbxaKaheRe34Sc38RahyRchr0n6jAmljGr5XDqQLvpAe HTTP/1.1" 200 14
200.118.64.109 - - [26/Mar/2022:14:51:23 -0500] "POST /forms/lservlet;jsessionid=ac16012b30d6e9ea866cdcb74172abb1eb8ad4526039.e3iSbxaKaheRe34Sc38RahyRchr0n6jAmljGr5XDqQLvpAe HTTP/1.1" 200 14
200.118.64.109 - - [26/Mar/2022:14:51:25 -0500] "POST /forms/lservlet;jsessionid=ac16012b30d6e9ea866cdcb74172abb1eb8ad4526039.e3iSbxaKaheRe34Sc38RahyRchr0n6jAmljGr5XDqQLvpAe HTTP/1.1" 200 14
200.118.64.109 - - [26/Mar/2022:14:51:26 -0500] "POST /forms/lservlet;jsessionid=ac16012b30d6e9ea866cdcb74172abb1eb8ad4526039.e3iSbxaKaheRe34Sc38RahyRchr0n6jAmljGr5XDqQLvpAe HTTP/1.1" 200 112
200.118.64.109 - - [26/Mar/2022:14:51:26 -0500] "POST /forms/lservlet;jsessionid=ac16012b30d6e9ea866cdcb74172abb1eb8ad4526039.e3iSbxaKaheRe34Sc38RahyRchr0n6jAmljGr5XDqQLvpAe HTTP/1.1" 200 2
200.118.64.109 - - [26/Mar/2022:14:51:26 -0500] "GET /reports/rwservlet/getjobid73561?server=repnomi HTTP/1.1" 200 47726
200.118.64.109 - - [26/Mar/2022:14:51:33 -0500] "POST /forms/lservlet;jsessionid=ac16012b30d6e9ea866cdcb74172abb1eb8ad4526039.e3iSbxaKaheRe34Sc38RahyRchr0n6jAmljGr5XDqQLvpAe HTTP/1.1" 200 2
172.22.2.4 - - [26/Mar/2022:14:52:01 -0500] "GET /BLA/boletinlegal/style.css HTTP/1.1" 200 9406
172.22.2.4 - - [26/Mar/2022:14:52:01 -0500] "GET /BLA/boletinlegal/styles2.css HTTP/1.1" 200 1838
172.22.2.4 - - [26/Mar/2022:14:52:01 -0500] "GET /BLA/boletinlegal/js/jquery.js HTTP/1.1" 200 57254
172.22.2.4 - - [26/Mar/2022:14:52:01 -0500] "GET /BLA/boletinlegal/js/jquery.scrollTo-min.js HTTP/1.1" 200 1150
172.22.2.4 - - [26/Mar/2022:14:52:01 -0500] "GET /BLA/boletinlegal/js/jquery.scrollShow.js HTTP/1.1" 200 4586
172.22.2.4 - - [26/Mar/2022:14:52:01 -0500] "GET /BLA/boletinlegal/images/cabezote%20BLEGAL.jpg HTTP/1.1" 200 118164
172.22.2.4 - - [26/Mar/2022:14:52:01 -0500] "GET /BLA/boletinlegal/images/subscribe-icon-big.png HTTP/1.1" 200 47702
172.22.2.4 - - [26/Mar/2022:14:52:01 -0500] "GET /BLA/boletinlegal/images/historia.png HTTP/1.1" 200 52775
172.22.2.4 - - [26/Mar/2022:14:52:01 -0500] "GET /BLA/boletinlegal/images/registro-usuarios.png HTTP/1.1" 200 8106
172.22.2.4 - - [26/Mar/2022:14:52:01 -0500] "GET /BLA/boletinlegal/images/arr_l.jpg HTTP/1.1" 200 1979
172.22.2.4 - - [26/Mar/2022:14:52:01 -0500] "GET /BLA/boletinlegal/images/screen_1.png HTTP/1.1" 200 202547
172.22.2.4 - - [26/Mar/2022:14:52:01 -0500] "GET /BLA/boletinlegal/images/launch.jpg HTTP/1.1" 200 14577
172.22.2.4 - - [26/Mar/2022:14:52:02 -0500] "GET /BLA/boletinlegal/images/body_bg.jpg HTTP/1.1" 200 1601
172.22.2.4 - - [26/Mar/2022:14:52:02 -0500] "GET /BLA/boletinlegal/images/menu_lft.gif HTTP/1.1" 200 1713
172.22.2.4 - - [26/Mar/2022:14:52:02 -0500] "GET /BLA/boletinlegal/images/menu_rght.gif HTTP/1.1" 200 1627
172.22.2.4 - - [26/Mar/2022:14:52:02 -0500] "GET /BLA/boletinlegal/images/bg_top.jpg HTTP/1.1" 200 522
172.22.2.4 - - [26/Mar/2022:14:52:02 -0500] "GET /BLA/boletinlegal/images/menu_bg.jpg HTTP/1.1" 200 620
172.22.2.4 - - [26/Mar/2022:14:52:02 -0500] "GET /BLA/boletinlegal/images/hover.jpg HTTP/1.1" 200 640
172.22.2.4 - - [26/Mar/2022:14:52:02 -0500] "GET /BLA/boletinlegal/images/text.jpg HTTP/1.1" 200 568
172.22.2.4 - - [26/Mar/2022:14:52:04 -0500] "GET /BLA/boletinlegal/favicon.ico HTTP/1.1" 404 1308
172.22.2.4 - - [26/Mar/2022:14:52:08 -0500] "GET /BLA/boletinlegal/images/screen_2.png HTTP/1.1" 200 362502
172.22.2.4 - - [26/Mar/2022:14:52:08 -0500] "GET /BLA/boletinlegal/images/screen_3.png HTTP/1.1" 200 210620
172.22.2.4 - - [26/Mar/2022:14:52:08 -0500] "GET /BLA/boletinlegal/images/screen_5.png HTTP/1.1" 200 368876
172.22.2.4 - - [26/Mar/2022:14:52:08 -0500] "GET /BLA/boletinlegal/images/arr_r.jpg HTTP/1.1" 200 1998
172.22.2.4 - - [26/Mar/2022:14:52:08 -0500] "GET /BLA/boletinlegal/images/footer_bg.jpg HTTP/1.1" 200 586
172.22.2.4 - - [26/Mar/2022:14:52:09 -0500] "GET /BLA/boletinlegal/actos.php HTTP/1.1" 200 9555
172.22.2.4 - - [26/Mar/2022:14:52:10 -0500] "GET /BLA/boletinlegal/js/ajax_actos.js HTTP/1.1" 200 1322
172.22.2.4 - - [26/Mar/2022:14:52:10 -0500] "GET /BLA/boletinlegal/niceforms.js HTTP/1.1" 200 22876
172.22.2.4 - - [26/Mar/2022:14:52:10 -0500] "GET /BLA/boletinlegal/niceforms-default.css HTTP/1.1" 200 6694
172.22.2.4 - - [26/Mar/2022:14:52:10 -0500] "GET /BLA/boletinlegal/js/lib.js HTTP/1.1" 200 6474
172.22.2.4 - - [26/Mar/2022:14:52:10 -0500] "GET /BLA/boletinlegal/js/popup.js HTTP/1.1" 200 1270
172.22.2.4 - - [26/Mar/2022:14:52:10 -0500] "GET /BLA/boletinlegal/js/jquery1.js HTTP/1.1" 200 29846
172.22.2.4 - - [26/Mar/2022:14:52:10 -0500] "GET /BLA/boletinlegal/images/abajo.png HTTP/1.1" 200 96676
172.22.2.4 - - [26/Mar/2022:14:52:10 -0500] "GET /BLA/boletinlegal/images/green-yellow-blue-pink-th.png HTTP/1.1" 200 7394
172.22.2.4 - - [26/Mar/2022:14:52:10 -0500] "GET /BLA/boletinlegal/images/icono-email.png HTTP/1.1" 200 5544
172.22.2.4 - - [26/Mar/2022:14:52:10 -0500] "GET /BLA/boletinlegal/images/tel.png HTTP/1.1" 200 14477
172.22.2.4 - - [26/Mar/2022:14:52:10 -0500] "GET /BLA/boletinlegal/images/footer_bg_l.jpg HTTP/1.1" 200 776
172.22.2.4 - - [26/Mar/2022:14:52:11 -0500] "GET /BLA/boletinlegal/img/0.png HTTP/1.1" 200 110
172.22.2.4 - - [26/Mar/2022:14:52:11 -0500] "GET /BLA/boletinlegal/img/button.png HTTP/1.1" 200 43241
172.22.2.4 - - [26/Mar/2022:14:52:11 -0500] "GET /BLA/boletinlegal/img/select-left.png HTTP/1.1" 200 263
172.22.2.4 - - [26/Mar/2022:14:52:11 -0500] "GET /BLA/boletinlegal/img/select-right.png HTTP/1.1" 200 44019
172.22.2.4 - - [26/Mar/2022:14:52:11 -0500] "GET /BLA/boletinlegal/img/button-left.png HTTP/1.1" 200 57071
172.22.2.4 - - [26/Mar/2022:14:52:11 -0500] "GET /BLA/boletinlegal/img/button-right.png HTTP/1.1" 200 57878
172.22.2.4 - - [26/Mar/2022:14:52:14 -0500] "GET /BLA/boletinlegal/actos.php HTTP/1.1" 200 9555
216.245.221.92 - - [26/Mar/2022:14:52:23 -0500] "HEAD / HTTP/1.1" 200 -
201.245.192.253 - - [26/Mar/2022:14:51:54 -0500] "POST /kwsrmcab/Wsrmcab HTTP/1.1" 200 114556
172.22.2.4 - - [26/Mar/2022:14:52:01 -0500] "GET /BLA/boletinlegal/ HTTP/1.1" 200 32715
172.22.2.4 - - [26/Mar/2022:14:53:15 -0500] "GET /BLA/boletinlegal/actos.php HTTP/1.1" 200 9555
172.22.2.4 - - [26/Mar/2022:14:53:17 -0500] "GET /BLA/boletinlegal/favicon.ico HTTP/1.1" 404 1326
200.118.64.109 - - [26/Mar/2022:14:53:33 -0500] "POST /forms/lservlet;jsessionid=ac16012b30d6e9ea866cdcb74172abb1eb8ad4526039.e3iSbxaKaheRe34Sc38RahyRchr0n6jAmljGr5XDqQLvpAe HTTP/1.1" 200 2
172.22.2.4 - - [26/Mar/2022:14:52:11 -0500] "GET /BLA/boletinlegal/ HTTP/1.1" 200 46066
179.19.7.180 - - [26/Mar/2022:14:53:58 -0500] "GET /las-mujeres-que-reverdecen-plantaron-arboles-nativos-en-san-cristobal.html HTTP/1.1" 304 -
172.22.2.4 - - [26/Mar/2022:14:53:11 -0500] "GET /BLA/boletinlegal/ HTTP/1.1" 200 24523
172.22.2.4 - - [26/Mar/2022:14:52:32 -0500] "HEAD /BLA/boletinlegal/ HTTP/1.1" 200 -
172.22.2.4 - - [26/Mar/2022:14:54:52 -0500] "GET /BLA/boletinlegal/robots.txt HTTP/1.1" 404 1038
172.22.2.4 - - [26/Mar/2022:14:53:22 -0500] "GET /BLA/boletinlegal/ HTTP/1.1" 200 53739
200.118.64.109 - - [26/Mar/2022:14:55:33 -0500] "POST /forms/lservlet;jsessionid=ac16012b30d6e9ea866cdcb74172abb1eb8ad4526039.e3iSbxaKaheRe34Sc38RahyRchr0n6jAmljGr5XDqQLvpAe HTTP/1.1" 200 2
207.46.13.209 - - [26/Mar/2022:14:56:08 -0500] "GET /BLA/resoluciones/RESOLUCIONES%202006/2642.tif HTTP/1.1" 200 262698
207.46.13.43 - - [26/Mar/2022:14:56:09 -0500] "GET /BLA/resoluciones/1415.tif HTTP/1.1" 404 1018
172.22.2.4 - - [26/Mar/2022:14:54:53 -0500] "GET /BLA/boletinlegal/index.php HTTP/1.1" 200 63342
207.46.13.179 - - [26/Mar/2022:14:56:51 -0500] "GET /bla/resoluciones/notificaciones/autos%202018/3138.pdf HTTP/1.1" 200 300573
66.249.74.25 - - [26/Mar/2022:14:57:20 -0500] "-" 408 -
216.245.221.92 - - [26/Mar/2022:14:57:23 -0500] "HEAD / HTTP/1.1" 200 -
200.118.64.109 - - [26/Mar/2022:14:57:33 -0500] "POST /forms/lservlet;jsessionid=ac16012b30d6e9ea866cdcb74172abb1eb8ad4526039.e3iSbxaKaheRe34Sc38RahyRchr0n6jAmljGr5XDqQLvpAe HTTP/1.1" 200 2
66.249.73.127 - - [26/Mar/2022:14:58:10 -0500] "-" 408 -
200.118.64.109 - - [26/Mar/2022:14:59:33 -0500] "POST /forms/lservlet;jsessionid=ac16012b30d6e9ea866cdcb74172abb1eb8ad4526039.e3iSbxaKaheRe34Sc38RahyRchr0n6jAmljGr5XDqQLvpAe HTTP/1.1" 200 2
172.22.2.4 - - [26/Mar/2022:14:58:22 -0500] "HEAD /BLA/boletinlegal/ HTTP/1.1" 200 -
172.22.2.4 - - [26/Mar/2022:14:59:12 -0500] "GET /BLA/boletinlegal/ HTTP/1.1" 200 54090
200.118.64.109 - - [26/Mar/2022:15:01:33 -0500] "POST /forms/lservlet;jsessionid=ac16012b30d6e9ea866cdcb74172abb1eb8ad4526039.e3iSbxaKaheRe34Sc38RahyRchr0n6jAmljGr5XDqQLvpAe HTTP/1.1" 200 2
207.46.13.157 - - [26/Mar/2022:15:01:36 -0500] "GET /bla/resoluciones/resoluciones%202014/3739.pdf HTTP/1.1" 200 797045
179.51.120.37 - - [26/Mar/2022:15:01:58 -0500] "GET /appsia/controlador HTTP/1.1" 200 4799
179.51.120.37 - - [26/Mar/2022:15:02:01 -0500] "GET /appsia/scripts/validarIngreso.js HTTP/1.1" 304 -
179.51.120.37 - - [26/Mar/2022:15:02:01 -0500] "GET /appsia/css/estilos.css HTTP/1.1" 304 -
179.51.120.37 - - [26/Mar/2022:15:02:04 -0500] "GET /appsia/images/cabezoteHojaVida.png HTTP/1.1" 304 -
179.51.120.37 - - [26/Mar/2022:15:02:04 -0500] "GET /appsia/images/logo_bogota_p.png HTTP/1.1" 304 -
179.51.120.37 - - [26/Mar/2022:15:02:10 -0500] "GET /favicon.ico HTTP/1.1" 200 7782
216.245.221.92 - - [26/Mar/2022:15:02:23 -0500] "HEAD / HTTP/1.1" 200 -
201.245.192.253 - - [26/Mar/2022:15:01:45 -0500] "POST /kwsrmcab/Wsrmcab HTTP/1.1" 200 114556
179.51.120.37 - - [26/Mar/2022:15:02:40 -0500] "POST /appsia/controlador HTTP/1.1" 200 4621
200.118.64.109 - - [26/Mar/2022:15:03:33 -0500] "POST /forms/lservlet;jsessionid=ac16012b30d6e9ea866cdcb74172abb1eb8ad4526039.e3iSbxaKaheRe34Sc38RahyRchr0n6jAmljGr5XDqQLvpAe HTTP/1.1" 200 2
179.51.120.37 - - [26/Mar/2022:15:03:52 -0500] "POST /appsia/controlador HTTP/1.1" 200 8515
179.51.120.37 - - [26/Mar/2022:15:03:52 -0500] "GET /appsia/images/logo_escudo.png HTTP/1.1" 200 36965
200.118.64.109 - - [26/Mar/2022:15:05:33 -0500] "POST /forms/lservlet;jsessionid=ac16012b30d6e9ea866cdcb74172abb1eb8ad4526039.e3iSbxaKaheRe34Sc38RahyRchr0n6jAmljGr5XDqQLvpAe HTTP/1.1" 200 2
172.22.2.4 - - [26/Mar/2022:15:04:12 -0500] "HEAD /BLA/boletinlegal/ HTTP/1.1" 200 -
207.46.13.179 - - [26/Mar/2022:15:06:32 -0500] "GET /bla/resoluciones/resoluciones%202014/2788.pdf HTTP/1.1" 200 618561
172.22.2.4 - - [26/Mar/2022:15:05:02 -0500] "GET /BLA/boletinlegal/ HTTP/1.1" 200 61416
66.249.73.127 - - [26/Mar/2022:15:07:15 -0500] "-" 408 -
216.245.221.92 - - [26/Mar/2022:15:07:23 -0500] "HEAD / HTTP/1.1" 200 -
200.118.64.109 - - [26/Mar/2022:15:07:34 -0500] "POST /forms/lservlet;jsessionid=ac16012b30d6e9ea866cdcb74172abb1eb8ad4526039.e3iSbxaKaheRe34Sc38RahyRchr0n6jAmljGr5XDqQLvpAe HTTP/1.1" 200 2
172.22.2.4 - - [26/Mar/2022:15:07:52 -0500] "GET /BLA/boletinlegal/ HTTP/1.1" 200 36811
200.118.64.109 - - [26/Mar/2022:15:09:34 -0500] "POST /forms/lservlet;jsessionid=ac16012b30d6e9ea866cdcb74172abb1eb8ad4526039.e3iSbxaKaheRe34Sc38RahyRchr0n6jAmljGr5XDqQLvpAe HTTP/1.1" 200 2
200.118.64.109 - - [26/Mar/2022:15:11:34 -0500] "POST /forms/lservlet;jsessionid=ac16012b30d6e9ea866cdcb74172abb1eb8ad4526039.e3iSbxaKaheRe34Sc38RahyRchr0n6jAmljGr5XDqQLvpAe HTTP/1.1" 200 2
172.22.2.4 - - [26/Mar/2022:15:10:02 -0500] "HEAD /BLA/boletinlegal/ HTTP/1.1" 200 -
216.245.221.92 - - [26/Mar/2022:15:12:23 -0500] "HEAD / HTTP/1.1" 200 -
201.245.192.253 - - [26/Mar/2022:15:11:37 -0500] "POST /kwsrmcab/Wsrmcab HTTP/1.1" 200 114953
172.22.2.4 - - [26/Mar/2022:15:12:29 -0500] "GET /BLA/boletinlegal/js/jquery.scrollTo-min.js HTTP/1.1" 200 1150
172.22.2.4 - - [26/Mar/2022:15:12:29 -0500] "GET /BLA/boletinlegal/styles2.css HTTP/1.1" 200 1838
172.22.2.4 - - [26/Mar/2022:15:12:29 -0500] "GET /BLA/boletinlegal/images/cabezote%20BLEGAL.jpg HTTP/1.1" 200 118164
172.22.2.4 - - [26/Mar/2022:15:12:29 -0500] "GET /BLA/boletinlegal/images/subscribe-icon-big.png HTTP/1.1" 200 47702
172.22.2.4 - - [26/Mar/2022:15:12:29 -0500] "GET /BLA/boletinlegal/images/historia.png HTTP/1.1" 200 52775
172.22.2.4 - - [26/Mar/2022:15:12:29 -0500] "GET /BLA/boletinlegal/images/registro-usuarios.png HTTP/1.1" 200 8106
172.22.2.4 - - [26/Mar/2022:15:12:29 -0500] "GET /BLA/boletinlegal/images/arr_l.jpg HTTP/1.1" 200 1979
172.22.2.4 - - [26/Mar/2022:15:12:29 -0500] "GET /BLA/boletinlegal/images/screen_1.png HTTP/1.1" 200 202547
172.22.2.4 - - [26/Mar/2022:15:12:29 -0500] "GET /BLA/boletinlegal/images/launch.jpg HTTP/1.1" 200 14577
172.22.2.4 - - [26/Mar/2022:15:12:29 -0500] "GET /BLA/boletinlegal/js/jquery.scrollShow.js HTTP/1.1" 200 4586
172.22.2.4 - - [26/Mar/2022:15:12:29 -0500] "GET /BLA/boletinlegal/js/jquery.js HTTP/1.1" 200 57254
172.22.2.4 - - [26/Mar/2022:15:12:29 -0500] "GET /BLA/boletinlegal/style.css HTTP/1.1" 200 9406
172.22.2.4 - - [26/Mar/2022:15:12:30 -0500] "GET /BLA/boletinlegal/images/body_bg.jpg HTTP/1.1" 200 1601
172.22.2.4 - - [26/Mar/2022:15:12:30 -0500] "GET /BLA/boletinlegal/images/menu_rght.gif HTTP/1.1" 200 1627
172.22.2.4 - - [26/Mar/2022:15:12:30 -0500] "GET /BLA/boletinlegal/images/menu_bg.jpg HTTP/1.1" 200 620
172.22.2.4 - - [26/Mar/2022:15:12:30 -0500] "GET /BLA/boletinlegal/images/bg_top.jpg HTTP/1.1" 200 522
172.22.2.4 - - [26/Mar/2022:15:12:30 -0500] "GET /BLA/boletinlegal/images/menu_lft.gif HTTP/1.1" 200 1713
172.22.2.4 - - [26/Mar/2022:15:12:30 -0500] "GET /BLA/boletinlegal/images/hover.jpg HTTP/1.1" 200 640
172.22.2.4 - - [26/Mar/2022:15:12:30 -0500] "GET /BLA/boletinlegal/images/text.jpg HTTP/1.1" 200 568
172.22.2.4 - - [26/Mar/2022:15:10:52 -0500] "GET /BLA/boletinlegal/ HTTP/1.1" 200 60486
172.22.2.4 - - [26/Mar/2022:15:12:37 -0500] "GET /BLA/boletinlegal/images/screen_3.png HTTP/1.1" 200 210620
172.22.2.4 - - [26/Mar/2022:15:12:37 -0500] "GET /BLA/boletinlegal/images/screen_5.png HTTP/1.1" 200 368876
172.22.2.4 - - [26/Mar/2022:15:12:37 -0500] "GET /BLA/boletinlegal/images/screen_2.png HTTP/1.1" 200 362502
172.22.2.4 - - [26/Mar/2022:15:12:37 -0500] "GET /BLA/boletinlegal/images/arr_r.jpg HTTP/1.1" 200 1998
172.22.2.4 - - [26/Mar/2022:15:12:37 -0500] "GET /BLA/boletinlegal/images/footer_bg.jpg HTTP/1.1" 200 586
207.46.13.209 - - [26/Mar/2022:15:12:40 -0500] "GET /bla/resoluciones/resoluciones%202014/0405.pdf HTTP/1.1" 200 509729
172.22.2.4 - - [26/Mar/2022:15:12:45 -0500] "GET /BLA/boletinlegal/images/pdf.gif HTTP/1.1" 200 567
179.51.120.37 - - [26/Mar/2022:15:13:13 -0500] "POST /appsia/controlador HTTP/1.1" 200 4621
207.46.13.209 - - [26/Mar/2022:15:13:19 -0500] "GET /bla/resoluciones/resoluciones%202014/1998.pdf HTTP/1.1" 200 461088
207.46.13.43 - - [26/Mar/2022:15:13:32 -0500] "GET /bla/resoluciones/autos%202018/6379.pdf HTTP/1.1" 200 253914
200.118.64.109 - - [26/Mar/2022:15:13:34 -0500] "POST /forms/lservlet;jsessionid=ac16012b30d6e9ea866cdcb74172abb1eb8ad4526039.e3iSbxaKaheRe34Sc38RahyRchr0n6jAmljGr5XDqQLvpAe HTTP/1.1" 200 2
66.249.73.127 - - [26/Mar/2022:15:13:55 -0500] "-" 408 -
172.22.2.4 - - [26/Mar/2022:15:12:29 -0500] "GET /BLA/boletinlegal/ HTTP/1.1" 200 57291
207.46.13.178 - - [26/Mar/2022:15:14:54 -0500] "GET /portaldeninos/wp-content/uploads/2021/11/Tingua-azul-fauna-junio-11-1200x480.jpg HTTP/1.1" 200 74805
40.77.167.46 - - [26/Mar/2022:15:15:02 -0500] "GET /bla/resoluciones/resoluciones%202012/1274.pdf HTTP/1.1" 200 903899
200.118.64.109 - - [26/Mar/2022:15:15:34 -0500] "POST /forms/lservlet;jsessionid=ac16012b30d6e9ea866cdcb74172abb1eb8ad4526039.e3iSbxaKaheRe34Sc38RahyRchr0n6jAmljGr5XDqQLvpAe HTTP/1.1" 200 2
207.46.13.43 - - [26/Mar/2022:15:16:11 -0500] "GET /BLA/ HTTP/1.1" 200 538
216.245.221.92 - - [26/Mar/2022:15:17:23 -0500] "HEAD / HTTP/1.1" 200 -
172.22.2.4 - - [26/Mar/2022:15:15:52 -0500] "HEAD /BLA/boletinlegal/ HTTP/1.1" 200 -
200.118.64.109 - - [26/Mar/2022:15:17:34 -0500] "POST /forms/lservlet;jsessionid=ac16012b30d6e9ea866cdcb74172abb1eb8ad4526039.e3iSbxaKaheRe34Sc38RahyRchr0n6jAmljGr5XDqQLvpAe HTTP/1.1" 200 2
172.22.2.4 - - [26/Mar/2022:15:16:42 -0500] "GET /BLA/boletinlegal/ HTTP/1.1" 200 53344
200.118.64.109 - - [26/Mar/2022:15:19:34 -0500] "POST /forms/lservlet;jsessionid=ac16012b30d6e9ea866cdcb74172abb1eb8ad4526039.e3iSbxaKaheRe34Sc38RahyRchr0n6jAmljGr5XDqQLvpAe HTTP/1.1" 200 2
200.118.64.109 - - [26/Mar/2022:15:21:34 -0500] "POST /forms/lservlet;jsessionid=ac16012b30d6e9ea866cdcb74172abb1eb8ad4526039.e3iSbxaKaheRe34Sc38RahyRchr0n6jAmljGr5XDqQLvpAe HTTP/1.1" 200 2
66.249.73.127 - - [26/Mar/2022:15:21:36 -0500] "-" 408 -
201.245.192.253 - - [26/Mar/2022:15:20:50 -0500] "POST /kwsrmcab/Wsrmcab HTTP/1.1" 200 45798
216.245.221.92 - - [26/Mar/2022:15:22:23 -0500] "HEAD / HTTP/1.1" 200 -
201.245.192.253 - - [26/Mar/2022:15:21:39 -0500] "POST /kwsrmcab/Wsrmcab HTTP/1.1" 200 45454
201.245.192.253 - - [26/Mar/2022:15:21:51 -0500] "POST /kwsrmcab/Wsrmcab HTTP/1.1" 200 114953
207.46.13.43 - - [26/Mar/2022:15:22:42 -0500] "GET /bla/resoluciones/resoluciones%202014/1230.pdf HTTP/1.1" 200 568815
172.22.2.4 - - [26/Mar/2022:15:21:42 -0500] "HEAD /BLA/boletinlegal/ HTTP/1.1" 200 -
200.118.64.109 - - [26/Mar/2022:15:23:34 -0500] "POST /forms/lservlet;jsessionid=ac16012b30d6e9ea866cdcb74172abb1eb8ad4526039.e3iSbxaKaheRe34Sc38RahyRchr0n6jAmljGr5XDqQLvpAe HTTP/1.1" 200 2
172.22.2.4 - - [26/Mar/2022:15:22:32 -0500] "GET /BLA/boletinlegal/ HTTP/1.1" 200 58588
200.118.64.109 - - [26/Mar/2022:15:25:34 -0500] "POST /forms/lservlet;jsessionid=ac16012b30d6e9ea866cdcb74172abb1eb8ad4526039.e3iSbxaKaheRe34Sc38RahyRchr0n6jAmljGr5XDqQLvpAe HTTP/1.1" 200 2
207.46.13.157 - - [26/Mar/2022:15:27:07 -0500] "GET /BLA/resoluciones/AUTOS%202021/4847.pdf HTTP/1.1" 200 376154
172.22.2.4 - - [26/Mar/2022:15:26:51 -0500] "GET /BLA/boletinlegal/ HTTP/1.1" 200 20427
216.245.221.92 - - [26/Mar/2022:15:27:23 -0500] "HEAD / HTTP/1.1" 200 -
200.118.64.109 - - [26/Mar/2022:15:27:35 -0500] "POST /forms/lservlet;jsessionid=ac16012b30d6e9ea866cdcb74172abb1eb8ad4526039.e3iSbxaKaheRe34Sc38RahyRchr0n6jAmljGr5XDqQLvpAe HTTP/1.1" 200 2
66.249.73.127 - - [26/Mar/2022:15:28:49 -0500] "-" 408 -
172.22.2.4 - - [26/Mar/2022:15:27:32 -0500] "HEAD /BLA/boletinlegal/ HTTP/1.1" 200 -
200.118.64.109 - - [26/Mar/2022:15:29:35 -0500] "POST /forms/lservlet;jsessionid=ac16012b30d6e9ea866cdcb74172abb1eb8ad4526039.e3iSbxaKaheRe34Sc38RahyRchr0n6jAmljGr5XDqQLvpAe HTTP/1.1" 200 2
172.22.2.4 - - [26/Mar/2022:15:28:22 -0500] "GET /BLA/boletinlegal/ HTTP/1.1" 200 58588
200.118.64.109 - - [26/Mar/2022:15:31:35 -0500] "POST /forms/lservlet;jsessionid=ac16012b30d6e9ea866cdcb74172abb1eb8ad4526039.e3iSbxaKaheRe34Sc38RahyRchr0n6jAmljGr5XDqQLvpAe HTTP/1.1" 200 2
201.245.192.253 - - [26/Mar/2022:15:30:50 -0500] "POST /kwsrmcab/Wsrmcab HTTP/1.1" 200 45798
27.115.124.38 - - [26/Mar/2022:15:32:21 -0500] "GET / HTTP/1.1" 200 319
216.245.221.92 - - [26/Mar/2022:15:32:23 -0500] "HEAD / HTTP/1.1" 200 -
201.245.192.253 - - [26/Mar/2022:15:31:41 -0500] "POST /kwsrmcab/Wsrmcab HTTP/1.1" 200 45454
201.245.192.253 - - [26/Mar/2022:15:32:06 -0500] "POST /kwsrmcab/Wsrmcab HTTP/1.1" 200 114953
172.22.2.4 - - [26/Mar/2022:15:33:15 -0500] "GET /BLA/boletinlegal/style.css HTTP/1.1" 200 9406
172.22.2.4 - - [26/Mar/2022:15:33:16 -0500] "GET /BLA/boletinlegal/styles2.css HTTP/1.1" 200 1838
172.22.2.4 - - [26/Mar/2022:15:33:16 -0500] "GET /BLA/boletinlegal/images/cabezote%20BLEGAL.jpg HTTP/1.1" 200 118164
172.22.2.4 - - [26/Mar/2022:15:33:16 -0500] "GET /BLA/boletinlegal/js/jquery.scrollTo-min.js HTTP/1.1" 200 1150
172.22.2.4 - - [26/Mar/2022:15:33:16 -0500] "GET /BLA/boletinlegal/js/jquery.js HTTP/1.1" 200 57254
172.22.2.4 - - [26/Mar/2022:15:33:16 -0500] "GET /BLA/boletinlegal/js/jquery.scrollShow.js HTTP/1.1" 200 4586
172.22.2.4 - - [26/Mar/2022:15:33:19 -0500] "GET /BLA/boletinlegal/images/subscribe-icon-big.png HTTP/1.1" 200 47702
172.22.2.4 - - [26/Mar/2022:15:33:19 -0500] "GET /BLA/boletinlegal/images/arr_l.jpg HTTP/1.1" 200 1979
172.22.2.4 - - [26/Mar/2022:15:33:19 -0500] "GET /BLA/boletinlegal/images/historia.png HTTP/1.1" 200 52775
172.22.2.4 - - [26/Mar/2022:15:33:19 -0500] "GET /BLA/boletinlegal/images/screen_1.png HTTP/1.1" 200 202547
172.22.2.4 - - [26/Mar/2022:15:33:19 -0500] "GET /BLA/boletinlegal/images/registro-usuarios.png HTTP/1.1" 200 8106
172.22.2.4 - - [26/Mar/2022:15:33:20 -0500] "GET /BLA/boletinlegal/images/body_bg.jpg HTTP/1.1" 200 1601
172.22.2.4 - - [26/Mar/2022:15:33:21 -0500] "GET /BLA/boletinlegal/images/menu_lft.gif HTTP/1.1" 200 1713
172.22.2.4 - - [26/Mar/2022:15:33:21 -0500] "GET /BLA/boletinlegal/images/menu_rght.gif HTTP/1.1" 200 1627
172.22.2.4 - - [26/Mar/2022:15:33:22 -0500] "GET /BLA/boletinlegal/images/bg_top.jpg HTTP/1.1" 200 522
172.22.2.4 - - [26/Mar/2022:15:33:22 -0500] "GET /BLA/boletinlegal/images/menu_bg.jpg HTTP/1.1" 200 620
172.22.2.4 - - [26/Mar/2022:15:33:22 -0500] "GET /BLA/boletinlegal/images/text.jpg HTTP/1.1" 200 568
172.22.2.4 - - [26/Mar/2022:15:33:23 -0500] "GET /BLA/boletinlegal/images/launch.jpg HTTP/1.1" 200 14577
45.155.204.146 - - [26/Mar/2022:15:33:23 -0500] "GET /?a=fetch&content=<php>die(@md5(HelloThinkCMF))</php> HTTP/1.1" 200 319
172.22.2.4 - - [26/Mar/2022:15:33:24 -0500] "GET /BLA/boletinlegal/images/hover.jpg HTTP/1.1" 200 640
172.22.2.4 - - [26/Mar/2022:15:33:25 -0500] "GET /BLA/boletinlegal/images/screen_2.png HTTP/1.1" 200 362502
172.22.2.4 - - [26/Mar/2022:15:33:25 -0500] "GET /BLA/boletinlegal/images/screen_3.png HTTP/1.1" 200 210620
172.22.2.4 - - [26/Mar/2022:15:33:26 -0500] "GET /BLA/boletinlegal/images/footer_bg.jpg HTTP/1.1" 200 586
172.22.2.4 - - [26/Mar/2022:15:33:26 -0500] "GET /BLA/boletinlegal/images/arr_r.jpg HTTP/1.1" 200 1998
172.22.2.4 - - [26/Mar/2022:15:33:28 -0500] "GET /BLA/boletinlegal/images/screen_5.png HTTP/1.1" 200 368876
200.118.64.109 - - [26/Mar/2022:15:33:35 -0500] "POST /forms/lservlet;jsessionid=ac16012b30d6e9ea866cdcb74172abb1eb8ad4526039.e3iSbxaKaheRe34Sc38RahyRchr0n6jAmljGr5XDqQLvpAe HTTP/1.1" 200 2
172.22.2.4 - - [26/Mar/2022:15:33:11 -0500] "GET /BLA/boletinlegal/ HTTP/1.1" 200 40907
206.226.64.150 - - [26/Mar/2022:15:34:18 -0500] "GET /.env HTTP/1.1" 404 1018
206.226.64.150 - - [26/Mar/2022:15:34:19 -0500] "POST / HTTP/1.1" 200 319
172.22.2.4 - - [26/Mar/2022:15:33:22 -0500] "HEAD /BLA/boletinlegal/ HTTP/1.1" 200 -
66.249.73.127 - - [26/Mar/2022:15:35:22 -0500] "-" 408 -
200.118.64.109 - - [26/Mar/2022:15:35:35 -0500] "POST /forms/lservlet;jsessionid=ac16012b30d6e9ea866cdcb74172abb1eb8ad4526039.e3iSbxaKaheRe34Sc38RahyRchr0n6jAmljGr5XDqQLvpAe HTTP/1.1" 200 2
207.46.13.157 - - [26/Mar/2022:15:35:39 -0500] "GET /bla/resoluciones/resoluciones%202021/2619.pdf HTTP/1.1" 200 354502
172.22.2.4 - - [26/Mar/2022:15:34:12 -0500] "GET /BLA/boletinlegal/ HTTP/1.1" 200 58588
216.245.221.92 - - [26/Mar/2022:15:37:23 -0500] "HEAD / HTTP/1.1" 200 -
200.118.64.109 - - [26/Mar/2022:15:37:35 -0500] "POST /forms/lservlet;jsessionid=ac16012b30d6e9ea866cdcb74172abb1eb8ad4526039.e3iSbxaKaheRe34Sc38RahyRchr0n6jAmljGr5XDqQLvpAe HTTP/1.1" 200 2
157.55.39.218 - - [26/Mar/2022:15:37:36 -0500] "GET /BLA/resoluciones/AUTOS%202018/2959.pdf HTTP/1.1" 304 -
172.22.2.4 - - [26/Mar/2022:15:36:41 -0500] "GET /BLA/boletinlegal/ HTTP/1.1" 200 63729
200.118.64.109 - - [26/Mar/2022:15:39:35 -0500] "POST /forms/lservlet;jsessionid=ac16012b30d6e9ea866cdcb74172abb1eb8ad4526039.e3iSbxaKaheRe34Sc38RahyRchr0n6jAmljGr5XDqQLvpAe HTTP/1.1" 200 2
207.46.13.179 - - [26/Mar/2022:15:40:25 -0500] "GET /bla/resoluciones/resoluciones%202021/2397.pdf HTTP/1.1" 200 768407
172.22.2.4 - - [26/Mar/2022:15:40:40 -0500] "GET /BLA/boletinlegal/Circulares/2022/CIRCULAR%20No.%2000003%20DEL%2007%20DE%20MARZO%20DEL%202022.pdf HTTP/1.1" 404 1038
172.22.2.4 - - [26/Mar/2022:15:40:42 -0500] "GET /BLA/boletinlegal/Circulares/2021/CIRCULAR%20No.%2000009%20DEL%2001%20DE%20OCTUBRE%20DEL%202021.pdf HTTP/1.1" 200 320793
172.22.2.4 - - [26/Mar/2022:15:39:12 -0500] "HEAD /BLA/boletinlegal/ HTTP/1.1" 200 -
172.22.2.4 - - [26/Mar/2022:15:40:58 -0500] "GET /BLA/boletinlegal/Circulares/2021/CIRCULAR%20No.%2000007%20DEL%2010%20DE%20AGOSTO%20DEL%202021.pdf HTTP/1.1" 200 266364
172.22.2.4 - - [26/Mar/2022:15:41:09 -0500] "GET /BLA/boletinlegal/Circulares/2021/CIRCULAR%20No.%2000006%20DEL%2005%20DE%20AGOSTO%20DEL%202021.pdf HTTP/1.1" 200 249615
172.22.2.4 - - [26/Mar/2022:15:41:18 -0500] "GET /BLA/boletinlegal/Circulares/2020/Circular%20No.%2000018%20del%2002%20de%20diciembre%20del%202020.pdf HTTP/1.1" 200 276868
172.22.2.4 - - [26/Mar/2022:15:41:23 -0500] "GET /BLA/boletinlegal/Circulares/2020/Circular%2000010%20del%2027%20de%20julio%20de%202020.pdf HTTP/1.1" 200 422655
172.22.2.4 - - [26/Mar/2022:15:41:34 -0500] "GET /BLA/boletinlegal/Circulares/2020/CIRCULAR%20No.%2000019%20DEL%2018%20DE%20DICIEMBRE%20DEL%202020.pdf HTTP/1.1" 200 307959
200.118.64.109 - - [26/Mar/2022:15:41:35 -0500] "POST /forms/lservlet;jsessionid=ac16012b30d6e9ea866cdcb74172abb1eb8ad4526039.e3iSbxaKaheRe34Sc38RahyRchr0n6jAmljGr5XDqQLvpAe HTTP/1.1" 200 2
201.245.192.253 - - [26/Mar/2022:15:40:50 -0500] "POST /kwsrmcab/Wsrmcab HTTP/1.1" 200 45798
172.22.2.4 - - [26/Mar/2022:15:40:02 -0500] "GET /BLA/boletinlegal/ HTTP/1.1" 200 52945
66.249.73.127 - - [26/Mar/2022:15:41:44 -0500] "-" 408 -
172.22.2.4 - - [26/Mar/2022:15:41:50 -0500] "GET /BLA/boletinlegal/Circulares/2020/CIRCULAR%20No.%2000014%20del%2001%20de%20septiembre%20del%202020.pdf HTTP/1.1" 200 320826
172.22.2.4 - - [26/Mar/2022:15:41:57 -0500] "GET /BLA/boletinlegal/Circulares/2019/Circular%20No.%2012%20del%2014%20de%20Marzo%20de%202019.pdf HTTP/1.1" 200 344384
172.22.2.4 - - [26/Mar/2022:15:42:14 -0500] "GET /BLA/boletinlegal/Circulares/2019/Circular%20No.%20006%20del%2008%20de%20Febrero%20de%202019.pdf HTTP/1.1" 200 674401
201.245.192.253 - - [26/Mar/2022:15:41:36 -0500] "POST /kwsrmcab/Wsrmcab HTTP/1.1" 200 45454
216.245.221.92 - - [26/Mar/2022:15:42:23 -0500] "HEAD / HTTP/1.1" 200 -
172.22.2.4 - - [26/Mar/2022:15:42:36 -0500] "GET /BLA/boletinlegal/Circulares/2019/Circular%20No.%200015%20del%2003%20de%20Octubre%20de%202019.pdf HTTP/1.1" 200 165608
172.22.2.4 - - [26/Mar/2022:15:42:54 -0500] "GET /BLA/boletinlegal/Circulares/2019/Circular%20No.%200005%20del%2020%20de%20Marzo%20de%202019.pdf HTTP/1.1" 200 159877
201.245.192.253 - - [26/Mar/2022:15:42:10 -0500] "POST /kwsrmcab/Wsrmcab HTTP/1.1" 200 114953
172.22.2.4 - - [26/Mar/2022:15:43:01 -0500] "GET /BLA/boletinlegal/actos.php HTTP/1.1" 200 9555
172.22.2.4 - - [26/Mar/2022:15:43:01 -0500] "GET /BLA/boletinlegal/styles2.css HTTP/1.1" 200 1838
172.22.2.4 - - [26/Mar/2022:15:43:01 -0500] "GET /BLA/boletinlegal/js/ajax_actos.js HTTP/1.1" 200 1322
172.22.2.4 - - [26/Mar/2022:15:43:01 -0500] "GET /BLA/boletinlegal/niceforms-default.css HTTP/1.1" 200 6694
172.22.2.4 - - [26/Mar/2022:15:43:01 -0500] "GET /BLA/boletinlegal/niceforms.js HTTP/1.1" 200 22876
172.22.2.4 - - [26/Mar/2022:15:43:02 -0500] "GET /BLA/boletinlegal/style.css HTTP/1.1" 200 9406
172.22.2.4 - - [26/Mar/2022:15:43:02 -0500] "GET /BLA/boletinlegal/js/popup.js HTTP/1.1" 200 1270
172.22.2.4 - - [26/Mar/2022:15:43:02 -0500] "GET /BLA/boletinlegal/js/lib.js HTTP/1.1" 200 6474
172.22.2.4 - - [26/Mar/2022:15:43:02 -0500] "GET /BLA/boletinlegal/images/cabezote%20BLEGAL.jpg HTTP/1.1" 200 118164
172.22.2.4 - - [26/Mar/2022:15:43:02 -0500] "GET /BLA/boletinlegal/js/jquery1.js HTTP/1.1" 200 29846
172.22.2.4 - - [26/Mar/2022:15:43:02 -0500] "GET /BLA/boletinlegal/images/subscribe-icon-big.png HTTP/1.1" 200 47702
172.22.2.4 - - [26/Mar/2022:15:43:02 -0500] "GET /BLA/boletinlegal/images/historia.png HTTP/1.1" 200 52775
172.22.2.4 - - [26/Mar/2022:15:43:02 -0500] "GET /BLA/boletinlegal/images/registro-usuarios.png HTTP/1.1" 200 8106
172.22.2.4 - - [26/Mar/2022:15:43:02 -0500] "GET /BLA/boletinlegal/images/abajo.png HTTP/1.1" 200 96676
172.22.2.4 - - [26/Mar/2022:15:43:02 -0500] "GET /BLA/boletinlegal/images/green-yellow-blue-pink-th.png HTTP/1.1" 200 7394
172.22.2.4 - - [26/Mar/2022:15:43:02 -0500] "GET /BLA/boletinlegal/images/tel.png HTTP/1.1" 200 14477
172.22.2.4 - - [26/Mar/2022:15:43:02 -0500] "GET /BLA/boletinlegal/images/icono-email.png HTTP/1.1" 200 5544
172.22.2.4 - - [26/Mar/2022:15:43:02 -0500] "GET /BLA/boletinlegal/images/body_bg.jpg HTTP/1.1" 200 1601
172.22.2.4 - - [26/Mar/2022:15:43:02 -0500] "GET /BLA/boletinlegal/images/menu_lft.gif HTTP/1.1" 200 1713
172.22.2.4 - - [26/Mar/2022:15:43:02 -0500] "GET /BLA/boletinlegal/images/menu_rght.gif HTTP/1.1" 200 1627
172.22.2.4 - - [26/Mar/2022:15:43:02 -0500] "GET /BLA/boletinlegal/images/bg_top.jpg HTTP/1.1" 200 522
172.22.2.4 - - [26/Mar/2022:15:43:02 -0500] "GET /BLA/boletinlegal/images/hover.jpg HTTP/1.1" 200 640
172.22.2.4 - - [26/Mar/2022:15:43:02 -0500] "GET /BLA/boletinlegal/images/menu_bg.jpg HTTP/1.1" 200 620
172.22.2.4 - - [26/Mar/2022:15:43:02 -0500] "GET /BLA/boletinlegal/images/text.jpg HTTP/1.1" 200 568
172.22.2.4 - - [26/Mar/2022:15:43:02 -0500] "GET /BLA/boletinlegal/images/footer_bg.jpg HTTP/1.1" 200 586
172.22.2.4 - - [26/Mar/2022:15:43:02 -0500] "GET /BLA/boletinlegal/images/footer_bg_l.jpg HTTP/1.1" 200 776
172.22.2.4 - - [26/Mar/2022:15:43:02 -0500] "GET /BLA/boletinlegal/img/0.png HTTP/1.1" 200 110
172.22.2.4 - - [26/Mar/2022:15:43:02 -0500] "GET /BLA/boletinlegal/img/select-right.png HTTP/1.1" 200 44019
172.22.2.4 - - [26/Mar/2022:15:43:02 -0500] "GET /BLA/boletinlegal/img/select-left.png HTTP/1.1" 200 263
172.22.2.4 - - [26/Mar/2022:15:43:02 -0500] "GET /BLA/boletinlegal/favicon.ico HTTP/1.1" 404 1326
172.22.2.4 - - [26/Mar/2022:15:43:02 -0500] "GET /BLA/boletinlegal/img/button-left.png HTTP/1.1" 200 57071
172.22.2.4 - - [26/Mar/2022:15:43:02 -0500] "GET /BLA/boletinlegal/img/button.png HTTP/1.1" 200 43241
172.22.2.4 - - [26/Mar/2022:15:43:02 -0500] "GET /BLA/boletinlegal/img/button-right.png HTTP/1.1" 200 57878
172.22.2.4 - - [26/Mar/2022:15:43:05 -0500] "GET /BLA/boletinlegal/Circulares/2019/Circular%20No.%200003%20del%2031%20de%20Enero%20de%202019.pdf HTTP/1.1" 200 164676
45.155.204.146 - - [26/Mar/2022:15:43:11 -0500] "GET /?XDEBUG_SESSION_START=phpstorm HTTP/1.1" 200 319
172.22.2.4 - - [26/Mar/2022:15:43:14 -0500] "GET /BLA/boletinlegal/Circulares/2019/Circular%2000020%20del%2020%20de%20diciembre%20de%202019.pdf HTTP/1.1" 200 145170
207.46.13.209 - - [26/Mar/2022:15:43:22 -0500] "GET /bla/resoluciones/resoluciones%202014/3146.pdf HTTP/1.1" 200 479852
172.22.2.4 - - [26/Mar/2022:15:43:27 -0500] "GET /BLA/boletinlegal/Circulares/2019/Circular%2000018%20del%2020%20de%20noviembre%20de%202019.pdf HTTP/1.1" 200 158030
200.118.64.109 - - [26/Mar/2022:15:43:35 -0500] "POST /forms/lservlet;jsessionid=ac16012b30d6e9ea866cdcb74172abb1eb8ad4526039.e3iSbxaKaheRe34Sc38RahyRchr0n6jAmljGr5XDqQLvpAe HTTP/1.1" 200 2
172.22.2.4 - - [26/Mar/2022:15:43:43 -0500] "GET /BLA/boletinlegal/Circulares/2019/.pdf HTTP/1.1" 404 1218
172.22.2.4 - - [26/Mar/2022:15:43:48 -0500] "GET /BLA/boletinlegal/Circulares/2018/Circular%20No.%2011%20del%2024%20de%20Septiembre%20de%202018.pdf HTTP/1.1" 200 169541
172.22.2.4 - - [26/Mar/2022:15:43:53 -0500] "GET /BLA/boletinlegal/Circulares/2018/Circular%20No.%2010%20del%2021%20de%20Septiembre%20de%202018.pdf HTTP/1.1" 200 163426
172.22.2.4 - - [26/Mar/2022:15:44:02 -0500] "GET /BLA/boletinlegal/Circulares/2018/Circular%20No.%200015%20del%207%20de%20Diciembre%20de%202018.pdf HTTP/1.1" 200 165305
172.22.2.4 - - [26/Mar/2022:15:44:17 -0500] "GET /BLA/boletinlegal/Circulares/2018/CIRCULAR%20COJUNTA%20042%20DE%202018.pdf HTTP/1.1" 200 515008
172.22.2.4 - - [26/Mar/2022:15:44:30 -0500] "GET /BLA/boletinlegal/Circulares/2017/Circular%20No.%202%20del%201%20de%20Septiembre%20de%202017.pdf HTTP/1.1" 200 152575
172.22.2.4 - - [26/Mar/2022:15:44:45 -0500] "GET /BLA/boletinlegal/Circulares/2017/Circular%20No.%201%20del%2030%20de%20Marzo%20de%202017.pdf HTTP/1.1" 200 668532
172.22.2.4 - - [26/Mar/2022:15:44:56 -0500] "GET /BLA/boletinlegal/Circulares/2017/Circular%20No.%2007%20del%2028%20de%20Abril%20de%202017.pdf HTTP/1.1" 200 309906
172.22.2.4 - - [26/Mar/2022:15:45:17 -0500] "GET /BLA/boletinlegal/Circulares/2017/Circular%20No.%20011%20del%2005%20de%20julio%20de%202017.pdf HTTP/1.1" 200 965526
172.22.2.4 - - [26/Mar/2022:15:45:28 -0500] "GET /BLA/boletinlegal/Circulares/2015/Circular%20No.%202%20del%201%20de%20julio%20de%202015.pdf HTTP/1.1" 200 752890
200.118.64.109 - - [26/Mar/2022:15:45:36 -0500] "POST /forms/lservlet;jsessionid=ac16012b30d6e9ea866cdcb74172abb1eb8ad4526039.e3iSbxaKaheRe34Sc38RahyRchr0n6jAmljGr5XDqQLvpAe HTTP/1.1" 200 2
172.22.2.4 - - [26/Mar/2022:15:45:42 -0500] "GET /BLA/boletinlegal/Circulares/2015/Circular%20No.%201%20del%2010%20de%20Febrero%20de%202015.pdf HTTP/1.1" 200 660637
172.22.2.4 - - [26/Mar/2022:15:45:59 -0500] "GET /BLA/boletinlegal/Circulares/2014/Circular%20No.%203%20del%2014%20de%20Noviembre%20de%202014.pdf HTTP/1.1" 200 104132
172.22.2.4 - - [26/Mar/2022:15:46:09 -0500] "GET /BLA/boletinlegal/Circulares/2014/Circular%20No.%202%20del%2021%20de%20septiembre%20de%202014.pdf HTTP/1.1" 200 143376
172.22.2.4 - - [26/Mar/2022:15:46:22 -0500] "GET /BLA/boletinlegal/Circulares/2014/Circular%20No.%201%20del%2008%20de%20Mayo%20de%202014.pdf HTTP/1.1" 200 180124
172.22.2.4 - - [26/Mar/2022:15:46:33 -0500] "GET /BLA/boletinlegal/Circulares/2013/Circular%20No.%208%20del%201%20de%20Noviembre%20de%202013.pdf HTTP/1.1" 200 385156
172.22.2.4 - - [26/Mar/2022:15:45:02 -0500] "HEAD /BLA/boletinlegal/ HTTP/1.1" 200 -
172.22.2.4 - - [26/Mar/2022:15:46:45 -0500] "GET /BLA/boletinlegal/Circulares/2013/Circular%20No.%207%20del%201%20de%20Agosto%20de%202013.pdf HTTP/1.1" 200 340934
40.77.167.78 - - [26/Mar/2022:15:46:47 -0500] "GET /portaldeninos/wp-content/uploads/2021/11/cronica-mujer-junio-29-junio-ambiente-260x138.png HTTP/1.1" 200 80228
172.22.2.4 - - [26/Mar/2022:15:46:57 -0500] "GET /BLA/boletinlegal/Circulares/2013/Circular%20No.%206%20del%2019%20de%20julio%20de%202013.pdf HTTP/1.1" 200 4210437
157.55.39.218 - - [26/Mar/2022:15:47:07 -0500] "GET /bla/resoluciones/resoluciones%202021/4117.pdf HTTP/1.1" 200 343100
216.245.221.92 - - [26/Mar/2022:15:47:23 -0500] "HEAD / HTTP/1.1" 200 -
172.22.2.4 - - [26/Mar/2022:15:47:27 -0500] "GET /BLA/boletinlegal/Circulares/2013/Circular%20No.%205%20del%2013%20de%20junio%20de%202013.pdf HTTP/1.1" 200 110904
172.22.2.4 - - [26/Mar/2022:15:45:52 -0500] "GET /BLA/boletinlegal/ HTTP/1.1" 200 59170
200.118.64.109 - - [26/Mar/2022:15:47:36 -0500] "POST /forms/lservlet;jsessionid=ac16012b30d6e9ea866cdcb74172abb1eb8ad4526039.e3iSbxaKaheRe34Sc38RahyRchr0n6jAmljGr5XDqQLvpAe HTTP/1.1" 200 2
172.22.2.4 - - [26/Mar/2022:15:47:39 -0500] "GET /BLA/boletinlegal/Circulares/2013/Circular%20No.%204%20del%2005%20de%20junio%20de%202013.pdf HTTP/1.1" 200 130461
191.108.17.225 - - [26/Mar/2022:15:47:47 -0500] "GET /kwssiamovil/sm/ldap/au?x=U2FsdGVkX1+WuFzhOgUjO+tGgp6tWF9fgpQvy3z7dvBrkJ+GcTSQxiOE0239t04OO0b7Lj4GLKQqB3HPWak79A==&y=U2FsdGVkX19zHZJ7Do8h07nQ1igaVc1+g0OUeNEin86d2YnpQ6EiyvN3RW55kvmN HTTP/1.1" 200 30
191.108.17.225 - - [26/Mar/2022:15:47:47 -0500] "GET /kwssiamovil/sm/acme/s?s=U2FsdGVkX1+uP78nmumDbgKA9Ru5MgVUgNzoVhnOTb4wcl4GYW9uYT2h3Vktp6Wro6D7YkAl3oJ4osxz+5dnjvvnBhEvX300JGpiDQXs3cQ=&u=U2FsdGVkX1/g4i3dqi7Yi3km8ZA4MKVb4a1BwdOAXU0taMyYtx3s00tsXTlbm6Vx&y=U2FsdGVkX19zHZJ7Do8h07nQ1igaVc1+g0OUeNEin86d2YnpQ6EiyvN3RW55kvmN HTTP/1.1" 200 97
191.108.17.225 - - [26/Mar/2022:15:47:47 -0500] "GET /kwssiamovil/sm/acme/s?s=U2FsdGVkX1/WHYe9gVDWQAslvubdL/IP8ZqgCccHnN6sZYTUgv/2mM8zUnveU9zXvHEoabTvv8gVe82jaR0h6fRApraDLt6l+LB8azeflob6/Z5O6spDdPzjW7rNx6WP+tNtxVKozabDHd1HQzP2Xs2S7PN4ivlKKDN2fQEqgnEZm3no7ih86k2Zh337uIDZS1FMRtoVgwaElxULdd84QgOL3BngnWL3521FXAFq8Qisha5dY0yJTITb+UVT19iTk692WeuGzP3w8APYxk3iU1VUj7SDAWv3cz3OTqS+RW3xSXoE4fWsCUScSyrn3hdyaRDzYCjBsOHyOHqeWzkNRX5ERvlfNjsvBCmZRQBvjmmN/0OOgwrpH5eOSUvkm4cBOLpjOfiK//ILIx/6ro1mRRnhq1/FCFeVZP9FBA8xkLE90ubYFVslRxMd3IrwHbqRXqYkdSal8wzsCoJChii09jRMHAeyZZssBH9X2qAddlGjv2geo3lqsKwSCjZSrzSBugmwrpAeBchbx63APoKJD0JFNx3kX8s9wJgP9hEOc2gYN3PJlvPJB9uO7dY/x0PSKglOKtu5HhQN3bK36m0gazcjmhONBSkAB7dHLII6Up9c8acihCwAduNjDE2PH7I1ROBd3FbC6WqlOCwj5zr6KZoyY8ay/+YMVKsDtvWnSmCu1jnDJ+48nOBTR6IOZCeEJEWm+7eEr90hQ8i51ky2hWZ3/C67nb8CrVlR1QLIXcc8NKmQ0TCelctDB7GTWA0gUCKGWoRY+kKXfH4yTh0rNDm7CRa67a2yeEPIcb1nGeHvAH9RuMPHc7YWEiBYnawqgNI52Z1qk/aSoO+yK+kyCl4CE7Nkk/xJJGsZWdQzCTU7nUK1zgk2GtyJ/UjEAl231gxmK0mSLPZRwIHL3aYkfv8Kyx2oioC78GGsQYuKXH/oaWCISLfrZ57qGvVuD5FC43rKDjjeHQns57g62dYCbke7hn+GP1fjrVgK921gAzpayR/AVkK+OPsz5fr7wfOxnELVA7IA6g4XkjSRXPl1vcz6Gv/s0sDIk+ZzkrYLloqz1KX6JlYrHNchVrMxJt0msSLzf3y5chZRVahoml6WqvNdykXUyHn5n+c1Z4LzTAwqZr4VkD+XZKuFeazzPyWj&u=U2FsdGVkX1/g4i3dqi7Yi3km8ZA4MKVb4a1BwdOAXU0taMyYtx3s00tsXTlbm6Vx&y=U2FsdGVkX19zHZJ7Do8h07nQ1igaVc1+g0OUeNEin86d2YnpQ6EiyvN3RW55kvmN HTTP/1.1" 200 4116
191.108.17.225 - - [26/Mar/2022:15:47:47 -0500] "GET /kwssiamovil/sm/acme/s?s=U2FsdGVkX18yxgyasv1si+PB8voGV+ENgfUcg97tymjgGZTHHJDOwc33yOkjphgK&u=U2FsdGVkX1/g4i3dqi7Yi3km8ZA4MKVb4a1BwdOAXU0taMyYtx3s00tsXTlbm6Vx&y=U2FsdGVkX19zHZJ7Do8h07nQ1igaVc1+g0OUeNEin86d2YnpQ6EiyvN3RW55kvmN HTTP/1.1" 200 70
191.108.17.225 - - [26/Mar/2022:15:47:47 -0500] "GET /kwssiamovil/sm/acme/s?s=U2FsdGVkX19f9DEFxT8VaDldOgDYKF6OrKxcgqyqawp5HKlATsQ5KffS2STmb4hD&u=U2FsdGVkX1/g4i3dqi7Yi3km8ZA4MKVb4a1BwdOAXU0taMyYtx3s00tsXTlbm6Vx&y=U2FsdGVkX19zHZJ7Do8h07nQ1igaVc1+g0OUeNEin86d2YnpQ6EiyvN3RW55kvmN HTTP/1.1" 200 70
191.108.17.225 - - [26/Mar/2022:15:47:47 -0500] "GET /kwssiamovil/sm/acme/s?s=U2FsdGVkX19bDHvReDMdZRSYZ4gCEgWY2nXJyTAwX11JdULxfwFVCNeq7FOKOlhe&u=U2FsdGVkX1/g4i3dqi7Yi3km8ZA4MKVb4a1BwdOAXU0taMyYtx3s00tsXTlbm6Vx&y=U2FsdGVkX19zHZJ7Do8h07nQ1igaVc1+g0OUeNEin86d2YnpQ6EiyvN3RW55kvmN HTTP/1.1" 200 70
191.108.17.225 - - [26/Mar/2022:15:47:47 -0500] "GET /kwssiamovil/sm/acme/s?s=U2FsdGVkX1+etl/bHHqOIJ0bOy6WenV0gplFMLIQSZqBDK52DDrxE6STy8d8gFM/&u=U2FsdGVkX1/g4i3dqi7Yi3km8ZA4MKVb4a1BwdOAXU0taMyYtx3s00tsXTlbm6Vx&y=U2FsdGVkX19zHZJ7Do8h07nQ1igaVc1+g0OUeNEin86d2YnpQ6EiyvN3RW55kvmN HTTP/1.1" 200 70
191.108.17.225 - - [26/Mar/2022:15:47:47 -0500] "GET /kwssiamovil/sm/acme/s?s=U2FsdGVkX1/2cPsbNW71LSjbPqNj3MLw+yxNJ5HJ3EemeNYnwbBSzmUFc+jxk9on&u=U2FsdGVkX1/g4i3dqi7Yi3km8ZA4MKVb4a1BwdOAXU0taMyYtx3s00tsXTlbm6Vx&y=U2FsdGVkX19zHZJ7Do8h07nQ1igaVc1+g0OUeNEin86d2YnpQ6EiyvN3RW55kvmN HTTP/1.1" 200 70
191.108.17.225 - - [26/Mar/2022:15:47:47 -0500] "GET /kwssiamovil/sm/acme/s?s=U2FsdGVkX1+LJKqCM+gJMDO9iHPPHMb5+XNg1FvijSdsyJlb5f3ljT53k63VxPd9&u=U2FsdGVkX1/g4i3dqi7Yi3km8ZA4MKVb4a1BwdOAXU0taMyYtx3s00tsXTlbm6Vx&y=U2FsdGVkX19zHZJ7Do8h07nQ1igaVc1+g0OUeNEin86d2YnpQ6EiyvN3RW55kvmN HTTP/1.1" 200 70
191.108.17.225 - - [26/Mar/2022:15:47:47 -0500] "GET /kwssiamovil/sm/acme/s?s=U2FsdGVkX191Fk5aq2JSXq1V+Y0VA7G2Fm+1sF/l9EucN9KKp6O3ps4NjF93zkyJ&u=U2FsdGVkX1/g4i3dqi7Yi3km8ZA4MKVb4a1BwdOAXU0taMyYtx3s00tsXTlbm6Vx&y=U2FsdGVkX19zHZJ7Do8h07nQ1igaVc1+g0OUeNEin86d2YnpQ6EiyvN3RW55kvmN HTTP/1.1" 200 70
191.108.17.225 - - [26/Mar/2022:15:47:47 -0500] "GET /kwssiamovil/sm/acme/s?s=U2FsdGVkX19n2SS3ib/ESy7GDT9OhBpcmH6TLdyZ1VCkfV9Zf9TDjyzLsiOmCy1E&u=U2FsdGVkX1/g4i3dqi7Yi3km8ZA4MKVb4a1BwdOAXU0taMyYtx3s00tsXTlbm6Vx&y=U2FsdGVkX19zHZJ7Do8h07nQ1igaVc1+g0OUeNEin86d2YnpQ6EiyvN3RW55kvmN HTTP/1.1" 200 70
191.108.17.225 - - [26/Mar/2022:15:47:47 -0500] "GET /kwssiamovil/sm/acme/s?s=U2FsdGVkX19V6658tBkJF4YtGPqIzUvWD5XSF2wFvZjOw6VkS9EHSSjY3ryG4G7t&u=U2FsdGVkX1/g4i3dqi7Yi3km8ZA4MKVb4a1BwdOAXU0taMyYtx3s00tsXTlbm6Vx&y=U2FsdGVkX19zHZJ7Do8h07nQ1igaVc1+g0OUeNEin86d2YnpQ6EiyvN3RW55kvmN HTTP/1.1" 200 70
191.108.17.225 - - [26/Mar/2022:15:47:47 -0500] "GET /kwssiamovil/sm/acme/s?s=U2FsdGVkX19ctC+ie9F4oi0cUDeQCanINYwOj26NrEniJcJ01EapkIs8SAT25b43&u=U2FsdGVkX1/g4i3dqi7Yi3km8ZA4MKVb4a1BwdOAXU0taMyYtx3s00tsXTlbm6Vx&y=U2FsdGVkX19zHZJ7Do8h07nQ1igaVc1+g0OUeNEin86d2YnpQ6EiyvN3RW55kvmN HTTP/1.1" 200 70
191.108.17.225 - - [26/Mar/2022:15:47:47 -0500] "GET /kwssiamovil/sm/acme/s?s=U2FsdGVkX18LOcf1+EyxfmX7qpvYKgOQXfcJR0byQyUc0xXu49tXTpqbLnYKdmGX&u=U2FsdGVkX1/g4i3dqi7Yi3km8ZA4MKVb4a1BwdOAXU0taMyYtx3s00tsXTlbm6Vx&y=U2FsdGVkX19zHZJ7Do8h07nQ1igaVc1+g0OUeNEin86d2YnpQ6EiyvN3RW55kvmN HTTP/1.1" 200 70
191.108.17.225 - - [26/Mar/2022:15:47:47 -0500] "GET /kwssiamovil/sm/acme/s?s=U2FsdGVkX19bp6I/sq6uEJteojm2/DTUyLNZU7t1PU+yVu4FyOOnZO69yfP02fa0&u=U2FsdGVkX1/g4i3dqi7Yi3km8ZA4MKVb4a1BwdOAXU0taMyYtx3s00tsXTlbm6Vx&y=U2FsdGVkX19zHZJ7Do8h07nQ1igaVc1+g0OUeNEin86d2YnpQ6EiyvN3RW55kvmN HTTP/1.1" 200 70
191.108.17.225 - - [26/Mar/2022:15:47:48 -0500] "GET /kwssiamovil/sm/acme/s?s=U2FsdGVkX181Kobkpz5InQv4oqaA2wQNGv5bd+SuODu0ooqgzzAgpjrJb0qSSHK3&u=U2FsdGVkX1/g4i3dqi7Yi3km8ZA4MKVb4a1BwdOAXU0taMyYtx3s00tsXTlbm6Vx&y=U2FsdGVkX19zHZJ7Do8h07nQ1igaVc1+g0OUeNEin86d2YnpQ6EiyvN3RW55kvmN HTTP/1.1" 200 70
191.108.17.225 - - [26/Mar/2022:15:47:48 -0500] "GET /kwssiamovil/sm/acme/s?s=U2FsdGVkX19XDC5FUs15pgoWRcZZd5NX95JJZMef9jUUFN6KthjjGw/F3/I6i/Va&u=U2FsdGVkX1/g4i3dqi7Yi3km8ZA4MKVb4a1BwdOAXU0taMyYtx3s00tsXTlbm6Vx&y=U2FsdGVkX19zHZJ7Do8h07nQ1igaVc1+g0OUeNEin86d2YnpQ6EiyvN3RW55kvmN HTTP/1.1" 200 70
191.108.17.225 - - [26/Mar/2022:15:47:48 -0500] "GET /kwssiamovil/sm/acme/s?s=U2FsdGVkX19cvIyCU3c37KSpu0v516gASvq6qlfQ9GZXX3fS+8bpM+SsARRDXRZs&u=U2FsdGVkX1/g4i3dqi7Yi3km8ZA4MKVb4a1BwdOAXU0taMyYtx3s00tsXTlbm6Vx&y=U2FsdGVkX19zHZJ7Do8h07nQ1igaVc1+g0OUeNEin86d2YnpQ6EiyvN3RW55kvmN HTTP/1.1" 200 70
191.108.17.225 - - [26/Mar/2022:15:47:48 -0500] "GET /kwssiamovil/sm/acme/s?s=U2FsdGVkX1+eITPe2z0RasuoKtMGguSQWlX9Gt3MMvf6XEZpDxd+PAMoI9WnAeXU&u=U2FsdGVkX1/g4i3dqi7Yi3km8ZA4MKVb4a1BwdOAXU0taMyYtx3s00tsXTlbm6Vx&y=U2FsdGVkX19zHZJ7Do8h07nQ1igaVc1+g0OUeNEin86d2YnpQ6EiyvN3RW55kvmN HTTP/1.1" 200 70
191.108.17.225 - - [26/Mar/2022:15:47:48 -0500] "GET /kwssiamovil/sm/acme/s?s=U2FsdGVkX181w0cUVi1VuKx89ne/rnzGMMuV9xWvnDsHba1Rb9RNFHbzFqwB2VtMEamoeH/1XNT6aAnok1h+5uL72KAiw3YX1WfQtQl5rIc7NgxiP7e9KA9D0KEdR86RXxsp7WhWEeY+2hhAyuV4QukykF1dt93acokuOCTGCuhjLbV/apAuA6QRzlHgSs1zA8xNahrwTxbj6uAJoH0ps9DNr3NrGElop6baOf0vex99nO3BwGr4f9+DFdsclnk4sfdVt488XL+OixHG5+xWeJJhrJr3RpEyISpFoIuaDrICJ1myAjXwKcVlgtmHPxpUmS9yY/pWCzYAM08WgBIIjktyuMjunkSjWeCN3GXzSyY=&u=U2FsdGVkX1/g4i3dqi7Yi3km8ZA4MKVb4a1BwdOAXU0taMyYtx3s00tsXTlbm6Vx&y=U2FsdGVkX19zHZJ7Do8h07nQ1igaVc1+g0OUeNEin86d2YnpQ6EiyvN3RW55kvmN HTTP/1.1" 200 196
191.108.17.225 - - [26/Mar/2022:15:47:48 -0500] "GET /kwssiamovil/sm/cjson/pre?f=1&x=U2FsdGVkX1+WuFzhOgUjO+tGgp6tWF9fgpQvy3z7dvBrkJ+GcTSQxiOE0239t04OO0b7Lj4GLKQqB3HPWak79A== HTTP/1.1" 200 30975
172.22.2.4 - - [26/Mar/2022:15:47:51 -0500] "GET /BLA/boletinlegal/Circulares/2013/Circular%20No.%203%20del%2005%20de%20abril%20de%202013.pdf HTTP/1.1" 200 93580
173.252.107.14 - - [26/Mar/2022:15:47:57 -0500] "GET /images/rueda-prensa-lluvias-secretaria-principal-23-marzo.jpg HTTP/1.1" 200 42664
172.22.2.4 - - [26/Mar/2022:15:48:05 -0500] "GET /BLA/boletinlegal/Circulares/2013/Circular%20No.%202%20del%2022%20de%20enero%20de%202013.pdf HTTP/1.1" 200 85466
66.249.73.127 - - [26/Mar/2022:15:48:16 -0500] "-" 408 -
172.22.2.4 - - [26/Mar/2022:15:48:19 -0500] "GET /BLA/boletinlegal/Circulares/2013/Circular%20No.%201%20del%2014%20de%20enero%20de%202013.pdf HTTP/1.1" 200 1298384
172.22.2.4 - - [26/Mar/2022:15:48:32 -0500] "GET /BLA/boletinlegal/Circulares/2012/Circular%20No.%209%20del%2021%20de%20Agosto%20de%202012.pdf HTTP/1.1" 200 1402289
172.22.2.4 - - [26/Mar/2022:15:48:43 -0500] "GET /BLA/boletinlegal/Circulares/2012/Circular%20No.%208%20del%2021%20de%20Agosto%20de%202012.pdf HTTP/1.1" 200 963197
172.22.2.4 - - [26/Mar/2022:15:48:54 -0500] "GET /BLA/boletinlegal/Circulares/2012/Circular%20No.%207%20del%2008%20de%20Agosto%20de%202012.pdf HTTP/1.1" 200 972955
172.22.2.4 - - [26/Mar/2022:15:49:14 -0500] "GET /BLA/boletinlegal/Circulares/2012/Circular%20No.%206%20del%2025%20de%20Mayo%20de%202012.pdf HTTP/1.1" 200 387391
172.22.2.4 - - [26/Mar/2022:15:49:24 -0500] "GET /BLA/boletinlegal/Circulares/2012/Circular%20No.%205%20del%2027%20de%20Abril%20de%202012.pdf HTTP/1.1" 200 216613
172.22.2.4 - - [26/Mar/2022:15:49:36 -0500] "GET /BLA/boletinlegal/Circulares/2012/Circular%20No.%204%20del%2019%20de%20abril%20de%202012.pdf HTTP/1.1" 200 253045
