!C99Shell v. 1.0 pre-release build #13!

Software: Apache. PHP/5.5.15 

uname -a: Windows NT SVR-DMZ 6.1 build 7600 (Windows Server 2008 R2 Enterprise Edition) i586 

SYSTEM 

Safe-mode: OFF (not secure)

E:\nuevo\apache\logs\   drwxrwxrwx
Free 9.41 GB of 239.26 GB (3.93%)
Detected drives: [ a ] [ c ] [ d ] [ e ] [ f ]
Home    Back    Forward    UPDIR    Refresh    Search    Buffer    Encoder    Tools    Proc.    FTP brute    Sec.    SQL    PHP-code    Update    Feedback    Self remove    Logout    


Viewing file:     access.2022.03.26.log (592.32 KB)      -rw-rw-rw-
Select action/file-type:
(+) | (+) | (+) | Code (+) | Session (+) | (+) | SDB (+) | (+) | (+) | (+) | (+) | (+) |
172.22.2.4 - - [26/Mar/2022:00:00:03 -0500] "HEAD /BLA/boletinlegal/ HTTP/1.1" 200 -
66.249.73.127 - - [26/Mar/2022:00:01:52 -0500] "-" 408 -
201.245.192.253 - - [26/Mar/2022:00:01:32 -0500] "POST /kwsrmcab/Wsrmcab HTTP/1.1" 200 114931
216.245.221.92 - - [26/Mar/2022:00:02:25 -0500] "HEAD / HTTP/1.1" 200 -
172.22.2.4 - - [26/Mar/2022:00:00:53 -0500] "GET /BLA/boletinlegal/ HTTP/1.1" 200 59688
207.46.13.179 - - [26/Mar/2022:00:03:08 -0500] "GET /BLA/resoluciones/RESOLUCIONES%202021/4217.pdf HTTP/1.1" 200 336672
216.245.221.92 - - [26/Mar/2022:00:07:25 -0500] "HEAD / HTTP/1.1" 200 -
172.22.2.4 - - [26/Mar/2022:00:05:53 -0500] "HEAD /BLA/boletinlegal/ HTTP/1.1" 200 -
172.22.2.4 - - [26/Mar/2022:00:06:43 -0500] "GET /BLA/boletinlegal/ HTTP/1.1" 200 59170
181.61.5.196 - - [26/Mar/2022:00:08:57 -0500] "GET /conocer-para-cuidar-asi-es-una-caminata-ecologica-por-la-quebrada-las-delicias.html HTTP/1.1" 200 1023
172.22.2.4 - - [26/Mar/2022:00:09:59 -0500] "GET /BLA/boletinlegal/actuator/health HTTP/1.1" 404 1018
152.61.192.232 - - [26/Mar/2022:00:12:23 -0500] "GET / HTTP/1.1" 200 319
216.245.221.92 - - [26/Mar/2022:00:12:25 -0500] "HEAD / HTTP/1.1" 200 -
201.245.192.253 - - [26/Mar/2022:00:11:47 -0500] "POST /kwsrmcab/Wsrmcab HTTP/1.1" 200 114643
172.22.2.4 - - [26/Mar/2022:00:11:43 -0500] "HEAD /BLA/boletinlegal/ HTTP/1.1" 200 -
66.249.73.127 - - [26/Mar/2022:00:13:51 -0500] "-" 408 -
152.61.128.50 - - [26/Mar/2022:00:13:57 -0500] "GET / HTTP/1.1" 200 319
172.22.2.4 - - [26/Mar/2022:00:12:33 -0500] "GET /BLA/boletinlegal/ HTTP/1.1" 200 54457
42.192.184.76 - - [26/Mar/2022:00:14:27 -0500] "GET /catalogoisis HTTP/1.1" 404 1018
216.245.221.92 - - [26/Mar/2022:00:17:25 -0500] "HEAD / HTTP/1.1" 200 -
207.46.13.209 - - [26/Mar/2022:00:18:47 -0500] "GET /svr-ciudadano/ HTTP/1.1" 200 86542
172.22.2.4 - - [26/Mar/2022:00:17:33 -0500] "HEAD /BLA/boletinlegal/ HTTP/1.1" 200 -
190.156.90.221 - - [26/Mar/2022:00:19:47 -0500] "GET /BLA/ HTTP/1.1" 200 538
190.156.90.221 - - [26/Mar/2022:00:19:47 -0500] "GET /BLA/ HTTP/1.1" 200 538
157.55.39.218 - - [26/Mar/2022:00:19:50 -0500] "GET /BLA/resoluciones/RESOLUCIONES%202021/2903.pdf HTTP/1.1" 200 474460
190.156.90.221 - - [26/Mar/2022:00:19:51 -0500] "GET /BLA/boletinlegal/actos.php HTTP/1.1" 200 9559
190.156.90.221 - - [26/Mar/2022:00:19:53 -0500] "GET /BLA/resoluciones/ HTTP/1.1" 200 13093
190.156.90.221 - - [26/Mar/2022:00:19:55 -0500] "GET /BLA/resoluciones/index.php?dir=AUTOS+2021%2F HTTP/1.1" 200 336570
172.22.2.4 - - [26/Mar/2022:00:18:23 -0500] "GET /BLA/boletinlegal/ HTTP/1.1" 200 54090
190.156.90.221 - - [26/Mar/2022:00:19:49 -0500] "GET /BLA/boletinlegal/index.php HTTP/1.1" 200 16331
190.156.90.221 - - [26/Mar/2022:00:20:17 -0500] "GET /BLA/resoluciones/AUTOS%202021/4410.pdf HTTP/1.1" 200 361322
66.249.73.127 - - [26/Mar/2022:00:20:39 -0500] "-" 408 -
201.245.192.253 - - [26/Mar/2022:00:20:53 -0500] "POST /kwsrmcab/Wsrmcab HTTP/1.1" 200 44831
201.245.192.253 - - [26/Mar/2022:00:21:38 -0500] "POST /kwsrmcab/Wsrmcab HTTP/1.1" 200 45144
216.245.221.92 - - [26/Mar/2022:00:22:25 -0500] "HEAD / HTTP/1.1" 200 -
201.245.192.253 - - [26/Mar/2022:00:21:42 -0500] "POST /kwsrmcab/Wsrmcab HTTP/1.1" 200 114643
34.77.162.26 - - [26/Mar/2022:00:22:45 -0500] "GET / HTTP/1.1" 200 319
194.169.217.103 - - [26/Mar/2022:00:24:27 -0500] "GET /.env HTTP/1.1" 404 1043
194.169.217.103 - - [26/Mar/2022:00:24:29 -0500] "GET /.env HTTP/1.1" 404 1049
194.169.217.103 - - [26/Mar/2022:00:24:31 -0500] "POST / HTTP/1.1" 200 319
172.22.2.4 - - [26/Mar/2022:00:23:23 -0500] "HEAD /BLA/boletinlegal/ HTTP/1.1" 200 -
172.22.2.4 - - [26/Mar/2022:00:24:13 -0500] "GET /BLA/boletinlegal/ HTTP/1.1" 200 48513
207.46.13.157 - - [26/Mar/2022:00:26:24 -0500] "GET /BLA/resoluciones/AUTOS%202018/0202.pdf HTTP/1.1" 304 -
216.245.221.92 - - [26/Mar/2022:00:27:25 -0500] "HEAD / HTTP/1.1" 200 -
172.22.2.4 - - [26/Mar/2022:00:29:13 -0500] "HEAD /BLA/boletinlegal/ HTTP/1.1" 200 -
201.245.192.253 - - [26/Mar/2022:00:30:53 -0500] "POST /kwsrmcab/Wsrmcab HTTP/1.1" 200 44831
172.22.2.4 - - [26/Mar/2022:00:30:03 -0500] "GET /BLA/boletinlegal/ HTTP/1.1" 200 55089
207.46.13.209 - - [26/Mar/2022:00:31:57 -0500] "GET /BLA/resoluciones/AUTOS%202021/4410.pdf HTTP/1.1" 200 361322
216.245.221.92 - - [26/Mar/2022:00:32:25 -0500] "HEAD / HTTP/1.1" 200 -
201.245.192.253 - - [26/Mar/2022:00:31:42 -0500] "POST /kwsrmcab/Wsrmcab HTTP/1.1" 200 45144
201.245.192.253 - - [26/Mar/2022:00:31:59 -0500] "POST /kwsrmcab/Wsrmcab HTTP/1.1" 200 114643
207.46.13.31 - - [26/Mar/2022:00:33:02 -0500] "GET /portaldeninos/publicidad/ HTTP/1.1" 200 80148
172.22.2.4 - - [26/Mar/2022:00:35:03 -0500] "HEAD /BLA/boletinlegal/ HTTP/1.1" 200 -
40.77.167.46 - - [26/Mar/2022:00:37:00 -0500] "GET /BLA/resoluciones/AUTOS%202019/4171.pdf HTTP/1.1" 304 -
216.245.221.92 - - [26/Mar/2022:00:37:25 -0500] "HEAD / HTTP/1.1" 200 -
172.22.2.4 - - [26/Mar/2022:00:35:53 -0500] "GET /BLA/boletinlegal/ HTTP/1.1" 200 61416
66.249.73.127 - - [26/Mar/2022:00:41:21 -0500] "-" 408 -
201.245.192.253 - - [26/Mar/2022:00:40:53 -0500] "POST /kwsrmcab/Wsrmcab HTTP/1.1" 200 44831
216.245.221.92 - - [26/Mar/2022:00:42:25 -0500] "HEAD / HTTP/1.1" 200 -
201.245.192.253 - - [26/Mar/2022:00:41:43 -0500] "POST /kwsrmcab/Wsrmcab HTTP/1.1" 200 45144
172.22.2.4 - - [26/Mar/2022:00:40:53 -0500] "HEAD /BLA/boletinlegal/ HTTP/1.1" 200 -
201.245.192.253 - - [26/Mar/2022:00:41:45 -0500] "POST /kwsrmcab/Wsrmcab HTTP/1.1" 200 114643
172.22.2.4 - - [26/Mar/2022:00:41:43 -0500] "GET /BLA/boletinlegal/ HTTP/1.1" 200 59170
172.22.2.4 - - [26/Mar/2022:00:45:48 -0500] "GET /BLA/boletinlegal/robots.txt HTTP/1.1" 404 1038
216.245.221.92 - - [26/Mar/2022:00:47:25 -0500] "HEAD / HTTP/1.1" 200 -
172.22.2.4 - - [26/Mar/2022:00:45:50 -0500] "GET /BLA/boletinlegal/index.php HTTP/1.1" 200 61416
172.22.2.4 - - [26/Mar/2022:00:46:43 -0500] "HEAD /BLA/boletinlegal/ HTTP/1.1" 200 -
66.249.73.127 - - [26/Mar/2022:00:49:07 -0500] "-" 408 -
172.22.2.4 - - [26/Mar/2022:00:47:33 -0500] "GET /BLA/boletinlegal/ HTTP/1.1" 200 55089
216.245.221.92 - - [26/Mar/2022:00:52:25 -0500] "HEAD / HTTP/1.1" 200 -
201.245.192.253 - - [26/Mar/2022:00:51:47 -0500] "POST /kwsrmcab/Wsrmcab HTTP/1.1" 200 114643
152.61.192.232 - - [26/Mar/2022:00:52:48 -0500] "GET /arcgis/services/Calidad_del_Agua_WQI/MapServer/WMSServer?request=GetCapabilities&service=WMS HTTP/1.1" 503 1020
152.61.192.232 - - [26/Mar/2022:00:52:49 -0500] "GET /arcgis/services/Calidad_del_Agua_WQI/MapServer/WMSServer?SERVICE=WMS&REQUEST=GetCapabilities HTTP/1.1" 503 1020
152.61.192.232 - - [26/Mar/2022:00:52:49 -0500] "GET /arcgis/services/Calidad_del_Agua_WQI/MapServer/WMSServer?WMTVER=1.0.0&REQUEST=capabilities HTTP/1.1" 503 1020
172.22.2.4 - - [26/Mar/2022:00:52:33 -0500] "HEAD /BLA/boletinlegal/ HTTP/1.1" 200 -
66.249.73.97 - - [26/Mar/2022:00:54:45 -0500] "-" 408 -
172.22.2.4 - - [26/Mar/2022:00:53:23 -0500] "GET /BLA/boletinlegal/ HTTP/1.1" 200 59170
216.245.221.92 - - [26/Mar/2022:00:57:25 -0500] "HEAD / HTTP/1.1" 200 -
207.46.13.209 - - [26/Mar/2022:00:58:50 -0500] "GET /BLA/resoluciones/RESOLUCIONES%202006/1869.tif HTTP/1.1" 200 424816
172.22.2.4 - - [26/Mar/2022:00:58:23 -0500] "HEAD /BLA/boletinlegal/ HTTP/1.1" 200 -
172.22.2.4 - - [26/Mar/2022:00:59:13 -0500] "GET /BLA/boletinlegal/ HTTP/1.1" 200 60105
152.61.128.50 - - [26/Mar/2022:01:00:56 -0500] "GET /arcgis/services/Calidad_del_Agua_WQI/MapServer/WMSServer?request=GetCapabilities&service=WMS HTTP/1.1" 503 1020
152.61.128.50 - - [26/Mar/2022:01:00:57 -0500] "GET /arcgis/services/Calidad_del_Agua_WQI/MapServer/WMSServer?SERVICE=WMS&REQUEST=GetCapabilities HTTP/1.1" 503 1020
152.61.128.50 - - [26/Mar/2022:01:00:58 -0500] "GET /arcgis/services/Calidad_del_Agua_WQI/MapServer/WMSServer?WMTVER=1.0.0&REQUEST=capabilities HTTP/1.1" 503 1020
66.249.73.127 - - [26/Mar/2022:01:01:35 -0500] "-" 408 -
216.245.221.92 - - [26/Mar/2022:01:02:25 -0500] "HEAD / HTTP/1.1" 200 -
201.245.192.253 - - [26/Mar/2022:01:01:45 -0500] "POST /kwsrmcab/Wsrmcab HTTP/1.1" 200 114643
172.22.2.4 - - [26/Mar/2022:01:04:13 -0500] "HEAD /BLA/boletinlegal/ HTTP/1.1" 200 -
172.22.2.4 - - [26/Mar/2022:01:05:03 -0500] "GET /BLA/boletinlegal/ HTTP/1.1" 200 60486
69.63.184.118 - - [26/Mar/2022:01:07:06 -0500] "GET /images/feria-servicios-ambiental-barrios-unidos-17-marzo.jpg HTTP/1.1" 200 58797
216.245.221.92 - - [26/Mar/2022:01:07:25 -0500] "HEAD / HTTP/1.1" 200 -
172.22.2.4 - - [26/Mar/2022:01:10:03 -0500] "HEAD /BLA/boletinlegal/ HTTP/1.1" 200 -
216.245.221.92 - - [26/Mar/2022:01:12:25 -0500] "HEAD / HTTP/1.1" 200 -
172.22.2.4 - - [26/Mar/2022:01:10:53 -0500] "GET /BLA/boletinlegal/ HTTP/1.1" 200 61416
201.245.192.253 - - [26/Mar/2022:01:11:46 -0500] "POST /kwsrmcab/Wsrmcab HTTP/1.1" 200 114617
40.77.167.46 - - [26/Mar/2022:01:15:54 -0500] "GET /bla/resoluciones/notificaciones/registros%202015/0103.doc HTTP/1.1" 200 199680
216.245.221.92 - - [26/Mar/2022:01:17:25 -0500] "HEAD / HTTP/1.1" 200 -
172.22.2.4 - - [26/Mar/2022:01:15:53 -0500] "HEAD /BLA/boletinlegal/ HTTP/1.1" 200 -
172.22.2.4 - - [26/Mar/2022:01:16:43 -0500] "GET /BLA/boletinlegal/ HTTP/1.1" 200 59170
207.46.13.179 - - [26/Mar/2022:01:18:37 -0500] "GET /Residuos/maderas/maderas.html HTTP/1.1" 304 -
172.22.2.4 - - [26/Mar/2022:01:20:22 -0500] "GET /BLA/boletinlegal/actos.php HTTP/1.1" 200 9555
40.77.167.41 - - [26/Mar/2022:01:21:15 -0500] "GET /images/pieza-grafica-residuos-hospitalarios-14-enero-2022.jpg HTTP/1.1" 200 21456
201.245.192.253 - - [26/Mar/2022:01:20:52 -0500] "POST /kwsrmcab/Wsrmcab HTTP/1.1" 200 44690
216.245.221.92 - - [26/Mar/2022:01:22:25 -0500] "HEAD / HTTP/1.1" 200 -
201.245.192.253 - - [26/Mar/2022:01:21:41 -0500] "POST /kwsrmcab/Wsrmcab HTTP/1.1" 200 45118
172.22.2.4 - - [26/Mar/2022:01:21:43 -0500] "HEAD /BLA/boletinlegal/ HTTP/1.1" 200 -
201.245.192.253 - - [26/Mar/2022:01:22:37 -0500] "POST /kwsrmcab/Wsrmcab HTTP/1.1" 200 114617
66.249.73.97 - - [26/Mar/2022:01:24:12 -0500] "-" 408 -
172.22.2.4 - - [26/Mar/2022:01:22:33 -0500] "GET /BLA/boletinlegal/ HTTP/1.1" 200 59170
216.245.221.92 - - [26/Mar/2022:01:27:25 -0500] "HEAD / HTTP/1.1" 200 -
172.22.2.4 - - [26/Mar/2022:01:27:33 -0500] "HEAD /BLA/boletinlegal/ HTTP/1.1" 200 -
172.22.2.4 - - [26/Mar/2022:01:28:23 -0500] "GET /BLA/boletinlegal/ HTTP/1.1" 200 58588
201.245.192.253 - - [26/Mar/2022:01:30:53 -0500] "POST /kwsrmcab/Wsrmcab HTTP/1.1" 200 44690
40.77.167.46 - - [26/Mar/2022:01:31:44 -0500] "GET /BLA/resoluciones/00001401.tif HTTP/1.1" 404 1018
216.245.221.92 - - [26/Mar/2022:01:32:25 -0500] "HEAD / HTTP/1.1" 200 -
201.245.192.253 - - [26/Mar/2022:01:31:42 -0500] "POST /kwsrmcab/Wsrmcab HTTP/1.1" 200 45118
201.245.192.253 - - [26/Mar/2022:01:32:01 -0500] "POST /kwsrmcab/Wsrmcab HTTP/1.1" 200 114617
172.22.2.4 - - [26/Mar/2022:01:33:23 -0500] "HEAD /BLA/boletinlegal/ HTTP/1.1" 200 -
172.22.2.4 - - [26/Mar/2022:01:34:13 -0500] "GET /BLA/boletinlegal/ HTTP/1.1" 200 54457
212.129.62.32 - - [26/Mar/2022:01:36:08 -0500] "GET /documents/10184/2325415/pieza-concurso-buenas-practicas-20-septiembre.jpg HTTP/1.1" 404 1030
40.77.167.46 - - [26/Mar/2022:01:36:16 -0500] "GET /bla/resoluciones/notificaciones/autos%202020/00048.pdf HTTP/1.1" 200 286093
216.245.221.92 - - [26/Mar/2022:01:37:25 -0500] "HEAD / HTTP/1.1" 200 -
172.22.2.4 - - [26/Mar/2022:01:38:45 -0500] "GET /BLA/boletinlegal/ HTTP/1.1" 200 36811
207.46.13.43 - - [26/Mar/2022:01:39:55 -0500] "GET /bla/resoluciones/resoluciones%202021/4877.pdf HTTP/1.1" 200 346172
34.90.182.27 - - [26/Mar/2022:01:40:18 -0500] "GET / HTTP/1.1" 200 319
172.22.2.4 - - [26/Mar/2022:01:39:13 -0500] "HEAD /BLA/boletinlegal/ HTTP/1.1" 200 -
66.249.74.29 - - [26/Mar/2022:01:41:23 -0500] "-" 408 -
201.245.192.253 - - [26/Mar/2022:01:40:52 -0500] "POST /kwsrmcab/Wsrmcab HTTP/1.1" 200 44690
172.22.2.4 - - [26/Mar/2022:01:40:03 -0500] "GET /BLA/boletinlegal/ HTTP/1.1" 200 50602
216.245.221.92 - - [26/Mar/2022:01:42:25 -0500] "HEAD / HTTP/1.1" 200 -
200.119.151.11 - - [26/Mar/2022:01:42:27 -0500] "GET /galeria/galeria/jquery.fancybox.css?v=2.1.5 HTTP/1.1" 200 4895
201.245.192.253 - - [26/Mar/2022:01:41:43 -0500] "POST /kwsrmcab/Wsrmcab HTTP/1.1" 200 45118
201.245.192.253 - - [26/Mar/2022:01:42:00 -0500] "POST /kwsrmcab/Wsrmcab HTTP/1.1" 200 114617
66.248.204.105 - - [26/Mar/2022:01:44:03 -0500] "GET /images/jornada-llantaton-usaquen-bosa-25-marzo.jpg HTTP/1.1" 200 60391
144.76.22.207 - - [26/Mar/2022:01:45:34 -0500] "-" 408 -
207.46.13.186 - - [26/Mar/2022:01:46:27 -0500] "GET /portaldeninos/wp-content/uploads/2021/11/plantacion-ni%C3%B1os-humedal-la-conejera-ni%C3%B1os-20-junio-1200x480.jpg HTTP/1.1" 200 147123
172.22.2.4 - - [26/Mar/2022:01:45:03 -0500] "HEAD /BLA/boletinlegal/ HTTP/1.1" 200 -
66.249.73.127 - - [26/Mar/2022:01:47:05 -0500] "-" 408 -
216.245.221.92 - - [26/Mar/2022:01:47:25 -0500] "HEAD / HTTP/1.1" 200 -
172.22.2.4 - - [26/Mar/2022:01:45:53 -0500] "GET /BLA/boletinlegal/ HTTP/1.1" 200 59170
172.22.2.4 - - [26/Mar/2022:01:48:17 -0500] "GET /BLA/boletinlegal/owa/auth/logon.aspx?url=https%3a%2f%2f1%2fecp%2f HTTP/1.1" 404 1018
66.249.74.25 - - [26/Mar/2022:01:49:08 -0500] "-" 408 -
172.22.2.4 - - [26/Mar/2022:01:49:14 -0500] "GET /BLA/boletinlegal/ecp/Current/exporttool/microsoft.exchange.ediscovery.exporttool.application HTTP/1.1" 404 1018
207.46.13.157 - - [26/Mar/2022:01:49:23 -0500] "GET /bla/resoluciones/resoluciones%202021/5500.pdf HTTP/1.1" 200 422638
172.22.2.4 - - [26/Mar/2022:01:50:22 -0500] "GET /BLA/boletinlegal/robots.txt HTTP/1.1" 404 1038
172.22.2.4 - - [26/Mar/2022:01:50:22 -0500] "GET /BLA/boletinlegal/ HTTP/1.1" 200 52081
216.245.221.92 - - [26/Mar/2022:01:52:25 -0500] "HEAD / HTTP/1.1" 200 -
201.245.192.253 - - [26/Mar/2022:01:51:44 -0500] "POST /kwsrmcab/Wsrmcab HTTP/1.1" 200 114617
172.22.2.4 - - [26/Mar/2022:01:50:53 -0500] "HEAD /BLA/boletinlegal/ HTTP/1.1" 200 -
172.22.2.4 - - [26/Mar/2022:01:51:43 -0500] "GET /BLA/boletinlegal/ HTTP/1.1" 200 57044
191.156.185.117 - - [26/Mar/2022:01:56:55 -0500] "GET /BLA/boletinlegal/js/jquery.scrollShow.js HTTP/1.1" 200 4586
191.156.185.117 - - [26/Mar/2022:01:56:55 -0500] "GET /galeria/galeria/jquery.fancybox.css?v=2.1.5 HTTP/1.1" 200 4895
191.156.185.191 - - [26/Mar/2022:01:56:55 -0500] "GET /galeria/galeria/jquery.fancybox.js?v=2.1.5 HTTP/1.1" 200 48706
216.245.221.92 - - [26/Mar/2022:01:57:25 -0500] "HEAD / HTTP/1.1" 200 -
65.21.228.167 - - [26/Mar/2022:01:57:43 -0500] "GET /BLA/resoluciones/AUTOS%202021/4499.pdf HTTP/1.1" 200 1204146
207.46.13.43 - - [26/Mar/2022:01:57:56 -0500] "GET /BLA/resoluciones/0971.tif HTTP/1.1" 404 1018
172.22.2.4 - - [26/Mar/2022:01:56:43 -0500] "HEAD /BLA/boletinlegal/ HTTP/1.1" 200 -
157.55.39.149 - - [26/Mar/2022:01:58:27 -0500] "-" 408 -
172.22.2.4 - - [26/Mar/2022:01:57:33 -0500] "GET /BLA/boletinlegal/ HTTP/1.1" 200 58588
216.245.221.92 - - [26/Mar/2022:02:02:25 -0500] "HEAD / HTTP/1.1" 200 -
201.245.192.253 - - [26/Mar/2022:02:01:47 -0500] "POST /kwsrmcab/Wsrmcab HTTP/1.1" 200 114617
207.46.13.43 - - [26/Mar/2022:02:02:36 -0500] "GET /sia/ HTTP/1.1" 304 -
66.249.73.97 - - [26/Mar/2022:02:03:59 -0500] "-" 408 -
172.22.2.4 - - [26/Mar/2022:02:02:33 -0500] "HEAD /BLA/boletinlegal/ HTTP/1.1" 200 -
172.22.2.4 - - [26/Mar/2022:02:03:23 -0500] "GET /BLA/boletinlegal/ HTTP/1.1" 200 59170
216.245.221.92 - - [26/Mar/2022:02:07:25 -0500] "HEAD / HTTP/1.1" 200 -
172.22.2.4 - - [26/Mar/2022:02:08:23 -0500] "HEAD /BLA/boletinlegal/ HTTP/1.1" 200 -
172.22.2.4 - - [26/Mar/2022:02:09:13 -0500] "GET /BLA/boletinlegal/ HTTP/1.1" 200 61416
216.245.221.92 - - [26/Mar/2022:02:12:25 -0500] "HEAD / HTTP/1.1" 200 -
201.245.192.253 - - [26/Mar/2022:02:12:01 -0500] "POST /kwsrmcab/Wsrmcab HTTP/1.1" 200 114638
66.249.73.127 - - [26/Mar/2022:02:13:53 -0500] "-" 408 -
172.22.2.4 - - [26/Mar/2022:02:14:13 -0500] "HEAD /BLA/boletinlegal/ HTTP/1.1" 200 -
172.22.2.4 - - [26/Mar/2022:02:15:03 -0500] "GET /BLA/boletinlegal/ HTTP/1.1" 200 58588
216.245.221.92 - - [26/Mar/2022:02:17:25 -0500] "HEAD / HTTP/1.1" 200 -
157.55.39.52 - - [26/Mar/2022:02:20:53 -0500] "GET /inicio/author/hmdlsbta2018/ HTTP/1.1" 404 1049
66.249.73.97 - - [26/Mar/2022:02:20:53 -0500] "-" 408 -
201.245.192.253 - - [26/Mar/2022:02:20:52 -0500] "POST /kwsrmcab/Wsrmcab HTTP/1.1" 200 44822
172.22.2.4 - - [26/Mar/2022:02:20:03 -0500] "HEAD /BLA/boletinlegal/ HTTP/1.1" 200 -
201.245.192.253 - - [26/Mar/2022:02:21:37 -0500] "POST /kwsrmcab/Wsrmcab HTTP/1.1" 200 45139
216.245.221.92 - - [26/Mar/2022:02:22:25 -0500] "HEAD / HTTP/1.1" 200 -
172.22.2.4 - - [26/Mar/2022:02:20:53 -0500] "GET /BLA/boletinlegal/ HTTP/1.1" 200 59170
201.245.192.253 - - [26/Mar/2022:02:21:52 -0500] "POST /kwsrmcab/Wsrmcab HTTP/1.1" 200 114638
207.46.13.157 - - [26/Mar/2022:02:22:46 -0500] "GET /bla/resoluciones/resoluciones%202021/5503.pdf HTTP/1.1" 200 857114
216.245.221.92 - - [26/Mar/2022:02:27:25 -0500] "HEAD / HTTP/1.1" 200 -
172.22.2.4 - - [26/Mar/2022:02:25:47 -0500] "GET /BLA/boletinlegal/ HTTP/1.1" 200 54457
207.46.13.179 - - [26/Mar/2022:02:27:31 -0500] "GET /bla/resoluciones/resoluciones%202021/5514.pdf HTTP/1.1" 200 404405
172.22.2.4 - - [26/Mar/2022:02:25:53 -0500] "HEAD /BLA/boletinlegal/ HTTP/1.1" 200 -
66.249.73.127 - - [26/Mar/2022:02:27:43 -0500] "-" 408 -
40.77.167.46 - - [26/Mar/2022:02:28:11 -0500] "GET /BLA/resoluciones/RESOLUCIONES%202018/0730.pdf HTTP/1.1" 304 -
172.22.2.4 - - [26/Mar/2022:02:26:43 -0500] "GET /BLA/boletinlegal/ HTTP/1.1" 200 57044
201.245.192.253 - - [26/Mar/2022:02:30:52 -0500] "POST /kwsrmcab/Wsrmcab HTTP/1.1" 200 44822
201.245.192.253 - - [26/Mar/2022:02:31:38 -0500] "POST /kwsrmcab/Wsrmcab HTTP/1.1" 200 45139
216.245.221.92 - - [26/Mar/2022:02:32:25 -0500] "HEAD / HTTP/1.1" 200 -
201.245.192.253 - - [26/Mar/2022:02:31:42 -0500] "POST /kwsrmcab/Wsrmcab HTTP/1.1" 200 114638
172.22.2.4 - - [26/Mar/2022:02:31:43 -0500] "HEAD /BLA/boletinlegal/ HTTP/1.1" 200 -
20.36.244.102 - - [26/Mar/2022:02:33:15 -0500] "GET /noticias/rssambiente.php HTTP/1.1" 406 -
66.249.73.127 - - [26/Mar/2022:02:33:38 -0500] "-" 408 -
172.22.2.4 - - [26/Mar/2022:02:32:33 -0500] "GET /BLA/boletinlegal/ HTTP/1.1" 200 59688
172.22.2.4 - - [26/Mar/2022:02:35:45 -0500] "GET /BLA/boletinlegal/robots.txt HTTP/1.1" 404 1140
216.245.221.92 - - [26/Mar/2022:02:37:25 -0500] "HEAD / HTTP/1.1" 200 -
207.46.13.179 - - [26/Mar/2022:02:38:22 -0500] "GET /galeria/galeria/fotos/Humedal-techo3G.jpg HTTP/1.1" 200 378344
172.22.2.4 - - [26/Mar/2022:02:37:33 -0500] "HEAD /BLA/boletinlegal/ HTTP/1.1" 200 -
186.85.1.23 - - [26/Mar/2022:02:39:54 -0500] "GET /BLA/resoluciones/AUTOS%202011/4360.pdf HTTP/1.1" 200 162717
172.22.2.4 - - [26/Mar/2022:02:38:23 -0500] "GET /BLA/boletinlegal/ HTTP/1.1" 200 61416
66.249.73.127 - - [26/Mar/2022:02:40:44 -0500] "-" 408 -
201.245.192.253 - - [26/Mar/2022:02:40:52 -0500] "POST /kwsrmcab/Wsrmcab HTTP/1.1" 200 44822
216.245.221.92 - - [26/Mar/2022:02:42:25 -0500] "HEAD / HTTP/1.1" 200 -
201.245.192.253 - - [26/Mar/2022:02:41:41 -0500] "POST /kwsrmcab/Wsrmcab HTTP/1.1" 200 45139
201.245.192.253 - - [26/Mar/2022:02:42:04 -0500] "POST /kwsrmcab/Wsrmcab HTTP/1.1" 200 114638
172.22.2.4 - - [26/Mar/2022:02:43:23 -0500] "HEAD /BLA/boletinlegal/ HTTP/1.1" 200 -
173.252.107.10 - - [26/Mar/2022:02:45:35 -0500] "GET /con-camaras-trampa-y-otras-metodologias-secretaria-de-ambiente-evalua-la-fauna-y-flora-de-bogota.html HTTP/1.1" 206 1096
173.252.107.22 - - [26/Mar/2022:02:45:35 -0500] "GET /con-camaras-trampa-y-otras-metodologias-secretaria-de-ambiente-evalua-la-fauna-y-flora-de-bogota.html HTTP/1.1" 206 1096
172.22.2.4 - - [26/Mar/2022:02:44:14 -0500] "GET /BLA/boletinlegal/ HTTP/1.1" 200 59170
216.245.221.92 - - [26/Mar/2022:02:47:25 -0500] "HEAD / HTTP/1.1" 200 -
66.249.73.127 - - [26/Mar/2022:02:47:54 -0500] "-" 408 -
172.22.2.4 - - [26/Mar/2022:02:49:13 -0500] "HEAD /BLA/boletinlegal/ HTTP/1.1" 200 -
172.22.2.4 - - [26/Mar/2022:02:50:03 -0500] "GET /BLA/boletinlegal/ HTTP/1.1" 200 54090
216.245.221.92 - - [26/Mar/2022:02:52:25 -0500] "HEAD / HTTP/1.1" 200 -
201.245.192.253 - - [26/Mar/2022:02:51:52 -0500] "POST /kwsrmcab/Wsrmcab HTTP/1.1" 200 114638
157.55.39.218 - - [26/Mar/2022:02:53:44 -0500] "GET /BLA/resoluciones/RESOLUCIONES%202006/1817.tif HTTP/1.1" 200 204054
172.22.2.4 - - [26/Mar/2022:02:55:03 -0500] "HEAD /BLA/boletinlegal/ HTTP/1.1" 200 -
216.245.221.92 - - [26/Mar/2022:02:57:25 -0500] "HEAD / HTTP/1.1" 200 -
172.22.2.4 - - [26/Mar/2022:02:55:53 -0500] "GET /BLA/boletinlegal/ HTTP/1.1" 200 54090
157.55.39.218 - - [26/Mar/2022:02:57:54 -0500] "GET /BLA/resoluciones/1225.tif HTTP/1.1" 404 1018
66.249.73.127 - - [26/Mar/2022:02:57:58 -0500] "-" 408 -
172.22.2.4 - - [26/Mar/2022:02:58:12 -0500] "GET /BLA/boletinlegal/ HTTP/1.1" 200 20427
192.241.224.162 - - [26/Mar/2022:03:00:43 -0500] "GET / HTTP/1.1" 200 319
157.55.39.132 - - [26/Mar/2022:03:00:55 -0500] "-" 408 -
207.46.13.178 - - [26/Mar/2022:03:01:56 -0500] "GET /portaldeninos/wp-content/uploads/2021/11/pieza-relatos-semana-ambiental-bogota-1-junio-1024x576.jpg HTTP/1.1" 200 118772
40.77.167.61 - - [26/Mar/2022:03:02:01 -0500] "GET / HTTP/1.1" 200 319
216.245.221.92 - - [26/Mar/2022:03:02:24 -0500] "HEAD / HTTP/1.1" 200 -
172.22.2.4 - - [26/Mar/2022:03:00:53 -0500] "HEAD /BLA/boletinlegal/ HTTP/1.1" 200 -
201.245.192.253 - - [26/Mar/2022:03:02:12 -0500] "POST /kwsrmcab/Wsrmcab HTTP/1.1" 200 114638
172.22.2.4 - - [26/Mar/2022:03:01:43 -0500] "GET /BLA/boletinlegal/ HTTP/1.1" 200 59170
66.249.73.127 - - [26/Mar/2022:03:04:55 -0500] "-" 408 -
207.46.13.43 - - [26/Mar/2022:03:05:22 -0500] "GET /galeria/mapa/3MapaBogot%C3%A1.jpg HTTP/1.1" 200 688183
194.61.28.220 - - [26/Mar/2022:03:05:42 -0500] "HEAD /wordpress HTTP/1.1" 404 -
194.61.28.220 - - [26/Mar/2022:03:05:42 -0500] "HEAD / HTTP/1.1" 200 -
194.61.28.220 - - [26/Mar/2022:03:05:42 -0500] "HEAD /wp HTTP/1.1" 404 -
194.61.28.220 - - [26/Mar/2022:03:05:42 -0500] "HEAD /bc HTTP/1.1" 404 -
194.61.28.220 - - [26/Mar/2022:03:05:42 -0500] "HEAD /bk HTTP/1.1" 404 -
194.61.28.220 - - [26/Mar/2022:03:05:42 -0500] "HEAD /backup HTTP/1.1" 404 -
194.61.28.220 - - [26/Mar/2022:03:05:43 -0500] "HEAD /old HTTP/1.1" 404 -
194.61.28.220 - - [26/Mar/2022:03:05:43 -0500] "HEAD /new HTTP/1.1" 404 -
194.61.28.220 - - [26/Mar/2022:03:05:43 -0500] "HEAD /main HTTP/1.1" 404 -
194.61.28.220 - - [26/Mar/2022:03:05:43 -0500] "HEAD /home HTTP/1.1" 404 -
216.245.221.92 - - [26/Mar/2022:03:07:25 -0500] "HEAD / HTTP/1.1" 200 -
67.211.81.8 - - [26/Mar/2022:03:07:36 -0500] "GET / HTTP/1.1" 200 319
172.22.2.4 - - [26/Mar/2022:03:06:43 -0500] "HEAD /BLA/boletinlegal/ HTTP/1.1" 200 -
172.22.2.4 - - [26/Mar/2022:03:07:33 -0500] "GET /BLA/boletinlegal/ HTTP/1.1" 200 61416
207.46.13.179 - - [26/Mar/2022:03:09:25 -0500] "GET /forest/ HTTP/1.1" 200 12041
216.245.221.92 - - [26/Mar/2022:03:12:24 -0500] "HEAD / HTTP/1.1" 200 -
201.245.192.253 - - [26/Mar/2022:03:12:01 -0500] "POST /kwsrmcab/Wsrmcab HTTP/1.1" 200 114634
66.249.73.97 - - [26/Mar/2022:03:13:03 -0500] "-" 408 -
172.22.2.4 - - [26/Mar/2022:03:12:33 -0500] "HEAD /BLA/boletinlegal/ HTTP/1.1" 200 -
207.46.13.209 - - [26/Mar/2022:03:14:34 -0500] "GET /bla/resoluciones/resoluciones%202021/5504.pdf HTTP/1.1" 200 453386
172.22.2.4 - - [26/Mar/2022:03:13:23 -0500] "GET /BLA/boletinlegal/ HTTP/1.1" 200 52945
207.46.13.179 - - [26/Mar/2022:03:15:44 -0500] "GET /forest/ HTTP/1.1" 200 12041
216.245.221.92 - - [26/Mar/2022:03:17:25 -0500] "HEAD / HTTP/1.1" 200 -
66.249.73.127 - - [26/Mar/2022:03:18:41 -0500] "-" 408 -
157.55.39.218 - - [26/Mar/2022:03:18:57 -0500] "GET /bla/resoluciones/resoluciones%202021/4574.pdf HTTP/1.1" 200 468197
172.22.2.4 - - [26/Mar/2022:03:18:23 -0500] "HEAD /BLA/boletinlegal/ HTTP/1.1" 200 -
172.22.2.4 - - [26/Mar/2022:03:20:07 -0500] "GET /BLA/boletinlegal/ HTTP/1.1" 200 24523
172.22.2.4 - - [26/Mar/2022:03:19:13 -0500] "GET /BLA/boletinlegal/ HTTP/1.1" 200 55877
31.13.115.13 - - [26/Mar/2022:03:21:34 -0500] "GET /images/jornada-llantaton-usaquen-bosa-25-marzo.jpg HTTP/1.1" 200 60391
173.252.107.2 - - [26/Mar/2022:03:21:35 -0500] "GET /images/jornada-llantaton-usaquen-bosa-25-marzo.jpg HTTP/1.1" 200 60391
173.252.107.2 - - [26/Mar/2022:03:21:35 -0500] "GET /cerca-de-mil-llantas-fueron-recolectadas-en-usaquen-y-bosa.html HTTP/1.1" 206 952
173.252.107.118 - - [26/Mar/2022:03:21:35 -0500] "GET /cerca-de-mil-llantas-fueron-recolectadas-en-usaquen-y-bosa.html HTTP/1.1" 206 952
201.245.192.253 - - [26/Mar/2022:03:20:53 -0500] "POST /kwsrmcab/Wsrmcab HTTP/1.1" 200 44849
216.245.221.92 - - [26/Mar/2022:03:22:24 -0500] "HEAD / HTTP/1.1" 200 -
201.245.192.253 - - [26/Mar/2022:03:21:43 -0500] "POST /kwsrmcab/Wsrmcab HTTP/1.1" 200 45135
201.245.192.253 - - [26/Mar/2022:03:22:08 -0500] "POST /kwsrmcab/Wsrmcab HTTP/1.1" 200 114634
157.55.39.218 - - [26/Mar/2022:03:22:57 -0500] "GET /BLA/resoluciones/index.php?dir=AUTOS+2021%2F HTTP/1.1" 200 336570
207.46.13.157 - - [26/Mar/2022:03:24:21 -0500] "GET /BLA/resoluciones/index.php?dir=AUTOS+2019%2F HTTP/1.1" 200 339882
66.249.73.127 - - [26/Mar/2022:03:25:05 -0500] "-" 408 -
172.22.2.4 - - [26/Mar/2022:03:24:12 -0500] "HEAD /BLA/boletinlegal/ HTTP/1.1" 200 -
172.22.2.4 - - [26/Mar/2022:03:25:03 -0500] "GET /BLA/boletinlegal/ HTTP/1.1" 200 52945
216.245.221.92 - - [26/Mar/2022:03:27:24 -0500] "HEAD / HTTP/1.1" 200 -
40.77.167.46 - - [26/Mar/2022:03:27:35 -0500] "GET /BLA/resoluciones/AUTOS%202019/5246.pdf HTTP/1.1" 200 350417
66.249.73.127 - - [26/Mar/2022:03:31:34 -0500] "-" 408 -
201.245.192.253 - - [26/Mar/2022:03:30:52 -0500] "POST /kwsrmcab/Wsrmcab HTTP/1.1" 200 44849
172.22.2.4 - - [26/Mar/2022:03:30:03 -0500] "HEAD /BLA/boletinlegal/ HTTP/1.1" 200 -
216.245.221.92 - - [26/Mar/2022:03:32:24 -0500] "HEAD / HTTP/1.1" 200 -
201.245.192.253 - - [26/Mar/2022:03:31:41 -0500] "POST /kwsrmcab/Wsrmcab HTTP/1.1" 200 45135
172.22.2.4 - - [26/Mar/2022:03:30:53 -0500] "GET /BLA/boletinlegal/ HTTP/1.1" 200 60932
201.245.192.253 - - [26/Mar/2022:03:31:51 -0500] "POST /kwsrmcab/Wsrmcab HTTP/1.1" 200 114634
216.245.221.92 - - [26/Mar/2022:03:37:24 -0500] "HEAD / HTTP/1.1" 200 -
172.22.2.4 - - [26/Mar/2022:03:35:53 -0500] "HEAD /BLA/boletinlegal/ HTTP/1.1" 200 -
172.22.2.4 - - [26/Mar/2022:03:36:43 -0500] "GET /BLA/boletinlegal/ HTTP/1.1" 200 61416
66.249.73.127 - - [26/Mar/2022:03:39:06 -0500] "-" 408 -
207.46.13.43 - - [26/Mar/2022:03:39:19 -0500] "GET /sipse/faces/faces/autenticacion.xhtml HTTP/1.1" 200 12501
172.22.2.4 - - [26/Mar/2022:03:41:22 -0500] "GET /BLA/boletinlegal/actos.php HTTP/1.1" 200 9555
201.245.192.253 - - [26/Mar/2022:03:40:53 -0500] "POST /kwsrmcab/Wsrmcab HTTP/1.1" 200 44849
216.245.221.92 - - [26/Mar/2022:03:42:24 -0500] "HEAD / HTTP/1.1" 200 -
201.245.192.253 - - [26/Mar/2022:03:41:43 -0500] "POST /kwsrmcab/Wsrmcab HTTP/1.1" 200 45135
201.245.192.253 - - [26/Mar/2022:03:41:55 -0500] "POST /kwsrmcab/Wsrmcab HTTP/1.1" 200 114634
172.22.2.4 - - [26/Mar/2022:03:41:42 -0500] "HEAD /BLA/boletinlegal/ HTTP/1.1" 200 -
172.22.2.4 - - [26/Mar/2022:03:42:33 -0500] "GET /BLA/boletinlegal/ HTTP/1.1" 200 59170
66.249.73.127 - - [26/Mar/2022:03:46:18 -0500] "-" 408 -
216.245.221.92 - - [26/Mar/2022:03:47:24 -0500] "HEAD / HTTP/1.1" 200 -
34.141.145.61 - - [26/Mar/2022:03:47:27 -0500] "GET / HTTP/1.1" 200 319
172.22.2.4 - - [26/Mar/2022:03:47:32 -0500] "HEAD /BLA/boletinlegal/ HTTP/1.1" 200 -
104.140.188.2 - - [26/Mar/2022:03:49:18 -0500] "GET / HTTP/1.1" 200 319
172.22.2.4 - - [26/Mar/2022:03:48:23 -0500] "GET /BLA/boletinlegal/ HTTP/1.1" 200 60932
66.249.73.127 - - [26/Mar/2022:03:52:12 -0500] "-" 408 -
207.46.13.194 - - [26/Mar/2022:03:52:13 -0500] "GET /portaldeninos/wp-content/uploads/2021/04/pieza-dia-ruido-ambiental-recomendaciones-28-abril.jpg HTTP/1.1" 200 103751
216.245.221.92 - - [26/Mar/2022:03:52:24 -0500] "HEAD / HTTP/1.1" 200 -
201.245.192.253 - - [26/Mar/2022:03:51:49 -0500] "POST /kwsrmcab/Wsrmcab HTTP/1.1" 200 114634
172.22.2.4 - - [26/Mar/2022:03:52:44 -0500] "GET /BLA/boletinlegal/robots.txt HTTP/1.1" 404 1038
172.22.2.4 - - [26/Mar/2022:03:52:45 -0500] "GET /BLA/boletinlegal/index.php HTTP/1.1" 200 59688
172.22.2.4 - - [26/Mar/2022:03:53:22 -0500] "HEAD /BLA/boletinlegal/ HTTP/1.1" 200 -
172.22.2.4 - - [26/Mar/2022:03:54:13 -0500] "GET /BLA/boletinlegal/ HTTP/1.1" 200 58006
216.245.221.92 - - [26/Mar/2022:03:57:24 -0500] "HEAD / HTTP/1.1" 200 -
66.249.73.127 - - [26/Mar/2022:03:57:56 -0500] "-" 408 -
207.46.13.209 - - [26/Mar/2022:03:58:06 -0500] "GET /galeria/galeria/jquery.fancybox.js?v=2.1.5 HTTP/1.1" 200 48706
172.22.2.4 - - [26/Mar/2022:03:59:12 -0500] "HEAD /BLA/boletinlegal/ HTTP/1.1" 200 -
172.22.2.4 - - [26/Mar/2022:04:01:02 -0500] "GET /BLA/boletinlegal/remote/fgt_lang?lang=/../../../..//////////dev/ HTTP/1.1" 404 1018
172.22.2.4 - - [26/Mar/2022:04:00:03 -0500] "GET /BLA/boletinlegal/ HTTP/1.1" 200 52945
216.245.221.92 - - [26/Mar/2022:04:02:24 -0500] "HEAD / HTTP/1.1" 200 -
201.245.192.253 - - [26/Mar/2022:04:01:57 -0500] "POST /kwsrmcab/Wsrmcab HTTP/1.1" 200 114634
203.243.221.67 - - [26/Mar/2022:04:02:51 -0500] "-" 408 -
66.249.73.127 - - [26/Mar/2022:04:05:20 -0500] "-" 408 -
172.22.2.4 - - [26/Mar/2022:04:05:02 -0500] "HEAD /BLA/boletinlegal/ HTTP/1.1" 200 -
216.245.221.92 - - [26/Mar/2022:04:07:24 -0500] "HEAD / HTTP/1.1" 200 -
172.22.2.4 - - [26/Mar/2022:04:05:53 -0500] "GET /BLA/boletinlegal/ HTTP/1.1" 200 59688
207.46.13.209 - - [26/Mar/2022:04:09:29 -0500] "GET /bla/resoluciones/resoluciones%202021/2988.pdf HTTP/1.1" 200 380110
66.249.73.127 - - [26/Mar/2022:04:11:17 -0500] "-" 408 -
184.105.247.252 - - [26/Mar/2022:04:11:57 -0500] "GET / HTTP/1.1" 200 319
216.245.221.92 - - [26/Mar/2022:04:12:24 -0500] "HEAD / HTTP/1.1" 200 -
172.22.2.4 - - [26/Mar/2022:04:10:52 -0500] "HEAD /BLA/boletinlegal/ HTTP/1.1" 200 -
201.245.192.253 - - [26/Mar/2022:04:12:05 -0500] "POST /kwsrmcab/Wsrmcab HTTP/1.1" 200 114632
172.22.2.4 - - [26/Mar/2022:04:11:43 -0500] "GET /BLA/boletinlegal/ HTTP/1.1" 200 61416
216.245.221.92 - - [26/Mar/2022:04:17:24 -0500] "HEAD / HTTP/1.1" 200 -
172.22.2.4 - - [26/Mar/2022:04:16:42 -0500] "HEAD /BLA/boletinlegal/ HTTP/1.1" 200 -
172.22.2.4 - - [26/Mar/2022:04:17:33 -0500] "GET /BLA/boletinlegal/ HTTP/1.1" 200 59170
201.245.192.253 - - [26/Mar/2022:04:20:52 -0500] "POST /kwsrmcab/Wsrmcab HTTP/1.1" 200 44833
216.245.221.92 - - [26/Mar/2022:04:22:24 -0500] "HEAD / HTTP/1.1" 200 -
201.245.192.253 - - [26/Mar/2022:04:21:42 -0500] "POST /kwsrmcab/Wsrmcab HTTP/1.1" 200 45133
201.245.192.253 - - [26/Mar/2022:04:21:42 -0500] "POST /kwsrmcab/Wsrmcab HTTP/1.1" 200 114632
172.22.2.4 - - [26/Mar/2022:04:22:32 -0500] "HEAD /BLA/boletinlegal/ HTTP/1.1" 200 -
172.22.2.4 - - [26/Mar/2022:04:23:23 -0500] "GET /BLA/boletinlegal/ HTTP/1.1" 200 61416
216.245.221.92 - - [26/Mar/2022:04:27:24 -0500] "HEAD / HTTP/1.1" 200 -
207.46.13.209 - - [26/Mar/2022:04:28:40 -0500] "GET /bla/resoluciones/resoluciones%202021/4884.pdf HTTP/1.1" 200 349312
172.22.2.4 - - [26/Mar/2022:04:28:22 -0500] "HEAD /BLA/boletinlegal/ HTTP/1.1" 200 -
66.249.73.127 - - [26/Mar/2022:04:30:22 -0500] "-" 408 -
207.46.13.43 - - [26/Mar/2022:04:30:41 -0500] "GET /BLA/resoluciones/RESOLUCIONES%202019/1786.pdf HTTP/1.1" 304 -
172.22.2.4 - - [26/Mar/2022:04:29:13 -0500] "GET /BLA/boletinlegal/ HTTP/1.1" 200 60486
201.245.192.253 - - [26/Mar/2022:04:30:52 -0500] "POST /kwsrmcab/Wsrmcab HTTP/1.1" 200 44833
207.46.13.209 - - [26/Mar/2022:04:32:19 -0500] "GET /galeria/galeria/fotos/Capellania1G.jpg HTTP/1.1" 200 373859
216.245.221.92 - - [26/Mar/2022:04:32:24 -0500] "HEAD / HTTP/1.1" 200 -
201.245.192.253 - - [26/Mar/2022:04:31:42 -0500] "POST /kwsrmcab/Wsrmcab HTTP/1.1" 200 45133
201.245.192.253 - - [26/Mar/2022:04:32:08 -0500] "POST /kwsrmcab/Wsrmcab HTTP/1.1" 200 114632
217.182.175.162 - - [26/Mar/2022:04:34:31 -0500] "HEAD /un-animal-adulto-espera-renacer-de-tu-mano-adopta.html HTTP/1.1" 200 -
217.182.175.162 - - [26/Mar/2022:04:34:31 -0500] "HEAD /cuando-un-humedal-es-tu-oficina-la-labor-de-los-administradores-de-estos-ecosistemas.html HTTP/1.1" 200 -
217.182.175.162 - - [26/Mar/2022:04:34:31 -0500] "HEAD /cerca-de-mil-llantas-fueron-recolectadas-en-usaquen-y-bosa.html HTTP/1.1" 200 -
207.46.13.179 - - [26/Mar/2022:04:34:43 -0500] "GET /bla/resoluciones/resoluciones%202021/4864.pdf HTTP/1.1" 200 359627
212.47.250.236 - - [26/Mar/2022:04:34:54 -0500] "GET /cuando-un-humedal-es-tu-oficina-la-labor-de-los-administradores-de-estos-ecosistemas.html HTTP/1.1" 200 957
172.22.2.4 - - [26/Mar/2022:04:34:12 -0500] "HEAD /BLA/boletinlegal/ HTTP/1.1" 200 -
157.55.39.218 - - [26/Mar/2022:04:36:14 -0500] "GET /BLA/resoluciones/index.php?dir=RESOLUCIONES+2021%2F HTTP/1.1" 200 299140
172.22.2.4 - - [26/Mar/2022:04:35:03 -0500] "GET /BLA/boletinlegal/ HTTP/1.1" 200 52945
216.245.221.92 - - [26/Mar/2022:04:37:24 -0500] "HEAD / HTTP/1.1" 200 -
40.77.167.46 - - [26/Mar/2022:04:39:42 -0500] "GET /BLA/resoluciones/RESOLUCIONES%202021/5441.pdf HTTP/1.1" 200 393532
207.46.13.179 - - [26/Mar/2022:04:39:43 -0500] "GET /BLA/resoluciones/RESOLUCIONES%202021/4917.pdf HTTP/1.1" 200 378349
157.55.39.218 - - [26/Mar/2022:04:39:43 -0500] "GET /BLA/resoluciones/RESOLUCIONES%202021/4876.pdf HTTP/1.1" 200 347470
40.77.167.46 - - [26/Mar/2022:04:39:52 -0500] "GET /BLA/resoluciones/RESOLUCIONES%202021/4147.pdf HTTP/1.1" 200 352243
201.245.192.253 - - [26/Mar/2022:04:40:52 -0500] "POST /kwsrmcab/Wsrmcab HTTP/1.1" 200 44833
172.22.2.4 - - [26/Mar/2022:04:40:02 -0500] "HEAD /BLA/boletinlegal/ HTTP/1.1" 200 -
216.245.221.92 - - [26/Mar/2022:04:42:24 -0500] "HEAD / HTTP/1.1" 200 -
201.245.192.253 - - [26/Mar/2022:04:41:42 -0500] "POST /kwsrmcab/Wsrmcab HTTP/1.1" 200 45133
172.22.2.4 - - [26/Mar/2022:04:40:53 -0500] "GET /BLA/boletinlegal/ HTTP/1.1" 200 60105
201.245.192.253 - - [26/Mar/2022:04:41:51 -0500] "POST /kwsrmcab/Wsrmcab HTTP/1.1" 200 114632
66.249.73.127 - - [26/Mar/2022:04:43:20 -0500] "-" 408 -
172.22.2.4 - - [26/Mar/2022:04:43:22 -0500] "GET /BLA/boletinlegal/jurisprudencia/analisis/AnalisisT-095-16.docx HTTP/1.1" 304 -
207.46.13.194 - - [26/Mar/2022:04:43:59 -0500] "GET / HTTP/1.1" 200 319
216.245.221.92 - - [26/Mar/2022:04:47:24 -0500] "HEAD / HTTP/1.1" 200 -
172.22.2.4 - - [26/Mar/2022:04:45:52 -0500] "HEAD /BLA/boletinlegal/ HTTP/1.1" 200 -
172.22.2.4 - - [26/Mar/2022:04:46:43 -0500] "GET /BLA/boletinlegal/ HTTP/1.1" 200 60932
157.55.39.218 - - [26/Mar/2022:04:51:25 -0500] "GET /BLA/resoluciones/AUTOS%202020/3848.pdf HTTP/1.1" 304 -
172.22.2.4 - - [26/Mar/2022:04:51:31 -0500] "GET /BLA/boletinlegal/robots.txt HTTP/1.1" 404 1038
216.245.221.92 - - [26/Mar/2022:04:52:24 -0500] "HEAD / HTTP/1.1" 200 -
201.245.192.253 - - [26/Mar/2022:04:51:59 -0500] "POST /kwsrmcab/Wsrmcab HTTP/1.1" 200 114632
172.22.2.4 - - [26/Mar/2022:04:51:39 -0500] "GET /BLA/boletinlegal/ HTTP/1.1" 200 55450
172.22.2.4 - - [26/Mar/2022:04:51:42 -0500] "HEAD /BLA/boletinlegal/ HTTP/1.1" 200 -
172.22.2.4 - - [26/Mar/2022:04:52:33 -0500] "GET /BLA/boletinlegal/ HTTP/1.1" 200 55877
172.22.2.4 - - [26/Mar/2022:04:56:03 -0500] "GET /BLA/boletinlegal/.env HTTP/1.1" 404 1018
207.46.13.43 - - [26/Mar/2022:04:56:23 -0500] "GET /BLA/resoluciones/AUTOS%202019/0899.pdf HTTP/1.1" 304 -
172.22.2.4 - - [26/Mar/2022:04:56:04 -0500] "POST /BLA/boletinlegal/ HTTP/1.1" 200 24523
216.245.221.92 - - [26/Mar/2022:04:57:24 -0500] "HEAD / HTTP/1.1" 200 -
207.46.13.43 - - [26/Mar/2022:04:57:25 -0500] "GET /BLA/resoluciones/AUTOS%202019/2594.pdf HTTP/1.1" 304 -
40.77.167.61 - - [26/Mar/2022:04:57:41 -0500] "GET /inicio/humedal-la-isla/ HTTP/1.1" 404 1049
157.55.39.218 - - [26/Mar/2022:04:59:06 -0500] "GET /bla/resoluciones/autos%202019/4456.pdf HTTP/1.1" 200 280962
172.22.2.4 - - [26/Mar/2022:04:57:32 -0500] "HEAD /BLA/boletinlegal/ HTTP/1.1" 200 -
207.46.13.209 - - [26/Mar/2022:04:59:42 -0500] "GET /galeria/galeria/fotos/Huemdal-Cordoba3G.jpg HTTP/1.1" 200 445563
172.22.2.4 - - [26/Mar/2022:04:58:23 -0500] "GET /BLA/boletinlegal/ HTTP/1.1" 200 60932
40.77.167.41 - - [26/Mar/2022:05:01:34 -0500] "GET /portaldeninos/wp-content/uploads/2021/07/Banners-p%C3%A1gina-de-ni%C3%B1os1.jpg HTTP/1.1" 404 67768
216.245.221.92 - - [26/Mar/2022:05:02:24 -0500] "HEAD / HTTP/1.1" 200 -
201.245.192.253 - - [26/Mar/2022:05:02:40 -0500] "POST /kwsrmcab/Wsrmcab HTTP/1.1" 200 114632
172.22.2.4 - - [26/Mar/2022:05:03:57 -0500] "GET /BLA/boletinlegal/conceptos.php HTTP/1.1" 200 7443
172.22.2.4 - - [26/Mar/2022:05:04:10 -0500] "GET /BLA/boletinlegal/js/ajax_conceptos.js HTTP/1.1" 200 1326
172.22.2.4 - - [26/Mar/2022:05:04:13 -0500] "GET /BLA/boletinlegal/style.css HTTP/1.1" 200 9406
172.22.2.4 - - [26/Mar/2022:05:04:15 -0500] "GET /BLA/boletinlegal/niceforms-default.css HTTP/1.1" 200 6694
172.22.2.4 - - [26/Mar/2022:05:04:16 -0500] "GET /BLA/boletinlegal/styles2.css HTTP/1.1" 200 1838
172.22.2.4 - - [26/Mar/2022:05:04:17 -0500] "GET /BLA/boletinlegal/niceforms.js HTTP/1.1" 200 22876
172.22.2.4 - - [26/Mar/2022:05:03:22 -0500] "HEAD /BLA/boletinlegal/ HTTP/1.1" 200 -
66.249.73.97 - - [26/Mar/2022:05:05:52 -0500] "-" 408 -
172.22.2.4 - - [26/Mar/2022:05:04:13 -0500] "GET /BLA/boletinlegal/ HTTP/1.1" 200 53739
186.84.21.245 - - [26/Mar/2022:05:07:09 -0500] "GET /las-mujeres-que-reverdecen-plantaron-arboles-nativos-en-san-cristobal.html HTTP/1.1" 200 901
216.245.221.92 - - [26/Mar/2022:05:07:24 -0500] "HEAD / HTTP/1.1" 200 -
172.22.2.4 - - [26/Mar/2022:05:09:12 -0500] "HEAD /BLA/boletinlegal/ HTTP/1.1" 200 -
172.22.2.4 - - [26/Mar/2022:05:10:02 -0500] "GET /BLA/boletinlegal/ HTTP/1.1" 200 61416
216.245.221.92 - - [26/Mar/2022:05:12:24 -0500] "HEAD / HTTP/1.1" 200 -
157.55.39.218 - - [26/Mar/2022:05:12:48 -0500] "GET /BLA/resoluciones/index.php?dir=RESOLUCIONES+2021%2F HTTP/1.1" 200 299140
201.245.192.253 - - [26/Mar/2022:05:12:06 -0500] "POST /kwsrmcab/Wsrmcab HTTP/1.1" 200 114634
172.22.2.4 - - [26/Mar/2022:05:15:02 -0500] "HEAD /BLA/boletinlegal/ HTTP/1.1" 200 -
216.245.221.92 - - [26/Mar/2022:05:17:24 -0500] "HEAD / HTTP/1.1" 200 -
172.22.2.4 - - [26/Mar/2022:05:15:53 -0500] "GET /BLA/boletinlegal/ HTTP/1.1" 200 52081
112.196.178.162 - - [26/Mar/2022:05:18:39 -0500] "GET /boaform/admin/formLogin?username=ec8&psd=ec8 HTTP/1.0" 404 1019
201.245.192.253 - - [26/Mar/2022:05:20:52 -0500] "POST /kwsrmcab/Wsrmcab HTTP/1.1" 200 44845
216.245.221.92 - - [26/Mar/2022:05:22:24 -0500] "HEAD / HTTP/1.1" 200 -
201.245.192.253 - - [26/Mar/2022:05:21:42 -0500] "POST /kwsrmcab/Wsrmcab HTTP/1.1" 200 45135
172.22.2.4 - - [26/Mar/2022:05:20:52 -0500] "HEAD /BLA/boletinlegal/ HTTP/1.1" 200 -
201.245.192.253 - - [26/Mar/2022:05:22:01 -0500] "POST /kwsrmcab/Wsrmcab HTTP/1.1" 200 114634
172.22.2.4 - - [26/Mar/2022:05:21:42 -0500] "GET /BLA/boletinlegal/ HTTP/1.1" 200 59170
186.84.88.136 - - [26/Mar/2022:05:23:37 -0500] "GET /un-animal-adulto-espera-renacer-de-tu-mano-adopta.html HTTP/1.1" 200 1028
92.118.160.5 - - [26/Mar/2022:05:24:34 -0500] "GET / HTTP/1.1" 200 319
216.245.221.92 - - [26/Mar/2022:05:27:24 -0500] "HEAD / HTTP/1.1" 200 -
172.22.2.4 - - [26/Mar/2022:05:26:42 -0500] "HEAD /BLA/boletinlegal/ HTTP/1.1" 200 -
172.22.2.4 - - [26/Mar/2022:05:27:32 -0500] "GET /BLA/boletinlegal/ HTTP/1.1" 200 53739
157.55.39.218 - - [26/Mar/2022:05:31:10 -0500] "GET /bla/resoluciones/resoluciones%202021/5505.pdf HTTP/1.1" 200 445346
201.245.192.253 - - [26/Mar/2022:05:30:51 -0500] "POST /kwsrmcab/Wsrmcab HTTP/1.1" 200 44845
216.245.221.92 - - [26/Mar/2022:05:32:24 -0500] "HEAD / HTTP/1.1" 200 -
201.245.192.253 - - [26/Mar/2022:05:31:41 -0500] "POST /kwsrmcab/Wsrmcab HTTP/1.1" 200 45135
201.245.192.253 - - [26/Mar/2022:05:32:05 -0500] "POST /kwsrmcab/Wsrmcab HTTP/1.1" 200 114634
172.22.2.4 - - [26/Mar/2022:05:32:32 -0500] "HEAD /BLA/boletinlegal/ HTTP/1.1" 200 -
157.55.39.218 - - [26/Mar/2022:05:34:40 -0500] "GET /bla/resoluciones/resoluciones%202021/4883.pdf HTTP/1.1" 200 352496
172.22.2.4 - - [26/Mar/2022:05:33:22 -0500] "GET /BLA/boletinlegal/ HTTP/1.1" 200 59170
66.249.73.127 - - [26/Mar/2022:05:36:52 -0500] "-" 408 -
216.245.221.92 - - [26/Mar/2022:05:37:24 -0500] "HEAD / HTTP/1.1" 200 -
186.29.22.209 - - [26/Mar/2022:05:38:23 -0500] "GET /las-mujeres-que-reverdecen-plantaron-arboles-nativos-en-san-cristobal.html HTTP/1.1" 200 901
172.22.2.4 - - [26/Mar/2022:05:38:22 -0500] "HEAD /BLA/boletinlegal/ HTTP/1.1" 200 -
172.22.2.4 - - [26/Mar/2022:05:39:13 -0500] "GET /BLA/boletinlegal/ HTTP/1.1" 200 60932
201.245.192.253 - - [26/Mar/2022:05:40:52 -0500] "POST /kwsrmcab/Wsrmcab HTTP/1.1" 200 44845
216.245.221.92 - - [26/Mar/2022:05:42:24 -0500] "HEAD / HTTP/1.1" 200 -
201.245.192.253 - - [26/Mar/2022:05:41:38 -0500] "POST /kwsrmcab/Wsrmcab HTTP/1.1" 200 45135
201.245.192.253 - - [26/Mar/2022:05:41:45 -0500] "POST /kwsrmcab/Wsrmcab HTTP/1.1" 200 114634
83.234.146.70 - - [26/Mar/2022:05:44:30 -0500] "GET / HTTP/1.1" 200 319
172.22.2.4 - - [26/Mar/2022:05:44:12 -0500] "HEAD /BLA/boletinlegal/ HTTP/1.1" 200 -
207.46.13.186 - - [26/Mar/2022:05:45:59 -0500] "GET /portaldeninos/wp-content/uploads/2021/11/Agroecologia-semillas-1-junio-300x169.jpg HTTP/1.1" 200 18103
172.22.2.4 - - [26/Mar/2022:05:45:02 -0500] "GET /BLA/boletinlegal/ HTTP/1.1" 200 59170
216.245.221.92 - - [26/Mar/2022:05:47:24 -0500] "HEAD / HTTP/1.1" 200 -
173.252.107.24 - - [26/Mar/2022:05:49:57 -0500] "GET /images/eficiencia-energetica-11-marzo.jpg HTTP/1.1" 200 46478
172.22.2.4 - - [26/Mar/2022:05:50:02 -0500] "HEAD /BLA/boletinlegal/ HTTP/1.1" 200 -
216.245.221.92 - - [26/Mar/2022:05:52:24 -0500] "HEAD / HTTP/1.1" 200 -
172.22.2.4 - - [26/Mar/2022:05:50:52 -0500] "GET /BLA/boletinlegal/ HTTP/1.1" 200 59170
201.245.192.253 - - [26/Mar/2022:05:51:55 -0500] "POST /kwsrmcab/Wsrmcab HTTP/1.1" 200 114634
34.141.154.109 - - [26/Mar/2022:05:53:57 -0500] "GET / HTTP/1.1" 200 319
66.249.73.100 - - [26/Mar/2022:05:55:20 -0500] "-" 408 -
216.245.221.92 - - [26/Mar/2022:05:57:24 -0500] "HEAD / HTTP/1.1" 200 -
172.22.2.4 - - [26/Mar/2022:05:55:52 -0500] "HEAD /BLA/boletinlegal/ HTTP/1.1" 200 -
172.22.2.4 - - [26/Mar/2022:05:56:42 -0500] "GET /BLA/boletinlegal/ HTTP/1.1" 200 54457
207.46.13.209 - - [26/Mar/2022:06:01:40 -0500] "GET /bla/resoluciones/resoluciones%202021/5616.pdf HTTP/1.1" 200 409844
216.245.221.92 - - [26/Mar/2022:06:02:24 -0500] "HEAD / HTTP/1.1" 200 -
201.245.192.253 - - [26/Mar/2022:06:01:51 -0500] "POST /kwsrmcab/Wsrmcab HTTP/1.1" 200 114634
172.22.2.4 - - [26/Mar/2022:06:01:42 -0500] "HEAD /BLA/boletinlegal/ HTTP/1.1" 200 -
172.22.2.4 - - [26/Mar/2022:06:02:32 -0500] "GET /BLA/boletinlegal/ HTTP/1.1" 200 59170
172.22.2.4 - - [26/Mar/2022:06:04:45 -0500] "GET /BLA/boletinlegal/actos.php HTTP/1.1" 200 9555
172.22.2.4 - - [26/Mar/2022:06:04:45 -0500] "GET /BLA/boletinlegal/styles2.css HTTP/1.1" 200 1838
172.22.2.4 - - [26/Mar/2022:06:04:45 -0500] "GET /BLA/boletinlegal/js/ajax_actos.js HTTP/1.1" 200 1322
172.22.2.4 - - [26/Mar/2022:06:04:45 -0500] "GET /BLA/boletinlegal/niceforms-default.css HTTP/1.1" 200 6694
172.22.2.4 - - [26/Mar/2022:06:04:45 -0500] "GET /BLA/boletinlegal/style.css HTTP/1.1" 200 9406
172.22.2.4 - - [26/Mar/2022:06:04:45 -0500] "GET /BLA/boletinlegal/niceforms.js HTTP/1.1" 200 22876
172.22.2.4 - - [26/Mar/2022:06:04:45 -0500] "GET /BLA/boletinlegal/js/lib.js HTTP/1.1" 200 6474
172.22.2.4 - - [26/Mar/2022:06:04:45 -0500] "GET /BLA/boletinlegal/js/popup.js HTTP/1.1" 200 1270
172.22.2.4 - - [26/Mar/2022:06:04:45 -0500] "GET /BLA/boletinlegal/js/jquery1.js HTTP/1.1" 200 29846
172.22.2.4 - - [26/Mar/2022:06:04:45 -0500] "GET /BLA/boletinlegal/images/cabezote%20BLEGAL.jpg HTTP/1.1" 200 118164
172.22.2.4 - - [26/Mar/2022:06:04:45 -0500] "GET /BLA/boletinlegal/images/subscribe-icon-big.png HTTP/1.1" 200 47702
172.22.2.4 - - [26/Mar/2022:06:04:46 -0500] "GET /BLA/boletinlegal/images/historia.png HTTP/1.1" 200 52775
172.22.2.4 - - [26/Mar/2022:06:04:46 -0500] "GET /BLA/boletinlegal/images/registro-usuarios.png HTTP/1.1" 200 8106
172.22.2.4 - - [26/Mar/2022:06:04:46 -0500] "GET /BLA/boletinlegal/images/abajo.png HTTP/1.1" 200 96676
172.22.2.4 - - [26/Mar/2022:06:04:46 -0500] "GET /BLA/boletinlegal/images/green-yellow-blue-pink-th.png HTTP/1.1" 200 7394
172.22.2.4 - - [26/Mar/2022:06:04:46 -0500] "GET /BLA/boletinlegal/images/icono-email.png HTTP/1.1" 200 5544
172.22.2.4 - - [26/Mar/2022:06:04:46 -0500] "GET /BLA/boletinlegal/images/tel.png HTTP/1.1" 200 14477
172.22.2.4 - - [26/Mar/2022:06:04:46 -0500] "GET /BLA/boletinlegal/images/body_bg.jpg HTTP/1.1" 200 1601
172.22.2.4 - - [26/Mar/2022:06:04:46 -0500] "GET /BLA/boletinlegal/images/menu_lft.gif HTTP/1.1" 200 1713
172.22.2.4 - - [26/Mar/2022:06:04:46 -0500] "GET /BLA/boletinlegal/images/menu_rght.gif HTTP/1.1" 200 1627
172.22.2.4 - - [26/Mar/2022:06:04:46 -0500] "GET /BLA/boletinlegal/images/bg_top.jpg HTTP/1.1" 200 522
172.22.2.4 - - [26/Mar/2022:06:04:46 -0500] "GET /BLA/boletinlegal/images/menu_bg.jpg HTTP/1.1" 200 620
172.22.2.4 - - [26/Mar/2022:06:04:46 -0500] "GET /BLA/boletinlegal/images/hover.jpg HTTP/1.1" 200 640
172.22.2.4 - - [26/Mar/2022:06:04:46 -0500] "GET /BLA/boletinlegal/images/text.jpg HTTP/1.1" 200 568
172.22.2.4 - - [26/Mar/2022:06:04:46 -0500] "GET /BLA/boletinlegal/images/footer_bg.jpg HTTP/1.1" 200 586
172.22.2.4 - - [26/Mar/2022:06:04:46 -0500] "GET /BLA/boletinlegal/images/footer_bg_l.jpg HTTP/1.1" 200 776
172.22.2.4 - - [26/Mar/2022:06:04:46 -0500] "GET /BLA/boletinlegal/img/0.png HTTP/1.1" 200 110
172.22.2.4 - - [26/Mar/2022:06:04:46 -0500] "GET /BLA/boletinlegal/img/select-left.png HTTP/1.1" 200 263
172.22.2.4 - - [26/Mar/2022:06:04:46 -0500] "GET /BLA/boletinlegal/img/button-left.png HTTP/1.1" 200 57071
172.22.2.4 - - [26/Mar/2022:06:04:46 -0500] "GET /BLA/boletinlegal/img/button-right.png HTTP/1.1" 200 57878
172.22.2.4 - - [26/Mar/2022:06:04:46 -0500] "GET /BLA/boletinlegal/img/select-right.png HTTP/1.1" 200 44019
172.22.2.4 - - [26/Mar/2022:06:04:46 -0500] "GET /BLA/boletinlegal/img/button.png HTTP/1.1" 200 43241
172.22.2.4 - - [26/Mar/2022:06:04:46 -0500] "GET /BLA/boletinlegal/favicon.ico HTTP/1.1" 404 1326
172.22.2.4 - - [26/Mar/2022:06:05:06 -0500] "GET /BLA/boletinlegal/consulta_actos.php?tipo=resoluciones&no=&usuario=IDU&sector=SILVICULTURA&fecha=2020&resuelve= HTTP/1.1" 200 15108
172.22.2.4 - - [26/Mar/2022:06:05:06 -0500] "GET /BLA/boletinlegal/images/pdf.gif HTTP/1.1" 200 567
172.22.2.4 - - [26/Mar/2022:06:05:06 -0500] "GET /BLA/boletinlegal/images/background.gif HTTP/1.1" 200 -
172.22.2.4 - - [26/Mar/2022:06:05:29 -0500] "GET /BLA/boletinlegal/consulta_actos.php?tipo=resoluciones&no=&usuario=IDU&sector=SILVICULTURA&fecha=2021&resuelve=AVENIDA%20EUCARISTICA HTTP/1.1" 200 626
172.22.2.4 - - [26/Mar/2022:06:05:35 -0500] "GET /BLA/boletinlegal/consulta_actos.php?tipo=resoluciones&no=&usuario=IDU&sector=SILVICULTURA&fecha=2021&resuelve=68 HTTP/1.1" 200 626
172.22.2.4 - - [26/Mar/2022:06:05:39 -0500] "GET /BLA/boletinlegal/consulta_actos.php?tipo=resoluciones&no=&usuario=IDU&sector=SILVICULTURA&fecha=2021&resuelve= HTTP/1.1" 200 110126
207.46.13.209 - - [26/Mar/2022:06:06:19 -0500] "GET /bla/resoluciones/resoluciones%202012/0507.pdf HTTP/1.1" 200 424571
191.95.150.61 - - [26/Mar/2022:06:06:28 -0500] "GET /BLA/resoluciones/RESOLUCIONES%202021/3549.pdf HTTP/1.1" 200 816986
191.95.150.61 - - [26/Mar/2022:06:06:29 -0500] "GET /BLA/resoluciones/RESOLUCIONES%202021/3549.pdf HTTP/1.1" 200 816986
191.95.150.61 - - [26/Mar/2022:06:06:29 -0500] "GET /BLA/resoluciones/RESOLUCIONES%202021/3549.pdf HTTP/1.1" 206 1025
216.245.221.92 - - [26/Mar/2022:06:07:24 -0500] "HEAD / HTTP/1.1" 200 -
190.27.253.210 - - [26/Mar/2022:06:07:47 -0500] "GET /galeria/galeria/jquery.fancybox.css?v=2.1.5 HTTP/1.1" 200 4895
190.27.253.210 - - [26/Mar/2022:06:07:47 -0500] "GET /BLA/boletinlegal/js/jquery.scrollShow.js HTTP/1.1" 200 4586
190.27.253.210 - - [26/Mar/2022:06:07:47 -0500] "GET /galeria/galeria/jquery.fancybox.js?v=2.1.5 HTTP/1.1" 200 48706
172.22.2.4 - - [26/Mar/2022:06:07:32 -0500] "HEAD /BLA/boletinlegal/ HTTP/1.1" 200 -
172.22.2.4 - - [26/Mar/2022:06:08:23 -0500] "GET /BLA/boletinlegal/ HTTP/1.1" 200 56669
207.46.13.209 - - [26/Mar/2022:06:10:58 -0500] "GET / HTTP/1.1" 200 319
181.59.247.233 - - [26/Mar/2022:06:11:09 -0500] "GET /cuando-un-humedal-es-tu-oficina-la-labor-de-los-administradores-de-estos-ecosistemas.html HTTP/1.1" 200 957
216.245.221.92 - - [26/Mar/2022:06:12:24 -0500] "HEAD / HTTP/1.1" 200 -
201.245.192.253 - - [26/Mar/2022:06:11:56 -0500] "POST /kwsrmcab/Wsrmcab HTTP/1.1" 200 114655
40.77.167.46 - - [26/Mar/2022:06:13:11 -0500] "GET /bla/resoluciones/resoluciones%202012/0650.pdf HTTP/1.1" 200 378000
161.10.28.55 - - [26/Mar/2022:06:14:04 -0500] "GET /las-mujeres-que-reverdecen-plantaron-arboles-nativos-en-san-cristobal.html HTTP/1.1" 200 901
207.46.13.43 - - [26/Mar/2022:06:14:11 -0500] "GET /bla/resoluciones/resoluciones%202021/2890.pdf HTTP/1.1" 200 360396
172.22.2.4 - - [26/Mar/2022:06:13:22 -0500] "HEAD /BLA/boletinlegal/ HTTP/1.1" 200 -
40.77.167.46 - - [26/Mar/2022:06:15:22 -0500] "GET /bla/resoluciones/resoluciones%202021/2041.pdf HTTP/1.1" 200 374258
167.248.133.44 - - [26/Mar/2022:06:15:47 -0500] "GET / HTTP/1.1" 200 319
167.248.133.44 - - [26/Mar/2022:06:15:48 -0500] "GET / HTTP/1.1" 200 319
167.248.133.44 - - [26/Mar/2022:06:15:48 -0500] "PRI * HTTP/2.0" 400 946
172.22.2.4 - - [26/Mar/2022:06:14:12 -0500] "GET /BLA/boletinlegal/ HTTP/1.1" 200 59170
194.31.98.117 - - [26/Mar/2022:06:16:13 -0500] "GET / HTTP/1.1" 200 319
172.22.2.4 - - [26/Mar/2022:06:16:22 -0500] "GET /BLA/boletinlegal/consulta_actos.php?tipo=resoluciones&no=&usuario=IDU&sector=SILVICULTURA&fecha=2019&resuelve= HTTP/1.1" 200 46149
191.95.150.61 - - [26/Mar/2022:06:16:39 -0500] "GET /BLA/resoluciones/RESOLUCIONES%202019/3106.pdf HTTP/1.1" 200 668799
