!C99Shell v. 1.0 pre-release build #13!

Software: Apache. PHP/5.5.15 

uname -a: Windows NT SVR-DMZ 6.1 build 7600 (Windows Server 2008 R2 Enterprise Edition) i586 

SYSTEM 

Safe-mode: OFF (not secure)

E:\nuevo\apache\logs\   drwxrwxrwx
Free 9.41 GB of 239.26 GB (3.93%)
Detected drives: [ a ] [ c ] [ d ] [ e ] [ f ]
Home    Back    Forward    UPDIR    Refresh    Search    Buffer    Encoder    Tools    Proc.    FTP brute    Sec.    SQL    PHP-code    Update    Feedback    Self remove    Logout    


Viewing file:     access.2022.03.27.log (710.19 KB)      -rw-rw-rw-
Select action/file-type:
(+) | (+) | (+) | Code (+) | Session (+) | (+) | SDB (+) | (+) | (+) | (+) | (+) | (+) |
172.22.2.4 - - [27/Mar/2022:00:00:59 -0500] "GET /BLA/boletinlegal/jurisprudencia/analisis/CUADRO%20ANALISIS%20SENTENCIA%20T-411%20DE%201992.doc HTTP/1.1" 200 41984
216.245.221.92 - - [27/Mar/2022:00:02:21 -0500] "HEAD / HTTP/1.1" 200 -
201.245.192.253 - - [27/Mar/2022:00:01:43 -0500] "POST /kwsrmcab/Wsrmcab HTTP/1.1" 200 106664
172.22.2.4 - - [27/Mar/2022:00:00:50 -0500] "HEAD /BLA/boletinlegal/ HTTP/1.1" 200 -
172.22.2.4 - - [27/Mar/2022:00:01:41 -0500] "GET /BLA/boletinlegal/ HTTP/1.1" 200 60932
172.22.2.4 - - [27/Mar/2022:00:05:41 -0500] "GET /BLA/boletinlegal/jurisprudencia/analisis/CUADRO%20ANALISIS%20SENTENCIA%20T-411%20DE%201992.doc HTTP/1.1" 200 41984
216.245.221.92 - - [27/Mar/2022:00:07:21 -0500] "HEAD / HTTP/1.1" 200 -
172.22.2.4 - - [27/Mar/2022:00:06:40 -0500] "HEAD /BLA/boletinlegal/ HTTP/1.1" 200 -
207.46.13.157 - - [27/Mar/2022:00:08:56 -0500] "GET /galeria/galeria/fotos/juan-amarillo1G.jpg HTTP/1.1" 200 407260
172.22.2.4 - - [27/Mar/2022:00:07:31 -0500] "GET /BLA/boletinlegal/ HTTP/1.1" 200 58588
66.249.73.127 - - [27/Mar/2022:00:10:56 -0500] "-" 408 -
152.61.192.232 - - [27/Mar/2022:00:11:54 -0500] "GET / HTTP/1.1" 200 319
216.245.221.92 - - [27/Mar/2022:00:12:21 -0500] "HEAD / HTTP/1.1" 200 -
201.245.192.253 - - [27/Mar/2022:00:11:46 -0500] "POST /kwsrmcab/Wsrmcab HTTP/1.1" 200 106393
152.61.128.50 - - [27/Mar/2022:00:13:43 -0500] "GET / HTTP/1.1" 200 319
172.22.2.4 - - [27/Mar/2022:00:12:30 -0500] "HEAD /BLA/boletinlegal/ HTTP/1.1" 200 -
186.102.65.78 - - [27/Mar/2022:00:14:21 -0500] "GET /kwssiamovil/sm/ldap/au?x=U2FsdGVkX19PFxvHglg++04RzU1XMT5Pk1tJZrAG7R9570ce7TnuGNrgxS9/IEkq&y=U2FsdGVkX1+X73WNySFvmA+IqemjMCPz+sEIhUTFiL3hEYMBUzR4I5H59szW5avX HTTP/1.1" 200 30
186.102.65.78 - - [27/Mar/2022:00:14:21 -0500] "GET /kwssiamovil/sm/acme/s?s=U2FsdGVkX1+zg99RvZcWWf2qtVIjvEaIwFg3Ip6ABkKOkov18a2n8QmGaMz713ESFV2KjuUq6KhYTTvCcFEuYjX+NNARh+KyPYUSM6w30OU=&u=U2FsdGVkX189vpXwQU6vMFxZybWwhD5/hh8v5XYY4BpwvxgE0goTky0y78TfCDQT&y=U2FsdGVkX1+X73WNySFvmA+IqemjMCPz+sEIhUTFiL3hEYMBUzR4I5H59szW5avX HTTP/1.1" 200 97
186.102.65.78 - - [27/Mar/2022:00:14:22 -0500] "GET /kwssiamovil/sm/acme/s?s=U2FsdGVkX18VYudv9maRVnTmIjPIYGU8zuKhOjKrUhnut6xtu6pjYLKX5UB0gGvDN+lFpJAOqYIxSM5iIjEas84tipKAPwKzyKTWTMH62acrjeHwanCg/Nl+J1hqFEQmsj4lnvSG40hQSgtiLgv9ufRIWrSz9igaITAUPXUwfkDAYG+WSDCAONnPbKeNoyB/7qZmBUAkzo1zrx+OKwT9UHESdbhlACLR1tY7IKxQLXFKdrNiS2T7uNavXzvjRGrziNRXcfx4N4NDyJU8QQE0Q7FXhhji1S7UxI4Ipw0xhKOmWQrT1d8zNaxHRTv97WQ5ZsKmCUaNLwLMzNwHSxkHOaUHw2u40VSuk/W6CmFv3aiUpQlBri+/CaYbjVZcF9VSyH2aepLURPJFqrj85NYAKT0hdWVdnjBgkU4ENNv0Hv3a4qRaRk4Ewxwz0YBvgeJO8zlj4kbVHXAzZQ5KOyzUvgabqmO6aea0hMuoGaBfP3amNDfStpuHuZXPUSmBILg6rcmbxuSKS9LDkYOVIVdby3faP0FHE1Bk98xaOMzSif0wLJpgn/4U/k6bRuJvO/Ut6LzNjl6hPd2uTVI6a4+ALiigHeInsK6c0h670zsNHpf46w33gE/xtoC/fA84PEkw2/NAT79l9C8A0HJKHgRPH2AeWzHM809Pc5xsPr8ImIjAKrKhd9W2JYE8yvIcvZt+ZlEFL5Aj1/b6nF69mHm3Td5xjIRBVuBIn/+wTnbYmygCVsiqpOyoprTa/WbIagq4ejqIhTh0GBB3jgfqNVk545J26sF4E0AzehxZ4MprbKKgc8gi+PziA+8E6te22ExP1Dl4iyWAl162ObES00snd7XQMSJPSlU4TFfF8tMx2u47W+WuUBva15KSUlOYLedwqRj1ZuqnAANAJtpLq/EpXbqgp/ghsncFY8wSj+c0hM2BWjAhm3WJcjs5eQq86Pc7WJDIa1FL+kAx6YR7LAF/thDyzvMFGcInf0J7RT41c5UZxBYGOTRZzlPV44CQPiDqdjtxrbw3Fd4jnEU3KgriEg0oi4vC91HvKXC3tpZUdyc6JTYnVaajXsf51qAPP7WY73ajQ2VgrcQI7BDkfWOZvaZ6EiarTYMkeTygzu/mB8Y=&u=U2FsdGVkX189vpXwQU6vMFxZybWwhD5/hh8v5XYY4BpwvxgE0goTky0y78TfCDQT&y=U2FsdGVkX1+X73WNySFvmA+IqemjMCPz+sEIhUTFiL3hEYMBUzR4I5H59szW5avX HTTP/1.1" 200 4942
186.102.65.78 - - [27/Mar/2022:00:14:22 -0500] "GET /kwssiamovil/sm/acme/s?s=U2FsdGVkX19Lb54Elw1B0fTIvhei0CdY3mpZb2k3OEKAuweL7BaudLtverzLn58a&u=U2FsdGVkX189vpXwQU6vMFxZybWwhD5/hh8v5XYY4BpwvxgE0goTky0y78TfCDQT&y=U2FsdGVkX1+X73WNySFvmA+IqemjMCPz+sEIhUTFiL3hEYMBUzR4I5H59szW5avX HTTP/1.1" 200 70
186.102.65.78 - - [27/Mar/2022:00:14:22 -0500] "GET /kwssiamovil/sm/acme/s?s=U2FsdGVkX18lt0+JG0qJHrQLj6YhBtos9o0R/3EzsQkb2+xuZa7x6i9fb1xoN9cv&u=U2FsdGVkX189vpXwQU6vMFxZybWwhD5/hh8v5XYY4BpwvxgE0goTky0y78TfCDQT&y=U2FsdGVkX1+X73WNySFvmA+IqemjMCPz+sEIhUTFiL3hEYMBUzR4I5H59szW5avX HTTP/1.1" 200 70
186.102.65.78 - - [27/Mar/2022:00:14:22 -0500] "GET /kwssiamovil/sm/acme/s?s=U2FsdGVkX18lzfG1L0MpdAvBB7HG4gMjSk3xHSVgPk7Rpd4Bbu2QBrdrdadhBEEm&u=U2FsdGVkX189vpXwQU6vMFxZybWwhD5/hh8v5XYY4BpwvxgE0goTky0y78TfCDQT&y=U2FsdGVkX1+X73WNySFvmA+IqemjMCPz+sEIhUTFiL3hEYMBUzR4I5H59szW5avX HTTP/1.1" 200 70
186.102.65.78 - - [27/Mar/2022:00:14:22 -0500] "GET /kwssiamovil/sm/acme/s?s=U2FsdGVkX180lXUmir2DLSTZx3CPKFxv4h6aky176AMRsY/wQe+YD0C69aEGrAT6&u=U2FsdGVkX189vpXwQU6vMFxZybWwhD5/hh8v5XYY4BpwvxgE0goTky0y78TfCDQT&y=U2FsdGVkX1+X73WNySFvmA+IqemjMCPz+sEIhUTFiL3hEYMBUzR4I5H59szW5avX HTTP/1.1" 200 70
186.102.65.78 - - [27/Mar/2022:00:14:22 -0500] "GET /kwssiamovil/sm/acme/s?s=U2FsdGVkX19Zdh4hpRl5hWT/2yp1feY5Pkzo++Fz/+ROgiOlELxWRt/e1eBey9bT&u=U2FsdGVkX189vpXwQU6vMFxZybWwhD5/hh8v5XYY4BpwvxgE0goTky0y78TfCDQT&y=U2FsdGVkX1+X73WNySFvmA+IqemjMCPz+sEIhUTFiL3hEYMBUzR4I5H59szW5avX HTTP/1.1" 200 70
186.102.65.78 - - [27/Mar/2022:00:14:22 -0500] "GET /kwssiamovil/sm/acme/s?s=U2FsdGVkX183pRq0lrtaHApu8zdFUW8msYsuBObKmEJZ7rdsFDoYTBWLW2TSCiOV&u=U2FsdGVkX189vpXwQU6vMFxZybWwhD5/hh8v5XYY4BpwvxgE0goTky0y78TfCDQT&y=U2FsdGVkX1+X73WNySFvmA+IqemjMCPz+sEIhUTFiL3hEYMBUzR4I5H59szW5avX HTTP/1.1" 200 70
186.102.65.78 - - [27/Mar/2022:00:14:22 -0500] "GET /kwssiamovil/sm/acme/s?s=U2FsdGVkX1+3SQORKgGdzC58t7fcrQUEQN4GRTnGUeZ6cmgQR8vgZr/99rRVEiTl&u=U2FsdGVkX189vpXwQU6vMFxZybWwhD5/hh8v5XYY4BpwvxgE0goTky0y78TfCDQT&y=U2FsdGVkX1+X73WNySFvmA+IqemjMCPz+sEIhUTFiL3hEYMBUzR4I5H59szW5avX HTTP/1.1" 200 70
186.102.65.78 - - [27/Mar/2022:00:14:22 -0500] "GET /kwssiamovil/sm/acme/s?s=U2FsdGVkX1+czRBdvUWHySC8u1/D22rSSaZwhgfSSO2L1UpynCsKZUZ0wRMOYmoz&u=U2FsdGVkX189vpXwQU6vMFxZybWwhD5/hh8v5XYY4BpwvxgE0goTky0y78TfCDQT&y=U2FsdGVkX1+X73WNySFvmA+IqemjMCPz+sEIhUTFiL3hEYMBUzR4I5H59szW5avX HTTP/1.1" 200 70
186.102.65.78 - - [27/Mar/2022:00:14:23 -0500] "GET /kwssiamovil/sm/acme/s?s=U2FsdGVkX1+bfsLBXK64DehluZjEplKySl6uKXdAZM4i8Eiu0RFeUewQWHfshGK/&u=U2FsdGVkX189vpXwQU6vMFxZybWwhD5/hh8v5XYY4BpwvxgE0goTky0y78TfCDQT&y=U2FsdGVkX1+X73WNySFvmA+IqemjMCPz+sEIhUTFiL3hEYMBUzR4I5H59szW5avX HTTP/1.1" 200 70
186.102.65.78 - - [27/Mar/2022:00:14:23 -0500] "GET /kwssiamovil/sm/acme/s?s=U2FsdGVkX188qZG/VY8oji3dRpTieLXItucrAJ8UvNkcNAaWozYjDYE3nUogK6J6&u=U2FsdGVkX189vpXwQU6vMFxZybWwhD5/hh8v5XYY4BpwvxgE0goTky0y78TfCDQT&y=U2FsdGVkX1+X73WNySFvmA+IqemjMCPz+sEIhUTFiL3hEYMBUzR4I5H59szW5avX HTTP/1.1" 200 70
186.102.65.78 - - [27/Mar/2022:00:14:23 -0500] "GET /kwssiamovil/sm/acme/s?s=U2FsdGVkX1/zynOZE2O3BsNwhVcGDP0UWZi/nRHEQhOVE7BOtVPOqZVmCnKQ4ItM&u=U2FsdGVkX189vpXwQU6vMFxZybWwhD5/hh8v5XYY4BpwvxgE0goTky0y78TfCDQT&y=U2FsdGVkX1+X73WNySFvmA+IqemjMCPz+sEIhUTFiL3hEYMBUzR4I5H59szW5avX HTTP/1.1" 200 70
186.102.65.78 - - [27/Mar/2022:00:14:23 -0500] "GET /kwssiamovil/sm/acme/s?s=U2FsdGVkX19oj4TKseICRqID7j3YQdsGmM/d6h9XTLTBDkTn+BSsn1Cz9ja6CaKW&u=U2FsdGVkX189vpXwQU6vMFxZybWwhD5/hh8v5XYY4BpwvxgE0goTky0y78TfCDQT&y=U2FsdGVkX1+X73WNySFvmA+IqemjMCPz+sEIhUTFiL3hEYMBUzR4I5H59szW5avX HTTP/1.1" 200 70
186.102.65.78 - - [27/Mar/2022:00:14:23 -0500] "GET /kwssiamovil/sm/acme/s?s=U2FsdGVkX18iixII/FTrupib64YYqM0+aRTv0xo5tiNWioFb7UXphdLwWRMHEDne&u=U2FsdGVkX189vpXwQU6vMFxZybWwhD5/hh8v5XYY4BpwvxgE0goTky0y78TfCDQT&y=U2FsdGVkX1+X73WNySFvmA+IqemjMCPz+sEIhUTFiL3hEYMBUzR4I5H59szW5avX HTTP/1.1" 200 70
186.102.65.78 - - [27/Mar/2022:00:14:23 -0500] "GET /kwssiamovil/sm/acme/s?s=U2FsdGVkX1+o/LQoaXX22QuS5m+IEJD6eOT99aiRm9/NYIWEe7/2cwEqsEcFq7x0&u=U2FsdGVkX189vpXwQU6vMFxZybWwhD5/hh8v5XYY4BpwvxgE0goTky0y78TfCDQT&y=U2FsdGVkX1+X73WNySFvmA+IqemjMCPz+sEIhUTFiL3hEYMBUzR4I5H59szW5avX HTTP/1.1" 200 70
186.102.65.78 - - [27/Mar/2022:00:14:23 -0500] "GET /kwssiamovil/sm/acme/s?s=U2FsdGVkX199ogaAfkmDSk9/XSK3X45ZyJNmLhYMT3Sfnz2uX6TcjziTNbdkVLwy&u=U2FsdGVkX189vpXwQU6vMFxZybWwhD5/hh8v5XYY4BpwvxgE0goTky0y78TfCDQT&y=U2FsdGVkX1+X73WNySFvmA+IqemjMCPz+sEIhUTFiL3hEYMBUzR4I5H59szW5avX HTTP/1.1" 200 70
186.102.65.78 - - [27/Mar/2022:00:14:23 -0500] "GET /kwssiamovil/sm/acme/s?s=U2FsdGVkX1/TCbCSMHWhUq0ZDM+obNAD/LI0CNbu3d1FXxAdNc3kWgglUNWWTB/1&u=U2FsdGVkX189vpXwQU6vMFxZybWwhD5/hh8v5XYY4BpwvxgE0goTky0y78TfCDQT&y=U2FsdGVkX1+X73WNySFvmA+IqemjMCPz+sEIhUTFiL3hEYMBUzR4I5H59szW5avX HTTP/1.1" 200 70
186.102.65.78 - - [27/Mar/2022:00:14:23 -0500] "GET /kwssiamovil/sm/acme/s?s=U2FsdGVkX1/NWq3g98hSJIfhm14Z7KeWR9Ggbx83h+X96VZ7BjYT9n58rUi43AjF&u=U2FsdGVkX189vpXwQU6vMFxZybWwhD5/hh8v5XYY4BpwvxgE0goTky0y78TfCDQT&y=U2FsdGVkX1+X73WNySFvmA+IqemjMCPz+sEIhUTFiL3hEYMBUzR4I5H59szW5avX HTTP/1.1" 200 70
186.102.65.78 - - [27/Mar/2022:00:14:23 -0500] "GET /kwssiamovil/sm/acme/s?s=U2FsdGVkX1/B9mtDf6NYQcdYjp180rioCNgrCmnVnXmDwzU3tFRr1ouaeV+uz/Z5g47w8RigW9FXpeRQmL9kMkLuPfACyDdcFaVpEhhhnFWywu+bpRCsbwiOc5oiQZUVRR7x+VkPCCtc4hfdYfbI8QwFbT/sx74iZs8q7J3Lw2wcW3pz8GO1DgZy/tngh7/kxiZO6uzX4DAVlEjnn7eUFAZtOWTOD70jS5YRg/4sK53JUh7927yrFdqfUpu56P0z/cqVPztcrLYv/uCFvfSagufa7IW8k449z6qFQ7QfC8BEq50uUunBdcOA2k6v/XRmDXRms1ANFIW3JWSF+Ezagck/pY/ZyItcXG5M6impegU=&u=U2FsdGVkX189vpXwQU6vMFxZybWwhD5/hh8v5XYY4BpwvxgE0goTky0y78TfCDQT&y=U2FsdGVkX1+X73WNySFvmA+IqemjMCPz+sEIhUTFiL3hEYMBUzR4I5H59szW5avX HTTP/1.1" 200 196
186.102.65.78 - - [27/Mar/2022:00:14:24 -0500] "GET /kwssiamovil/sm/cjson/pre?f=1&x=U2FsdGVkX19PFxvHglg++04RzU1XMT5Pk1tJZrAG7R9570ce7TnuGNrgxS9/IEkq HTTP/1.1" 200 30975
172.22.2.4 - - [27/Mar/2022:00:13:21 -0500] "GET /BLA/boletinlegal/ HTTP/1.1" 200 58006
216.245.221.92 - - [27/Mar/2022:00:17:21 -0500] "HEAD / HTTP/1.1" 200 -
172.22.2.4 - - [27/Mar/2022:00:18:20 -0500] "HEAD /BLA/boletinlegal/ HTTP/1.1" 200 -
172.22.2.4 - - [27/Mar/2022:00:19:11 -0500] "GET /BLA/boletinlegal/ HTTP/1.1" 200 58588
172.22.2.4 - - [27/Mar/2022:00:21:29 -0500] "GET /BLA/boletinlegal/directivas/2014/directiva%20no.%201%20del%2010%20de%20abril%20de%202014.pdf HTTP/1.1" 200 258865
201.245.192.253 - - [27/Mar/2022:00:20:48 -0500] "POST /kwsrmcab/Wsrmcab HTTP/1.1" 200 45485
201.245.192.253 - - [27/Mar/2022:00:21:33 -0500] "POST /kwsrmcab/Wsrmcab HTTP/1.1" 200 41997
216.245.221.92 - - [27/Mar/2022:00:22:21 -0500] "HEAD / HTTP/1.1" 200 -
201.245.192.253 - - [27/Mar/2022:00:21:57 -0500] "POST /kwsrmcab/Wsrmcab HTTP/1.1" 200 106393
109.248.252.35 - - [27/Mar/2022:00:23:50 -0500] "GET / HTTP/1.1" 200 319
172.22.2.4 - - [27/Mar/2022:00:24:10 -0500] "HEAD /BLA/boletinlegal/ HTTP/1.1" 200 -
69.171.231.117 - - [27/Mar/2022:00:26:06 -0500] "GET /secretaria-de-ambiente-abre-espacio-de-formacion-para-comunicadores-sociales-y-periodistas.html HTTP/1.1" 206 860
66.249.73.127 - - [27/Mar/2022:00:26:30 -0500] "-" 408 -
172.22.2.4 - - [27/Mar/2022:00:25:01 -0500] "GET /BLA/boletinlegal/ HTTP/1.1" 200 57044
207.46.13.178 - - [27/Mar/2022:00:27:05 -0500] "GET /portaldeninos/wp-content/uploads/2021/07/Banners-p%C3%A1gina-de-ni%C3%B1os-humedales-de-Bogot%C3%A1-50x2.jpg HTTP/1.1" 404 67768
216.245.221.92 - - [27/Mar/2022:00:27:21 -0500] "HEAD / HTTP/1.1" 200 -
157.55.39.218 - - [27/Mar/2022:00:27:46 -0500] "GET /bla/resoluciones/resoluciones%202021/4574.pdf HTTP/1.1" 200 468197
157.55.39.172 - - [27/Mar/2022:00:29:21 -0500] "GET /BLA/boletinlegal/Directivas/2019/Directiva%20008%20del%2001%20de%20noviembre%20de%202019.pdf HTTP/1.1" 200 1382642
173.252.127.3 - - [27/Mar/2022:00:29:37 -0500] "GET /cuando-un-humedal-es-tu-oficina-la-labor-de-los-administradores-de-estos-ecosistemas.html?fbclid=IwAR2Rh99fTF3NcrH6wZMWSBHvYBKqh7PHfc-MXs4Ra6KyY9lNuzMnWswND7A HTTP/1.1" 200 957
201.245.192.253 - - [27/Mar/2022:00:30:48 -0500] "POST /kwsrmcab/Wsrmcab HTTP/1.1" 200 45485
172.22.2.4 - - [27/Mar/2022:00:30:00 -0500] "HEAD /BLA/boletinlegal/ HTTP/1.1" 200 -
216.245.221.92 - - [27/Mar/2022:00:32:21 -0500] "HEAD / HTTP/1.1" 200 -
201.245.192.253 - - [27/Mar/2022:00:31:37 -0500] "POST /kwsrmcab/Wsrmcab HTTP/1.1" 200 41997
172.22.2.4 - - [27/Mar/2022:00:30:51 -0500] "GET /BLA/boletinlegal/ HTTP/1.1" 200 59170
201.245.192.253 - - [27/Mar/2022:00:32:22 -0500] "POST /kwsrmcab/Wsrmcab HTTP/1.1" 200 106393
103.178.236.95 - - [27/Mar/2022:00:33:32 -0500] "GET /dispatch.asp HTTP/1.1" 404 1018
173.252.79.7 - - [27/Mar/2022:00:36:05 -0500] "GET /images/jornada-llantaton-usaquen-24-marzo.jpg HTTP/1.1" 200 41830
216.245.221.92 - - [27/Mar/2022:00:37:21 -0500] "HEAD / HTTP/1.1" 200 -
172.22.2.4 - - [27/Mar/2022:00:35:51 -0500] "HEAD /BLA/boletinlegal/ HTTP/1.1" 200 -
66.249.73.127 - - [27/Mar/2022:00:37:52 -0500] "-" 408 -
124.223.197.100 - - [27/Mar/2022:00:38:09 -0500] "GET / HTTP/1.1" 200 319
172.22.2.4 - - [27/Mar/2022:00:36:41 -0500] "GET /BLA/boletinlegal/ HTTP/1.1" 200 58588
201.245.192.253 - - [27/Mar/2022:00:40:47 -0500] "POST /kwsrmcab/Wsrmcab HTTP/1.1" 200 45485
216.245.221.92 - - [27/Mar/2022:00:42:21 -0500] "HEAD / HTTP/1.1" 200 -
201.245.192.253 - - [27/Mar/2022:00:41:37 -0500] "POST /kwsrmcab/Wsrmcab HTTP/1.1" 200 41997
201.245.192.253 - - [27/Mar/2022:00:42:16 -0500] "POST /kwsrmcab/Wsrmcab HTTP/1.1" 200 106393
172.22.2.4 - - [27/Mar/2022:00:41:40 -0500] "HEAD /BLA/boletinlegal/ HTTP/1.1" 200 -
172.22.2.4 - - [27/Mar/2022:00:43:35 -0500] "GET /BLA/boletinlegal/bag2 HTTP/1.1" 404 1018
172.22.2.4 - - [27/Mar/2022:00:42:31 -0500] "GET /BLA/boletinlegal/ HTTP/1.1" 200 57044
66.249.73.127 - - [27/Mar/2022:00:45:16 -0500] "-" 408 -
128.14.141.34 - - [27/Mar/2022:00:45:41 -0500] "GET / HTTP/1.1" 200 319
40.77.167.41 - - [27/Mar/2022:00:45:53 -0500] "GET /portaldeninos/wp-content/uploads/2021/11/cronica-mujer-junio-tinguas-azules-29-junio.png HTTP/1.1" 200 162845
74.82.47.4 - - [27/Mar/2022:00:46:56 -0500] "GET / HTTP/1.1" 200 319
216.245.221.92 - - [27/Mar/2022:00:47:21 -0500] "HEAD / HTTP/1.1" 200 -
172.22.2.4 - - [27/Mar/2022:00:47:30 -0500] "HEAD /BLA/boletinlegal/ HTTP/1.1" 200 -
172.22.2.4 - - [27/Mar/2022:00:48:21 -0500] "GET /BLA/boletinlegal/ HTTP/1.1" 200 59170
216.245.221.92 - - [27/Mar/2022:00:52:21 -0500] "HEAD / HTTP/1.1" 200 -
201.245.192.253 - - [27/Mar/2022:00:51:54 -0500] "POST /kwsrmcab/Wsrmcab HTTP/1.1" 200 106393
66.249.73.127 - - [27/Mar/2022:00:54:29 -0500] "-" 408 -
172.22.2.4 - - [27/Mar/2022:00:53:20 -0500] "HEAD /BLA/boletinlegal/ HTTP/1.1" 200 -
40.77.167.41 - - [27/Mar/2022:00:55:16 -0500] "GET /portaldeninos/wp-content/uploads/2020/11/Humedal-octubre-6-300x150.jpg HTTP/1.1" 200 12426
172.22.2.4 - - [27/Mar/2022:00:54:11 -0500] "GET /BLA/boletinlegal/ HTTP/1.1" 200 60105
152.61.192.232 - - [27/Mar/2022:00:57:09 -0500] "GET /arcgis/services/Calidad_del_Agua_WQI/MapServer/WMSServer?request=GetCapabilities&service=WMS HTTP/1.1" 503 1020
152.61.192.232 - - [27/Mar/2022:00:57:10 -0500] "GET /arcgis/services/Calidad_del_Agua_WQI/MapServer/WMSServer?SERVICE=WMS&REQUEST=GetCapabilities HTTP/1.1" 503 1020
152.61.192.232 - - [27/Mar/2022:00:57:11 -0500] "GET /arcgis/services/Calidad_del_Agua_WQI/MapServer/WMSServer?WMTVER=1.0.0&REQUEST=capabilities HTTP/1.1" 503 1020
207.46.13.186 - - [27/Mar/2022:00:57:16 -0500] "GET /portaldeninos/wp-content/uploads/2020/11/Pieza-3-B_-1-300x169.jpg HTTP/1.1" 200 11614
216.245.221.92 - - [27/Mar/2022:00:57:21 -0500] "HEAD / HTTP/1.1" 200 -
34.90.153.162 - - [27/Mar/2022:00:57:53 -0500] "GET / HTTP/1.1" 200 319
152.61.128.50 - - [27/Mar/2022:00:59:39 -0500] "GET /arcgis/services/Calidad_del_Agua_WQI/MapServer/WMSServer?request=GetCapabilities&service=WMS HTTP/1.1" 503 1020
152.61.128.50 - - [27/Mar/2022:00:59:40 -0500] "GET /arcgis/services/Calidad_del_Agua_WQI/MapServer/WMSServer?SERVICE=WMS&REQUEST=GetCapabilities HTTP/1.1" 503 1020
152.61.128.50 - - [27/Mar/2022:00:59:40 -0500] "GET /arcgis/services/Calidad_del_Agua_WQI/MapServer/WMSServer?WMTVER=1.0.0&REQUEST=capabilities HTTP/1.1" 503 1020
172.22.2.4 - - [27/Mar/2022:00:59:10 -0500] "HEAD /BLA/boletinlegal/ HTTP/1.1" 200 -
172.22.2.4 - - [27/Mar/2022:01:00:01 -0500] "GET /BLA/boletinlegal/ HTTP/1.1" 200 52945
216.245.221.92 - - [27/Mar/2022:01:02:21 -0500] "HEAD / HTTP/1.1" 200 -
209.209.9.152 - - [27/Mar/2022:01:02:35 -0500] "GET /POT-2013/Cartografia/Anexo01_Sistema_Hidrico.pdf HTTP/1.0" 200 5860035
201.245.192.253 - - [27/Mar/2022:01:02:12 -0500] "POST /kwsrmcab/Wsrmcab HTTP/1.1" 200 106393
172.22.2.4 - - [27/Mar/2022:01:05:19 -0500] "GET /BLA/boletinlegal/robots.txt HTTP/1.1" 404 1038
40.77.167.46 - - [27/Mar/2022:01:05:46 -0500] "GET /BLA/resoluciones/RESOLUCIONES%202006/RES%202006%201401-1450/00001443.tif HTTP/1.1" 200 235228
172.22.2.4 - - [27/Mar/2022:01:05:00 -0500] "HEAD /BLA/boletinlegal/ HTTP/1.1" 200 -
66.249.73.127 - - [27/Mar/2022:01:06:49 -0500] "-" 408 -
172.22.2.4 - - [27/Mar/2022:01:05:20 -0500] "GET /BLA/boletinlegal/index.php HTTP/1.1" 200 48513
216.245.221.92 - - [27/Mar/2022:01:07:21 -0500] "HEAD / HTTP/1.1" 200 -
172.22.2.4 - - [27/Mar/2022:01:05:51 -0500] "GET /BLA/boletinlegal/ HTTP/1.1" 200 50207
54.39.177.173 - - [27/Mar/2022:01:11:26 -0500] "GET /quieres-saber-como-ahorrar-energia-en-tu-empresa-secretaria-de-ambiente-lanza-guia-que-te-ayudara.html HTTP/1.1" 200 998
216.245.221.92 - - [27/Mar/2022:01:12:21 -0500] "HEAD / HTTP/1.1" 200 -
201.245.192.253 - - [27/Mar/2022:01:11:39 -0500] "POST /kwsrmcab/Wsrmcab HTTP/1.1" 200 106397
172.22.2.4 - - [27/Mar/2022:01:10:50 -0500] "HEAD /BLA/boletinlegal/ HTTP/1.1" 200 -
172.22.2.4 - - [27/Mar/2022:01:11:41 -0500] "GET /BLA/boletinlegal/ HTTP/1.1" 200 60486
216.245.221.92 - - [27/Mar/2022:01:17:21 -0500] "HEAD / HTTP/1.1" 200 -
172.22.2.4 - - [27/Mar/2022:01:16:40 -0500] "HEAD /BLA/boletinlegal/ HTTP/1.1" 200 -
192.109.145.231 - - [27/Mar/2022:01:18:45 -0500] "GET /galeria/nivo-slider/demo/images/banner%20aceite%20vegetal%20usado.jpg HTTP/1.1" 304 -
207.46.13.43 - - [27/Mar/2022:01:19:06 -0500] "GET /BLA/resoluciones/RESOLUCIONES%202006/0759.tif HTTP/1.1" 200 160948
172.22.2.4 - - [27/Mar/2022:01:17:30 -0500] "GET /BLA/boletinlegal/ HTTP/1.1" 200 61416
201.245.192.253 - - [27/Mar/2022:01:20:48 -0500] "POST /kwsrmcab/Wsrmcab HTTP/1.1" 200 45481
216.245.221.92 - - [27/Mar/2022:01:22:21 -0500] "HEAD / HTTP/1.1" 200 -
201.245.192.253 - - [27/Mar/2022:01:21:37 -0500] "POST /kwsrmcab/Wsrmcab HTTP/1.1" 200 42001
207.46.13.157 - - [27/Mar/2022:01:22:53 -0500] "GET /BLA/resoluciones/AUTOS%202018/4047.pdf HTTP/1.1" 304 -
66.249.73.127 - - [27/Mar/2022:01:23:12 -0500] "-" 408 -
201.245.192.253 - - [27/Mar/2022:01:22:38 -0500] "POST /kwsrmcab/Wsrmcab HTTP/1.1" 200 106397
172.22.2.4 - - [27/Mar/2022:01:22:30 -0500] "HEAD /BLA/boletinlegal/ HTTP/1.1" 200 -
172.22.2.4 - - [27/Mar/2022:01:23:20 -0500] "GET /BLA/boletinlegal/ HTTP/1.1" 200 61416
216.245.221.92 - - [27/Mar/2022:01:27:21 -0500] "HEAD / HTTP/1.1" 200 -
172.22.2.4 - - [27/Mar/2022:01:28:20 -0500] "HEAD /BLA/boletinlegal/ HTTP/1.1" 200 -
66.249.73.127 - - [27/Mar/2022:01:30:39 -0500] "-" 408 -
172.22.2.4 - - [27/Mar/2022:01:29:10 -0500] "GET /BLA/boletinlegal/ HTTP/1.1" 200 58588
201.245.192.253 - - [27/Mar/2022:01:30:48 -0500] "POST /kwsrmcab/Wsrmcab HTTP/1.1" 200 45481
216.245.221.92 - - [27/Mar/2022:01:32:21 -0500] "HEAD / HTTP/1.1" 200 -
201.245.192.253 - - [27/Mar/2022:01:31:37 -0500] "POST /kwsrmcab/Wsrmcab HTTP/1.1" 200 42001
201.245.192.253 - - [27/Mar/2022:01:31:59 -0500] "POST /kwsrmcab/Wsrmcab HTTP/1.1" 200 106397
207.46.13.157 - - [27/Mar/2022:01:33:04 -0500] "GET /catalogoisis/ HTTP/1.1" 404 211
172.22.2.4 - - [27/Mar/2022:01:34:10 -0500] "HEAD /BLA/boletinlegal/ HTTP/1.1" 200 -
172.22.2.4 - - [27/Mar/2022:01:35:02 -0500] "GET /BLA/boletinlegal/ HTTP/1.1" 200 59170
207.46.13.43 - - [27/Mar/2022:01:36:50 -0500] "GET /bla/resoluciones/resoluciones%202021/4871.pdf HTTP/1.1" 200 355261
216.245.221.92 - - [27/Mar/2022:01:37:21 -0500] "HEAD / HTTP/1.1" 200 -
201.245.192.253 - - [27/Mar/2022:01:40:47 -0500] "POST /kwsrmcab/Wsrmcab HTTP/1.1" 200 45481
172.22.2.4 - - [27/Mar/2022:01:40:00 -0500] "HEAD /BLA/boletinlegal/ HTTP/1.1" 200 -
207.46.13.43 - - [27/Mar/2022:01:42:09 -0500] "GET /IsolucionSDA/bancoconocimiento/M/MantenimientodeInfraestructuraFisica__v1/MantenimientodeInfraestructuraFisica__v1.asp?IdArticulo=2806 HTTP/1.1" 404 5257
216.245.221.92 - - [27/Mar/2022:01:42:21 -0500] "HEAD / HTTP/1.1" 200 -
201.245.192.253 - - [27/Mar/2022:01:41:38 -0500] "POST /kwsrmcab/Wsrmcab HTTP/1.1" 200 42001
201.245.192.253 - - [27/Mar/2022:01:41:41 -0500] "POST /kwsrmcab/Wsrmcab HTTP/1.1" 200 106397
172.22.2.4 - - [27/Mar/2022:01:40:51 -0500] "GET /BLA/boletinlegal/ HTTP/1.1" 200 59170
66.249.73.127 - - [27/Mar/2022:01:43:01 -0500] "-" 408 -
40.77.167.46 - - [27/Mar/2022:01:46:30 -0500] "GET /BLA/resoluciones/ HTTP/1.1" 200 13093
172.22.2.4 - - [27/Mar/2022:01:47:18 -0500] "GET /BLA/boletinlegal/ecp/Current/exporttool/microsoft.exchange.ediscovery.exporttool.application HTTP/1.1" 404 1018
216.245.221.92 - - [27/Mar/2022:01:47:21 -0500] "HEAD / HTTP/1.1" 200 -
172.22.2.4 - - [27/Mar/2022:01:45:50 -0500] "HEAD /BLA/boletinlegal/ HTTP/1.1" 200 -
172.22.2.4 - - [27/Mar/2022:01:46:41 -0500] "GET /BLA/boletinlegal/ HTTP/1.1" 200 54090
172.22.2.4 - - [27/Mar/2022:01:48:41 -0500] "GET /BLA/boletinlegal/owa/auth/logon.aspx?url=https%3a%2f%2f1%2fecp%2f HTTP/1.1" 404 1018
216.245.221.92 - - [27/Mar/2022:01:52:21 -0500] "HEAD / HTTP/1.1" 200 -
201.245.192.253 - - [27/Mar/2022:01:51:44 -0500] "POST /kwsrmcab/Wsrmcab HTTP/1.1" 200 106397
172.22.2.4 - - [27/Mar/2022:01:51:40 -0500] "HEAD /BLA/boletinlegal/ HTTP/1.1" 200 -
66.249.73.127 - - [27/Mar/2022:01:53:33 -0500] "-" 408 -
172.22.2.4 - - [27/Mar/2022:01:52:30 -0500] "GET /BLA/boletinlegal/ HTTP/1.1" 200 56300
172.22.2.4 - - [27/Mar/2022:01:54:28 -0500] "GET /BLA/boletinlegal/ HTTP/1.1" 200 63729
216.245.221.92 - - [27/Mar/2022:01:57:21 -0500] "HEAD / HTTP/1.1" 200 -
172.22.2.4 - - [27/Mar/2022:01:57:30 -0500] "HEAD /BLA/boletinlegal/ HTTP/1.1" 200 -
172.22.2.4 - - [27/Mar/2022:01:58:20 -0500] "GET /BLA/boletinlegal/ HTTP/1.1" 200 61416
66.249.73.127 - - [27/Mar/2022:02:00:42 -0500] "-" 408 -
207.46.13.43 - - [27/Mar/2022:02:01:39 -0500] "GET /BLA/resoluciones/RESOLUCIONES%202006/RES%202006%20351-400/00000371.tif HTTP/1.1" 200 436694
216.245.221.92 - - [27/Mar/2022:02:02:21 -0500] "HEAD / HTTP/1.1" 200 -
201.245.192.253 - - [27/Mar/2022:02:01:39 -0500] "POST /kwsrmcab/Wsrmcab HTTP/1.1" 200 106397
172.22.2.4 - - [27/Mar/2022:02:03:20 -0500] "HEAD /BLA/boletinlegal/ HTTP/1.1" 200 -
128.14.133.50 - - [27/Mar/2022:02:05:34 -0500] "GET / HTTP/1.1" 200 319
172.22.2.4 - - [27/Mar/2022:02:04:11 -0500] "GET /BLA/boletinlegal/ HTTP/1.1" 200 60932
66.249.73.127 - - [27/Mar/2022:02:07:20 -0500] "-" 408 -
216.245.221.92 - - [27/Mar/2022:02:07:21 -0500] "HEAD / HTTP/1.1" 200 -
17.121.115.210 - - [27/Mar/2022:02:09:29 -0500] "-" 408 -
172.22.2.4 - - [27/Mar/2022:02:09:10 -0500] "HEAD /BLA/boletinlegal/ HTTP/1.1" 200 -
172.22.2.4 - - [27/Mar/2022:02:10:00 -0500] "GET /BLA/boletinlegal/ HTTP/1.1" 200 58006
216.245.221.92 - - [27/Mar/2022:02:12:21 -0500] "HEAD / HTTP/1.1" 200 -
201.245.192.253 - - [27/Mar/2022:02:12:07 -0500] "POST /kwsrmcab/Wsrmcab HTTP/1.1" 200 106002
207.46.13.179 - - [27/Mar/2022:02:14:43 -0500] "GET /BLA/resoluciones/RESOLUCIONES%202006/2618.tif HTTP/1.1" 200 291722
66.249.73.127 - - [27/Mar/2022:02:15:25 -0500] "-" 408 -
172.22.2.4 - - [27/Mar/2022:02:15:00 -0500] "HEAD /BLA/boletinlegal/ HTTP/1.1" 200 -
207.46.13.178 - - [27/Mar/2022:02:16:55 -0500] "GET /portaldeninos/wp-content/uploads/2021/11/plantacion-ni%C3%B1os-humedal-la-conejera-ni%C3%B1os-20-junio-1024x575.jpg HTTP/1.1" 200 166271
216.245.221.92 - - [27/Mar/2022:02:17:21 -0500] "HEAD / HTTP/1.1" 200 -
172.22.2.4 - - [27/Mar/2022:02:15:50 -0500] "GET /BLA/boletinlegal/ HTTP/1.1" 200 59170
201.245.192.253 - - [27/Mar/2022:02:20:48 -0500] "POST /kwsrmcab/Wsrmcab HTTP/1.1" 200 45477
201.245.192.253 - - [27/Mar/2022:02:21:32 -0500] "POST /kwsrmcab/Wsrmcab HTTP/1.1" 200 41849
216.245.221.92 - - [27/Mar/2022:02:22:21 -0500] "HEAD / HTTP/1.1" 200 -
201.245.192.253 - - [27/Mar/2022:02:21:45 -0500] "POST /kwsrmcab/Wsrmcab HTTP/1.1" 200 106002
172.22.2.4 - - [27/Mar/2022:02:20:50 -0500] "HEAD /BLA/boletinlegal/ HTTP/1.1" 200 -
66.249.73.127 - - [27/Mar/2022:02:22:57 -0500] "-" 408 -
172.22.2.4 - - [27/Mar/2022:02:21:40 -0500] "GET /BLA/boletinlegal/ HTTP/1.1" 200 55089
173.252.107.17 - - [27/Mar/2022:02:25:51 -0500] "GET /mujeres-que-reverdecen-bogota-intercambian-saberes-y-semillas.html HTTP/1.1" 206 880
173.252.107.10 - - [27/Mar/2022:02:25:51 -0500] "GET /mujeres-que-reverdecen-bogota-intercambian-saberes-y-semillas.html HTTP/1.1" 206 880
216.245.221.92 - - [27/Mar/2022:02:27:21 -0500] "HEAD / HTTP/1.1" 200 -
207.46.13.186 - - [27/Mar/2022:02:27:46 -0500] "GET /portaldeninos/wp-content/uploads/2021/07/Ficha-aberrojo.jpg HTTP/1.1" 200 115134
172.22.2.4 - - [27/Mar/2022:02:26:40 -0500] "HEAD /BLA/boletinlegal/ HTTP/1.1" 200 -
172.22.2.4 - - [27/Mar/2022:02:27:30 -0500] "GET /BLA/boletinlegal/ HTTP/1.1" 200 61416
201.245.192.253 - - [27/Mar/2022:02:30:48 -0500] "POST /kwsrmcab/Wsrmcab HTTP/1.1" 200 45477
201.245.192.253 - - [27/Mar/2022:02:31:34 -0500] "POST /kwsrmcab/Wsrmcab HTTP/1.1" 200 41849
216.245.221.92 - - [27/Mar/2022:02:32:21 -0500] "HEAD / HTTP/1.1" 200 -
201.245.192.253 - - [27/Mar/2022:02:31:58 -0500] "POST /kwsrmcab/Wsrmcab HTTP/1.1" 200 106002
207.46.13.209 - - [27/Mar/2022:02:33:24 -0500] "GET / HTTP/1.1" 200 319
66.249.73.127 - - [27/Mar/2022:02:33:28 -0500] "-" 408 -
20.36.244.102 - - [27/Mar/2022:02:33:08 -0500] "GET /noticias/rssambiente.php HTTP/1.1" 406 -
207.46.13.179 - - [27/Mar/2022:02:34:04 -0500] "GET /galeria/galeria/fotos/mirador4G.jpg HTTP/1.1" 200 159827
172.22.2.4 - - [27/Mar/2022:02:32:30 -0500] "HEAD /BLA/boletinlegal/ HTTP/1.1" 200 -
40.77.167.61 - - [27/Mar/2022:02:34:51 -0500] "GET / HTTP/1.1" 200 319
172.22.2.4 - - [27/Mar/2022:02:33:20 -0500] "GET /BLA/boletinlegal/ HTTP/1.1" 200 59170
207.46.13.157 - - [27/Mar/2022:02:36:09 -0500] "GET /galeria/galeria/fotos/2GuaymaralTorcaG2.jpg HTTP/1.1" 200 28916
216.245.221.92 - - [27/Mar/2022:02:37:21 -0500] "HEAD / HTTP/1.1" 200 -
172.22.2.4 - - [27/Mar/2022:02:38:20 -0500] "HEAD /BLA/boletinlegal/ HTTP/1.1" 200 -
172.22.2.4 - - [27/Mar/2022:02:39:10 -0500] "GET /BLA/boletinlegal/ HTTP/1.1" 200 56300
66.249.73.127 - - [27/Mar/2022:02:41:25 -0500] "-" 408 -
201.245.192.253 - - [27/Mar/2022:02:40:48 -0500] "POST /kwsrmcab/Wsrmcab HTTP/1.1" 200 45477
216.245.221.92 - - [27/Mar/2022:02:42:21 -0500] "HEAD / HTTP/1.1" 200 -
201.245.192.253 - - [27/Mar/2022:02:41:38 -0500] "POST /kwsrmcab/Wsrmcab HTTP/1.1" 200 41849
201.245.192.253 - - [27/Mar/2022:02:41:59 -0500] "POST /kwsrmcab/Wsrmcab HTTP/1.1" 200 106002
172.22.2.4 - - [27/Mar/2022:02:44:10 -0500] "HEAD /BLA/boletinlegal/ HTTP/1.1" 200 -
172.22.2.4 - - [27/Mar/2022:02:45:00 -0500] "GET /BLA/boletinlegal/ HTTP/1.1" 200 59170
216.245.221.92 - - [27/Mar/2022:02:47:21 -0500] "HEAD / HTTP/1.1" 200 -
66.249.73.127 - - [27/Mar/2022:02:47:38 -0500] "-" 408 -
207.46.13.43 - - [27/Mar/2022:02:49:05 -0500] "GET /BLA/resoluciones/RESOLUCIONES%202014/1180.pdf HTTP/1.1" 200 884124
172.22.2.4 - - [27/Mar/2022:02:50:00 -0500] "HEAD /BLA/boletinlegal/ HTTP/1.1" 200 -
216.245.221.92 - - [27/Mar/2022:02:52:21 -0500] "HEAD / HTTP/1.1" 200 -
172.22.2.4 - - [27/Mar/2022:02:50:50 -0500] "GET /BLA/boletinlegal/ HTTP/1.1" 200 61416
201.245.192.253 - - [27/Mar/2022:02:51:49 -0500] "POST /kwsrmcab/Wsrmcab HTTP/1.1" 200 106002
66.249.73.127 - - [27/Mar/2022:02:53:24 -0500] "-" 408 -
216.245.221.92 - - [27/Mar/2022:02:57:21 -0500] "HEAD / HTTP/1.1" 200 -
173.252.107.16 - - [27/Mar/2022:02:57:22 -0500] "GET /images/dia-agua-participantes-22-marzo.jpg HTTP/1.1" 200 53143
172.22.2.4 - - [27/Mar/2022:02:55:50 -0500] "HEAD /BLA/boletinlegal/ HTTP/1.1" 200 -
173.252.107.11 - - [27/Mar/2022:02:57:35 -0500] "GET /images/feria-servicios-3-marzo.jpg HTTP/1.1" 200 39802
173.252.107.24 - - [27/Mar/2022:02:57:40 -0500] "GET /images/feria-servicios-atencion-24-febrero.jpg HTTP/1.1" 200 31800
173.252.107.7 - - [27/Mar/2022:02:57:40 -0500] "GET /images/Quebrada1.jpg HTTP/1.1" 200 77711
172.22.2.4 - - [27/Mar/2022:02:56:40 -0500] "GET /BLA/boletinlegal/ HTTP/1.1" 200 59170
66.249.73.127 - - [27/Mar/2022:02:59:10 -0500] "-" 408 -
216.245.221.92 - - [27/Mar/2022:03:02:21 -0500] "HEAD / HTTP/1.1" 200 -
201.245.192.253 - - [27/Mar/2022:03:01:44 -0500] "POST /kwsrmcab/Wsrmcab HTTP/1.1" 200 106002
172.22.2.4 - - [27/Mar/2022:03:01:40 -0500] "HEAD /BLA/boletinlegal/ HTTP/1.1" 200 -
172.22.2.4 - - [27/Mar/2022:03:02:30 -0500] "GET /BLA/boletinlegal/ HTTP/1.1" 200 55450
92.118.160.41 - - [27/Mar/2022:03:04:27 -0500] "GET / HTTP/1.1" 200 319
66.249.73.127 - - [27/Mar/2022:03:04:58 -0500] "-" 408 -
34.141.189.105 - - [27/Mar/2022:03:06:52 -0500] "GET / HTTP/1.1" 200 319
216.245.221.92 - - [27/Mar/2022:03:07:21 -0500] "HEAD / HTTP/1.1" 200 -
172.22.2.4 - - [27/Mar/2022:03:07:30 -0500] "HEAD /BLA/boletinlegal/ HTTP/1.1" 200 -
172.22.2.4 - - [27/Mar/2022:03:08:20 -0500] "GET /BLA/boletinlegal/ HTTP/1.1" 200 54090
172.22.2.4 - - [27/Mar/2022:03:11:46 -0500] "GET /BLA/boletinlegal/jurisprudencia/analisis/AnalisisT-606-15.docx HTTP/1.1" 200 26698
172.22.2.4 - - [27/Mar/2022:03:11:47 -0500] "GET /BLA/boletinlegal/apple-touch-icon-120x120-precomposed.png HTTP/1.1" 404 1140
172.22.2.4 - - [27/Mar/2022:03:11:47 -0500] "GET /BLA/boletinlegal/apple-touch-icon-120x120.png HTTP/1.1" 404 1140
172.22.2.4 - - [27/Mar/2022:03:11:47 -0500] "GET /BLA/boletinlegal/apple-touch-icon-precomposed.png HTTP/1.1" 404 1140
172.22.2.4 - - [27/Mar/2022:03:11:47 -0500] "GET /BLA/boletinlegal/apple-touch-icon.png HTTP/1.1" 404 1140
172.22.2.4 - - [27/Mar/2022:03:11:47 -0500] "GET /BLA/boletinlegal/favicon.ico HTTP/1.1" 404 1140
172.22.2.4 - - [27/Mar/2022:03:11:47 -0500] "GET /BLA/boletinlegal/apple-touch-icon-120x120-precomposed.png HTTP/1.1" 404 1140
172.22.2.4 - - [27/Mar/2022:03:11:47 -0500] "GET /BLA/boletinlegal/apple-touch-icon-120x120.png HTTP/1.1" 404 1140
172.22.2.4 - - [27/Mar/2022:03:11:47 -0500] "GET /BLA/boletinlegal/apple-touch-icon-precomposed.png HTTP/1.1" 404 1140
172.22.2.4 - - [27/Mar/2022:03:11:47 -0500] "GET /BLA/boletinlegal/apple-touch-icon.png HTTP/1.1" 404 1140
172.22.2.4 - - [27/Mar/2022:03:11:47 -0500] "GET /BLA/boletinlegal/favicon.ico HTTP/1.1" 404 1140
216.245.221.92 - - [27/Mar/2022:03:12:21 -0500] "HEAD / HTTP/1.1" 200 -
207.46.13.186 - - [27/Mar/2022:03:12:29 -0500] "GET /portaldeninos/wp-content/uploads/2021/11/aves-fauna-16-junio.jpg HTTP/1.1" 200 19490
66.249.73.127 - - [27/Mar/2022:03:12:30 -0500] "-" 408 -
201.245.192.253 - - [27/Mar/2022:03:12:39 -0500] "POST /kwsrmcab/Wsrmcab HTTP/1.1" 200 105992
207.46.13.157 - - [27/Mar/2022:03:14:34 -0500] "GET /bla/resoluciones/resoluciones%202021/4550.pdf HTTP/1.1" 200 346848
167.94.138.44 - - [27/Mar/2022:03:14:50 -0500] "GET / HTTP/1.1" 200 319
167.94.138.44 - - [27/Mar/2022:03:14:51 -0500] "GET / HTTP/1.1" 200 319
167.94.138.44 - - [27/Mar/2022:03:14:51 -0500] "PRI * HTTP/2.0" 400 946
172.22.2.4 - - [27/Mar/2022:03:13:20 -0500] "HEAD /BLA/boletinlegal/ HTTP/1.1" 200 -
172.22.2.4 - - [27/Mar/2022:03:14:10 -0500] "GET /BLA/boletinlegal/ HTTP/1.1" 200 56300
216.245.221.92 - - [27/Mar/2022:03:17:21 -0500] "HEAD / HTTP/1.1" 200 -
54.39.207.82 - - [27/Mar/2022:03:18:36 -0500] "GET / HTTP/1.1" 200 319
66.249.73.127 - - [27/Mar/2022:03:18:39 -0500] "-" 408 -
172.22.2.4 - - [27/Mar/2022:03:19:54 -0500] "GET /BLA/boletinlegal/normativa.php HTTP/1.1" 200 8258
172.22.2.4 - - [27/Mar/2022:03:19:10 -0500] "HEAD /BLA/boletinlegal/ HTTP/1.1" 200 -
201.245.192.253 - - [27/Mar/2022:03:20:47 -0500] "POST /kwsrmcab/Wsrmcab HTTP/1.1" 200 45489
172.22.2.4 - - [27/Mar/2022:03:20:00 -0500] "GET /BLA/boletinlegal/ HTTP/1.1" 200 59170
216.245.221.92 - - [27/Mar/2022:03:22:21 -0500] "HEAD / HTTP/1.1" 200 -
201.245.192.253 - - [27/Mar/2022:03:21:38 -0500] "POST /kwsrmcab/Wsrmcab HTTP/1.1" 200 41839
201.245.192.253 - - [27/Mar/2022:03:22:14 -0500] "POST /kwsrmcab/Wsrmcab HTTP/1.1" 200 105992
172.22.2.4 - - [27/Mar/2022:03:25:00 -0500] "HEAD /BLA/boletinlegal/ HTTP/1.1" 200 -
216.245.221.92 - - [27/Mar/2022:03:27:21 -0500] "HEAD / HTTP/1.1" 200 -
172.22.2.4 - - [27/Mar/2022:03:25:50 -0500] "GET /BLA/boletinlegal/ HTTP/1.1" 200 59170
66.249.73.127 - - [27/Mar/2022:03:27:54 -0500] "-" 408 -
207.46.13.43 - - [27/Mar/2022:03:30:09 -0500] "GET /sipse/faces/faces/autenticacion.xhtml HTTP/1.1" 200 12501
201.245.192.253 - - [27/Mar/2022:03:30:48 -0500] "POST /kwsrmcab/Wsrmcab HTTP/1.1" 200 45489
216.245.221.92 - - [27/Mar/2022:03:32:21 -0500] "HEAD / HTTP/1.1" 200 -
201.245.192.253 - - [27/Mar/2022:03:31:38 -0500] "POST /kwsrmcab/Wsrmcab HTTP/1.1" 200 41839
172.22.2.4 - - [27/Mar/2022:03:30:50 -0500] "HEAD /BLA/boletinlegal/ HTTP/1.1" 200 -
201.245.192.253 - - [27/Mar/2022:03:31:41 -0500] "POST /kwsrmcab/Wsrmcab HTTP/1.1" 200 105992
172.22.2.4 - - [27/Mar/2022:03:32:57 -0500] "GET /BLA/boletinlegal/Directivas/2011/Directiva%20No.%202%20del%2017%20de%20Mayo%20de%202011.pdf HTTP/1.1" 200 495382
172.22.2.4 - - [27/Mar/2022:03:31:40 -0500] "GET /BLA/boletinlegal/ HTTP/1.1" 200 55450
216.245.221.92 - - [27/Mar/2022:03:37:21 -0500] "HEAD / HTTP/1.1" 200 -
172.22.2.4 - - [27/Mar/2022:03:36:40 -0500] "HEAD /BLA/boletinlegal/ HTTP/1.1" 200 -
172.22.2.4 - - [27/Mar/2022:03:37:30 -0500] "GET /BLA/boletinlegal/ HTTP/1.1" 200 59170
157.55.39.218 - - [27/Mar/2022:03:40:33 -0500] "GET /BLA/resoluciones/index.php?dir=RESOLUCIONES+2021%2F HTTP/1.1" 200 299140
201.245.192.253 - - [27/Mar/2022:03:40:48 -0500] "POST /kwsrmcab/Wsrmcab HTTP/1.1" 200 45489
201.245.192.253 - - [27/Mar/2022:03:41:33 -0500] "POST /kwsrmcab/Wsrmcab HTTP/1.1" 200 41839
216.245.221.92 - - [27/Mar/2022:03:42:21 -0500] "HEAD / HTTP/1.1" 200 -
201.245.192.253 - - [27/Mar/2022:03:42:16 -0500] "POST /kwsrmcab/Wsrmcab HTTP/1.1" 200 105992
172.22.2.4 - - [27/Mar/2022:03:43:27 -0500] "GET /BLA/boletinlegal/circulares/2011/circular%20no.%206%20del%2029%20de%20julio%20de%202011.pdf HTTP/1.1" 200 262144
207.46.13.186 - - [27/Mar/2022:03:43:42 -0500] "GET /portaldeninos/wp-content/uploads/2021/11/cronica-mujer-junio-29-junio-ambiente-300x159.png HTTP/1.1" 200 105399
172.22.2.4 - - [27/Mar/2022:03:42:30 -0500] "HEAD /BLA/boletinlegal/ HTTP/1.1" 200 -
172.22.2.4 - - [27/Mar/2022:03:43:20 -0500] "GET /BLA/boletinlegal/ HTTP/1.1" 200 60932
216.245.221.92 - - [27/Mar/2022:03:47:21 -0500] "HEAD / HTTP/1.1" 200 -
66.249.73.97 - - [27/Mar/2022:03:49:52 -0500] "-" 408 -
172.22.2.4 - - [27/Mar/2022:03:48:20 -0500] "HEAD /BLA/boletinlegal/ HTTP/1.1" 200 -
172.22.2.4 - - [27/Mar/2022:03:49:10 -0500] "GET /BLA/boletinlegal/ HTTP/1.1" 200 50602
216.245.221.92 - - [27/Mar/2022:03:52:21 -0500] "HEAD / HTTP/1.1" 200 -
201.245.192.253 - - [27/Mar/2022:03:51:48 -0500] "POST /kwsrmcab/Wsrmcab HTTP/1.1" 200 105992
207.46.13.43 - - [27/Mar/2022:03:54:11 -0500] "GET /bla/resoluciones/resoluciones%202021/4877.pdf HTTP/1.1" 200 346172
172.22.2.4 - - [27/Mar/2022:03:54:10 -0500] "HEAD /BLA/boletinlegal/ HTTP/1.1" 200 -
172.22.2.4 - - [27/Mar/2022:03:55:00 -0500] "GET /BLA/boletinlegal/ HTTP/1.1" 200 61416
216.245.221.92 - - [27/Mar/2022:03:57:21 -0500] "HEAD / HTTP/1.1" 200 -
172.22.2.4 - - [27/Mar/2022:04:00:00 -0500] "HEAD /BLA/boletinlegal/ HTTP/1.1" 200 -
216.245.221.92 - - [27/Mar/2022:04:02:21 -0500] "HEAD / HTTP/1.1" 200 -
172.22.2.4 - - [27/Mar/2022:04:00:50 -0500] "GET /BLA/boletinlegal/ HTTP/1.1" 200 61416
201.245.192.253 - - [27/Mar/2022:04:01:50 -0500] "POST /kwsrmcab/Wsrmcab HTTP/1.1" 200 105992
172.22.2.4 - - [27/Mar/2022:04:04:38 -0500] "POST /BLA/boletinlegal/mifs/.;/services/LogService HTTP/1.1" 404 1158
40.77.167.46 - - [27/Mar/2022:04:04:43 -0500] "GET /bla/resoluciones/notificaciones/autos%202019/4952.pdf HTTP/1.1" 200 97938
207.46.13.179 - - [27/Mar/2022:04:05:24 -0500] "GET /forest/ HTTP/1.1" 200 12041
192.241.216.26 - - [27/Mar/2022:04:07:00 -0500] "GET /hudson HTTP/1.1" 404 1018
216.245.221.92 - - [27/Mar/2022:04:07:21 -0500] "HEAD / HTTP/1.1" 200 -
172.22.2.4 - - [27/Mar/2022:04:05:50 -0500] "HEAD /BLA/boletinlegal/ HTTP/1.1" 200 -
172.22.2.4 - - [27/Mar/2022:04:06:40 -0500] "GET /BLA/boletinlegal/ HTTP/1.1" 200 60932
207.46.13.157 - - [27/Mar/2022:04:11:18 -0500] "GET /galeria/galeria/fotos/Jaboque4G.jpg HTTP/1.1" 200 295106
66.249.73.100 - - [27/Mar/2022:04:11:33 -0500] "-" 408 -
216.245.221.92 - - [27/Mar/2022:04:12:21 -0500] "HEAD / HTTP/1.1" 200 -
201.245.192.253 - - [27/Mar/2022:04:12:12 -0500] "POST /kwsrmcab/Wsrmcab HTTP/1.1" 200 105984
172.22.2.4 - - [27/Mar/2022:04:11:40 -0500] "HEAD /BLA/boletinlegal/ HTTP/1.1" 200 -
172.22.2.4 - - [27/Mar/2022:04:12:30 -0500] "GET /BLA/boletinlegal/ HTTP/1.1" 200 53739
157.55.39.177 - - [27/Mar/2022:04:17:00 -0500] "GET / HTTP/1.1" 200 319
216.245.221.92 - - [27/Mar/2022:04:17:21 -0500] "HEAD / HTTP/1.1" 200 -
172.22.2.4 - - [27/Mar/2022:04:17:30 -0500] "HEAD /BLA/boletinlegal/ HTTP/1.1" 200 -
172.22.2.4 - - [27/Mar/2022:04:18:20 -0500] "GET /BLA/boletinlegal/ HTTP/1.1" 200 59170
207.46.13.179 - - [27/Mar/2022:04:20:06 -0500] "GET /BLA/resoluciones/AUTOS%202020/1331.pdf HTTP/1.1" 304 -
207.46.13.178 - - [27/Mar/2022:04:20:17 -0500] "GET /portaldeninos/wp-content/uploads/2020/11/Santa-Mar%C3%ADa-B-768x432.jpg HTTP/1.1" 200 84845
106.75.79.172 - - [27/Mar/2022:04:20:54 -0500] "GET / HTTP/1.0" 200 319
201.245.192.253 - - [27/Mar/2022:04:20:47 -0500] "POST /kwsrmcab/Wsrmcab HTTP/1.1" 200 45471
216.245.221.92 - - [27/Mar/2022:04:22:21 -0500] "HEAD / HTTP/1.1" 200 -
201.245.192.253 - - [27/Mar/2022:04:21:37 -0500] "POST /kwsrmcab/Wsrmcab HTTP/1.1" 200 41831
201.245.192.253 - - [27/Mar/2022:04:21:45 -0500] "POST /kwsrmcab/Wsrmcab HTTP/1.1" 200 105984
198.74.59.35 - - [27/Mar/2022:04:24:14 -0500] "GET /galeria/galeria/jquery.fancybox.css?v=2.1.5 HTTP/1.1" 200 4895
198.74.59.35 - - [27/Mar/2022:04:24:14 -0500] "GET /BLA/boletinlegal/js/jquery.scrollShow.js HTTP/1.1" 200 4586
198.74.59.35 - - [27/Mar/2022:04:24:14 -0500] "GET /galeria/galeria/jquery.fancybox.js?v=2.1.5 HTTP/1.1" 200 48706
172.22.2.4 - - [27/Mar/2022:04:23:20 -0500] "HEAD /BLA/boletinlegal/ HTTP/1.1" 200 -
207.46.13.179 - - [27/Mar/2022:04:25:35 -0500] "GET /bla/resoluciones/resoluciones%202021/0049.pdf HTTP/1.1" 200 386702
172.22.2.4 - - [27/Mar/2022:04:24:10 -0500] "GET /BLA/boletinlegal/ HTTP/1.1" 200 50602
172.22.2.4 - - [27/Mar/2022:04:24:40 -0500] "GET /BLA/boletinlegal/ HTTP/1.1" 200 56300
216.245.221.92 - - [27/Mar/2022:04:27:21 -0500] "HEAD / HTTP/1.1" 200 -
207.46.13.178 - - [27/Mar/2022:04:30:08 -0500] "GET /portaldeninos/wp-content/uploads/2021/07/Banners-p%C3%A1gina-de-ni%C3%B1os-humedales-de-Bogot%C3%A1.jpg HTTP/1.1" 404 67768
172.22.2.4 - - [27/Mar/2022:04:29:10 -0500] "HEAD /BLA/boletinlegal/ HTTP/1.1" 200 -
201.245.192.253 - - [27/Mar/2022:04:30:47 -0500] "POST /kwsrmcab/Wsrmcab HTTP/1.1" 200 45471
172.22.2.4 - - [27/Mar/2022:04:30:00 -0500] "GET /BLA/boletinlegal/ HTTP/1.1" 200 55450
216.245.221.92 - - [27/Mar/2022:04:32:21 -0500] "HEAD / HTTP/1.1" 200 -
201.245.192.253 - - [27/Mar/2022:04:31:36 -0500] "POST /kwsrmcab/Wsrmcab HTTP/1.1" 200 41831
201.245.192.253 - - [27/Mar/2022:04:31:57 -0500] "POST /kwsrmcab/Wsrmcab HTTP/1.1" 200 105984
172.22.2.4 - - [27/Mar/2022:04:35:00 -0500] "HEAD /BLA/boletinlegal/ HTTP/1.1" 200 -
216.245.221.92 - - [27/Mar/2022:04:37:21 -0500] "HEAD / HTTP/1.1" 200 -
172.22.2.4 - - [27/Mar/2022:04:35:50 -0500] "GET /BLA/boletinlegal/ HTTP/1.1" 200 52945
193.46.254.155 - - [27/Mar/2022:04:38:41 -0500] "POST / HTTP/1.1" 200 319
201.245.192.253 - - [27/Mar/2022:04:40:47 -0500] "POST /kwsrmcab/Wsrmcab HTTP/1.1" 200 45471
216.245.221.92 - - [27/Mar/2022:04:42:21 -0500] "HEAD / HTTP/1.1" 200 -
201.245.192.253 - - [27/Mar/2022:04:41:33 -0500] "POST /kwsrmcab/Wsrmcab HTTP/1.1" 200 41831
172.22.2.4 - - [27/Mar/2022:04:40:50 -0500] "HEAD /BLA/boletinlegal/ HTTP/1.1" 200 -
201.245.192.253 - - [27/Mar/2022:04:41:43 -0500] "POST /kwsrmcab/Wsrmcab HTTP/1.1" 200 105984
172.22.2.4 - - [27/Mar/2022:04:41:40 -0500] "GET /BLA/boletinlegal/ HTTP/1.1" 200 54457
172.22.2.4 - - [27/Mar/2022:04:44:33 -0500] "GET /BLA/boletinlegal/robots.txt HTTP/1.1" 404 1038
172.22.2.4 - - [27/Mar/2022:04:44:34 -0500] "GET /BLA/boletinlegal/index.php HTTP/1.1" 200 63729
66.249.73.100 - - [27/Mar/2022:04:47:09 -0500] "-" 408 -
216.245.221.92 - - [27/Mar/2022:04:47:21 -0500] "HEAD / HTTP/1.1" 200 -
157.55.39.177 - - [27/Mar/2022:04:48:11 -0500] "GET /portaldeninos/wp-content/uploads/2020/11/Santa-Mar%C3%ADa-B-260x146.jpg HTTP/1.1" 200 11875
172.22.2.4 - - [27/Mar/2022:04:46:40 -0500] "HEAD /BLA/boletinlegal/ HTTP/1.1" 200 -
172.22.2.4 - - [27/Mar/2022:04:47:30 -0500] "GET /BLA/boletinlegal/ HTTP/1.1" 200 61416
216.245.221.92 - - [27/Mar/2022:04:52:21 -0500] "HEAD / HTTP/1.1" 200 -
201.245.192.253 - - [27/Mar/2022:04:51:45 -0500] "POST /kwsrmcab/Wsrmcab HTTP/1.1" 200 105984
207.46.13.209 - - [27/Mar/2022:04:53:24 -0500] "GET /galeria/galeria/fotos/juan-amarillo4G.jpg HTTP/1.1" 200 202445
172.22.2.4 - - [27/Mar/2022:04:52:30 -0500] "HEAD /BLA/boletinlegal/ HTTP/1.1" 200 -
172.22.2.4 - - [27/Mar/2022:04:53:20 -0500] "GET /BLA/boletinlegal/ HTTP/1.1" 200 59170
216.245.221.92 - - [27/Mar/2022:04:57:21 -0500] "HEAD / HTTP/1.1" 200 -
172.22.2.4 - - [27/Mar/2022:04:58:20 -0500] "HEAD /BLA/boletinlegal/ HTTP/1.1" 200 -
172.22.2.4 - - [27/Mar/2022:04:59:10 -0500] "GET /BLA/boletinlegal/ HTTP/1.1" 200 54090
216.245.221.92 - - [27/Mar/2022:05:02:21 -0500] "HEAD / HTTP/1.1" 200 -
201.245.192.253 - - [27/Mar/2022:05:01:35 -0500] "POST /kwsrmcab/Wsrmcab HTTP/1.1" 200 105984
207.46.13.179 - - [27/Mar/2022:05:04:59 -0500] "GET /BLA/resoluciones/RESOLUCIONES%202019/3373.pdf HTTP/1.1" 304 -
207.46.13.209 - - [27/Mar/2022:05:05:44 -0500] "GET /BLA/resoluciones/AUTOS%202018/0970.pdf HTTP/1.1" 304 -
172.22.2.4 - - [27/Mar/2022:05:04:10 -0500] "HEAD /BLA/boletinlegal/ HTTP/1.1" 200 -
172.22.2.4 - - [27/Mar/2022:05:05:00 -0500] "GET /BLA/boletinlegal/ HTTP/1.1" 200 58588
216.245.221.92 - - [27/Mar/2022:05:07:21 -0500] "HEAD / HTTP/1.1" 200 -
172.22.2.4 - - [27/Mar/2022:05:11:15 -0500] "GET /BLA/boletinlegal/robots.txt HTTP/1.1" 404 1038
172.22.2.4 - - [27/Mar/2022:05:10:00 -0500] "HEAD /BLA/boletinlegal/ HTTP/1.1" 200 -
207.46.13.179 - - [27/Mar/2022:05:12:09 -0500] "GET /bla/resoluciones/resoluciones%202021/2989.pdf HTTP/1.1" 200 561982
216.245.221.92 - - [27/Mar/2022:05:12:21 -0500] "HEAD / HTTP/1.1" 200 -
172.22.2.4 - - [27/Mar/2022:05:10:50 -0500] "GET /BLA/boletinlegal/ HTTP/1.1" 200 54090
172.22.2.4 - - [27/Mar/2022:05:11:15 -0500] "GET /BLA/boletinlegal/ HTTP/1.1" 200 55089
201.245.192.253 - - [27/Mar/2022:05:12:14 -0500] "POST /kwsrmcab/Wsrmcab HTTP/1.1" 200 105978
172.22.2.4 - - [27/Mar/2022:05:13:36 -0500] "GET /BLA/boletinlegal/directivas/2014/directiva%20no.%204%20del%2006%20de%20junio%20de%202014.pdf HTTP/1.1" 200 236794
34.90.80.74 - - [27/Mar/2022:05:13:44 -0500] "GET / HTTP/1.1" 200 319
40.77.167.41 - - [27/Mar/2022:05:14:20 -0500] "GET /portaldeninos/wp-content/uploads/2021/11/cronica-mujer-junio-29-junio-ambiente-50x27.png HTTP/1.1" 200 3699
216.245.221.92 - - [27/Mar/2022:05:17:21 -0500] "HEAD / HTTP/1.1" 200 -
172.22.2.4 - - [27/Mar/2022:05:15:50 -0500] "HEAD /BLA/boletinlegal/ HTTP/1.1" 200 -
37.140.35.77 - - [27/Mar/2022:05:17:36 -0500] "GET / HTTP/1.1" 200 319
172.22.2.4 - - [27/Mar/2022:05:18:19 -0500] "GET /BLA/boletinlegal/js/jquery.js HTTP/1.1" 200 57254
172.22.2.4 - - [27/Mar/2022:05:16:40 -0500] "GET /BLA/boletinlegal/ HTTP/1.1" 200 59170
172.22.2.4 - - [27/Mar/2022:05:19:10 -0500] "GET /BLA/boletinlegal/ HTTP/1.1" 200 45003
66.249.73.100 - - [27/Mar/2022:05:21:34 -0500] "-" 408 -
201.245.192.253 - - [27/Mar/2022:05:20:47 -0500] "POST /kwsrmcab/Wsrmcab HTTP/1.1" 200 45481
207.46.13.186 - - [27/Mar/2022:05:21:33 -0500] "GET /portaldeninos/2021/05/31/bogota-celebrara-la-semana-ambiental-del-1-al-5-de-junio/ HTTP/1.1" 200 104020
40.77.167.41 - - [27/Mar/2022:05:21:50 -0500] "GET /portaldeninos/wp-content/themes/betheme/assets/jplayer/jplayer.min.js?ver=20.9.6 HTTP/1.1" 200 52702
207.46.13.186 - - [27/Mar/2022:05:21:51 -0500] "GET /portaldeninos/wp-content/themes/betheme/assets/animations/animations.min.js?ver=20.9.6 HTTP/1.1" 200 1896
207.46.13.31 - - [27/Mar/2022:05:21:51 -0500] "GET /portaldeninos/wp-content/plugins/gallery-videos/CSS/totalsoft.css?ver=4.9.8 HTTP/1.1" 200 40622
40.77.167.78 - - [27/Mar/2022:05:21:52 -0500] "GET /portaldeninos/wp-content/themes/betheme/js/menu.js?ver=20.9.6 HTTP/1.1" 200 2449
40.77.167.41 - - [27/Mar/2022:05:21:52 -0500] "GET /portaldeninos/wp-content/themes/betheme/js/plugins.js?ver=20.9.6 HTTP/1.1" 200 197151
207.46.13.31 - - [27/Mar/2022:05:21:54 -0500] "GET /portaldeninos/wp-content/themes/betheme/assets/ui/jquery.ui.all.css?ver=20.9.6 HTTP/1.1" 200 18765
40.77.167.78 - - [27/Mar/2022:05:21:54 -0500] "GET /portaldeninos/wp-includes/js/jquery/ui/mouse.min.js?ver=1.11.4 HTTP/1.1" 200 3148
207.46.13.186 - - [27/Mar/2022:05:21:54 -0500] "GET /portaldeninos/wp-content/themes/betheme/css/shortcodes.css?ver=20.9.6 HTTP/1.1" 200 138889
40.77.167.41 - - [27/Mar/2022:05:21:55 -0500] "GET /portaldeninos/wp-includes/js/jquery/ui/sortable.min.js?ver=1.11.4 HTTP/1.1" 200 24899
207.46.13.186 - - [27/Mar/2022:05:21:57 -0500] "GET /portaldeninos/wp-content/themes/betheme/style.css?ver=20.9.6 HTTP/1.1" 200 287
40.77.167.78 - - [27/Mar/2022:05:21:57 -0500] "GET /portaldeninos/wp-includes/js/jquery/ui/tabs.min.js?ver=1.11.4 HTTP/1.1" 200 12110
207.46.13.31 - - [27/Mar/2022:05:21:57 -0500] "GET /portaldeninos/wp-content/themes/betheme/css/layout.css?ver=20.9.6 HTTP/1.1" 200 116639
40.77.167.41 - - [27/Mar/2022:05:21:58 -0500] "GET /portaldeninos/wp-includes/js/wp-emoji-release.min.js?ver=4.9.8 HTTP/1.1" 200 12026
207.46.13.186 - - [27/Mar/2022:05:22:00 -0500] "GET /portaldeninos/wp-includes/js/jquery/ui/core.min.js?ver=1.11.4 HTTP/1.1" 200 4000
40.77.167.78 - - [27/Mar/2022:05:22:00 -0500] "GET /portaldeninos/wp-includes/js/jquery/ui/widget.min.js?ver=1.11.4 HTTP/1.1" 200 6908
207.46.13.31 - - [27/Mar/2022:05:22:00 -0500] "GET /portaldeninos/wp-content/themes/betheme/js/scripts.js?ver=20.9.6 HTTP/1.1" 200 77162
207.46.13.178 - - [27/Mar/2022:05:22:01 -0500] "GET /portaldeninos/wp-content/plugins/gallery-videos/JS/Total-Soft-Gallery-Video-Widget.js?ver=4.9.8 HTTP/1.1" 200 80264
207.46.13.31 - - [27/Mar/2022:05:22:03 -0500] "GET /portaldeninos/wp-content/uploads/useanyfont/uaf.css?ver=1589905315 HTTP/1.1" 200 408
157.55.39.177 - - [27/Mar/2022:05:22:04 -0500] "GET /portaldeninos/wp-content/plugins/gallery-videos/CSS/Total-Soft-Gallery-Video-Widget.css?ver=4.9.8 HTTP/1.1" 200 51554
207.46.13.178 - - [27/Mar/2022:05:22:05 -0500] "GET /portaldeninos/wp-content/themes/betheme/assets/animations/animations.min.css?ver=20.9.6 HTTP/1.1" 200 58508
207.46.13.31 - - [27/Mar/2022:05:22:06 -0500] "GET /portaldeninos/wp-includes/js/jquery/jquery.js?ver=1.12.4 HTTP/1.1" 200 97184
157.55.39.177 - - [27/Mar/2022:05:22:07 -0500] "GET /portaldeninos/wp-content/plugins/gallery-videos/JS/modernizr.custom.js?ver=4.9.8 HTTP/1.1" 200 9019
207.46.13.178 - - [27/Mar/2022:05:22:07 -0500] "GET /portaldeninos/wp-includes/js/jquery/ui/accordion.min.js?ver=1.11.4 HTTP/1.1" 200 8584
157.55.39.177 - - [27/Mar/2022:05:22:10 -0500] "GET /portaldeninos/wp-content/themes/betheme/assets/jplayer/css/jplayer.blue.monday.css?ver=20.9.6 HTTP/1.1" 200 9834
207.46.13.178 - - [27/Mar/2022:05:22:11 -0500] "GET /portaldeninos/wp-includes/js/wp-embed.min.js?ver=4.9.8 HTTP/1.1" 200 1398
157.55.39.177 - - [27/Mar/2022:05:22:13 -0500] "GET /portaldeninos/wp-content/themes/betheme/css/base.css?ver=20.9.6 HTTP/1.1" 200 57283
157.55.39.177 - - [27/Mar/2022:05:22:16 -0500] "GET /portaldeninos/wp-content/themes/betheme/css/responsive.css?ver=20.9.6 HTTP/1.1" 200 55740
157.55.39.177 - - [27/Mar/2022:05:22:18 -0500] "GET /portaldeninos/wp-includes/js/comment-reply.min.js?ver=4.9.8 HTTP/1.1" 200 1078
216.245.221.92 - - [27/Mar/2022:05:22:21 -0500] "HEAD / HTTP/1.1" 200 -
157.55.39.177 - - [27/Mar/2022:05:22:21 -0500] "GET /portaldeninos/wp-includes/js/jquery/jquery-migrate.min.js?ver=1.4.1 HTTP/1.1" 200 10056
201.245.192.253 - - [27/Mar/2022:05:21:35 -0500] "POST /kwsrmcab/Wsrmcab HTTP/1.1" 200 41825
201.245.192.253 - - [27/Mar/2022:05:22:06 -0500] "POST /kwsrmcab/Wsrmcab HTTP/1.1" 200 105978
172.22.2.4 - - [27/Mar/2022:05:21:40 -0500] "HEAD /BLA/boletinlegal/ HTTP/1.1" 200 -
172.22.2.4 - - [27/Mar/2022:05:22:30 -0500] "GET /BLA/boletinlegal/ HTTP/1.1" 200 60932
216.245.221.92 - - [27/Mar/2022:05:27:21 -0500] "HEAD / HTTP/1.1" 200 -
157.55.39.218 - - [27/Mar/2022:05:28:13 -0500] "GET /sipse/faces/autenticacion.xhtml HTTP/1.1" 200 12501
190.240.36.207 - - [27/Mar/2022:05:28:19 -0500] "GET /catalogoisis/ HTTP/1.1" 404 211
190.240.36.207 - - [27/Mar/2022:05:28:20 -0500] "GET /favicon.ico HTTP/1.1" 200 7782
207.46.13.209 - - [27/Mar/2022:05:28:39 -0500] "GET /bla/resoluciones/resoluciones%202019/1007.pdf HTTP/1.1" 200 242101
190.240.36.207 - - [27/Mar/2022:05:28:40 -0500] "GET /catalogoisis/ HTTP/1.1" 404 211
172.22.2.4 - - [27/Mar/2022:05:27:30 -0500] "HEAD /BLA/boletinlegal/ HTTP/1.1" 200 -
173.252.107.5 - - [27/Mar/2022:05:29:40 -0500] "GET /san-benito-circular-una-apuesta-para-la-transformacion-sostenible-de-la-industria-manufacturera-en-bogota.html HTTP/1.1" 206 933
172.22.2.4 - - [27/Mar/2022:05:28:20 -0500] "GET /BLA/boletinlegal/ HTTP/1.1" 200 57044
207.46.13.157 - - [27/Mar/2022:05:30:46 -0500] "GET /galeria/galeria/fotos/GuaymaralTorca3G.jpg HTTP/1.1" 200 330310
201.245.192.253 - - [27/Mar/2022:05:30:47 -0500] "POST /kwsrmcab/Wsrmcab HTTP/1.1" 200 45481
216.245.221.92 - - [27/Mar/2022:05:32:21 -0500] "HEAD / HTTP/1.1" 200 -
201.245.192.253 - - [27/Mar/2022:05:31:37 -0500] "POST /kwsrmcab/Wsrmcab HTTP/1.1" 200 41825
66.249.73.127 - - [27/Mar/2022:05:32:39 -0500] "-" 408 -
201.245.192.253 - - [27/Mar/2022:05:32:07 -0500] "POST /kwsrmcab/Wsrmcab HTTP/1.1" 200 105978
