172.22.2.4 - - [27/Mar/2022:05:33:20 -0500] "HEAD /BLA/boletinlegal/ HTTP/1.1" 200 -
172.22.2.4 - - [27/Mar/2022:05:35:42 -0500] "GET /BLA/boletinlegal/actos.php HTTP/1.1" 200 9555
172.22.2.4 - - [27/Mar/2022:05:35:44 -0500] "GET /BLA/boletinlegal/js/lib.js HTTP/1.1" 200 6474
172.22.2.4 - - [27/Mar/2022:05:34:10 -0500] "GET /BLA/boletinlegal/ HTTP/1.1" 200 59170
157.55.39.177 - - [27/Mar/2022:05:35:55 -0500] "GET / HTTP/1.1" 200 319
216.245.221.92 - - [27/Mar/2022:05:37:21 -0500] "HEAD / HTTP/1.1" 200 -
40.77.188.166 - - [27/Mar/2022:05:37:46 -0500] "GET /portaldeninos/wp-content/themes/betheme/fonts/mfn-icons.woff?93978679 HTTP/1.1" 200 80932
66.249.73.127 - - [27/Mar/2022:05:39:32 -0500] "-" 408 -
172.22.2.4 - - [27/Mar/2022:05:39:10 -0500] "HEAD /BLA/boletinlegal/ HTTP/1.1" 200 -
201.245.192.253 - - [27/Mar/2022:05:40:47 -0500] "POST /kwsrmcab/Wsrmcab HTTP/1.1" 200 45481
172.22.2.4 - - [27/Mar/2022:05:40:00 -0500] "GET /BLA/boletinlegal/ HTTP/1.1" 200 59170
201.245.192.253 - - [27/Mar/2022:05:41:32 -0500] "POST /kwsrmcab/Wsrmcab HTTP/1.1" 200 41825
216.245.221.92 - - [27/Mar/2022:05:42:21 -0500] "HEAD / HTTP/1.1" 200 -
201.245.192.253 - - [27/Mar/2022:05:42:18 -0500] "POST /kwsrmcab/Wsrmcab HTTP/1.1" 200 105978
207.46.13.209 - - [27/Mar/2022:05:43:48 -0500] "GET / HTTP/1.1" 200 319
157.55.39.218 - - [27/Mar/2022:05:43:54 -0500] "GET /BLA/resoluciones/AUTOS%202018/3000.pdf HTTP/1.1" 304 -
172.22.2.4 - - [27/Mar/2022:05:43:51 -0500] "GET /BLA/boletinlegal/ HTTP/1.1" 200 56669
66.249.73.127 - - [27/Mar/2022:05:46:00 -0500] "-" 408 -
172.22.2.4 - - [27/Mar/2022:05:45:00 -0500] "HEAD /BLA/boletinlegal/ HTTP/1.1" 200 -
216.245.221.92 - - [27/Mar/2022:05:47:20 -0500] "HEAD / HTTP/1.1" 200 -
172.22.2.4 - - [27/Mar/2022:05:45:50 -0500] "GET /BLA/boletinlegal/ HTTP/1.1" 200 61416
31.148.130.173 - - [27/Mar/2022:05:49:38 -0500] "GET /bla/resoluciones/notificaciones/registros%202018/0160.pdf HTTP/1.1" 200 266277
172.22.2.4 - - [27/Mar/2022:05:50:26 -0500] "POST /BLA/boletinlegal/commit.php HTTP/1.1" 404 1018
207.46.13.209 - - [27/Mar/2022:05:51:30 -0500] "GET /BLA/resoluciones/RESOLUCIONES%202005/00001088.tif HTTP/1.1" 200 142914
207.46.13.209 - - [27/Mar/2022:05:51:51 -0500] "GET /BLA/resoluciones/Notificaciones/AUTOS%202017/3706.pdf HTTP/1.1" 200 310802
216.245.221.92 - - [27/Mar/2022:05:52:21 -0500] "HEAD / HTTP/1.1" 200 -
172.22.2.4 - - [27/Mar/2022:05:50:50 -0500] "HEAD /BLA/boletinlegal/ HTTP/1.1" 200 -
201.245.192.253 - - [27/Mar/2022:05:51:52 -0500] "POST /kwsrmcab/Wsrmcab HTTP/1.1" 200 105978
172.22.2.4 - - [27/Mar/2022:05:51:40 -0500] "GET /BLA/boletinlegal/ HTTP/1.1" 200 61416
66.249.73.127 - - [27/Mar/2022:05:55:02 -0500] "-" 408 -
216.245.221.92 - - [27/Mar/2022:05:57:21 -0500] "HEAD / HTTP/1.1" 200 -
173.252.107.21 - - [27/Mar/2022:05:57:55 -0500] "GET /en-esta-navidad-bogota-esta-mejorando-con-mas-espacios-verdes-para-el-disfrute-de-la-ciudadania.html HTTP/1.1" 206 1114
173.252.107.5 - - [27/Mar/2022:05:57:55 -0500] "GET /en-esta-navidad-bogota-esta-mejorando-con-mas-espacios-verdes-para-el-disfrute-de-la-ciudadania.html HTTP/1.1" 206 1114
172.22.2.4 - - [27/Mar/2022:05:56:40 -0500] "HEAD /BLA/boletinlegal/ HTTP/1.1" 200 -
172.22.2.4 - - [27/Mar/2022:05:57:30 -0500] "GET /BLA/boletinlegal/ HTTP/1.1" 200 59170
207.46.13.157 - - [27/Mar/2022:05:59:49 -0500] "GET /BLA/resoluciones/1869.tif HTTP/1.1" 404 1018
66.249.73.127 - - [27/Mar/2022:06:00:41 -0500] "-" 408 -
207.46.13.178 - - [27/Mar/2022:06:01:46 -0500] "GET /acercar-programa-del-distrito-para-ayudar-a-las-empresas-a-crecer-de-manera-sostenible.html HTTP/1.1" 304 -
216.245.221.92 - - [27/Mar/2022:06:02:21 -0500] "HEAD / HTTP/1.1" 200 -
201.245.192.253 - - [27/Mar/2022:06:01:36 -0500] "POST /kwsrmcab/Wsrmcab HTTP/1.1" 200 105978
207.46.13.31 - - [27/Mar/2022:06:02:57 -0500] "GET /asi-festejamos-el-dia-mundial-y-la-semana-de-los-humedales.html HTTP/1.1" 304 -
172.22.2.4 - - [27/Mar/2022:06:02:30 -0500] "HEAD /BLA/boletinlegal/ HTTP/1.1" 200 -
172.22.2.4 - - [27/Mar/2022:06:03:20 -0500] "GET /BLA/boletinlegal/ HTTP/1.1" 200 55450
216.245.221.92 - - [27/Mar/2022:06:07:20 -0500] "HEAD / HTTP/1.1" 200 -
114.33.18.172 - - [27/Mar/2022:06:07:30 -0500] "POST /editBlackAndWhiteList HTTP/1.1" 404 1018
172.22.2.4 - - [27/Mar/2022:06:08:18 -0500] "GET /BLA/boletinlegal/conceptos.php HTTP/1.1" 200 7443
172.22.2.4 - - [27/Mar/2022:06:08:57 -0500] "GET /BLA/boletinlegal/niceforms.js HTTP/1.1" 200 22876
45.33.99.138 - - [27/Mar/2022:06:08:54 -0500] "POST /boaform/admin/formLogin HTTP/1.1" 404 1186
66.249.73.127 - - [27/Mar/2022:06:09:36 -0500] "-" 408 -
172.22.2.4 - - [27/Mar/2022:06:08:20 -0500] "HEAD /BLA/boletinlegal/ HTTP/1.1" 200 -
40.77.167.78 - - [27/Mar/2022:06:10:18 -0500] "GET /30-tinguas-azules-volvieron-a-alzar-vuelo-en-el-humedal-jaboque-en-engativa.html HTTP/1.1" 200 1102
207.46.13.157 - - [27/Mar/2022:06:10:29 -0500] "GET /BLA/resoluciones/2515.tif HTTP/1.1" 404 1018
172.22.2.4 - - [27/Mar/2022:06:09:10 -0500] "GET /BLA/boletinlegal/ HTTP/1.1" 200 60932
216.245.221.92 - - [27/Mar/2022:06:12:20 -0500] "HEAD / HTTP/1.1" 200 -
201.245.192.253 - - [27/Mar/2022:06:11:58 -0500] "POST /kwsrmcab/Wsrmcab HTTP/1.1" 200 106005
207.46.13.43 - - [27/Mar/2022:06:15:16 -0500] "GET /sipse/faces/faces/autenticacion.xhtml HTTP/1.1" 200 12501
172.22.2.4 - - [27/Mar/2022:06:14:10 -0500] "HEAD /BLA/boletinlegal/ HTTP/1.1" 200 -
66.249.73.127 - - [27/Mar/2022:06:16:20 -0500] "-" 408 -
172.22.2.4 - - [27/Mar/2022:06:15:00 -0500] "GET /BLA/boletinlegal/ HTTP/1.1" 200 59170
216.245.221.92 - - [27/Mar/2022:06:17:20 -0500] "HEAD / HTTP/1.1" 200 -
40.77.167.46 - - [27/Mar/2022:06:19:26 -0500] "GET /bla/resoluciones/resoluciones%202021/5488.pdf HTTP/1.1" 200 424436
201.245.192.253 - - [27/Mar/2022:06:20:47 -0500] "POST /kwsrmcab/Wsrmcab HTTP/1.1" 200 45499
172.22.2.4 - - [27/Mar/2022:06:20:00 -0500] "HEAD /BLA/boletinlegal/ HTTP/1.1" 200 -
216.245.221.92 - - [27/Mar/2022:06:22:20 -0500] "HEAD / HTTP/1.1" 200 -
201.245.192.253 - - [27/Mar/2022:06:21:36 -0500] "POST /kwsrmcab/Wsrmcab HTTP/1.1" 200 41852
201.245.192.253 - - [27/Mar/2022:06:21:40 -0500] "POST /kwsrmcab/Wsrmcab HTTP/1.1" 200 106005
172.22.2.4 - - [27/Mar/2022:06:20:50 -0500] "GET /BLA/boletinlegal/ HTTP/1.1" 200 59170
66.249.73.127 - - [27/Mar/2022:06:22:55 -0500] "-" 408 -
13.66.139.0 - - [27/Mar/2022:06:23:25 -0500] "GET /BLA/resoluciones/RESOLUCIONES%202013/2722.pdf HTTP/1.1" 200 695038
172.22.2.4 - - [27/Mar/2022:06:24:37 -0500] "GET /BLA/boletinlegal/conceptos.php HTTP/1.1" 200 7443
172.22.2.4 - - [27/Mar/2022:06:27:06 -0500] "POST /BLA/boletinlegal/Autodiscover/Autodiscover.xml HTTP/1.1" 404 1018
216.245.221.92 - - [27/Mar/2022:06:27:20 -0500] "HEAD / HTTP/1.1" 200 -
172.22.2.4 - - [27/Mar/2022:06:25:50 -0500] "HEAD /BLA/boletinlegal/ HTTP/1.1" 200 -
172.22.2.4 - - [27/Mar/2022:06:26:40 -0500] "GET /BLA/boletinlegal/ HTTP/1.1" 200 59688
207.46.13.157 - - [27/Mar/2022:06:30:41 -0500] "GET /BLA/boletinlegal/images/tel.png HTTP/1.1" 200 14477
201.245.192.253 - - [27/Mar/2022:06:30:47 -0500] "POST /kwsrmcab/Wsrmcab HTTP/1.1" 200 45499
216.245.221.92 - - [27/Mar/2022:06:32:20 -0500] "HEAD / HTTP/1.1" 200 -
201.245.192.253 - - [27/Mar/2022:06:31:37 -0500] "POST /kwsrmcab/Wsrmcab HTTP/1.1" 200 41852
201.245.192.253 - - [27/Mar/2022:06:32:06 -0500] "POST /kwsrmcab/Wsrmcab HTTP/1.1" 200 106005
172.22.2.4 - - [27/Mar/2022:06:31:39 -0500] "HEAD /BLA/boletinlegal/ HTTP/1.1" 200 -
172.22.2.4 - - [27/Mar/2022:06:32:30 -0500] "GET /BLA/boletinlegal/ HTTP/1.1" 200 53344
207.241.225.182 - - [27/Mar/2022:06:35:58 -0500] "GET /favicon.ico HTTP/1.0" 200 7782
207.241.229.48 - - [27/Mar/2022:06:35:59 -0500] "GET /favicon.ico HTTP/1.0" 200 7782
216.245.221.92 - - [27/Mar/2022:06:37:20 -0500] "HEAD / HTTP/1.1" 200 -
172.22.2.4 - - [27/Mar/2022:06:37:30 -0500] "HEAD /BLA/boletinlegal/ HTTP/1.1" 200 -
172.22.2.4 - - [27/Mar/2022:06:38:20 -0500] "GET /BLA/boletinlegal/ HTTP/1.1" 200 56300
40.77.167.78 - - [27/Mar/2022:06:40:00 -0500] "GET / HTTP/1.1" 200 4720
201.245.192.253 - - [27/Mar/2022:06:40:47 -0500] "POST /kwsrmcab/Wsrmcab HTTP/1.1" 200 45499
201.245.192.253 - - [27/Mar/2022:06:41:32 -0500] "POST /kwsrmcab/Wsrmcab HTTP/1.1" 200 41852
216.245.221.92 - - [27/Mar/2022:06:42:20 -0500] "HEAD / HTTP/1.1" 200 -
201.245.192.253 - - [27/Mar/2022:06:42:27 -0500] "POST /kwsrmcab/Wsrmcab HTTP/1.1" 200 106005
172.22.2.4 - - [27/Mar/2022:06:43:19 -0500] "HEAD /BLA/boletinlegal/ HTTP/1.1" 200 -
172.22.2.4 - - [27/Mar/2022:06:44:10 -0500] "GET /BLA/boletinlegal/ HTTP/1.1" 200 61416
130.211.54.158 - - [27/Mar/2022:06:47:08 -0500] "GET / HTTP/1.1" 200 319
216.245.221.92 - - [27/Mar/2022:06:47:20 -0500] "HEAD / HTTP/1.1" 200 -
172.22.2.4 - - [27/Mar/2022:06:47:44 -0500] "GET /BLA/boletinlegal/js/jquery.scrollShow.js HTTP/1.1" 200 4586
172.22.2.4 - - [27/Mar/2022:06:47:44 -0500] "GET /BLA/boletinlegal/images/cabezote%20BLEGAL.jpg HTTP/1.1" 200 118164
172.22.2.4 - - [27/Mar/2022:06:47:44 -0500] "GET /BLA/boletinlegal/js/jquery.scrollTo-min.js HTTP/1.1" 200 1150
172.22.2.4 - - [27/Mar/2022:06:47:44 -0500] "GET /BLA/boletinlegal/images/arr_l.jpg HTTP/1.1" 200 1979
172.22.2.4 - - [27/Mar/2022:06:47:44 -0500] "GET /BLA/boletinlegal/images/launch.jpg HTTP/1.1" 200 14577
172.22.2.4 - - [27/Mar/2022:06:47:44 -0500] "GET /BLA/boletinlegal/images/body_bg.jpg HTTP/1.1" 200 1601
172.22.2.4 - - [27/Mar/2022:06:47:44 -0500] "GET /BLA/boletinlegal/images/menu_lft.gif HTTP/1.1" 200 1713
172.22.2.4 - - [27/Mar/2022:06:47:44 -0500] "GET /BLA/boletinlegal/images/menu_rght.gif HTTP/1.1" 200 1627
172.22.2.4 - - [27/Mar/2022:06:47:44 -0500] "GET /BLA/boletinlegal/images/menu_bg.jpg HTTP/1.1" 200 620
172.22.2.4 - - [27/Mar/2022:06:47:44 -0500] "GET /BLA/boletinlegal/images/bg_top.jpg HTTP/1.1" 200 522
172.22.2.4 - - [27/Mar/2022:06:47:49 -0500] "GET /BLA/boletinlegal/actos.php HTTP/1.1" 200 9555
172.22.2.4 - - [27/Mar/2022:06:47:49 -0500] "GET /BLA/boletinlegal/js/ajax_actos.js HTTP/1.1" 200 1322
172.22.2.4 - - [27/Mar/2022:06:47:49 -0500] "GET /BLA/boletinlegal/niceforms-default.css HTTP/1.1" 200 6694
172.22.2.4 - - [27/Mar/2022:06:47:49 -0500] "GET /BLA/boletinlegal/img/select-right.png HTTP/1.1" 200 44019
172.22.2.4 - - [27/Mar/2022:06:47:49 -0500] "GET /BLA/boletinlegal/img/button-left.png HTTP/1.1" 200 57071
172.22.2.4 - - [27/Mar/2022:06:47:44 -0500] "GET /BLA/boletinlegal/ HTTP/1.1" 200 24523
79.110.73.202 - - [27/Mar/2022:06:50:09 -0500] "GET /BLA/resoluciones/AUTOS%202014/0462.pdf HTTP/1.1" 200 454200
172.22.2.4 - - [27/Mar/2022:06:49:09 -0500] "HEAD /BLA/boletinlegal/ HTTP/1.1" 200 -
172.22.2.4 - - [27/Mar/2022:06:50:00 -0500] "GET /BLA/boletinlegal/ HTTP/1.1" 200 61416
207.46.13.43 - - [27/Mar/2022:06:51:48 -0500] "GET /bla/resoluciones/resoluciones%202021/4617.pdf HTTP/1.1" 200 347456
66.249.73.127 - - [27/Mar/2022:06:52:13 -0500] "-" 408 -
216.245.221.92 - - [27/Mar/2022:06:52:20 -0500] "HEAD / HTTP/1.1" 200 -
201.245.192.253 - - [27/Mar/2022:06:51:49 -0500] "POST /kwsrmcab/Wsrmcab HTTP/1.1" 200 106005
157.55.39.177 - - [27/Mar/2022:06:56:04 -0500] "GET /portaldeninos/2021/07/01/en-fotos-conoce-algunos-de-los-lugares-mas-biodiversos-de-bogota/ HTTP/1.1" 200 93566
172.22.2.4 - - [27/Mar/2022:06:54:59 -0500] "HEAD /BLA/boletinlegal/ HTTP/1.1" 200 -
216.245.221.92 - - [27/Mar/2022:06:57:20 -0500] "HEAD / HTTP/1.1" 200 -
172.22.2.4 - - [27/Mar/2022:06:55:50 -0500] "GET /BLA/boletinlegal/ HTTP/1.1" 200 59170
207.46.13.43 - - [27/Mar/2022:07:02:08 -0500] "GET /galeria/nivo-slider/themes/pascal/pascal.css HTTP/1.1" 200 2258
216.245.221.92 - - [27/Mar/2022:07:02:20 -0500] "HEAD / HTTP/1.1" 200 -
172.22.2.4 - - [27/Mar/2022:07:00:49 -0500] "HEAD /BLA/boletinlegal/ HTTP/1.1" 200 -
59.93.19.234 - - [27/Mar/2022:07:02:20 -0500] "POST /GponForm/diag_Form?images/ HTTP/1.1" 404 1013
201.245.192.253 - - [27/Mar/2022:07:01:54 -0500] "POST /kwsrmcab/Wsrmcab HTTP/1.1" 200 106005
172.22.2.4 - - [27/Mar/2022:07:01:40 -0500] "GET /BLA/boletinlegal/ HTTP/1.1" 200 54457
66.249.73.127 - - [27/Mar/2022:07:04:02 -0500] "-" 408 -
207.46.13.186 - - [27/Mar/2022:07:07:01 -0500] "GET /portaldeninos/wp-content/uploads/2021/11/aves-fauna-16-junio-260x146.jpg HTTP/1.1" 200 11785
216.245.221.92 - - [27/Mar/2022:07:07:20 -0500] "HEAD / HTTP/1.1" 200 -
181.51.34.216 - - [27/Mar/2022:07:07:41 -0500] "GET /BLA/resoluciones/RESOLUCIONES%202021/2903.pdf HTTP/1.1" 200 474460
181.51.34.216 - - [27/Mar/2022:07:07:42 -0500] "GET /favicon.ico HTTP/1.1" 200 7782
172.22.2.4 - - [27/Mar/2022:07:06:39 -0500] "HEAD /BLA/boletinlegal/ HTTP/1.1" 200 -
172.22.2.4 - - [27/Mar/2022:07:07:30 -0500] "GET /BLA/boletinlegal/ HTTP/1.1" 200 53344
186.170.219.253 - - [27/Mar/2022:07:09:33 -0500] "GET /appsia/controlador HTTP/1.1" 200 4799
186.170.219.253 - - [27/Mar/2022:07:09:34 -0500] "GET /appsia/css/estilos.css HTTP/1.1" 200 4804
186.170.219.253 - - [27/Mar/2022:07:09:34 -0500] "GET /appsia/scripts/validarIngreso.js HTTP/1.1" 200 851
186.170.219.253 - - [27/Mar/2022:07:09:34 -0500] "GET /appsia/images/logo_bogota_p.png HTTP/1.1" 200 14951
186.170.219.253 - - [27/Mar/2022:07:09:34 -0500] "GET /appsia/images/cabezoteHojaVida.png HTTP/1.1" 200 32493
186.170.219.253 - - [27/Mar/2022:07:09:42 -0500] "POST /appsia/controlador HTTP/1.1" 200 5437
186.170.219.253 - - [27/Mar/2022:07:09:44 -0500] "POST /appsia/controlador HTTP/1.1" 200 7793
186.170.219.253 - - [27/Mar/2022:07:09:46 -0500] "POST /appsia/controlador HTTP/1.1" 200 6658
186.170.219.253 - - [27/Mar/2022:07:09:48 -0500] "POST /appsia/controlador HTTP/1.1" 200 11320
186.170.219.253 - - [27/Mar/2022:07:10:23 -0500] "POST /appsia/controlador HTTP/1.1" 200 7793
186.170.219.253 - - [27/Mar/2022:07:10:26 -0500] "POST /appsia/controlador HTTP/1.1" 200 5437
186.170.219.253 - - [27/Mar/2022:07:10:28 -0500] "POST /appsia/controlador HTTP/1.1" 200 4799
66.249.73.127 - - [27/Mar/2022:07:10:38 -0500] "-" 408 -
216.245.221.92 - - [27/Mar/2022:07:12:20 -0500] "HEAD / HTTP/1.1" 200 -
201.245.192.253 - - [27/Mar/2022:07:11:46 -0500] "POST /kwsrmcab/Wsrmcab HTTP/1.1" 200 106015
172.22.2.4 - - [27/Mar/2022:07:13:31 -0500] "GET /BLA/boletinlegal/actos.php HTTP/1.1" 200 9555
172.22.2.4 - - [27/Mar/2022:07:12:29 -0500] "HEAD /BLA/boletinlegal/ HTTP/1.1" 200 -
157.55.39.218 - - [27/Mar/2022:07:14:33 -0500] "GET /bla/resoluciones/autos%202019/3938.pdf HTTP/1.1" 200 259874
172.22.2.4 - - [27/Mar/2022:07:13:20 -0500] "GET /BLA/boletinlegal/ HTTP/1.1" 200 61416
216.245.221.92 - - [27/Mar/2022:07:17:20 -0500] "HEAD / HTTP/1.1" 200 -
66.249.73.127 - - [27/Mar/2022:07:19:24 -0500] "-" 408 -
172.22.2.4 - - [27/Mar/2022:07:18:19 -0500] "HEAD /BLA/boletinlegal/ HTTP/1.1" 200 -
172.22.2.4 - - [27/Mar/2022:07:20:48 -0500] "GET /BLA/boletinlegal/actos.php HTTP/1.1" 200 9555
172.22.2.4 - - [27/Mar/2022:07:20:49 -0500] "GET /BLA/boletinlegal/favicon.ico HTTP/1.1" 404 1326
172.22.2.4 - - [27/Mar/2022:07:19:10 -0500] "GET /BLA/boletinlegal/ HTTP/1.1" 200 58588
172.22.2.4 - - [27/Mar/2022:07:20:46 -0500] "GET /BLA/boletinlegal/ HTTP/1.1" 200 24523
201.245.192.253 - - [27/Mar/2022:07:20:47 -0500] "POST /kwsrmcab/Wsrmcab HTTP/1.1" 200 45366
34.91.172.235 - - [27/Mar/2022:07:21:39 -0500] "GET / HTTP/1.1" 200 319
216.245.221.92 - - [27/Mar/2022:07:22:20 -0500] "HEAD / HTTP/1.1" 200 -
201.245.192.253 - - [27/Mar/2022:07:21:36 -0500] "POST /kwsrmcab/Wsrmcab HTTP/1.1" 200 106015
201.245.192.253 - - [27/Mar/2022:07:21:37 -0500] "POST /kwsrmcab/Wsrmcab HTTP/1.1" 200 41862
172.22.2.4 - - [27/Mar/2022:07:23:10 -0500] "GET /BLA/boletinlegal/robots.txt HTTP/1.1" 404 1038
172.22.2.4 - - [27/Mar/2022:07:23:11 -0500] "GET /BLA/boletinlegal/ HTTP/1.1" 200 60105
66.249.73.127 - - [27/Mar/2022:07:25:08 -0500] "-" 408 -
172.22.2.4 - - [27/Mar/2022:07:24:09 -0500] "HEAD /BLA/boletinlegal/ HTTP/1.1" 200 -
172.22.2.4 - - [27/Mar/2022:07:25:00 -0500] "GET /BLA/boletinlegal/ HTTP/1.1" 200 52945
216.245.221.92 - - [27/Mar/2022:07:27:20 -0500] "HEAD / HTTP/1.1" 200 -
172.22.2.4 - - [27/Mar/2022:07:27:23 -0500] "GET /BLA/boletinlegal/jurisprudencia.php HTTP/1.1" 200 17573
172.22.2.4 - - [27/Mar/2022:07:27:24 -0500] "GET /BLA/boletinlegal/documentos-importantes.php HTTP/1.1" 200 4822
172.22.2.4 - - [27/Mar/2022:07:27:26 -0500] "GET /BLA/boletinlegal/normativa.php HTTP/1.1" 200 8258
192.241.226.44 - - [27/Mar/2022:07:27:27 -0500] "GET /portal/redlion HTTP/1.1" 404 1018
172.22.2.4 - - [27/Mar/2022:07:27:28 -0500] "GET /BLA/boletinlegal/doctrina.php HTTP/1.1" 200 5604
172.22.2.4 - - [27/Mar/2022:07:27:29 -0500] "GET /BLA/boletinlegal/conceptos.php HTTP/1.1" 200 7443
172.22.2.4 - - [27/Mar/2022:07:27:31 -0500] "GET /BLA/boletinlegal/sugerencias.php HTTP/1.1" 200 8615
172.22.2.4 - - [27/Mar/2022:07:27:33 -0500] "GET /BLA/boletinlegal/actos.php HTTP/1.1" 200 9555
192.241.212.89 - - [27/Mar/2022:07:30:33 -0500] "GET /actuator/health HTTP/1.1" 404 1018
172.22.2.4 - - [27/Mar/2022:07:31:33 -0500] "GET /BLA/boletinlegal/actos.php HTTP/1.1" 200 9555
201.245.192.253 - - [27/Mar/2022:07:30:47 -0500] "POST /kwsrmcab/Wsrmcab HTTP/1.1" 200 45366
157.55.39.218 - - [27/Mar/2022:07:31:34 -0500] "GET /BLA/resoluciones/index.php?dir=RESOLUCIONES+2021%2F HTTP/1.1" 200 299140
172.22.2.4 - - [27/Mar/2022:07:29:59 -0500] "HEAD /BLA/boletinlegal/ HTTP/1.1" 200 -
172.22.2.4 - - [27/Mar/2022:07:31:44 -0500] "GET /BLA/boletinlegal/js/ajax_actos.js HTTP/1.1" 200 1322
172.22.2.4 - - [27/Mar/2022:07:31:44 -0500] "GET /BLA/boletinlegal/js/jquery1.js HTTP/1.1" 200 29846
172.22.2.4 - - [27/Mar/2022:07:31:46 -0500] "GET /BLA/boletinlegal/styles2.css HTTP/1.1" 200 1838
172.22.2.4 - - [27/Mar/2022:07:31:47 -0500] "GET /BLA/boletinlegal/js/popup.js HTTP/1.1" 200 1270
172.22.2.4 - - [27/Mar/2022:07:31:52 -0500] "GET /BLA/boletinlegal/js/lib.js HTTP/1.1" 200 6474
172.22.2.4 - - [27/Mar/2022:07:31:54 -0500] "GET /BLA/boletinlegal/niceforms-default.css HTTP/1.1" 200 6694
216.245.221.92 - - [27/Mar/2022:07:32:20 -0500] "HEAD / HTTP/1.1" 200 -
201.245.192.253 - - [27/Mar/2022:07:31:37 -0500] "POST /kwsrmcab/Wsrmcab HTTP/1.1" 200 41862
172.22.2.4 - - [27/Mar/2022:07:30:50 -0500] "GET /BLA/boletinlegal/ HTTP/1.1" 200 60932
201.245.192.253 - - [27/Mar/2022:07:31:56 -0500] "POST /kwsrmcab/Wsrmcab HTTP/1.1" 200 106015
172.22.2.4 - - [27/Mar/2022:07:35:07 -0500] "GET /BLA/boletinlegal/circulares/2011/circular%20no.%201%20del%2023%20de%20febrero%20de%202011.pdf HTTP/1.1" 200 540140
207.46.13.43 - - [27/Mar/2022:07:35:52 -0500] "GET /BLA/resoluciones/AUTOS%202018/4189.pdf HTTP/1.1" 304 -
66.249.73.127 - - [27/Mar/2022:07:36:37 -0500] "-" 408 -
207.46.13.209 - - [27/Mar/2022:07:36:42 -0500] "GET /bla/resoluciones/resoluciones%202021/4589.pdf HTTP/1.1" 200 356271
216.245.221.92 - - [27/Mar/2022:07:37:20 -0500] "HEAD / HTTP/1.1" 200 -
172.22.2.4 - - [27/Mar/2022:07:35:49 -0500] "HEAD /BLA/boletinlegal/ HTTP/1.1" 200 -
172.22.2.4 - - [27/Mar/2022:07:36:40 -0500] "GET /BLA/boletinlegal/ HTTP/1.1" 200 61416
172.22.2.4 - - [27/Mar/2022:07:40:00 -0500] "GET /BLA/boletinlegal/ HTTP/1.1" 200 36811
201.245.192.253 - - [27/Mar/2022:07:40:47 -0500] "POST /kwsrmcab/Wsrmcab HTTP/1.1" 200 45366
216.245.221.92 - - [27/Mar/2022:07:42:20 -0500] "HEAD / HTTP/1.1" 200 -
201.245.192.253 - - [27/Mar/2022:07:41:36 -0500] "POST /kwsrmcab/Wsrmcab HTTP/1.1" 200 41862
157.55.39.218 - - [27/Mar/2022:07:42:36 -0500] "GET /bla/resoluciones/resoluciones%202021/5505.pdf HTTP/1.1" 200 445346
201.245.192.253 - - [27/Mar/2022:07:41:47 -0500] "POST /kwsrmcab/Wsrmcab HTTP/1.1" 200 106015
172.22.2.4 - - [27/Mar/2022:07:41:39 -0500] "HEAD /BLA/boletinlegal/ HTTP/1.1" 200 -
66.249.73.127 - - [27/Mar/2022:07:44:06 -0500] "-" 408 -
172.22.2.4 - - [27/Mar/2022:07:42:30 -0500] "GET /BLA/boletinlegal/ HTTP/1.1" 200 59170
216.245.221.92 - - [27/Mar/2022:07:47:20 -0500] "HEAD / HTTP/1.1" 200 -
207.46.13.157 - - [27/Mar/2022:07:48:20 -0500] "GET /bla/resoluciones/resoluciones%202021/5500.pdf HTTP/1.1" 200 422638
157.55.39.177 - - [27/Mar/2022:07:48:37 -0500] "GET /portaldeninos/wp-content/uploads/2021/11/pieza-relatos-semana-ambiental-bogota-1-junio-1200x480.jpg HTTP/1.1" 200 108088
172.22.2.4 - - [27/Mar/2022:07:47:29 -0500] "HEAD /BLA/boletinlegal/ HTTP/1.1" 200 -
186.86.34.61 - - [27/Mar/2022:07:49:33 -0500] "GET /BLA/boletinlegal/js/jquery.scrollShow.js HTTP/1.1" 200 4586
186.86.34.61 - - [27/Mar/2022:07:49:33 -0500] "GET /galeria/galeria/jquery.fancybox.css?v=2.1.5 HTTP/1.1" 200 4895
186.86.34.61 - - [27/Mar/2022:07:49:33 -0500] "GET /galeria/galeria/jquery.fancybox.js?v=2.1.5 HTTP/1.1" 200 48706
172.22.2.4 - - [27/Mar/2022:07:49:35 -0500] "GET /BLA/boletinlegal/robots.txt HTTP/1.1" 404 1038
172.22.2.4 - - [27/Mar/2022:07:48:20 -0500] "GET /BLA/boletinlegal/ HTTP/1.1" 200 49344
173.252.107.9 - - [27/Mar/2022:07:50:07 -0500] "GET /secretaria-de-ambiente-abre-ciclo-de-capacitaciones-sobre-techos-verdes-y-jardines-verticales.html HTTP/1.1" 206 1078
172.22.2.4 - - [27/Mar/2022:07:48:38 -0500] "GET /BLA/boletinlegal/index.php HTTP/1.1" 200 52537
172.22.2.4 - - [27/Mar/2022:07:50:28 -0500] "GET /BLA/boletinlegal/js/jquery.js HTTP/1.1" 200 57254
172.22.2.4 - - [27/Mar/2022:07:50:36 -0500] "GET /BLA/boletinlegal/js/jquery.scrollShow.js HTTP/1.1" 200 4586
172.22.2.4 - - [27/Mar/2022:07:50:38 -0500] "GET /BLA/boletinlegal/js/jquery.scrollTo-min.js HTTP/1.1" 200 1150
66.249.73.127 - - [27/Mar/2022:07:51:26 -0500] "-" 408 -
216.245.221.92 - - [27/Mar/2022:07:52:20 -0500] "HEAD / HTTP/1.1" 200 -
201.245.192.253 - - [27/Mar/2022:07:51:36 -0500] "POST /kwsrmcab/Wsrmcab HTTP/1.1" 200 106015
172.22.2.4 - - [27/Mar/2022:07:53:54 -0500] "GET /BLA/boletinlegal/ HTTP/1.1" 200 24523
172.22.2.4 - - [27/Mar/2022:07:53:19 -0500] "HEAD /BLA/boletinlegal/ HTTP/1.1" 200 -
172.22.2.4 - - [27/Mar/2022:07:54:07 -0500] "GET /BLA/boletinlegal/index.php HTTP/1.1" 200 48513
92.118.160.13 - - [27/Mar/2022:07:55:48 -0500] "GET / HTTP/1.1" 200 319
172.22.2.4 - - [27/Mar/2022:07:54:09 -0500] "GET /BLA/boletinlegal/ HTTP/1.1" 200 49344
66.249.73.127 - - [27/Mar/2022:07:57:14 -0500] "-" 408 -
216.245.221.92 - - [27/Mar/2022:07:57:20 -0500] "HEAD / HTTP/1.1" 200 -
79.110.72.192 - - [27/Mar/2022:07:57:26 -0500] "GET /BLA/resoluciones/AUTOS%202018/0278.pdf HTTP/1.1" 200 289033
90.154.93.222 - - [27/Mar/2022:07:59:47 -0500] "GET / HTTP/1.1" 200 319
172.22.2.4 - - [27/Mar/2022:07:59:09 -0500] "HEAD /BLA/boletinlegal/ HTTP/1.1" 200 -
172.22.2.4 - - [27/Mar/2022:08:00:00 -0500] "GET /BLA/boletinlegal/ HTTP/1.1" 200 59170
216.245.221.92 - - [27/Mar/2022:08:02:20 -0500] "HEAD / HTTP/1.1" 200 -
201.245.192.253 - - [27/Mar/2022:08:02:23 -0500] "POST /kwsrmcab/Wsrmcab HTTP/1.1" 200 106015
13.66.139.1 - - [27/Mar/2022:08:03:08 -0500] "-" 408 -
69.63.184.119 - - [27/Mar/2022:08:03:40 -0500] "GET /esperanza-galeano-una-mujer-que-reverdece-y-con-su-saber-contribuye-al-cuidado-del-ambiente.html HTTP/1.1" 206 932
186.86.34.61 - - [27/Mar/2022:08:06:09 -0500] "GET /catalogoisis/ HTTP/1.1" 404 211
186.86.34.61 - - [27/Mar/2022:08:06:11 -0500] "GET /favicon.ico HTTP/1.1" 200 7782
172.22.2.4 - - [27/Mar/2022:08:04:59 -0500] "HEAD /BLA/boletinlegal/ HTTP/1.1" 200 -
216.245.221.92 - - [27/Mar/2022:08:07:20 -0500] "HEAD / HTTP/1.1" 200 -
172.22.2.4 - - [27/Mar/2022:08:05:49 -0500] "GET /BLA/boletinlegal/ HTTP/1.1" 200 60932
66.249.73.127 - - [27/Mar/2022:08:07:59 -0500] "-" 408 -
173.252.107.6 - - [27/Mar/2022:08:11:19 -0500] "GET /images/jornada-llantaton-usaquen-24-marzo.jpg HTTP/1.1" 200 41830
173.252.107.16 - - [27/Mar/2022:08:11:37 -0500] "GET /images/feria-servicios-atencion-24-febrero.jpg HTTP/1.1" 200 31800
173.252.107.21 - - [27/Mar/2022:08:11:37 -0500] "GET /images/cronica-ambiental-28.jpg HTTP/1.1" 200 50693
40.77.167.46 - - [27/Mar/2022:08:11:56 -0500] "GET /BLA/resoluciones/RESOLUCIONES%202006/1837.tif HTTP/1.1" 200 1154000
216.245.221.92 - - [27/Mar/2022:08:12:20 -0500] "HEAD / HTTP/1.1" 200 -
172.22.2.4 - - [27/Mar/2022:08:10:49 -0500] "HEAD /BLA/boletinlegal/ HTTP/1.1" 200 -
172.22.2.4 - - [27/Mar/2022:08:11:40 -0500] "GET /BLA/boletinlegal/ HTTP/1.1" 200 59688
172.22.2.4 - - [27/Mar/2022:08:14:29 -0500] "GET /BLA/boletinlegal/.git/config HTTP/1.1" 404 1018
66.249.73.127 - - [27/Mar/2022:08:14:32 -0500] "-" 408 -
216.245.221.92 - - [27/Mar/2022:08:17:20 -0500] "HEAD / HTTP/1.1" 200 -
172.22.2.4 - - [27/Mar/2022:08:16:39 -0500] "HEAD /BLA/boletinlegal/ HTTP/1.1" 200 -
186.102.8.204 - - [27/Mar/2022:08:18:49 -0500] "GET /kwssiamovil/sm/ldap/au?x=U2FsdGVkX19WRCNKV6teQFWKUXrjfgptH78957j0JOB6yIc8A46E25HSCjf7RzPx&y=U2FsdGVkX1/a0bL41GS4KsyZkcl8fcqcfr+qBOeENzWIS0CrFQL9M4wIB7q6wEPm HTTP/1.1" 200 30
186.102.8.204 - - [27/Mar/2022:08:18:50 -0500] "GET /kwssiamovil/sm/acme/s?s=U2FsdGVkX18CDIZFYwDrbqyz+SGXnIxbywHi0c7FNsMQq+tnuDJAcAEmn1NK1ECpkVuZ9QDsAMqn/tLSxBsR88ZmsQtrb8S6hq+TQY4fvqc=&u=U2FsdGVkX19uOXenEAR1nyE8ktDiAKVwLONltZk3NyfwVcveuGi25KvPoq3be6lG&y=U2FsdGVkX1/a0bL41GS4KsyZkcl8fcqcfr+qBOeENzWIS0CrFQL9M4wIB7q6wEPm HTTP/1.1" 200 97
186.102.8.204 - - [27/Mar/2022:08:18:50 -0500] "GET /kwssiamovil/sm/acme/s?s=U2FsdGVkX182yotmzJHVoAZ3/8HW4L5y5P5/mJ8SHBIJrxSxo98YodCfa9Ig1ebD0T8fM3wss3L90ipBBnClaleQD2GquJKctA4KO72ekjAJYBputki/Nx+49dJy1kY+JMxCMyFn8HzW0WAnAhLh4rayImWf3MH4DXvm3Wc4UZc4b2jqxRouO7qPKvuFL31QY+Pfjcmk3GL5e7Zi4Z5nOMDXyAk7vgQ4wsny5grXGRI5DSu5fxZNx75dA9jmJh+RVqxNoZHNe6YReJH/IAgCQnHEKvnroAVe1mTPyNkqjGT22c1G33mPuoCKRtvaisXdbjriZ5F3rZG/wyfvmMvc8QhK+OlOg6S1CrDA1fNTMIdP+2nmA1gl7tgfAq2k3c8T6ffv9cUkvnQJXgf98vw9ri+OaGwBCk/lz7YwnfquJUTNM6JXbHaGTdDaQo+l7s6CEznWUlli6/NIbQ2GdiHF9XfS3j+gy8LU4cGgvuY7SlnbE+YD1Al5oaTcJ5RAtRk7r8EZPK668UlRWbh0F836l/404SAae/nCUKn2L1NhHzQ6Kb/ntQ0u8oUr2f2oxzFgJQvhpwICUuU5jqxVSo/MeiB95nAnSD86ieNWGKRDjs9NvwXhzx9VE3zR13gPa0aBLdnG+0VZcAp7bnLN/4ngu/BbElOxdLgkrHTc+zsmI6VfoPkFhvF3q4OoofKzQo9O9w5LExIukQf8zaiBFH/0Pr9k90nYYZVVBkSGt4CYE9NGnQiwukNsEWnETMmkuwDMxFC6C1bfWNb3bjuUVmb/LPSHhIN5/yqY2zxuWOfe7XZAlYXVnXbc4JPogiS7CCACOw08OizV1E1QOFbTuV1AqTaFJBlxrTy2xPbSIlt87iqBp2ZTp0g4kThYc9hZefMs8SPILBv7UHToGdEzeIlEuVgWfASkEcIjmM8YnV+7t7r1XpQYr6U9jUqxnnPcO7okAcG8tm+A8DZZM9XU2cTo2c+PkRV4xb4P+37DQ3yI0i4PapoEmkBldQihgPM2JcYL4d6xTOaw6TeAJACwgi09va2YGUijfr6VgAsQmWJ23JqDQ4d6e72YI/cE9hujixs+OrE9+MUAXtACw9b4ZgvmLqA39gg0fZfizLNkc+Uur/k=&u=U2FsdGVkX19uOXenEAR1nyE8ktDiAKVwLONltZk3NyfwVcveuGi25KvPoq3be6lG&y=U2FsdGVkX1/a0bL41GS4KsyZkcl8fcqcfr+qBOeENzWIS0CrFQL9M4wIB7q6wEPm HTTP/1.1" 200 891
186.102.8.204 - - [27/Mar/2022:08:18:50 -0500] "GET /kwssiamovil/sm/acme/s?s=U2FsdGVkX1/MSFyVtPS6djdg26alggVzV4bStnW1uzrImQjB+hQJpIN2QgrgXtQB&u=U2FsdGVkX19uOXenEAR1nyE8ktDiAKVwLONltZk3NyfwVcveuGi25KvPoq3be6lG&y=U2FsdGVkX1/a0bL41GS4KsyZkcl8fcqcfr+qBOeENzWIS0CrFQL9M4wIB7q6wEPm HTTP/1.1" 200 70
186.102.8.204 - - [27/Mar/2022:08:18:50 -0500] "GET /kwssiamovil/sm/acme/s?s=U2FsdGVkX18T7PzTbOlQ1UcLR9E2g8AXffWtRAnmVtJ20CnEQrtZz9eWx8bhD+ki&u=U2FsdGVkX19uOXenEAR1nyE8ktDiAKVwLONltZk3NyfwVcveuGi25KvPoq3be6lG&y=U2FsdGVkX1/a0bL41GS4KsyZkcl8fcqcfr+qBOeENzWIS0CrFQL9M4wIB7q6wEPm HTTP/1.1" 200 70
186.102.8.204 - - [27/Mar/2022:08:18:51 -0500] "GET /kwssiamovil/sm/acme/s?s=U2FsdGVkX1+EcO7R/3JMEQCFLvYiB+AN/mExapBgWUGwZLv0pDckJq5B3olo3j5R&u=U2FsdGVkX19uOXenEAR1nyE8ktDiAKVwLONltZk3NyfwVcveuGi25KvPoq3be6lG&y=U2FsdGVkX1/a0bL41GS4KsyZkcl8fcqcfr+qBOeENzWIS0CrFQL9M4wIB7q6wEPm HTTP/1.1" 200 70
186.102.8.204 - - [27/Mar/2022:08:18:51 -0500] "GET /kwssiamovil/sm/acme/s?s=U2FsdGVkX19DF2lYo1Wp8nJGZSqJqoLII7ZyRH5Whg53wbx9P9bXvgFRE8gjgYPE6XZfhTgk1GzQ9Y1Od0i1MNXRo3jbKx5qXO1XfQ4T76IfWwbYJByftsfuLdOGkyh14r4zP+bOQdgbHrwm6UehdmXbTKDxnlZCODugIxwGvdG/xJwGqThmTo/F8lXpa0Akbkz9wn8v6dez2FG9mWZj/92NNSfRLxxGb8imbpkt1nhmHCvB/SHO794kOFHNLwtNMbiSa2tYkTrJ98oLx8iqcKIOA7VD2I+u9MOs/TvxqTw=&u=U2FsdGVkX19uOXenEAR1nyE8ktDiAKVwLONltZk3NyfwVcveuGi25KvPoq3be6lG&y=U2FsdGVkX1/a0bL41GS4KsyZkcl8fcqcfr+qBOeENzWIS0CrFQL9M4wIB7q6wEPm HTTP/1.1" 200 176
186.102.8.204 - - [27/Mar/2022:08:18:51 -0500] "GET /kwssiamovil/sm/cjson/pre?f=1&x=U2FsdGVkX19WRCNKV6teQFWKUXrjfgptH78957j0JOB6yIc8A46E25HSCjf7RzPx HTTP/1.1" 200 30975
172.22.2.4 - - [27/Mar/2022:08:17:29 -0500] "GET /BLA/boletinlegal/ HTTP/1.1" 200 61416
201.245.192.253 - - [27/Mar/2022:08:20:47 -0500] "POST /kwsrmcab/Wsrmcab HTTP/1.1" 200 45364
201.245.192.253 - - [27/Mar/2022:08:21:34 -0500] "POST /kwsrmcab/Wsrmcab HTTP/1.1" 200 41860
216.245.221.92 - - [27/Mar/2022:08:22:20 -0500] "HEAD / HTTP/1.1" 200 -
201.245.192.253 - - [27/Mar/2022:08:21:44 -0500] "POST /kwsrmcab/Wsrmcab HTTP/1.1" 200 106013
172.22.2.4 - - [27/Mar/2022:08:22:29 -0500] "HEAD /BLA/boletinlegal/ HTTP/1.1" 200 -
172.22.2.4 - - [27/Mar/2022:08:23:19 -0500] "GET /BLA/boletinlegal/ HTTP/1.1" 200 59688
216.245.221.92 - - [27/Mar/2022:08:27:20 -0500] "HEAD / HTTP/1.1" 200 -
66.249.73.127 - - [27/Mar/2022:08:27:52 -0500] "-" 408 -
191.95.43.28 - - [27/Mar/2022:08:28:08 -0500] "GET /galeria/galeria/jquery.fancybox.css?v=2.1.5 HTTP/1.1" 200 4895
173.252.107.11 - - [27/Mar/2022:08:28:36 -0500] "GET /no-uses-las-palmas-silvestres-en-celebraciones-de-semana-santa-protegelas.html HTTP/1.1" 206 980
173.252.107.9 - - [27/Mar/2022:08:29:10 -0500] "GET /barrios-unidos-tendra-su-jornada-de-reciclaton.html HTTP/1.1" 206 1039
186.102.8.204 - - [27/Mar/2022:08:29:50 -0500] "OPTIONS /kwssiamovil/sm/setfile/f? HTTP/1.1" 200 13
186.102.8.204 - - [27/Mar/2022:08:29:50 -0500] "POST /kwssiamovil/sm/setfile/f? HTTP/1.1" 200 381
186.102.8.204 - - [27/Mar/2022:08:29:53 -0500] "OPTIONS /kwssiamovil/sm/setfile/f? HTTP/1.1" 200 13
186.102.8.204 - - [27/Mar/2022:08:29:53 -0500] "POST /kwssiamovil/sm/setfile/f? HTTP/1.1" 200 381
186.102.8.204 - - [27/Mar/2022:08:29:57 -0500] "OPTIONS /kwssiamovil/sm/setfile/f? HTTP/1.1" 200 13
172.22.2.4 - - [27/Mar/2022:08:28:19 -0500] "HEAD /BLA/boletinlegal/ HTTP/1.1" 200 -
186.102.8.204 - - [27/Mar/2022:08:29:58 -0500] "POST /kwssiamovil/sm/setfile/f? HTTP/1.1" 200 381
186.102.8.204 - - [27/Mar/2022:08:30:02 -0500] "OPTIONS /kwssiamovil/sm/setfile/f? HTTP/1.1" 200 13
186.102.8.204 - - [27/Mar/2022:08:30:02 -0500] "POST /kwssiamovil/sm/setfile/f? HTTP/1.1" 200 381
186.102.8.204 - - [27/Mar/2022:08:30:26 -0500] "GET /kwssiamovil/sm/acme/a?s=U2FsdGVkX197mxmyHAUUPRpiyHeROHlyeExpMV4IkmnUh1EzU8sSl9lkFsOe6XXGW8r/bmdM+sUXWdp729z2G0P2B5Iv0ElfZQroS2DZnb4BXVODHlgbX3K1HfF8hTJUo61wuE3xpMVQuCvyauBw2airuDElgJTlQNKtAykH5+/3P2+enNYO1xQj2eE7HwwjfUlH/4rqh6cpUeOXa2kL5aRp1GYcCDoSYhMBaHYtlQ6F/XotSKxXHaAlXzSrgZI3QNLTq4P5J8KGH0P8ynhFZw==&u=U2FsdGVkX19uOXenEAR1nyE8ktDiAKVwLONltZk3NyfwVcveuGi25KvPoq3be6lG&y=U2FsdGVkX1/a0bL41GS4KsyZkcl8fcqcfr+qBOeENzWIS0CrFQL9M4wIB7q6wEPm HTTP/1.1" 200 25
186.102.8.204 - - [27/Mar/2022:08:30:26 -0500] "GET /kwssiamovil/sm/acme/a?s=U2FsdGVkX19mnhVTGqet7g8SadiORg1lsgwh2YNtEqMuHGC/IeiHzVDB4DfAnOqSK2639BubZoIfMedelHvDhueyhJcMdfYtwzIk+biSdpfl8rKJY746oE1QIWJEpMJ5ryywoD8LlUsgEMRRMdU/CpoWoWW/8pdxD8sLwlkysVWPMvskDroLhqHlFRf3xvwXyJkx4Dl3Y5ACWVvdLXxcgFobXSJrLrcWDy8avlP4wwBL5Bq6smGTC/hEZCxRL32uoPxrL66T4vavXpy0XRAXorHyS9Q5477Ucm1VCGYtrNZEEYcvTaW+dNWUw6Fab1qvg/AzLXT9uSIVK0EGYFZSZ0fMJLRACHNJpjW6XDq50QvwxGsbgPm1doJug8Q+aWazrKZ1SVk/+xtHW8WmxyUGFgsCtehk2n8aO69X2vN9lmfG0HadMFR92/NcltFb5R9ufUUJBsCdOBKIhLyu0x8oHq2zW0H0964k5+qtLMPOAF1w958q4BZQ6ye0WmNNNVME2HwwBqC+LG8r75UQMyoPudt+UbsaJKNfo5E82JLCIK5U+oB2AEwb/m6u33Ug0juM7UskBev/Mx58XPorZnOgUBTXf59+xgh72Z52MT3a052koNuUvYuSIeuWiga4o46E29GNUFym8yCIY6QGCiKcfwGqr+8N3p3QKru9YULWiQYpmNtIBXIJBa2vlYCfZVDxBo5uKgPoGgUfiPgSdHg3hn1s2oVaF+0rurECB3ZW5S73i1zjBbtQB27B1SGPRXB7gG/GKNCNFhuamBhLYoFBnuoYcDr5deNgTlNqYS2DI7Js7oE9mBdzpGXT6X8azwzud8L0vujvmgqeveFJRruYfOy1GHkCNeU9j1Zgc4TaE+uGluM7JMUxZ8UjALBx0rbsOgUe86mdeKIm+VnoqfjjA2UeTXLGUS6eLCSQWznoi8GlNNM27M+k2fHJm41KyICuZ5+bX6MqNR2zYSqa4+YWK/DdjgEax3yuV50DkWFrE2UPEhQwCYGmW1YCpoT5QUExd4Rq0NJBnGdC45gE7nFmhQr9+jBix7nfgKmc1eH5Pd7QY+OXDomEfQV9gJAvxjAYgqwKFSXUTJlFy0GgKYZuO6JntxBJyG+2xNy8vLSGJY40L0KDcKuIHI1xhVsUH8pW0SlbtFLC5KFcQhtb8Ljm/AggrX14UfZ3c23guSJrtzYf87gJROjUE/erNIXhKQ6NKAiG3iaCKDFoJiBQqGbyJgtCCUW1yGNzf8n7kx646Dqy6ZMl8EDTxXhsTur9yqZri+KFCT8jqrtJi67rLnM3kqNSLgJ6r0xGQcuudmx9djdNG8LOaIsHAvszSZaCr+9ti1q5xz/TVf80GaLP1E8vHJx973AJyWFU+f+sSlwVr1I/PnQPjEyHzxHR30qmgPEaVLax8/9Fve68kGK6XR5cW4Cv5V2uRiz+7O1bAf6JDfoR6XeTMTvoB8h/EmrHbODo3iZBxdZMr/BY6HQ58iAdNBj3G9Pxs9rZD2F4B5RgRNBu9vGLQ4os+rCWd8sFmzDGHDRra4x4noVvdnCkiiU8IbhsT8dOK8J/mFJBi2UVeJ1Y5mFYhIwkKfW5bQeWSPZU+LZRBNy3WxCm7lsPZwIZraHjUIBFGthtUCcs+f4vZe4=&u=U2FsdGVkX19uOXenEAR1nyE8ktDiAKVwLONltZk3NyfwVcveuGi25KvPoq3be6lG&y=U2FsdGVkX1/a0bL41GS4KsyZkcl8fcqcfr+qBOeENzWIS0CrFQL9M4wIB7q6wEPm HTTP/1.1" 200 25
186.102.8.204 - - [27/Mar/2022:08:30:27 -0500] "GET /kwssiamovil/sm/acme/a?s=U2FsdGVkX197RgirvVfFAkjzcK+A//eUyDdwO82NSO61ZgQTKAbzhzZZtg/Mw71/dJwrrd95kPCjpmgojj9qRJH9xaUKrQ9sgr+DPQQh6qPlNAheJ/An/SprwBSBPjjI8HtABPdmEwKDZHiQda2x6IAvkYJgRjcPWDOFjJnP7Lw=&u=U2FsdGVkX19uOXenEAR1nyE8ktDiAKVwLONltZk3NyfwVcveuGi25KvPoq3be6lG&y=U2FsdGVkX1/a0bL41GS4KsyZkcl8fcqcfr+qBOeENzWIS0CrFQL9M4wIB7q6wEPm HTTP/1.1" 200 25
186.102.8.204 - - [27/Mar/2022:08:30:27 -0500] "GET /kwssiamovil/sm/acme/a?s=U2FsdGVkX1874CtnDuZS81g5WCKQtYuYhY8Q9mfDYTCuQGow6Lziq20l756cDe7pl+CHwTmE9Q8LwaOgLKChk2pS8wgoTQO1RnK3FPGcYQeWMoZ7H2IWU0xGCTjru6Ed4G6VwTPC0XnJdKLyzcokXlNLumxlYUY81Ym49+9KFcI=&u=U2FsdGVkX19uOXenEAR1nyE8ktDiAKVwLONltZk3NyfwVcveuGi25KvPoq3be6lG&y=U2FsdGVkX1/a0bL41GS4KsyZkcl8fcqcfr+qBOeENzWIS0CrFQL9M4wIB7q6wEPm HTTP/1.1" 200 25
186.102.8.204 - - [27/Mar/2022:08:30:28 -0500] "GET /kwssiamovil/sm/acme/a?s=U2FsdGVkX19tOAUEnVPbkZB+2/DQSg9aqX9XtSkUFZuSFyrUP1fNwbyn1WUCe3Kpu+4btGd4XOuXC5a/QHgU/BB3h+HvqvV3PWLBteqNQ7PHv8DtiykozxwGEdYtTHRs1KTW/mPPfywjoelwFRS12OYuyuSRVAUdJcnY+V0q8Oo=&u=U2FsdGVkX19uOXenEAR1nyE8ktDiAKVwLONltZk3NyfwVcveuGi25KvPoq3be6lG&y=U2FsdGVkX1/a0bL41GS4KsyZkcl8fcqcfr+qBOeENzWIS0CrFQL9M4wIB7q6wEPm HTTP/1.1" 200 25
186.102.8.204 - - [27/Mar/2022:08:30:29 -0500] "GET /kwssiamovil/sm/acme/a?s=U2FsdGVkX1+wgiNkVxuJ0dxZuxe1vN6kpC01nSRfv9Tz6BXYysQ5TyDdEbfJCv2gk8leXwNcuN1M08bW4Lq8WGmOXcWEpODbjFXuHlzWgf37lS/n2ZoBucYfwVUqvhoZBSq8PHdWBZXAVqlveXLlgUQCY4+k5pYu3NYZSZ2e7EWTgURxYZoutY6KMbW/X/xS&u=U2FsdGVkX19uOXenEAR1nyE8ktDiAKVwLONltZk3NyfwVcveuGi25KvPoq3be6lG&y=U2FsdGVkX1/a0bL41GS4KsyZkcl8fcqcfr+qBOeENzWIS0CrFQL9M4wIB7q6wEPm HTTP/1.1" 200 25
186.102.8.204 - - [27/Mar/2022:08:30:29 -0500] "GET /kwssiamovil/sm/acme/a?s=U2FsdGVkX19sa8DcJ+cLZbd9qI9Srx+oDcxeqHrBuFQTkIaqOj/1Z+aXfSvncD1xfEREwtu0JsEVLNef45p6BJ+Jv3EN36RuLxI73NG1DQNsVrPs12ukMWugjwNZgGDInSQSfJTpVrA3/di8Y3oZfAgOMiiZrKogdVQOGIBfFGFD0FMnMSjq88GEmEykyjbjERTfLGNg9sSTbtd6CBpyog==&u=U2FsdGVkX19uOXenEAR1nyE8ktDiAKVwLONltZk3NyfwVcveuGi25KvPoq3be6lG&y=U2FsdGVkX1/a0bL41GS4KsyZkcl8fcqcfr+qBOeENzWIS0CrFQL9M4wIB7q6wEPm HTTP/1.1" 200 25
186.102.8.204 - - [27/Mar/2022:08:30:30 -0500] "GET /kwssiamovil/sm/acme/a?s=U2FsdGVkX1/OJlBRNYqH1pxhioUfNbLsM9PuDrdk1uInynz5ekgRcZqgb2ntkI2OOX+rHlcwF1PPN9hNmZHfkbcMW1iolSi1pU3NBdoFBZJCSPFfrK5j+asaGC2TbLAdpcZlOH9sRFfOv/Wh95sXuLM7QdfBZTQj9YBqrlhiZN0ZpSCfrE+TXcAqRU61+a1F&u=U2FsdGVkX19uOXenEAR1nyE8ktDiAKVwLONltZk3NyfwVcveuGi25KvPoq3be6lG&y=U2FsdGVkX1/a0bL41GS4KsyZkcl8fcqcfr+qBOeENzWIS0CrFQL9M4wIB7q6wEPm HTTP/1.1" 200 25
186.102.8.204 - - [27/Mar/2022:08:30:31 -0500] "GET /kwssiamovil/sm/acme/a?s=U2FsdGVkX18dfWoyslN1tIZkWQK9q2LE6KN9U8n0mIMv5hHoRMI/srNz9fYPkSEyDrpRA4LUatuu4siZ/C9bq0TeDgHUZ/LyaWQHv6nAJdzWGrQrabm/nZzoew56+cRVTl7OjxXEp1pWJ7IjCGjZcOkAcG6+2tws1YbmA4LrGBGs2BOHcqG5fxhlUpqXAYTig+CzEWF+Jf4HRIm5XfWvJXyXjSiWvh+V0MLOjSe5hV0=&u=U2FsdGVkX19uOXenEAR1nyE8ktDiAKVwLONltZk3NyfwVcveuGi25KvPoq3be6lG&y=U2FsdGVkX1/a0bL41GS4KsyZkcl8fcqcfr+qBOeENzWIS0CrFQL9M4wIB7q6wEPm HTTP/1.1" 200 25
186.102.8.204 - - [27/Mar/2022:08:30:31 -0500] "GET /kwssiamovil/sm/acme/a?s=U2FsdGVkX187eOK3+yYmDG9ltMEPAlGZc46I59XwpDEhKm2FYSzmXTAjM785KkDCTur0t4ac8t3qrvL9aHXzg5oEQbmscgzXgtck7nb/QJLnoVo22lW26rc4hnvTSY7NGSeYecP/AxH3SsV0FxBRVhWX6qiFg+tWmE6WN6SYK1LnUEEDi70yUReOm1b47hZRYJc5NXzFTz1+vkAap5FCgg==&u=U2FsdGVkX19uOXenEAR1nyE8ktDiAKVwLONltZk3NyfwVcveuGi25KvPoq3be6lG&y=U2FsdGVkX1/a0bL41GS4KsyZkcl8fcqcfr+qBOeENzWIS0CrFQL9M4wIB7q6wEPm HTTP/1.1" 200 25
186.102.8.204 - - [27/Mar/2022:08:30:31 -0500] "GET /kwssiamovil/sm/acme/a?s=U2FsdGVkX1+zf86cYn2VDdfirV8az0qDXCe71PfnxmtdYBRpqCpdIgVncBf3OhnjzR88hvDci3Hq29/7UtfIbgNhdyuOb2gTMovYpZZPwHCUSsAVEDXiVywuqXbpvuEArkSZdb9J0P9bYRgZIjeWRMRAxLax5r70Gdvhrxi3h5xU/8zkEnv2N+ndaQJrAmATtsNWwGehYwFKLgtWvXwvHCWeUkKK3LU8UTCwaiyjp8M=&u=U2FsdGVkX19uOXenEAR1nyE8ktDiAKVwLONltZk3NyfwVcveuGi25KvPoq3be6lG&y=U2FsdGVkX1/a0bL41GS4KsyZkcl8fcqcfr+qBOeENzWIS0CrFQL9M4wIB7q6wEPm HTTP/1.1" 200 25
186.102.8.204 - - [27/Mar/2022:08:30:32 -0500] "GET /kwssiamovil/sm/acme/a?s=U2FsdGVkX18ulFQviia5SlL2pqpc+AZPMXgWuqMluVXGtg8uILmHFedjpokWp3Aw+BF68SfDBeMRpNl9m8zD4yLoIzVY7/V2qC4VNsxHaL2RIzi5b2M9blBdPI5s0SAW5H0FoJU9ZgQYnuL887R98QvkDu08o6LU8+BR1NUgzGrgFpBd2WCFqM81gNMzIKabVv+yeqNXjmXrzQaA0uH1Zw==&u=U2FsdGVkX19uOXenEAR1nyE8ktDiAKVwLONltZk3NyfwVcveuGi25KvPoq3be6lG&y=U2FsdGVkX1/a0bL41GS4KsyZkcl8fcqcfr+qBOeENzWIS0CrFQL9M4wIB7q6wEPm HTTP/1.1" 200 25
186.102.8.204 - - [27/Mar/2022:08:30:32 -0500] "GET /kwssiamovil/sm/acme/a?s=U2FsdGVkX1+INZvDN+52I6ezSUuszj019sFbDbweXSVzihuJPLVgn/C6zaH5ixaioxo1kUG8eEr5zoG1fdwb3ERqral1P6C2ryIPrtHEbpHi3bPfCjZ5Jgh+YNgCjhhKSM0Auj1YshjUJRti75L+1xue6u9JMLm+xIH0sA77t/tXodtJp9dNMbDG6BiaTPuv5WRncOLg/bdfqo04T5MScBBAmCwAnTkE30uMarLD+Oo=&u=U2FsdGVkX19uOXenEAR1nyE8ktDiAKVwLONltZk3NyfwVcveuGi25KvPoq3be6lG&y=U2FsdGVkX1/a0bL41GS4KsyZkcl8fcqcfr+qBOeENzWIS0CrFQL9M4wIB7q6wEPm HTTP/1.1" 200 25
186.102.8.204 - - [27/Mar/2022:08:30:33 -0500] "GET /kwssiamovil/sm/acme/a?s=U2FsdGVkX1+GXxiv4ZigXC3z1NKcZc0Zl+cOw2s6knJY/4yUjtKMU17eW5S026aQ9R0NfJ32ADZ8WYxjT4gNEptIk3LdsB3o8SL3fLLwzFsFaJo0NwkuCxK5iWx+XMZRRBGX3S/A9aE07CaFxrshLSAYLYfb70fcTYn4B4ytgRm01yElKbb2sjBy8PsGoD4YTOePMIn8R4a7y/Mx3zdR4w==&u=U2FsdGVkX19uOXenEAR1nyE8ktDiAKVwLONltZk3NyfwVcveuGi25KvPoq3be6lG&y=U2FsdGVkX1/a0bL41GS4KsyZkcl8fcqcfr+qBOeENzWIS0CrFQL9M4wIB7q6wEPm HTTP/1.1" 200 25
172.22.2.4 - - [27/Mar/2022:08:29:09 -0500] "GET /BLA/boletinlegal/ HTTP/1.1" 200 61416
201.245.192.253 - - [27/Mar/2022:08:30:46 -0500] "POST /kwsrmcab/Wsrmcab HTTP/1.1" 200 45364
201.245.192.253 - - [27/Mar/2022:08:31:32 -0500] "POST /kwsrmcab/Wsrmcab HTTP/1.1" 200 41860
216.245.221.92 - - [27/Mar/2022:08:32:20 -0500] "HEAD / HTTP/1.1" 200 -
201.245.192.253 - - [27/Mar/2022:08:31:47 -0500] "POST /kwsrmcab/Wsrmcab HTTP/1.1" 200 106013
172.22.2.4 - - [27/Mar/2022:08:34:09 -0500] "HEAD /BLA/boletinlegal/ HTTP/1.1" 200 -
172.22.2.4 - - [27/Mar/2022:08:34:59 -0500] "GET /BLA/boletinlegal/ HTTP/1.1" 200 59170
66.249.73.127 - - [27/Mar/2022:08:37:13 -0500] "-" 408 -
216.245.221.92 - - [27/Mar/2022:08:37:20 -0500] "HEAD / HTTP/1.1" 200 -
186.154.38.184 - - [27/Mar/2022:08:38:50 -0500] "GET /sipse/faces/faces/faces/autenticacion.xhtml HTTP/1.1" 200 12501
186.154.38.184 - - [27/Mar/2022:08:38:51 -0500] "GET /sipse/js/disable_browser_buttons.js HTTP/1.1" 200 3230
186.154.38.184 - - [27/Mar/2022:08:38:51 -0500] "GET /sipse/js/funciones.js HTTP/1.1" 200 12592
186.154.38.184 - - [27/Mar/2022:08:38:51 -0500] "GET /sipse/css/custom_css_sg.css HTTP/1.1" 200 9694
186.154.38.184 - - [27/Mar/2022:08:38:51 -0500] "GET /sipse/css/custom_css_sg_prime_login.css HTTP/1.1" 200 443
186.154.38.184 - - [27/Mar/2022:08:38:52 -0500] "GET /sipse/faces/javax.faces.resource/layout/layout.css;jsessionid=PwHvUEvR43jqtRsl1eGpYOdr.undefined?ln=primefaces&v=4.0 HTTP/1.1" 200 542
186.154.38.184 - - [27/Mar/2022:08:38:52 -0500] "GET /sipse/faces/javax.faces.resource/primefaces.css;jsessionid=PwHvUEvR43jqtRsl1eGpYOdr.undefined?ln=primefaces&v=4.0 HTTP/1.1" 200 53295
186.154.38.184 - - [27/Mar/2022:08:38:52 -0500] "GET /sipse/faces/javax.faces.resource/theme.css?ln=primefaces-sipse HTTP/1.1" 200 50058
186.154.38.184 - - [27/Mar/2022:08:38:52 -0500] "GET /sipse/faces/javax.faces.resource/jquery/jquery.js;jsessionid=PwHvUEvR43jqtRsl1eGpYOdr.undefined?ln=primefaces&v=4.0 HTTP/1.1" 200 105384
186.154.38.184 - - [27/Mar/2022:08:38:52 -0500] "GET /sipse/faces/javax.faces.resource/layout/layout.js;jsessionid=PwHvUEvR43jqtRsl1eGpYOdr.undefined?ln=primefaces&v=4.0 HTTP/1.1" 200 87560
186.154.38.184 - - [27/Mar/2022:08:38:52 -0500] "GET /sipse/faces/javax.faces.resource/jquery/jquery-plugins.js;jsessionid=PwHvUEvR43jqtRsl1eGpYOdr.undefined?ln=primefaces&v=4.0 HTTP/1.1" 200 220526
186.154.38.184 - - [27/Mar/2022:08:38:52 -0500] "GET /sipse/faces/javax.faces.resource/primefaces.js;jsessionid=PwHvUEvR43jqtRsl1eGpYOdr.undefined?ln=primefaces&v=4.0 HTTP/1.1" 200 276924
186.154.38.184 - - [27/Mar/2022:08:38:54 -0500] "GET /sipse/faces/javax.faces.resource/images/ui-icons_898989_256x240.png?ln=primefaces-aristo HTTP/1.1" 200 5355
186.154.38.184 - - [27/Mar/2022:08:38:54 -0500] "GET /sipse/css/imagen/logoSDG.png HTTP/1.1" 200 53064
186.154.38.184 - - [27/Mar/2022:08:38:54 -0500] "GET /sipse/css/imagen/loginimg.png HTTP/1.1" 200 71635
186.154.38.184 - - [27/Mar/2022:08:38:54 -0500] "GET /sipse/faces/faces/faces/index.xhtml HTTP/1.1" 200 677
186.154.38.184 - - [27/Mar/2022:08:38:55 -0500] "GET /sipse/faces/javax.faces.resource/theme.css?ln=primefaces-sipse HTTP/1.1" 304 -
186.154.38.184 - - [27/Mar/2022:08:38:55 -0500] "GET /sipse/faces/faces/faces/faces/autenticacion.xhtml HTTP/1.1" 200 12179
186.154.38.184 - - [27/Mar/2022:08:38:56 -0500] "GET /sipse/faces/javax.faces.resource/theme.css?ln=primefaces-sipse HTTP/1.1" 304 -
186.154.38.184 - - [27/Mar/2022:08:38:56 -0500] "GET /sipse/faces/javax.faces.resource/layout/layout.css?ln=primefaces&v=4.0 HTTP/1.1" 200 542
186.154.38.184 - - [27/Mar/2022:08:38:56 -0500] "GET /sipse/faces/javax.faces.resource/primefaces.css?ln=primefaces&v=4.0 HTTP/1.1" 200 53295
186.154.38.184 - - [27/Mar/2022:08:38:56 -0500] "GET /sipse/faces/javax.faces.resource/layout/layout.js?ln=primefaces&v=4.0 HTTP/1.1" 200 87560
186.154.38.184 - - [27/Mar/2022:08:38:56 -0500] "GET /sipse/faces/javax.faces.resource/jquery/jquery.js?ln=primefaces&v=4.0 HTTP/1.1" 200 105384
186.154.38.184 - - [27/Mar/2022:08:38:56 -0500] "GET /sipse/faces/javax.faces.resource/jquery/jquery-plugins.js?ln=primefaces&v=4.0 HTTP/1.1" 200 220526
186.154.38.184 - - [27/Mar/2022:08:38:56 -0500] "GET /sipse/faces/javax.faces.resource/primefaces.js?ln=primefaces&v=4.0 HTTP/1.1" 200 276924
172.22.2.4 - - [27/Mar/2022:08:41:30 -0500] "GET /BLA/boletinlegal/style.css HTTP/1.1" 200 9406
172.22.2.4 - - [27/Mar/2022:08:41:30 -0500] "GET /BLA/boletinlegal/styles2.css HTTP/1.1" 200 1838
172.22.2.4 - - [27/Mar/2022:08:41:30 -0500] "GET /BLA/boletinlegal/js/jquery.js HTTP/1.1" 200 57254
172.22.2.4 - - [27/Mar/2022:08:41:30 -0500] "GET /BLA/boletinlegal/js/jquery.scrollTo-min.js HTTP/1.1" 200 1150
172.22.2.4 - - [27/Mar/2022:08:41:30 -0500] "GET /BLA/boletinlegal/images/cabezote%20BLEGAL.jpg HTTP/1.1" 200 118164
172.22.2.4 - - [27/Mar/2022:08:41:30 -0500] "GET /BLA/boletinlegal/js/jquery.scrollShow.js HTTP/1.1" 200 4586
172.22.2.4 - - [27/Mar/2022:08:41:30 -0500] "GET /BLA/boletinlegal/images/subscribe-icon-big.png HTTP/1.1" 200 47702
172.22.2.4 - - [27/Mar/2022:08:41:30 -0500] "GET /BLA/boletinlegal/images/historia.png HTTP/1.1" 200 52775
172.22.2.4 - - [27/Mar/2022:08:41:30 -0500] "GET /BLA/boletinlegal/images/registro-usuarios.png HTTP/1.1" 200 8106
172.22.2.4 - - [27/Mar/2022:08:41:30 -0500] "GET /BLA/boletinlegal/images/arr_l.jpg HTTP/1.1" 200 1979
172.22.2.4 - - [27/Mar/2022:08:41:30 -0500] "GET /BLA/boletinlegal/images/screen_1.png HTTP/1.1" 200 202547
172.22.2.4 - - [27/Mar/2022:08:41:30 -0500] "GET /BLA/boletinlegal/images/launch.jpg HTTP/1.1" 200 14577
172.22.2.4 - - [27/Mar/2022:08:41:30 -0500] "GET /BLA/boletinlegal/images/body_bg.jpg HTTP/1.1" 200 1601
172.22.2.4 - - [27/Mar/2022:08:41:30 -0500] "GET /BLA/boletinlegal/images/menu_lft.gif HTTP/1.1" 200 1713
172.22.2.4 - - [27/Mar/2022:08:41:30 -0500] "GET /BLA/boletinlegal/images/menu_rght.gif HTTP/1.1" 200 1627
172.22.2.4 - - [27/Mar/2022:08:41:30 -0500] "GET /BLA/boletinlegal/images/menu_bg.jpg HTTP/1.1" 200 620
172.22.2.4 - - [27/Mar/2022:08:41:30 -0500] "GET /BLA/boletinlegal/images/bg_top.jpg HTTP/1.1" 200 522
172.22.2.4 - - [27/Mar/2022:08:41:30 -0500] "GET /BLA/boletinlegal/images/hover.jpg HTTP/1.1" 200 640
172.22.2.4 - - [27/Mar/2022:08:41:30 -0500] "GET /BLA/boletinlegal/images/text.jpg HTTP/1.1" 200 568
201.245.192.253 - - [27/Mar/2022:08:40:46 -0500] "POST /kwsrmcab/Wsrmcab HTTP/1.1" 200 45364
172.22.2.4 - - [27/Mar/2022:08:41:37 -0500] "GET /BLA/boletinlegal/actos.php HTTP/1.1" 200 9555
172.22.2.4 - - [27/Mar/2022:08:41:37 -0500] "GET /BLA/boletinlegal/js/ajax_actos.js HTTP/1.1" 200 1322
172.22.2.4 - - [27/Mar/2022:08:41:37 -0500] "GET /BLA/boletinlegal/niceforms-default.css HTTP/1.1" 200 6694
172.22.2.4 - - [27/Mar/2022:08:41:37 -0500] "GET /BLA/boletinlegal/js/lib.js HTTP/1.1" 200 6474
172.22.2.4 - - [27/Mar/2022:08:41:37 -0500] "GET /BLA/boletinlegal/js/popup.js HTTP/1.1" 200 1270
172.22.2.4 - - [27/Mar/2022:08:41:37 -0500] "GET /BLA/boletinlegal/js/jquery1.js HTTP/1.1" 200 29846
172.22.2.4 - - [27/Mar/2022:08:41:37 -0500] "GET /BLA/boletinlegal/niceforms.js HTTP/1.1" 200 22876
172.22.2.4 - - [27/Mar/2022:08:41:38 -0500] "GET /BLA/boletinlegal/images/green-yellow-blue-pink-th.png HTTP/1.1" 200 7394
172.22.2.4 - - [27/Mar/2022:08:41:38 -0500] "GET /BLA/boletinlegal/images/abajo.png HTTP/1.1" 200 96676
172.22.2.4 - - [27/Mar/2022:08:41:38 -0500] "GET /BLA/boletinlegal/images/tel.png HTTP/1.1" 200 14477
172.22.2.4 - - [27/Mar/2022:08:41:38 -0500] "GET /BLA/boletinlegal/images/icono-email.png HTTP/1.1" 200 5544
172.22.2.4 - - [27/Mar/2022:08:41:38 -0500] "GET /BLA/boletinlegal/images/footer_bg.jpg HTTP/1.1" 200 586
172.22.2.4 - - [27/Mar/2022:08:41:38 -0500] "GET /BLA/boletinlegal/images/footer_bg_l.jpg HTTP/1.1" 200 776
172.22.2.4 - - [27/Mar/2022:08:41:38 -0500] "GET /BLA/boletinlegal/img/0.png HTTP/1.1" 200 110
172.22.2.4 - - [27/Mar/2022:08:41:38 -0500] "GET /BLA/boletinlegal/img/select-left.png HTTP/1.1" 200 263
172.22.2.4 - - [27/Mar/2022:08:41:38 -0500] "GET /BLA/boletinlegal/img/button-left.png HTTP/1.1" 200 57071
172.22.2.4 - - [27/Mar/2022:08:41:38 -0500] "GET /BLA/boletinlegal/img/button.png HTTP/1.1" 200 43241
172.22.2.4 - - [27/Mar/2022:08:41:38 -0500] "GET /BLA/boletinlegal/img/select-right.png HTTP/1.1" 200 44019
172.22.2.4 - - [27/Mar/2022:08:41:38 -0500] "GET /BLA/boletinlegal/img/button-right.png HTTP/1.1" 200 57878
172.22.2.4 - - [27/Mar/2022:08:41:38 -0500] "GET /BLA/boletinlegal/favicon.ico HTTP/1.1" 404 1230
172.22.2.4 - - [27/Mar/2022:08:39:59 -0500] "HEAD /BLA/boletinlegal/ HTTP/1.1" 200 -
172.22.2.4 - - [27/Mar/2022:08:41:29 -0500] "GET /BLA/boletinlegal/ HTTP/1.1" 200 24523
216.245.221.92 - - [27/Mar/2022:08:42:20 -0500] "HEAD / HTTP/1.1" 200 -
201.245.192.253 - - [27/Mar/2022:08:41:36 -0500] "POST /kwsrmcab/Wsrmcab HTTP/1.1" 200 41860
172.22.2.4 - - [27/Mar/2022:08:40:49 -0500] "GET /BLA/boletinlegal/ HTTP/1.1" 200 56669
172.22.2.4 - - [27/Mar/2022:08:42:37 -0500] "GET /BLA/boletinlegal/consulta_actos.php?tipo=resoluciones&no=&usuario=&sector=COMPETENCIA&fecha=2010&resuelve= HTTP/1.1" 200 21819
172.22.2.4 - - [27/Mar/2022:08:42:37 -0500] "GET /BLA/boletinlegal/images/pdf.gif HTTP/1.1" 200 567
172.22.2.4 - - [27/Mar/2022:08:42:37 -0500] "GET /BLA/boletinlegal/images/background.gif HTTP/1.1" 200 -
150.158.87.215 - - [27/Mar/2022:08:42:43 -0500] "GET /xmlrpc.php HTTP/1.1" 404 1034
201.245.192.253 - - [27/Mar/2022:08:42:04 -0500] "POST /kwsrmcab/Wsrmcab HTTP/1.1" 200 106013
172.22.2.4 - - [27/Mar/2022:08:43:21 -0500] "GET /BLA/boletinlegal/consulta_actos.php?tipo=resoluciones&no=&usuario=&sector=COMPETENCIA&fecha=2011&resuelve= HTTP/1.1" 200 58710
172.22.2.4 - - [27/Mar/2022:08:44:11 -0500] "GET /BLA/boletinlegal/consulta_actos.php?tipo=resoluciones&no=&usuario=&sector=COMPETENCIA&fecha=2012&resuelve= HTTP/1.1" 200 49095
172.22.2.4 - - [27/Mar/2022:08:44:24 -0500] "GET /BLA/boletinlegal/consulta_actos.php?tipo=resoluciones&no=&usuario=&sector=COMPETENCIA&fecha=2013&resuelve= HTTP/1.1" 200 64995
172.22.2.4 - - [27/Mar/2022:08:44:38 -0500] "GET /BLA/boletinlegal/consulta_actos.php?tipo=resoluciones&no=&usuario=&sector=COMPETENCIA&fecha=2014&resuelve= HTTP/1.1" 200 87581
172.22.2.4 - - [27/Mar/2022:08:44:48 -0500] "GET /BLA/boletinlegal/consulta_actos.php?tipo=resoluciones&no=&usuario=&sector=COMPETENCIA&fecha=2015&resuelve= HTTP/1.1" 200 65450
172.22.2.4 - - [27/Mar/2022:08:45:14 -0500] "GET /BLA/boletinlegal/consulta_actos.php?tipo=resoluciones&no=&usuario=&sector=COMPETENCIA&fecha=2016&resuelve= HTTP/1.1" 200 74550
172.22.2.4 - - [27/Mar/2022:08:45:30 -0500] "GET /BLA/boletinlegal/consulta_actos.php?tipo=resoluciones&no=&usuario=&sector=COMPETENCIA&fecha=2017&resuelve= HTTP/1.1" 200 176664
172.22.2.4 - - [27/Mar/2022:08:45:56 -0500] "GET /BLA/boletinlegal/consulta_actos.php?tipo=resoluciones&no=&usuario=&sector=COMPETENCIA&fecha=2018&resuelve= HTTP/1.1" 200 89032
207.46.13.43 - - [27/Mar/2022:08:46:20 -0500] "GET /bla/resoluciones/resoluciones%202021/5501.pdf HTTP/1.1" 200 1855144
216.245.221.92 - - [27/Mar/2022:08:47:20 -0500] "HEAD / HTTP/1.1" 200 -
172.22.2.4 - - [27/Mar/2022:08:47:22 -0500] "GET /BLA/boletinlegal/consulta_actos.php?tipo=resoluciones&no=&usuario=&sector=COMPETENCIA&fecha=2019&resuelve=Resuelve HTTP/1.1" 200 6990
172.22.2.4 - - [27/Mar/2022:08:45:49 -0500] "HEAD /BLA/boletinlegal/ HTTP/1.1" 200 -
172.22.2.4 - - [27/Mar/2022:08:47:48 -0500] "GET /BLA/boletinlegal/consulta_actos.php?tipo=resoluciones&no=&usuario=&sector=COMPETENCIA&fecha=2020&resuelve=Resuelve HTTP/1.1" 200 2210
181.55.6.105 - - [27/Mar/2022:08:48:06 -0500] "GET /BLA/resoluciones/RESOLUCIONES%202020/1394.pdf HTTP/1.1" 200 389671
181.55.6.105 - - [27/Mar/2022:08:48:06 -0500] "GET /favicon.ico HTTP/1.1" 200 7782
172.22.2.4 - - [27/Mar/2022:08:46:39 -0500] "GET /BLA/boletinlegal/ HTTP/1.1" 200 56300
172.22.2.4 - - [27/Mar/2022:08:48:26 -0500] "GET /BLA/boletinlegal/consulta_actos.php?tipo=resoluciones&no=&usuario=&sector=COMPETENCIA&fecha=2020&resuelve=Resuelve HTTP/1.1" 200 2210
172.22.2.4 - - [27/Mar/2022:08:48:32 -0500] "GET /BLA/boletinlegal/consulta_actos.php?tipo=resoluciones&no=&usuario=&sector=COMPETENCIA&fecha=2021&resuelve=Resuelve HTTP/1.1" 200 1728
172.22.2.4 - - [27/Mar/2022:08:48:41 -0500] "GET /BLA/boletinlegal/consulta_actos.php?tipo=resoluciones&no=&usuario=&sector=COMPETENCIA&fecha=2022&resuelve=Resuelve HTTP/1.1" 200 626
172.22.2.4 - - [27/Mar/2022:08:48:45 -0500] "GET /BLA/boletinlegal/consulta_actos.php?tipo=resoluciones&no=&usuario=&sector=MINERIA&fecha=2022&resuelve=Resuelve HTTP/1.1" 200 626
