172.22.2.4 - - [27/Mar/2022:20:26:50 -0500] "GET /BLA/boletinlegal/consulta_actos.php?tipo=resoluciones&no=&usuario=&sector=&fecha=2005&resuelve=se%20resuelve%20un%20proceso%20sancionat HTTP/1.1" 200 626
172.22.2.4 - - [27/Mar/2022:20:26:51 -0500] "GET /BLA/boletinlegal/consulta_actos.php?tipo=resoluciones&no=&usuario=&sector=&fecha=2005&resuelve=se%20resuelve%20un%20proceso%20sancionat HTTP/1.1" 200 626
172.22.2.4 - - [27/Mar/2022:20:26:51 -0500] "GET /BLA/boletinlegal/consulta_actos.php?tipo=resoluciones&no=&usuario=&sector=&fecha=2005&resuelve=se%20resuelve%20un%20proceso%20sancionat HTTP/1.1" 200 626
172.22.2.4 - - [27/Mar/2022:20:26:51 -0500] "GET /BLA/boletinlegal/consulta_actos.php?tipo=resoluciones&no=&usuario=&sector=&fecha=2005&resuelve=se%20resuelve%20un%20proceso%20sancionat HTTP/1.1" 200 626
172.22.2.4 - - [27/Mar/2022:20:26:55 -0500] "GET /BLA/boletinlegal/consulta_actos.php?tipo=resoluciones&no=&usuario=&sector=&fecha=2004&resuelve=se%20resuelve%20un%20proceso%20sancionat HTTP/1.1" 200 626
172.22.2.4 - - [27/Mar/2022:20:26:55 -0500] "GET /BLA/boletinlegal/consulta_actos.php?tipo=resoluciones&no=&usuario=&sector=&fecha=2004&resuelve=se%20resuelve%20un%20proceso%20sancionat HTTP/1.1" 200 626
172.22.2.4 - - [27/Mar/2022:20:26:55 -0500] "GET /BLA/boletinlegal/consulta_actos.php?tipo=resoluciones&no=&usuario=&sector=&fecha=2004&resuelve=se%20resuelve%20un%20proceso%20sancionat HTTP/1.1" 200 626
172.22.2.4 - - [27/Mar/2022:20:26:58 -0500] "GET /BLA/boletinlegal/consulta_actos.php?tipo=resoluciones&no=&usuario=&sector=&fecha=2003&resuelve=se%20resuelve%20un%20proceso%20sancionat HTTP/1.1" 200 626
172.22.2.4 - - [27/Mar/2022:20:26:58 -0500] "GET /BLA/boletinlegal/consulta_actos.php?tipo=resoluciones&no=&usuario=&sector=&fecha=2003&resuelve=se%20resuelve%20un%20proceso%20sancionat HTTP/1.1" 200 626
172.22.2.4 - - [27/Mar/2022:20:26:58 -0500] "GET /BLA/boletinlegal/consulta_actos.php?tipo=resoluciones&no=&usuario=&sector=&fecha=2003&resuelve=se%20resuelve%20un%20proceso%20sancionat HTTP/1.1" 200 626
172.22.2.4 - - [27/Mar/2022:20:27:02 -0500] "GET /BLA/boletinlegal/consulta_actos.php?tipo=resoluciones&no=&usuario=&sector=&fecha=2002&resuelve=se%20resuelve%20un%20proceso%20sancionat HTTP/1.1" 200 626
172.22.2.4 - - [27/Mar/2022:20:27:02 -0500] "GET /BLA/boletinlegal/consulta_actos.php?tipo=resoluciones&no=&usuario=&sector=&fecha=2002&resuelve=se%20resuelve%20un%20proceso%20sancionat HTTP/1.1" 200 626
172.22.2.4 - - [27/Mar/2022:20:27:02 -0500] "GET /BLA/boletinlegal/consulta_actos.php?tipo=resoluciones&no=&usuario=&sector=&fecha=2002&resuelve=se%20resuelve%20un%20proceso%20sancionat HTTP/1.1" 200 626
172.22.2.4 - - [27/Mar/2022:20:27:02 -0500] "GET /BLA/boletinlegal/consulta_actos.php?tipo=resoluciones&no=&usuario=&sector=&fecha=2002&resuelve=se%20resuelve%20un%20proceso%20sancionat HTTP/1.1" 200 626
172.22.2.4 - - [27/Mar/2022:20:27:08 -0500] "GET /BLA/boletinlegal/consulta_actos.php?tipo=resoluciones&no=&usuario=&sector=&fecha=2001&resuelve=se%20resuelve%20un%20proceso%20sancionat HTTP/1.1" 200 626
172.22.2.4 - - [27/Mar/2022:20:27:08 -0500] "GET /BLA/boletinlegal/consulta_actos.php?tipo=resoluciones&no=&usuario=&sector=&fecha=2001&resuelve=se%20resuelve%20un%20proceso%20sancionat HTTP/1.1" 200 626
172.22.2.4 - - [27/Mar/2022:20:27:08 -0500] "GET /BLA/boletinlegal/consulta_actos.php?tipo=resoluciones&no=&usuario=&sector=&fecha=2001&resuelve=se%20resuelve%20un%20proceso%20sancionat HTTP/1.1" 200 626
172.22.2.4 - - [27/Mar/2022:20:27:09 -0500] "GET /BLA/boletinlegal/consulta_actos.php?tipo=resoluciones&no=&usuario=&sector=&fecha=2001&resuelve=se%20resuelve%20un%20proceso%20sancionat HTTP/1.1" 200 626
172.22.2.4 - - [27/Mar/2022:20:27:09 -0500] "GET /BLA/boletinlegal/consulta_actos.php?tipo=resoluciones&no=&usuario=&sector=&fecha=2001&resuelve=se%20resuelve%20un%20proceso%20sancionat HTTP/1.1" 200 626
172.22.2.4 - - [27/Mar/2022:20:27:12 -0500] "GET /BLA/boletinlegal/consulta_actos.php?tipo=resoluciones&no=&usuario=&sector=&fecha=2000&resuelve=se%20resuelve%20un%20proceso%20sancionat HTTP/1.1" 200 626
172.22.2.4 - - [27/Mar/2022:20:27:12 -0500] "GET /BLA/boletinlegal/consulta_actos.php?tipo=resoluciones&no=&usuario=&sector=&fecha=2000&resuelve=se%20resuelve%20un%20proceso%20sancionat HTTP/1.1" 200 626
172.22.2.4 - - [27/Mar/2022:20:27:12 -0500] "GET /BLA/boletinlegal/consulta_actos.php?tipo=resoluciones&no=&usuario=&sector=&fecha=2000&resuelve=se%20resuelve%20un%20proceso%20sancionat HTTP/1.1" 200 626
172.22.2.4 - - [27/Mar/2022:20:27:13 -0500] "GET /BLA/boletinlegal/consulta_actos.php?tipo=resoluciones&no=&usuario=&sector=&fecha=2000&resuelve=se%20resuelve%20un%20proceso%20sancionat HTTP/1.1" 200 626
216.245.221.92 - - [27/Mar/2022:20:27:18 -0500] "HEAD / HTTP/1.1" 200 -
172.22.2.4 - - [27/Mar/2022:20:25:50 -0500] "HEAD /BLA/boletinlegal/ HTTP/1.1" 200 -
172.22.2.4 - - [27/Mar/2022:20:26:41 -0500] "GET /BLA/boletinlegal/ HTTP/1.1" 200 58588
172.22.2.4 - - [27/Mar/2022:20:28:46 -0500] "GET /BLA/boletinlegal/Directivas/2019/Directiva%20008%20del%2001%20de%20noviembre%20de%202019.pdf HTTP/1.1" 304 -
49.7.21.74 - - [27/Mar/2022:20:29:40 -0500] "-" 408 -
201.245.192.253 - - [27/Mar/2022:20:30:44 -0500] "POST /kwsrmcab/Wsrmcab HTTP/1.1" 200 45586
216.245.221.92 - - [27/Mar/2022:20:32:18 -0500] "HEAD / HTTP/1.1" 200 -
201.245.192.253 - - [27/Mar/2022:20:31:33 -0500] "POST /kwsrmcab/Wsrmcab HTTP/1.1" 200 42107
74.125.210.59 - - [27/Mar/2022:20:32:58 -0500] "GET /galeria/galeria/fotos/Soratama1G.jpg HTTP/1.1" 200 127762
74.125.210.59 - - [27/Mar/2022:20:33:08 -0500] "GET /galeria/galeria/fotos/Soratama1G.jpg HTTP/1.1" 200 127762
172.22.2.4 - - [27/Mar/2022:20:31:40 -0500] "HEAD /BLA/boletinlegal/ HTTP/1.1" 200 -
201.245.192.253 - - [27/Mar/2022:20:33:02 -0500] "POST /kwsrmcab/Wsrmcab HTTP/1.1" 200 106260
172.22.2.4 - - [27/Mar/2022:20:32:31 -0500] "GET /BLA/boletinlegal/ HTTP/1.1" 200 52081
157.55.39.218 - - [27/Mar/2022:20:34:38 -0500] "GET /BLA/resoluciones/RESOLUCIONES%202019/0134.pdf HTTP/1.1" 304 -
200.118.60.96 - - [27/Mar/2022:20:35:35 -0500] "GET /forest/ HTTP/1.1" 200 12041
200.118.60.96 - - [27/Mar/2022:20:36:01 -0500] "POST /forest/index.php HTTP/1.1" 200 12268
216.245.221.92 - - [27/Mar/2022:20:37:18 -0500] "HEAD / HTTP/1.1" 200 -
172.22.2.4 - - [27/Mar/2022:20:37:44 -0500] "PUT /BLA/boletinlegal/vendor/phpunit/phpunit/src/Util/PHP/eval-stdin.php HTTP/1.1" 405 938
172.22.2.4 - - [27/Mar/2022:20:37:46 -0500] "GET /BLA/boletinlegal/.DS_Store HTTP/1.1" 404 1018
40.88.21.235 - - [27/Mar/2022:20:38:03 -0500] "GET / HTTP/1.1" 200 319
40.88.21.235 - - [27/Mar/2022:20:38:03 -0500] "GET /favicon.ico HTTP/1.1" 200 7782
172.22.2.4 - - [27/Mar/2022:20:37:40 -0500] "GET /BLA/boletinlegal/ HTTP/1.1" 200 20427
172.22.2.4 - - [27/Mar/2022:20:36:38 -0500] "GET /BLA/boletinlegal/ HTTP/1.1" 200 57044
172.22.2.4 - - [27/Mar/2022:20:37:30 -0500] "HEAD /BLA/boletinlegal/ HTTP/1.1" 200 -
172.22.2.4 - - [27/Mar/2022:20:38:21 -0500] "GET /BLA/boletinlegal/ HTTP/1.1" 200 59170
172.22.2.4 - - [27/Mar/2022:20:40:34 -0500] "GET /BLA/boletinlegal/Circulares/2022/CIRCULAR%20No.%2000003%20DEL%2007%20DE%20MARZO%20DEL%202022.pdf HTTP/1.1" 404 1038
172.22.2.4 - - [27/Mar/2022:20:40:37 -0500] "GET /BLA/boletinlegal/Circulares/2021/CIRCULAR%20No.%2000009%20DEL%2001%20DE%20OCTUBRE%20DEL%202021.pdf HTTP/1.1" 200 320793
172.22.2.4 - - [27/Mar/2022:20:40:55 -0500] "GET /BLA/boletinlegal/Circulares/2021/CIRCULAR%20No.%2000007%20DEL%2010%20DE%20AGOSTO%20DEL%202021.pdf HTTP/1.1" 200 266364
172.22.2.4 - - [27/Mar/2022:20:41:06 -0500] "GET /BLA/boletinlegal/Circulares/2021/CIRCULAR%20No.%2000006%20DEL%2005%20DE%20AGOSTO%20DEL%202021.pdf HTTP/1.1" 200 249615
172.22.2.4 - - [27/Mar/2022:20:41:18 -0500] "GET /BLA/boletinlegal/Circulares/2020/Circular%20No.%2000018%20del%2002%20de%20diciembre%20del%202020.pdf HTTP/1.1" 200 276868
201.245.192.253 - - [27/Mar/2022:20:40:44 -0500] "POST /kwsrmcab/Wsrmcab HTTP/1.1" 200 45586
172.22.2.4 - - [27/Mar/2022:20:41:31 -0500] "GET /BLA/boletinlegal/Circulares/2020/Circular%2000010%20del%2027%20de%20julio%20de%202020.pdf HTTP/1.1" 200 422655
172.22.2.4 - - [27/Mar/2022:20:41:46 -0500] "GET /BLA/boletinlegal/Circulares/2020/CIRCULAR%20No.%2000019%20DEL%2018%20DE%20DICIEMBRE%20DEL%202020.pdf HTTP/1.1" 200 307959
172.22.2.4 - - [27/Mar/2022:20:42:02 -0500] "GET /BLA/boletinlegal/Circulares/2020/CIRCULAR%20No.%2000014%20del%2001%20de%20septiembre%20del%202020.pdf HTTP/1.1" 200 320826
172.22.2.4 - - [27/Mar/2022:20:42:13 -0500] "GET /BLA/boletinlegal/Circulares/2019/Circular%20No.%2012%20del%2014%20de%20Marzo%20de%202019.pdf HTTP/1.1" 200 344384
201.245.192.253 - - [27/Mar/2022:20:41:29 -0500] "POST /kwsrmcab/Wsrmcab HTTP/1.1" 200 42107
216.245.221.92 - - [27/Mar/2022:20:42:18 -0500] "HEAD / HTTP/1.1" 200 -
172.22.2.4 - - [27/Mar/2022:20:42:20 -0500] "GET /BLA/boletinlegal/Circulares/2019/Circular%20No.%20006%20del%2008%20de%20Febrero%20de%202019.pdf HTTP/1.1" 200 674401
172.22.2.4 - - [27/Mar/2022:20:42:37 -0500] "GET /BLA/boletinlegal/Circulares/2019/Circular%20No.%200015%20del%2003%20de%20Octubre%20de%202019.pdf HTTP/1.1" 200 165608
172.22.2.4 - - [27/Mar/2022:20:42:46 -0500] "GET /BLA/boletinlegal/Circulares/2019/Circular%20No.%200005%20del%2020%20de%20Marzo%20de%202019.pdf HTTP/1.1" 200 159877
172.22.2.4 - - [27/Mar/2022:20:42:59 -0500] "GET /BLA/boletinlegal/Circulares/2019/Circular%20No.%200003%20del%2031%20de%20Enero%20de%202019.pdf HTTP/1.1" 200 164676
172.22.2.4 - - [27/Mar/2022:20:43:08 -0500] "GET /BLA/boletinlegal/Circulares/2019/Circular%2000020%20del%2020%20de%20diciembre%20de%202019.pdf HTTP/1.1" 200 145170
201.245.192.253 - - [27/Mar/2022:20:42:21 -0500] "POST /kwsrmcab/Wsrmcab HTTP/1.1" 200 106260
200.118.64.109 - - [27/Mar/2022:20:43:10 -0500] "GET /forms/frmservlet?config=sia HTTP/1.1" 200 4046
200.118.64.109 - - [27/Mar/2022:20:43:12 -0500] "GET /forms/frmservlet?config=sia HTTP/1.1" 200 4046
200.118.64.109 - - [27/Mar/2022:20:43:12 -0500] "GET /forms/java/frmall_jinit.jar HTTP/1.1" 304 -
200.118.64.109 - - [27/Mar/2022:20:43:12 -0500] "GET /forms/java/icons.jar HTTP/1.1" 304 -
200.118.64.109 - - [27/Mar/2022:20:43:12 -0500] "GET /forms/java/java/awt/KeyboardFocusManager.class HTTP/1.1" 404 352
200.118.64.109 - - [27/Mar/2022:20:43:13 -0500] "GET /forms/java/java/awt/event/MouseWheelListener.class HTTP/1.1" 404 356
200.118.64.109 - - [27/Mar/2022:20:43:13 -0500] "GET /forms/java/oracle/forms/registry/Registry.dat HTTP/1.1" 200 4213
200.118.64.109 - - [27/Mar/2022:20:43:13 -0500] "GET /forms/java/oracle/forms/registry/default.dat HTTP/1.1" 404 350
200.118.64.109 - - [27/Mar/2022:20:43:13 -0500] "GET /forms/frmservlet?config=sia&acceptLanguage=en-us,en;q=0.5&ifcmd=startsession HTTP/1.1" 200 119
200.118.64.109 - - [27/Mar/2022:20:43:13 -0500] "GET /forms/lservlet;jsessionid=ac16012b30d63aefba75befa4319ac71a1906e5cf5e3.e3iSbxaKaheRe34Sc38RahyRchr0n6jAmljGr5XDqQLvpAe?ifcmd=getinfo HTTP/1.1" 200 8
200.118.64.109 - - [27/Mar/2022:20:43:13 -0500] "POST /forms/lservlet;jsessionid=ac16012b30d63aefba75befa4319ac71a1906e5cf5e3.e3iSbxaKaheRe34Sc38RahyRchr0n6jAmljGr5XDqQLvpAe HTTP/1.1" 200 8
200.118.64.109 - - [27/Mar/2022:20:43:14 -0500] "GET /forms/java/oracle/forms/engine/RunformBundle_es_CO.class HTTP/1.1" 404 362
200.118.64.109 - - [27/Mar/2022:20:43:14 -0500] "GET /forms/java/oracle/forms/engine/RunformBundle_es_CO.properties HTTP/1.1" 404 367
200.118.64.109 - - [27/Mar/2022:20:43:15 -0500] "POST /forms/lservlet;jsessionid=ac16012b30d63aefba75befa4319ac71a1906e5cf5e3.e3iSbxaKaheRe34Sc38RahyRchr0n6jAmljGr5XDqQLvpAe HTTP/1.1" 200 64000
200.118.64.109 - - [27/Mar/2022:20:43:16 -0500] "POST /forms/lservlet;jsessionid=ac16012b30d63aefba75befa4319ac71a1906e5cf5e3.e3iSbxaKaheRe34Sc38RahyRchr0n6jAmljGr5XDqQLvpAe HTTP/1.1" 200 64000
200.118.64.109 - - [27/Mar/2022:20:43:16 -0500] "POST /forms/lservlet;jsessionid=ac16012b30d63aefba75befa4319ac71a1906e5cf5e3.e3iSbxaKaheRe34Sc38RahyRchr0n6jAmljGr5XDqQLvpAe HTTP/1.1" 200 63623
200.118.64.109 - - [27/Mar/2022:20:43:16 -0500] "HEAD /imagenes/dama_logo.gif HTTP/1.1" 200 -
200.118.64.109 - - [27/Mar/2022:20:43:16 -0500] "GET /imagenes/dama_logo.gif HTTP/1.1" 200 21482
200.118.64.109 - - [27/Mar/2022:20:43:17 -0500] "POST /forms/lservlet;jsessionid=ac16012b30d63aefba75befa4319ac71a1906e5cf5e3.e3iSbxaKaheRe34Sc38RahyRchr0n6jAmljGr5XDqQLvpAe HTTP/1.1" 200 2
200.118.64.109 - - [27/Mar/2022:20:43:17 -0500] "POST /forms/lservlet;jsessionid=ac16012b30d63aefba75befa4319ac71a1906e5cf5e3.e3iSbxaKaheRe34Sc38RahyRchr0n6jAmljGr5XDqQLvpAe HTTP/1.1" 200 2
172.22.2.4 - - [27/Mar/2022:20:43:20 -0500] "GET /BLA/boletinlegal/Circulares/2019/Circular%2000018%20del%2020%20de%20noviembre%20de%202019.pdf HTTP/1.1" 200 158030
172.22.2.4 - - [27/Mar/2022:20:43:26 -0500] "GET /BLA/boletinlegal/Circulares/2019/.pdf HTTP/1.1" 404 1218
172.22.2.4 - - [27/Mar/2022:20:43:29 -0500] "GET /BLA/boletinlegal/Circulares/2018/Circular%20No.%2011%20del%2024%20de%20Septiembre%20de%202018.pdf HTTP/1.1" 200 169541
200.118.64.109 - - [27/Mar/2022:20:43:30 -0500] "POST /forms/lservlet;jsessionid=ac16012b30d63aefba75befa4319ac71a1906e5cf5e3.e3iSbxaKaheRe34Sc38RahyRchr0n6jAmljGr5XDqQLvpAe HTTP/1.1" 200 7979
200.118.64.109 - - [27/Mar/2022:20:43:31 -0500] "POST /forms/lservlet;jsessionid=ac16012b30d63aefba75befa4319ac71a1906e5cf5e3.e3iSbxaKaheRe34Sc38RahyRchr0n6jAmljGr5XDqQLvpAe HTTP/1.1" 200 64
200.118.64.109 - - [27/Mar/2022:20:43:31 -0500] "POST /forms/lservlet;jsessionid=ac16012b30d63aefba75befa4319ac71a1906e5cf5e3.e3iSbxaKaheRe34Sc38RahyRchr0n6jAmljGr5XDqQLvpAe HTTP/1.1" 200 2
200.118.64.109 - - [27/Mar/2022:20:43:31 -0500] "POST /forms/lservlet;jsessionid=ac16012b30d63aefba75befa4319ac71a1906e5cf5e3.e3iSbxaKaheRe34Sc38RahyRchr0n6jAmljGr5XDqQLvpAe HTTP/1.1" 200 2
200.118.64.109 - - [27/Mar/2022:20:43:31 -0500] "POST /forms/lservlet;jsessionid=ac16012b30d63aefba75befa4319ac71a1906e5cf5e3.e3iSbxaKaheRe34Sc38RahyRchr0n6jAmljGr5XDqQLvpAe HTTP/1.1" 200 2
200.118.64.109 - - [27/Mar/2022:20:43:35 -0500] "POST /forms/lservlet;jsessionid=ac16012b30d63aefba75befa4319ac71a1906e5cf5e3.e3iSbxaKaheRe34Sc38RahyRchr0n6jAmljGr5XDqQLvpAe HTTP/1.1" 200 34712
200.118.64.109 - - [27/Mar/2022:20:43:36 -0500] "GET /imagenes/listval.gif HTTP/1.1" 200 905
200.118.64.109 - - [27/Mar/2022:20:43:37 -0500] "GET /imagenes/tree1.gif HTTP/1.1" 200 1161
200.118.64.109 - - [27/Mar/2022:20:43:37 -0500] "GET /imagenes/listval.gif HTTP/1.1" 200 905
200.118.64.109 - - [27/Mar/2022:20:43:37 -0500] "GET /imagenes/CAMERA3.gif HTTP/1.1" 200 4150
200.118.64.109 - - [27/Mar/2022:20:43:37 -0500] "GET /imagenes/SLIDE1.gif HTTP/1.1" 200 1111
200.118.64.109 - - [27/Mar/2022:20:43:37 -0500] "GET /imagenes/flexcomb.gif HTTP/1.1" 200 1169
200.118.64.109 - - [27/Mar/2022:20:43:37 -0500] "GET /imagenes/GO.gif HTTP/1.1" 200 904
200.118.64.109 - - [27/Mar/2022:20:43:37 -0500] "GET /imagenes/HRTOOLS.gif HTTP/1.1" 200 2238
200.118.64.109 - - [27/Mar/2022:20:43:37 -0500] "GET /imagenes/rt_rec1.gif HTTP/1.1" 200 867
200.118.64.109 - - [27/Mar/2022:20:43:37 -0500] "GET /imagenes/apply.gif HTTP/1.1" 200 903
200.118.64.109 - - [27/Mar/2022:20:43:37 -0500] "GET /imagenes/exit.gif HTTP/1.1" 200 916
200.118.64.109 - - [27/Mar/2022:20:43:37 -0500] "GET /imagenes/LISTVAL.gif HTTP/1.1" 200 905
200.118.64.109 - - [27/Mar/2022:20:43:37 -0500] "GET /imagenes/edit.gif HTTP/1.1" 200 919
200.118.64.109 - - [27/Mar/2022:20:43:37 -0500] "GET /imagenes/rt_rec4.gif HTTP/1.1" 200 865
200.118.64.109 - - [27/Mar/2022:20:43:37 -0500] "GET /imagenes/rt_rec3.gif HTTP/1.1" 200 844
200.118.64.109 - - [27/Mar/2022:20:43:37 -0500] "GET /imagenes/rt_rec2.gif HTTP/1.1" 200 847
200.118.64.109 - - [27/Mar/2022:20:43:37 -0500] "GET /imagenes/rt_rdel.gif HTTP/1.1" 200 899
200.118.64.109 - - [27/Mar/2022:20:43:37 -0500] "GET /imagenes/rt_radd.gif HTTP/1.1" 200 907
200.118.64.109 - - [27/Mar/2022:20:43:37 -0500] "GET /imagenes/rt_quer3.gif HTTP/1.1" 200 939
200.118.64.109 - - [27/Mar/2022:20:43:37 -0500] "GET /imagenes/rt_quer2.gif HTTP/1.1" 200 936
200.118.64.109 - - [27/Mar/2022:20:43:37 -0500] "GET /imagenes/rt_quer1.gif HTTP/1.1" 200 930
200.118.64.109 - - [27/Mar/2022:20:43:37 -0500] "GET /imagenes/rt_save.gif HTTP/1.1" 200 903
200.118.64.109 - - [27/Mar/2022:20:43:37 -0500] "GET /imagenes/rt_pset.gif HTTP/1.1" 200 914
200.118.64.109 - - [27/Mar/2022:20:43:37 -0500] "GET /imagenes/QUEJA.gif HTTP/1.1" 200 1091
200.118.64.109 - - [27/Mar/2022:20:43:37 -0500] "GET /imagenes/ARBOL.gif HTTP/1.1" 200 1026
200.118.64.109 - - [27/Mar/2022:20:43:38 -0500] "GET /imagenes/Clipboard.gif HTTP/1.1" 200 1466
200.118.64.109 - - [27/Mar/2022:20:43:38 -0500] "GET /imagenes/DINERO.gif HTTP/1.1" 200 1766
200.118.64.109 - - [27/Mar/2022:20:43:38 -0500] "GET /imagenes/URGENTE.gif HTTP/1.1" 200 964
200.118.64.109 - - [27/Mar/2022:20:43:38 -0500] "GET /imagenes/TREE4.gif HTTP/1.1" 200 4150
200.118.64.109 - - [27/Mar/2022:20:43:38 -0500] "POST /forms/lservlet;jsessionid=ac16012b30d63aefba75befa4319ac71a1906e5cf5e3.e3iSbxaKaheRe34Sc38RahyRchr0n6jAmljGr5XDqQLvpAe HTTP/1.1" 200 7
200.118.64.109 - - [27/Mar/2022:20:43:38 -0500] "POST /forms/lservlet;jsessionid=ac16012b30d63aefba75befa4319ac71a1906e5cf5e3.e3iSbxaKaheRe34Sc38RahyRchr0n6jAmljGr5XDqQLvpAe HTTP/1.1" 200 34
200.118.64.109 - - [27/Mar/2022:20:43:38 -0500] "POST /forms/lservlet;jsessionid=ac16012b30d63aefba75befa4319ac71a1906e5cf5e3.e3iSbxaKaheRe34Sc38RahyRchr0n6jAmljGr5XDqQLvpAe HTTP/1.1" 200 2
200.118.64.109 - - [27/Mar/2022:20:43:41 -0500] "POST /forms/lservlet;jsessionid=ac16012b30d63aefba75befa4319ac71a1906e5cf5e3.e3iSbxaKaheRe34Sc38RahyRchr0n6jAmljGr5XDqQLvpAe HTTP/1.1" 200 2
200.118.64.109 - - [27/Mar/2022:20:43:41 -0500] "POST /forms/lservlet;jsessionid=ac16012b30d63aefba75befa4319ac71a1906e5cf5e3.e3iSbxaKaheRe34Sc38RahyRchr0n6jAmljGr5XDqQLvpAe HTTP/1.1" 200 699
200.118.64.109 - - [27/Mar/2022:20:43:41 -0500] "GET /imagenes/Srch_frw.gif HTTP/1.1" 200 925
200.118.64.109 - - [27/Mar/2022:20:43:41 -0500] "POST /forms/lservlet;jsessionid=ac16012b30d63aefba75befa4319ac71a1906e5cf5e3.e3iSbxaKaheRe34Sc38RahyRchr0n6jAmljGr5XDqQLvpAe HTTP/1.1" 200 10
200.118.64.109 - - [27/Mar/2022:20:43:42 -0500] "POST /forms/lservlet;jsessionid=ac16012b30d63aefba75befa4319ac71a1906e5cf5e3.e3iSbxaKaheRe34Sc38RahyRchr0n6jAmljGr5XDqQLvpAe HTTP/1.1" 200 46
172.22.2.4 - - [27/Mar/2022:20:43:43 -0500] "GET /BLA/boletinlegal/Circulares/2018/Circular%20No.%2010%20del%2021%20de%20Septiembre%20de%202018.pdf HTTP/1.1" 200 163426
172.22.2.4 - - [27/Mar/2022:20:43:58 -0500] "GET /BLA/boletinlegal/Circulares/2018/Circular%20No.%200015%20del%207%20de%20Diciembre%20de%202018.pdf HTTP/1.1" 200 165305
200.118.64.109 - - [27/Mar/2022:20:44:03 -0500] "POST /forms/lservlet;jsessionid=ac16012b30d63aefba75befa4319ac71a1906e5cf5e3.e3iSbxaKaheRe34Sc38RahyRchr0n6jAmljGr5XDqQLvpAe HTTP/1.1" 200 40
200.118.64.109 - - [27/Mar/2022:20:44:03 -0500] "POST /forms/lservlet;jsessionid=ac16012b30d63aefba75befa4319ac71a1906e5cf5e3.e3iSbxaKaheRe34Sc38RahyRchr0n6jAmljGr5XDqQLvpAe HTTP/1.1" 200 8
200.118.64.109 - - [27/Mar/2022:20:44:03 -0500] "POST /forms/lservlet;jsessionid=ac16012b30d63aefba75befa4319ac71a1906e5cf5e3.e3iSbxaKaheRe34Sc38RahyRchr0n6jAmljGr5XDqQLvpAe HTTP/1.1" 200 2
200.118.64.109 - - [27/Mar/2022:20:44:04 -0500] "POST /forms/lservlet;jsessionid=ac16012b30d63aefba75befa4319ac71a1906e5cf5e3.e3iSbxaKaheRe34Sc38RahyRchr0n6jAmljGr5XDqQLvpAe HTTP/1.1" 200 2
200.118.64.109 - - [27/Mar/2022:20:44:04 -0500] "POST /forms/lservlet;jsessionid=ac16012b30d63aefba75befa4319ac71a1906e5cf5e3.e3iSbxaKaheRe34Sc38RahyRchr0n6jAmljGr5XDqQLvpAe HTTP/1.1" 200 239
200.118.64.109 - - [27/Mar/2022:20:44:04 -0500] "POST /forms/lservlet;jsessionid=ac16012b30d63aefba75befa4319ac71a1906e5cf5e3.e3iSbxaKaheRe34Sc38RahyRchr0n6jAmljGr5XDqQLvpAe HTTP/1.1" 200 44
200.118.64.109 - - [27/Mar/2022:20:44:05 -0500] "POST /forms/lservlet;jsessionid=ac16012b30d63aefba75befa4319ac71a1906e5cf5e3.e3iSbxaKaheRe34Sc38RahyRchr0n6jAmljGr5XDqQLvpAe HTTP/1.1" 200 15
200.118.64.109 - - [27/Mar/2022:20:44:06 -0500] "POST /forms/lservlet;jsessionid=ac16012b30d63aefba75befa4319ac71a1906e5cf5e3.e3iSbxaKaheRe34Sc38RahyRchr0n6jAmljGr5XDqQLvpAe HTTP/1.1" 200 2
172.22.2.4 - - [27/Mar/2022:20:44:12 -0500] "GET /BLA/boletinlegal/Circulares/2018/CIRCULAR%20COJUNTA%20042%20DE%202018.pdf HTTP/1.1" 200 515008
200.118.64.109 - - [27/Mar/2022:20:44:12 -0500] "POST /forms/lservlet;jsessionid=ac16012b30d63aefba75befa4319ac71a1906e5cf5e3.e3iSbxaKaheRe34Sc38RahyRchr0n6jAmljGr5XDqQLvpAe HTTP/1.1" 200 77
200.118.64.109 - - [27/Mar/2022:20:44:12 -0500] "POST /forms/lservlet;jsessionid=ac16012b30d63aefba75befa4319ac71a1906e5cf5e3.e3iSbxaKaheRe34Sc38RahyRchr0n6jAmljGr5XDqQLvpAe HTTP/1.1" 200 38
200.118.64.109 - - [27/Mar/2022:20:44:14 -0500] "POST /forms/lservlet;jsessionid=ac16012b30d63aefba75befa4319ac71a1906e5cf5e3.e3iSbxaKaheRe34Sc38RahyRchr0n6jAmljGr5XDqQLvpAe HTTP/1.1" 200 72
200.118.64.109 - - [27/Mar/2022:20:44:15 -0500] "POST /forms/lservlet;jsessionid=ac16012b30d63aefba75befa4319ac71a1906e5cf5e3.e3iSbxaKaheRe34Sc38RahyRchr0n6jAmljGr5XDqQLvpAe HTTP/1.1" 200 2
200.118.64.109 - - [27/Mar/2022:20:44:15 -0500] "POST /forms/lservlet;jsessionid=ac16012b30d63aefba75befa4319ac71a1906e5cf5e3.e3iSbxaKaheRe34Sc38RahyRchr0n6jAmljGr5XDqQLvpAe HTTP/1.1" 200 282
200.118.64.109 - - [27/Mar/2022:20:44:15 -0500] "POST /forms/lservlet;jsessionid=ac16012b30d63aefba75befa4319ac71a1906e5cf5e3.e3iSbxaKaheRe34Sc38RahyRchr0n6jAmljGr5XDqQLvpAe HTTP/1.1" 200 19
200.118.64.109 - - [27/Mar/2022:20:44:17 -0500] "POST /forms/lservlet;jsessionid=ac16012b30d63aefba75befa4319ac71a1906e5cf5e3.e3iSbxaKaheRe34Sc38RahyRchr0n6jAmljGr5XDqQLvpAe HTTP/1.1" 200 46
172.22.2.4 - - [27/Mar/2022:20:44:28 -0500] "GET /BLA/boletinlegal/Circulares/2017/Circular%20No.%202%20del%201%20de%20Septiembre%20de%202017.pdf HTTP/1.1" 200 152575
172.22.2.4 - - [27/Mar/2022:20:44:38 -0500] "GET /BLA/boletinlegal/Circulares/2017/Circular%20No.%201%20del%2030%20de%20Marzo%20de%202017.pdf HTTP/1.1" 200 668532
172.22.2.4 - - [27/Mar/2022:20:44:52 -0500] "GET /BLA/boletinlegal/Circulares/2017/Circular%20No.%2007%20del%2028%20de%20Abril%20de%202017.pdf HTTP/1.1" 200 309906
172.22.2.4 - - [27/Mar/2022:20:43:20 -0500] "HEAD /BLA/boletinlegal/ HTTP/1.1" 200 -
172.22.2.4 - - [27/Mar/2022:20:45:03 -0500] "GET /BLA/boletinlegal/Circulares/2017/Circular%20No.%20011%20del%2005%20de%20julio%20de%202017.pdf HTTP/1.1" 200 965526
200.118.64.109 - - [27/Mar/2022:20:45:14 -0500] "POST /forms/lservlet;jsessionid=ac16012b30d63aefba75befa4319ac71a1906e5cf5e3.e3iSbxaKaheRe34Sc38RahyRchr0n6jAmljGr5XDqQLvpAe HTTP/1.1" 200 24
172.22.2.4 - - [27/Mar/2022:20:45:15 -0500] "GET /BLA/boletinlegal/Circulares/2015/Circular%20No.%202%20del%201%20de%20julio%20de%202015.pdf HTTP/1.1" 200 752890
172.22.2.4 - - [27/Mar/2022:20:45:26 -0500] "GET /BLA/boletinlegal/Circulares/2015/Circular%20No.%201%20del%2010%20de%20Febrero%20de%202015.pdf HTTP/1.1" 200 660637
200.118.64.109 - - [27/Mar/2022:20:45:30 -0500] "POST /forms/lservlet;jsessionid=ac16012b30d63aefba75befa4319ac71a1906e5cf5e3.e3iSbxaKaheRe34Sc38RahyRchr0n6jAmljGr5XDqQLvpAe HTTP/1.1" 200 2
200.118.64.109 - - [27/Mar/2022:20:45:31 -0500] "POST /forms/lservlet;jsessionid=ac16012b30d63aefba75befa4319ac71a1906e5cf5e3.e3iSbxaKaheRe34Sc38RahyRchr0n6jAmljGr5XDqQLvpAe HTTP/1.1" 200 257
200.118.64.109 - - [27/Mar/2022:20:45:31 -0500] "POST /forms/lservlet;jsessionid=ac16012b30d63aefba75befa4319ac71a1906e5cf5e3.e3iSbxaKaheRe34Sc38RahyRchr0n6jAmljGr5XDqQLvpAe HTTP/1.1" 200 15
172.22.2.4 - - [27/Mar/2022:20:45:31 -0500] "GET /BLA/boletinlegal/styles2.css HTTP/1.1" 200 1838
172.22.2.4 - - [27/Mar/2022:20:45:31 -0500] "GET /BLA/boletinlegal/style.css HTTP/1.1" 200 9406
172.22.2.4 - - [27/Mar/2022:20:45:31 -0500] "GET /BLA/boletinlegal/js/jquery.scrollTo-min.js HTTP/1.1" 200 1150
172.22.2.4 - - [27/Mar/2022:20:45:31 -0500] "GET /BLA/boletinlegal/js/jquery.js HTTP/1.1" 200 57254
172.22.2.4 - - [27/Mar/2022:20:45:31 -0500] "GET /BLA/boletinlegal/js/jquery.scrollShow.js HTTP/1.1" 200 4586
172.22.2.4 - - [27/Mar/2022:20:45:31 -0500] "GET /BLA/boletinlegal/images/menu_lft.gif HTTP/1.1" 200 1713
172.22.2.4 - - [27/Mar/2022:20:45:31 -0500] "GET /BLA/boletinlegal/images/menu_rght.gif HTTP/1.1" 200 1627
172.22.2.4 - - [27/Mar/2022:20:45:31 -0500] "GET /BLA/boletinlegal/images/subscribe-icon-big.png HTTP/1.1" 200 47702
172.22.2.4 - - [27/Mar/2022:20:45:31 -0500] "GET /BLA/boletinlegal/images/cabezote%20BLEGAL.jpg HTTP/1.1" 200 118164
172.22.2.4 - - [27/Mar/2022:20:45:31 -0500] "GET /BLA/boletinlegal/images/historia.png HTTP/1.1" 200 52775
172.22.2.4 - - [27/Mar/2022:20:45:31 -0500] "GET /BLA/boletinlegal/images/registro-usuarios.png HTTP/1.1" 200 8106
172.22.2.4 - - [27/Mar/2022:20:45:31 -0500] "GET /BLA/boletinlegal/images/arr_l.jpg HTTP/1.1" 200 1979
172.22.2.4 - - [27/Mar/2022:20:45:31 -0500] "GET /BLA/boletinlegal/images/screen_1.png HTTP/1.1" 200 202547
172.22.2.4 - - [27/Mar/2022:20:45:31 -0500] "GET /BLA/boletinlegal/images/launch.jpg HTTP/1.1" 200 14577
172.22.2.4 - - [27/Mar/2022:20:45:31 -0500] "GET /BLA/boletinlegal/images/body_bg.jpg HTTP/1.1" 200 1601
172.22.2.4 - - [27/Mar/2022:20:45:31 -0500] "GET /BLA/boletinlegal/images/bg_top.jpg HTTP/1.1" 200 522
172.22.2.4 - - [27/Mar/2022:20:45:31 -0500] "GET /BLA/boletinlegal/images/text.jpg HTTP/1.1" 200 568
172.22.2.4 - - [27/Mar/2022:20:45:31 -0500] "GET /BLA/boletinlegal/images/menu_bg.jpg HTTP/1.1" 200 620
172.22.2.4 - - [27/Mar/2022:20:45:31 -0500] "GET /BLA/boletinlegal/images/hover.jpg HTTP/1.1" 200 640
200.118.64.109 - - [27/Mar/2022:20:45:32 -0500] "POST /forms/lservlet;jsessionid=ac16012b30d63aefba75befa4319ac71a1906e5cf5e3.e3iSbxaKaheRe34Sc38RahyRchr0n6jAmljGr5XDqQLvpAe HTTP/1.1" 200 2
200.118.64.109 - - [27/Mar/2022:20:45:32 -0500] "POST /forms/lservlet;jsessionid=ac16012b30d63aefba75befa4319ac71a1906e5cf5e3.e3iSbxaKaheRe34Sc38RahyRchr0n6jAmljGr5XDqQLvpAe HTTP/1.1" 200 226
200.118.64.109 - - [27/Mar/2022:20:45:32 -0500] "POST /forms/lservlet;jsessionid=ac16012b30d63aefba75befa4319ac71a1906e5cf5e3.e3iSbxaKaheRe34Sc38RahyRchr0n6jAmljGr5XDqQLvpAe HTTP/1.1" 200 10
172.22.2.4 - - [27/Mar/2022:20:45:33 -0500] "GET /BLA/boletinlegal/actos.php HTTP/1.1" 200 9555
172.22.2.4 - - [27/Mar/2022:20:45:33 -0500] "GET /BLA/boletinlegal/js/ajax_actos.js HTTP/1.1" 200 1322
172.22.2.4 - - [27/Mar/2022:20:45:33 -0500] "GET /BLA/boletinlegal/niceforms.js HTTP/1.1" 200 22876
172.22.2.4 - - [27/Mar/2022:20:45:33 -0500] "GET /BLA/boletinlegal/js/lib.js HTTP/1.1" 200 6474
172.22.2.4 - - [27/Mar/2022:20:45:33 -0500] "GET /BLA/boletinlegal/niceforms-default.css HTTP/1.1" 200 6694
172.22.2.4 - - [27/Mar/2022:20:45:33 -0500] "GET /BLA/boletinlegal/js/popup.js HTTP/1.1" 200 1270
172.22.2.4 - - [27/Mar/2022:20:45:33 -0500] "GET /BLA/boletinlegal/js/jquery1.js HTTP/1.1" 200 29846
172.22.2.4 - - [27/Mar/2022:20:45:33 -0500] "GET /BLA/boletinlegal/images/footer_bg.jpg HTTP/1.1" 200 586
172.22.2.4 - - [27/Mar/2022:20:45:34 -0500] "GET /BLA/boletinlegal/images/green-yellow-blue-pink-th.png HTTP/1.1" 200 7394
172.22.2.4 - - [27/Mar/2022:20:45:34 -0500] "GET /BLA/boletinlegal/images/abajo.png HTTP/1.1" 200 96676
172.22.2.4 - - [27/Mar/2022:20:45:34 -0500] "GET /BLA/boletinlegal/images/tel.png HTTP/1.1" 200 14477
172.22.2.4 - - [27/Mar/2022:20:45:34 -0500] "GET /BLA/boletinlegal/images/icono-email.png HTTP/1.1" 200 5544
172.22.2.4 - - [27/Mar/2022:20:45:34 -0500] "GET /BLA/boletinlegal/images/footer_bg_l.jpg HTTP/1.1" 200 776
172.22.2.4 - - [27/Mar/2022:20:45:34 -0500] "GET /BLA/boletinlegal/img/0.png HTTP/1.1" 200 110
172.22.2.4 - - [27/Mar/2022:20:45:34 -0500] "GET /BLA/boletinlegal/img/select-left.png HTTP/1.1" 200 263
172.22.2.4 - - [27/Mar/2022:20:45:34 -0500] "GET /BLA/boletinlegal/img/select-right.png HTTP/1.1" 200 44019
172.22.2.4 - - [27/Mar/2022:20:45:34 -0500] "GET /BLA/boletinlegal/img/button-left.png HTTP/1.1" 200 57071
172.22.2.4 - - [27/Mar/2022:20:45:34 -0500] "GET /BLA/boletinlegal/img/button.png HTTP/1.1" 200 43241
172.22.2.4 - - [27/Mar/2022:20:45:34 -0500] "GET /BLA/boletinlegal/img/button-right.png HTTP/1.1" 200 57878
172.22.2.4 - - [27/Mar/2022:20:45:34 -0500] "GET /BLA/boletinlegal/favicon.ico HTTP/1.1" 404 1326
200.118.64.109 - - [27/Mar/2022:20:45:38 -0500] "POST /forms/lservlet;jsessionid=ac16012b30d63aefba75befa4319ac71a1906e5cf5e3.e3iSbxaKaheRe34Sc38RahyRchr0n6jAmljGr5XDqQLvpAe HTTP/1.1" 200 46
172.22.2.4 - - [27/Mar/2022:20:45:38 -0500] "GET /BLA/boletinlegal/Circulares/2014/Circular%20No.%203%20del%2014%20de%20Noviembre%20de%202014.pdf HTTP/1.1" 200 104132
172.22.2.4 - - [27/Mar/2022:20:45:43 -0500] "GET /BLA/boletinlegal/Circulares/2014/Circular%20No.%202%20del%2021%20de%20septiembre%20de%202014.pdf HTTP/1.1" 200 143376
172.22.2.4 - - [27/Mar/2022:20:44:11 -0500] "GET /BLA/boletinlegal/ HTTP/1.1" 200 54457
172.22.2.4 - - [27/Mar/2022:20:44:55 -0500] "GET /BLA/boletinlegal/ HTTP/1.1" 200 36811
172.22.2.4 - - [27/Mar/2022:20:45:56 -0500] "GET /BLA/boletinlegal/Circulares/2014/Circular%20No.%201%20del%2008%20de%20Mayo%20de%202014.pdf HTTP/1.1" 200 180124
172.22.2.4 - - [27/Mar/2022:20:46:17 -0500] "GET /BLA/boletinlegal/Circulares/2013/Circular%20No.%208%20del%201%20de%20Noviembre%20de%202013.pdf HTTP/1.1" 200 385156
172.22.2.4 - - [27/Mar/2022:20:46:31 -0500] "GET /BLA/boletinlegal/Circulares/2013/Circular%20No.%207%20del%201%20de%20Agosto%20de%202013.pdf HTTP/1.1" 200 340934
172.22.2.4 - - [27/Mar/2022:20:46:40 -0500] "GET /BLA/boletinlegal/Circulares/2013/Circular%20No.%206%20del%2019%20de%20julio%20de%202013.pdf HTTP/1.1" 200 4210437
200.118.64.109 - - [27/Mar/2022:20:46:52 -0500] "POST /forms/lservlet;jsessionid=ac16012b30d63aefba75befa4319ac71a1906e5cf5e3.e3iSbxaKaheRe34Sc38RahyRchr0n6jAmljGr5XDqQLvpAe HTTP/1.1" 200 24
200.118.64.109 - - [27/Mar/2022:20:46:52 -0500] "POST /forms/lservlet;jsessionid=ac16012b30d63aefba75befa4319ac71a1906e5cf5e3.e3iSbxaKaheRe34Sc38RahyRchr0n6jAmljGr5XDqQLvpAe HTTP/1.1" 200 257
200.118.64.109 - - [27/Mar/2022:20:46:52 -0500] "POST /forms/lservlet;jsessionid=ac16012b30d63aefba75befa4319ac71a1906e5cf5e3.e3iSbxaKaheRe34Sc38RahyRchr0n6jAmljGr5XDqQLvpAe HTTP/1.1" 200 15
200.118.64.109 - - [27/Mar/2022:20:46:54 -0500] "POST /forms/lservlet;jsessionid=ac16012b30d63aefba75befa4319ac71a1906e5cf5e3.e3iSbxaKaheRe34Sc38RahyRchr0n6jAmljGr5XDqQLvpAe HTTP/1.1" 200 46
200.118.64.109 - - [27/Mar/2022:20:47:08 -0500] "POST /forms/lservlet;jsessionid=ac16012b30d63aefba75befa4319ac71a1906e5cf5e3.e3iSbxaKaheRe34Sc38RahyRchr0n6jAmljGr5XDqQLvpAe HTTP/1.1" 200 24
200.118.64.109 - - [27/Mar/2022:20:47:08 -0500] "POST /forms/lservlet;jsessionid=ac16012b30d63aefba75befa4319ac71a1906e5cf5e3.e3iSbxaKaheRe34Sc38RahyRchr0n6jAmljGr5XDqQLvpAe HTTP/1.1" 200 14
200.118.64.109 - - [27/Mar/2022:20:47:09 -0500] "POST /forms/lservlet;jsessionid=ac16012b30d63aefba75befa4319ac71a1906e5cf5e3.e3iSbxaKaheRe34Sc38RahyRchr0n6jAmljGr5XDqQLvpAe HTTP/1.1" 200 14
172.22.2.4 - - [27/Mar/2022:20:45:30 -0500] "GET /BLA/boletinlegal/ HTTP/1.1" 200 60486
200.118.64.109 - - [27/Mar/2022:20:47:10 -0500] "POST /forms/lservlet;jsessionid=ac16012b30d63aefba75befa4319ac71a1906e5cf5e3.e3iSbxaKaheRe34Sc38RahyRchr0n6jAmljGr5XDqQLvpAe HTTP/1.1" 200 4457
200.118.64.109 - - [27/Mar/2022:20:47:11 -0500] "POST /forms/lservlet;jsessionid=ac16012b30d63aefba75befa4319ac71a1906e5cf5e3.e3iSbxaKaheRe34Sc38RahyRchr0n6jAmljGr5XDqQLvpAe HTTP/1.1" 200 20
200.118.64.109 - - [27/Mar/2022:20:47:14 -0500] "POST /forms/lservlet;jsessionid=ac16012b30d63aefba75befa4319ac71a1906e5cf5e3.e3iSbxaKaheRe34Sc38RahyRchr0n6jAmljGr5XDqQLvpAe HTTP/1.1" 200 2
200.118.64.109 - - [27/Mar/2022:20:47:16 -0500] "POST /forms/lservlet;jsessionid=ac16012b30d63aefba75befa4319ac71a1906e5cf5e3.e3iSbxaKaheRe34Sc38RahyRchr0n6jAmljGr5XDqQLvpAe HTTP/1.1" 200 2
200.118.64.109 - - [27/Mar/2022:20:47:16 -0500] "POST /forms/lservlet;jsessionid=ac16012b30d63aefba75befa4319ac71a1906e5cf5e3.e3iSbxaKaheRe34Sc38RahyRchr0n6jAmljGr5XDqQLvpAe HTTP/1.1" 200 14
200.118.64.109 - - [27/Mar/2022:20:47:17 -0500] "POST /forms/lservlet;jsessionid=ac16012b30d63aefba75befa4319ac71a1906e5cf5e3.e3iSbxaKaheRe34Sc38RahyRchr0n6jAmljGr5XDqQLvpAe HTTP/1.1" 200 3622
200.118.64.109 - - [27/Mar/2022:20:47:18 -0500] "POST /forms/lservlet;jsessionid=ac16012b30d63aefba75befa4319ac71a1906e5cf5e3.e3iSbxaKaheRe34Sc38RahyRchr0n6jAmljGr5XDqQLvpAe HTTP/1.1" 200 2
216.245.221.92 - - [27/Mar/2022:20:47:18 -0500] "HEAD / HTTP/1.1" 200 -
200.118.64.109 - - [27/Mar/2022:20:47:19 -0500] "POST /forms/lservlet;jsessionid=ac16012b30d63aefba75befa4319ac71a1906e5cf5e3.e3iSbxaKaheRe34Sc38RahyRchr0n6jAmljGr5XDqQLvpAe HTTP/1.1" 200 2
200.118.64.109 - - [27/Mar/2022:20:47:20 -0500] "POST /forms/lservlet;jsessionid=ac16012b30d63aefba75befa4319ac71a1906e5cf5e3.e3iSbxaKaheRe34Sc38RahyRchr0n6jAmljGr5XDqQLvpAe HTTP/1.1" 200 14
200.118.64.109 - - [27/Mar/2022:20:47:21 -0500] "POST /forms/lservlet;jsessionid=ac16012b30d63aefba75befa4319ac71a1906e5cf5e3.e3iSbxaKaheRe34Sc38RahyRchr0n6jAmljGr5XDqQLvpAe HTTP/1.1" 200 4198
200.118.64.109 - - [27/Mar/2022:20:47:21 -0500] "POST /forms/lservlet;jsessionid=ac16012b30d63aefba75befa4319ac71a1906e5cf5e3.e3iSbxaKaheRe34Sc38RahyRchr0n6jAmljGr5XDqQLvpAe HTTP/1.1" 200 2
200.118.64.109 - - [27/Mar/2022:20:47:29 -0500] "POST /forms/lservlet;jsessionid=ac16012b30d63aefba75befa4319ac71a1906e5cf5e3.e3iSbxaKaheRe34Sc38RahyRchr0n6jAmljGr5XDqQLvpAe HTTP/1.1" 200 2
200.118.64.109 - - [27/Mar/2022:20:47:29 -0500] "POST /forms/lservlet;jsessionid=ac16012b30d63aefba75befa4319ac71a1906e5cf5e3.e3iSbxaKaheRe34Sc38RahyRchr0n6jAmljGr5XDqQLvpAe HTTP/1.1" 200 14
200.118.64.109 - - [27/Mar/2022:20:47:31 -0500] "POST /forms/lservlet;jsessionid=ac16012b30d63aefba75befa4319ac71a1906e5cf5e3.e3iSbxaKaheRe34Sc38RahyRchr0n6jAmljGr5XDqQLvpAe HTTP/1.1" 200 3656
200.118.64.109 - - [27/Mar/2022:20:47:31 -0500] "POST /forms/lservlet;jsessionid=ac16012b30d63aefba75befa4319ac71a1906e5cf5e3.e3iSbxaKaheRe34Sc38RahyRchr0n6jAmljGr5XDqQLvpAe HTTP/1.1" 200 2
200.118.64.109 - - [27/Mar/2022:20:47:33 -0500] "POST /forms/lservlet;jsessionid=ac16012b30d63aefba75befa4319ac71a1906e5cf5e3.e3iSbxaKaheRe34Sc38RahyRchr0n6jAmljGr5XDqQLvpAe HTTP/1.1" 200 2
200.118.64.109 - - [27/Mar/2022:20:47:33 -0500] "POST /forms/lservlet;jsessionid=ac16012b30d63aefba75befa4319ac71a1906e5cf5e3.e3iSbxaKaheRe34Sc38RahyRchr0n6jAmljGr5XDqQLvpAe HTTP/1.1" 200 14
200.118.64.109 - - [27/Mar/2022:20:47:34 -0500] "POST /forms/lservlet;jsessionid=ac16012b30d63aefba75befa4319ac71a1906e5cf5e3.e3iSbxaKaheRe34Sc38RahyRchr0n6jAmljGr5XDqQLvpAe HTTP/1.1" 200 3098
200.118.64.109 - - [27/Mar/2022:20:47:35 -0500] "POST /forms/lservlet;jsessionid=ac16012b30d63aefba75befa4319ac71a1906e5cf5e3.e3iSbxaKaheRe34Sc38RahyRchr0n6jAmljGr5XDqQLvpAe HTTP/1.1" 200 2
200.118.64.109 - - [27/Mar/2022:20:47:38 -0500] "POST /forms/lservlet;jsessionid=ac16012b30d63aefba75befa4319ac71a1906e5cf5e3.e3iSbxaKaheRe34Sc38RahyRchr0n6jAmljGr5XDqQLvpAe HTTP/1.1" 200 2
200.118.64.109 - - [27/Mar/2022:20:47:38 -0500] "POST /forms/lservlet;jsessionid=ac16012b30d63aefba75befa4319ac71a1906e5cf5e3.e3iSbxaKaheRe34Sc38RahyRchr0n6jAmljGr5XDqQLvpAe HTTP/1.1" 200 14
200.118.64.109 - - [27/Mar/2022:20:47:39 -0500] "POST /forms/lservlet;jsessionid=ac16012b30d63aefba75befa4319ac71a1906e5cf5e3.e3iSbxaKaheRe34Sc38RahyRchr0n6jAmljGr5XDqQLvpAe HTTP/1.1" 200 2947
200.118.64.109 - - [27/Mar/2022:20:47:40 -0500] "POST /forms/lservlet;jsessionid=ac16012b30d63aefba75befa4319ac71a1906e5cf5e3.e3iSbxaKaheRe34Sc38RahyRchr0n6jAmljGr5XDqQLvpAe HTTP/1.1" 200 2
172.22.2.4 - - [27/Mar/2022:20:47:40 -0500] "GET /BLA/boletinlegal/Circulares/2013/Circular%20No.%205%20del%2013%20de%20junio%20de%202013.pdf HTTP/1.1" 200 110904
200.118.64.109 - - [27/Mar/2022:20:47:41 -0500] "POST /forms/lservlet;jsessionid=ac16012b30d63aefba75befa4319ac71a1906e5cf5e3.e3iSbxaKaheRe34Sc38RahyRchr0n6jAmljGr5XDqQLvpAe HTTP/1.1" 200 2
200.118.64.109 - - [27/Mar/2022:20:47:41 -0500] "POST /forms/lservlet;jsessionid=ac16012b30d63aefba75befa4319ac71a1906e5cf5e3.e3iSbxaKaheRe34Sc38RahyRchr0n6jAmljGr5XDqQLvpAe HTTP/1.1" 200 14
200.118.64.109 - - [27/Mar/2022:20:47:42 -0500] "POST /forms/lservlet;jsessionid=ac16012b30d63aefba75befa4319ac71a1906e5cf5e3.e3iSbxaKaheRe34Sc38RahyRchr0n6jAmljGr5XDqQLvpAe HTTP/1.1" 200 3094
200.118.64.109 - - [27/Mar/2022:20:47:43 -0500] "POST /forms/lservlet;jsessionid=ac16012b30d63aefba75befa4319ac71a1906e5cf5e3.e3iSbxaKaheRe34Sc38RahyRchr0n6jAmljGr5XDqQLvpAe HTTP/1.1" 200 2
200.118.64.109 - - [27/Mar/2022:20:47:44 -0500] "POST /forms/lservlet;jsessionid=ac16012b30d63aefba75befa4319ac71a1906e5cf5e3.e3iSbxaKaheRe34Sc38RahyRchr0n6jAmljGr5XDqQLvpAe HTTP/1.1" 200 2
200.118.64.109 - - [27/Mar/2022:20:47:44 -0500] "POST /forms/lservlet;jsessionid=ac16012b30d63aefba75befa4319ac71a1906e5cf5e3.e3iSbxaKaheRe34Sc38RahyRchr0n6jAmljGr5XDqQLvpAe HTTP/1.1" 200 14
200.118.64.109 - - [27/Mar/2022:20:47:46 -0500] "POST /forms/lservlet;jsessionid=ac16012b30d63aefba75befa4319ac71a1906e5cf5e3.e3iSbxaKaheRe34Sc38RahyRchr0n6jAmljGr5XDqQLvpAe HTTP/1.1" 200 3640
200.118.64.109 - - [27/Mar/2022:20:47:46 -0500] "POST /forms/lservlet;jsessionid=ac16012b30d63aefba75befa4319ac71a1906e5cf5e3.e3iSbxaKaheRe34Sc38RahyRchr0n6jAmljGr5XDqQLvpAe HTTP/1.1" 200 2
172.22.2.4 - - [27/Mar/2022:20:47:47 -0500] "GET /BLA/boletinlegal/Circulares/2013/Circular%20No.%204%20del%2005%20de%20junio%20de%202013.pdf HTTP/1.1" 200 130461
200.118.64.109 - - [27/Mar/2022:20:48:06 -0500] "POST /forms/lservlet;jsessionid=ac16012b30d63aefba75befa4319ac71a1906e5cf5e3.e3iSbxaKaheRe34Sc38RahyRchr0n6jAmljGr5XDqQLvpAe HTTP/1.1" 200 2
200.118.64.109 - - [27/Mar/2022:20:48:06 -0500] "POST /forms/lservlet;jsessionid=ac16012b30d63aefba75befa4319ac71a1906e5cf5e3.e3iSbxaKaheRe34Sc38RahyRchr0n6jAmljGr5XDqQLvpAe HTTP/1.1" 200 14
200.118.64.109 - - [27/Mar/2022:20:48:08 -0500] "POST /forms/lservlet;jsessionid=ac16012b30d63aefba75befa4319ac71a1906e5cf5e3.e3iSbxaKaheRe34Sc38RahyRchr0n6jAmljGr5XDqQLvpAe HTTP/1.1" 200 2944
200.118.64.109 - - [27/Mar/2022:20:48:08 -0500] "POST /forms/lservlet;jsessionid=ac16012b30d63aefba75befa4319ac71a1906e5cf5e3.e3iSbxaKaheRe34Sc38RahyRchr0n6jAmljGr5XDqQLvpAe HTTP/1.1" 200 2
172.22.2.4 - - [27/Mar/2022:20:48:09 -0500] "GET /BLA/boletinlegal/Circulares/2013/Circular%20No.%203%20del%2005%20de%20abril%20de%202013.pdf HTTP/1.1" 200 93580
200.118.64.109 - - [27/Mar/2022:20:48:10 -0500] "POST /forms/lservlet;jsessionid=ac16012b30d63aefba75befa4319ac71a1906e5cf5e3.e3iSbxaKaheRe34Sc38RahyRchr0n6jAmljGr5XDqQLvpAe HTTP/1.1" 200 2
200.118.64.109 - - [27/Mar/2022:20:48:10 -0500] "POST /forms/lservlet;jsessionid=ac16012b30d63aefba75befa4319ac71a1906e5cf5e3.e3iSbxaKaheRe34Sc38RahyRchr0n6jAmljGr5XDqQLvpAe HTTP/1.1" 200 14
200.118.64.109 - - [27/Mar/2022:20:48:11 -0500] "POST /forms/lservlet;jsessionid=ac16012b30d63aefba75befa4319ac71a1906e5cf5e3.e3iSbxaKaheRe34Sc38RahyRchr0n6jAmljGr5XDqQLvpAe HTTP/1.1" 200 3229
200.118.64.109 - - [27/Mar/2022:20:48:12 -0500] "POST /forms/lservlet;jsessionid=ac16012b30d63aefba75befa4319ac71a1906e5cf5e3.e3iSbxaKaheRe34Sc38RahyRchr0n6jAmljGr5XDqQLvpAe HTTP/1.1" 200 2
200.118.64.109 - - [27/Mar/2022:20:48:14 -0500] "POST /forms/lservlet;jsessionid=ac16012b30d63aefba75befa4319ac71a1906e5cf5e3.e3iSbxaKaheRe34Sc38RahyRchr0n6jAmljGr5XDqQLvpAe HTTP/1.1" 200 2
200.118.64.109 - - [27/Mar/2022:20:48:14 -0500] "POST /forms/lservlet;jsessionid=ac16012b30d63aefba75befa4319ac71a1906e5cf5e3.e3iSbxaKaheRe34Sc38RahyRchr0n6jAmljGr5XDqQLvpAe HTTP/1.1" 200 14
200.118.64.109 - - [27/Mar/2022:20:48:15 -0500] "POST /forms/lservlet;jsessionid=ac16012b30d63aefba75befa4319ac71a1906e5cf5e3.e3iSbxaKaheRe34Sc38RahyRchr0n6jAmljGr5XDqQLvpAe HTTP/1.1" 200 2829
200.118.64.109 - - [27/Mar/2022:20:48:16 -0500] "POST /forms/lservlet;jsessionid=ac16012b30d63aefba75befa4319ac71a1906e5cf5e3.e3iSbxaKaheRe34Sc38RahyRchr0n6jAmljGr5XDqQLvpAe HTTP/1.1" 200 2
200.118.64.109 - - [27/Mar/2022:20:48:17 -0500] "POST /forms/lservlet;jsessionid=ac16012b30d63aefba75befa4319ac71a1906e5cf5e3.e3iSbxaKaheRe34Sc38RahyRchr0n6jAmljGr5XDqQLvpAe HTTP/1.1" 200 2
200.118.64.109 - - [27/Mar/2022:20:48:17 -0500] "POST /forms/lservlet;jsessionid=ac16012b30d63aefba75befa4319ac71a1906e5cf5e3.e3iSbxaKaheRe34Sc38RahyRchr0n6jAmljGr5XDqQLvpAe HTTP/1.1" 200 2226
200.118.64.109 - - [27/Mar/2022:20:48:17 -0500] "POST /forms/lservlet;jsessionid=ac16012b30d63aefba75befa4319ac71a1906e5cf5e3.e3iSbxaKaheRe34Sc38RahyRchr0n6jAmljGr5XDqQLvpAe HTTP/1.1" 200 10
200.118.64.109 - - [27/Mar/2022:20:48:19 -0500] "POST /forms/lservlet;jsessionid=ac16012b30d63aefba75befa4319ac71a1906e5cf5e3.e3iSbxaKaheRe34Sc38RahyRchr0n6jAmljGr5XDqQLvpAe HTTP/1.1" 200 2
200.118.64.109 - - [27/Mar/2022:20:48:20 -0500] "POST /forms/lservlet;jsessionid=ac16012b30d63aefba75befa4319ac71a1906e5cf5e3.e3iSbxaKaheRe34Sc38RahyRchr0n6jAmljGr5XDqQLvpAe HTTP/1.1" 200 14
200.118.64.109 - - [27/Mar/2022:20:48:21 -0500] "POST /forms/lservlet;jsessionid=ac16012b30d63aefba75befa4319ac71a1906e5cf5e3.e3iSbxaKaheRe34Sc38RahyRchr0n6jAmljGr5XDqQLvpAe HTTP/1.1" 200 3104
200.118.64.109 - - [27/Mar/2022:20:48:21 -0500] "POST /forms/lservlet;jsessionid=ac16012b30d63aefba75befa4319ac71a1906e5cf5e3.e3iSbxaKaheRe34Sc38RahyRchr0n6jAmljGr5XDqQLvpAe HTTP/1.1" 200 2
200.118.64.109 - - [27/Mar/2022:20:48:26 -0500] "POST /forms/lservlet;jsessionid=ac16012b30d63aefba75befa4319ac71a1906e5cf5e3.e3iSbxaKaheRe34Sc38RahyRchr0n6jAmljGr5XDqQLvpAe HTTP/1.1" 200 2
200.118.64.109 - - [27/Mar/2022:20:48:28 -0500] "POST /forms/lservlet;jsessionid=ac16012b30d63aefba75befa4319ac71a1906e5cf5e3.e3iSbxaKaheRe34Sc38RahyRchr0n6jAmljGr5XDqQLvpAe HTTP/1.1" 200 2430
200.118.64.109 - - [27/Mar/2022:20:48:28 -0500] "GET /imagenes/Srch_frw.gif HTTP/1.1" 200 925
200.118.64.109 - - [27/Mar/2022:20:48:28 -0500] "POST /forms/lservlet;jsessionid=ac16012b30d63aefba75befa4319ac71a1906e5cf5e3.e3iSbxaKaheRe34Sc38RahyRchr0n6jAmljGr5XDqQLvpAe HTTP/1.1" 200 10
200.118.64.109 - - [27/Mar/2022:20:48:30 -0500] "POST /forms/lservlet;jsessionid=ac16012b30d63aefba75befa4319ac71a1906e5cf5e3.e3iSbxaKaheRe34Sc38RahyRchr0n6jAmljGr5XDqQLvpAe HTTP/1.1" 200 46
172.22.2.4 - - [27/Mar/2022:20:48:30 -0500] "GET /BLA/boletinlegal/Circulares/2013/Circular%20No.%202%20del%2022%20de%20enero%20de%202013.pdf HTTP/1.1" 200 85466
200.118.64.109 - - [27/Mar/2022:20:48:43 -0500] "POST /forms/lservlet;jsessionid=ac16012b30d63aefba75befa4319ac71a1906e5cf5e3.e3iSbxaKaheRe34Sc38RahyRchr0n6jAmljGr5XDqQLvpAe HTTP/1.1" 200 24
200.118.64.109 - - [27/Mar/2022:20:48:43 -0500] "POST /forms/lservlet;jsessionid=ac16012b30d63aefba75befa4319ac71a1906e5cf5e3.e3iSbxaKaheRe34Sc38RahyRchr0n6jAmljGr5XDqQLvpAe HTTP/1.1" 200 14
172.22.2.4 - - [27/Mar/2022:20:48:45 -0500] "GET /BLA/boletinlegal/Circulares/2013/Circular%20No.%201%20del%2014%20de%20enero%20de%202013.pdf HTTP/1.1" 200 1298384
200.118.64.109 - - [27/Mar/2022:20:48:45 -0500] "POST /forms/lservlet;jsessionid=ac16012b30d63aefba75befa4319ac71a1906e5cf5e3.e3iSbxaKaheRe34Sc38RahyRchr0n6jAmljGr5XDqQLvpAe HTTP/1.1" 200 14
200.118.64.109 - - [27/Mar/2022:20:48:47 -0500] "POST /forms/lservlet;jsessionid=ac16012b30d63aefba75befa4319ac71a1906e5cf5e3.e3iSbxaKaheRe34Sc38RahyRchr0n6jAmljGr5XDqQLvpAe HTTP/1.1" 200 4096
200.118.64.109 - - [27/Mar/2022:20:48:48 -0500] "POST /forms/lservlet;jsessionid=ac16012b30d63aefba75befa4319ac71a1906e5cf5e3.e3iSbxaKaheRe34Sc38RahyRchr0n6jAmljGr5XDqQLvpAe HTTP/1.1" 200 20
200.118.64.109 - - [27/Mar/2022:20:48:53 -0500] "POST /forms/lservlet;jsessionid=ac16012b30d63aefba75befa4319ac71a1906e5cf5e3.e3iSbxaKaheRe34Sc38RahyRchr0n6jAmljGr5XDqQLvpAe HTTP/1.1" 200 2
200.118.64.109 - - [27/Mar/2022:20:48:54 -0500] "POST /forms/lservlet;jsessionid=ac16012b30d63aefba75befa4319ac71a1906e5cf5e3.e3iSbxaKaheRe34Sc38RahyRchr0n6jAmljGr5XDqQLvpAe HTTP/1.1" 200 14
200.118.64.109 - - [27/Mar/2022:20:48:56 -0500] "POST /forms/lservlet;jsessionid=ac16012b30d63aefba75befa4319ac71a1906e5cf5e3.e3iSbxaKaheRe34Sc38RahyRchr0n6jAmljGr5XDqQLvpAe HTTP/1.1" 200 3273
200.118.64.109 - - [27/Mar/2022:20:48:56 -0500] "POST /forms/lservlet;jsessionid=ac16012b30d63aefba75befa4319ac71a1906e5cf5e3.e3iSbxaKaheRe34Sc38RahyRchr0n6jAmljGr5XDqQLvpAe HTTP/1.1" 200 2
200.118.64.109 - - [27/Mar/2022:20:49:00 -0500] "POST /forms/lservlet;jsessionid=ac16012b30d63aefba75befa4319ac71a1906e5cf5e3.e3iSbxaKaheRe34Sc38RahyRchr0n6jAmljGr5XDqQLvpAe HTTP/1.1" 200 2
200.118.64.109 - - [27/Mar/2022:20:49:01 -0500] "POST /forms/lservlet;jsessionid=ac16012b30d63aefba75befa4319ac71a1906e5cf5e3.e3iSbxaKaheRe34Sc38RahyRchr0n6jAmljGr5XDqQLvpAe HTTP/1.1" 200 14
200.118.64.109 - - [27/Mar/2022:20:49:02 -0500] "POST /forms/lservlet;jsessionid=ac16012b30d63aefba75befa4319ac71a1906e5cf5e3.e3iSbxaKaheRe34Sc38RahyRchr0n6jAmljGr5XDqQLvpAe HTTP/1.1" 200 2925
200.118.64.109 - - [27/Mar/2022:20:49:03 -0500] "POST /forms/lservlet;jsessionid=ac16012b30d63aefba75befa4319ac71a1906e5cf5e3.e3iSbxaKaheRe34Sc38RahyRchr0n6jAmljGr5XDqQLvpAe HTTP/1.1" 200 2
172.22.2.4 - - [27/Mar/2022:20:49:04 -0500] "GET /BLA/boletinlegal/Circulares/2012/Circular%20No.%209%20del%2021%20de%20Agosto%20de%202012.pdf HTTP/1.1" 200 1402289
200.118.64.109 - - [27/Mar/2022:20:49:06 -0500] "POST /forms/lservlet;jsessionid=ac16012b30d63aefba75befa4319ac71a1906e5cf5e3.e3iSbxaKaheRe34Sc38RahyRchr0n6jAmljGr5XDqQLvpAe HTTP/1.1" 200 2
200.118.64.109 - - [27/Mar/2022:20:49:06 -0500] "POST /forms/lservlet;jsessionid=ac16012b30d63aefba75befa4319ac71a1906e5cf5e3.e3iSbxaKaheRe34Sc38RahyRchr0n6jAmljGr5XDqQLvpAe HTTP/1.1" 200 2177
200.118.64.109 - - [27/Mar/2022:20:49:06 -0500] "POST /forms/lservlet;jsessionid=ac16012b30d63aefba75befa4319ac71a1906e5cf5e3.e3iSbxaKaheRe34Sc38RahyRchr0n6jAmljGr5XDqQLvpAe HTTP/1.1" 200 10
200.118.64.109 - - [27/Mar/2022:20:49:14 -0500] "POST /forms/lservlet;jsessionid=ac16012b30d63aefba75befa4319ac71a1906e5cf5e3.e3iSbxaKaheRe34Sc38RahyRchr0n6jAmljGr5XDqQLvpAe HTTP/1.1" 200 2
172.22.2.4 - - [27/Mar/2022:20:49:33 -0500] "GET /BLA/boletinlegal/Circulares/2012/Circular%20No.%208%20del%2021%20de%20Agosto%20de%202012.pdf HTTP/1.1" 200 963197
172.22.2.4 - - [27/Mar/2022:20:49:44 -0500] "GET /BLA/boletinlegal/Circulares/2012/Circular%20No.%207%20del%2008%20de%20Agosto%20de%202012.pdf HTTP/1.1" 200 972955
172.22.2.4 - - [27/Mar/2022:20:50:05 -0500] "GET /BLA/boletinlegal/Circulares/2012/Circular%20No.%206%20del%2025%20de%20Mayo%20de%202012.pdf HTTP/1.1" 200 387391
172.22.2.4 - - [27/Mar/2022:20:50:17 -0500] "GET /BLA/boletinlegal/Circulares/2012/Circular%20No.%205%20del%2027%20de%20Abril%20de%202012.pdf HTTP/1.1" 200 216613
172.22.2.4 - - [27/Mar/2022:20:50:29 -0500] "GET /BLA/boletinlegal/Circulares/2012/Circular%20No.%204%20del%2019%20de%20abril%20de%202012.pdf HTTP/1.1" 200 253045
172.22.2.4 - - [27/Mar/2022:20:50:38 -0500] "GET /BLA/boletinlegal/Circulares/2012/Circular%20No.%203%20del%2023%20de%20Marzo%20de%202012.pdf HTTP/1.1" 200 572950
172.22.2.4 - - [27/Mar/2022:20:50:49 -0500] "GET /BLA/boletinlegal/Circulares/2012/Circular%20No.%202%20del%2014%20de%20Marzo%20de%202012.pdf HTTP/1.1" 200 113666
172.22.2.4 - - [27/Mar/2022:20:49:11 -0500] "HEAD /BLA/boletinlegal/ HTTP/1.1" 200 -
172.22.2.4 - - [27/Mar/2022:20:50:58 -0500] "GET /BLA/boletinlegal/Circulares/2012/Circular%20No.%2016%20del%2022%20de%20octubre%20de%202012.pdf HTTP/1.1" 200 381186
172.22.2.4 - - [27/Mar/2022:20:51:05 -0500] "GET /BLA/boletinlegal/Circulares/2012/Circular%20No.%2015%20del%2022%20de%20octubre%20de%202012.pdf HTTP/1.1" 200 486506
69.171.251.9 - - [27/Mar/2022:20:51:08 -0500] "GET /mas-de-30-tinguas-fueron-liberadas-en-la-semana-de-los-humedales.html HTTP/1.1" 206 950
200.118.64.109 - - [27/Mar/2022:20:51:15 -0500] "POST /forms/lservlet;jsessionid=ac16012b30d63aefba75befa4319ac71a1906e5cf5e3.e3iSbxaKaheRe34Sc38RahyRchr0n6jAmljGr5XDqQLvpAe HTTP/1.1" 200 2
172.22.2.4 - - [27/Mar/2022:20:51:15 -0500] "GET /BLA/boletinlegal/Circulares/2012/Circular%20No.%2014%20del%2011%20de%20Septiembre%20de%202012.pdf HTTP/1.1" 200 3427471
49.7.21.74 - - [27/Mar/2022:20:51:17 -0500] "-" 408 -
172.22.2.4 - - [27/Mar/2022:20:51:30 -0500] "GET /BLA/boletinlegal/Circulares/2012/Circular%20No.%2013%20del%2006%20de%20Septiembre%20de%202012.pdf HTTP/1.1" 200 351421
172.22.2.4 - - [27/Mar/2022:20:51:40 -0500] "GET /BLA/boletinlegal/Circulares/2012/Circular%20No.%2012%20del%2028%20de%20Agosto%20de%202012.pdf HTTP/1.1" 200 369945
172.22.2.4 - - [27/Mar/2022:20:50:01 -0500] "GET /BLA/boletinlegal/ HTTP/1.1" 200 55089
172.22.2.4 - - [27/Mar/2022:20:51:49 -0500] "GET /BLA/boletinlegal/Circulares/2012/Circular%20No.%2011%20del%2027%20de%20Agosto%20de%202012.pdf HTTP/1.1" 200 526945
172.22.2.4 - - [27/Mar/2022:20:51:59 -0500] "GET /BLA/boletinlegal/Circulares/2012/Circular%20No.%2010%20del%2026%20de%20Enero%20de%202012.pdf HTTP/1.1" 404 1218
172.22.2.4 - - [27/Mar/2022:20:52:01 -0500] "GET /BLA/boletinlegal/Circulares/2012/Circular%20No.%2010%20del%2022%20de%20Agosto%20de%202012.pdf HTTP/1.1" 200 1563219
172.22.2.4 - - [27/Mar/2022:20:52:12 -0500] "GET /BLA/boletinlegal/Circulares/2012/Circular%20No.%201%20del%2017%20de%20Enero%20de%202012.pdf HTTP/1.1" 200 1118749
216.245.221.92 - - [27/Mar/2022:20:52:18 -0500] "HEAD / HTTP/1.1" 200 -
172.22.2.4 - - [27/Mar/2022:20:52:31 -0500] "GET /BLA/boletinlegal/Circulares/2011/Circular%20No.%209%20del%2003%20de%20Noviembre%20de%202011.pdf HTTP/1.1" 200 54568
172.22.2.4 - - [27/Mar/2022:20:52:41 -0500] "GET /BLA/boletinlegal/Circulares/2011/Circular%20No.%208%20del%2020%20de%20Septiembre%20de%202011.pdf HTTP/1.1" 200 285158
172.22.2.4 - - [27/Mar/2022:20:52:50 -0500] "GET /BLA/boletinlegal/Circulares/2011/Circular%20No.%207%20del%2023%20de%20Diciembre%20de%202011.pdf HTTP/1.1" 200 1107785
200.118.64.109 - - [27/Mar/2022:20:53:15 -0500] "POST /forms/lservlet;jsessionid=ac16012b30d63aefba75befa4319ac71a1906e5cf5e3.e3iSbxaKaheRe34Sc38RahyRchr0n6jAmljGr5XDqQLvpAe HTTP/1.1" 200 2
172.22.2.4 - - [27/Mar/2022:20:53:17 -0500] "GET /BLA/boletinlegal/Circulares/2011/Circular%20No.%207%20del%2015%20de%20Septiembre%20de%202011.pdf HTTP/1.1" 200 314873
201.245.192.253 - - [27/Mar/2022:20:52:39 -0500] "POST /kwsrmcab/Wsrmcab HTTP/1.1" 200 106260
172.22.2.4 - - [27/Mar/2022:20:53:32 -0500] "GET /BLA/boletinlegal/Circulares/2011/Circular%20No.%206%20del%2023%20de%20Septiembre%20de%202011.pdf HTTP/1.1" 200 252800
