201.245.192.253 - - [28/Mar/2022:23:32:30 -0500] "POST /kwsrmcab/Wsrmcab HTTP/1.1" 200 114923
137.184.126.155 - - [28/Mar/2022:23:36:02 -0500] "-" 408 -
216.245.221.92 - - [28/Mar/2022:23:36:10 -0500] "HEAD / HTTP/1.1" 200 -
172.22.2.4 - - [28/Mar/2022:23:35:54 -0500] "HEAD /BLA/boletinlegal/ HTTP/1.1" 200 -
172.22.2.4 - - [28/Mar/2022:23:36:26 -0500] "GET /BLA/boletinlegal/ HTTP/1.1" 200 54090
172.22.2.4 - - [28/Mar/2022:23:36:44 -0500] "GET /BLA/boletinlegal/ HTTP/1.1" 200 55877
172.22.2.4 - - [28/Mar/2022:23:39:19 -0500] "GET /BLA/boletinlegal/circulares/2011/circular%20no.%207%20del%2023%20de%20diciembre%20de%202011.pdf HTTP/1.1" 200 1107785
172.22.2.4 - - [28/Mar/2022:23:40:30 -0500] "GET /BLA/boletinlegal/Circulares/2022/CIRCULAR%20No.%2000003%20DEL%2007%20DE%20MARZO%20DEL%202022.pdf HTTP/1.1" 404 1038
172.22.2.4 - - [28/Mar/2022:23:40:32 -0500] "GET /BLA/boletinlegal/Circulares/2021/CIRCULAR%20No.%2000009%20DEL%2001%20DE%20OCTUBRE%20DEL%202021.pdf HTTP/1.1" 200 320793
172.22.2.4 - - [28/Mar/2022:23:40:40 -0500] "GET /BLA/boletinlegal/circulares/2012/circular%20no.%2010%20del%2022%20de%20agosto%20de%202012.pdf HTTP/1.1" 200 1563219
172.22.2.4 - - [28/Mar/2022:23:40:50 -0500] "GET /BLA/boletinlegal/Circulares/2021/CIRCULAR%20No.%2000007%20DEL%2010%20DE%20AGOSTO%20DEL%202021.pdf HTTP/1.1" 200 266364
172.22.2.4 - - [28/Mar/2022:23:41:04 -0500] "GET /BLA/boletinlegal/directivas/2009/directiva%20no.%20del%2023%20de%20diciembre%20de%202009.pdf HTTP/1.1" 200 1636862
172.22.2.4 - - [28/Mar/2022:23:41:10 -0500] "GET /BLA/boletinlegal/Circulares/2021/CIRCULAR%20No.%2000006%20DEL%2005%20DE%20AGOSTO%20DEL%202021.pdf HTTP/1.1" 200 249615
216.245.221.92 - - [28/Mar/2022:23:41:10 -0500] "HEAD / HTTP/1.1" 200 -
201.245.192.253 - - [28/Mar/2022:23:40:39 -0500] "POST /kwsrmcab/Wsrmcab HTTP/1.1" 200 45737
172.22.2.4 - - [28/Mar/2022:23:41:35 -0500] "GET /BLA/boletinlegal/Circulares/2020/Circular%20No.%2000018%20del%2002%20de%20diciembre%20del%202020.pdf HTTP/1.1" 200 276868
172.22.2.4 - - [28/Mar/2022:23:41:44 -0500] "GET /BLA/boletinlegal/Circulares/2020/Circular%2000010%20del%2027%20de%20julio%20de%202020.pdf HTTP/1.1" 200 422655
172.22.2.4 - - [28/Mar/2022:23:42:07 -0500] "GET /BLA/boletinlegal/Circulares/2020/CIRCULAR%20No.%2000019%20DEL%2018%20DE%20DICIEMBRE%20DEL%202020.pdf HTTP/1.1" 200 307959
128.14.133.58 - - [28/Mar/2022:23:42:09 -0500] "GET / HTTP/1.1" 200 319
201.245.192.253 - - [28/Mar/2022:23:41:26 -0500] "POST /kwsrmcab/Wsrmcab HTTP/1.1" 200 45424
201.245.192.253 - - [28/Mar/2022:23:41:31 -0500] "POST /kwsrmcab/Wsrmcab HTTP/1.1" 200 114923
172.22.2.4 - - [28/Mar/2022:23:42:29 -0500] "GET /BLA/boletinlegal/Circulares/2020/CIRCULAR%20No.%2000014%20del%2001%20de%20septiembre%20del%202020.pdf HTTP/1.1" 200 320826
172.22.2.4 - - [28/Mar/2022:23:42:43 -0500] "GET /BLA/boletinlegal/Circulares/2019/Circular%20No.%2012%20del%2014%20de%20Marzo%20de%202019.pdf HTTP/1.1" 200 344384
172.22.2.4 - - [28/Mar/2022:23:42:54 -0500] "GET /BLA/boletinlegal/Circulares/2019/Circular%20No.%20006%20del%2008%20de%20Febrero%20de%202019.pdf HTTP/1.1" 200 674401
172.22.2.4 - - [28/Mar/2022:23:43:18 -0500] "GET /BLA/boletinlegal/Circulares/2019/Circular%20No.%200015%20del%2003%20de%20Octubre%20de%202019.pdf HTTP/1.1" 200 165608
172.22.2.4 - - [28/Mar/2022:23:41:43 -0500] "HEAD /BLA/boletinlegal/ HTTP/1.1" 200 -
172.22.2.4 - - [28/Mar/2022:23:43:31 -0500] "GET /BLA/boletinlegal/Circulares/2019/Circular%20No.%200005%20del%2020%20de%20Marzo%20de%202019.pdf HTTP/1.1" 200 159877
172.22.2.4 - - [28/Mar/2022:23:43:40 -0500] "GET /BLA/boletinlegal/Circulares/2019/Circular%20No.%200003%20del%2031%20de%20Enero%20de%202019.pdf HTTP/1.1" 200 164676
172.22.2.4 - - [28/Mar/2022:23:43:52 -0500] "GET /BLA/boletinlegal/Circulares/2019/Circular%2000020%20del%2020%20de%20diciembre%20de%202019.pdf HTTP/1.1" 200 145170
27.215.208.17 - - [28/Mar/2022:23:43:56 -0500] "GET /boaform/admin/formLogin?username=ec8&psd=ec8 HTTP/1.0" 404 1019
172.22.2.4 - - [28/Mar/2022:23:44:07 -0500] "GET /BLA/boletinlegal/Circulares/2019/Circular%2000018%20del%2020%20de%20noviembre%20de%202019.pdf HTTP/1.1" 200 158030
172.22.2.4 - - [28/Mar/2022:23:42:34 -0500] "GET /BLA/boletinlegal/ HTTP/1.1" 200 60932
172.22.2.4 - - [28/Mar/2022:23:44:21 -0500] "GET /BLA/boletinlegal/Circulares/2019/.pdf HTTP/1.1" 404 1218
172.22.2.4 - - [28/Mar/2022:23:44:24 -0500] "GET /BLA/boletinlegal/Circulares/2018/Circular%20No.%2011%20del%2024%20de%20Septiembre%20de%202018.pdf HTTP/1.1" 200 169541
172.22.2.4 - - [28/Mar/2022:23:44:37 -0500] "GET /BLA/boletinlegal/Circulares/2018/Circular%20No.%2010%20del%2021%20de%20Septiembre%20de%202018.pdf HTTP/1.1" 200 163426
173.252.107.10 - - [28/Mar/2022:23:44:38 -0500] "GET /en-epoca-de-lluvias-algunos-animales-silvestres-pueden-ser-mas-visibles-en-zonas-de-la-ciudad-cuidalos.html HTTP/1.1" 206 976
66.249.73.127 - - [28/Mar/2022:23:44:51 -0500] "-" 408 -
172.22.2.4 - - [28/Mar/2022:23:44:52 -0500] "GET /BLA/boletinlegal/Circulares/2018/Circular%20No.%200015%20del%207%20de%20Diciembre%20de%202018.pdf HTTP/1.1" 200 165305
181.61.90.239 - - [28/Mar/2022:23:44:56 -0500] "GET /BLA/boletinlegal/js/jquery.scrollShow.js HTTP/1.1" 200 4586
181.61.90.239 - - [28/Mar/2022:23:44:56 -0500] "GET /galeria/galeria/jquery.fancybox.js?v=2.1.5 HTTP/1.1" 200 48706
181.61.90.239 - - [28/Mar/2022:23:44:56 -0500] "GET /galeria/galeria/jquery.fancybox.css?v=2.1.5 HTTP/1.1" 200 4895
172.22.2.4 - - [28/Mar/2022:23:45:04 -0500] "GET /BLA/boletinlegal/Circulares/2018/CIRCULAR%20COJUNTA%20042%20DE%202018.pdf HTTP/1.1" 200 515008
172.22.2.4 - - [28/Mar/2022:23:45:21 -0500] "GET /BLA/boletinlegal/Circulares/2017/Circular%20No.%202%20del%201%20de%20Septiembre%20de%202017.pdf HTTP/1.1" 200 152575
172.22.2.4 - - [28/Mar/2022:23:45:32 -0500] "GET /BLA/boletinlegal/Circulares/2017/Circular%20No.%201%20del%2030%20de%20Marzo%20de%202017.pdf HTTP/1.1" 200 668532
172.22.2.4 - - [28/Mar/2022:23:45:33 -0500] "GET /BLA/boletinlegal/actos.php HTTP/1.1" 200 9555
172.22.2.4 - - [28/Mar/2022:23:45:48 -0500] "GET /BLA/boletinlegal/Circulares/2017/Circular%20No.%2007%20del%2028%20de%20Abril%20de%202017.pdf HTTP/1.1" 200 309906
172.22.2.4 - - [28/Mar/2022:23:46:09 -0500] "GET /BLA/boletinlegal/Circulares/2017/Circular%20No.%20011%20del%2005%20de%20julio%20de%202017.pdf HTTP/1.1" 200 965526
216.245.221.92 - - [28/Mar/2022:23:46:10 -0500] "HEAD / HTTP/1.1" 200 -
172.22.2.4 - - [28/Mar/2022:23:46:21 -0500] "GET /BLA/boletinlegal/Circulares/2015/Circular%20No.%202%20del%201%20de%20julio%20de%202015.pdf HTTP/1.1" 200 752890
172.22.2.4 - - [28/Mar/2022:23:46:34 -0500] "GET /BLA/boletinlegal/Circulares/2015/Circular%20No.%201%20del%2010%20de%20Febrero%20de%202015.pdf HTTP/1.1" 200 660637
172.22.2.4 - - [28/Mar/2022:23:46:45 -0500] "GET /BLA/boletinlegal/Circulares/2014/Circular%20No.%203%20del%2014%20de%20Noviembre%20de%202014.pdf HTTP/1.1" 200 104132
172.22.2.4 - - [28/Mar/2022:23:47:00 -0500] "GET /BLA/boletinlegal/Circulares/2014/Circular%20No.%202%20del%2021%20de%20septiembre%20de%202014.pdf HTTP/1.1" 200 143376
172.22.2.4 - - [28/Mar/2022:23:45:31 -0500] "GET /BLA/boletinlegal/ HTTP/1.1" 200 63729
172.22.2.4 - - [28/Mar/2022:23:47:16 -0500] "GET /BLA/boletinlegal/Circulares/2014/Circular%20No.%201%20del%2008%20de%20Mayo%20de%202014.pdf HTTP/1.1" 200 180124
172.22.2.4 - - [28/Mar/2022:23:47:26 -0500] "GET /BLA/boletinlegal/Circulares/2013/Circular%20No.%208%20del%201%20de%20Noviembre%20de%202013.pdf HTTP/1.1" 200 385156
172.22.2.4 - - [28/Mar/2022:23:47:45 -0500] "GET /BLA/boletinlegal/Circulares/2013/Circular%20No.%207%20del%201%20de%20Agosto%20de%202013.pdf HTTP/1.1" 200 340934
172.22.2.4 - - [28/Mar/2022:23:47:57 -0500] "GET /BLA/boletinlegal/Circulares/2013/Circular%20No.%206%20del%2019%20de%20julio%20de%202013.pdf HTTP/1.1" 200 4210437
172.22.2.4 - - [28/Mar/2022:23:48:22 -0500] "GET /BLA/boletinlegal/Circulares/2013/Circular%20No.%205%20del%2013%20de%20junio%20de%202013.pdf HTTP/1.1" 200 110904
172.22.2.4 - - [28/Mar/2022:23:48:37 -0500] "GET /BLA/boletinlegal/Circulares/2013/Circular%20No.%204%20del%2005%20de%20junio%20de%202013.pdf HTTP/1.1" 200 130461
172.22.2.4 - - [28/Mar/2022:23:48:48 -0500] "GET /BLA/boletinlegal/Circulares/2013/Circular%20No.%203%20del%2005%20de%20abril%20de%202013.pdf HTTP/1.1" 200 93580
172.22.2.4 - - [28/Mar/2022:23:49:00 -0500] "GET /BLA/boletinlegal/Circulares/2013/Circular%20No.%202%20del%2022%20de%20enero%20de%202013.pdf HTTP/1.1" 200 85466
172.22.2.4 - - [28/Mar/2022:23:49:10 -0500] "GET /BLA/boletinlegal/Circulares/2013/Circular%20No.%201%20del%2014%20de%20enero%20de%202013.pdf HTTP/1.1" 200 1298384
172.22.2.4 - - [28/Mar/2022:23:47:33 -0500] "HEAD /BLA/boletinlegal/ HTTP/1.1" 200 -
172.22.2.4 - - [28/Mar/2022:23:49:21 -0500] "GET /BLA/boletinlegal/Circulares/2012/Circular%20No.%209%20del%2021%20de%20Agosto%20de%202012.pdf HTTP/1.1" 200 1402289
172.22.2.4 - - [28/Mar/2022:23:49:45 -0500] "GET /BLA/boletinlegal/Circulares/2012/Circular%20No.%208%20del%2021%20de%20Agosto%20de%202012.pdf HTTP/1.1" 200 963197
172.22.2.4 - - [28/Mar/2022:23:49:59 -0500] "GET /BLA/boletinlegal/Circulares/2012/Circular%20No.%207%20del%2008%20de%20Agosto%20de%202012.pdf HTTP/1.1" 200 972955
172.22.2.4 - - [28/Mar/2022:23:48:24 -0500] "GET /BLA/boletinlegal/ HTTP/1.1" 200 57542
61.151.178.180 - - [28/Mar/2022:23:50:04 -0500] "GET / HTTP/1.1" 200 319
172.22.2.4 - - [28/Mar/2022:23:50:16 -0500] "GET /BLA/boletinlegal/Circulares/2012/Circular%20No.%206%20del%2025%20de%20Mayo%20de%202012.pdf HTTP/1.1" 200 387391
172.22.2.4 - - [28/Mar/2022:23:50:32 -0500] "GET /BLA/boletinlegal/Circulares/2012/Circular%20No.%205%20del%2027%20de%20Abril%20de%202012.pdf HTTP/1.1" 200 216613
172.22.2.4 - - [28/Mar/2022:23:50:45 -0500] "GET /BLA/boletinlegal/Circulares/2012/Circular%20No.%204%20del%2019%20de%20abril%20de%202012.pdf HTTP/1.1" 200 253045
172.22.2.4 - - [28/Mar/2022:23:50:59 -0500] "GET /BLA/boletinlegal/Circulares/2012/Circular%20No.%203%20del%2023%20de%20Marzo%20de%202012.pdf HTTP/1.1" 200 572950
216.245.221.92 - - [28/Mar/2022:23:51:10 -0500] "HEAD / HTTP/1.1" 200 -
172.22.2.4 - - [28/Mar/2022:23:51:11 -0500] "GET /BLA/boletinlegal/Circulares/2012/Circular%20No.%202%20del%2014%20de%20Marzo%20de%202012.pdf HTTP/1.1" 200 113666
172.22.2.4 - - [28/Mar/2022:23:51:20 -0500] "GET /BLA/boletinlegal/Circulares/2012/Circular%20No.%2016%20del%2022%20de%20octubre%20de%202012.pdf HTTP/1.1" 200 381186
172.22.2.4 - - [28/Mar/2022:23:51:29 -0500] "GET /BLA/boletinlegal/Circulares/2012/Circular%20No.%2015%20del%2022%20de%20octubre%20de%202012.pdf HTTP/1.1" 200 486506
172.22.2.4 - - [28/Mar/2022:23:51:37 -0500] "GET /BLA/boletinlegal/Circulares/2012/Circular%20No.%2014%20del%2011%20de%20Septiembre%20de%202012.pdf HTTP/1.1" 200 3427471
172.22.2.4 - - [28/Mar/2022:23:51:56 -0500] "GET /BLA/boletinlegal/Circulares/2012/Circular%20No.%2013%20del%2006%20de%20Septiembre%20de%202012.pdf HTTP/1.1" 200 351421
155.94.145.168 - - [28/Mar/2022:23:52:08 -0500] "GET / HTTP/1.1" 200 319
172.22.2.4 - - [28/Mar/2022:23:52:09 -0500] "GET /BLA/boletinlegal/Circulares/2012/Circular%20No.%2012%20del%2028%20de%20Agosto%20de%202012.pdf HTTP/1.1" 200 369945
155.94.145.168 - - [28/Mar/2022:23:52:15 -0500] "POST /HNAP1/ HTTP/1.1" 404 1018
172.22.2.4 - - [28/Mar/2022:23:52:23 -0500] "GET /BLA/boletinlegal/Circulares/2012/Circular%20No.%2011%20del%2027%20de%20Agosto%20de%202012.pdf HTTP/1.1" 200 526945
66.249.73.97 - - [28/Mar/2022:23:52:33 -0500] "-" 408 -
172.22.2.4 - - [28/Mar/2022:23:52:34 -0500] "GET /BLA/boletinlegal/Circulares/2012/Circular%20No.%2010%20del%2022%20de%20Agosto%20de%202012.pdf HTTP/1.1" 200 1563219
201.245.192.253 - - [28/Mar/2022:23:52:10 -0500] "POST /kwsrmcab/Wsrmcab HTTP/1.1" 200 114923
172.22.2.4 - - [28/Mar/2022:23:53:23 -0500] "HEAD /BLA/boletinlegal/ HTTP/1.1" 200 -
178.73.215.171 - - [28/Mar/2022:23:55:30 -0500] "GET / HTTP/1.0" 200 319
172.22.2.4 - - [28/Mar/2022:23:54:14 -0500] "GET /BLA/boletinlegal/ HTTP/1.1" 200 53739
64.31.7.206 - - [28/Mar/2022:23:56:01 -0500] "GET / HTTP/1.1" 200 319
216.245.221.92 - - [28/Mar/2022:23:56:10 -0500] "HEAD / HTTP/1.1" 200 -
172.22.2.4 - - [28/Mar/2022:23:57:22 -0500] "GET /BLA/boletinlegal/directivas/2017/directiva%20no.%2003%20del%2024%20de%20febrero%20de%202017.pdf HTTP/1.1" 200 6911517
34.91.100.170 - - [28/Mar/2022:23:57:55 -0500] "GET / HTTP/1.1" 200 319
34.77.162.5 - - [28/Mar/2022:23:58:06 -0500] "GET / HTTP/1.1" 200 319
157.55.39.218 - - [28/Mar/2022:23:58:09 -0500] "GET /BLA/resoluciones/AUTOS%202021/4060.pdf HTTP/1.1" 200 397008
31.220.3.140 - - [28/Mar/2022:23:58:50 -0500] "GET / HTTP/1.1" 200 319

:: Command execute ::

Enter:
 
Select:
 

:: Search ::
regexp 

:: Upload ::
 
[ ok ]

:: Make Dir ::
 
[ ok ]
:: Make File ::
 
[ ok ]

:: Go Dir ::
 
:: Go File ::
 

--[ c99shell v. 1.0 pre-release build #13 powered by Captain Crunch Security Team | http://ccteam.ru | Generation time: 0.1872 ]--