216.245.221.92 - - [28/Mar/2022:04:17:17 -0500] "HEAD / HTTP/1.1" 200 -
109.200.159.234 - - [28/Mar/2022:04:17:40 -0500] "GET / HTTP/1.1" 200 319
66.249.73.127 - - [28/Mar/2022:04:18:14 -0500] "-" 408 -
172.22.2.4 - - [28/Mar/2022:04:19:20 -0500] "GET /BLA/boletinlegal/circulares/2018/circular%20no.%2010%20del%2021%20de%20septiembre%20de%202018.pdf HTTP/1.1" 200 163426
172.22.2.4 - - [28/Mar/2022:04:18:19 -0500] "HEAD /BLA/boletinlegal/ HTTP/1.1" 200 -
172.22.2.4 - - [28/Mar/2022:04:19:10 -0500] "GET /BLA/boletinlegal/ HTTP/1.1" 200 53344
201.245.192.253 - - [28/Mar/2022:04:20:43 -0500] "POST /kwsrmcab/Wsrmcab HTTP/1.1" 200 45104
216.245.221.92 - - [28/Mar/2022:04:22:17 -0500] "HEAD / HTTP/1.1" 200 -
201.245.192.253 - - [28/Mar/2022:04:21:32 -0500] "POST /kwsrmcab/Wsrmcab HTTP/1.1" 200 41843
201.245.192.253 - - [28/Mar/2022:04:21:57 -0500] "POST /kwsrmcab/Wsrmcab HTTP/1.1" 200 105996
172.22.2.4 - - [28/Mar/2022:04:24:09 -0500] "HEAD /BLA/boletinlegal/ HTTP/1.1" 200 -
172.22.2.4 - - [28/Mar/2022:04:24:59 -0500] "GET /BLA/boletinlegal/ HTTP/1.1" 200 59170
216.245.221.92 - - [28/Mar/2022:04:27:17 -0500] "HEAD / HTTP/1.1" 200 -
103.162.30.101 - - [28/Mar/2022:04:29:18 -0500] "POST /boaform/admin/formLogin HTTP/1.1" 404 1186
172.22.2.4 - - [28/Mar/2022:04:29:44 -0500] "GET /BLA/boletinlegal/remote/fgt_lang?lang=/../../../..//////////dev/ HTTP/1.1" 404 1018
172.22.2.4 - - [28/Mar/2022:04:31:02 -0500] "GET /BLA/boletinlegal/jurisprudencia/analisis/analisisc-035-16.docx HTTP/1.1" 200 25011
201.245.192.253 - - [28/Mar/2022:04:30:42 -0500] "POST /kwsrmcab/Wsrmcab HTTP/1.1" 200 45104
172.22.2.4 - - [28/Mar/2022:04:29:59 -0500] "HEAD /BLA/boletinlegal/ HTTP/1.1" 200 -
216.245.221.92 - - [28/Mar/2022:04:32:17 -0500] "HEAD / HTTP/1.1" 200 -
201.245.192.253 - - [28/Mar/2022:04:31:31 -0500] "POST /kwsrmcab/Wsrmcab HTTP/1.1" 200 41843
172.22.2.4 - - [28/Mar/2022:04:30:49 -0500] "GET /BLA/boletinlegal/ HTTP/1.1" 200 59170
201.245.192.253 - - [28/Mar/2022:04:32:47 -0500] "POST /kwsrmcab/Wsrmcab HTTP/1.1" 200 105996
172.22.2.4 - - [28/Mar/2022:04:33:37 -0500] "GET /BLA/boletinlegal/jurisprudencia/analisis/analisis%20jurisprudencial%20sentencia%20c-366-11.doc HTTP/1.1" 200 59392
66.249.73.127 - - [28/Mar/2022:04:35:24 -0500] "-" 408 -
71.6.165.200 - - [28/Mar/2022:04:36:29 -0500] "GET / HTTP/1.1" 200 319
71.6.165.200 - - [28/Mar/2022:04:36:35 -0500] "GET /sitemap.xml HTTP/1.1" 404 1018
71.6.165.200 - - [28/Mar/2022:04:36:35 -0500] "GET /.well-known/security.txt HTTP/1.1" 404 1018
71.6.165.200 - - [28/Mar/2022:04:36:35 -0500] "GET /favicon.ico HTTP/1.1" 200 7782
35.233.62.116 - - [28/Mar/2022:04:37:04 -0500] "GET / HTTP/1.1" 200 319
216.245.221.92 - - [28/Mar/2022:04:37:17 -0500] "HEAD / HTTP/1.1" 200 -
172.22.2.4 - - [28/Mar/2022:04:35:49 -0500] "HEAD /BLA/boletinlegal/ HTTP/1.1" 200 -
172.22.2.4 - - [28/Mar/2022:04:36:39 -0500] "GET /BLA/boletinlegal/ HTTP/1.1" 200 55089
172.22.2.4 - - [28/Mar/2022:04:38:46 -0500] "GET /BLA/boletinlegal/circulares/2014/circular%20no.%201%20del%2008%20de%20mayo%20de%202014.pdf HTTP/1.1" 200 180124
69.63.189.117 - - [28/Mar/2022:04:39:58 -0500] "GET /images/rueda-prensa-lluvias-secretaria-principal-23-marzo.jpg HTTP/1.1" 200 42664
173.252.107.5 - - [28/Mar/2022:04:40:04 -0500] "GET /images/humedal-agua-lluvias-bogota-18-marzo.jpg HTTP/1.1" 200 146923
173.252.107.20 - - [28/Mar/2022:04:40:04 -0500] "GET /images/feria-servicios-ambiental-barrios-unidos-17-marzo.jpg HTTP/1.1" 200 58797
173.252.107.24 - - [28/Mar/2022:04:40:04 -0500] "GET /images/llantaton-jornada.jpg HTTP/1.1" 200 356045
69.63.189.1 - - [28/Mar/2022:04:40:12 -0500] "GET /images/reunion-plan-accion-calidad-aire-7-marzo.jpeg HTTP/1.1" 200 62356
69.63.189.119 - - [28/Mar/2022:04:40:12 -0500] "GET /images/jardines-verticales-4-marzo.jpg HTTP/1.1" 200 54804
34.91.235.176 - - [28/Mar/2022:04:40:15 -0500] "GET / HTTP/1.1" 200 319
201.245.192.253 - - [28/Mar/2022:04:40:42 -0500] "POST /kwsrmcab/Wsrmcab HTTP/1.1" 200 45104
216.245.221.92 - - [28/Mar/2022:04:42:17 -0500] "HEAD / HTTP/1.1" 200 -
201.245.192.253 - - [28/Mar/2022:04:41:32 -0500] "POST /kwsrmcab/Wsrmcab HTTP/1.1" 200 41843
201.245.192.253 - - [28/Mar/2022:04:41:39 -0500] "POST /kwsrmcab/Wsrmcab HTTP/1.1" 200 105996
172.22.2.4 - - [28/Mar/2022:04:41:39 -0500] "HEAD /BLA/boletinlegal/ HTTP/1.1" 200 -
172.22.2.4 - - [28/Mar/2022:04:42:29 -0500] "GET /BLA/boletinlegal/ HTTP/1.1" 200 60932
172.22.2.4 - - [28/Mar/2022:04:44:52 -0500] "GET /BLA/boletinlegal/sugerencias.php/js/jquery.scrollto-min.js HTTP/1.1" 200 8615
216.245.221.92 - - [28/Mar/2022:04:47:17 -0500] "HEAD / HTTP/1.1" 200 -
172.22.2.4 - - [28/Mar/2022:04:47:29 -0500] "HEAD /BLA/boletinlegal/ HTTP/1.1" 200 -
172.22.2.4 - - [28/Mar/2022:04:49:40 -0500] "GET /BLA/boletinlegal/circulares/2012/circular%20no.%203%20del%2023%20de%20marzo%20de%202012.pdf HTTP/1.1" 200 572950
172.22.2.4 - - [28/Mar/2022:04:48:19 -0500] "GET /BLA/boletinlegal/ HTTP/1.1" 200 57542
109.237.103.9 - - [28/Mar/2022:04:51:02 -0500] "GET /.env HTTP/1.1" 404 1018
216.245.221.92 - - [28/Mar/2022:04:52:17 -0500] "HEAD / HTTP/1.1" 200 -
201.245.192.253 - - [28/Mar/2022:04:51:48 -0500] "POST /kwsrmcab/Wsrmcab HTTP/1.1" 200 105996
172.22.2.4 - - [28/Mar/2022:04:53:45 -0500] "GET /BLA/boletinlegal/jurisprudencia/analisis/cuadro%20sentencia%20c-222%20de%202011.doc HTTP/1.1" 200 34816
172.22.2.4 - - [28/Mar/2022:04:54:37 -0500] "GET /BLA/boletinlegal/directivas/2011/directiva%20no.%206%20del%208%20de%20septiembre%20de%202011.pdf HTTP/1.1" 200 996625
207.46.13.9 - - [28/Mar/2022:04:54:56 -0500] "GET /BLA/boletinlegal/Circulares/2011/Circular%20003%20de%20Febrero%20de%202011.pdf HTTP/1.1" 304 -
172.22.2.4 - - [28/Mar/2022:04:53:19 -0500] "HEAD /BLA/boletinlegal/ HTTP/1.1" 200 -
172.22.2.4 - - [28/Mar/2022:04:54:09 -0500] "GET /BLA/boletinlegal/ HTTP/1.1" 200 61416
216.245.221.92 - - [28/Mar/2022:04:57:17 -0500] "HEAD / HTTP/1.1" 200 -
66.249.73.100 - - [28/Mar/2022:05:00:36 -0500] "-" 408 -
2.152.176.166 - - [28/Mar/2022:05:00:39 -0500] "GET /sipse/faces/faces/index.xhtml HTTP/1.1" 200 677
2.152.176.166 - - [28/Mar/2022:05:00:40 -0500] "GET /sipse/faces/javax.faces.resource/theme.css?ln=primefaces-sipse HTTP/1.1" 304 -
2.152.176.166 - - [28/Mar/2022:05:00:40 -0500] "GET /sipse/faces/faces/faces/autenticacion.xhtml HTTP/1.1" 200 12177
2.152.176.166 - - [28/Mar/2022:05:00:41 -0500] "GET /sipse/faces/javax.faces.resource/theme.css?ln=primefaces-sipse HTTP/1.1" 304 -
2.152.176.166 - - [28/Mar/2022:05:00:41 -0500] "GET /sipse/faces/javax.faces.resource/primefaces.css?ln=primefaces&v=4.0 HTTP/1.1" 304 -
2.152.176.166 - - [28/Mar/2022:05:00:41 -0500] "GET /sipse/faces/javax.faces.resource/layout/layout.css?ln=primefaces&v=4.0 HTTP/1.1" 304 -
2.152.176.166 - - [28/Mar/2022:05:00:41 -0500] "GET /sipse/faces/javax.faces.resource/jquery/jquery-plugins.js?ln=primefaces&v=4.0 HTTP/1.1" 304 -
2.152.176.166 - - [28/Mar/2022:05:00:41 -0500] "GET /sipse/faces/javax.faces.resource/jquery/jquery.js?ln=primefaces&v=4.0 HTTP/1.1" 304 -
2.152.176.166 - - [28/Mar/2022:05:00:41 -0500] "GET /sipse/faces/javax.faces.resource/primefaces.js?ln=primefaces&v=4.0 HTTP/1.1" 304 -
2.152.176.166 - - [28/Mar/2022:05:00:41 -0500] "GET /sipse/faces/javax.faces.resource/layout/layout.js?ln=primefaces&v=4.0 HTTP/1.1" 304 -
2.152.176.166 - - [28/Mar/2022:05:00:41 -0500] "GET /sipse/faces/javax.faces.resource/images/ui-icons_898989_256x240.png?ln=primefaces-aristo HTTP/1.1" 304 -
172.22.2.4 - - [28/Mar/2022:04:59:09 -0500] "HEAD /BLA/boletinlegal/ HTTP/1.1" 200 -
172.22.2.4 - - [28/Mar/2022:05:00:00 -0500] "GET /BLA/boletinlegal/ HTTP/1.1" 200 59170
181.53.12.52 - - [28/Mar/2022:05:01:44 -0500] "GET /galeria/galeria/jquery.fancybox.css?v=2.1.5 HTTP/1.1" 200 4895
181.53.12.52 - - [28/Mar/2022:05:01:44 -0500] "GET /galeria/galeria/jquery.fancybox.js?v=2.1.5 HTTP/1.1" 200 48706
181.53.12.52 - - [28/Mar/2022:05:01:44 -0500] "GET /BLA/boletinlegal/js/jquery.scrollShow.js HTTP/1.1" 200 4586
216.245.221.92 - - [28/Mar/2022:05:02:17 -0500] "HEAD / HTTP/1.1" 200 -
201.245.192.253 - - [28/Mar/2022:05:01:56 -0500] "POST /kwsrmcab/Wsrmcab HTTP/1.1" 200 105996
157.55.39.218 - - [28/Mar/2022:05:03:43 -0500] "GET /autoliquidacion2020 HTTP/1.1" 301 250
157.55.39.218 - - [28/Mar/2022:05:03:54 -0500] "GET /autoliquidacion2020/ HTTP/1.1" 200 6146
172.22.2.4 - - [28/Mar/2022:05:04:27 -0500] "GET /BLA/boletinlegal/ HTTP/1.1" 200 36811
172.22.2.4 - - [28/Mar/2022:05:04:59 -0500] "HEAD /BLA/boletinlegal/ HTTP/1.1" 200 -
216.245.221.92 - - [28/Mar/2022:05:07:17 -0500] "HEAD / HTTP/1.1" 200 -
172.22.2.4 - - [28/Mar/2022:05:05:49 -0500] "GET /BLA/boletinlegal/ HTTP/1.1" 200 53344
172.22.2.4 - - [28/Mar/2022:05:11:46 -0500] "GET /BLA/boletinlegal/directivas/2018/directiva%20no.%2025%20del%2027%20de%20diciembre%20de%202018.pdf HTTP/1.1" 200 1351319
216.245.221.92 - - [28/Mar/2022:05:12:17 -0500] "HEAD / HTTP/1.1" 200 -
172.22.2.4 - - [28/Mar/2022:05:10:49 -0500] "HEAD /BLA/boletinlegal/ HTTP/1.1" 200 -
201.245.192.253 - - [28/Mar/2022:05:11:43 -0500] "POST /kwsrmcab/Wsrmcab HTTP/1.1" 200 105967
172.22.2.4 - - [28/Mar/2022:05:12:40 -0500] "GET /BLA/boletinlegal/robots.txt HTTP/1.1" 404 1038
172.22.2.4 - - [28/Mar/2022:05:11:39 -0500] "GET /BLA/boletinlegal/ HTTP/1.1" 200 56300
207.46.13.209 - - [28/Mar/2022:05:13:39 -0500] "GET / HTTP/1.1" 200 319
181.237.57.212 - - [28/Mar/2022:05:13:45 -0500] "GET /BLA/resoluciones/RESOLUCIONES%202015/1168.pdf HTTP/1.1" 200 560722
172.22.2.4 - - [28/Mar/2022:05:12:42 -0500] "GET /BLA/boletinlegal/index.php HTTP/1.1" 200 60105
40.77.167.78 - - [28/Mar/2022:05:14:46 -0500] "GET /esta-abierta-la-convocatoria-para-ser-parte-del-programa-de-voluntariado-ambiental-de-bogota.html HTTP/1.1" 200 972
181.61.49.141 - - [28/Mar/2022:05:16:14 -0500] "GET /galeria/galeria/jquery.fancybox.css?v=2.1.5 HTTP/1.1" 200 4895
172.22.2.4 - - [28/Mar/2022:05:16:39 -0500] "GET /BLA/boletinlegal/style.css HTTP/1.1" 200 9406
172.22.2.4 - - [28/Mar/2022:05:16:39 -0500] "GET /BLA/boletinlegal/styles2.css HTTP/1.1" 200 1838
172.22.2.4 - - [28/Mar/2022:05:16:39 -0500] "GET /BLA/boletinlegal/js/jquery.scrollTo-min.js HTTP/1.1" 200 1150
172.22.2.4 - - [28/Mar/2022:05:16:39 -0500] "GET /BLA/boletinlegal/js/jquery.js HTTP/1.1" 200 57254
172.22.2.4 - - [28/Mar/2022:05:16:39 -0500] "GET /BLA/boletinlegal/js/jquery.scrollShow.js HTTP/1.1" 200 4586
172.22.2.4 - - [28/Mar/2022:05:16:40 -0500] "GET /BLA/boletinlegal/images/cabezote%20BLEGAL.jpg HTTP/1.1" 200 118164
172.22.2.4 - - [28/Mar/2022:05:16:40 -0500] "GET /BLA/boletinlegal/images/subscribe-icon-big.png HTTP/1.1" 200 47702
172.22.2.4 - - [28/Mar/2022:05:16:40 -0500] "GET /BLA/boletinlegal/images/historia.png HTTP/1.1" 200 52775
172.22.2.4 - - [28/Mar/2022:05:16:40 -0500] "GET /BLA/boletinlegal/images/registro-usuarios.png HTTP/1.1" 200 8106
172.22.2.4 - - [28/Mar/2022:05:16:40 -0500] "GET /BLA/boletinlegal/images/arr_l.jpg HTTP/1.1" 200 1979
172.22.2.4 - - [28/Mar/2022:05:16:40 -0500] "GET /BLA/boletinlegal/images/screen_1.png HTTP/1.1" 200 202547
172.22.2.4 - - [28/Mar/2022:05:16:40 -0500] "GET /BLA/boletinlegal/images/launch.jpg HTTP/1.1" 200 14577
172.22.2.4 - - [28/Mar/2022:05:16:41 -0500] "GET /BLA/boletinlegal/images/body_bg.jpg HTTP/1.1" 200 1601
172.22.2.4 - - [28/Mar/2022:05:16:41 -0500] "GET /BLA/boletinlegal/images/menu_lft.gif HTTP/1.1" 200 1713
172.22.2.4 - - [28/Mar/2022:05:16:41 -0500] "GET /BLA/boletinlegal/images/menu_rght.gif HTTP/1.1" 200 1627
172.22.2.4 - - [28/Mar/2022:05:16:41 -0500] "GET /BLA/boletinlegal/images/bg_top.jpg HTTP/1.1" 200 522
172.22.2.4 - - [28/Mar/2022:05:16:41 -0500] "GET /BLA/boletinlegal/images/text.jpg HTTP/1.1" 200 568
172.22.2.4 - - [28/Mar/2022:05:16:41 -0500] "GET /BLA/boletinlegal/images/menu_bg.jpg HTTP/1.1" 200 620
172.22.2.4 - - [28/Mar/2022:05:16:41 -0500] "GET /BLA/boletinlegal/images/hover.jpg HTTP/1.1" 200 640
172.22.2.4 - - [28/Mar/2022:05:16:47 -0500] "GET /BLA/boletinlegal/images/screen_2.png HTTP/1.1" 200 362502
172.22.2.4 - - [28/Mar/2022:05:16:47 -0500] "GET /BLA/boletinlegal/images/screen_3.png HTTP/1.1" 200 210620
172.22.2.4 - - [28/Mar/2022:05:16:47 -0500] "GET /BLA/boletinlegal/images/arr_r.jpg HTTP/1.1" 200 1998
172.22.2.4 - - [28/Mar/2022:05:16:47 -0500] "GET /BLA/boletinlegal/images/screen_5.png HTTP/1.1" 200 368876
172.22.2.4 - - [28/Mar/2022:05:16:47 -0500] "GET /BLA/boletinlegal/images/footer_bg.jpg HTTP/1.1" 200 586
172.22.2.4 - - [28/Mar/2022:05:16:56 -0500] "GET /BLA/boletinlegal/images/pdf.gif HTTP/1.1" 200 567
216.245.221.92 - - [28/Mar/2022:05:17:17 -0500] "HEAD / HTTP/1.1" 200 -
172.22.2.4 - - [28/Mar/2022:05:17:32 -0500] "GET /BLA/boletinlegal/images/background.gif HTTP/1.1" 200 -
172.22.2.4 - - [28/Mar/2022:05:17:50 -0500] "GET /BLA/boletinlegal/directivas/2017/directiva%20no.%2005%20del%2013%20de%20junio%20de%202017.pdf HTTP/1.1" 200 853105
172.22.2.4 - - [28/Mar/2022:05:17:53 -0500] "GET /BLA/boletinlegal/Circulares/2022/CIRCULAR%20No.%2000003%20DEL%2007%20DE%20MARZO%20DEL%202022.pdf HTTP/1.1" 404 1308
172.22.2.4 - - [28/Mar/2022:05:17:54 -0500] "GET /BLA/boletinlegal/favicon.ico HTTP/1.1" 404 1498
172.22.2.4 - - [28/Mar/2022:05:16:39 -0500] "GET /BLA/boletinlegal/ HTTP/1.1" 200 51004
172.22.2.4 - - [28/Mar/2022:05:16:39 -0500] "HEAD /BLA/boletinlegal/ HTTP/1.1" 200 -
172.22.2.4 - - [28/Mar/2022:05:17:29 -0500] "GET /BLA/boletinlegal/ HTTP/1.1" 200 53739
40.77.189.174 - - [28/Mar/2022:05:19:37 -0500] "GET /dlf/styles.css HTTP/1.1" 404 1018
172.22.2.4 - - [28/Mar/2022:05:20:03 -0500] "GET /BLA/boletinlegal/circulares/2011/circular%20no.%206%20del%2029%20de%20julio%20de%202011.pdf HTTP/1.1" 200 262144
172.22.2.4 - - [28/Mar/2022:05:20:46 -0500] "GET /BLA/boletinlegal/circulares/2013/circular%20no.%207%20del%201%20de%20agosto%20de%202013.pdf HTTP/1.1" 200 340934
201.245.192.253 - - [28/Mar/2022:05:20:42 -0500] "POST /kwsrmcab/Wsrmcab HTTP/1.1" 200 45144
216.245.221.92 - - [28/Mar/2022:05:22:17 -0500] "HEAD / HTTP/1.1" 200 -
201.245.192.253 - - [28/Mar/2022:05:21:31 -0500] "POST /kwsrmcab/Wsrmcab HTTP/1.1" 200 41814
201.245.192.253 - - [28/Mar/2022:05:21:53 -0500] "POST /kwsrmcab/Wsrmcab HTTP/1.1" 200 105967
172.22.2.4 - - [28/Mar/2022:05:24:05 -0500] "GET /BLA/boletinlegal/jurisprudencia/analisis/CUADRO%20ANALISIS%20SENTENCIA%20C-554%20DE%202007.doc HTTP/1.1" 200 35328
172.22.2.4 - - [28/Mar/2022:05:22:29 -0500] "HEAD /BLA/boletinlegal/ HTTP/1.1" 200 -
172.22.2.4 - - [28/Mar/2022:05:23:19 -0500] "GET /BLA/boletinlegal/ HTTP/1.1" 200 55089
172.22.2.4 - - [28/Mar/2022:05:26:11 -0500] "GET /BLA/boletinlegal/jurisprudencia/analisis/CUADRO%20ANALISIS%20SENTENCIA%20C-554%20DE%202007.doc HTTP/1.1" 200 35328
172.22.2.4 - - [28/Mar/2022:05:26:45 -0500] "GET /BLA/boletinlegal/circulares/2020/circular%20no.%2000014%20del%2001%20de%20septiembre%20del%202020.pdf HTTP/1.1" 200 320826
216.245.221.92 - - [28/Mar/2022:05:27:17 -0500] "HEAD / HTTP/1.1" 200 -
157.55.39.172 - - [28/Mar/2022:05:28:16 -0500] "GET /BLA/boletinlegal/Circulares/2014/Circular%20No.%203%20del%2014%20de%20Noviembre%20de%202014.pdf HTTP/1.1" 200 104132
172.22.2.4 - - [28/Mar/2022:05:28:19 -0500] "HEAD /BLA/boletinlegal/ HTTP/1.1" 200 -
172.22.2.4 - - [28/Mar/2022:05:29:09 -0500] "GET /BLA/boletinlegal/ HTTP/1.1" 200 58006
172.22.2.4 - - [28/Mar/2022:05:30:30 -0500] "GET /BLA/boletinlegal/ HTTP/1.1" 200 20427
172.22.2.4 - - [28/Mar/2022:05:30:57 -0500] "GET /BLA/boletinlegal/circulares/2015/circular%20no.%202%20del%201%20de%20julio%20de%202015.pdf HTTP/1.1" 200 752890
201.245.192.253 - - [28/Mar/2022:05:30:42 -0500] "POST /kwsrmcab/Wsrmcab HTTP/1.1" 200 45144
66.249.73.127 - - [28/Mar/2022:05:31:41 -0500] "-" 408 -
216.245.221.92 - - [28/Mar/2022:05:32:17 -0500] "HEAD / HTTP/1.1" 200 -
201.245.192.253 - - [28/Mar/2022:05:31:32 -0500] "POST /kwsrmcab/Wsrmcab HTTP/1.1" 200 41814
201.245.192.253 - - [28/Mar/2022:05:31:58 -0500] "POST /kwsrmcab/Wsrmcab HTTP/1.1" 200 105967
207.46.13.157 - - [28/Mar/2022:05:32:59 -0500] "GET /catalogoisis/ HTTP/1.1" 404 211
172.22.2.4 - - [28/Mar/2022:05:34:44 -0500] "GET /BLA/boletinlegal/jurisprudencia/analisis/CUADRO%20ANALISIS%20SENTENCIA%20C-554%20DE%202007.doc HTTP/1.1" 200 35328
172.22.2.4 - - [28/Mar/2022:05:34:09 -0500] "HEAD /BLA/boletinlegal/ HTTP/1.1" 200 -
172.22.2.4 - - [28/Mar/2022:05:34:59 -0500] "GET /BLA/boletinlegal/ HTTP/1.1" 200 59170
216.245.221.92 - - [28/Mar/2022:05:37:17 -0500] "HEAD / HTTP/1.1" 200 -
66.249.73.127 - - [28/Mar/2022:05:37:54 -0500] "-" 408 -
64.31.7.206 - - [28/Mar/2022:05:39:32 -0500] "GET / HTTP/1.1" 200 319
172.22.2.4 - - [28/Mar/2022:05:40:04 -0500] "GET /BLA/boletinlegal/Directivas/2011/Directiva%20No.%201%20del%205%20de%20Abril%20de%202011.pdf HTTP/1.1" 200 971292
128.14.133.58 - - [28/Mar/2022:05:41:27 -0500] "GET / HTTP/1.1" 200 319
201.245.192.253 - - [28/Mar/2022:05:40:42 -0500] "POST /kwsrmcab/Wsrmcab HTTP/1.1" 200 45144
172.22.2.4 - - [28/Mar/2022:05:41:38 -0500] "GET /BLA/boletinlegal/Circulares/2022/CIRCULAR%20No.%2000003%20DEL%2007%20DE%20MARZO%20DEL%202022.pdf HTTP/1.1" 404 1037
172.22.2.4 - - [28/Mar/2022:05:39:59 -0500] "HEAD /BLA/boletinlegal/ HTTP/1.1" 200 -
181.53.13.60 - - [28/Mar/2022:05:42:06 -0500] "GET /BLA/resoluciones/ HTTP/1.1" 200 13093
181.53.13.60 - - [28/Mar/2022:05:42:06 -0500] "GET /BLA/resoluciones/dlf/folder.png HTTP/1.1" 200 410
181.53.13.60 - - [28/Mar/2022:05:42:06 -0500] "GET /BLA/resoluciones/dlf/styles.css HTTP/1.1" 200 3049
181.53.13.60 - - [28/Mar/2022:05:42:06 -0500] "GET /BLA/resoluciones/dlf/bg.gif HTTP/1.1" 200 54
181.53.13.60 - - [28/Mar/2022:05:42:06 -0500] "GET /favicon.ico HTTP/1.1" 200 7782
216.245.221.92 - - [28/Mar/2022:05:42:17 -0500] "HEAD / HTTP/1.1" 200 -
201.245.192.253 - - [28/Mar/2022:05:41:31 -0500] "POST /kwsrmcab/Wsrmcab HTTP/1.1" 200 41814
181.53.13.60 - - [28/Mar/2022:05:42:21 -0500] "GET /BLA/resoluciones/dlf/dirup.png HTTP/1.1" 200 644
181.53.13.60 - - [28/Mar/2022:05:42:21 -0500] "GET /BLA/resoluciones/dlf/pdf.gif HTTP/1.1" 200 272
181.53.13.60 - - [28/Mar/2022:05:42:21 -0500] "GET /BLA/resoluciones/index.php?dir=RESOLUCIONES+2021%2F HTTP/1.1" 200 299140
201.245.192.253 - - [28/Mar/2022:05:41:37 -0500] "POST /kwsrmcab/Wsrmcab HTTP/1.1" 200 105967
172.22.2.4 - - [28/Mar/2022:05:40:49 -0500] "GET /BLA/boletinlegal/ HTTP/1.1" 200 51717
181.53.13.60 - - [28/Mar/2022:05:42:30 -0500] "GET /BLA/resoluciones/RESOLUCIONES%202021/2078.pdf HTTP/1.1" 200 507594
211.140.23.130 - - [28/Mar/2022:05:44:02 -0500] "HEAD /images/puntos HTTP/1.1" 404 -
211.140.23.130 - - [28/Mar/2022:05:44:02 -0500] "HEAD /images/Banner HTTP/1.1" 404 -
211.140.23.130 - - [28/Mar/2022:05:44:02 -0500] "HEAD /images/Banner HTTP/1.1" 404 -
211.140.23.130 - - [28/Mar/2022:05:44:02 -0500] "HEAD /images/Banner HTTP/1.1" 404 -
172.22.2.4 - - [28/Mar/2022:05:44:36 -0500] "GET /BLA/boletinlegal/aaa9 HTTP/1.1" 404 1018
172.22.2.4 - - [28/Mar/2022:05:44:37 -0500] "GET /BLA/boletinlegal/aab9 HTTP/1.1" 404 1018
172.22.2.4 - - [28/Mar/2022:05:44:41 -0500] "GET /BLA/boletinlegal/aaa9 HTTP/1.1" 404 1018
172.22.2.4 - - [28/Mar/2022:05:44:42 -0500] "GET /BLA/boletinlegal/aab9 HTTP/1.1" 404 1018
66.249.73.127 - - [28/Mar/2022:05:45:33 -0500] "-" 408 -
172.22.2.4 - - [28/Mar/2022:05:45:42 -0500] "GET /BLA/boletinlegal/ HTTP/1.1" 200 36811
216.245.221.92 - - [28/Mar/2022:05:47:17 -0500] "HEAD / HTTP/1.1" 200 -
172.22.2.4 - - [28/Mar/2022:05:45:49 -0500] "HEAD /BLA/boletinlegal/ HTTP/1.1" 200 -
172.22.2.4 - - [28/Mar/2022:05:46:39 -0500] "GET /BLA/boletinlegal/ HTTP/1.1" 200 59170
177.55.157.251 - - [28/Mar/2022:05:48:55 -0500] "GET / HTTP/1.1" 400 946
100.26.127.17 - - [28/Mar/2022:05:49:48 -0500] "-" 408 -
173.252.107.119 - - [28/Mar/2022:05:50:31 -0500] "GET /images/eficiencia-energetica-11-marzo.jpg HTTP/1.1" 200 46478
66.249.73.127 - - [28/Mar/2022:05:51:18 -0500] "-" 408 -
216.245.221.92 - - [28/Mar/2022:05:52:17 -0500] "HEAD / HTTP/1.1" 200 -
201.245.192.253 - - [28/Mar/2022:05:51:33 -0500] "POST /kwsrmcab/Wsrmcab HTTP/1.1" 200 105967
173.252.107.20 - - [28/Mar/2022:05:52:39 -0500] "GET /este-18-y-19-de-marzo-la-ciudadania-puede-participar-en-la-feria-de-servicios-ambientales-en-barrios-unidos.html HTTP/1.1" 206 1120
172.22.2.4 - - [28/Mar/2022:05:51:39 -0500] "HEAD /BLA/boletinlegal/ HTTP/1.1" 200 -
172.22.2.4 - - [28/Mar/2022:05:52:29 -0500] "GET /BLA/boletinlegal/ HTTP/1.1" 200 60932
172.22.2.4 - - [28/Mar/2022:05:56:32 -0500] "GET /BLA/boletinlegal/robots.txt HTTP/1.1" 404 1140
172.22.2.4 - - [28/Mar/2022:05:56:43 -0500] "GET /BLA/boletinlegal/jurisprudencia/analisis/CUADRO%20ANALISIS%20SENTENCIA%20C-554%20DE%202007.doc HTTP/1.1" 200 35328
216.245.221.92 - - [28/Mar/2022:05:57:17 -0500] "HEAD / HTTP/1.1" 200 -
172.22.2.4 - - [28/Mar/2022:05:58:17 -0500] "GET /BLA/boletinlegal/jurisprudencia/analisis/CUADRO%20ANALISIS%20SENTENCIA%20C-554%20DE%202007.doc HTTP/1.1" 200 35328
172.22.2.4 - - [28/Mar/2022:05:57:29 -0500] "HEAD /BLA/boletinlegal/ HTTP/1.1" 200 -
172.22.2.4 - - [28/Mar/2022:05:58:19 -0500] "GET /BLA/boletinlegal/ HTTP/1.1" 200 56300
66.249.73.127 - - [28/Mar/2022:06:00:52 -0500] "-" 408 -
216.245.221.92 - - [28/Mar/2022:06:02:17 -0500] "HEAD / HTTP/1.1" 200 -
201.245.192.253 - - [28/Mar/2022:06:03:01 -0500] "POST /kwsrmcab/Wsrmcab HTTP/1.1" 200 213
172.22.2.4 - - [28/Mar/2022:06:03:19 -0500] "HEAD /BLA/boletinlegal/ HTTP/1.1" 200 -
172.22.2.4 - - [28/Mar/2022:06:05:33 -0500] "GET /BLA/boletinlegal/actos.php HTTP/1.1" 200 9555
172.22.2.4 - - [28/Mar/2022:06:05:33 -0500] "GET /BLA/boletinlegal/styles2.css HTTP/1.1" 200 1838
172.22.2.4 - - [28/Mar/2022:06:05:33 -0500] "GET /BLA/boletinlegal/niceforms-default.css HTTP/1.1" 200 6694
172.22.2.4 - - [28/Mar/2022:06:05:33 -0500] "GET /BLA/boletinlegal/style.css HTTP/1.1" 200 9406
172.22.2.4 - - [28/Mar/2022:06:05:33 -0500] "GET /BLA/boletinlegal/js/ajax_actos.js HTTP/1.1" 200 1322
172.22.2.4 - - [28/Mar/2022:06:05:33 -0500] "GET /BLA/boletinlegal/niceforms.js HTTP/1.1" 200 22876
172.22.2.4 - - [28/Mar/2022:06:05:33 -0500] "GET /BLA/boletinlegal/js/lib.js HTTP/1.1" 200 6474
172.22.2.4 - - [28/Mar/2022:06:05:33 -0500] "GET /BLA/boletinlegal/js/popup.js HTTP/1.1" 200 1270
172.22.2.4 - - [28/Mar/2022:06:05:33 -0500] "GET /BLA/boletinlegal/js/jquery1.js HTTP/1.1" 200 29846
172.22.2.4 - - [28/Mar/2022:06:05:33 -0500] "GET /BLA/boletinlegal/images/cabezote%20BLEGAL.jpg HTTP/1.1" 200 118164
172.22.2.4 - - [28/Mar/2022:06:05:34 -0500] "GET /BLA/boletinlegal/images/subscribe-icon-big.png HTTP/1.1" 200 47702
172.22.2.4 - - [28/Mar/2022:06:05:34 -0500] "GET /BLA/boletinlegal/images/historia.png HTTP/1.1" 200 52775
172.22.2.4 - - [28/Mar/2022:06:05:34 -0500] "GET /BLA/boletinlegal/images/green-yellow-blue-pink-th.png HTTP/1.1" 200 7394
172.22.2.4 - - [28/Mar/2022:06:05:34 -0500] "GET /BLA/boletinlegal/images/registro-usuarios.png HTTP/1.1" 200 8106
172.22.2.4 - - [28/Mar/2022:06:05:34 -0500] "GET /BLA/boletinlegal/images/abajo.png HTTP/1.1" 200 96676
172.22.2.4 - - [28/Mar/2022:06:05:34 -0500] "GET /BLA/boletinlegal/images/tel.png HTTP/1.1" 200 14477
172.22.2.4 - - [28/Mar/2022:06:05:34 -0500] "GET /BLA/boletinlegal/images/icono-email.png HTTP/1.1" 200 5544
172.22.2.4 - - [28/Mar/2022:06:05:34 -0500] "GET /BLA/boletinlegal/images/body_bg.jpg HTTP/1.1" 200 1601
172.22.2.4 - - [28/Mar/2022:06:05:34 -0500] "GET /BLA/boletinlegal/images/menu_lft.gif HTTP/1.1" 200 1713
172.22.2.4 - - [28/Mar/2022:06:05:34 -0500] "GET /BLA/boletinlegal/images/menu_rght.gif HTTP/1.1" 200 1627
172.22.2.4 - - [28/Mar/2022:06:05:34 -0500] "GET /BLA/boletinlegal/images/bg_top.jpg HTTP/1.1" 200 522
172.22.2.4 - - [28/Mar/2022:06:05:34 -0500] "GET /BLA/boletinlegal/images/menu_bg.jpg HTTP/1.1" 200 620
172.22.2.4 - - [28/Mar/2022:06:05:34 -0500] "GET /BLA/boletinlegal/images/hover.jpg HTTP/1.1" 200 640
172.22.2.4 - - [28/Mar/2022:06:05:34 -0500] "GET /BLA/boletinlegal/images/text.jpg HTTP/1.1" 200 568
172.22.2.4 - - [28/Mar/2022:06:05:34 -0500] "GET /BLA/boletinlegal/images/footer_bg.jpg HTTP/1.1" 200 586
172.22.2.4 - - [28/Mar/2022:06:05:46 -0500] "GET /BLA/boletinlegal/images/footer_bg_l.jpg HTTP/1.1" 200 776
172.22.2.4 - - [28/Mar/2022:06:05:48 -0500] "GET /BLA/boletinlegal/img/0.png HTTP/1.1" 200 110
172.22.2.4 - - [28/Mar/2022:06:05:48 -0500] "GET /BLA/boletinlegal/img/select-left.png HTTP/1.1" 200 263
172.22.2.4 - - [28/Mar/2022:06:05:48 -0500] "GET /BLA/boletinlegal/img/select-right.png HTTP/1.1" 200 44019
172.22.2.4 - - [28/Mar/2022:06:05:49 -0500] "GET /BLA/boletinlegal/img/button.png HTTP/1.1" 200 43241
172.22.2.4 - - [28/Mar/2022:06:05:49 -0500] "GET /BLA/boletinlegal/img/button-left.png HTTP/1.1" 200 57071
172.22.2.4 - - [28/Mar/2022:06:05:49 -0500] "GET /BLA/boletinlegal/img/button-right.png HTTP/1.1" 200 57878
172.22.2.4 - - [28/Mar/2022:06:04:09 -0500] "GET /BLA/boletinlegal/ HTTP/1.1" 200 54457
172.22.2.4 - - [28/Mar/2022:06:05:50 -0500] "GET /BLA/boletinlegal/favicon.ico HTTP/1.1" 404 1326
66.249.73.127 - - [28/Mar/2022:06:06:38 -0500] "-" 408 -
216.245.221.92 - - [28/Mar/2022:06:07:17 -0500] "HEAD / HTTP/1.1" 200 -
191.156.152.152 - - [28/Mar/2022:06:07:59 -0500] "GET /css/date_blue.css HTTP/1.1" 404 1254
191.156.152.152 - - [28/Mar/2022:06:07:59 -0500] "GET /css/fondos.css HTTP/1.1" 404 1254
191.156.152.152 - - [28/Mar/2022:06:07:59 -0500] "GET /css/textos.css HTTP/1.1" 404 1254
191.156.152.152 - - [28/Mar/2022:06:08:00 -0500] "GET /css/bordes.css HTTP/1.1" 404 1254
40.77.167.78 - - [28/Mar/2022:06:09:51 -0500] "GET / HTTP/1.1" 200 4720
172.22.2.4 - - [28/Mar/2022:06:09:09 -0500] "HEAD /BLA/boletinlegal/ HTTP/1.1" 200 -
172.22.2.4 - - [28/Mar/2022:06:09:59 -0500] "GET /BLA/boletinlegal/ HTTP/1.1" 200 61416
69.63.189.119 - - [28/Mar/2022:06:11:59 -0500] "GET /images/humedal-agua-lluvias-bogota-18-marzo.jpg HTTP/1.1" 200 146923
186.86.32.50 - - [28/Mar/2022:06:12:13 -0500] "GET /appsia/controlador HTTP/1.1" 200 4799
186.86.32.50 - - [28/Mar/2022:06:12:14 -0500] "GET /appsia/scripts/validarIngreso.js HTTP/1.1" 200 851
186.86.32.50 - - [28/Mar/2022:06:12:14 -0500] "GET /appsia/css/estilos.css HTTP/1.1" 200 4804
186.86.32.50 - - [28/Mar/2022:06:12:14 -0500] "GET /appsia/images/logo_bogota_p.png HTTP/1.1" 200 14951
186.86.32.50 - - [28/Mar/2022:06:12:14 -0500] "GET /appsia/images/cabezoteHojaVida.png HTTP/1.1" 200 32493
186.86.32.50 - - [28/Mar/2022:06:12:14 -0500] "GET /favicon.ico HTTP/1.1" 200 7782
216.245.221.92 - - [28/Mar/2022:06:12:17 -0500] "HEAD / HTTP/1.1" 200 -
66.249.73.127 - - [28/Mar/2022:06:12:24 -0500] "-" 408 -
186.86.32.50 - - [28/Mar/2022:06:12:28 -0500] "POST /appsia/controlador HTTP/1.1" 200 3604
186.86.32.50 - - [28/Mar/2022:06:12:29 -0500] "GET /appsia/jscripts/validarSolicitud.js HTTP/1.1" 404 68
201.245.192.253 - - [28/Mar/2022:06:11:43 -0500] "POST /kwsrmcab/Wsrmcab HTTP/1.1" 200 106001
186.155.42.127 - - [28/Mar/2022:06:12:36 -0500] "GET /BLA/resoluciones/RESOLUCIONES%202019/1461.pdf HTTP/1.1" 200 365965
186.155.42.127 - - [28/Mar/2022:06:12:37 -0500] "GET /BLA/resoluciones/RESOLUCIONES%202019/1461.pdf HTTP/1.1" 206 1025
186.155.42.127 - - [28/Mar/2022:06:12:37 -0500] "GET /BLA/resoluciones/RESOLUCIONES%202019/1461.pdf HTTP/1.1" 200 365965
52.167.112.136 - - [28/Mar/2022:06:14:10 -0500] "GET /wp-includes/css/modules.php HTTP/1.1" 404 1049
52.167.112.136 - - [28/Mar/2022:06:14:10 -0500] "GET /wso.php HTTP/1.1" 404 1049
52.167.112.136 - - [28/Mar/2022:06:14:10 -0500] "GET /wp-content/plugins/upspy/index.php HTTP/1.1" 404 1049
52.167.112.136 - - [28/Mar/2022:06:14:10 -0500] "GET /wp-content/plugins/ubh/index.php HTTP/1.1" 404 1049
52.167.112.136 - - [28/Mar/2022:06:14:10 -0500] "GET /wp-content/plugins/vwcleanerplugin/bump.php?cache HTTP/1.1" 404 1049
52.167.112.136 - - [28/Mar/2022:06:14:10 -0500] "GET /wp-content/plugins/xichang/x.php?xi HTTP/1.1" 404 1049
52.167.112.136 - - [28/Mar/2022:06:14:10 -0500] "GET /wp-content/plugins/html404/index.html HTTP/1.1" 404 1049
52.167.112.136 - - [28/Mar/2022:06:14:11 -0500] "GET /wp-admin/shapes.php HTTP/1.1" 404 1049
52.167.112.136 - - [28/Mar/2022:06:14:11 -0500] "GET /olux.php HTTP/1.1" 404 1049
52.167.112.136 - - [28/Mar/2022:06:14:11 -0500] "GET /indoxploit.php HTTP/1.1" 404 1049
52.167.112.136 - - [28/Mar/2022:06:14:11 -0500] "GET / HTTP/1.1" 200 319
52.167.112.136 - - [28/Mar/2022:06:14:11 -0500] "GET /up.php HTTP/1.1" 404 1049
52.167.112.136 - - [28/Mar/2022:06:14:11 -0500] "GET /upload.php HTTP/1.1" 404 1049
52.167.112.136 - - [28/Mar/2022:06:14:11 -0500] "GET /wp-content/uploads/ HTTP/1.1" 404 1049
52.167.112.136 - - [28/Mar/2022:06:14:12 -0500] "GET /wp-content/uploads/2022/03/ HTTP/1.1" 404 1049
52.167.112.136 - - [28/Mar/2022:06:14:12 -0500] "GET /shell.php HTTP/1.1" 404 1049
52.167.112.136 - - [28/Mar/2022:06:14:12 -0500] "GET /wp-admin/network/wp-footer.php HTTP/1.1" 404 1049
52.167.112.136 - - [28/Mar/2022:06:14:12 -0500] "GET /wp-info.php HTTP/1.1" 404 1049
52.167.112.136 - - [28/Mar/2022:06:14:12 -0500] "GET /wp-content/vuln.php HTTP/1.1" 404 1049
52.167.112.136 - - [28/Mar/2022:06:14:13 -0500] "GET /upel.php HTTP/1.1" 404 1049
52.167.112.136 - - [28/Mar/2022:06:14:13 -0500] "GET /wp-content/plugins/ppus/up.php HTTP/1.1" 404 1049
52.167.112.136 - - [28/Mar/2022:06:14:13 -0500] "GET /098.php HTTP/1.1" 404 1049
52.167.112.136 - - [28/Mar/2022:06:14:13 -0500] "GET /V5.php HTTP/1.1" 404 1049
52.167.112.136 - - [28/Mar/2022:06:14:13 -0500] "GET /new_license.php HTTP/1.1" 404 1049
52.167.112.136 - - [28/Mar/2022:06:14:13 -0500] "GET /wp-content/plugins/theme-configurator/mini.php HTTP/1.1" 404 1049
52.167.112.136 - - [28/Mar/2022:06:14:13 -0500] "GET /wp-content/plugins/widget-logic/mini.php HTTP/1.1" 404 1049
52.167.112.136 - - [28/Mar/2022:06:14:14 -0500] "GET /wso.php HTTP/1.1" 404 1049
52.167.112.136 - - [28/Mar/2022:06:14:14 -0500] "GET /modules/modules/modules.php HTTP/1.1" 404 1049
52.167.112.136 - - [28/Mar/2022:06:14:14 -0500] "GET /modules/mod_simplefileuploadv1.3/elements/Clean.php HTTP/1.1" 404 1049
52.167.112.136 - - [28/Mar/2022:06:14:14 -0500] "GET /modules/mod_simplefileuploadv1.3/elements/udd.php HTTP/1.1" 404 1049
52.167.112.136 - - [28/Mar/2022:06:14:14 -0500] "GET /libraries/joomla/css.php HTTP/1.1" 404 1049
52.167.112.136 - - [28/Mar/2022:06:14:15 -0500] "GET /libraries/joomla/jmails.php?u HTTP/1.1" 404 1049
52.167.112.136 - - [28/Mar/2022:06:14:15 -0500] "GET /libraries/joomla/jmail.php?u HTTP/1.1" 404 1049
52.167.112.136 - - [28/Mar/2022:06:14:15 -0500] "GET /images/vuln.php HTTP/1.1" 404 1049
52.167.112.136 - - [28/Mar/2022:06:14:15 -0500] "GET /tmp/vuln.php HTTP/1.1" 404 1049
52.167.112.136 - - [28/Mar/2022:06:14:15 -0500] "GET /XxX.php HTTP/1.1" 404 1049
52.167.112.136 - - [28/Mar/2022:06:14:15 -0500] "GET /Marvins.php HTTP/1.1" 404 1049
52.167.112.136 - - [28/Mar/2022:06:14:15 -0500] "GET /rxr.php?rxr HTTP/1.1" 404 1049
52.167.112.136 - - [28/Mar/2022:06:14:16 -0500] "GET /olux.php HTTP/1.1" 404 1049
52.167.112.136 - - [28/Mar/2022:06:14:16 -0500] "GET /indoxploit.php HTTP/1.1" 404 1049
52.167.112.136 - - [28/Mar/2022:06:14:16 -0500] "GET /error.php HTTP/1.1" 404 1049
52.167.112.136 - - [28/Mar/2022:06:14:16 -0500] "GET /RxR.php HTTP/1.1" 404 1049
52.167.112.136 - - [28/Mar/2022:06:14:16 -0500] "GET /components/com_b2jcontact/izoc.php HTTP/1.1" 404 1049
52.167.112.136 - - [28/Mar/2022:06:14:16 -0500] "GET /V3.php HTTP/1.1" 404 1049
52.167.112.136 - - [28/Mar/2022:06:14:17 -0500] "GET /V5.php HTTP/1.1" 404 1049
52.167.112.136 - - [28/Mar/2022:06:14:17 -0500] "GET / HTTP/1.1" 200 319
52.167.112.136 - - [28/Mar/2022:06:14:17 -0500] "GET /up.php HTTP/1.1" 404 1049
52.167.112.136 - - [28/Mar/2022:06:14:17 -0500] "GET /upload.php HTTP/1.1" 404 1049
52.167.112.136 - - [28/Mar/2022:06:14:17 -0500] "GET /shell.php HTTP/1.1" 404 1049
52.167.112.136 - - [28/Mar/2022:06:14:17 -0500] "GET /administrator/templates/bluestork/index.php HTTP/1.1" 404 1049
52.167.112.136 - - [28/Mar/2022:06:14:17 -0500] "GET /administrator/templates/bluestork/error.php HTTP/1.1" 404 1049
52.167.112.136 - - [28/Mar/2022:06:14:18 -0500] "GET /administrator/templates/hathor/index.php HTTP/1.1" 404 1049
52.167.112.136 - - [28/Mar/2022:06:14:18 -0500] "GET /administrator/templates/hathor/error.php HTTP/1.1" 404 1049
52.167.112.136 - - [28/Mar/2022:06:14:18 -0500] "GET /administrator/templates/isis/index.php HTTP/1.1" 404 1049
52.167.112.136 - - [28/Mar/2022:06:14:18 -0500] "GET /administrator/templates/isis/error.php HTTP/1.1" 404 1049
52.167.112.136 - - [28/Mar/2022:06:14:18 -0500] "GET /templates/beez/index.php HTTP/1.1" 404 1049
52.167.112.136 - - [28/Mar/2022:06:14:18 -0500] "GET /templates/ja_purity/index.php HTTP/1.1" 404 1049
52.167.112.136 - - [28/Mar/2022:06:14:19 -0500] "GET /templates/rhuk_milkyway/index.php HTTP/1.1" 404 1049
52.167.112.136 - - [28/Mar/2022:06:14:19 -0500] "GET /templates/system/index.php HTTP/1.1" 404 1049
52.167.112.136 - - [28/Mar/2022:06:14:19 -0500] "GET /templates/system/error.php HTTP/1.1" 404 1049
52.167.112.136 - - [28/Mar/2022:06:14:19 -0500] "GET /templates/beez3/index.php HTTP/1.1" 404 1049
52.167.112.136 - - [28/Mar/2022:06:14:19 -0500] "GET /templates/beez3/error.php HTTP/1.1" 404 1049
52.167.112.136 - - [28/Mar/2022:06:14:19 -0500] "GET /templates/beez5/index.php HTTP/1.1" 404 1049
52.167.112.136 - - [28/Mar/2022:06:14:19 -0500] "GET /templates/beez5/error.php HTTP/1.1" 404 1049
52.167.112.136 - - [28/Mar/2022:06:14:20 -0500] "GET /templates/beez_20/index.php HTTP/1.1" 404 1049
52.167.112.136 - - [28/Mar/2022:06:14:20 -0500] "GET /templates/beez_20/error.php HTTP/1.1" 404 1049
52.167.112.136 - - [28/Mar/2022:06:14:20 -0500] "GET /templates/protostar/index.php HTTP/1.1" 404 1049
52.167.112.136 - - [28/Mar/2022:06:14:20 -0500] "GET /templates/protostar/error.php HTTP/1.1" 404 1049
52.167.112.136 - - [28/Mar/2022:06:14:20 -0500] "GET /templates/atomic/index.php HTTP/1.1" 404 1049
52.167.112.136 - - [28/Mar/2022:06:14:20 -0500] "GET /templates/atomic/error.php HTTP/1.1" 404 1049
52.167.112.136 - - [28/Mar/2022:06:14:20 -0500] "GET /olux.php HTTP/1.1" 404 1049
52.167.112.136 - - [28/Mar/2022:06:14:21 -0500] "GET /indoxploit.php HTTP/1.1" 404 1049
52.167.112.136 - - [28/Mar/2022:06:14:21 -0500] "GET /indoxploit.php HTTP/1.1" 404 1049
52.167.112.136 - - [28/Mar/2022:06:14:21 -0500] "GET /wso.php HTTP/1.1" 404 1049
52.167.112.136 - - [28/Mar/2022:06:14:21 -0500] "GET /images/ HTTP/1.1" 200 493
52.167.112.136 - - [28/Mar/2022:06:14:21 -0500] "GET /uploads/ HTTP/1.1" 404 1049
52.167.112.136 - - [28/Mar/2022:06:14:21 -0500] "GET /img/ HTTP/1.1" 200 487
52.167.112.136 - - [28/Mar/2022:06:14:21 -0500] "GET /upload/ HTTP/1.1" 404 1049
52.167.112.136 - - [28/Mar/2022:06:14:22 -0500] "GET /gallery/ HTTP/1.1" 404 1049
52.167.112.136 - - [28/Mar/2022:06:14:22 -0500] "GET /files/ HTTP/1.1" 404 1049
52.167.112.136 - - [28/Mar/2022:06:14:22 -0500] "GET /pdf/ HTTP/1.1" 404 1049
52.167.112.136 - - [28/Mar/2022:06:14:22 -0500] "GET /docs/ HTTP/1.1" 404 1049
52.167.112.136 - - [28/Mar/2022:06:14:22 -0500] "GET / HTTP/1.1" 200 319
52.167.112.136 - - [28/Mar/2022:06:14:22 -0500] "GET /up.php HTTP/1.1" 404 1049
52.167.112.136 - - [28/Mar/2022:06:14:22 -0500] "GET /upload.php HTTP/1.1" 404 1049
52.167.112.136 - - [28/Mar/2022:06:14:23 -0500] "GET /shell.php HTTP/1.1" 404 1049
71.6.165.200 - - [28/Mar/2022:06:16:30 -0500] "-" 408 -
172.22.2.4 - - [28/Mar/2022:06:14:59 -0500] "HEAD /BLA/boletinlegal/ HTTP/1.1" 200 -
216.245.221.92 - - [28/Mar/2022:06:17:17 -0500] "HEAD / HTTP/1.1" 200 -
172.22.2.4 - - [28/Mar/2022:06:15:49 -0500] "GET /BLA/boletinlegal/ HTTP/1.1" 200 59688
64.31.7.206 - - [28/Mar/2022:06:17:51 -0500] "GET / HTTP/1.1" 200 319
66.249.73.127 - - [28/Mar/2022:06:18:08 -0500] "-" 408 -
172.22.2.4 - - [28/Mar/2022:06:18:10 -0500] "GET /BLA/boletinlegal/directivas/2013/directiva%20no.%202%20del%2004%20de%20abril%20de%202013.pdf HTTP/1.1" 200 1182671
207.46.13.157 - - [28/Mar/2022:06:18:54 -0500] "GET /BLA/resoluciones/index.php?dir=AUTOS+2019%2F HTTP/1.1" 200 339882
190.24.40.26 - - [28/Mar/2022:06:19:06 -0500] "GET /quieres-saber-como-ahorrar-energia-en-tu-empresa-secretaria-de-ambiente-lanza-guia-que-te-ayudara.html HTTP/1.1" 200 998
201.245.192.253 - - [28/Mar/2022:06:20:42 -0500] "POST /kwsrmcab/Wsrmcab HTTP/1.1" 200 45161
216.245.221.92 - - [28/Mar/2022:06:22:17 -0500] "HEAD / HTTP/1.1" 200 -
64.31.8.158 - - [28/Mar/2022:06:22:19 -0500] "GET / HTTP/1.1" 200 319
201.245.192.253 - - [28/Mar/2022:06:21:32 -0500] "POST /kwsrmcab/Wsrmcab HTTP/1.1" 200 41848
201.245.192.253 - - [28/Mar/2022:06:21:34 -0500] "POST /kwsrmcab/Wsrmcab HTTP/1.1" 200 106001
172.22.2.4 - - [28/Mar/2022:06:20:49 -0500] "HEAD /BLA/boletinlegal/ HTTP/1.1" 200 -
172.22.2.4 - - [28/Mar/2022:06:21:39 -0500] "GET /BLA/boletinlegal/ HTTP/1.1" 200 46066
172.22.2.4 - - [28/Mar/2022:06:23:39 -0500] "GET /BLA/boletinlegal/directivas/2016/directiva%20no.%2002%20del%2019%20de%20abril%20de%202016.pdf HTTP/1.1" 200 11898321
172.22.2.4 - - [28/Mar/2022:06:22:04 -0500] "GET /BLA/boletinlegal/ HTTP/1.1" 200 46815
172.22.2.4 - - [28/Mar/2022:06:23:44 -0500] "GET /BLA/boletinlegal/favicon.ico HTTP/1.1" 404 1308
172.22.2.4 - - [28/Mar/2022:06:23:52 -0500] "GET /BLA/boletinlegal/actos.php HTTP/1.1" 200 9555
172.22.2.4 - - [28/Mar/2022:06:23:53 -0500] "GET /BLA/boletinlegal/styles2.css HTTP/1.1" 200 1838
172.22.2.4 - - [28/Mar/2022:06:23:53 -0500] "GET /BLA/boletinlegal/js/ajax_actos.js HTTP/1.1" 200 1322
172.22.2.4 - - [28/Mar/2022:06:23:53 -0500] "GET /BLA/boletinlegal/niceforms.js HTTP/1.1" 200 22876
172.22.2.4 - - [28/Mar/2022:06:23:53 -0500] "GET /BLA/boletinlegal/niceforms-default.css HTTP/1.1" 200 6694
172.22.2.4 - - [28/Mar/2022:06:23:53 -0500] "GET /BLA/boletinlegal/style.css HTTP/1.1" 200 9406
172.22.2.4 - - [28/Mar/2022:06:23:53 -0500] "GET /BLA/boletinlegal/js/lib.js HTTP/1.1" 200 6474
172.22.2.4 - - [28/Mar/2022:06:23:53 -0500] "GET /BLA/boletinlegal/js/popup.js HTTP/1.1" 200 1270
172.22.2.4 - - [28/Mar/2022:06:23:53 -0500] "GET /BLA/boletinlegal/js/jquery1.js HTTP/1.1" 200 29846
172.22.2.4 - - [28/Mar/2022:06:23:53 -0500] "GET /BLA/boletinlegal/images/cabezote%20BLEGAL.jpg HTTP/1.1" 200 118164
172.22.2.4 - - [28/Mar/2022:06:23:53 -0500] "GET /BLA/boletinlegal/images/subscribe-icon-big.png HTTP/1.1" 200 47702
172.22.2.4 - - [28/Mar/2022:06:23:53 -0500] "GET /BLA/boletinlegal/images/historia.png HTTP/1.1" 200 52775
172.22.2.4 - - [28/Mar/2022:06:23:53 -0500] "GET /BLA/boletinlegal/images/registro-usuarios.png HTTP/1.1" 200 8106
172.22.2.4 - - [28/Mar/2022:06:23:53 -0500] "GET /BLA/boletinlegal/images/green-yellow-blue-pink-th.png HTTP/1.1" 200 7394
172.22.2.4 - - [28/Mar/2022:06:23:53 -0500] "GET /BLA/boletinlegal/images/abajo.png HTTP/1.1" 200 96676
172.22.2.4 - - [28/Mar/2022:06:23:53 -0500] "GET /BLA/boletinlegal/images/icono-email.png HTTP/1.1" 200 5544
172.22.2.4 - - [28/Mar/2022:06:23:53 -0500] "GET /BLA/boletinlegal/images/tel.png HTTP/1.1" 200 14477
172.22.2.4 - - [28/Mar/2022:06:23:53 -0500] "GET /BLA/boletinlegal/images/body_bg.jpg HTTP/1.1" 200 1601
172.22.2.4 - - [28/Mar/2022:06:23:53 -0500] "GET /BLA/boletinlegal/images/menu_lft.gif HTTP/1.1" 200 1713
172.22.2.4 - - [28/Mar/2022:06:23:54 -0500] "GET /BLA/boletinlegal/images/menu_rght.gif HTTP/1.1" 200 1627
172.22.2.4 - - [28/Mar/2022:06:23:54 -0500] "GET /BLA/boletinlegal/images/bg_top.jpg HTTP/1.1" 200 522
172.22.2.4 - - [28/Mar/2022:06:23:54 -0500] "GET /BLA/boletinlegal/images/menu_bg.jpg HTTP/1.1" 200 620
172.22.2.4 - - [28/Mar/2022:06:23:54 -0500] "GET /BLA/boletinlegal/images/hover.jpg HTTP/1.1" 200 640
172.22.2.4 - - [28/Mar/2022:06:23:54 -0500] "GET /BLA/boletinlegal/images/text.jpg HTTP/1.1" 200 568
172.22.2.4 - - [28/Mar/2022:06:23:54 -0500] "GET /BLA/boletinlegal/images/footer_bg.jpg HTTP/1.1" 200 586
172.22.2.4 - - [28/Mar/2022:06:23:54 -0500] "GET /BLA/boletinlegal/images/footer_bg_l.jpg HTTP/1.1" 200 776
172.22.2.4 - - [28/Mar/2022:06:23:54 -0500] "GET /BLA/boletinlegal/img/0.png HTTP/1.1" 200 110
172.22.2.4 - - [28/Mar/2022:06:23:54 -0500] "GET /BLA/boletinlegal/img/select-left.png HTTP/1.1" 200 263
172.22.2.4 - - [28/Mar/2022:06:23:54 -0500] "GET /BLA/boletinlegal/img/select-right.png HTTP/1.1" 200 44019
172.22.2.4 - - [28/Mar/2022:06:23:54 -0500] "GET /BLA/boletinlegal/img/button.png HTTP/1.1" 200 43241
172.22.2.4 - - [28/Mar/2022:06:23:54 -0500] "GET /BLA/boletinlegal/img/button-left.png HTTP/1.1" 200 57071
172.22.2.4 - - [28/Mar/2022:06:23:54 -0500] "GET /BLA/boletinlegal/img/button-right.png HTTP/1.1" 200 57878
172.22.2.4 - - [28/Mar/2022:06:23:54 -0500] "GET /BLA/boletinlegal/favicon.ico HTTP/1.1" 404 1230
66.249.73.127 - - [28/Mar/2022:06:23:54 -0500] "-" 408 -
186.155.42.127 - - [28/Mar/2022:06:24:15 -0500] "GET /BLA/resoluciones/RESOLUCIONES%202018/3074.pdf HTTP/1.1" 200 1467254
186.155.42.127 - - [28/Mar/2022:06:24:15 -0500] "GET /BLA/resoluciones/RESOLUCIONES%202018/3074.pdf HTTP/1.1" 206 1025
186.155.42.127 - - [28/Mar/2022:06:24:15 -0500] "GET /BLA/resoluciones/RESOLUCIONES%202018/3074.pdf HTTP/1.1" 200 1467254
186.155.42.127 - - [28/Mar/2022:06:24:16 -0500] "GET /BLA/resoluciones/RESOLUCIONES%202018/3074.pdf HTTP/1.1" 206 3072
186.155.42.127 - - [28/Mar/2022:06:24:17 -0500] "GET /BLA/resoluciones/RESOLUCIONES%202018/3074.pdf HTTP/1.1" 206 1463157
172.22.2.4 - - [28/Mar/2022:06:25:39 -0500] "GET /BLA/boletinlegal/jurisprudencia/analisis/CUADRO%20ANALISIS%20SENTENCIA%20C-554%20DE%202007.doc HTTP/1.1" 200 35328
172.22.2.4 - - [28/Mar/2022:06:26:36 -0500] "GET /BLA/boletinlegal/actos.php HTTP/1.1" 200 9555
216.245.221.92 - - [28/Mar/2022:06:27:17 -0500] "HEAD / HTTP/1.1" 200 -
172.22.2.4 - - [28/Mar/2022:06:26:39 -0500] "HEAD /BLA/boletinlegal/ HTTP/1.1" 200 -
172.22.2.4 - - [28/Mar/2022:06:28:56 -0500] "GET /BLA/boletinlegal/jurisprudencia/analisis/CUADRO%20ANALISIS%20SENTENCIA%20C-554%20DE%202007.doc HTTP/1.1" 200 35328
172.22.2.4 - - [28/Mar/2022:06:27:29 -0500] "GET /BLA/boletinlegal/ HTTP/1.1" 200 61416
201.245.192.253 - - [28/Mar/2022:06:30:42 -0500] "POST /kwsrmcab/Wsrmcab HTTP/1.1" 200 45161
66.249.73.127 - - [28/Mar/2022:06:31:35 -0500] "-" 408 -
216.245.221.92 - - [28/Mar/2022:06:32:17 -0500] "HEAD / HTTP/1.1" 200 -
201.245.192.253 - - [28/Mar/2022:06:31:31 -0500] "POST /kwsrmcab/Wsrmcab HTTP/1.1" 200 41848
201.245.192.253 - - [28/Mar/2022:06:31:47 -0500] "POST /kwsrmcab/Wsrmcab HTTP/1.1" 200 106001
35.233.62.116 - - [28/Mar/2022:06:33:21 -0500] "GET / HTTP/1.1" 200 319
172.22.2.4 - - [28/Mar/2022:06:32:29 -0500] "HEAD /BLA/boletinlegal/ HTTP/1.1" 200 -
190.27.213.9 - - [28/Mar/2022:06:34:33 -0500] "GET /galeria/galeria/jquery.fancybox.js?v=2.1.5 HTTP/1.1" 200 48706
190.27.213.9 - - [28/Mar/2022:06:34:33 -0500] "GET /galeria/galeria/jquery.fancybox.css?v=2.1.5 HTTP/1.1" 200 4895
190.27.213.9 - - [28/Mar/2022:06:34:33 -0500] "GET /BLA/boletinlegal/js/jquery.scrollShow.js HTTP/1.1" 200 4586
157.55.39.23 - - [28/Mar/2022:06:34:36 -0500] "-" 408 -
172.22.2.4 - - [28/Mar/2022:06:33:19 -0500] "GET /BLA/boletinlegal/ HTTP/1.1" 200 55089
185.180.143.8 - - [28/Mar/2022:06:36:22 -0500] "GET / HTTP/1.1" 200 319
216.245.221.92 - - [28/Mar/2022:06:37:17 -0500] "HEAD / HTTP/1.1" 200 -
69.171.251.119 - - [28/Mar/2022:06:38:38 -0500] "GET /programate-para-una-nueva-jornada-de-recoleccion-de-llantas-en-bogota.html HTTP/1.1" 206 913
66.249.73.127 - - [28/Mar/2022:06:39:17 -0500] "-" 408 -
172.22.2.4 - - [28/Mar/2022:06:38:19 -0500] "HEAD /BLA/boletinlegal/ HTTP/1.1" 200 -
181.54.243.20 - - [28/Mar/2022:06:40:34 -0500] "GET /BLA/resoluciones/RESOLUCIONES%202018/3074.pdf HTTP/1.1" 200 1467254
181.54.243.20 - - [28/Mar/2022:06:40:35 -0500] "GET /favicon.ico HTTP/1.1" 200 7782
172.22.2.4 - - [28/Mar/2022:06:39:09 -0500] "GET /BLA/boletinlegal/ HTTP/1.1" 200 59170
201.245.192.253 - - [28/Mar/2022:06:40:42 -0500] "POST /kwsrmcab/Wsrmcab HTTP/1.1" 200 45161
216.245.221.92 - - [28/Mar/2022:06:42:17 -0500] "HEAD / HTTP/1.1" 200 -
201.245.192.253 - - [28/Mar/2022:06:41:31 -0500] "POST /kwsrmcab/Wsrmcab HTTP/1.1" 200 44988
201.245.192.253 - - [28/Mar/2022:06:42:14 -0500] "POST /kwsrmcab/Wsrmcab HTTP/1.1" 200 114244
66.249.73.127 - - [28/Mar/2022:06:45:03 -0500] "-" 408 -
172.22.2.4 - - [28/Mar/2022:06:44:09 -0500] "HEAD /BLA/boletinlegal/ HTTP/1.1" 200 -
172.22.2.4 - - [28/Mar/2022:06:44:59 -0500] "GET /BLA/boletinlegal/ HTTP/1.1" 200 53344
172.22.2.4 - - [28/Mar/2022:06:47:11 -0500] "GET /BLA/boletinlegal/actos.php HTTP/1.1" 200 9555
216.245.221.92 - - [28/Mar/2022:06:47:17 -0500] "HEAD / HTTP/1.1" 200 -
172.22.2.4 - - [28/Mar/2022:06:48:44 -0500] "GET /BLA/boletinlegal/images/screen_1.png HTTP/1.1" 200 202547
172.22.2.4 - - [28/Mar/2022:06:48:47 -0500] "GET /BLA/boletinlegal/actos.php HTTP/1.1" 200 9555
172.22.2.4 - - [28/Mar/2022:06:48:48 -0500] "GET /BLA/boletinlegal/favicon.ico HTTP/1.1" 404 1326
35.204.97.3 - - [28/Mar/2022:06:48:52 -0500] "GET / HTTP/1.1" 200 319
172.22.2.4 - - [28/Mar/2022:06:49:00 -0500] "GET /BLA/boletinlegal/consulta_actos.php?tipo=resoluciones&no=&usuario=&sector=&fecha=2022&resuelve=Resuelve%20un%20proceso%20 HTTP/1.1" 200 626
172.22.2.4 - - [28/Mar/2022:06:49:05 -0500] "GET /BLA/boletinlegal/consulta_actos.php?tipo=resoluciones&no=&usuario=&sector=&fecha=2021&resuelve=Resuelve%20un%20proceso%20 HTTP/1.1" 200 8592
172.22.2.4 - - [28/Mar/2022:06:49:18 -0500] "GET /BLA/boletinlegal/consulta_actos.php?tipo=resoluciones&no=&usuario=&sector=&fecha=2020&resuelve=Resuelve%20un%20proceso%20 HTTP/1.1" 200 19090
172.22.2.4 - - [28/Mar/2022:06:49:51 -0500] "GET /BLA/boletinlegal/consulta_actos.php?tipo=resoluciones&no=&usuario=&sector=&fecha=2019&resuelve=Resuelve%20un%20proceso%20 HTTP/1.1" 200 63419
172.22.2.4 - - [28/Mar/2022:06:48:40 -0500] "GET /BLA/boletinlegal/ HTTP/1.1" 200 61796
200.118.62.40 - - [28/Mar/2022:06:50:33 -0500] "GET /negocios-verdes-de-bogota-se-reuniran-este-fin-de-semana-en-el-centro-comercial-el-retiro.html HTTP/1.1" 200 902
66.249.73.97 - - [28/Mar/2022:06:50:50 -0500] "-" 408 -
172.22.2.4 - - [28/Mar/2022:06:51:00 -0500] "GET /BLA/boletinlegal/consulta_actos.php?tipo=resoluciones&no=&usuario=&sector=&fecha=2018&resuelve=Resuelve%20un%20proceso%20 HTTP/1.1" 200 19450
103.178.236.95 - - [28/Mar/2022:06:51:05 -0500] "GET / HTTP/1.1" 200 319
172.22.2.4 - - [28/Mar/2022:06:51:19 -0500] "GET /BLA/boletinlegal/consulta_actos.php?tipo=resoluciones&no=3234&usuario=&sector=&fecha=2019&resuelve= HTTP/1.1" 200 1353
172.22.2.4 - - [28/Mar/2022:06:51:19 -0500] "GET /BLA/boletinlegal/images/pdf.gif HTTP/1.1" 200 567
172.22.2.4 - - [28/Mar/2022:06:51:22 -0500] "GET /BLA/boletinlegal/consulta_actos.php?tipo=resoluciones&no=&usuario=&sector=&fecha=2010&resuelve=Resuelve%20un%20proceso%20 HTTP/1.1" 200 13297
172.22.2.4 - - [28/Mar/2022:06:50:00 -0500] "HEAD /BLA/boletinlegal/ HTTP/1.1" 200 -
172.22.2.4 - - [28/Mar/2022:06:51:47 -0500] "GET /BLA/boletinlegal/consulta_actos.php?tipo=resoluciones&no=&usuario=&sector=&fecha=2011&resuelve=Resuelve%20un%20proceso%20 HTTP/1.1" 200 23455
172.22.2.4 - - [28/Mar/2022:06:51:50 -0500] "GET /BLA/boletinlegal/consulta_actos.php?tipo=resoluciones&no=3206&usuario=&sector=&fecha=2011&resuelve= HTTP/1.1" 200 1086
181.54.243.20 - - [28/Mar/2022:06:51:55 -0500] "GET /BLA/resoluciones/RESOLUCIONES%202011/3206.pdf HTTP/1.1" 200 2972214
172.22.2.4 - - [28/Mar/2022:06:52:15 -0500] "GET /BLA/boletinlegal/consulta_actos.php?tipo=resoluciones&no=&usuario=&sector=&fecha=2012&resuelve=Resuelve%20un%20proceso%20 HTTP/1.1" 200 6831
216.245.221.92 - - [28/Mar/2022:06:52:17 -0500] "HEAD / HTTP/1.1" 200 -
172.22.2.4 - - [28/Mar/2022:06:50:50 -0500] "GET /BLA/boletinlegal/ HTTP/1.1" 200 61416
172.22.2.4 - - [28/Mar/2022:06:52:31 -0500] "GET /BLA/boletinlegal/consulta_actos.php?tipo=resoluciones&no=&usuario=&sector=&fecha=2013&resuelve=Resuelve%20un%20proceso%20 HTTP/1.1" 200 3738
186.86.33.133 - - [28/Mar/2022:06:52:50 -0500] "GET /BLA/resoluciones/RESOLUCIONES%202013/0654.pdf HTTP/1.1" 200 7486194
186.86.33.133 - - [28/Mar/2022:06:52:51 -0500] "GET /BLA/resoluciones/RESOLUCIONES%202013/0654.pdf HTTP/1.1" 206 4990796
186.86.33.133 - - [28/Mar/2022:06:52:51 -0500] "GET /BLA/resoluciones/RESOLUCIONES%202013/0654.pdf HTTP/1.1" 206 2495398
172.22.2.4 - - [28/Mar/2022:06:53:01 -0500] "GET /BLA/boletinlegal/consulta_actos.php?tipo=resoluciones&no=&usuario=&sector=&fecha=2014&resuelve=Resuelve%20un%20proceso%20 HTTP/1.1" 200 4750
201.245.192.253 - - [28/Mar/2022:06:52:22 -0500] "POST /kwsrmcab/Wsrmcab HTTP/1.1" 200 114244
172.22.2.4 - - [28/Mar/2022:06:53:13 -0500] "GET /BLA/boletinlegal/consulta_actos.php?tipo=resoluciones&no=&usuario=&sector=&fecha=2015&resuelve=Resuelve%20un%20proceso%20 HTTP/1.1" 200 6484
200.69.103.230 - - [28/Mar/2022:06:53:21 -0500] "GET /BLA/resoluciones/RESOLUCIONES%202009/6734.pdf HTTP/1.1" 200 1567240
172.22.2.4 - - [28/Mar/2022:06:53:24 -0500] "GET /BLA/boletinlegal/actos.php HTTP/1.1" 200 9555
172.22.2.4 - - [28/Mar/2022:06:53:25 -0500] "GET /BLA/boletinlegal/js/ajax_actos.js HTTP/1.1" 200 1322
172.22.2.4 - - [28/Mar/2022:06:53:25 -0500] "GET /BLA/boletinlegal/images/green-yellow-blue-pink-th.png HTTP/1.1" 200 7394
172.22.2.4 - - [28/Mar/2022:06:53:26 -0500] "GET /BLA/boletinlegal/favicon.ico HTTP/1.1" 404 1230
172.22.2.4 - - [28/Mar/2022:06:53:27 -0500] "GET /BLA/boletinlegal/consulta_actos.php?tipo=resoluciones&no=&usuario=&sector=&fecha=2016&resuelve=Resuelve%20un%20proceso%20 HTTP/1.1" 200 6337
172.22.2.4 - - [28/Mar/2022:06:53:28 -0500] "GET /BLA/boletinlegal/normativa.php HTTP/1.1" 200 8258
172.22.2.4 - - [28/Mar/2022:06:53:28 -0500] "GET /BLA/boletinlegal/js/ajax_normativa.js HTTP/1.1" 200 1154
172.22.2.4 - - [28/Mar/2022:06:53:41 -0500] "GET /BLA/boletinlegal/consulta_actos.php?tipo=resoluciones&no=&usuario=&sector=&fecha=2017&resuelve=Resuelve%20un%20proceso%20 HTTP/1.1" 200 21738
172.22.2.4 - - [28/Mar/2022:06:54:00 -0500] "GET /BLA/boletinlegal/consulta_actos.php?tipo=resoluciones&no=&usuario=&sector=COMPETENCIA&fecha=2017&resuelve=Resuelve%20un%20proceso%20 HTTP/1.1" 200 626
200.69.103.230 - - [28/Mar/2022:06:54:11 -0500] "GET /BLA/resoluciones/RESOLUCIONES%202009/3036.pdf HTTP/1.1" 200 423976
200.69.103.230 - - [28/Mar/2022:06:54:12 -0500] "GET /BLA/resoluciones/RESOLUCIONES%202009/1679.pdf HTTP/1.1" 200 546539
200.69.103.230 - - [28/Mar/2022:06:54:13 -0500] "GET /BLA/resoluciones/RESOLUCIONES%202011/3206.pdf HTTP/1.1" 200 2972214
