181.53.13.78 - - [31/Mar/2022:10:03:34 -0500] "GET /sia/ HTTP/1.1" 200 2661
181.53.13.78 - - [31/Mar/2022:10:03:34 -0500] "GET /css/date_blue.css HTTP/1.1" 404 1158
181.53.13.78 - - [31/Mar/2022:10:03:34 -0500] "GET /css/fondos.css HTTP/1.1" 404 1158
181.53.13.78 - - [31/Mar/2022:10:03:34 -0500] "GET /css/textos.css HTTP/1.1" 404 1158
181.53.13.78 - - [31/Mar/2022:10:03:34 -0500] "GET /css/bordes.css HTTP/1.1" 404 1158
181.53.13.78 - - [31/Mar/2022:10:03:34 -0500] "GET /favicon.ico HTTP/1.1" 200 7782
201.245.192.253 - - [31/Mar/2022:10:02:57 -0500] "POST /kwsrmcab/Wsrmcab HTTP/1.1" 200 213
200.118.64.109 - - [31/Mar/2022:10:04:21 -0500] "POST /forms/lservlet;jsessionid=ac16012b30d6163f8022814d4407be70d6c5f0466ff5.e3iSbxaKaheRe34Sc38RahyRchr0n6jAmljGr5XDqQLvpAe HTTP/1.1" 200 2
200.118.64.109 - - [31/Mar/2022:10:04:21 -0500] "POST /forms/lservlet;jsessionid=ac16012b30d6163f8022814d4407be70d6c5f0466ff5.e3iSbxaKaheRe34Sc38RahyRchr0n6jAmljGr5XDqQLvpAe HTTP/1.1" 200 14
200.118.64.109 - - [31/Mar/2022:10:04:22 -0500] "POST /forms/lservlet;jsessionid=ac16012b30d6163f8022814d4407be70d6c5f0466ff5.e3iSbxaKaheRe34Sc38RahyRchr0n6jAmljGr5XDqQLvpAe HTTP/1.1" 200 14
200.118.64.109 - - [31/Mar/2022:10:04:23 -0500] "POST /forms/lservlet;jsessionid=ac16012b30d6163f8022814d4407be70d6c5f0466ff5.e3iSbxaKaheRe34Sc38RahyRchr0n6jAmljGr5XDqQLvpAe HTTP/1.1" 200 14
200.118.64.109 - - [31/Mar/2022:10:04:25 -0500] "POST /forms/lservlet;jsessionid=ac16012b30d6163f8022814d4407be70d6c5f0466ff5.e3iSbxaKaheRe34Sc38RahyRchr0n6jAmljGr5XDqQLvpAe HTTP/1.1" 200 14
200.118.64.109 - - [31/Mar/2022:10:04:27 -0500] "POST /forms/lservlet;jsessionid=ac16012b30d6163f8022814d4407be70d6c5f0466ff5.e3iSbxaKaheRe34Sc38RahyRchr0n6jAmljGr5XDqQLvpAe HTTP/1.1" 200 110
200.118.64.109 - - [31/Mar/2022:10:04:27 -0500] "POST /forms/lservlet;jsessionid=ac16012b30d6163f8022814d4407be70d6c5f0466ff5.e3iSbxaKaheRe34Sc38RahyRchr0n6jAmljGr5XDqQLvpAe HTTP/1.1" 200 2
200.118.64.109 - - [31/Mar/2022:10:04:27 -0500] "GET /reports/rwservlet/getjobid73921?server=repnomi HTTP/1.1" 200 47763
186.80.83.77 - - [31/Mar/2022:10:04:40 -0500] "POST /sipse/faces/presentacion/sistema/reporte/visorVerContratosXVigencia.xhtml HTTP/1.1" 200 19172
186.80.83.77 - - [31/Mar/2022:10:04:40 -0500] "POST /sipse/faces/presentacion/sistema/reporte/visorVerContratosXVigencia.xhtml HTTP/1.1" 200 19172
186.80.83.77 - - [31/Mar/2022:10:04:41 -0500] "POST /sipse/faces/presentacion/sistema/reporte/visorVerContratosXVigencia.xhtml HTTP/1.1" 200 19176
186.80.83.77 - - [31/Mar/2022:10:04:41 -0500] "POST /sipse/faces/presentacion/sistema/reporte/visorVerContratosXVigencia.xhtml HTTP/1.1" 200 19172
186.80.83.77 - - [31/Mar/2022:10:04:41 -0500] "POST /sipse/faces/presentacion/sistema/reporte/visorVerContratosXVigencia.xhtml HTTP/1.1" 200 19172
186.80.83.77 - - [31/Mar/2022:10:04:41 -0500] "POST /sipse/faces/presentacion/sistema/reporte/visorVerContratosXVigencia.xhtml HTTP/1.1" 200 19172
186.80.83.77 - - [31/Mar/2022:10:04:43 -0500] "POST /sipse/faces/presentacion/sistema/reporte/visorVerContratosXVigencia.xhtml HTTP/1.1" 200 9431
186.80.83.77 - - [31/Mar/2022:10:04:44 -0500] "POST /sipse/faces/presentacion/sistema/reporte/visorVerContratosXVigencia.xhtml HTTP/1.1" 200 19172
186.80.83.77 - - [31/Mar/2022:10:04:44 -0500] "POST /sipse/faces/presentacion/sistema/reporte/visorVerContratosXVigencia.xhtml HTTP/1.1" 200 19172
186.80.83.77 - - [31/Mar/2022:10:04:44 -0500] "POST /sipse/faces/presentacion/sistema/reporte/visorVerContratosXVigencia.xhtml HTTP/1.1" 200 19172
186.80.83.77 - - [31/Mar/2022:10:04:45 -0500] "POST /sipse/faces/presentacion/sistema/reporte/visorVerContratosXVigencia.xhtml HTTP/1.1" 200 19172
186.80.83.77 - - [31/Mar/2022:10:04:45 -0500] "POST /sipse/faces/presentacion/sistema/reporte/visorVerContratosXVigencia.xhtml HTTP/1.1" 200 19172
186.80.83.77 - - [31/Mar/2022:10:04:45 -0500] "POST /sipse/faces/presentacion/sistema/reporte/visorVerContratosXVigencia.xhtml HTTP/1.1" 200 19172
186.80.83.77 - - [31/Mar/2022:10:04:46 -0500] "POST /sipse/faces/presentacion/sistema/reporte/visorVerContratosXVigencia.xhtml HTTP/1.1" 200 9431
186.80.83.77 - - [31/Mar/2022:10:04:47 -0500] "POST /sipse/faces/presentacion/sistema/reporte/visorVerContratosXVigencia.xhtml HTTP/1.1" 200 6368
186.80.83.77 - - [31/Mar/2022:10:04:48 -0500] "POST /sipse/faces/presentacion/sistema/reporte/visorVerContratosXVigencia.xhtml HTTP/1.1" 200 32278
186.80.83.77 - - [31/Mar/2022:10:04:48 -0500] "GET /sipse/faces/javax.faces.resource/messages/messages.png?ln=primefaces&v=4.0 HTTP/1.1" 200 27209
186.80.83.77 - - [31/Mar/2022:10:04:48 -0500] "POST /sipse/faces/presentacion/sistema/reporte/visorVerContratosXVigencia.xhtml HTTP/1.1" 200 32278
186.80.83.77 - - [31/Mar/2022:10:04:49 -0500] "POST /sipse/faces/presentacion/sistema/reporte/visorVerContratosXVigencia.xhtml HTTP/1.1" 200 32278
186.80.83.77 - - [31/Mar/2022:10:04:49 -0500] "POST /sipse/faces/presentacion/sistema/reporte/visorVerContratosXVigencia.xhtml HTTP/1.1" 200 32278
186.80.83.77 - - [31/Mar/2022:10:04:49 -0500] "POST /sipse/faces/presentacion/sistema/reporte/visorVerContratosXVigencia.xhtml HTTP/1.1" 200 32278
186.80.83.77 - - [31/Mar/2022:10:04:49 -0500] "POST /sipse/faces/presentacion/sistema/reporte/visorVerContratosXVigencia.xhtml HTTP/1.1" 200 32278
186.80.83.77 - - [31/Mar/2022:10:04:52 -0500] "POST /sipse/faces/presentacion/sistema/reporte/visorVerContratosXVigencia.xhtml HTTP/1.1" 200 32295
186.80.83.77 - - [31/Mar/2022:10:04:52 -0500] "POST /sipse/faces/presentacion/sistema/reporte/visorVerContratosXVigencia.xhtml HTTP/1.1" 200 32299
186.80.83.77 - - [31/Mar/2022:10:04:53 -0500] "POST /sipse/faces/presentacion/sistema/reporte/visorVerContratosXVigencia.xhtml HTTP/1.1" 200 32299
186.80.83.77 - - [31/Mar/2022:10:04:53 -0500] "POST /sipse/faces/presentacion/sistema/reporte/visorVerContratosXVigencia.xhtml HTTP/1.1" 200 32295
186.80.83.77 - - [31/Mar/2022:10:04:53 -0500] "POST /sipse/faces/presentacion/sistema/reporte/visorVerContratosXVigencia.xhtml HTTP/1.1" 200 32295
186.80.83.77 - - [31/Mar/2022:10:04:53 -0500] "POST /sipse/faces/presentacion/sistema/reporte/visorVerContratosXVigencia.xhtml HTTP/1.1" 200 32299
199.16.157.183 - - [31/Mar/2022:10:04:55 -0500] "GET /incautadas-tarantulas-que-iban-a-ser-exportadas-ilegalmente-desde-bogota-hasta-mexico.html HTTP/1.1" 200 899
199.16.157.183 - - [31/Mar/2022:10:04:55 -0500] "GET /images/tarantulas-incautadas-31-marzo.jpg HTTP/1.1" 200 17378
186.80.83.77 - - [31/Mar/2022:10:04:55 -0500] "POST /sipse/faces/presentacion/sistema/reporte/visorVerContratosXVigencia.xhtml HTTP/1.1" 200 32282
186.80.83.77 - - [31/Mar/2022:10:04:55 -0500] "POST /sipse/faces/presentacion/sistema/reporte/visorVerContratosXVigencia.xhtml HTTP/1.1" 200 32282
186.80.83.77 - - [31/Mar/2022:10:04:55 -0500] "POST /sipse/faces/presentacion/sistema/reporte/visorVerContratosXVigencia.xhtml HTTP/1.1" 200 32282
216.245.221.92 - - [31/Mar/2022:10:04:56 -0500] "HEAD / HTTP/1.1" 200 -
186.80.83.77 - - [31/Mar/2022:10:04:56 -0500] "POST /sipse/faces/presentacion/sistema/reporte/visorVerContratosXVigencia.xhtml HTTP/1.1" 200 32278
186.80.83.77 - - [31/Mar/2022:10:04:56 -0500] "POST /sipse/faces/presentacion/sistema/reporte/visorVerContratosXVigencia.xhtml HTTP/1.1" 200 32278
186.80.83.77 - - [31/Mar/2022:10:04:56 -0500] "POST /sipse/faces/presentacion/sistema/reporte/visorVerContratosXVigencia.xhtml HTTP/1.1" 200 32278
186.80.83.77 - - [31/Mar/2022:10:04:57 -0500] "POST /sipse/faces/presentacion/sistema/reporte/visorVerContratosXVigencia.xhtml HTTP/1.1" 200 32299
186.80.83.77 - - [31/Mar/2022:10:04:58 -0500] "POST /sipse/faces/presentacion/sistema/reporte/visorVerContratosXVigencia.xhtml HTTP/1.1" 200 32295
186.80.83.77 - - [31/Mar/2022:10:04:58 -0500] "POST /sipse/faces/presentacion/sistema/reporte/visorVerContratosXVigencia.xhtml HTTP/1.1" 200 32295
186.80.83.77 - - [31/Mar/2022:10:04:58 -0500] "POST /sipse/faces/presentacion/sistema/reporte/visorVerContratosXVigencia.xhtml HTTP/1.1" 200 32299
186.80.83.77 - - [31/Mar/2022:10:04:58 -0500] "POST /sipse/faces/presentacion/sistema/reporte/visorVerContratosXVigencia.xhtml HTTP/1.1" 200 32295
186.80.83.77 - - [31/Mar/2022:10:04:58 -0500] "POST /sipse/faces/presentacion/sistema/reporte/visorVerContratosXVigencia.xhtml HTTP/1.1" 200 32295
186.80.83.77 - - [31/Mar/2022:10:04:59 -0500] "POST /sipse/faces/presentacion/sistema/reporte/visorVerContratosXVigencia.xhtml HTTP/1.1" 200 47516
186.80.83.77 - - [31/Mar/2022:10:04:59 -0500] "GET /sipse/faces/javax.faces.resource/jquery/jquery.js?ln=primefaces&v=4.0 HTTP/1.1" 304 -
186.80.83.77 - - [31/Mar/2022:10:04:59 -0500] "GET /sipse/faces/javax.faces.resource/jquery/jquery-plugins.js?ln=primefaces&v=4.0 HTTP/1.1" 304 -
186.80.83.77 - - [31/Mar/2022:10:05:00 -0500] "GET /sipse/faces/javax.faces.resource/primefaces.js?ln=primefaces&v=4.0 HTTP/1.1" 304 -
186.80.83.77 - - [31/Mar/2022:10:05:00 -0500] "GET /sipse/faces/javax.faces.resource/layout/layout.js?ln=primefaces&v=4.0 HTTP/1.1" 304 -
186.80.83.77 - - [31/Mar/2022:10:05:00 -0500] "POST /sipse/faces/presentacion/parametrica/generales/listarGenerales.xhtml HTTP/1.1" 200 40929
186.80.83.77 - - [31/Mar/2022:10:05:00 -0500] "POST /sipse/faces/presentacion/parametrica/generales/listarGenerales.xhtml HTTP/1.1" 200 40929
186.80.83.77 - - [31/Mar/2022:10:05:00 -0500] "POST /sipse/faces/presentacion/parametrica/generales/listarGenerales.xhtml HTTP/1.1" 200 40929
186.80.83.77 - - [31/Mar/2022:10:05:00 -0500] "POST /sipse/faces/presentacion/parametrica/generales/listarGenerales.xhtml HTTP/1.1" 200 40929
186.80.83.77 - - [31/Mar/2022:10:05:00 -0500] "POST /sipse/faces/presentacion/parametrica/generales/listarGenerales.xhtml HTTP/1.1" 200 40929
186.80.83.77 - - [31/Mar/2022:10:05:02 -0500] "POST /sipse/faces/presentacion/parametrica/generales/listarGenerales.xhtml HTTP/1.1" 200 41445
186.80.83.77 - - [31/Mar/2022:10:05:02 -0500] "POST /sipse/faces/presentacion/parametrica/generales/listarGenerales.xhtml HTTP/1.1" 200 41445
186.80.83.77 - - [31/Mar/2022:10:05:02 -0500] "POST /sipse/faces/presentacion/parametrica/generales/listarGenerales.xhtml HTTP/1.1" 200 41445
186.80.83.77 - - [31/Mar/2022:10:05:02 -0500] "POST /sipse/faces/presentacion/parametrica/generales/listarGenerales.xhtml HTTP/1.1" 200 41445
186.80.83.77 - - [31/Mar/2022:10:05:02 -0500] "POST /sipse/faces/presentacion/parametrica/generales/listarGenerales.xhtml HTTP/1.1" 200 41445
186.80.83.77 - - [31/Mar/2022:10:05:03 -0500] "POST /sipse/faces/presentacion/parametrica/generales/listarGenerales.xhtml HTTP/1.1" 200 41445
186.80.83.77 - - [31/Mar/2022:10:05:03 -0500] "POST /sipse/faces/presentacion/parametrica/generales/listarGenerales.xhtml HTTP/1.1" 200 41445
186.80.83.77 - - [31/Mar/2022:10:05:04 -0500] "POST /sipse/faces/presentacion/parametrica/generales/listarGenerales.xhtml HTTP/1.1" 200 41428
186.80.83.77 - - [31/Mar/2022:10:05:04 -0500] "POST /sipse/faces/presentacion/parametrica/generales/listarGenerales.xhtml HTTP/1.1" 200 41428
186.80.83.77 - - [31/Mar/2022:10:05:05 -0500] "POST /sipse/faces/presentacion/parametrica/generales/listarGenerales.xhtml HTTP/1.1" 200 41428
186.80.83.77 - - [31/Mar/2022:10:05:05 -0500] "POST /sipse/faces/presentacion/parametrica/generales/listarGenerales.xhtml HTTP/1.1" 200 41428
186.80.83.77 - - [31/Mar/2022:10:05:05 -0500] "POST /sipse/faces/presentacion/parametrica/generales/listarGenerales.xhtml HTTP/1.1" 200 41428
186.80.83.77 - - [31/Mar/2022:10:05:05 -0500] "POST /sipse/faces/presentacion/parametrica/generales/listarGenerales.xhtml HTTP/1.1" 200 41428
186.80.83.77 - - [31/Mar/2022:10:05:05 -0500] "POST /sipse/faces/presentacion/parametrica/generales/listarGenerales.xhtml HTTP/1.1" 200 41428
200.118.64.109 - - [31/Mar/2022:10:05:24 -0500] "POST /forms/lservlet;jsessionid=ac16012b30d6163f8022814d4407be70d6c5f0466ff5.e3iSbxaKaheRe34Sc38RahyRchr0n6jAmljGr5XDqQLvpAe HTTP/1.1" 200 2
172.22.2.4 - - [31/Mar/2022:10:05:31 -0500] "GET /BLA/boletinlegal/actos.php HTTP/1.1" 200 9555
172.22.2.4 - - [31/Mar/2022:10:05:49 -0500] "GET /BLA/boletinlegal/consulta_actos.php?tipo=resoluciones&no=0381&usuario=&sector=&fecha=2021&resuelve= HTTP/1.1" 200 1111
172.22.2.4 - - [31/Mar/2022:10:05:26 -0500] "GET /BLA/boletinlegal/ HTTP/1.1" 200 24523
40.77.167.61 - - [31/Mar/2022:10:06:15 -0500] "GET / HTTP/1.1" 200 319
172.22.2.4 - - [31/Mar/2022:10:06:18 -0500] "GET /BLA/boletinlegal/consulta_actos.php?tipo=resoluciones&no=2396&usuario=&sector=&fecha=2021&resuelve= HTTP/1.1" 200 1127
186.80.83.77 - - [31/Mar/2022:10:06:25 -0500] "GET /sipsesda/faces/vista/sistema/cargarMenu.jspx?accionMenu=listadoCampo&menuID=135 HTTP/1.1" 200 33164
186.80.83.77 - - [31/Mar/2022:10:06:25 -0500] "GET /favicon.ico HTTP/1.1" 200 7782
186.80.83.77 - - [31/Mar/2022:10:06:25 -0500] "POST /sipsesda/faces/vista/sistema/cargarMenu.jspx HTTP/1.1" 200 44993
200.118.64.109 - - [31/Mar/2022:10:06:34 -0500] "POST /forms/lservlet;jsessionid=ac16012b30d6163f8022814d4407be70d6c5f0466ff5.e3iSbxaKaheRe34Sc38RahyRchr0n6jAmljGr5XDqQLvpAe HTTP/1.1" 200 2
200.118.64.109 - - [31/Mar/2022:10:06:34 -0500] "POST /forms/lservlet;jsessionid=ac16012b30d6163f8022814d4407be70d6c5f0466ff5.e3iSbxaKaheRe34Sc38RahyRchr0n6jAmljGr5XDqQLvpAe HTTP/1.1" 200 14
200.118.64.109 - - [31/Mar/2022:10:06:36 -0500] "POST /forms/lservlet;jsessionid=ac16012b30d6163f8022814d4407be70d6c5f0466ff5.e3iSbxaKaheRe34Sc38RahyRchr0n6jAmljGr5XDqQLvpAe HTTP/1.1" 200 14
200.118.64.109 - - [31/Mar/2022:10:06:37 -0500] "POST /forms/lservlet;jsessionid=ac16012b30d6163f8022814d4407be70d6c5f0466ff5.e3iSbxaKaheRe34Sc38RahyRchr0n6jAmljGr5XDqQLvpAe HTTP/1.1" 200 14
200.118.64.109 - - [31/Mar/2022:10:06:38 -0500] "POST /forms/lservlet;jsessionid=ac16012b30d6163f8022814d4407be70d6c5f0466ff5.e3iSbxaKaheRe34Sc38RahyRchr0n6jAmljGr5XDqQLvpAe HTTP/1.1" 200 14
200.118.64.109 - - [31/Mar/2022:10:06:40 -0500] "POST /forms/lservlet;jsessionid=ac16012b30d6163f8022814d4407be70d6c5f0466ff5.e3iSbxaKaheRe34Sc38RahyRchr0n6jAmljGr5XDqQLvpAe HTTP/1.1" 200 15
200.118.64.109 - - [31/Mar/2022:10:06:43 -0500] "POST /forms/lservlet;jsessionid=ac16012b30d6163f8022814d4407be70d6c5f0466ff5.e3iSbxaKaheRe34Sc38RahyRchr0n6jAmljGr5XDqQLvpAe HTTP/1.1" 200 15
200.118.64.109 - - [31/Mar/2022:10:06:47 -0500] "POST /forms/lservlet;jsessionid=ac16012b30d6163f8022814d4407be70d6c5f0466ff5.e3iSbxaKaheRe34Sc38RahyRchr0n6jAmljGr5XDqQLvpAe HTTP/1.1" 200 15
200.118.64.109 - - [31/Mar/2022:10:06:55 -0500] "POST /forms/lservlet;jsessionid=ac16012b30d6163f8022814d4407be70d6c5f0466ff5.e3iSbxaKaheRe34Sc38RahyRchr0n6jAmljGr5XDqQLvpAe HTTP/1.1" 200 107
200.118.64.109 - - [31/Mar/2022:10:06:55 -0500] "POST /forms/lservlet;jsessionid=ac16012b30d6163f8022814d4407be70d6c5f0466ff5.e3iSbxaKaheRe34Sc38RahyRchr0n6jAmljGr5XDqQLvpAe HTTP/1.1" 200 2
200.118.64.109 - - [31/Mar/2022:10:06:55 -0500] "GET /reports/rwservlet/getjobid73922?server=repnomi HTTP/1.1" 200 8123657
190.146.117.130 - - [31/Mar/2022:10:07:01 -0500] "GET /galeria/galeria/jquery.fancybox.css?v=2.1.5 HTTP/1.1" 200 4895
190.146.117.130 - - [31/Mar/2022:10:07:01 -0500] "GET /BLA/boletinlegal/js/jquery.scrollShow.js HTTP/1.1" 200 4586
190.146.117.130 - - [31/Mar/2022:10:07:01 -0500] "GET /galeria/galeria/jquery.fancybox.js?v=2.1.5 HTTP/1.1" 200 48706
172.22.2.4 - - [31/Mar/2022:10:07:12 -0500] "GET /BLA/boletinlegal/consulta_actos.php?tipo=autos&no=3609&usuario=&sector=&fecha=2018&resuelve= HTTP/1.1" 200 1040
201.245.192.253 - - [31/Mar/2022:10:07:28 -0500] "POST /sipse/faces/presentacion/financiero/solicitudProceso/consultarSolicitudProceso.xhtml HTTP/1.1" 200 40280
186.102.85.184 - - [31/Mar/2022:10:07:28 -0500] "OPTIONS /kwssiamovil/sm/setfile/f? HTTP/1.1" 200 13
201.245.192.253 - - [31/Mar/2022:10:07:28 -0500] "GET /sipse/faces/javax.faces.resource/jquery/jquery.js?ln=primefaces&v=4.0 HTTP/1.1" 304 -
201.245.192.253 - - [31/Mar/2022:10:07:28 -0500] "GET /sipse/faces/javax.faces.resource/jquery/jquery-plugins.js?ln=primefaces&v=4.0 HTTP/1.1" 304 -
201.245.192.253 - - [31/Mar/2022:10:07:28 -0500] "GET /sipse/faces/javax.faces.resource/primefaces.js?ln=primefaces&v=4.0 HTTP/1.1" 304 -
201.245.192.253 - - [31/Mar/2022:10:07:28 -0500] "GET /sipse/faces/javax.faces.resource/layout/layout.js?ln=primefaces&v=4.0 HTTP/1.1" 304 -
186.102.85.184 - - [31/Mar/2022:10:07:28 -0500] "POST /kwssiamovil/sm/setfile/f? HTTP/1.1" 200 381
186.102.85.184 - - [31/Mar/2022:10:07:33 -0500] "OPTIONS /kwssiamovil/sm/setfile/f? HTTP/1.1" 200 13
201.245.192.253 - - [31/Mar/2022:10:07:33 -0500] "POST /sipse/faces/presentacion/financiero/modificacionContrato/cargarModifiacion.xhtml HTTP/1.1" 200 5359
200.118.64.109 - - [31/Mar/2022:10:07:34 -0500] "POST /forms/lservlet;jsessionid=ac16012b30d6163f8022814d4407be70d6c5f0466ff5.e3iSbxaKaheRe34Sc38RahyRchr0n6jAmljGr5XDqQLvpAe HTTP/1.1" 200 2
35.223.167.57 - - [31/Mar/2022:10:07:36 -0500] "HEAD / HTTP/1.1" 200 -
186.102.85.184 - - [31/Mar/2022:10:07:33 -0500] "POST /kwssiamovil/sm/setfile/f? HTTP/1.1" 200 381
201.245.192.253 - - [31/Mar/2022:10:07:37 -0500] "POST /sipse/faces/presentacion/financiero/modificacionContrato/cargarModifiacion.xhtml HTTP/1.1" 200 5452
35.223.167.57 - - [31/Mar/2022:10:07:37 -0500] "GET /wp-login.php HTTP/1.1" 404 1199
186.102.85.184 - - [31/Mar/2022:10:07:37 -0500] "OPTIONS /kwssiamovil/sm/setfile/f? HTTP/1.1" 200 13
186.80.83.77 - - [31/Mar/2022:10:07:38 -0500] "POST /sipse/faces/presentacion/parametrica/generales/listarGenerales.xhtml HTTP/1.1" 200 41445
186.80.83.77 - - [31/Mar/2022:10:07:38 -0500] "POST /sipse/faces/presentacion/parametrica/generales/listarGenerales.xhtml HTTP/1.1" 200 41445
186.80.83.77 - - [31/Mar/2022:10:07:39 -0500] "POST /sipse/faces/presentacion/parametrica/generales/listarGenerales.xhtml HTTP/1.1" 200 41445
35.223.167.57 - - [31/Mar/2022:10:07:39 -0500] "GET /wordpress/wp-login.php HTTP/1.1" 404 1199
186.80.83.77 - - [31/Mar/2022:10:07:39 -0500] "POST /sipse/faces/presentacion/parametrica/generales/listarGenerales.xhtml HTTP/1.1" 200 41445
186.80.83.77 - - [31/Mar/2022:10:07:39 -0500] "POST /sipse/faces/presentacion/parametrica/generales/listarGenerales.xhtml HTTP/1.1" 200 41445
186.80.83.77 - - [31/Mar/2022:10:07:39 -0500] "POST /sipse/faces/presentacion/parametrica/generales/listarGenerales.xhtml HTTP/1.1" 200 41445
186.80.83.77 - - [31/Mar/2022:10:07:39 -0500] "POST /sipse/faces/presentacion/parametrica/generales/listarGenerales.xhtml HTTP/1.1" 200 41445
35.223.167.57 - - [31/Mar/2022:10:07:39 -0500] "GET /blog/wp-login.php HTTP/1.1" 404 1199
186.102.85.184 - - [31/Mar/2022:10:07:37 -0500] "POST /kwssiamovil/sm/setfile/f? HTTP/1.1" 200 381
186.102.85.184 - - [31/Mar/2022:10:07:40 -0500] "OPTIONS /kwssiamovil/sm/setfile/f? HTTP/1.1" 200 13
35.223.167.57 - - [31/Mar/2022:10:07:41 -0500] "GET /wp/wp-login.php HTTP/1.1" 404 1199
186.102.85.184 - - [31/Mar/2022:10:07:41 -0500] "POST /kwssiamovil/sm/setfile/f? HTTP/1.1" 200 381
186.102.85.184 - - [31/Mar/2022:10:07:45 -0500] "OPTIONS /kwssiamovil/sm/setfile/f? HTTP/1.1" 200 13
186.102.85.184 - - [31/Mar/2022:10:07:45 -0500] "POST /kwssiamovil/sm/setfile/f? HTTP/1.1" 200 381
186.102.85.184 - - [31/Mar/2022:10:07:58 -0500] "GET /kwssiamovil/sm/acme/a?s=U2FsdGVkX19Ka8NSuZ/GxBx4MIv8pHZsHhxMMPqV71VdBmgEDIyW9VLDfYBfP39tksstcQ0qmuVcOLDM5/3YKX43L0CHb3sipLfzZfTQdzInW6wTuRUKfge8483X5oOExSMd78eCJ6TBbXniyWmtNsC7+GIjhLOVaWDwhfFa0kjW867Fg1tgx0caZKOVak8r6Orzhlp6lYXlLY60wsOBa0+uSzhB26wZqn9BmKR5E9nCg8Le+41dIPfBvKbdofC7HTkRXu4uETAPW9bzQnSqhA==&u=U2FsdGVkX18C10kTGSdK1JMg5laOzXtGOgQUXgYPTtk=&y=U2FsdGVkX1/67PONCuASta4QlfyvAqXE8n+ALqwPcMs= HTTP/1.1" 200 25
201.245.192.253 - - [31/Mar/2022:10:07:58 -0500] "POST /sipse/faces/presentacion/financiero/modificacionContrato/cargarModifiacion.xhtml HTTP/1.1" 200 5516
186.102.85.184 - - [31/Mar/2022:10:07:58 -0500] "GET /kwssiamovil/sm/acme/a?s=U2FsdGVkX1/sp+0MQ3uWX6sulv0utm670dBM4t1r49kNIcsxd02mXqiu9ORY8bNx3x2d+vsP9YOZecZPfHnSCGZn2bMMNKRjtK5IpM8u7dRQY7kyn/mYrCBg+3qbmEuBxce86kCx85IukuLuYfMMLmU3dloYW9HpwKfn6nfDPMzN0QmEerVNWv8nPy+w8XZkfV2Y8z4ve2ucjpuWagk+StfuzTIqcjiEpOLdaE0SUlUMVPtFr2xElHaKwMnMiEJmuAcHDZR+H1RHLRlBYqxlzU67GGxpzQ7NHEgRc9RnJ69S5QZXd3XyEILb4+Q+vX4S6udhwOyt117liKzezf/4UHS8M8/ncMfpWqm/q5u9Ul/w26WjbuswCcw9rceaqNjxj/xLzfie3UwcbP4/EqEJFJoRhvRh8t/TbL2WA0oq63RbDvSk4iPBymuDlmFOWOUu2gIWPk4nz4RU59enMB5wxFgkus6byZreSuuJhQSWozXy6sgfLe31aGoGG/qS9NF9dFlRqUSgIpkh0/s0EtOCFp7U3qZe8wBQe4hUF8HOfUNAETQebfOhTdzwE7sNxgH19sNSI3OF1Kyfd7UD3q55VheklYXIqROYHmhW+OWdX2A/hQ4qybtph4BYeO/g73m0Ofv5Rfpi8A3DHtyYvtWES9HEtZvQtAJ88OdhzRFJEDgQiuyn5KiM9p5JcBk9g3FgrdMfQvkFJSJDBnPj+9oDsqYGYHuNSFjQtdn4blPV+BD+rBzAbR4/henwnq1ArfrwvtY123Uz5cFskq59azHqVcHBTvM9Rf9v7wjTx7fx00wmkLpuUP5IgQ0bDI8XzKlVXZT/wxwuVPsiaGmPfP2SGSvHksUQ1apdojullWkB5rm44dMtO7eZ8Udp9VavnyoRH6HKWsidLfBqOmcJiNWIw+QrrqtLRV78yclagHKOziQ6OQFM/njNicT6WjXDnqnb7hBC1MUS5ogaQ4gcS7CyHhp03XhjhOQizM0ApgBH10neBtAYtt+KH38yZF57Wgd4U4EBVIDmZQkfDir7ErUf2F+gqIcoqqGiuKgvGh4FTLAmzLwnz+K1rEGRpuXaNgDhcmVq0cavwh9Kn2n9AYjKGtw3Dj2F7dH9HdKN37M4eMy43FKSW6nZ8rCWTrJ6BfuwgKZriinF55ZpXOqtkGc+cpLYfwu1SDRo6U8FnDzL3Dj2fmwOmzltXkhdouDehgI2e6U7fjbvqjif8u+FO4pQR4sa0tXs4A01o9UvnTz1HpnMtAjFaIydA/VVFvZhlgw3gequs/yLaGNPYTBSJuzjPCAf7UcY6WFqnf8TwXU5l88=&u=U2FsdGVkX18C10kTGSdK1JMg5laOzXtGOgQUXgYPTtk=&y=U2FsdGVkX1/67PONCuASta4QlfyvAqXE8n+ALqwPcMs= HTTP/1.1" 200 25
186.102.85.184 - - [31/Mar/2022:10:07:58 -0500] "GET /kwssiamovil/sm/acme/a?s=U2FsdGVkX1/Cq1VhxNefW2SINeBPKOhY6xA95T9XntY7CAclHZX7dgSY/VJDY/QkZkawuSmVGyc4VEyqYZ/NoyE9vvklojt6I/Y8t33v9VqDKmKF4OcfBdQVHqjmObpFOyejHp3vEtW6P9WBWuUduPYkpQUkonQH6pFxM6nz1o4=&u=U2FsdGVkX18C10kTGSdK1JMg5laOzXtGOgQUXgYPTtk=&y=U2FsdGVkX1/67PONCuASta4QlfyvAqXE8n+ALqwPcMs= HTTP/1.1" 200 25
186.102.85.184 - - [31/Mar/2022:10:07:59 -0500] "GET /kwssiamovil/sm/acme/a?s=U2FsdGVkX19UoybvUxp0dWurz89DoD8mN+56+G7gJddErrGmYO8AxCCQenaitNZ2z+dTwlHK5j1qp8yI7sx5hWBEnEUXJ63+U1jqoDwaLR9ri6z467faROvBQ8sbHJDG2hvQpgxl5tXfu1YA5gdlkRFU6FTWJ7F8WUkqaC6ku4I=&u=U2FsdGVkX18C10kTGSdK1JMg5laOzXtGOgQUXgYPTtk=&y=U2FsdGVkX1/67PONCuASta4QlfyvAqXE8n+ALqwPcMs= HTTP/1.1" 200 25
186.102.85.184 - - [31/Mar/2022:10:07:59 -0500] "GET /kwssiamovil/sm/acme/a?s=U2FsdGVkX19DjaY3CN4NJR2YvuswOC3GS7K1pVMXH/CdB/yMFN++zgawRQ0E3fSTWar7X7+HIuOpblwdAl4LQ0WZY9+hiwPsLqxn856tJPbDgLJXnvHlopq5y2ednC5Q7ngpdtzW3CljNNNnzxTJ2dLoAA040lJDZil+i2nTWtM=&u=U2FsdGVkX18C10kTGSdK1JMg5laOzXtGOgQUXgYPTtk=&y=U2FsdGVkX1/67PONCuASta4QlfyvAqXE8n+ALqwPcMs= HTTP/1.1" 200 25
200.118.64.109 - - [31/Mar/2022:10:07:59 -0500] "POST /forms/lservlet;jsessionid=ac16012b30d6163f8022814d4407be70d6c5f0466ff5.e3iSbxaKaheRe34Sc38RahyRchr0n6jAmljGr5XDqQLvpAe HTTP/1.1" 200 2
186.102.85.184 - - [31/Mar/2022:10:07:59 -0500] "GET /kwssiamovil/sm/acme/a?s=U2FsdGVkX1+Poh2XGeWwlrHRR1kyGXYhPpllqJg0t0bPr1Lrp222sJFgv6sOkN9cBmvcK8MBiBmxbkTLdpNbX9nG55KxPgaWoXDSEj+IYnw/+AllmxMn0cPR0AXd42wBAxhEQGjyfUujvTNwF1++QP16TC7N59RFY0yx6vrriZ6i65KNTEUG+WnnlbR8Hsxs&u=U2FsdGVkX18C10kTGSdK1JMg5laOzXtGOgQUXgYPTtk=&y=U2FsdGVkX1/67PONCuASta4QlfyvAqXE8n+ALqwPcMs= HTTP/1.1" 200 25
186.102.85.184 - - [31/Mar/2022:10:07:59 -0500] "GET /kwssiamovil/sm/acme/a?s=U2FsdGVkX18o4l8qojB0Gvp2FXWRyifYVJZ+xdXhI+k1ua9iDsQViUrW1hZKLMT5Ca/tjp6rlKifKvs/r6o6R6wGsjHaDUl7L8ycCmP0S/gI3eF2RhHQIlnH7euyQRYbot1WJTIHEW9huE/qB//B7ncEEvtqxNmC6MLyMOLk9VKMkmcNJOq6XfFyAxN/W8jCma7DhJMMiij5TM3JMv4LJJhP9sAYgnth+OQR9b8ZLoY=&u=U2FsdGVkX18C10kTGSdK1JMg5laOzXtGOgQUXgYPTtk=&y=U2FsdGVkX1/67PONCuASta4QlfyvAqXE8n+ALqwPcMs= HTTP/1.1" 200 25
186.102.85.184 - - [31/Mar/2022:10:08:00 -0500] "GET /kwssiamovil/sm/acme/a?s=U2FsdGVkX1+OnVOnzhOCqjjPmA9Vb0ynNk35bNR+id2KXNruw+kYIOF+df+9CkduazgoxmbkifN9hBbsxOrJst0/tdi+WXbPmgDD5eAtcr1QRcEyAXzyS7aENF1k+hGBl7w+guMYBT4Jm6WVK1arwBBhgej5oltujaTJimfTfOc2CKimKV9MW9j0XNUSGGhFDyAqRu4MLUxR3V8Bhggx5Q==&u=U2FsdGVkX18C10kTGSdK1JMg5laOzXtGOgQUXgYPTtk=&y=U2FsdGVkX1/67PONCuASta4QlfyvAqXE8n+ALqwPcMs= HTTP/1.1" 200 25
186.102.85.184 - - [31/Mar/2022:10:08:00 -0500] "GET /kwssiamovil/sm/acme/a?s=U2FsdGVkX18w4A58pSq9z3P4oI1GavjT4+yoo+qZtzeg6kSzzjDGq3m+PKgrYTOmlT2s7UInEDQ1Oc5hMXLRNTSHVAzx0cz4RpamVZibNp8rPt81pOc270ETnrBBbX2AIXtlJoVf1svJ/tpQjxGhXkwtiKDRk0u0xYPHBR+Nq9gSzB+VbVWNfCdztHjEaVO0qLc2www1tJlRFfR0u13AHIKBe1agYUzs7j1b40br+Qc=&u=U2FsdGVkX18C10kTGSdK1JMg5laOzXtGOgQUXgYPTtk=&y=U2FsdGVkX1/67PONCuASta4QlfyvAqXE8n+ALqwPcMs= HTTP/1.1" 200 25
200.118.64.109 - - [31/Mar/2022:10:07:59 -0500] "POST /forms/lservlet;jsessionid=ac16012b30d6163f8022814d4407be70d6c5f0466ff5.e3iSbxaKaheRe34Sc38RahyRchr0n6jAmljGr5XDqQLvpAe HTTP/1.1" 200 14
186.102.85.184 - - [31/Mar/2022:10:08:00 -0500] "GET /kwssiamovil/sm/acme/a?s=U2FsdGVkX1/a7T/ghWanFrb5qfj0eVWGyw8131/gl6DafuwyRyX00dCtue84pfYJft3IBM0sONtV9oH5d+f8yp4G0lpmltYG8ZO3oiIYNRreo3zTTy0SQbwYB93fXMvyLHgJ5384IrEfXN+sTnxKsmRlaqU5uUpt4HG6mS1fU7hY7LudVzPdhgDapaOXI8U7g+yrRLZop9YXcgslMBkdQA==&u=U2FsdGVkX18C10kTGSdK1JMg5laOzXtGOgQUXgYPTtk=&y=U2FsdGVkX1/67PONCuASta4QlfyvAqXE8n+ALqwPcMs= HTTP/1.1" 200 25
186.102.85.184 - - [31/Mar/2022:10:08:01 -0500] "GET /kwssiamovil/sm/acme/a?s=U2FsdGVkX1/azad8R45EJDYwUpxKYrjt0rbYSP/4fNAHWoQUZ0dKwC7CcV4CqfxFgG7gIXrqHLYMAQBo/SIw9238kXjX25eebc2BSq9D7b2nJiX7g81UBa2SaDHiumyohmvXRZdR2qW4xaVTFAlGfeDtpY+D/Zll6pFKUugFkoYCwkAB8YzgAnolcIrYJX5L1RF2K5beU4k/WTkbEbskeIpmJx3EA6rJ2nGKcwApFCE=&u=U2FsdGVkX18C10kTGSdK1JMg5laOzXtGOgQUXgYPTtk=&y=U2FsdGVkX1/67PONCuASta4QlfyvAqXE8n+ALqwPcMs= HTTP/1.1" 200 25
186.102.85.184 - - [31/Mar/2022:10:08:01 -0500] "GET /kwssiamovil/sm/acme/a?s=U2FsdGVkX18s+lfTBZX3t8p4Oo6z5K6JDH4eaDTl/9SFyCWK/vEo06n9rHaHVBi80VQUPYLJmaNyNwB3oZESfA1fSEYCoTQNeOoIT6rYwGhN1vmrnPmd+sncaL6q5/+bbjh+tlrangde6ts5Srj+ueoxqAqaY4dmcRUz4/v+kQ7kebBzwGO3QCQYJcrVSCllz+fUsYWvuAFMTVJ/epFwPQ==&u=U2FsdGVkX18C10kTGSdK1JMg5laOzXtGOgQUXgYPTtk=&y=U2FsdGVkX1/67PONCuASta4QlfyvAqXE8n+ALqwPcMs= HTTP/1.1" 200 25
186.102.85.184 - - [31/Mar/2022:10:08:01 -0500] "GET /kwssiamovil/sm/acme/a?s=U2FsdGVkX1+YG5pzqB9Cdtr8RHlE915wOAUqcmqM4IxmU4dIgnu82/3blz1yn3IiOWE6c4uOFPhuXXYQmSNpSUq7pr36Clq0KYRqYKpOFzqm4l5csVyki3BE1wz9FDDb6Qp5jJxr5bQVYtoJYQV3tzSPmm+/0k2A2E/WJanDt1H6TsnMWinAloCmzvLjUZ/VlonEbEB32lWHH4bOfM3BFA==&u=U2FsdGVkX18C10kTGSdK1JMg5laOzXtGOgQUXgYPTtk=&y=U2FsdGVkX1/67PONCuASta4QlfyvAqXE8n+ALqwPcMs= HTTP/1.1" 200 25
200.118.64.109 - - [31/Mar/2022:10:08:00 -0500] "POST /forms/lservlet;jsessionid=ac16012b30d6163f8022814d4407be70d6c5f0466ff5.e3iSbxaKaheRe34Sc38RahyRchr0n6jAmljGr5XDqQLvpAe HTTP/1.1" 200 14
186.102.85.184 - - [31/Mar/2022:10:08:01 -0500] "GET /kwssiamovil/sm/acme/a?s=U2FsdGVkX18o6kSlY/2s40hxxN8/jklQFKJjZ7MgPm5C/FfEhwMYzQJmdK3267osl7mBgZ2buI6pa+ZjHeD1tsMDA927CeKs+jZm22GuoK6E16b1dmHYqDiPKcARrfZBCAKBFQWwClSWx8YkPADVh/sM0eN7V+vrVcCKS7jrN4hPilBiUpCGxVCUk+fSalwr&u=U2FsdGVkX18C10kTGSdK1JMg5laOzXtGOgQUXgYPTtk=&y=U2FsdGVkX1/67PONCuASta4QlfyvAqXE8n+ALqwPcMs= HTTP/1.1" 200 25
200.118.64.109 - - [31/Mar/2022:10:08:02 -0500] "POST /forms/lservlet;jsessionid=ac16012b30d6163f8022814d4407be70d6c5f0466ff5.e3iSbxaKaheRe34Sc38RahyRchr0n6jAmljGr5XDqQLvpAe HTTP/1.1" 200 107
186.102.85.184 - - [31/Mar/2022:10:08:02 -0500] "GET /kwssiamovil/sm/acme/a?s=U2FsdGVkX1/YyYjifkboR1EH4Ecb7bmNXo0GvOkvZNyAbc3hYnbUu6W500rT49ZIbKGr1cFKtls+IEqZmtWHy3T9NaYlEoUjEPKpcJsM77PfKl675DSsRRpGVvoY46iFF9t6poUSkFos91i9RkPbhBerriEK/RvW+EYrFioSn0v9EHSZJj22HHcOkw1mhh1Ksy+tUeD2FPFlpR8jMZgPIA==&u=U2FsdGVkX18C10kTGSdK1JMg5laOzXtGOgQUXgYPTtk=&y=U2FsdGVkX1/67PONCuASta4QlfyvAqXE8n+ALqwPcMs= HTTP/1.1" 200 25
200.118.64.109 - - [31/Mar/2022:10:08:02 -0500] "POST /forms/lservlet;jsessionid=ac16012b30d6163f8022814d4407be70d6c5f0466ff5.e3iSbxaKaheRe34Sc38RahyRchr0n6jAmljGr5XDqQLvpAe HTTP/1.1" 200 2
200.118.64.109 - - [31/Mar/2022:10:08:02 -0500] "GET /reports/rwservlet/getjobid73923?server=repnomi HTTP/1.1" 200 58471
186.102.85.184 - - [31/Mar/2022:10:08:02 -0500] "GET /kwssiamovil/sm/acme/a?s=U2FsdGVkX1+Hjp8iUon96q+SwGv0ELqEGOjrdgDrWltSPGwrlews8CuuG4X4T/EjdK0QoKww6loVEVhYjNhQi44JAGDxWg27SU4tzpLv8lS2l5a9OIbWwxmJCZDIPVluQitTVnnI49ZWbcvI1l4jlLth4RLxdkjgBWUPuhIRmxsjZlTt6uQ+B5VWegg1PxSq2KYi/A/TS4ZGtU5/bcVhyg==&u=U2FsdGVkX18C10kTGSdK1JMg5laOzXtGOgQUXgYPTtk=&y=U2FsdGVkX1/67PONCuASta4QlfyvAqXE8n+ALqwPcMs= HTTP/1.1" 200 25
172.22.2.4 - - [31/Mar/2022:10:08:03 -0500] "GET /BLA/boletinlegal/consulta_actos.php?tipo=resoluciones&no=2648&usuario=&sector=&fecha=2021&resuelve= HTTP/1.1" 200 1157
172.22.2.4 - - [31/Mar/2022:10:06:29 -0500] "HEAD /BLA/boletinlegal/ HTTP/1.1" 200 -
192.168.169.18 - - [31/Mar/2022:10:08:23 -0500] "GET /BLA/boletinlegal/style.css HTTP/1.1" 200 9406
192.168.169.18 - - [31/Mar/2022:10:08:23 -0500] "GET /BLA/boletinlegal/js/jquery.scrollTo-min.js HTTP/1.1" 200 1150
192.168.169.18 - - [31/Mar/2022:10:08:23 -0500] "GET /BLA/boletinlegal/styles2.css HTTP/1.1" 200 1838
192.168.169.18 - - [31/Mar/2022:10:08:23 -0500] "GET /BLA/boletinlegal/js/jquery.scrollShow.js HTTP/1.1" 200 4586
192.168.169.18 - - [31/Mar/2022:10:08:23 -0500] "GET /BLA/boletinlegal/js/jquery.js HTTP/1.1" 200 57254
192.168.169.18 - - [31/Mar/2022:10:08:23 -0500] "GET /BLA/boletinlegal/images/cabezote%20BLEGAL.jpg HTTP/1.1" 200 118164
192.168.169.18 - - [31/Mar/2022:10:08:23 -0500] "GET /BLA/boletinlegal/images/subscribe-icon-big.png HTTP/1.1" 200 47702
192.168.169.18 - - [31/Mar/2022:10:08:23 -0500] "GET /BLA/boletinlegal/images/registro-usuarios.png HTTP/1.1" 200 8106
192.168.169.18 - - [31/Mar/2022:10:08:23 -0500] "GET /BLA/boletinlegal/images/historia.png HTTP/1.1" 200 52775
192.168.169.18 - - [31/Mar/2022:10:08:23 -0500] "GET /BLA/boletinlegal/images/arr_l.jpg HTTP/1.1" 200 1979
192.168.169.18 - - [31/Mar/2022:10:08:23 -0500] "GET /BLA/boletinlegal/images/screen_1.png HTTP/1.1" 200 202547
192.168.169.18 - - [31/Mar/2022:10:08:23 -0500] "GET /BLA/boletinlegal/images/launch.jpg HTTP/1.1" 200 14577
192.168.169.18 - - [31/Mar/2022:10:08:23 -0500] "GET /BLA/boletinlegal/images/body_bg.jpg HTTP/1.1" 200 1601
192.168.169.18 - - [31/Mar/2022:10:08:23 -0500] "GET /BLA/boletinlegal/images/menu_lft.gif HTTP/1.1" 200 1713
192.168.169.18 - - [31/Mar/2022:10:08:23 -0500] "GET /BLA/boletinlegal/images/menu_rght.gif HTTP/1.1" 200 1627
192.168.169.18 - - [31/Mar/2022:10:08:23 -0500] "GET /BLA/boletinlegal/images/bg_top.jpg HTTP/1.1" 200 522
192.168.169.18 - - [31/Mar/2022:10:08:23 -0500] "GET /BLA/boletinlegal/images/menu_bg.jpg HTTP/1.1" 200 620
192.168.169.18 - - [31/Mar/2022:10:08:23 -0500] "GET /BLA/boletinlegal/images/text.jpg HTTP/1.1" 200 568
192.168.169.18 - - [31/Mar/2022:10:08:23 -0500] "GET /BLA/boletinlegal/images/hover.jpg HTTP/1.1" 200 640
192.168.169.18 - - [31/Mar/2022:10:08:25 -0500] "GET /BLA/boletinlegal/actos.php HTTP/1.1" 200 9555
192.168.169.18 - - [31/Mar/2022:10:08:25 -0500] "GET /BLA/boletinlegal/niceforms.js HTTP/1.1" 200 22876
192.168.169.18 - - [31/Mar/2022:10:08:25 -0500] "GET /BLA/boletinlegal/js/lib.js HTTP/1.1" 200 6474
192.168.169.18 - - [31/Mar/2022:10:08:25 -0500] "GET /BLA/boletinlegal/js/popup.js HTTP/1.1" 200 1270
192.168.169.18 - - [31/Mar/2022:10:08:25 -0500] "GET /BLA/boletinlegal/js/jquery1.js HTTP/1.1" 200 29846
192.168.169.18 - - [31/Mar/2022:10:08:25 -0500] "GET /BLA/boletinlegal/js/ajax_actos.js HTTP/1.1" 200 1322
192.168.169.18 - - [31/Mar/2022:10:08:25 -0500] "GET /BLA/boletinlegal/images/green-yellow-blue-pink-th.png HTTP/1.1" 200 7394
192.168.169.18 - - [31/Mar/2022:10:08:25 -0500] "GET /BLA/boletinlegal/images/abajo.png HTTP/1.1" 200 96676
192.168.169.18 - - [31/Mar/2022:10:08:25 -0500] "GET /BLA/boletinlegal/images/tel.png HTTP/1.1" 200 14477
192.168.169.18 - - [31/Mar/2022:10:08:25 -0500] "GET /BLA/boletinlegal/images/icono-email.png HTTP/1.1" 200 5544
192.168.169.18 - - [31/Mar/2022:10:08:25 -0500] "GET /BLA/boletinlegal/images/footer_bg.jpg HTTP/1.1" 200 586
192.168.169.18 - - [31/Mar/2022:10:08:25 -0500] "GET /BLA/boletinlegal/images/footer_bg_l.jpg HTTP/1.1" 200 776
192.168.169.18 - - [31/Mar/2022:10:08:25 -0500] "GET /BLA/boletinlegal/img/0.png HTTP/1.1" 200 110
192.168.169.18 - - [31/Mar/2022:10:08:25 -0500] "GET /BLA/boletinlegal/img/select-left.png HTTP/1.1" 200 263
192.168.169.18 - - [31/Mar/2022:10:08:25 -0500] "GET /BLA/boletinlegal/img/select-right.png HTTP/1.1" 200 44019
192.168.169.18 - - [31/Mar/2022:10:08:25 -0500] "GET /BLA/boletinlegal/img/button-left.png HTTP/1.1" 200 57071
192.168.169.18 - - [31/Mar/2022:10:08:25 -0500] "GET /BLA/boletinlegal/img/button.png HTTP/1.1" 200 43241
192.168.169.18 - - [31/Mar/2022:10:08:25 -0500] "GET /BLA/boletinlegal/img/button-right.png HTTP/1.1" 200 57878
172.22.2.4 - - [31/Mar/2022:10:08:30 -0500] "GET /BLA/boletinlegal/consulta_actos.php?tipo=resoluciones&no=2602&usuario=&sector=&fecha=2021&resuelve= HTTP/1.1" 200 1163
201.245.192.253 - - [31/Mar/2022:10:08:31 -0500] "POST /sipse/faces/presentacion/financiero/modificacionContrato/cargarModifiacion.xhtml HTTP/1.1" 200 123608
201.245.192.253 - - [31/Mar/2022:10:08:31 -0500] "GET /sipse/faces/javax.faces.resource/jquery/jquery.js?ln=primefaces&v=4.0 HTTP/1.1" 304 -
201.245.192.253 - - [31/Mar/2022:10:08:31 -0500] "GET /sipse/faces/javax.faces.resource/jquery/jquery-plugins.js?ln=primefaces&v=4.0 HTTP/1.1" 304 -
201.245.192.253 - - [31/Mar/2022:10:08:31 -0500] "GET /sipse/faces/javax.faces.resource/primefaces.js?ln=primefaces&v=4.0 HTTP/1.1" 304 -
201.245.192.253 - - [31/Mar/2022:10:08:31 -0500] "GET /sipse/faces/javax.faces.resource/layout/layout.js?ln=primefaces&v=4.0 HTTP/1.1" 304 -
201.245.192.253 - - [31/Mar/2022:10:08:31 -0500] "GET /reportes_sipse/sdg/ServletReporte?reporte=solicitud_cdp&Solicitud=17455&pfdrid_c=false HTTP/1.1" 200 97484
192.168.169.18 - - [31/Mar/2022:10:08:33 -0500] "GET /BLA/boletinlegal/consulta_actos.php?tipo=resoluciones&no=0096&usuario=&sector=&fecha=2022&resuelve= HTTP/1.1" 200 1133
201.245.192.253 - - [31/Mar/2022:10:08:37 -0500] "POST /sipse/faces/presentacion/financiero/solicitudProceso/consultarSolicitudProceso.xhtml HTTP/1.1" 200 30237
201.245.192.253 - - [31/Mar/2022:10:08:39 -0500] "GET /sipse/faces/javax.faces.resource/jquery/jquery.js?ln=primefaces&v=4.0 HTTP/1.1" 304 -
201.245.192.253 - - [31/Mar/2022:10:08:39 -0500] "GET /sipse/faces/javax.faces.resource/jquery/jquery-plugins.js?ln=primefaces&v=4.0 HTTP/1.1" 304 -
201.245.192.253 - - [31/Mar/2022:10:08:39 -0500] "GET /sipse/faces/javax.faces.resource/primefaces.js?ln=primefaces&v=4.0 HTTP/1.1" 304 -
201.245.192.253 - - [31/Mar/2022:10:08:39 -0500] "GET /sipse/faces/javax.faces.resource/layout/layout.js?ln=primefaces&v=4.0 HTTP/1.1" 304 -
201.245.192.253 - - [31/Mar/2022:10:08:40 -0500] "POST /sipse/faces/presentacion/financiero/solicitudProceso/listarSolicitudProceso.xhtml HTTP/1.1" 200 1324
192.168.169.18 - - [31/Mar/2022:10:08:23 -0500] "GET /BLA/boletinlegal/index.php HTTP/1.1" 200 16331
192.168.169.18 - - [31/Mar/2022:10:08:45 -0500] "GET /BLA/boletinlegal/consulta_actos.php?tipo=resoluciones&no=5469&usuario=&sector=&fecha=2022&resuelve= HTTP/1.1" 200 626
192.168.169.18 - - [31/Mar/2022:10:08:46 -0500] "GET /BLA/boletinlegal/consulta_actos.php?tipo=resoluciones&no=5469&usuario=&sector=&fecha=2022&resuelve= HTTP/1.1" 200 626
200.118.64.109 - - [31/Mar/2022:10:08:51 -0500] "POST /forms/lservlet;jsessionid=ac16012b30d6163f8022814d4407be70d6c5f0466ff5.e3iSbxaKaheRe34Sc38RahyRchr0n6jAmljGr5XDqQLvpAe HTTP/1.1" 200 2
200.118.64.109 - - [31/Mar/2022:10:08:51 -0500] "POST /forms/lservlet;jsessionid=ac16012b30d6163f8022814d4407be70d6c5f0466ff5.e3iSbxaKaheRe34Sc38RahyRchr0n6jAmljGr5XDqQLvpAe HTTP/1.1" 200 2321
200.118.64.109 - - [31/Mar/2022:10:08:51 -0500] "POST /forms/lservlet;jsessionid=ac16012b30d6163f8022814d4407be70d6c5f0466ff5.e3iSbxaKaheRe34Sc38RahyRchr0n6jAmljGr5XDqQLvpAe HTTP/1.1" 200 10
192.168.169.18 - - [31/Mar/2022:10:08:51 -0500] "GET /BLA/boletinlegal/consulta_actos.php?tipo=resoluciones&no=5469&usuario=&sector=&fecha=2021&resuelve= HTTP/1.1" 200 1173
172.22.2.4 - - [31/Mar/2022:10:08:53 -0500] "GET /BLA/boletinlegal/jurisprudencia/analisis/AnalisisC-746-12.docx HTTP/1.1" 304 -
200.118.64.109 - - [31/Mar/2022:10:08:53 -0500] "POST /forms/lservlet;jsessionid=ac16012b30d6163f8022814d4407be70d6c5f0466ff5.e3iSbxaKaheRe34Sc38RahyRchr0n6jAmljGr5XDqQLvpAe HTTP/1.1" 200 24
200.118.64.109 - - [31/Mar/2022:10:08:53 -0500] "POST /forms/lservlet;jsessionid=ac16012b30d6163f8022814d4407be70d6c5f0466ff5.e3iSbxaKaheRe34Sc38RahyRchr0n6jAmljGr5XDqQLvpAe HTTP/1.1" 200 14
200.118.64.109 - - [31/Mar/2022:10:08:54 -0500] "POST /forms/lservlet;jsessionid=ac16012b30d6163f8022814d4407be70d6c5f0466ff5.e3iSbxaKaheRe34Sc38RahyRchr0n6jAmljGr5XDqQLvpAe HTTP/1.1" 200 4221
200.118.64.109 - - [31/Mar/2022:10:08:55 -0500] "POST /forms/lservlet;jsessionid=ac16012b30d6163f8022814d4407be70d6c5f0466ff5.e3iSbxaKaheRe34Sc38RahyRchr0n6jAmljGr5XDqQLvpAe HTTP/1.1" 200 2
200.118.64.109 - - [31/Mar/2022:10:08:58 -0500] "POST /forms/lservlet;jsessionid=ac16012b30d6163f8022814d4407be70d6c5f0466ff5.e3iSbxaKaheRe34Sc38RahyRchr0n6jAmljGr5XDqQLvpAe HTTP/1.1" 200 2
172.22.2.4 - - [31/Mar/2022:10:07:19 -0500] "GET /BLA/boletinlegal/ HTTP/1.1" 200 54090
200.118.64.109 - - [31/Mar/2022:10:08:58 -0500] "POST /forms/lservlet;jsessionid=ac16012b30d6163f8022814d4407be70d6c5f0466ff5.e3iSbxaKaheRe34Sc38RahyRchr0n6jAmljGr5XDqQLvpAe HTTP/1.1" 200 14
200.118.64.109 - - [31/Mar/2022:10:09:00 -0500] "POST /forms/lservlet;jsessionid=ac16012b30d6163f8022814d4407be70d6c5f0466ff5.e3iSbxaKaheRe34Sc38RahyRchr0n6jAmljGr5XDqQLvpAe HTTP/1.1" 200 14
200.118.64.109 - - [31/Mar/2022:10:09:01 -0500] "POST /forms/lservlet;jsessionid=ac16012b30d6163f8022814d4407be70d6c5f0466ff5.e3iSbxaKaheRe34Sc38RahyRchr0n6jAmljGr5XDqQLvpAe HTTP/1.1" 200 14
200.118.64.109 - - [31/Mar/2022:10:09:02 -0500] "POST /forms/lservlet;jsessionid=ac16012b30d6163f8022814d4407be70d6c5f0466ff5.e3iSbxaKaheRe34Sc38RahyRchr0n6jAmljGr5XDqQLvpAe HTTP/1.1" 200 14
200.118.64.109 - - [31/Mar/2022:10:09:04 -0500] "POST /forms/lservlet;jsessionid=ac16012b30d6163f8022814d4407be70d6c5f0466ff5.e3iSbxaKaheRe34Sc38RahyRchr0n6jAmljGr5XDqQLvpAe HTTP/1.1" 200 106
200.118.64.109 - - [31/Mar/2022:10:09:05 -0500] "POST /forms/lservlet;jsessionid=ac16012b30d6163f8022814d4407be70d6c5f0466ff5.e3iSbxaKaheRe34Sc38RahyRchr0n6jAmljGr5XDqQLvpAe HTTP/1.1" 200 2
200.118.64.109 - - [31/Mar/2022:10:09:05 -0500] "GET /reports/rwservlet/getjobid73924?server=repnomi HTTP/1.1" 200 47594
192.168.169.18 - - [31/Mar/2022:10:09:08 -0500] "GET /BLA/boletinlegal/consulta_actos.php?tipo=autos&no=6749&usuario=&sector=&fecha=2021&resuelve= HTTP/1.1" 200 1122
172.22.2.4 - - [31/Mar/2022:10:09:01 -0500] "GET /BLA/boletinlegal/admin/index.php HTTP/1.1" 200 7017
172.22.2.4 - - [31/Mar/2022:10:09:18 -0500] "GET /BLA/boletinlegal/admin/index_files/index_files/tback.gif HTTP/1.1" 404 1362
216.245.221.92 - - [31/Mar/2022:10:09:56 -0500] "HEAD / HTTP/1.1" 200 -
200.118.64.109 - - [31/Mar/2022:10:10:03 -0500] "POST /forms/lservlet;jsessionid=ac16012b30d6163f8022814d4407be70d6c5f0466ff5.e3iSbxaKaheRe34Sc38RahyRchr0n6jAmljGr5XDqQLvpAe HTTP/1.1" 200 2
200.118.64.109 - - [31/Mar/2022:10:10:10 -0500] "POST /forms/lservlet;jsessionid=ac16012b30d6163f8022814d4407be70d6c5f0466ff5.e3iSbxaKaheRe34Sc38RahyRchr0n6jAmljGr5XDqQLvpAe HTTP/1.1" 200 2
200.118.64.109 - - [31/Mar/2022:10:10:10 -0500] "POST /forms/lservlet;jsessionid=ac16012b30d6163f8022814d4407be70d6c5f0466ff5.e3iSbxaKaheRe34Sc38RahyRchr0n6jAmljGr5XDqQLvpAe HTTP/1.1" 200 14
200.118.64.109 - - [31/Mar/2022:10:10:11 -0500] "POST /forms/lservlet;jsessionid=ac16012b30d6163f8022814d4407be70d6c5f0466ff5.e3iSbxaKaheRe34Sc38RahyRchr0n6jAmljGr5XDqQLvpAe HTTP/1.1" 200 14
200.118.64.109 - - [31/Mar/2022:10:10:13 -0500] "POST /forms/lservlet;jsessionid=ac16012b30d6163f8022814d4407be70d6c5f0466ff5.e3iSbxaKaheRe34Sc38RahyRchr0n6jAmljGr5XDqQLvpAe HTTP/1.1" 200 110
200.118.64.109 - - [31/Mar/2022:10:10:13 -0500] "POST /forms/lservlet;jsessionid=ac16012b30d6163f8022814d4407be70d6c5f0466ff5.e3iSbxaKaheRe34Sc38RahyRchr0n6jAmljGr5XDqQLvpAe HTTP/1.1" 200 2
200.118.64.109 - - [31/Mar/2022:10:10:13 -0500] "GET /reports/rwservlet/getjobid73925?server=repnomi HTTP/1.1" 200 47711
172.22.2.4 - - [31/Mar/2022:10:10:18 -0500] "GET /BLA/boletinlegal/admin/usuarios/process.php HTTP/1.1" 302 -
172.22.2.4 - - [31/Mar/2022:10:10:18 -0500] "GET /BLA/boletinlegal/admin/index.php HTTP/1.1" 200 2324
186.80.83.77 - - [31/Mar/2022:10:10:27 -0500] "POST /sipse/faces/presentacion/parametrica/generales/listarGenerales.xhtml HTTP/1.1" 200 40929
186.80.83.77 - - [31/Mar/2022:10:10:27 -0500] "POST /sipse/faces/presentacion/parametrica/generales/listarGenerales.xhtml HTTP/1.1" 200 40929
186.80.83.77 - - [31/Mar/2022:10:10:27 -0500] "POST /sipse/faces/presentacion/parametrica/generales/listarGenerales.xhtml HTTP/1.1" 200 40929
186.80.83.77 - - [31/Mar/2022:10:10:27 -0500] "POST /sipse/faces/presentacion/parametrica/generales/listarGenerales.xhtml HTTP/1.1" 200 40929
186.80.83.77 - - [31/Mar/2022:10:10:28 -0500] "POST /sipse/faces/presentacion/parametrica/generales/listarGenerales.xhtml HTTP/1.1" 200 40929
186.80.83.77 - - [31/Mar/2022:10:10:28 -0500] "POST /sipse/faces/presentacion/parametrica/generales/listarGenerales.xhtml HTTP/1.1" 200 40929
186.80.83.77 - - [31/Mar/2022:10:10:28 -0500] "POST /sipse/faces/presentacion/parametrica/generales/listarGenerales.xhtml HTTP/1.1" 200 40929
186.80.83.77 - - [31/Mar/2022:10:10:37 -0500] "GET /sipsesda/faces/vista/sistema/cargarMenu.jspx?accionMenu=listadoClaseAnulacion&menuID=5 HTTP/1.1" 200 33129
186.80.83.77 - - [31/Mar/2022:10:10:37 -0500] "GET /favicon.ico HTTP/1.1" 200 7782
186.80.83.77 - - [31/Mar/2022:10:10:37 -0500] "POST /sipsesda/faces/vista/sistema/cargarMenu.jspx HTTP/1.1" 200 36157
186.80.83.77 - - [31/Mar/2022:10:10:39 -0500] "GET /favicon.ico HTTP/1.1" 200 7782
200.118.64.109 - - [31/Mar/2022:10:11:02 -0500] "POST /forms/lservlet;jsessionid=ac16012b30d6163f8022814d4407be70d6c5f0466ff5.e3iSbxaKaheRe34Sc38RahyRchr0n6jAmljGr5XDqQLvpAe HTTP/1.1" 200 2
200.118.64.109 - - [31/Mar/2022:10:11:03 -0500] "POST /forms/lservlet;jsessionid=ac16012b30d6163f8022814d4407be70d6c5f0466ff5.e3iSbxaKaheRe34Sc38RahyRchr0n6jAmljGr5XDqQLvpAe HTTP/1.1" 200 14
200.118.64.109 - - [31/Mar/2022:10:11:04 -0500] "POST /forms/lservlet;jsessionid=ac16012b30d6163f8022814d4407be70d6c5f0466ff5.e3iSbxaKaheRe34Sc38RahyRchr0n6jAmljGr5XDqQLvpAe HTTP/1.1" 200 14
200.118.64.109 - - [31/Mar/2022:10:11:05 -0500] "POST /forms/lservlet;jsessionid=ac16012b30d6163f8022814d4407be70d6c5f0466ff5.e3iSbxaKaheRe34Sc38RahyRchr0n6jAmljGr5XDqQLvpAe HTTP/1.1" 200 107
200.118.64.109 - - [31/Mar/2022:10:11:06 -0500] "POST /forms/lservlet;jsessionid=ac16012b30d6163f8022814d4407be70d6c5f0466ff5.e3iSbxaKaheRe34Sc38RahyRchr0n6jAmljGr5XDqQLvpAe HTTP/1.1" 200 2
200.118.64.109 - - [31/Mar/2022:10:11:06 -0500] "GET /reports/rwservlet/getjobid73926?server=repnomi HTTP/1.1" 200 488900
186.80.83.77 - - [31/Mar/2022:10:11:10 -0500] "POST /sipse/faces/presentacion/parametrica/generales/listarGenerales.xhtml HTTP/1.1" 200 41433
186.80.83.77 - - [31/Mar/2022:10:11:10 -0500] "POST /sipse/faces/presentacion/parametrica/generales/listarGenerales.xhtml HTTP/1.1" 200 41433
186.80.83.77 - - [31/Mar/2022:10:11:10 -0500] "POST /sipse/faces/presentacion/parametrica/generales/listarGenerales.xhtml HTTP/1.1" 200 41433
186.80.83.77 - - [31/Mar/2022:10:11:10 -0500] "POST /sipse/faces/presentacion/parametrica/generales/listarGenerales.xhtml HTTP/1.1" 200 41433
186.80.83.77 - - [31/Mar/2022:10:11:11 -0500] "POST /sipse/faces/presentacion/parametrica/generales/listarGenerales.xhtml HTTP/1.1" 200 41433
186.80.83.77 - - [31/Mar/2022:10:11:11 -0500] "POST /sipse/faces/presentacion/parametrica/generales/listarGenerales.xhtml HTTP/1.1" 200 41433
186.80.83.77 - - [31/Mar/2022:10:11:11 -0500] "POST /sipse/faces/presentacion/parametrica/generales/listarGenerales.xhtml HTTP/1.1" 200 41433
186.102.72.180 - - [31/Mar/2022:10:11:12 -0500] "OPTIONS /kwssiamovil/sm/setfile/f? HTTP/1.1" 200 13
186.102.72.180 - - [31/Mar/2022:10:11:12 -0500] "POST /kwssiamovil/sm/setfile/f? HTTP/1.1" 200 381
201.245.192.253 - - [31/Mar/2022:10:11:14 -0500] "POST /sipse/faces/presentacion/financiero/solicitudProceso/consultarSolicitudProceso.xhtml HTTP/1.1" 200 37157
201.245.192.253 - - [31/Mar/2022:10:11:14 -0500] "GET /sipse/faces/javax.faces.resource/theme.css?ln=primefaces-sipse HTTP/1.1" 304 -
201.245.192.253 - - [31/Mar/2022:10:11:14 -0500] "GET /sipse/faces/javax.faces.resource/primefaces.css?ln=primefaces&v=4.0 HTTP/1.1" 304 -
201.245.192.253 - - [31/Mar/2022:10:11:14 -0500] "GET /sipse/faces/javax.faces.resource/layout/layout.css?ln=primefaces&v=4.0 HTTP/1.1" 304 -
201.245.192.253 - - [31/Mar/2022:10:11:14 -0500] "GET /sipse/css/imagen/contrasena.png HTTP/1.1" 404 383
201.245.192.253 - - [31/Mar/2022:10:11:14 -0500] "GET /sipse/faces/javax.faces.resource/jquery/jquery.js?ln=primefaces&v=4.0 HTTP/1.1" 304 -
201.245.192.253 - - [31/Mar/2022:10:11:14 -0500] "GET /sipse/faces/javax.faces.resource/jquery/jquery-plugins.js?ln=primefaces&v=4.0 HTTP/1.1" 304 -
201.245.192.253 - - [31/Mar/2022:10:11:14 -0500] "GET /sipse/faces/javax.faces.resource/primefaces.js?ln=primefaces&v=4.0 HTTP/1.1" 304 -
201.245.192.253 - - [31/Mar/2022:10:11:14 -0500] "GET /sipse/faces/javax.faces.resource/layout/layout.js?ln=primefaces&v=4.0 HTTP/1.1" 304 -
201.245.192.253 - - [31/Mar/2022:10:11:14 -0500] "GET /sipse/faces/javax.faces.resource/images/ui-icons_898989_256x240.png?ln=primefaces-aristo HTTP/1.1" 304 -
201.245.192.253 - - [31/Mar/2022:10:11:14 -0500] "POST /sipse/faces/presentacion/financiero/solicitudProceso/solicitudProcesoOtrosPagos.xhtml HTTP/1.1" 200 30524
201.245.192.253 - - [31/Mar/2022:10:11:14 -0500] "GET /sipse/faces/javax.faces.resource/images/ui-bg_flat_0_2d5972_40x100.png?ln=primefaces-aristo HTTP/1.1" 304 -
201.245.192.253 - - [31/Mar/2022:10:11:14 -0500] "POST /sipse/faces/presentacion/financiero/solicitudProceso/solicitudProcesoOtrosPagos.xhtml HTTP/1.1" 200 30524
201.245.192.253 - - [31/Mar/2022:10:11:14 -0500] "POST /sipse/faces/presentacion/financiero/solicitudProceso/solicitudProcesoOtrosPagos.xhtml HTTP/1.1" 200 30524
201.245.192.253 - - [31/Mar/2022:10:11:15 -0500] "POST /sipse/faces/presentacion/financiero/solicitudProceso/solicitudProcesoOtrosPagos.xhtml HTTP/1.1" 200 30524
186.102.72.180 - - [31/Mar/2022:10:11:24 -0500] "GET /kwssiamovil/sm/acme/a?s=U2FsdGVkX197t1BO5vIRZGE4OZdFqyjxZWYSQbYtmnqozacbTyRniyzagcgRu8mJgqO8fKN6H6JFWWYfAxBwq8yyGQSNwEcZq/WXcsmG9esZLUSXvhrkJQSK5ZXSQ+Q1c0UjSyEnABshdCxKAsSwQrJ7vBFnv6+d0TvRKqD0D9QS+1qcEBlzAPjr3SpHIw/Aab/n6USXI3oxYVYvg30EIOV268BYnaiHEZaMulJSH3wuZElFj+gB4uO0ovxtJSkyGZq7rwU1SIQJRLgwRsJ5vQ==&u=U2FsdGVkX19h/OeKC+lYd6xUgXZmrM94QdcL1/QGsUnNT6HdV/shyqUJmp33Dl52&y=U2FsdGVkX195Xm2PkkbozYf4EojtZl8McfhGw7gCjtfSNn/geyMjYA2HerJdk9VI HTTP/1.1" 200 25
186.102.72.180 - - [31/Mar/2022:10:11:25 -0500] "GET /kwssiamovil/sm/acme/a?s=U2FsdGVkX1+Y2ywClTcKF63C+cTVWM2zSd5RsFZXMzI79dU3XcspYjoDUXw5cDV1Dql/+yEjabwKSf80GP1nHJezOjKWHfoNTkiIt1W5On4R9tbVeIAjMfWDikLSnEONJFgg52Csx0ysu5KzFYkpHhV9TraBWSWuX7qJRneZyZxCU9tJhEXxpvqxEippeEUp3diNcfKBQ+eU/L5CzJl6iVgQC+df13vdffJGo/cAdE+PpBIE239AhjIcQJrCGEThpfAgsFjgd+T4mIHDnEL7ZNTlPFKCjqN23R/dP4Zpch6JKt4oGmzP69oFRLJIjF8onuS2xhLPtGPHsdHZlE+tJABS6sKPX1jrjX3oNbu3saaC1bVTUUOUDON4h6BOY7crfaSN5VMXAWZgTP3VEsyyFnpfVC+ubyNmgszZZqOm7mnQxlHcwXAQPT2lnyAgfCYR+IPlhJA8ncKGJNtGTMS7h1BBHMZkgwdHaQd8Jvlp5kQyExJI+TZP52AWzD9x0fcQ3wvhwreoKXtHxTbjefGSibO+TYGrtqRSkveGsgNPZklqzXvtNwVf3gT6z7da+RobDgeLQeJICHVOqxPAsIl8dTqvMoCUwPBubrwoJY5DZWa18hSDFewGJvo837KtLklXmVfn/ZUeN7aHm/sREv22eWlJPjwJopXYAMD+kWYA0CpRO0y2MRHOJJLyfjWbzBMohdVXWn83ryW7TKvgVkruZF/LDMmArABlUWALKbDEQlAtUKWGle0wqbcOK6RZDPSrsWNGSJo1+1kuaGw+WqKOAFtCyOMdGZqnlUa2MjJ/+rLF/lnIXP7hYFjM7+lIIu2XcmvDqxOQiJxvVcHBD+srSq4MqcRx5p4JKOZ2xNifQnrDryUoh1PVFVAmxstx2Xsts8VAeKSyURSalkHkozQ9Dd7DwOXzQVjJofwFZ2/rf6wLOJwDlUB9gLFt4CUQV5Er7L7xVBzT16nQoM4UOmNeFHYEFoaQv3NQtAR9UuE564U+KTk6nBTgoGixnlKIzeZhxaMVAy9FyEef1orYqFX/macMDMBcSzR17wctNvt2LNMRaO20vD4F0OPdiCKgwg/uD4fuYoGUWM+1h+16ueULGCW0CS3sAnqe4Wh2fC32v9zrFdZcSGRLNxjxKtyKLmVQG/3ce76FFRZ6uwqDW81lZUOxBYr8IDU8VM7nZw4Nhy/zopxfWlKAmHFZsNABC9D9&u=U2FsdGVkX19h/OeKC+lYd6xUgXZmrM94QdcL1/QGsUnNT6HdV/shyqUJmp33Dl52&y=U2FsdGVkX195Xm2PkkbozYf4EojtZl8McfhGw7gCjtfSNn/geyMjYA2HerJdk9VI HTTP/1.1" 200 25
186.102.72.180 - - [31/Mar/2022:10:11:25 -0500] "GET /kwssiamovil/sm/acme/a?s=U2FsdGVkX1+PjVTG21HWQ0lOgw00k4FUiKfT/Go9S/q7GlcX/YW0wc149MKpd9Va0GexHxHAJc+VRM1GLW/3lpb9CB5Z77l3kNhsHX85t6gdxlOXwpvysuW8oUfjWTmlLH7Gha8EoO37HIIw8Btqz0Yc6PqvEwpzHYh02IrJUx8=&u=U2FsdGVkX19h/OeKC+lYd6xUgXZmrM94QdcL1/QGsUnNT6HdV/shyqUJmp33Dl52&y=U2FsdGVkX195Xm2PkkbozYf4EojtZl8McfhGw7gCjtfSNn/geyMjYA2HerJdk9VI HTTP/1.1" 200 25
186.102.72.180 - - [31/Mar/2022:10:11:25 -0500] "GET /kwssiamovil/sm/acme/a?s=U2FsdGVkX1++hJ46nu6iBAzZqYeVuHdfD5BUaRi0iHwC2QnC4qHtzS3/9edWHBX6GNYJK+UiQEVbFa1gGeFVGUQrT5Axx7NokG5S0v/OSPXMinIEojbmq5XNOSxTOAjPaLoh85cOrlRywBn6ojHE3LD7KmTHcjE9M53LhppCuCY=&u=U2FsdGVkX19h/OeKC+lYd6xUgXZmrM94QdcL1/QGsUnNT6HdV/shyqUJmp33Dl52&y=U2FsdGVkX195Xm2PkkbozYf4EojtZl8McfhGw7gCjtfSNn/geyMjYA2HerJdk9VI HTTP/1.1" 200 25
186.102.72.180 - - [31/Mar/2022:10:11:26 -0500] "GET /kwssiamovil/sm/acme/a?s=U2FsdGVkX1/QhO9UtmZknVz6oD1fjQWqiDkS3uj00aYTxJTnKFcHOSZxvZBtt2vU5pZL0wrxecmVVYAwC6NtZ/TwJcjQJl07cHQ3jWC63sXz6NW5bc3YWtCdL0aArEqQHP1bIVfYRzAbLiWmFd1ClXF/b5aQcRP5LBlku9AhKnw=&u=U2FsdGVkX19h/OeKC+lYd6xUgXZmrM94QdcL1/QGsUnNT6HdV/shyqUJmp33Dl52&y=U2FsdGVkX195Xm2PkkbozYf4EojtZl8McfhGw7gCjtfSNn/geyMjYA2HerJdk9VI HTTP/1.1" 200 25
186.102.72.180 - - [31/Mar/2022:10:11:26 -0500] "GET /kwssiamovil/sm/acme/a?s=U2FsdGVkX1+fFLAcgJgrhhYxin/VRLKEg0xMY9hScQkyvqOZHYyuJO5sk96cqx/ovMIGzAUehIBWcdAuzuCAgcH9ceBhEjrThHf1bGSktQTVs0H78j8lk8gkLynxws7RqWVpr30SgHzKkR3qdXTFhTr0etCvIA6c1Saf8N5Mg3b1qSpLc7cucyggBg1q4bwT97qnfNI1gPRn7lX7jAEjgQ==&u=U2FsdGVkX19h/OeKC+lYd6xUgXZmrM94QdcL1/QGsUnNT6HdV/shyqUJmp33Dl52&y=U2FsdGVkX195Xm2PkkbozYf4EojtZl8McfhGw7gCjtfSNn/geyMjYA2HerJdk9VI HTTP/1.1" 200 25
