201.245.192.253 - - [31/Mar/2022:13:53:17 -0500] "POST /sipse/faces/presentacion/sistema/seguridad/seleccionRol.xhtml HTTP/1.1" 200 5624
201.245.192.253 - - [31/Mar/2022:13:53:18 -0500] "POST /sipse/faces/presentacion/sistema/seguridad/seleccionRol.xhtml HTTP/1.1" 200 15035
201.245.192.253 - - [31/Mar/2022:13:53:18 -0500] "GET /sipse/faces/javax.faces.resource/layout/layout.css?ln=primefaces&v=4.0 HTTP/1.1" 304 -
201.245.192.253 - - [31/Mar/2022:13:53:18 -0500] "GET /sipse/faces/javax.faces.resource/theme.css?ln=primefaces-sipse HTTP/1.1" 304 -
201.245.192.253 - - [31/Mar/2022:13:53:18 -0500] "GET /sipse/faces/javax.faces.resource/primefaces.css?ln=primefaces&v=4.0 HTTP/1.1" 304 -
201.245.192.253 - - [31/Mar/2022:13:53:18 -0500] "GET /sipse/faces/javax.faces.resource/jquery/jquery.js?ln=primefaces&v=4.0 HTTP/1.1" 304 -
201.245.192.253 - - [31/Mar/2022:13:53:18 -0500] "GET /sipse/faces/javax.faces.resource/jquery/jquery-plugins.js?ln=primefaces&v=4.0 HTTP/1.1" 304 -
201.245.192.253 - - [31/Mar/2022:13:53:18 -0500] "GET /sipse/faces/javax.faces.resource/primefaces.js?ln=primefaces&v=4.0 HTTP/1.1" 304 -
201.245.192.253 - - [31/Mar/2022:13:53:18 -0500] "GET /sipse/faces/javax.faces.resource/layout/layout.js?ln=primefaces&v=4.0 HTTP/1.1" 304 -
201.245.192.253 - - [31/Mar/2022:13:53:18 -0500] "GET /sipse/css/imagen/contrasena.png HTTP/1.1" 404 383
201.245.192.253 - - [31/Mar/2022:13:53:19 -0500] "GET /sipse/faces/javax.faces.resource/images/ui-bg_flat_0_2d5972_40x100.png?ln=primefaces-aristo HTTP/1.1" 304 -
201.245.192.253 - - [31/Mar/2022:13:53:19 -0500] "POST /sipse/faces/bienvenido.xhtml HTTP/1.1" 200 8532
186.102.20.143 - - [31/Mar/2022:13:53:16 -0500] "POST /kwssiamovil/sm/setfile/f? HTTP/1.1" 200 381
201.245.192.253 - - [31/Mar/2022:13:53:20 -0500] "GET /sipse/faces/index.xhtml HTTP/1.1" 200 677
201.245.192.253 - - [31/Mar/2022:13:53:20 -0500] "POST /sipse/faces/bienvenido.xhtml HTTP/1.1" 200 3843
201.245.192.253 - - [31/Mar/2022:13:53:20 -0500] "GET /sipse/faces/javax.faces.resource/theme.css?ln=primefaces-sipse HTTP/1.1" 304 -
201.245.192.253 - - [31/Mar/2022:13:53:20 -0500] "GET /sipse/faces/faces/autenticacion.xhtml HTTP/1.1" 200 12178
201.245.192.253 - - [31/Mar/2022:13:53:21 -0500] "GET /sipse/faces/javax.faces.resource/theme.css?ln=primefaces-sipse HTTP/1.1" 304 -
201.245.192.253 - - [31/Mar/2022:13:53:21 -0500] "GET /sipse/faces/javax.faces.resource/primefaces.css?ln=primefaces&v=4.0 HTTP/1.1" 304 -
201.245.192.253 - - [31/Mar/2022:13:53:21 -0500] "GET /sipse/faces/javax.faces.resource/layout/layout.css?ln=primefaces&v=4.0 HTTP/1.1" 304 -
201.245.192.253 - - [31/Mar/2022:13:53:21 -0500] "GET /sipse/faces/javax.faces.resource/jquery/jquery.js?ln=primefaces&v=4.0 HTTP/1.1" 304 -
201.245.192.253 - - [31/Mar/2022:13:53:21 -0500] "GET /sipse/faces/javax.faces.resource/primefaces.js?ln=primefaces&v=4.0 HTTP/1.1" 304 -
201.245.192.253 - - [31/Mar/2022:13:53:21 -0500] "GET /sipse/faces/javax.faces.resource/jquery/jquery-plugins.js?ln=primefaces&v=4.0 HTTP/1.1" 304 -
201.245.192.253 - - [31/Mar/2022:13:53:21 -0500] "GET /sipse/faces/javax.faces.resource/layout/layout.js?ln=primefaces&v=4.0 HTTP/1.1" 304 -
201.245.192.253 - - [31/Mar/2022:13:53:21 -0500] "GET /sipse/faces/javax.faces.resource/images/ui-icons_898989_256x240.png?ln=primefaces-aristo HTTP/1.1" 304 -
201.245.192.253 - - [31/Mar/2022:13:53:21 -0500] "POST /sipse/faces/bienvenido.xhtml HTTP/1.1" 200 11963
186.102.20.143 - - [31/Mar/2022:13:53:21 -0500] "OPTIONS /kwssiamovil/sm/setfile/f? HTTP/1.1" 200 13
201.245.192.253 - - [31/Mar/2022:13:53:22 -0500] "POST /sipse/faces/bienvenido.xhtml HTTP/1.1" 200 30654
201.245.192.253 - - [31/Mar/2022:13:53:22 -0500] "GET /sipse/faces/javax.faces.resource/theme.css?ln=primefaces-sipse HTTP/1.1" 304 -
201.245.192.253 - - [31/Mar/2022:13:53:22 -0500] "GET /sipse/faces/javax.faces.resource/primefaces.css?ln=primefaces&v=4.0 HTTP/1.1" 304 -
201.245.192.253 - - [31/Mar/2022:13:53:22 -0500] "GET /sipse/faces/javax.faces.resource/layout/layout.css?ln=primefaces&v=4.0 HTTP/1.1" 304 -
201.245.192.253 - - [31/Mar/2022:13:53:22 -0500] "GET /sipse/faces/javax.faces.resource/jquery/jquery.js?ln=primefaces&v=4.0 HTTP/1.1" 304 -
201.245.192.253 - - [31/Mar/2022:13:53:22 -0500] "GET /sipse/faces/javax.faces.resource/jquery/jquery-plugins.js?ln=primefaces&v=4.0 HTTP/1.1" 304 -
201.245.192.253 - - [31/Mar/2022:13:53:22 -0500] "GET /sipse/faces/javax.faces.resource/primefaces.js?ln=primefaces&v=4.0 HTTP/1.1" 304 -
201.245.192.253 - - [31/Mar/2022:13:53:22 -0500] "GET /sipse/faces/javax.faces.resource/layout/layout.js?ln=primefaces&v=4.0 HTTP/1.1" 304 -
200.118.64.109 - - [31/Mar/2022:13:53:23 -0500] "POST /forms/lservlet;jsessionid=ac16012b30d6163f8022814d4407be70d6c5f0466ff5.e3iSbxaKaheRe34Sc38RahyRchr0n6jAmljGr5XDqQLvpAe HTTP/1.1" 200 2
201.245.192.253 - - [31/Mar/2022:13:53:25 -0500] "POST /sipse/faces/presentacion/financiero/solicitudProceso/solicitudProcesoOtrosPagos.xhtml HTTP/1.1" 200 53741
201.245.192.253 - - [31/Mar/2022:13:53:26 -0500] "GET /sipse/faces/javax.faces.resource/theme.css?ln=primefaces-sipse HTTP/1.1" 304 -
201.245.192.253 - - [31/Mar/2022:13:53:26 -0500] "GET /sipse/faces/javax.faces.resource/fileupload/fileupload.css?ln=primefaces&v=4.0 HTTP/1.1" 304 -
201.245.192.253 - - [31/Mar/2022:13:53:26 -0500] "GET /sipse/faces/javax.faces.resource/primefaces.css?ln=primefaces&v=4.0 HTTP/1.1" 304 -
201.245.192.253 - - [31/Mar/2022:13:53:26 -0500] "GET /sipse/faces/javax.faces.resource/layout/layout.css?ln=primefaces&v=4.0 HTTP/1.1" 304 -
201.245.192.253 - - [31/Mar/2022:13:53:26 -0500] "GET /sipse/faces/javax.faces.resource/jquery/jquery.js?ln=primefaces&v=4.0 HTTP/1.1" 304 -
201.245.192.253 - - [31/Mar/2022:13:53:26 -0500] "GET /sipse/faces/javax.faces.resource/jquery/jquery-plugins.js?ln=primefaces&v=4.0 HTTP/1.1" 304 -
201.245.192.253 - - [31/Mar/2022:13:53:26 -0500] "GET /sipse/faces/javax.faces.resource/primefaces.js?ln=primefaces&v=4.0 HTTP/1.1" 304 -
201.245.192.253 - - [31/Mar/2022:13:53:26 -0500] "GET /sipse/faces/javax.faces.resource/layout/layout.js?ln=primefaces&v=4.0 HTTP/1.1" 304 -
201.245.192.253 - - [31/Mar/2022:13:53:26 -0500] "GET /sipse/faces/javax.faces.resource/fileupload/fileupload.js?ln=primefaces&v=4.0 HTTP/1.1" 304 -
186.102.20.143 - - [31/Mar/2022:13:53:21 -0500] "POST /kwssiamovil/sm/setfile/f? HTTP/1.1" 200 381
186.102.20.143 - - [31/Mar/2022:13:53:27 -0500] "OPTIONS /kwssiamovil/sm/setfile/f? HTTP/1.1" 200 13
201.245.192.253 - - [31/Mar/2022:13:53:26 -0500] "GET /reportes_sipse/sdg/ServletReporte?reporte=solicitud_cdp&Solicitud=17661&pfdrid_c=false HTTP/1.1" 200 422457
186.102.20.143 - - [31/Mar/2022:13:53:27 -0500] "POST /kwssiamovil/sm/setfile/f? HTTP/1.1" 200 381
201.245.192.253 - - [31/Mar/2022:13:53:40 -0500] "POST /sipse/faces/presentacion/financiero/solicitudProceso/detalleSolicitudProcesoOtrosPagos.xhtml HTTP/1.1" 200 26090
201.245.192.253 - - [31/Mar/2022:13:53:40 -0500] "GET /sipse/faces/javax.faces.resource/theme.css?ln=primefaces-sipse HTTP/1.1" 304 -
201.245.192.253 - - [31/Mar/2022:13:53:40 -0500] "GET /sipse/faces/javax.faces.resource/layout/layout.css?ln=primefaces&v=4.0 HTTP/1.1" 304 -
201.245.192.253 - - [31/Mar/2022:13:53:40 -0500] "GET /sipse/faces/javax.faces.resource/primefaces.css?ln=primefaces&v=4.0 HTTP/1.1" 304 -
201.245.192.253 - - [31/Mar/2022:13:53:40 -0500] "GET /sipse/faces/javax.faces.resource/jquery/jquery.js?ln=primefaces&v=4.0 HTTP/1.1" 304 -
201.245.192.253 - - [31/Mar/2022:13:53:40 -0500] "GET /sipse/faces/javax.faces.resource/jquery/jquery-plugins.js?ln=primefaces&v=4.0 HTTP/1.1" 304 -
201.245.192.253 - - [31/Mar/2022:13:53:40 -0500] "GET /sipse/faces/javax.faces.resource/primefaces.js?ln=primefaces&v=4.0 HTTP/1.1" 304 -
201.245.192.253 - - [31/Mar/2022:13:53:40 -0500] "GET /sipse/faces/javax.faces.resource/layout/layout.js?ln=primefaces&v=4.0 HTTP/1.1" 304 -
201.245.192.253 - - [31/Mar/2022:13:53:48 -0500] "POST /sipse/faces/presentacion/financiero/cdp/expedirCdp.xhtml HTTP/1.1" 302 -
201.245.192.253 - - [31/Mar/2022:13:53:48 -0500] "GET /sipse/faces/presentacion/financiero/solicitudProceso/detalleSolicitudProcesoOtrosPagos.xhtml HTTP/1.1" 200 59464
201.245.192.253 - - [31/Mar/2022:13:53:48 -0500] "GET /sipse/faces/javax.faces.resource/theme.css?ln=primefaces-sipse HTTP/1.1" 304 -
201.245.192.253 - - [31/Mar/2022:13:53:48 -0500] "GET /sipse/faces/javax.faces.resource/primefaces.css?ln=primefaces&v=4.0 HTTP/1.1" 304 -
201.245.192.253 - - [31/Mar/2022:13:53:48 -0500] "GET /sipse/faces/javax.faces.resource/jquery/jquery-plugins.js?ln=primefaces&v=4.0 HTTP/1.1" 304 -
201.245.192.253 - - [31/Mar/2022:13:53:48 -0500] "GET /sipse/faces/javax.faces.resource/layout/layout.css?ln=primefaces&v=4.0 HTTP/1.1" 304 -
201.245.192.253 - - [31/Mar/2022:13:53:48 -0500] "GET /sipse/faces/javax.faces.resource/jquery/jquery.js?ln=primefaces&v=4.0 HTTP/1.1" 304 -
201.245.192.253 - - [31/Mar/2022:13:53:48 -0500] "GET /sipse/faces/javax.faces.resource/fileupload/fileupload.css?ln=primefaces&v=4.0 HTTP/1.1" 304 -
201.245.192.253 - - [31/Mar/2022:13:53:48 -0500] "GET /sipse/faces/javax.faces.resource/primefaces.js?ln=primefaces&v=4.0 HTTP/1.1" 304 -
201.245.192.253 - - [31/Mar/2022:13:53:48 -0500] "GET /sipse/faces/javax.faces.resource/layout/layout.js?ln=primefaces&v=4.0 HTTP/1.1" 304 -
201.245.192.253 - - [31/Mar/2022:13:53:48 -0500] "GET /sipse/faces/javax.faces.resource/fileupload/fileupload.js?ln=primefaces&v=4.0 HTTP/1.1" 304 -
186.102.20.143 - - [31/Mar/2022:13:53:49 -0500] "GET /kwssiamovil/sm/acme/a?s=U2FsdGVkX19jy5lfRLIBzCd9ZQ/tQUsrR7KzY1HlEE4Cq/FrtSLzxj8sr/KD0HAPyGVtOndZ7dkxs00Hbw3bFg36O7d7I909ZnY21VUFiMZwEe35j4b+qe20h1ekZbdfcTKZyW3Bcb8jieZpABei0ahfBUCSOkk2pT2GlrPunR72MUfc+W9h/5CSix3v6pLiePtCbt9qipQlp4T51TymBVPci2gDkUFnS4hiv3JbgD8da2iU7s5dgA10N5KCLmwdCp/+4S4AslqZqTigfy8rHw==&u=U2FsdGVkX1+4kgjEachmx3kl9/3xxW0J1/wX7PZasfE=&y=U2FsdGVkX1/MIhf6vSFhI3bw6m5MPeGUtaCnqBi9Rt8= HTTP/1.1" 200 25
186.102.20.143 - - [31/Mar/2022:13:53:49 -0500] "GET /kwssiamovil/sm/acme/a?s=U2FsdGVkX1/THQJDCt9EXUGU6J5/KE2Zt0iJtbqD0usUIvvpbWuiwATT0T8Py3HDeeckkbTshi3J1thY5aUd22VADFwME8XgvqskImDLZ1UYDleRG1QZzl/Uhwetew/f73Q2/FVG9OwrEDNFY3lqELFPFnkvp3gYVSTjMnqY4K62UV/4Z9g3ayVFD4qHP2gjgY8rGC9LxVj5OKFU6xZDkgliro4gUB67TFDb6IOruTH9zRQfn8n1rtrWuIyGpRGVSE5TrmLOKzPvpQuHmHC4yacEPn7SEpyGkVABpJGc1wesoqDKYSdqnLIzCuRJr0gl+zISBZQ9oPtxD9nLbbUK4T7Of+vuLDXZWhzMqfBxHoBhU4QUabjNFK2FQ7io7J7y02S9SMIuz/KfAaUEtetefgjkDeN9OK5K6LG7qlPSJLMTsRq3zvkil06AzZOai30z9M+2Uz+7nYD+YpNWsaymN1ugN457I2tfG6DjAId1Bt/Xgxvp9XOYiWpXtnVdNFM6lgwLp0sZf65VlhMVTmMh3XX9yVmjUeQK6P8+AkOebiWz8774y9vwj3QMSl1ZS6xvWJeAJzhcSrr6EO80mo1FKMO5uQA2jyCpMKIcMpAPQvhuXo6vKOQUhkL13XPaQHNjSLXm3bASoPO9mCvzLhOT5d6Vh7Tggh+AvxzQ/VCURiFp7OydM8vwaT35Hs6pHQlBrsmFbB345NBPsqkR4aI3PMqj1G9rU/vpQMOJO7oLzMOPJAWcHR38HPARCazWZTQyg+CC4OqBz8Kx72hLRTaFQ2KPoRK4Fuc8itGYWejeHCLLBo/+3rMIgXlinZMnWjZVIPRG7nmwW4fXXzYUpSfdc3GnYu2bH/5ZQWIZK/38JxU/geVtq57VOCE6GpVG1X/WfnCvTQXy/ByTq3GtFEPKKbFaDDc8IkqHhS8LaWxVDEHu6nOm1jdB8ts9bzBz8wlKBfNRZet/qISdeBuFqdAMGBDPml1jzLq0X7Lv9/w8lIz7uDAA81WZaE35aTsZ8TgZ0tDaD+8/BQElHHRBlELjTUHOEG+mNCQvAI6Nh6J+FXK73XHdsVlu4OqUTX0hvT4WFDL3kYy2er/psAf4p+i7xUAlOk45GGQsisQ7jmrtjGBGWXUXLu1euag2AqDQKeVWCd1LJJxL1FH2lk0V6rI/n9H2vs5TWs6a6SU4juadCMk6Flod2fp4zlpu8UYvHyjWw31yQQLjEqcOvEsw15HQrkgwUcRTULv7uQnk/1KUopA=&u=U2FsdGVkX1+4kgjEachmx3kl9/3xxW0J1/wX7PZasfE=&y=U2FsdGVkX1/MIhf6vSFhI3bw6m5MPeGUtaCnqBi9Rt8= HTTP/1.1" 200 25
201.245.192.253 - - [31/Mar/2022:13:53:48 -0500] "GET /reportes_sipse/sdg/ServletReporte?reporte=solicitud_cdp&Solicitud=17661&pfdrid_c=false HTTP/1.1" 200 422457
186.102.20.143 - - [31/Mar/2022:13:53:50 -0500] "GET /kwssiamovil/sm/acme/a?s=U2FsdGVkX1/AqNEGFJpwDlEjjpKDBHAvi9QLopLzLSYFBo9TSH3WuJW38GBZ57DEhMpCxsANzStgkYDcmCSMl2x2U20s34TbJl77LE9txRHbDzrAwj29Slr2o68pY2wheMCBZaYsCSXdUGEL25mkwHEmawN6sYjD9BafjFB0HNc=&u=U2FsdGVkX1+4kgjEachmx3kl9/3xxW0J1/wX7PZasfE=&y=U2FsdGVkX1/MIhf6vSFhI3bw6m5MPeGUtaCnqBi9Rt8= HTTP/1.1" 200 25
186.102.20.143 - - [31/Mar/2022:13:53:50 -0500] "GET /kwssiamovil/sm/acme/a?s=U2FsdGVkX1+9ihfeG/oNZm0w7UnYJEC+SlmuE581ZOvFZ6RFbKJ2pm99L5RXyAKvnqu9E0CLTJjgMXc1l36fd6b7tPcMrwiDSgerHDmHAbV8MYj7uAKHiM4AyY4M2Z5gcD5pTa510KTZ9uZJHCbMCWRTBXQvELCpJOZqNdkoXcA=&u=U2FsdGVkX1+4kgjEachmx3kl9/3xxW0J1/wX7PZasfE=&y=U2FsdGVkX1/MIhf6vSFhI3bw6m5MPeGUtaCnqBi9Rt8= HTTP/1.1" 200 25
186.102.20.143 - - [31/Mar/2022:13:53:50 -0500] "GET /kwssiamovil/sm/acme/a?s=U2FsdGVkX1/m0bPBn+0+wc785ThhuXWetwK3jGp6KPO0fXu13QrsL4F8ZO8lQ4ClGSQXAW9jHDgOw0o7uSPbhj/o4UlIL7ddrX86Fu8Dgah8dF2DK/FJ7ZUjpHxYNuyt1d7246qKZTA9uNCEyjQy9y4UiLYGXgW8rXk2EuzAlJ8=&u=U2FsdGVkX1+4kgjEachmx3kl9/3xxW0J1/wX7PZasfE=&y=U2FsdGVkX1/MIhf6vSFhI3bw6m5MPeGUtaCnqBi9Rt8= HTTP/1.1" 200 25
186.102.20.143 - - [31/Mar/2022:13:53:50 -0500] "GET /kwssiamovil/sm/acme/a?s=U2FsdGVkX1+92O1Z4IOJsoOATPfyRhu1IkDppDrLgd/a/Y76KjteCYENjgm/8BRviSWQnPDBtpYXDuzCS/7Mcbv8FqgCuDACUJDqd/3En6hfAelk/M1BAYUC/pg7Uwk9A/QKkXJNDfLL2tHqp7t1x0PZxr/e+OO1C7ROFhDUj42LFo1PfSNBsrL/phhMirSV&u=U2FsdGVkX1+4kgjEachmx3kl9/3xxW0J1/wX7PZasfE=&y=U2FsdGVkX1/MIhf6vSFhI3bw6m5MPeGUtaCnqBi9Rt8= HTTP/1.1" 200 25
186.102.20.143 - - [31/Mar/2022:13:53:51 -0500] "GET /kwssiamovil/sm/acme/a?s=U2FsdGVkX1+Q4BBQ+rgP7iZGvWmwxtLfyMYTVdkxGNZph04l6mn4h3E8dj6Hw6jMRSUr0D5QVGGxTviBEQ3Zsbj/gWETh9Bi5v7tXozPnjrEyk5zvzEk3nDya6bsx8saP+n0wyA7o9wVv5VCBErTFzYqOYi96wdd75AWa46guu5gCb+QChkg6a3vpaEyjpXuBgikwc3Hpq46BwZZgT/gEg==&u=U2FsdGVkX1+4kgjEachmx3kl9/3xxW0J1/wX7PZasfE=&y=U2FsdGVkX1/MIhf6vSFhI3bw6m5MPeGUtaCnqBi9Rt8= HTTP/1.1" 200 25
186.102.20.143 - - [31/Mar/2022:13:53:51 -0500] "GET /kwssiamovil/sm/acme/a?s=U2FsdGVkX1+Tt6Mcr34r0anj8DLp5I9lmoG4q73xXdxHq4mBYwmhNvN0JhktJB4JyqAiSR/aiWbZssp9uK77W/1ClbG46/pHIx2EQoedE5bXT9dszsvI+KX4j1ef5sUBfX4oN84TjYb7CSv05aDmVYIdQK8FU1Mi/g2LGPQ+QXhVM0b/R5vspO8TADk0UoyA&u=U2FsdGVkX1+4kgjEachmx3kl9/3xxW0J1/wX7PZasfE=&y=U2FsdGVkX1/MIhf6vSFhI3bw6m5MPeGUtaCnqBi9Rt8= HTTP/1.1" 200 25
186.102.20.143 - - [31/Mar/2022:13:53:51 -0500] "GET /kwssiamovil/sm/acme/a?s=U2FsdGVkX1/jkGublXEv6GYrshexdwulgThzRq5Nl30FEmv9dL5GKxtLcapBvTjWjUQz6rvQyrAo62s08EybO3zISN13ibFyG319KsMm8dZari84tCKVXhicUCZImXOncwrSWXrJJf5zB5UgU04ALuamwEahhOE/kIZ5JYjvNifKOEZ69wET9BOSjTh5QZ0PTphOoK/uyKJ5fjSp1U1o+w==&u=U2FsdGVkX1+4kgjEachmx3kl9/3xxW0J1/wX7PZasfE=&y=U2FsdGVkX1/MIhf6vSFhI3bw6m5MPeGUtaCnqBi9Rt8= HTTP/1.1" 200 25
186.102.20.143 - - [31/Mar/2022:13:53:51 -0500] "GET /kwssiamovil/sm/acme/a?s=U2FsdGVkX1/Rg66vO8pB/T7SD8BgZQ5NHCDmQaTNQoNJmRaI+J8P6OMVQ5EBslpXqbvHTGWLWxl5PgPTU7anzn2XOtsuvKF3as5HG60D0d7kgMpL7kprFPntoKWj6agJDAY6G02VzWdIcOvL6qH5twfEjURWgWwLon1VttcOKOc/miXS0oPmWFhCnH1kK1aE&u=U2FsdGVkX1+4kgjEachmx3kl9/3xxW0J1/wX7PZasfE=&y=U2FsdGVkX1/MIhf6vSFhI3bw6m5MPeGUtaCnqBi9Rt8= HTTP/1.1" 200 25
186.102.20.143 - - [31/Mar/2022:13:53:52 -0500] "GET /kwssiamovil/sm/acme/a?s=U2FsdGVkX19WjWJKbbYFnU6hnJyjwnsFjeSfr1P/I6zImhrOkKall6CUTFtZ3IJq54VoG83nNZnsqQ2qyfIlNEvgww7SSss60M2L6eEx8U/529LNmkEUdFngclhpb8k0e8/n1GWavxgsIKsQKVy0zDkjS+pTkboRYbZE/OnCODQebw+ZEMszeLY6STgXhDNOzKof6Iy0LPz02oY3Z/pJxw==&u=U2FsdGVkX1+4kgjEachmx3kl9/3xxW0J1/wX7PZasfE=&y=U2FsdGVkX1/MIhf6vSFhI3bw6m5MPeGUtaCnqBi9Rt8= HTTP/1.1" 200 25
186.102.20.143 - - [31/Mar/2022:13:53:52 -0500] "GET /kwssiamovil/sm/acme/a?s=U2FsdGVkX197GqV6lt0MI4Sk7XcwmBner9QsQ+5HkaK/E9tG+d5ZGmIcL1Vk2+bY7FwTl8DTMS3cBpocvpsONnSWBHcLXvTRK6T56Oo0K6KE0P2Il3dzElOMcS/fjvDQISiScuxFDo2CRxCBCx614tW84EemaBlUuNsc6Z1xE+GLB9aiIggS9aaiJjAoIsvNDuo7ZgvFfRUq80lfc5tmow==&u=U2FsdGVkX1+4kgjEachmx3kl9/3xxW0J1/wX7PZasfE=&y=U2FsdGVkX1/MIhf6vSFhI3bw6m5MPeGUtaCnqBi9Rt8= HTTP/1.1" 200 25
186.102.20.143 - - [31/Mar/2022:13:53:52 -0500] "GET /kwssiamovil/sm/acme/a?s=U2FsdGVkX19/aXCZ9/Hdt1t8ldQa0GNe2lp04/1H8BUYCfDKJ3t0TTEj7UHLXJhLzbd/G8lX7+nRNQdEy1JTNq+nPGAfXycXrYjVi07ThQKufSstiZ/9TI1tRQHYi4r+ZCQOZly2C8B5mF3ghhaIjjKtBsWLN5R07P640yxzxbDHOEeiXTIp5FcdchpYx/x6f6g7w0+4i+fsznnJTvKSeg==&u=U2FsdGVkX1+4kgjEachmx3kl9/3xxW0J1/wX7PZasfE=&y=U2FsdGVkX1/MIhf6vSFhI3bw6m5MPeGUtaCnqBi9Rt8= HTTP/1.1" 200 25
186.102.20.143 - - [31/Mar/2022:13:53:52 -0500] "GET /kwssiamovil/sm/acme/a?s=U2FsdGVkX1+FvUWIGKjjzsZ3x2r3cK8nRvRvgWil5KrMziygXfzQbqyIJh6Da8LIM8L9BguJ5BoWw5gBiSlvhqhwJAueCF9Ul51kSu9VbC0PfN6T1wouWOmiZ9wrB3LJge4qU0inaL0/l3gr6/IffyabH2fZMVDoFOKNiIE1woL8FiQTMOS4+2Zvj1HmKt7twxwoDx4hGV6C5Kj73JL+yw==&u=U2FsdGVkX1+4kgjEachmx3kl9/3xxW0J1/wX7PZasfE=&y=U2FsdGVkX1/MIhf6vSFhI3bw6m5MPeGUtaCnqBi9Rt8= HTTP/1.1" 200 25
201.245.192.253 - - [31/Mar/2022:13:54:02 -0500] "POST /sipse/faces/presentacion/financiero/solicitudProceso/detalleSolicitudProcesoOtrosPagos.xhtml HTTP/1.1" 200 3485
201.245.192.253 - - [31/Mar/2022:13:54:03 -0500] "GET /reportes_sipse/sdg/ServletReporte?reporte=solicitud_cdp&Solicitud=17698&pfdrid_c=false HTTP/1.1" 200 116431
172.22.2.4 - - [31/Mar/2022:13:54:05 -0500] "GET /BLA/boletinlegal/.env HTTP/1.1" 404 1018
200.118.64.109 - - [31/Mar/2022:13:54:06 -0500] "POST /forms/lservlet;jsessionid=ac16012b30d6163f8022814d4407be70d6c5f0466ff5.e3iSbxaKaheRe34Sc38RahyRchr0n6jAmljGr5XDqQLvpAe HTTP/1.1" 200 2
200.118.64.109 - - [31/Mar/2022:13:54:07 -0500] "POST /forms/lservlet;jsessionid=ac16012b30d6163f8022814d4407be70d6c5f0466ff5.e3iSbxaKaheRe34Sc38RahyRchr0n6jAmljGr5XDqQLvpAe HTTP/1.1" 200 14
200.118.64.109 - - [31/Mar/2022:13:54:08 -0500] "POST /forms/lservlet;jsessionid=ac16012b30d6163f8022814d4407be70d6c5f0466ff5.e3iSbxaKaheRe34Sc38RahyRchr0n6jAmljGr5XDqQLvpAe HTTP/1.1" 200 14
200.118.64.109 - - [31/Mar/2022:13:54:09 -0500] "POST /forms/lservlet;jsessionid=ac16012b30d6163f8022814d4407be70d6c5f0466ff5.e3iSbxaKaheRe34Sc38RahyRchr0n6jAmljGr5XDqQLvpAe HTTP/1.1" 200 109
200.118.64.109 - - [31/Mar/2022:13:54:09 -0500] "POST /forms/lservlet;jsessionid=ac16012b30d6163f8022814d4407be70d6c5f0466ff5.e3iSbxaKaheRe34Sc38RahyRchr0n6jAmljGr5XDqQLvpAe HTTP/1.1" 200 2
200.118.64.109 - - [31/Mar/2022:13:54:09 -0500] "GET /reports/rwservlet/getjobid74018?server=repnomi HTTP/1.1" 200 746979
66.249.75.109 - - [31/Mar/2022:13:54:28 -0500] "-" 408 -
172.22.2.4 - - [31/Mar/2022:13:52:51 -0500] "GET /BLA/boletinlegal/index.php HTTP/1.1" 200 60105
200.118.64.109 - - [31/Mar/2022:13:55:08 -0500] "POST /forms/lservlet;jsessionid=ac16012b30d6163f8022814d4407be70d6c5f0466ff5.e3iSbxaKaheRe34Sc38RahyRchr0n6jAmljGr5XDqQLvpAe HTTP/1.1" 200 2
200.118.64.109 - - [31/Mar/2022:13:55:08 -0500] "POST /forms/lservlet;jsessionid=ac16012b30d6163f8022814d4407be70d6c5f0466ff5.e3iSbxaKaheRe34Sc38RahyRchr0n6jAmljGr5XDqQLvpAe HTTP/1.1" 200 2341
200.118.64.109 - - [31/Mar/2022:13:55:08 -0500] "POST /forms/lservlet;jsessionid=ac16012b30d6163f8022814d4407be70d6c5f0466ff5.e3iSbxaKaheRe34Sc38RahyRchr0n6jAmljGr5XDqQLvpAe HTTP/1.1" 200 10
200.118.64.109 - - [31/Mar/2022:13:55:10 -0500] "POST /forms/lservlet;jsessionid=ac16012b30d6163f8022814d4407be70d6c5f0466ff5.e3iSbxaKaheRe34Sc38RahyRchr0n6jAmljGr5XDqQLvpAe HTTP/1.1" 200 26
200.118.64.109 - - [31/Mar/2022:13:55:10 -0500] "POST /forms/lservlet;jsessionid=ac16012b30d6163f8022814d4407be70d6c5f0466ff5.e3iSbxaKaheRe34Sc38RahyRchr0n6jAmljGr5XDqQLvpAe HTTP/1.1" 200 14
200.118.64.109 - - [31/Mar/2022:13:55:11 -0500] "POST /forms/lservlet;jsessionid=ac16012b30d6163f8022814d4407be70d6c5f0466ff5.e3iSbxaKaheRe34Sc38RahyRchr0n6jAmljGr5XDqQLvpAe HTTP/1.1" 200 4620
200.118.64.109 - - [31/Mar/2022:13:55:12 -0500] "POST /forms/lservlet;jsessionid=ac16012b30d6163f8022814d4407be70d6c5f0466ff5.e3iSbxaKaheRe34Sc38RahyRchr0n6jAmljGr5XDqQLvpAe HTTP/1.1" 200 2
172.22.2.4 - - [31/Mar/2022:13:53:35 -0500] "HEAD /BLA/boletinlegal/ HTTP/1.1" 200 -
200.118.64.109 - - [31/Mar/2022:13:55:18 -0500] "POST /forms/lservlet;jsessionid=ac16012b30d6163f8022814d4407be70d6c5f0466ff5.e3iSbxaKaheRe34Sc38RahyRchr0n6jAmljGr5XDqQLvpAe HTTP/1.1" 200 2
200.118.64.109 - - [31/Mar/2022:13:55:18 -0500] "POST /forms/lservlet;jsessionid=ac16012b30d6163f8022814d4407be70d6c5f0466ff5.e3iSbxaKaheRe34Sc38RahyRchr0n6jAmljGr5XDqQLvpAe HTTP/1.1" 200 14
200.118.64.109 - - [31/Mar/2022:13:55:19 -0500] "POST /forms/lservlet;jsessionid=ac16012b30d6163f8022814d4407be70d6c5f0466ff5.e3iSbxaKaheRe34Sc38RahyRchr0n6jAmljGr5XDqQLvpAe HTTP/1.1" 200 14
200.118.64.109 - - [31/Mar/2022:13:55:20 -0500] "POST /forms/lservlet;jsessionid=ac16012b30d6163f8022814d4407be70d6c5f0466ff5.e3iSbxaKaheRe34Sc38RahyRchr0n6jAmljGr5XDqQLvpAe HTTP/1.1" 200 14
200.118.64.109 - - [31/Mar/2022:13:55:22 -0500] "POST /forms/lservlet;jsessionid=ac16012b30d6163f8022814d4407be70d6c5f0466ff5.e3iSbxaKaheRe34Sc38RahyRchr0n6jAmljGr5XDqQLvpAe HTTP/1.1" 200 14
200.118.64.109 - - [31/Mar/2022:13:55:24 -0500] "POST /forms/lservlet;jsessionid=ac16012b30d6163f8022814d4407be70d6c5f0466ff5.e3iSbxaKaheRe34Sc38RahyRchr0n6jAmljGr5XDqQLvpAe HTTP/1.1" 200 15
200.118.64.109 - - [31/Mar/2022:13:55:26 -0500] "POST /forms/lservlet;jsessionid=ac16012b30d6163f8022814d4407be70d6c5f0466ff5.e3iSbxaKaheRe34Sc38RahyRchr0n6jAmljGr5XDqQLvpAe HTTP/1.1" 200 108
200.118.64.109 - - [31/Mar/2022:13:55:27 -0500] "POST /forms/lservlet;jsessionid=ac16012b30d6163f8022814d4407be70d6c5f0466ff5.e3iSbxaKaheRe34Sc38RahyRchr0n6jAmljGr5XDqQLvpAe HTTP/1.1" 200 2
200.118.64.109 - - [31/Mar/2022:13:55:27 -0500] "GET /reports/rwservlet/getjobid74019?server=repnomi HTTP/1.1" 200 48098
172.22.2.4 - - [31/Mar/2022:13:54:25 -0500] "GET /BLA/boletinlegal/ HTTP/1.1" 200 53344
200.118.64.109 - - [31/Mar/2022:13:56:13 -0500] "POST /forms/lservlet;jsessionid=ac16012b30d6163f8022814d4407be70d6c5f0466ff5.e3iSbxaKaheRe34Sc38RahyRchr0n6jAmljGr5XDqQLvpAe HTTP/1.1" 200 2
200.118.64.109 - - [31/Mar/2022:13:56:13 -0500] "POST /forms/lservlet;jsessionid=ac16012b30d6163f8022814d4407be70d6c5f0466ff5.e3iSbxaKaheRe34Sc38RahyRchr0n6jAmljGr5XDqQLvpAe HTTP/1.1" 200 14
200.118.64.109 - - [31/Mar/2022:13:56:15 -0500] "POST /forms/lservlet;jsessionid=ac16012b30d6163f8022814d4407be70d6c5f0466ff5.e3iSbxaKaheRe34Sc38RahyRchr0n6jAmljGr5XDqQLvpAe HTTP/1.1" 200 14
200.118.64.109 - - [31/Mar/2022:13:56:16 -0500] "POST /forms/lservlet;jsessionid=ac16012b30d6163f8022814d4407be70d6c5f0466ff5.e3iSbxaKaheRe34Sc38RahyRchr0n6jAmljGr5XDqQLvpAe HTTP/1.1" 200 112
200.118.64.109 - - [31/Mar/2022:13:56:16 -0500] "POST /forms/lservlet;jsessionid=ac16012b30d6163f8022814d4407be70d6c5f0466ff5.e3iSbxaKaheRe34Sc38RahyRchr0n6jAmljGr5XDqQLvpAe HTTP/1.1" 200 2
200.118.64.109 - - [31/Mar/2022:13:56:16 -0500] "GET /reports/rwservlet/getjobid74020?server=repnomi HTTP/1.1" 200 47768
186.102.62.83 - - [31/Mar/2022:13:56:36 -0500] "GET /galeria/galeria/jquery.fancybox.css?v=2.1.5 HTTP/1.1" 200 4895
186.102.62.83 - - [31/Mar/2022:13:56:36 -0500] "GET /BLA/boletinlegal/js/jquery.scrollShow.js HTTP/1.1" 200 4586
186.102.62.83 - - [31/Mar/2022:13:56:36 -0500] "GET /galeria/galeria/jquery.fancybox.js?v=2.1.5 HTTP/1.1" 200 48706
200.118.64.109 - - [31/Mar/2022:13:56:56 -0500] "POST /forms/lservlet;jsessionid=ac16012b30d6163f8022814d4407be70d6c5f0466ff5.e3iSbxaKaheRe34Sc38RahyRchr0n6jAmljGr5XDqQLvpAe HTTP/1.1" 200 2
200.118.64.109 - - [31/Mar/2022:13:56:56 -0500] "POST /forms/lservlet;jsessionid=ac16012b30d6163f8022814d4407be70d6c5f0466ff5.e3iSbxaKaheRe34Sc38RahyRchr0n6jAmljGr5XDqQLvpAe HTTP/1.1" 200 14
200.118.64.109 - - [31/Mar/2022:13:56:58 -0500] "POST /forms/lservlet;jsessionid=ac16012b30d6163f8022814d4407be70d6c5f0466ff5.e3iSbxaKaheRe34Sc38RahyRchr0n6jAmljGr5XDqQLvpAe HTTP/1.1" 200 14
200.118.64.109 - - [31/Mar/2022:13:56:59 -0500] "POST /forms/lservlet;jsessionid=ac16012b30d6163f8022814d4407be70d6c5f0466ff5.e3iSbxaKaheRe34Sc38RahyRchr0n6jAmljGr5XDqQLvpAe HTTP/1.1" 200 14
200.118.64.109 - - [31/Mar/2022:13:57:00 -0500] "POST /forms/lservlet;jsessionid=ac16012b30d6163f8022814d4407be70d6c5f0466ff5.e3iSbxaKaheRe34Sc38RahyRchr0n6jAmljGr5XDqQLvpAe HTTP/1.1" 200 14
200.118.64.109 - - [31/Mar/2022:13:57:02 -0500] "POST /forms/lservlet;jsessionid=ac16012b30d6163f8022814d4407be70d6c5f0466ff5.e3iSbxaKaheRe34Sc38RahyRchr0n6jAmljGr5XDqQLvpAe HTTP/1.1" 200 109
200.118.64.109 - - [31/Mar/2022:13:57:02 -0500] "POST /forms/lservlet;jsessionid=ac16012b30d6163f8022814d4407be70d6c5f0466ff5.e3iSbxaKaheRe34Sc38RahyRchr0n6jAmljGr5XDqQLvpAe HTTP/1.1" 200 2
200.118.64.109 - - [31/Mar/2022:13:57:02 -0500] "GET /reports/rwservlet/getjobid74021?server=repnomi HTTP/1.1" 200 3799308
216.245.221.92 - - [31/Mar/2022:13:57:10 -0500] "HEAD / HTTP/1.1" 200 -
186.29.81.144 - - [31/Mar/2022:13:57:15 -0500] "GET /BLA/resoluciones/index.php?dir=RESOLUCIONES+2020%2F HTTP/1.1" 200 159532
200.118.64.109 - - [31/Mar/2022:13:57:45 -0500] "POST /forms/lservlet;jsessionid=ac16012b30d6163f8022814d4407be70d6c5f0466ff5.e3iSbxaKaheRe34Sc38RahyRchr0n6jAmljGr5XDqQLvpAe HTTP/1.1" 200 2
181.237.191.120 - - [31/Mar/2022:13:57:54 -0500] "GET /forest/login.do HTTP/1.1" 404 1120
200.118.64.109 - - [31/Mar/2022:13:59:45 -0500] "POST /forms/lservlet;jsessionid=ac16012b30d6163f8022814d4407be70d6c5f0466ff5.e3iSbxaKaheRe34Sc38RahyRchr0n6jAmljGr5XDqQLvpAe HTTP/1.1" 200 2
64.31.7.206 - - [31/Mar/2022:14:00:25 -0500] "GET / HTTP/1.1" 200 319
172.22.2.4 - - [31/Mar/2022:13:59:25 -0500] "HEAD /BLA/boletinlegal/ HTTP/1.1" 200 -
172.22.2.4 - - [31/Mar/2022:14:01:38 -0500] "GET /BLA/boletinlegal/admin/ HTTP/1.1" 200 2324
200.118.64.109 - - [31/Mar/2022:14:01:46 -0500] "POST /forms/lservlet;jsessionid=ac16012b30d6163f8022814d4407be70d6c5f0466ff5.e3iSbxaKaheRe34Sc38RahyRchr0n6jAmljGr5XDqQLvpAe HTTP/1.1" 200 2
172.22.2.4 - - [31/Mar/2022:14:01:49 -0500] "POST /BLA/boletinlegal/admin/usuarios/process.php HTTP/1.1" 302 -
172.22.2.4 - - [31/Mar/2022:14:01:49 -0500] "GET /BLA/boletinlegal/BLA/boletinlegal/admin/index.php HTTP/1.1" 404 1320
172.22.2.4 - - [31/Mar/2022:14:00:15 -0500] "GET /BLA/boletinlegal/ HTTP/1.1" 200 59688
172.22.2.4 - - [31/Mar/2022:14:01:52 -0500] "GET /BLA/boletinlegal/admin/ HTTP/1.1" 200 7017
172.22.2.4 - - [31/Mar/2022:14:02:09 -0500] "GET /BLA/boletinlegal/admin/index_files/index_files/tback.gif HTTP/1.1" 404 1362
181.61.209.157 - - [31/Mar/2022:14:02:10 -0500] "GET /BLA/resoluciones/index.php?dir= HTTP/1.1" 200 13093
216.245.221.92 - - [31/Mar/2022:14:02:10 -0500] "HEAD / HTTP/1.1" 200 -
181.61.209.157 - - [31/Mar/2022:14:02:16 -0500] "GET /BLA/resoluciones/index.php?dir=RESOLUCIONES+2012%2F HTTP/1.1" 200 139896
186.102.35.158 - - [31/Mar/2022:14:03:02 -0500] "-" 408 -
157.253.27.140 - - [31/Mar/2022:14:03:44 -0500] "GET /BLA/resoluciones/RESOLUCIONES%202021/5262.pdf HTTP/1.1" 200 370932
157.253.27.140 - - [31/Mar/2022:14:03:44 -0500] "GET /favicon.ico HTTP/1.1" 200 7782
200.118.64.109 - - [31/Mar/2022:14:03:46 -0500] "POST /forms/lservlet;jsessionid=ac16012b30d6163f8022814d4407be70d6c5f0466ff5.e3iSbxaKaheRe34Sc38RahyRchr0n6jAmljGr5XDqQLvpAe HTTP/1.1" 200 2
200.118.64.109 - - [31/Mar/2022:14:03:49 -0500] "POST /forms/lservlet;jsessionid=ac16012b30d6163f8022814d4407be70d6c5f0466ff5.e3iSbxaKaheRe34Sc38RahyRchr0n6jAmljGr5XDqQLvpAe HTTP/1.1" 200 2
200.118.64.109 - - [31/Mar/2022:14:03:49 -0500] "POST /forms/lservlet;jsessionid=ac16012b30d6163f8022814d4407be70d6c5f0466ff5.e3iSbxaKaheRe34Sc38RahyRchr0n6jAmljGr5XDqQLvpAe HTTP/1.1" 200 2384
200.118.64.109 - - [31/Mar/2022:14:03:49 -0500] "POST /forms/lservlet;jsessionid=ac16012b30d6163f8022814d4407be70d6c5f0466ff5.e3iSbxaKaheRe34Sc38RahyRchr0n6jAmljGr5XDqQLvpAe HTTP/1.1" 200 10
200.118.64.109 - - [31/Mar/2022:14:03:52 -0500] "POST /forms/lservlet;jsessionid=ac16012b30d6163f8022814d4407be70d6c5f0466ff5.e3iSbxaKaheRe34Sc38RahyRchr0n6jAmljGr5XDqQLvpAe HTTP/1.1" 200 26
200.118.64.109 - - [31/Mar/2022:14:03:52 -0500] "POST /forms/lservlet;jsessionid=ac16012b30d6163f8022814d4407be70d6c5f0466ff5.e3iSbxaKaheRe34Sc38RahyRchr0n6jAmljGr5XDqQLvpAe HTTP/1.1" 200 14
200.118.64.109 - - [31/Mar/2022:14:03:53 -0500] "POST /forms/lservlet;jsessionid=ac16012b30d6163f8022814d4407be70d6c5f0466ff5.e3iSbxaKaheRe34Sc38RahyRchr0n6jAmljGr5XDqQLvpAe HTTP/1.1" 200 4291
200.118.64.109 - - [31/Mar/2022:14:03:54 -0500] "POST /forms/lservlet;jsessionid=ac16012b30d6163f8022814d4407be70d6c5f0466ff5.e3iSbxaKaheRe34Sc38RahyRchr0n6jAmljGr5XDqQLvpAe HTTP/1.1" 200 2
201.245.192.253 - - [31/Mar/2022:14:03:09 -0500] "POST /kwsrmcab/Wsrmcab HTTP/1.1" 200 213
200.118.64.109 - - [31/Mar/2022:14:04:19 -0500] "POST /forms/lservlet;jsessionid=ac16012b30d6163f8022814d4407be70d6c5f0466ff5.e3iSbxaKaheRe34Sc38RahyRchr0n6jAmljGr5XDqQLvpAe HTTP/1.1" 200 2
172.22.2.4 - - [31/Mar/2022:14:04:20 -0500] "GET /BLA/boletinlegal/admin/actos/ingresar.php HTTP/1.1" 200 7143
200.118.64.109 - - [31/Mar/2022:14:04:19 -0500] "POST /forms/lservlet;jsessionid=ac16012b30d6163f8022814d4407be70d6c5f0466ff5.e3iSbxaKaheRe34Sc38RahyRchr0n6jAmljGr5XDqQLvpAe HTTP/1.1" 200 14
200.118.64.109 - - [31/Mar/2022:14:04:20 -0500] "POST /forms/lservlet;jsessionid=ac16012b30d6163f8022814d4407be70d6c5f0466ff5.e3iSbxaKaheRe34Sc38RahyRchr0n6jAmljGr5XDqQLvpAe HTTP/1.1" 200 14
200.118.64.109 - - [31/Mar/2022:14:04:22 -0500] "POST /forms/lservlet;jsessionid=ac16012b30d6163f8022814d4407be70d6c5f0466ff5.e3iSbxaKaheRe34Sc38RahyRchr0n6jAmljGr5XDqQLvpAe HTTP/1.1" 200 14
200.118.64.109 - - [31/Mar/2022:14:04:23 -0500] "POST /forms/lservlet;jsessionid=ac16012b30d6163f8022814d4407be70d6c5f0466ff5.e3iSbxaKaheRe34Sc38RahyRchr0n6jAmljGr5XDqQLvpAe HTTP/1.1" 200 14
200.118.64.109 - - [31/Mar/2022:14:04:25 -0500] "POST /forms/lservlet;jsessionid=ac16012b30d6163f8022814d4407be70d6c5f0466ff5.e3iSbxaKaheRe34Sc38RahyRchr0n6jAmljGr5XDqQLvpAe HTTP/1.1" 200 108
200.118.64.109 - - [31/Mar/2022:14:04:25 -0500] "POST /forms/lservlet;jsessionid=ac16012b30d6163f8022814d4407be70d6c5f0466ff5.e3iSbxaKaheRe34Sc38RahyRchr0n6jAmljGr5XDqQLvpAe HTTP/1.1" 200 2
200.118.64.109 - - [31/Mar/2022:14:04:25 -0500] "GET /reports/rwservlet/getjobid74022?server=repnomi HTTP/1.1" 200 48051
66.249.75.109 - - [31/Mar/2022:14:05:03 -0500] "-" 408 -
172.22.2.4 - - [31/Mar/2022:14:05:17 -0500] "POST /BLA/boletinlegal/admin/actos/ingresar.php HTTP/1.1" 200 2102
172.22.2.4 - - [31/Mar/2022:14:05:19 -0500] "GET /BLA/boletinlegal/admin/actos/ingresar.php HTTP/1.1" 200 7143
200.118.64.109 - - [31/Mar/2022:14:05:46 -0500] "POST /forms/lservlet;jsessionid=ac16012b30d6163f8022814d4407be70d6c5f0466ff5.e3iSbxaKaheRe34Sc38RahyRchr0n6jAmljGr5XDqQLvpAe HTTP/1.1" 200 2
200.118.64.109 - - [31/Mar/2022:14:05:59 -0500] "POST /forms/lservlet;jsessionid=ac16012b30d6163f8022814d4407be70d6c5f0466ff5.e3iSbxaKaheRe34Sc38RahyRchr0n6jAmljGr5XDqQLvpAe HTTP/1.1" 200 2
200.118.64.109 - - [31/Mar/2022:14:05:59 -0500] "POST /forms/lservlet;jsessionid=ac16012b30d6163f8022814d4407be70d6c5f0466ff5.e3iSbxaKaheRe34Sc38RahyRchr0n6jAmljGr5XDqQLvpAe HTTP/1.1" 200 14
200.118.64.109 - - [31/Mar/2022:14:06:01 -0500] "POST /forms/lservlet;jsessionid=ac16012b30d6163f8022814d4407be70d6c5f0466ff5.e3iSbxaKaheRe34Sc38RahyRchr0n6jAmljGr5XDqQLvpAe HTTP/1.1" 200 14
200.118.64.109 - - [31/Mar/2022:14:06:02 -0500] "POST /forms/lservlet;jsessionid=ac16012b30d6163f8022814d4407be70d6c5f0466ff5.e3iSbxaKaheRe34Sc38RahyRchr0n6jAmljGr5XDqQLvpAe HTTP/1.1" 200 112
200.118.64.109 - - [31/Mar/2022:14:06:02 -0500] "POST /forms/lservlet;jsessionid=ac16012b30d6163f8022814d4407be70d6c5f0466ff5.e3iSbxaKaheRe34Sc38RahyRchr0n6jAmljGr5XDqQLvpAe HTTP/1.1" 200 2
200.118.64.109 - - [31/Mar/2022:14:06:02 -0500] "GET /reports/rwservlet/getjobid74023?server=repnomi HTTP/1.1" 200 47664
172.22.2.4 - - [31/Mar/2022:14:06:23 -0500] "POST /BLA/boletinlegal/admin/actos/ingresar.php HTTP/1.1" 200 7236
172.22.2.4 - - [31/Mar/2022:14:06:38 -0500] "GET /BLA/boletinlegal/style.css HTTP/1.1" 200 9406
172.22.2.4 - - [31/Mar/2022:14:06:39 -0500] "GET /BLA/boletinlegal/styles2.css HTTP/1.1" 200 1838
172.22.2.4 - - [31/Mar/2022:14:06:39 -0500] "GET /BLA/boletinlegal/js/jquery.js HTTP/1.1" 200 57254
172.22.2.4 - - [31/Mar/2022:14:06:39 -0500] "GET /BLA/boletinlegal/js/jquery.scrollTo-min.js HTTP/1.1" 200 1150
172.22.2.4 - - [31/Mar/2022:14:06:39 -0500] "GET /BLA/boletinlegal/js/jquery.scrollShow.js HTTP/1.1" 200 4586
172.22.2.4 - - [31/Mar/2022:14:06:39 -0500] "GET /BLA/boletinlegal/images/cabezote%20BLEGAL.jpg HTTP/1.1" 200 118164
172.22.2.4 - - [31/Mar/2022:14:06:39 -0500] "GET /BLA/boletinlegal/images/subscribe-icon-big.png HTTP/1.1" 200 47702
172.22.2.4 - - [31/Mar/2022:14:06:39 -0500] "GET /BLA/boletinlegal/images/historia.png HTTP/1.1" 200 52775
172.22.2.4 - - [31/Mar/2022:14:06:39 -0500] "GET /BLA/boletinlegal/images/registro-usuarios.png HTTP/1.1" 200 8106
172.22.2.4 - - [31/Mar/2022:14:06:39 -0500] "GET /BLA/boletinlegal/images/arr_l.jpg HTTP/1.1" 200 1979
172.22.2.4 - - [31/Mar/2022:14:06:39 -0500] "GET /BLA/boletinlegal/images/screen_1.png HTTP/1.1" 200 202547
172.22.2.4 - - [31/Mar/2022:14:06:39 -0500] "GET /BLA/boletinlegal/images/launch.jpg HTTP/1.1" 200 14577
172.22.2.4 - - [31/Mar/2022:14:06:39 -0500] "GET /BLA/boletinlegal/images/body_bg.jpg HTTP/1.1" 200 1601
172.22.2.4 - - [31/Mar/2022:14:06:39 -0500] "GET /BLA/boletinlegal/images/menu_lft.gif HTTP/1.1" 200 1713
172.22.2.4 - - [31/Mar/2022:14:06:39 -0500] "GET /BLA/boletinlegal/images/menu_rght.gif HTTP/1.1" 200 1627
172.22.2.4 - - [31/Mar/2022:14:06:39 -0500] "GET /BLA/boletinlegal/images/menu_bg.jpg HTTP/1.1" 200 620
172.22.2.4 - - [31/Mar/2022:14:06:39 -0500] "GET /BLA/boletinlegal/images/bg_top.jpg HTTP/1.1" 200 522
172.22.2.4 - - [31/Mar/2022:14:06:39 -0500] "GET /BLA/boletinlegal/images/hover.jpg HTTP/1.1" 200 640
172.22.2.4 - - [31/Mar/2022:14:06:40 -0500] "GET /BLA/boletinlegal/images/text.jpg HTTP/1.1" 200 568
172.22.2.4 - - [31/Mar/2022:14:06:42 -0500] "GET /BLA/boletinlegal/actos.php HTTP/1.1" 200 9555
172.22.2.4 - - [31/Mar/2022:14:06:43 -0500] "GET /BLA/boletinlegal/js/ajax_actos.js HTTP/1.1" 200 1322
172.22.2.4 - - [31/Mar/2022:14:06:43 -0500] "GET /BLA/boletinlegal/niceforms-default.css HTTP/1.1" 200 6694
172.22.2.4 - - [31/Mar/2022:14:06:43 -0500] "GET /BLA/boletinlegal/js/lib.js HTTP/1.1" 200 6474
172.22.2.4 - - [31/Mar/2022:14:06:43 -0500] "GET /BLA/boletinlegal/niceforms.js HTTP/1.1" 200 22876
172.22.2.4 - - [31/Mar/2022:14:06:43 -0500] "GET /BLA/boletinlegal/js/popup.js HTTP/1.1" 200 1270
172.22.2.4 - - [31/Mar/2022:14:06:43 -0500] "GET /BLA/boletinlegal/js/jquery1.js HTTP/1.1" 200 29846
172.22.2.4 - - [31/Mar/2022:14:06:43 -0500] "GET /BLA/boletinlegal/images/green-yellow-blue-pink-th.png HTTP/1.1" 200 7394
172.22.2.4 - - [31/Mar/2022:14:06:43 -0500] "GET /BLA/boletinlegal/images/abajo.png HTTP/1.1" 200 96676
172.22.2.4 - - [31/Mar/2022:14:06:43 -0500] "GET /BLA/boletinlegal/images/tel.png HTTP/1.1" 200 14477
172.22.2.4 - - [31/Mar/2022:14:06:43 -0500] "GET /BLA/boletinlegal/images/icono-email.png HTTP/1.1" 200 5544
172.22.2.4 - - [31/Mar/2022:14:06:43 -0500] "GET /BLA/boletinlegal/images/footer_bg.jpg HTTP/1.1" 200 586
172.22.2.4 - - [31/Mar/2022:14:06:43 -0500] "GET /BLA/boletinlegal/images/footer_bg_l.jpg HTTP/1.1" 200 776
172.22.2.4 - - [31/Mar/2022:14:06:43 -0500] "GET /BLA/boletinlegal/img/0.png HTTP/1.1" 200 110
172.22.2.4 - - [31/Mar/2022:14:06:43 -0500] "GET /BLA/boletinlegal/img/select-left.png HTTP/1.1" 200 263
172.22.2.4 - - [31/Mar/2022:14:06:43 -0500] "GET /BLA/boletinlegal/img/select-right.png HTTP/1.1" 200 44019
172.22.2.4 - - [31/Mar/2022:14:06:43 -0500] "GET /BLA/boletinlegal/img/button-left.png HTTP/1.1" 200 57071
172.22.2.4 - - [31/Mar/2022:14:06:43 -0500] "GET /BLA/boletinlegal/img/button-right.png HTTP/1.1" 200 57878
172.22.2.4 - - [31/Mar/2022:14:06:43 -0500] "GET /BLA/boletinlegal/img/button.png HTTP/1.1" 200 43241
200.118.64.109 - - [31/Mar/2022:14:06:51 -0500] "POST /forms/lservlet;jsessionid=ac16012b30d6163f8022814d4407be70d6c5f0466ff5.e3iSbxaKaheRe34Sc38RahyRchr0n6jAmljGr5XDqQLvpAe HTTP/1.1" 200 2
200.118.64.109 - - [31/Mar/2022:14:06:51 -0500] "POST /forms/lservlet;jsessionid=ac16012b30d6163f8022814d4407be70d6c5f0466ff5.e3iSbxaKaheRe34Sc38RahyRchr0n6jAmljGr5XDqQLvpAe HTTP/1.1" 200 14
200.118.64.109 - - [31/Mar/2022:14:06:52 -0500] "POST /forms/lservlet;jsessionid=ac16012b30d6163f8022814d4407be70d6c5f0466ff5.e3iSbxaKaheRe34Sc38RahyRchr0n6jAmljGr5XDqQLvpAe HTTP/1.1" 200 14
200.118.64.109 - - [31/Mar/2022:14:06:53 -0500] "POST /forms/lservlet;jsessionid=ac16012b30d6163f8022814d4407be70d6c5f0466ff5.e3iSbxaKaheRe34Sc38RahyRchr0n6jAmljGr5XDqQLvpAe HTTP/1.1" 200 14
172.22.2.4 - - [31/Mar/2022:14:05:15 -0500] "HEAD /BLA/boletinlegal/ HTTP/1.1" 200 -
200.118.64.109 - - [31/Mar/2022:14:06:55 -0500] "POST /forms/lservlet;jsessionid=ac16012b30d6163f8022814d4407be70d6c5f0466ff5.e3iSbxaKaheRe34Sc38RahyRchr0n6jAmljGr5XDqQLvpAe HTTP/1.1" 200 14
200.118.64.109 - - [31/Mar/2022:14:06:57 -0500] "POST /forms/lservlet;jsessionid=ac16012b30d6163f8022814d4407be70d6c5f0466ff5.e3iSbxaKaheRe34Sc38RahyRchr0n6jAmljGr5XDqQLvpAe HTTP/1.1" 200 15
200.118.64.109 - - [31/Mar/2022:14:06:59 -0500] "POST /forms/lservlet;jsessionid=ac16012b30d6163f8022814d4407be70d6c5f0466ff5.e3iSbxaKaheRe34Sc38RahyRchr0n6jAmljGr5XDqQLvpAe HTTP/1.1" 200 15
200.118.64.109 - - [31/Mar/2022:14:07:03 -0500] "POST /forms/lservlet;jsessionid=ac16012b30d6163f8022814d4407be70d6c5f0466ff5.e3iSbxaKaheRe34Sc38RahyRchr0n6jAmljGr5XDqQLvpAe HTTP/1.1" 200 109
200.118.64.109 - - [31/Mar/2022:14:07:04 -0500] "POST /forms/lservlet;jsessionid=ac16012b30d6163f8022814d4407be70d6c5f0466ff5.e3iSbxaKaheRe34Sc38RahyRchr0n6jAmljGr5XDqQLvpAe HTTP/1.1" 200 2
200.118.64.109 - - [31/Mar/2022:14:07:04 -0500] "GET /reports/rwservlet/getjobid74024?server=repnomi HTTP/1.1" 200 7981099
216.245.221.92 - - [31/Mar/2022:14:07:10 -0500] "HEAD / HTTP/1.1" 200 -
172.22.2.4 - - [31/Mar/2022:14:07:12 -0500] "GET /BLA/boletinlegal/actos.php HTTP/1.1" 200 9555
186.102.20.143 - - [31/Mar/2022:14:07:19 -0500] "GET /kwssiamovil/sm/acme/a?s=U2FsdGVkX19bP0QmqfoNID+MHmncInNezkWfOLH9/5tBp76j2TiuDX81wFlUT4KUKaqwNVY/Kbxxq+f0Tuk3SX51B+7ALEmABeYKDIsK2/B3pNVjSG1p6dNWKcdyT4Pz6mh5WWxzfBRsDZL+pVyg0HDOtAmrdA+jMTq5eUVArwSuLih8955SRbR4p+k02COhhM//CSDaOysJyNHB0yynoy12T6lxfh0ARHXlFC8Bebw3FVjhZpPF5hdrhJXWFQe5hMoRa9OBf7EDHOtkOMeNtw==&u=U2FsdGVkX1+4kgjEachmx3kl9/3xxW0J1/wX7PZasfE=&y=U2FsdGVkX1/MIhf6vSFhI3bw6m5MPeGUtaCnqBi9Rt8= HTTP/1.1" 200 25
172.22.2.4 - - [31/Mar/2022:14:06:38 -0500] "GET /BLA/boletinlegal/ HTTP/1.1" 200 24523
201.245.192.253 - - [31/Mar/2022:14:07:36 -0500] "GET /sipse/faces/faces/autenticacion.xhtml HTTP/1.1" 200 12500
201.245.192.253 - - [31/Mar/2022:14:07:37 -0500] "GET /sipse/css/custom_css_sg.css HTTP/1.1" 200 9694
201.245.192.253 - - [31/Mar/2022:14:07:37 -0500] "GET /sipse/css/custom_css_sg_prime_login.css HTTP/1.1" 200 443
201.245.192.253 - - [31/Mar/2022:14:07:37 -0500] "GET /sipse/faces/javax.faces.resource/layout/layout.css;jsessionid=ovR72jOJiKiIMgQ+fvBWe5qi.undefined?ln=primefaces&v=4.0 HTTP/1.1" 200 542
201.245.192.253 - - [31/Mar/2022:14:07:37 -0500] "GET /sipse/faces/javax.faces.resource/theme.css?ln=primefaces-sipse HTTP/1.1" 200 50058
201.245.192.253 - - [31/Mar/2022:14:07:37 -0500] "GET /sipse/faces/javax.faces.resource/primefaces.css;jsessionid=ovR72jOJiKiIMgQ+fvBWe5qi.undefined?ln=primefaces&v=4.0 HTTP/1.1" 200 53295
201.245.192.253 - - [31/Mar/2022:14:07:37 -0500] "GET /sipse/js/funciones.js HTTP/1.1" 304 -
201.245.192.253 - - [31/Mar/2022:14:07:37 -0500] "GET /sipse/js/disable_browser_buttons.js HTTP/1.1" 304 -
201.245.192.253 - - [31/Mar/2022:14:07:37 -0500] "GET /sipse/faces/javax.faces.resource/layout/layout.js;jsessionid=ovR72jOJiKiIMgQ+fvBWe5qi.undefined?ln=primefaces&v=4.0 HTTP/1.1" 200 87560
201.245.192.253 - - [31/Mar/2022:14:07:37 -0500] "GET /sipse/faces/javax.faces.resource/primefaces.js;jsessionid=ovR72jOJiKiIMgQ+fvBWe5qi.undefined?ln=primefaces&v=4.0 HTTP/1.1" 200 276924
186.102.20.143 - - [31/Mar/2022:14:07:37 -0500] "GET /kwssiamovil/sm/acme/a?s=U2FsdGVkX19GwLFd5+FyNcMZlPhmRlATQSZfJNozktX7EwgFQbmHH/Xhmw88f4ucjf8w8MSEkG4cMyp0WcmEfldJLjhn+1JBi4FR0ul8qtl2hVcEg3keyk+bm+PtgOrs5ePPbFYB5oxeUAUmJw60YyZ8PaZG89QrSdJAWoZhLxI59HBC0oN5zNo/PJaIuIvKFuyzHawf5TGpPHAUt/ENZeZAMXwMdoW4QQRKnLiIXg6tcp4BCEuzkKFuP1A1tD0cwtQKWrsmhTH47LtiVQEG1A==&u=U2FsdGVkX1+4kgjEachmx3kl9/3xxW0J1/wX7PZasfE=&y=U2FsdGVkX1/MIhf6vSFhI3bw6m5MPeGUtaCnqBi9Rt8= HTTP/1.1" 200 25
201.245.192.253 - - [31/Mar/2022:14:07:37 -0500] "GET /sipse/faces/javax.faces.resource/jquery/jquery-plugins.js;jsessionid=ovR72jOJiKiIMgQ+fvBWe5qi.undefined?ln=primefaces&v=4.0 HTTP/1.1" 200 220526
201.245.192.253 - - [31/Mar/2022:14:07:37 -0500] "GET /sipse/faces/javax.faces.resource/jquery/jquery.js;jsessionid=ovR72jOJiKiIMgQ+fvBWe5qi.undefined?ln=primefaces&v=4.0 HTTP/1.1" 200 105384
201.245.192.253 - - [31/Mar/2022:14:07:37 -0500] "GET /sipse/faces/javax.faces.resource/images/ui-icons_898989_256x240.png?ln=primefaces-aristo HTTP/1.1" 200 5355
201.245.192.253 - - [31/Mar/2022:14:07:37 -0500] "GET /sipse/css/imagen/loginimg.png HTTP/1.1" 200 71635
201.245.192.253 - - [31/Mar/2022:14:07:37 -0500] "GET /sipse/css/imagen/logoSDG.png HTTP/1.1" 200 53064
201.245.192.253 - - [31/Mar/2022:14:07:37 -0500] "GET /favicon.ico HTTP/1.1" 200 7782
201.245.192.253 - - [31/Mar/2022:14:07:37 -0500] "GET /sipse/faces/faces/index.xhtml HTTP/1.1" 200 677
201.245.192.253 - - [31/Mar/2022:14:07:37 -0500] "GET /sipse/faces/javax.faces.resource/theme.css?ln=primefaces-sipse HTTP/1.1" 304 -
201.245.192.253 - - [31/Mar/2022:14:07:37 -0500] "GET /sipse/faces/faces/faces/autenticacion.xhtml HTTP/1.1" 200 12178
201.245.192.253 - - [31/Mar/2022:14:07:37 -0500] "GET /sipse/faces/javax.faces.resource/layout/layout.css?ln=primefaces&v=4.0 HTTP/1.1" 200 542
201.245.192.253 - - [31/Mar/2022:14:07:38 -0500] "GET /sipse/faces/javax.faces.resource/jquery/jquery-plugins.js?ln=primefaces&v=4.0 HTTP/1.1" 304 -
201.245.192.253 - - [31/Mar/2022:14:07:38 -0500] "GET /sipse/faces/javax.faces.resource/jquery/jquery.js?ln=primefaces&v=4.0 HTTP/1.1" 304 -
201.245.192.253 - - [31/Mar/2022:14:07:38 -0500] "GET /sipse/faces/javax.faces.resource/primefaces.js?ln=primefaces&v=4.0 HTTP/1.1" 304 -
201.245.192.253 - - [31/Mar/2022:14:07:38 -0500] "GET /sipse/faces/javax.faces.resource/layout/layout.js?ln=primefaces&v=4.0 HTTP/1.1" 304 -
201.245.192.253 - - [31/Mar/2022:14:07:37 -0500] "GET /sipse/faces/javax.faces.resource/primefaces.css?ln=primefaces&v=4.0 HTTP/1.1" 200 53295
201.245.192.253 - - [31/Mar/2022:14:07:38 -0500] "GET /sipse/faces/javax.faces.resource/images/ui-icons_898989_256x240.png?ln=primefaces-aristo HTTP/1.1" 304 -
172.22.2.4 - - [31/Mar/2022:14:06:05 -0500] "GET /BLA/boletinlegal/ HTTP/1.1" 200 49718
200.118.64.109 - - [31/Mar/2022:14:07:46 -0500] "POST /forms/lservlet;jsessionid=ac16012b30d6163f8022814d4407be70d6c5f0466ff5.e3iSbxaKaheRe34Sc38RahyRchr0n6jAmljGr5XDqQLvpAe HTTP/1.1" 200 2
201.245.192.253 - - [31/Mar/2022:14:07:53 -0500] "POST /appsia/controlador HTTP/1.1" 200 7799
200.118.64.109 - - [31/Mar/2022:14:07:55 -0500] "POST /forms/lservlet;jsessionid=ac16012b30d6163f8022814d4407be70d6c5f0466ff5.e3iSbxaKaheRe34Sc38RahyRchr0n6jAmljGr5XDqQLvpAe HTTP/1.1" 200 2
201.245.192.253 - - [31/Mar/2022:14:07:55 -0500] "POST /appsia/controlador HTTP/1.1" 200 6672
172.22.2.4 - - [31/Mar/2022:14:07:10 -0500] "GET /BLA/boletinlegal/ HTTP/1.1" 200 24523
200.118.64.109 - - [31/Mar/2022:14:07:55 -0500] "POST /forms/lservlet;jsessionid=ac16012b30d6163f8022814d4407be70d6c5f0466ff5.e3iSbxaKaheRe34Sc38RahyRchr0n6jAmljGr5XDqQLvpAe HTTP/1.1" 200 14
200.118.64.109 - - [31/Mar/2022:14:07:56 -0500] "POST /forms/lservlet;jsessionid=ac16012b30d6163f8022814d4407be70d6c5f0466ff5.e3iSbxaKaheRe34Sc38RahyRchr0n6jAmljGr5XDqQLvpAe HTTP/1.1" 200 109
200.118.64.109 - - [31/Mar/2022:14:07:57 -0500] "POST /forms/lservlet;jsessionid=ac16012b30d6163f8022814d4407be70d6c5f0466ff5.e3iSbxaKaheRe34Sc38RahyRchr0n6jAmljGr5XDqQLvpAe HTTP/1.1" 200 2
201.245.192.253 - - [31/Mar/2022:14:07:57 -0500] "GET /appsia/controlador?comando=regresar&id=1049602656&funcionario=KRYSTLE+DANITZA+GONZALEZ+VELANDIA&desde=1049602656&hasta=1049602656&version=1049602656 HTTP/1.1" 200 7799
200.118.64.109 - - [31/Mar/2022:14:07:57 -0500] "GET /reports/rwservlet/getjobid74025?server=repnomi HTTP/1.1" 200 58856
201.245.192.253 - - [31/Mar/2022:14:08:00 -0500] "POST /appsia/controlador HTTP/1.1" 200 6672
201.245.192.253 - - [31/Mar/2022:14:08:02 -0500] "POST /appsia/controlador HTTP/1.1" 200 10989
201.245.192.253 - - [31/Mar/2022:14:08:04 -0500] "POST /appsia/controlador HTTP/1.1" 200 75915
186.102.20.143 - - [31/Mar/2022:14:08:08 -0500] "GET /kwssiamovil/sm/acme/a?s=U2FsdGVkX19lQVWWl1q8hJn2icttKCKHPBwBm89IbHMF5jf+TUYRy7sWUgjFrslxM+RQOZ8ID3N5rOg629XWpkW/QhyknLsfwcDm+2YPRbvnpjmZezN0pO8btSYTBVb1PCGKxrLrl6JjScczLQik/NWh4g03uuB5QpkyFxC2cfebbo4gGLgEVfd7ZQO3+QJVXGDyAvs2Lt+BsXCsd+myHGKgvMktIDbIlZtG1NmFk4oVVT20l0APFN3x9KmtKQDlPnPoWlG1SeRSqszGEiEjkA==&u=U2FsdGVkX1+4kgjEachmx3kl9/3xxW0J1/wX7PZasfE=&y=U2FsdGVkX1/MIhf6vSFhI3bw6m5MPeGUtaCnqBi9Rt8= HTTP/1.1" 200 25
200.118.64.109 - - [31/Mar/2022:14:08:13 -0500] "POST /forms/lservlet;jsessionid=ac16012b30d6163f8022814d4407be70d6c5f0466ff5.e3iSbxaKaheRe34Sc38RahyRchr0n6jAmljGr5XDqQLvpAe HTTP/1.1" 200 2
200.118.64.109 - - [31/Mar/2022:14:08:13 -0500] "POST /forms/lservlet;jsessionid=ac16012b30d6163f8022814d4407be70d6c5f0466ff5.e3iSbxaKaheRe34Sc38RahyRchr0n6jAmljGr5XDqQLvpAe HTTP/1.1" 200 14
200.118.64.109 - - [31/Mar/2022:14:08:15 -0500] "POST /forms/lservlet;jsessionid=ac16012b30d6163f8022814d4407be70d6c5f0466ff5.e3iSbxaKaheRe34Sc38RahyRchr0n6jAmljGr5XDqQLvpAe HTTP/1.1" 200 109
200.118.64.109 - - [31/Mar/2022:14:08:15 -0500] "POST /forms/lservlet;jsessionid=ac16012b30d6163f8022814d4407be70d6c5f0466ff5.e3iSbxaKaheRe34Sc38RahyRchr0n6jAmljGr5XDqQLvpAe HTTP/1.1" 200 2
200.118.64.109 - - [31/Mar/2022:14:08:15 -0500] "GET /reports/rwservlet/getjobid74026?server=repnomi HTTP/1.1" 200 58856
201.245.192.253 - - [31/Mar/2022:14:08:27 -0500] "POST /appsia/controlador HTTP/1.1" 200 7799
201.245.192.253 - - [31/Mar/2022:14:08:29 -0500] "POST /appsia/controlador HTTP/1.1" 200 6672
201.245.192.253 - - [31/Mar/2022:14:08:30 -0500] "POST /appsia/controlador HTTP/1.1" 200 9871
172.22.2.4 - - [31/Mar/2022:14:08:35 -0500] "GET /BLA/boletinlegal/actos.php HTTP/1.1" 200 9555
172.22.2.4 - - [31/Mar/2022:14:08:46 -0500] "GET /BLA/boletinlegal/consulta_actos.php?tipo=autos&no=1644&usuario=&sector=&fecha=2021&resuelve= HTTP/1.1" 200 1132
172.22.2.4 - - [31/Mar/2022:14:08:46 -0500] "GET /BLA/boletinlegal/images/pdf.gif HTTP/1.1" 200 567
201.245.192.253 - - [31/Mar/2022:14:08:48 -0500] "POST /appsia/controlador HTTP/1.1" 200 75774
186.102.20.143 - - [31/Mar/2022:14:08:50 -0500] "GET /kwssiamovil/sm/acme/a?s=U2FsdGVkX1++dhmjn2v7UvBw0qGQKvxQzq3LUku+N0033eh0irWUCdO+sJ9UFUQ/fMx9gjYZeELGrLDdHyK/X1mjDiE70y93NaivM2+M5MIpFTKdPqqx2Sb9yqFAj4x+YFLQxqGdCK86JgsY/T7oniuit95FKSQQeu2UY1lWTNw1TzfmLDhNwPQ5RGVDBvPZZEx87HPbrHf7F6BL1avezMHQhxXJeYlHUNlQbwsZSxyVc2briN0+QhjK3ZTwZtHZNSQhtUY8j+Z7/JYA1OrytA==&u=U2FsdGVkX1+4kgjEachmx3kl9/3xxW0J1/wX7PZasfE=&y=U2FsdGVkX1/MIhf6vSFhI3bw6m5MPeGUtaCnqBi9Rt8= HTTP/1.1" 200 25
190.26.230.236 - - [31/Mar/2022:14:08:56 -0500] "GET /BLA/resoluciones/AUTOS%202021/1644.pdf HTTP/1.1" 200 394281
190.26.230.236 - - [31/Mar/2022:14:08:57 -0500] "GET /favicon.ico HTTP/1.1" 200 7782
172.22.2.4 - - [31/Mar/2022:14:08:32 -0500] "GET /BLA/boletinlegal/ HTTP/1.1" 200 24523
186.102.20.143 - - [31/Mar/2022:14:09:09 -0500] "GET /kwssiamovil/sm/acme/a?s=U2FsdGVkX1+wMV+qJnjHJvaFsOr8QVbkWz1U2xqz00apiyhNJO8N0UHbubxX6SYq9QZbHAlx7srBTe+LYiD4Ojx7PvJ7MBqyCOAgnjYwuRbfqXArYSLAhb5aNVO0iDwRetEt4ZsmSi8Nxfj50+0u7G5AZTdiKeu/8ECfxgqaHgMWCGTPUJ2mQ1rCfgALp5BoUJMTXB2wkcGlHlAjMDr8ZfSdwZnJaJEAtLloj7Nowcm7p4lfDrslurJRG1x8tL4RB/DBtwvVqK08xJBXXVOrhw==&u=U2FsdGVkX1+4kgjEachmx3kl9/3xxW0J1/wX7PZasfE=&y=U2FsdGVkX1/MIhf6vSFhI3bw6m5MPeGUtaCnqBi9Rt8= HTTP/1.1" 200 25
200.118.64.109 - - [31/Mar/2022:14:09:46 -0500] "POST /forms/lservlet;jsessionid=ac16012b30d6163f8022814d4407be70d6c5f0466ff5.e3iSbxaKaheRe34Sc38RahyRchr0n6jAmljGr5XDqQLvpAe HTTP/1.1" 200 2
186.102.20.143 - - [31/Mar/2022:14:09:51 -0500] "GET /kwssiamovil/sm/acme/a?s=U2FsdGVkX19Vhkp/u9IPGU9g52OSfF9mnoO+sAQuCgf3QOm8CWnvJXMv6O01csbxzC/D9zLAAezW7fx8Vl0NJBcM9tf69bKOCasGjxh7mzkb6p2OsVpJoUGrfxM1NHW5JhJW70vqvYqx1LAxjzpJaJzPx710j8b1sV2zeSfuiIDS5zbAdDO9i3vm41ysFk9k7YM/+D0k/Um9aQGdfJncaULMUJv/FMAiqhLZV4+IDhuIsC7oIFRnPP73qlRW5No3nhgsMipOksHNaeYv9uMyQA==&u=U2FsdGVkX1+4kgjEachmx3kl9/3xxW0J1/wX7PZasfE=&y=U2FsdGVkX1/MIhf6vSFhI3bw6m5MPeGUtaCnqBi9Rt8= HTTP/1.1" 200 25
172.22.2.4 - - [31/Mar/2022:14:10:05 -0500] "GET /BLA/boletinlegal/actos.php HTTP/1.1" 200 9555
172.22.2.4 - - [31/Mar/2022:14:10:25 -0500] "GET /BLA/boletinlegal/admin/admin.php HTTP/1.1" 302 -
172.22.2.4 - - [31/Mar/2022:14:10:25 -0500] "GET /BLA/boletinlegal/consulta_actos.php?tipo=resoluciones&no=4187&usuario=&sector=&fecha=2009&resuelve= HTTP/1.1" 200 1176
172.22.2.4 - - [31/Mar/2022:14:10:25 -0500] "GET /BLA/boletinlegal/admin/index.php HTTP/1.1" 200 7017
172.22.2.4 - - [31/Mar/2022:14:10:42 -0500] "GET /BLA/boletinlegal/admin/index_files/index_files/tback.gif HTTP/1.1" 404 1362
172.22.2.4 - - [31/Mar/2022:14:10:45 -0500] "GET /BLA/boletinlegal/admin/usuarios/process.php HTTP/1.1" 302 -
172.22.2.4 - - [31/Mar/2022:14:10:45 -0500] "GET /BLA/boletinlegal/admin/index.php HTTP/1.1" 200 2324
186.102.20.143 - - [31/Mar/2022:14:11:35 -0500] "GET /kwssiamovil/sm/acme/a?s=U2FsdGVkX18EpMwJxDQTVLMagA5MtL9cynXU2PxOL4lmdfKxWw6orDl7rhGRd5bah0cEB4pY6Mp/+McvT4iRByEx6QUD2vpvhm/lj0n8cRLWN7jgNMZN0arHdp5BB3mdgaXuLYo/jc9+bytzQM0ZYOPyrRGvUi1VP54Rsc5hDSOGxJF0cDA9eZTj2tabfXvfkdFgP8TVQzhgwGKUkyf+Fs4LsbzhCDK/jyKcrtrNdATZzea/XUDXwt9uC35sACTdtRTgjgl+4LTS9bkRuHAp+w==&u=U2FsdGVkX1+4kgjEachmx3kl9/3xxW0J1/wX7PZasfE=&y=U2FsdGVkX1/MIhf6vSFhI3bw6m5MPeGUtaCnqBi9Rt8= HTTP/1.1" 200 25
200.118.64.109 - - [31/Mar/2022:14:11:46 -0500] "POST /forms/lservlet;jsessionid=ac16012b30d6163f8022814d4407be70d6c5f0466ff5.e3iSbxaKaheRe34Sc38RahyRchr0n6jAmljGr5XDqQLvpAe HTTP/1.1" 200 2
186.102.20.143 - - [31/Mar/2022:14:11:54 -0500] "GET /kwssiamovil/sm/acme/a?s=U2FsdGVkX19qfA5JZ3LJhem8iH00U8ATkDQZd2XvIxakTWyFo5J6Io16aWX9i4TGVLu/tHtOE0Oz1voBf1YzHGwWbFUBDN0cbgd+4FlOPVz0Rk4Ub3qAviH3RdTOB7ej9s7UEcLKdznO3NaLYOolEJwnnuYsETRAjoHL5YI1fEFN3HYB1YmTwmQ6WqpzVlsfoTCB5FFZ8zYe9IMod8RaGdNo++U8CaGWQMmMd0V1qxqcws3O3LG2vr2bx54kqCkM3BzO+6yUCiH58p5/Au4O3A==&u=U2FsdGVkX1+4kgjEachmx3kl9/3xxW0J1/wX7PZasfE=&y=U2FsdGVkX1/MIhf6vSFhI3bw6m5MPeGUtaCnqBi9Rt8= HTTP/1.1" 200 25
216.245.221.92 - - [31/Mar/2022:14:12:10 -0500] "HEAD / HTTP/1.1" 200 -
172.22.2.4 - - [31/Mar/2022:14:11:05 -0500] "HEAD /BLA/boletinlegal/ HTTP/1.1" 200 -
200.118.64.109 - - [31/Mar/2022:14:12:59 -0500] "POST /forms/lservlet;jsessionid=ac16012b30d6163f8022814d4407be70d6c5f0466ff5.e3iSbxaKaheRe34Sc38RahyRchr0n6jAmljGr5XDqQLvpAe HTTP/1.1" 200 2
