186.80.83.77 - - [31/Mar/2022:14:33:28 -0500] "POST /sipsesda/faces/vista/financiero/solicitudPago/listadoSolicitudProcesoPago.jspx HTTP/1.1" 200 20843
186.80.83.77 - - [31/Mar/2022:14:33:23 -0500] "GET /sipse/faces/javax.faces.resource/jsf.js?ln=javax.faces&stage=Development HTTP/1.1" 200 110326
186.80.83.77 - - [31/Mar/2022:14:33:28 -0500] "GET /sipse/faces/javax.faces.resource/fileupload/fileupload.js?ln=primefaces&v=4.0 HTTP/1.1" 200 28091
186.80.83.77 - - [31/Mar/2022:14:33:47 -0500] "POST /sipse/faces/presentacion/financiero/solicitudProceso/registroSolicitudProcesoOtrosPagos.xhtml HTTP/1.1" 200 184
186.80.83.77 - - [31/Mar/2022:14:33:47 -0500] "POST /sipse/faces/presentacion/financiero/solicitudProceso/registroSolicitudProcesoOtrosPagos.xhtml HTTP/1.1" 200 184
186.80.83.77 - - [31/Mar/2022:14:33:47 -0500] "GET /sipse/faces/presentacion/financiero/solicitudAnulacion/solicitudAnulacion.xhtml HTTP/1.1" 200 31145
186.80.83.77 - - [31/Mar/2022:14:33:48 -0500] "GET /sipse/faces/javax.faces.resource/theme.css?ln=primefaces-sipse HTTP/1.1" 304 -
186.80.83.77 - - [31/Mar/2022:14:33:48 -0500] "GET /sipse/faces/javax.faces.resource/jquery/jquery-plugins.js?ln=primefaces&v=4.0 HTTP/1.1" 304 -
186.80.83.77 - - [31/Mar/2022:14:33:48 -0500] "GET /sipse/faces/javax.faces.resource/jquery/jquery.js?ln=primefaces&v=4.0 HTTP/1.1" 304 -
186.80.83.77 - - [31/Mar/2022:14:33:48 -0500] "GET /sipse/faces/javax.faces.resource/layout/layout.css?ln=primefaces&v=4.0 HTTP/1.1" 200 542
186.80.83.77 - - [31/Mar/2022:14:33:48 -0500] "GET /sipse/faces/javax.faces.resource/primefaces.js?ln=primefaces&v=4.0 HTTP/1.1" 304 -
186.80.83.77 - - [31/Mar/2022:14:33:48 -0500] "GET /sipse/faces/javax.faces.resource/layout/layout.js?ln=primefaces&v=4.0 HTTP/1.1" 304 -
186.80.83.77 - - [31/Mar/2022:14:33:48 -0500] "GET /sipse/faces/javax.faces.resource/primefaces.css?ln=primefaces&v=4.0 HTTP/1.1" 200 53295
186.80.83.77 - - [31/Mar/2022:14:33:48 -0500] "GET /sipse/faces/javax.faces.resource/images/ui-icons_898989_256x240.png?ln=primefaces-aristo HTTP/1.1" 200 5355
186.80.83.77 - - [31/Mar/2022:14:33:48 -0500] "GET /sipse/faces/javax.faces.resource/images/ui-bg_flat_0_2d5972_40x100.png?ln=primefaces-aristo HTTP/1.1" 200 183
186.80.83.77 - - [31/Mar/2022:14:33:48 -0500] "POST /sipse/faces/presentacion/financiero/solicitudAnulacion/solicitudAnulacion.xhtml HTTP/1.1" 200 10468
186.80.83.77 - - [31/Mar/2022:14:33:48 -0500] "GET /sipse/faces/javax.faces.resource/messages/messages.png?ln=primefaces&v=4.0 HTTP/1.1" 200 27209
186.80.83.77 - - [31/Mar/2022:14:33:50 -0500] "GET /sipsesda/faces/vista/sistema/cargarMenu.jspx?accionMenu=listadoSolicitudAnulacion&menuID=112 HTTP/1.1" 200 13252
186.80.83.77 - - [31/Mar/2022:14:33:50 -0500] "POST /sipsesda/faces/vista/sistema/cargarMenu.jspx HTTP/1.1" 200 17354
200.118.64.109 - - [31/Mar/2022:14:34:02 -0500] "POST /forms/lservlet;jsessionid=ac16012b30d6163f8022814d4407be70d6c5f0466ff5.e3iSbxaKaheRe34Sc38RahyRchr0n6jAmljGr5XDqQLvpAe HTTP/1.1" 200 2
217.182.171.12 - - [31/Mar/2022:14:34:52 -0500] "HEAD /BLA/resoluciones/AUTOS%202014/5848.pdf HTTP/1.1" 200 -
200.118.64.109 - - [31/Mar/2022:14:36:02 -0500] "POST /forms/lservlet;jsessionid=ac16012b30d6163f8022814d4407be70d6c5f0466ff5.e3iSbxaKaheRe34Sc38RahyRchr0n6jAmljGr5XDqQLvpAe HTTP/1.1" 200 2
172.22.2.4 - - [31/Mar/2022:14:34:25 -0500] "HEAD /BLA/boletinlegal/ HTTP/1.1" 200 -
172.22.2.4 - - [31/Mar/2022:14:35:15 -0500] "GET /BLA/boletinlegal/ HTTP/1.1" 200 60932
172.22.2.4 - - [31/Mar/2022:14:37:00 -0500] "GET /BLA/boletinlegal/consulta_actos.php?tipo=autos&no=&usuario=&sector=VERTIMIENTOS&fecha=2022&resuelve= HTTP/1.1" 200 2532
216.245.221.92 - - [31/Mar/2022:14:37:10 -0500] "HEAD / HTTP/1.1" 200 -
186.80.83.77 - - [31/Mar/2022:14:37:17 -0500] "POST /sipse/faces/presentacion/financiero/solicitudAnulacion/solicitudAnulacion.xhtml HTTP/1.1" 200 30941
186.80.83.77 - - [31/Mar/2022:14:37:18 -0500] "GET /sipse/faces/javax.faces.resource/jquery/jquery.js?ln=primefaces&v=4.0 HTTP/1.1" 304 -
186.80.83.77 - - [31/Mar/2022:14:37:18 -0500] "GET /sipse/faces/javax.faces.resource/jquery/jquery-plugins.js?ln=primefaces&v=4.0 HTTP/1.1" 304 -
186.80.83.77 - - [31/Mar/2022:14:37:18 -0500] "GET /sipse/faces/javax.faces.resource/primefaces.js?ln=primefaces&v=4.0 HTTP/1.1" 304 -
186.80.83.77 - - [31/Mar/2022:14:37:18 -0500] "GET /sipse/faces/javax.faces.resource/layout/layout.js?ln=primefaces&v=4.0 HTTP/1.1" 304 -
186.80.83.77 - - [31/Mar/2022:14:37:18 -0500] "POST /sipse/faces/presentacion/financiero/solicitudProceso/listarSolicitudProceso.xhtml HTTP/1.1" 200 1324
186.80.83.77 - - [31/Mar/2022:14:37:21 -0500] "POST /sipse/faces/presentacion/financiero/solicitudProceso/listarSolicitudProceso.xhtml HTTP/1.1" 200 59043
186.80.83.77 - - [31/Mar/2022:14:37:22 -0500] "GET /sipse/faces/javax.faces.resource/jquery/jquery.js?ln=primefaces&v=4.0 HTTP/1.1" 304 -
186.80.83.77 - - [31/Mar/2022:14:37:22 -0500] "GET /sipse/faces/javax.faces.resource/jquery/jquery-plugins.js?ln=primefaces&v=4.0 HTTP/1.1" 304 -
186.80.83.77 - - [31/Mar/2022:14:37:22 -0500] "GET /sipse/faces/javax.faces.resource/primefaces.js?ln=primefaces&v=4.0 HTTP/1.1" 304 -
186.80.83.77 - - [31/Mar/2022:14:37:22 -0500] "GET /sipse/faces/javax.faces.resource/layout/layout.js?ln=primefaces&v=4.0 HTTP/1.1" 304 -
186.80.83.77 - - [31/Mar/2022:14:37:30 -0500] "GET /sipsesda/faces/vista/sistema/cargarMenu.jspx?accionMenu=listadoSolicitudProceso&menuID=11 HTTP/1.1" 200 13259
186.80.83.77 - - [31/Mar/2022:14:37:30 -0500] "POST /sipsesda/faces/vista/sistema/cargarMenu.jspx HTTP/1.1" 200 21358
186.80.83.77 - - [31/Mar/2022:14:37:30 -0500] "GET /sipsesda/adf/images/dfb.gif HTTP/1.1" 200 194
186.80.83.77 - - [31/Mar/2022:14:37:32 -0500] "POST /sipsesda/faces/vista/financiero/solicitudProceso/listadoSolicitudProceso.jspx HTTP/1.1" 200 25442
186.80.83.77 - - [31/Mar/2022:14:37:55 -0500] "POST /sipse/faces/presentacion/financiero/solicitudProceso/crearModificarSolicitudProceso.xhtml HTTP/1.1" 200 6432
186.80.83.77 - - [31/Mar/2022:14:37:56 -0500] "POST /sipse/faces/presentacion/financiero/solicitudProceso/crearModificarSolicitudProceso.xhtml HTTP/1.1" 200 2775
200.118.64.109 - - [31/Mar/2022:14:38:03 -0500] "POST /forms/lservlet;jsessionid=ac16012b30d6163f8022814d4407be70d6c5f0466ff5.e3iSbxaKaheRe34Sc38RahyRchr0n6jAmljGr5XDqQLvpAe HTTP/1.1" 200 2
66.249.75.109 - - [31/Mar/2022:14:38:47 -0500] "-" 408 -
186.80.83.77 - - [31/Mar/2022:14:39:29 -0500] "GET /sipsesda/faces/vista/sistema/cargarMenu.jspx?accionMenu=filtroConsultaCdp&menuID=137 HTTP/1.1" 200 13250
186.80.83.77 - - [31/Mar/2022:14:39:29 -0500] "GET /sipsesda/imagenes/cargando.gif HTTP/1.1" 200 1287
186.80.83.77 - - [31/Mar/2022:14:39:29 -0500] "GET /favicon.ico HTTP/1.1" 200 7782
186.80.83.77 - - [31/Mar/2022:14:39:29 -0500] "POST /sipsesda/faces/vista/sistema/cargarMenu.jspx HTTP/1.1" 200 19721
186.80.83.77 - - [31/Mar/2022:14:39:29 -0500] "GET /sipsesda/adf/images/dfb.gif HTTP/1.1" 200 194
186.80.83.77 - - [31/Mar/2022:14:39:43 -0500] "GET /sipse/faces/index.xhtml HTTP/1.1" 200 677
186.80.83.77 - - [31/Mar/2022:14:39:43 -0500] "GET /sipse/faces/javax.faces.resource/theme.css?ln=primefaces-sipse HTTP/1.1" 200 50058
186.80.83.77 - - [31/Mar/2022:14:39:45 -0500] "GET /sipse/faces/faces/autenticacion.xhtml HTTP/1.1" 200 12188
186.80.83.77 - - [31/Mar/2022:14:39:45 -0500] "GET /sipse/faces/javax.faces.resource/theme.css?ln=primefaces-sipse HTTP/1.1" 304 -
186.80.83.77 - - [31/Mar/2022:14:39:45 -0500] "GET /sipse/faces/javax.faces.resource/jquery/jquery.js?ln=primefaces&v=4.0 HTTP/1.1" 304 -
186.80.83.77 - - [31/Mar/2022:14:39:45 -0500] "GET /sipse/faces/javax.faces.resource/jquery/jquery-plugins.js?ln=primefaces&v=4.0 HTTP/1.1" 304 -
186.80.83.77 - - [31/Mar/2022:14:39:45 -0500] "GET /sipse/faces/javax.faces.resource/layout/layout.css?ln=primefaces&v=4.0 HTTP/1.1" 304 -
186.80.83.77 - - [31/Mar/2022:14:39:45 -0500] "GET /sipse/faces/javax.faces.resource/primefaces.js?ln=primefaces&v=4.0 HTTP/1.1" 304 -
186.80.83.77 - - [31/Mar/2022:14:39:45 -0500] "GET /sipse/faces/javax.faces.resource/layout/layout.js?ln=primefaces&v=4.0 HTTP/1.1" 304 -
186.80.83.77 - - [31/Mar/2022:14:39:45 -0500] "GET /sipse/faces/javax.faces.resource/primefaces.css?ln=primefaces&v=4.0 HTTP/1.1" 304 -
186.80.83.77 - - [31/Mar/2022:14:39:45 -0500] "GET /sipse/faces/javax.faces.resource/images/ui-icons_898989_256x240.png?ln=primefaces-aristo HTTP/1.1" 304 -
186.80.83.77 - - [31/Mar/2022:14:39:45 -0500] "GET /sipse/css/imagen/logoSDG.png HTTP/1.1" 200 12242
186.80.83.77 - - [31/Mar/2022:14:39:45 -0500] "GET /sipse/css/imagen/loginimg.png HTTP/1.1" 200 12242
186.80.83.77 - - [31/Mar/2022:14:39:47 -0500] "POST /sipse/faces/autenticacion.xhtml HTTP/1.1" 200 11782
186.80.83.77 - - [31/Mar/2022:14:39:47 -0500] "GET /sipse/faces/javax.faces.resource/jquery/jquery.js?ln=primefaces&v=4.0 HTTP/1.1" 304 -
186.80.83.77 - - [31/Mar/2022:14:39:48 -0500] "GET /sipse/faces/javax.faces.resource/jquery/jquery-plugins.js?ln=primefaces&v=4.0 HTTP/1.1" 304 -
186.80.83.77 - - [31/Mar/2022:14:39:48 -0500] "GET /sipse/faces/javax.faces.resource/primefaces.js?ln=primefaces&v=4.0 HTTP/1.1" 304 -
186.80.83.77 - - [31/Mar/2022:14:39:48 -0500] "GET /sipse/faces/javax.faces.resource/layout/layout.js?ln=primefaces&v=4.0 HTTP/1.1" 304 -
186.80.83.77 - - [31/Mar/2022:14:39:48 -0500] "GET /sipse/faces/javax.faces.resource/messages/messages.png?ln=primefaces&v=4.0 HTTP/1.1" 304 -
186.80.83.77 - - [31/Mar/2022:14:39:50 -0500] "POST /sipse/faces/presentacion/sistema/seguridad/seleccionRol.xhtml HTTP/1.1" 200 16262
186.80.83.77 - - [31/Mar/2022:14:39:51 -0500] "GET /sipse/faces/javax.faces.resource/jquery/jquery.js?ln=primefaces&v=4.0 HTTP/1.1" 304 -
186.80.83.77 - - [31/Mar/2022:14:39:51 -0500] "GET /sipse/faces/javax.faces.resource/jquery/jquery-plugins.js?ln=primefaces&v=4.0 HTTP/1.1" 304 -
186.80.83.77 - - [31/Mar/2022:14:39:51 -0500] "GET /sipse/faces/javax.faces.resource/primefaces.js?ln=primefaces&v=4.0 HTTP/1.1" 304 -
186.80.83.77 - - [31/Mar/2022:14:39:51 -0500] "GET /sipse/faces/javax.faces.resource/layout/layout.js?ln=primefaces&v=4.0 HTTP/1.1" 304 -
186.80.83.77 - - [31/Mar/2022:14:39:51 -0500] "GET /sipse/css/imagen/contrasena.png HTTP/1.1" 404 383
186.80.83.77 - - [31/Mar/2022:14:39:53 -0500] "GET /sipse/faces/javax.faces.resource/images/ui-bg_flat_0_2d5972_40x100.png?ln=primefaces-aristo HTTP/1.1" 304 -
186.80.83.77 - - [31/Mar/2022:14:39:53 -0500] "POST /sipse/faces/bienvenido.xhtml HTTP/1.1" 200 4432
186.80.83.77 - - [31/Mar/2022:14:39:54 -0500] "POST /sipse/faces/bienvenido.xhtml HTTP/1.1" 200 44207
186.80.83.77 - - [31/Mar/2022:14:39:54 -0500] "GET /sipse/faces/javax.faces.resource/jquery/jquery.js?ln=primefaces&v=4.0 HTTP/1.1" 304 -
186.80.83.77 - - [31/Mar/2022:14:39:54 -0500] "GET /sipse/faces/javax.faces.resource/jquery/jquery-plugins.js?ln=primefaces&v=4.0 HTTP/1.1" 304 -
186.80.83.77 - - [31/Mar/2022:14:39:54 -0500] "GET /sipse/faces/javax.faces.resource/primefaces.js?ln=primefaces&v=4.0 HTTP/1.1" 304 -
186.80.83.77 - - [31/Mar/2022:14:39:54 -0500] "GET /sipse/faces/javax.faces.resource/layout/layout.js?ln=primefaces&v=4.0 HTTP/1.1" 304 -
200.118.64.109 - - [31/Mar/2022:14:40:03 -0500] "POST /forms/lservlet;jsessionid=ac16012b30d6163f8022814d4407be70d6c5f0466ff5.e3iSbxaKaheRe34Sc38RahyRchr0n6jAmljGr5XDqQLvpAe HTTP/1.1" 200 2
186.80.83.77 - - [31/Mar/2022:14:40:05 -0500] "GET /sipsesda/faces/vista/sistema/cargarMenu.jspx?accionMenu=filtroConsultaContrato&menuID=142 HTTP/1.1" 200 13228
186.80.83.77 - - [31/Mar/2022:14:40:05 -0500] "GET /sipsesda/imagenes/cargando.gif HTTP/1.1" 200 1287
186.80.83.77 - - [31/Mar/2022:14:40:05 -0500] "POST /sipsesda/faces/vista/sistema/cargarMenu.jspx HTTP/1.1" 200 20368
201.245.192.253 - - [31/Mar/2022:14:40:26 -0500] "GET /kwsrmcab/Wsrmcab?wsdl HTTP/1.1" 200 6948
186.80.83.77 - - [31/Mar/2022:14:40:41 -0500] "POST /sipse/faces/presentacion/financiero/contrato/consultarContratosSolicitudProceso.xhtml HTTP/1.1" 200 3075
201.245.192.253 - - [31/Mar/2022:14:40:26 -0500] "POST /kwsrmcab/Wsrmcab HTTP/1.1" 200 44973
172.22.2.4 - - [31/Mar/2022:14:41:15 -0500] "GET /BLA/boletinlegal/consulta_actos.php?tipo=autos&no=1363&usuario=&sector=&fecha=2021&resuelve= HTTP/1.1" 200 626
186.80.83.77 - - [31/Mar/2022:14:41:27 -0500] "GET /sipsesda/faces/vista/sistema/cargarMenu.jspx?accionMenu=filtroConsultaCrp&menuID=138 HTTP/1.1" 200 13247
186.80.83.77 - - [31/Mar/2022:14:41:27 -0500] "POST /sipsesda/faces/vista/sistema/cargarMenu.jspx HTTP/1.1" 200 20140
186.80.83.77 - - [31/Mar/2022:14:41:28 -0500] "GET /sipsesda/adf/images/dfb.gif HTTP/1.1" 200 194
186.80.83.77 - - [31/Mar/2022:14:41:37 -0500] "GET /sipse/faces/index.xhtml HTTP/1.1" 200 677
186.80.83.77 - - [31/Mar/2022:14:41:37 -0500] "GET /sipse/faces/javax.faces.resource/theme.css?ln=primefaces-sipse HTTP/1.1" 304 -
186.80.83.77 - - [31/Mar/2022:14:41:37 -0500] "GET /sipse/faces/faces/autenticacion.xhtml HTTP/1.1" 200 12188
186.80.83.77 - - [31/Mar/2022:14:41:37 -0500] "GET /sipse/faces/javax.faces.resource/theme.css?ln=primefaces-sipse HTTP/1.1" 304 -
186.80.83.77 - - [31/Mar/2022:14:41:37 -0500] "GET /sipse/faces/javax.faces.resource/jquery/jquery.js?ln=primefaces&v=4.0 HTTP/1.1" 304 -
186.80.83.77 - - [31/Mar/2022:14:41:37 -0500] "GET /sipse/faces/javax.faces.resource/jquery/jquery-plugins.js?ln=primefaces&v=4.0 HTTP/1.1" 304 -
186.80.83.77 - - [31/Mar/2022:14:41:37 -0500] "GET /sipse/faces/javax.faces.resource/layout/layout.js?ln=primefaces&v=4.0 HTTP/1.1" 304 -
186.80.83.77 - - [31/Mar/2022:14:41:37 -0500] "GET /sipse/faces/javax.faces.resource/primefaces.js?ln=primefaces&v=4.0 HTTP/1.1" 304 -
186.80.83.77 - - [31/Mar/2022:14:41:37 -0500] "GET /sipse/faces/javax.faces.resource/layout/layout.css?ln=primefaces&v=4.0 HTTP/1.1" 304 -
186.80.83.77 - - [31/Mar/2022:14:41:37 -0500] "GET /sipse/faces/javax.faces.resource/primefaces.css?ln=primefaces&v=4.0 HTTP/1.1" 304 -
186.80.83.77 - - [31/Mar/2022:14:41:37 -0500] "GET /sipse/faces/javax.faces.resource/images/ui-icons_898989_256x240.png?ln=primefaces-aristo HTTP/1.1" 304 -
200.118.64.109 - - [31/Mar/2022:14:41:40 -0500] "POST /forms/lservlet;jsessionid=ac16012b30d6163f8022814d4407be70d6c5f0466ff5.e3iSbxaKaheRe34Sc38RahyRchr0n6jAmljGr5XDqQLvpAe HTTP/1.1" 200 2
200.118.64.109 - - [31/Mar/2022:14:41:40 -0500] "POST /forms/lservlet;jsessionid=ac16012b30d6163f8022814d4407be70d6c5f0466ff5.e3iSbxaKaheRe34Sc38RahyRchr0n6jAmljGr5XDqQLvpAe HTTP/1.1" 200 2373
200.118.64.109 - - [31/Mar/2022:14:41:40 -0500] "POST /forms/lservlet;jsessionid=ac16012b30d6163f8022814d4407be70d6c5f0466ff5.e3iSbxaKaheRe34Sc38RahyRchr0n6jAmljGr5XDqQLvpAe HTTP/1.1" 200 10
186.80.83.77 - - [31/Mar/2022:14:41:40 -0500] "POST /sipse/faces/autenticacion.xhtml HTTP/1.1" 200 11782
186.80.83.77 - - [31/Mar/2022:14:41:41 -0500] "GET /sipse/faces/javax.faces.resource/jquery/jquery.js?ln=primefaces&v=4.0 HTTP/1.1" 304 -
186.80.83.77 - - [31/Mar/2022:14:41:41 -0500] "GET /sipse/faces/javax.faces.resource/jquery/jquery-plugins.js?ln=primefaces&v=4.0 HTTP/1.1" 304 -
186.80.83.77 - - [31/Mar/2022:14:41:41 -0500] "GET /sipse/faces/javax.faces.resource/primefaces.js?ln=primefaces&v=4.0 HTTP/1.1" 304 -
186.80.83.77 - - [31/Mar/2022:14:41:41 -0500] "GET /sipse/faces/javax.faces.resource/layout/layout.js?ln=primefaces&v=4.0 HTTP/1.1" 304 -
186.80.83.77 - - [31/Mar/2022:14:41:41 -0500] "GET /sipse/faces/javax.faces.resource/messages/messages.png?ln=primefaces&v=4.0 HTTP/1.1" 304 -
200.118.64.109 - - [31/Mar/2022:14:41:42 -0500] "POST /forms/lservlet;jsessionid=ac16012b30d6163f8022814d4407be70d6c5f0466ff5.e3iSbxaKaheRe34Sc38RahyRchr0n6jAmljGr5XDqQLvpAe HTTP/1.1" 200 26
186.80.83.77 - - [31/Mar/2022:14:41:43 -0500] "POST /sipse/faces/presentacion/sistema/seguridad/seleccionRol.xhtml HTTP/1.1" 200 16261
186.80.83.77 - - [31/Mar/2022:14:41:43 -0500] "GET /sipse/faces/javax.faces.resource/jquery/jquery.js?ln=primefaces&v=4.0 HTTP/1.1" 304 -
186.80.83.77 - - [31/Mar/2022:14:41:43 -0500] "GET /sipse/faces/javax.faces.resource/jquery/jquery-plugins.js?ln=primefaces&v=4.0 HTTP/1.1" 304 -
186.80.83.77 - - [31/Mar/2022:14:41:43 -0500] "GET /sipse/faces/javax.faces.resource/primefaces.js?ln=primefaces&v=4.0 HTTP/1.1" 304 -
186.80.83.77 - - [31/Mar/2022:14:41:43 -0500] "GET /sipse/faces/javax.faces.resource/layout/layout.js?ln=primefaces&v=4.0 HTTP/1.1" 304 -
186.80.83.77 - - [31/Mar/2022:14:41:43 -0500] "GET /sipse/css/imagen/contrasena.png HTTP/1.1" 404 383
200.118.64.109 - - [31/Mar/2022:14:41:42 -0500] "POST /forms/lservlet;jsessionid=ac16012b30d6163f8022814d4407be70d6c5f0466ff5.e3iSbxaKaheRe34Sc38RahyRchr0n6jAmljGr5XDqQLvpAe HTTP/1.1" 200 14
200.118.64.109 - - [31/Mar/2022:14:41:43 -0500] "POST /forms/lservlet;jsessionid=ac16012b30d6163f8022814d4407be70d6c5f0466ff5.e3iSbxaKaheRe34Sc38RahyRchr0n6jAmljGr5XDqQLvpAe HTTP/1.1" 200 4411
200.118.64.109 - - [31/Mar/2022:14:41:44 -0500] "POST /forms/lservlet;jsessionid=ac16012b30d6163f8022814d4407be70d6c5f0466ff5.e3iSbxaKaheRe34Sc38RahyRchr0n6jAmljGr5XDqQLvpAe HTTP/1.1" 200 2
186.155.209.11 - - [31/Mar/2022:14:41:45 -0500] "GET /BLA/boletinlegal/actos.php HTTP/1.1" 200 9559
186.155.209.11 - - [31/Mar/2022:14:41:45 -0500] "GET /BLA/boletinlegal/styles2.css HTTP/1.1" 200 1838
186.155.209.11 - - [31/Mar/2022:14:41:45 -0500] "GET /BLA/boletinlegal/js/ajax_actos.js HTTP/1.1" 200 1322
186.155.209.11 - - [31/Mar/2022:14:41:45 -0500] "GET /BLA/boletinlegal/niceforms-default.css HTTP/1.1" 200 6694
186.155.209.11 - - [31/Mar/2022:14:41:45 -0500] "GET /BLA/boletinlegal/style.css HTTP/1.1" 200 9406
186.155.209.11 - - [31/Mar/2022:14:41:45 -0500] "GET /BLA/boletinlegal/niceforms.js HTTP/1.1" 200 22876
186.155.209.11 - - [31/Mar/2022:14:41:45 -0500] "GET /BLA/boletinlegal/js/jquery1.js HTTP/1.1" 200 29846
186.155.209.11 - - [31/Mar/2022:14:41:45 -0500] "GET /BLA/boletinlegal/js/lib.js HTTP/1.1" 200 6474
186.155.209.11 - - [31/Mar/2022:14:41:45 -0500] "GET /BLA/boletinlegal/js/popup.js HTTP/1.1" 200 1270
186.155.209.11 - - [31/Mar/2022:14:41:46 -0500] "GET /BLA/boletinlegal/images/cabezote%20BLEGAL.jpg HTTP/1.1" 200 118164
186.155.209.11 - - [31/Mar/2022:14:41:46 -0500] "GET /BLA/boletinlegal/images/subscribe-icon-big.png HTTP/1.1" 200 47702
186.155.209.11 - - [31/Mar/2022:14:41:46 -0500] "GET /BLA/boletinlegal/images/historia.png HTTP/1.1" 200 52775
186.155.209.11 - - [31/Mar/2022:14:41:46 -0500] "GET /BLA/boletinlegal/images/registro-usuarios.png HTTP/1.1" 200 8106
186.155.209.11 - - [31/Mar/2022:14:41:46 -0500] "GET /BLA/boletinlegal/images/green-yellow-blue-pink-th.png HTTP/1.1" 200 7394
186.155.209.11 - - [31/Mar/2022:14:41:46 -0500] "GET /BLA/boletinlegal/images/abajo.png HTTP/1.1" 200 96676
186.80.83.77 - - [31/Mar/2022:14:41:46 -0500] "GET /sipse/faces/javax.faces.resource/images/ui-bg_flat_0_2d5972_40x100.png?ln=primefaces-aristo HTTP/1.1" 304 -
186.80.83.77 - - [31/Mar/2022:14:41:46 -0500] "POST /sipse/faces/bienvenido.xhtml HTTP/1.1" 200 4432
186.155.209.11 - - [31/Mar/2022:14:41:46 -0500] "GET /BLA/boletinlegal/images/tel.png HTTP/1.1" 200 14477
186.155.209.11 - - [31/Mar/2022:14:41:46 -0500] "GET /BLA/boletinlegal/images/icono-email.png HTTP/1.1" 200 5544
186.155.209.11 - - [31/Mar/2022:14:41:46 -0500] "GET /BLA/boletinlegal/images/hover.jpg HTTP/1.1" 200 640
186.155.209.11 - - [31/Mar/2022:14:41:46 -0500] "GET /BLA/boletinlegal/images/menu_rght.gif HTTP/1.1" 200 1627
186.155.209.11 - - [31/Mar/2022:14:41:47 -0500] "GET /BLA/boletinlegal/images/menu_lft.gif HTTP/1.1" 200 1713
186.155.209.11 - - [31/Mar/2022:14:41:47 -0500] "GET /BLA/boletinlegal/images/bg_top.jpg HTTP/1.1" 200 522
186.155.209.11 - - [31/Mar/2022:14:41:47 -0500] "GET /BLA/boletinlegal/images/footer_bg.jpg HTTP/1.1" 200 586
186.155.209.11 - - [31/Mar/2022:14:41:47 -0500] "GET /BLA/boletinlegal/images/body_bg.jpg HTTP/1.1" 200 1601
186.155.209.11 - - [31/Mar/2022:14:41:47 -0500] "GET /BLA/boletinlegal/images/menu_bg.jpg HTTP/1.1" 200 620
186.155.209.11 - - [31/Mar/2022:14:41:47 -0500] "GET /BLA/boletinlegal/images/text.jpg HTTP/1.1" 200 568
186.155.209.11 - - [31/Mar/2022:14:41:47 -0500] "GET /BLA/boletinlegal/images/footer_bg_l.jpg HTTP/1.1" 200 776
186.155.209.11 - - [31/Mar/2022:14:41:47 -0500] "GET /BLA/boletinlegal/img/0.png HTTP/1.1" 200 110
186.155.209.11 - - [31/Mar/2022:14:41:47 -0500] "GET /BLA/boletinlegal/img/select-left.png HTTP/1.1" 200 263
186.155.209.11 - - [31/Mar/2022:14:41:47 -0500] "GET /BLA/boletinlegal/img/select-right.png HTTP/1.1" 200 44019
186.155.209.11 - - [31/Mar/2022:14:41:47 -0500] "GET /BLA/boletinlegal/img/button-left.png HTTP/1.1" 200 57071
186.155.209.11 - - [31/Mar/2022:14:41:47 -0500] "GET /BLA/boletinlegal/img/button.png HTTP/1.1" 200 43241
186.155.209.11 - - [31/Mar/2022:14:41:47 -0500] "GET /BLA/boletinlegal/img/button-right.png HTTP/1.1" 200 57878
186.155.209.11 - - [31/Mar/2022:14:41:47 -0500] "GET /favicon.ico HTTP/1.1" 200 7782
186.80.83.77 - - [31/Mar/2022:14:41:48 -0500] "POST /sipse/faces/bienvenido.xhtml HTTP/1.1" 200 193
186.155.209.11 - - [31/Mar/2022:14:41:48 -0500] "GET /BLA/boletinlegal/actos.php HTTP/1.1" 200 9559
186.80.83.77 - - [31/Mar/2022:14:41:48 -0500] "GET /sipse/faces/javax.faces.resource/theme.css?ln=primefaces-sipse HTTP/1.1" 304 -
186.80.83.77 - - [31/Mar/2022:14:41:48 -0500] "GET /sipse/faces/javax.faces.resource/primefaces.css?ln=primefaces&v=4.0 HTTP/1.1" 304 -
186.80.83.77 - - [31/Mar/2022:14:41:48 -0500] "GET /sipse/faces/javax.faces.resource/jquery/jquery.js?ln=primefaces&v=4.0 HTTP/1.1" 304 -
186.80.83.77 - - [31/Mar/2022:14:41:48 -0500] "GET /sipse/faces/javax.faces.resource/layout/layout.css?ln=primefaces&v=4.0 HTTP/1.1" 304 -
186.80.83.77 - - [31/Mar/2022:14:41:48 -0500] "GET /sipse/faces/javax.faces.resource/jquery/jquery-plugins.js?ln=primefaces&v=4.0 HTTP/1.1" 304 -
186.80.83.77 - - [31/Mar/2022:14:41:48 -0500] "GET /sipse/faces/javax.faces.resource/layout/layout.js?ln=primefaces&v=4.0 HTTP/1.1" 304 -
186.80.83.77 - - [31/Mar/2022:14:41:48 -0500] "GET /sipse/faces/javax.faces.resource/primefaces.js?ln=primefaces&v=4.0 HTTP/1.1" 304 -
186.80.83.77 - - [31/Mar/2022:14:41:48 -0500] "GET /sipse/faces/javax.faces.resource/images/ui-icons_898989_256x240.png?ln=primefaces-aristo HTTP/1.1" 304 -
186.80.83.77 - - [31/Mar/2022:14:41:48 -0500] "GET /sipse/faces/presentacion/financiero/solicitudAnulacion/consultarSolicitudAnulacion.xhtml HTTP/1.1" 200 37606
186.80.83.77 - - [31/Mar/2022:14:41:49 -0500] "GET /sipse/faces/javax.faces.resource/images/ui-bg_flat_0_2d5972_40x100.png?ln=primefaces-aristo HTTP/1.1" 304 -
186.80.83.77 - - [31/Mar/2022:14:41:49 -0500] "POST /sipse/faces/presentacion/financiero/solicitudAnulacion/consultarSolicitudAnulacion.xhtml HTTP/1.1" 200 10620
31.148.130.148 - - [31/Mar/2022:14:41:51 -0500] "GET /BLA/resoluciones/RESOLUCIONES%20CONJUNTAS/Resolucion%20conjunta%20No.%20001-2017.pdf HTTP/1.1" 200 332456
186.155.209.11 - - [31/Mar/2022:14:41:52 -0500] "GET /BLA/resoluciones/ HTTP/1.1" 200 13093
186.80.83.77 - - [31/Mar/2022:14:41:55 -0500] "GET /sipsesda/faces/vista/sistema/cargarMenu.jspx?accionMenu=filtroConsultaSolicitudAnulacion&menuID=139 HTTP/1.1" 200 13227
172.22.2.4 - - [31/Mar/2022:14:40:15 -0500] "HEAD /BLA/boletinlegal/ HTTP/1.1" 200 -
186.80.83.77 - - [31/Mar/2022:14:41:55 -0500] "POST /sipsesda/faces/vista/sistema/cargarMenu.jspx HTTP/1.1" 200 20198
201.245.192.253 - - [31/Mar/2022:14:41:12 -0500] "POST /kwsrmcab/Wsrmcab HTTP/1.1" 200 45763
186.155.209.11 - - [31/Mar/2022:14:41:58 -0500] "GET /BLA/resoluciones/dlf/unknown.png HTTP/1.1" 200 266
186.155.209.11 - - [31/Mar/2022:14:41:55 -0500] "GET /BLA/resoluciones/index.php?dir=RESOLUCIONES+2008%2F HTTP/1.1" 200 976272
200.118.64.109 - - [31/Mar/2022:14:42:01 -0500] "POST /forms/lservlet;jsessionid=ac16012b30d6163f8022814d4407be70d6c5f0466ff5.e3iSbxaKaheRe34Sc38RahyRchr0n6jAmljGr5XDqQLvpAe HTTP/1.1" 200 2
200.118.64.109 - - [31/Mar/2022:14:42:01 -0500] "POST /forms/lservlet;jsessionid=ac16012b30d6163f8022814d4407be70d6c5f0466ff5.e3iSbxaKaheRe34Sc38RahyRchr0n6jAmljGr5XDqQLvpAe HTTP/1.1" 200 14
200.118.64.109 - - [31/Mar/2022:14:42:02 -0500] "POST /forms/lservlet;jsessionid=ac16012b30d6163f8022814d4407be70d6c5f0466ff5.e3iSbxaKaheRe34Sc38RahyRchr0n6jAmljGr5XDqQLvpAe HTTP/1.1" 200 14
200.118.64.109 - - [31/Mar/2022:14:42:03 -0500] "POST /forms/lservlet;jsessionid=ac16012b30d6163f8022814d4407be70d6c5f0466ff5.e3iSbxaKaheRe34Sc38RahyRchr0n6jAmljGr5XDqQLvpAe HTTP/1.1" 200 14
200.118.64.109 - - [31/Mar/2022:14:42:05 -0500] "POST /forms/lservlet;jsessionid=ac16012b30d6163f8022814d4407be70d6c5f0466ff5.e3iSbxaKaheRe34Sc38RahyRchr0n6jAmljGr5XDqQLvpAe HTTP/1.1" 200 14
200.118.64.109 - - [31/Mar/2022:14:42:07 -0500] "POST /forms/lservlet;jsessionid=ac16012b30d6163f8022814d4407be70d6c5f0466ff5.e3iSbxaKaheRe34Sc38RahyRchr0n6jAmljGr5XDqQLvpAe HTTP/1.1" 200 108
200.118.64.109 - - [31/Mar/2022:14:42:07 -0500] "POST /forms/lservlet;jsessionid=ac16012b30d6163f8022814d4407be70d6c5f0466ff5.e3iSbxaKaheRe34Sc38RahyRchr0n6jAmljGr5XDqQLvpAe HTTP/1.1" 200 2
200.118.64.109 - - [31/Mar/2022:14:42:07 -0500] "GET /reports/rwservlet/getjobid74028?server=repnomi HTTP/1.1" 200 47646
216.245.221.92 - - [31/Mar/2022:14:42:10 -0500] "HEAD / HTTP/1.1" 200 -
186.80.83.77 - - [31/Mar/2022:14:42:34 -0500] "POST /sipse/faces/presentacion/financiero/solicitudAnulacion/consultarSolicitudAnulacion.xhtml HTTP/1.1" 200 49299
186.80.83.77 - - [31/Mar/2022:14:42:35 -0500] "GET /sipse/faces/javax.faces.resource/jquery/jquery.js?ln=primefaces&v=4.0 HTTP/1.1" 304 -
186.80.83.77 - - [31/Mar/2022:14:42:35 -0500] "GET /sipse/faces/javax.faces.resource/jquery/jquery-plugins.js?ln=primefaces&v=4.0 HTTP/1.1" 304 -
186.80.83.77 - - [31/Mar/2022:14:42:35 -0500] "GET /sipse/faces/javax.faces.resource/primefaces.js?ln=primefaces&v=4.0 HTTP/1.1" 304 -
186.80.83.77 - - [31/Mar/2022:14:42:35 -0500] "GET /sipse/faces/javax.faces.resource/layout/layout.js?ln=primefaces&v=4.0 HTTP/1.1" 304 -
186.80.83.77 - - [31/Mar/2022:14:42:42 -0500] "GET /sipsesda/faces/vista/sistema/cargarMenu.jspx?accionMenu=filtroConsultaResponsable&menuID=141 HTTP/1.1" 200 13262
186.80.83.77 - - [31/Mar/2022:14:42:42 -0500] "POST /sipsesda/faces/vista/sistema/cargarMenu.jspx HTTP/1.1" 200 22437
186.80.83.77 - - [31/Mar/2022:14:42:42 -0500] "GET /sipsesda/imagenes/searchicon_enabled.gif HTTP/1.1" 200 1118
172.22.2.4 - - [31/Mar/2022:14:41:05 -0500] "GET /BLA/boletinlegal/ HTTP/1.1" 200 59170
201.245.192.253 - - [31/Mar/2022:14:42:07 -0500] "POST /kwsrmcab/Wsrmcab HTTP/1.1" 200 115748
172.22.2.4 - - [31/Mar/2022:14:43:07 -0500] "GET /BLA/boletinlegal/actos.php HTTP/1.1" 200 9555
172.22.2.4 - - [31/Mar/2022:14:43:07 -0500] "GET /BLA/boletinlegal/js/ajax_actos.js HTTP/1.1" 200 1322
172.22.2.4 - - [31/Mar/2022:14:43:07 -0500] "GET /BLA/boletinlegal/js/lib.js HTTP/1.1" 200 6474
172.22.2.4 - - [31/Mar/2022:14:43:07 -0500] "GET /BLA/boletinlegal/js/popup.js HTTP/1.1" 200 1270
172.22.2.4 - - [31/Mar/2022:14:43:07 -0500] "GET /BLA/boletinlegal/js/jquery1.js HTTP/1.1" 200 29846
172.22.2.4 - - [31/Mar/2022:14:43:07 -0500] "GET /BLA/boletinlegal/images/green-yellow-blue-pink-th.png HTTP/1.1" 200 7394
200.118.64.109 - - [31/Mar/2022:14:43:09 -0500] "POST /forms/lservlet;jsessionid=ac16012b30d6163f8022814d4407be70d6c5f0466ff5.e3iSbxaKaheRe34Sc38RahyRchr0n6jAmljGr5XDqQLvpAe HTTP/1.1" 200 2
200.118.64.109 - - [31/Mar/2022:14:43:09 -0500] "POST /forms/lservlet;jsessionid=ac16012b30d6163f8022814d4407be70d6c5f0466ff5.e3iSbxaKaheRe34Sc38RahyRchr0n6jAmljGr5XDqQLvpAe HTTP/1.1" 200 14
200.118.64.109 - - [31/Mar/2022:14:43:10 -0500] "POST /forms/lservlet;jsessionid=ac16012b30d6163f8022814d4407be70d6c5f0466ff5.e3iSbxaKaheRe34Sc38RahyRchr0n6jAmljGr5XDqQLvpAe HTTP/1.1" 200 14
200.118.64.109 - - [31/Mar/2022:14:43:11 -0500] "POST /forms/lservlet;jsessionid=ac16012b30d6163f8022814d4407be70d6c5f0466ff5.e3iSbxaKaheRe34Sc38RahyRchr0n6jAmljGr5XDqQLvpAe HTTP/1.1" 200 112
200.118.64.109 - - [31/Mar/2022:14:43:12 -0500] "POST /forms/lservlet;jsessionid=ac16012b30d6163f8022814d4407be70d6c5f0466ff5.e3iSbxaKaheRe34Sc38RahyRchr0n6jAmljGr5XDqQLvpAe HTTP/1.1" 200 2
200.118.64.109 - - [31/Mar/2022:14:43:12 -0500] "GET /reports/rwservlet/getjobid74029?server=repnomi HTTP/1.1" 200 47711
172.22.2.4 - - [31/Mar/2022:14:43:04 -0500] "GET /BLA/boletinlegal/ HTTP/1.1" 200 24523
172.22.2.4 - - [31/Mar/2022:14:43:55 -0500] "GET /BLA/boletinlegal/consulta_actos.php?tipo=resoluciones&no=&usuario=&sector=&fecha=2017&resuelve= HTTP/1.1" 200 893322
200.118.64.109 - - [31/Mar/2022:14:44:01 -0500] "POST /forms/lservlet;jsessionid=ac16012b30d6163f8022814d4407be70d6c5f0466ff5.e3iSbxaKaheRe34Sc38RahyRchr0n6jAmljGr5XDqQLvpAe HTTP/1.1" 200 2
200.118.64.109 - - [31/Mar/2022:14:44:01 -0500] "POST /forms/lservlet;jsessionid=ac16012b30d6163f8022814d4407be70d6c5f0466ff5.e3iSbxaKaheRe34Sc38RahyRchr0n6jAmljGr5XDqQLvpAe HTTP/1.1" 200 14
200.118.64.109 - - [31/Mar/2022:14:44:02 -0500] "POST /forms/lservlet;jsessionid=ac16012b30d6163f8022814d4407be70d6c5f0466ff5.e3iSbxaKaheRe34Sc38RahyRchr0n6jAmljGr5XDqQLvpAe HTTP/1.1" 200 14
200.118.64.109 - - [31/Mar/2022:14:44:03 -0500] "POST /forms/lservlet;jsessionid=ac16012b30d6163f8022814d4407be70d6c5f0466ff5.e3iSbxaKaheRe34Sc38RahyRchr0n6jAmljGr5XDqQLvpAe HTTP/1.1" 200 109
200.118.64.109 - - [31/Mar/2022:14:44:04 -0500] "POST /forms/lservlet;jsessionid=ac16012b30d6163f8022814d4407be70d6c5f0466ff5.e3iSbxaKaheRe34Sc38RahyRchr0n6jAmljGr5XDqQLvpAe HTTP/1.1" 200 2
200.118.64.109 - - [31/Mar/2022:14:44:04 -0500] "GET /reports/rwservlet/getjobid74030?server=repnomi HTTP/1.1" 200 786013
186.102.47.217 - - [31/Mar/2022:14:44:14 -0500] "GET /kwssiamovil/sm/ldap/au?x=U2FsdGVkX1/xOQU43ZhgQWt0dQw3XP3ZMar7qYfavAURSbqLuYMActOHlr7xYhOP&y=U2FsdGVkX198LGloBTfY3TM2+CmT7agagmn920go5+OPceptZwobhmW7BVOODQqG HTTP/1.1" 200 30
181.61.206.50 - - [31/Mar/2022:14:44:16 -0500] "GET /BLA/resoluciones/RESOLUCIONES%202017/1538.pdf HTTP/1.1" 200 279986
186.102.47.217 - - [31/Mar/2022:14:44:37 -0500] "GET /kwssiamovil/sm/ldap/au?x=U2FsdGVkX1+gHLVGp3opTj9otwHzN9eWlO74ulFmLLHssb9uJDS0C6oZ4sMGFu1e&y=U2FsdGVkX1+cGuRNd8RB7GalU+zS0IJB9cSbgCviTPGOXuhewcV93iBDtb7ftpy3 HTTP/1.1" 200 30
186.80.83.77 - - [31/Mar/2022:14:44:40 -0500] "POST /sipse/faces/presentacion/financiero/solicitudProceso/consultarPorResponsable.xhtml HTTP/1.1" 200 41347
186.80.83.77 - - [31/Mar/2022:14:44:40 -0500] "GET /sipse/faces/javax.faces.resource/jquery/jquery.js?ln=primefaces&v=4.0 HTTP/1.1" 304 -
186.80.83.77 - - [31/Mar/2022:14:44:40 -0500] "GET /sipse/faces/javax.faces.resource/jquery/jquery-plugins.js?ln=primefaces&v=4.0 HTTP/1.1" 304 -
186.80.83.77 - - [31/Mar/2022:14:44:40 -0500] "GET /sipse/faces/javax.faces.resource/primefaces.js?ln=primefaces&v=4.0 HTTP/1.1" 304 -
186.80.83.77 - - [31/Mar/2022:14:44:40 -0500] "GET /sipse/faces/javax.faces.resource/layout/layout.js?ln=primefaces&v=4.0 HTTP/1.1" 304 -
186.80.83.77 - - [31/Mar/2022:14:44:41 -0500] "POST /sipse/faces/presentacion/financiero/solicitudProceso/consultar.xhtml HTTP/1.1" 200 34754
186.102.47.217 - - [31/Mar/2022:14:45:00 -0500] "GET /kwssiamovil/sm/ldap/au?x=U2FsdGVkX187JiNr4uYluXxiCKlT8+qiek7/E4eBq3vOOVOwotGaM1aKOsFDBKaX&y=U2FsdGVkX1+6F37cthoO/B0M3rdN1ppepgATJfNuasjubofNKQePgic5V2StRbix HTTP/1.1" 200 30
66.249.75.109 - - [31/Mar/2022:14:45:00 -0500] "-" 408 -
200.118.64.109 - - [31/Mar/2022:14:45:13 -0500] "POST /forms/lservlet;jsessionid=ac16012b30d6163f8022814d4407be70d6c5f0466ff5.e3iSbxaKaheRe34Sc38RahyRchr0n6jAmljGr5XDqQLvpAe HTTP/1.1" 200 2
200.118.64.109 - - [31/Mar/2022:14:45:13 -0500] "POST /forms/lservlet;jsessionid=ac16012b30d6163f8022814d4407be70d6c5f0466ff5.e3iSbxaKaheRe34Sc38RahyRchr0n6jAmljGr5XDqQLvpAe HTTP/1.1" 200 2346
200.118.64.109 - - [31/Mar/2022:14:45:13 -0500] "POST /forms/lservlet;jsessionid=ac16012b30d6163f8022814d4407be70d6c5f0466ff5.e3iSbxaKaheRe34Sc38RahyRchr0n6jAmljGr5XDqQLvpAe HTTP/1.1" 200 10
186.102.47.217 - - [31/Mar/2022:14:45:30 -0500] "GET /kwssiamovil/sm/ldap/au?x=U2FsdGVkX19mcJ8SJaXDNgSF/gDXmcU6wWJGbDgHKwVofanllRe9e+7AG+FeXwOS&y=U2FsdGVkX19AKbAvJhAheYiNFB8oXqcV/ppNzxuU2Dq4tGS8Yf/ZAfuGv3eEIjd4 HTTP/1.1" 200 30
200.118.64.109 - - [31/Mar/2022:14:45:32 -0500] "POST /forms/lservlet;jsessionid=ac16012b30d6163f8022814d4407be70d6c5f0466ff5.e3iSbxaKaheRe34Sc38RahyRchr0n6jAmljGr5XDqQLvpAe HTTP/1.1" 200 26
200.118.64.109 - - [31/Mar/2022:14:45:32 -0500] "POST /forms/lservlet;jsessionid=ac16012b30d6163f8022814d4407be70d6c5f0466ff5.e3iSbxaKaheRe34Sc38RahyRchr0n6jAmljGr5XDqQLvpAe HTTP/1.1" 200 14
200.118.64.109 - - [31/Mar/2022:14:45:33 -0500] "POST /forms/lservlet;jsessionid=ac16012b30d6163f8022814d4407be70d6c5f0466ff5.e3iSbxaKaheRe34Sc38RahyRchr0n6jAmljGr5XDqQLvpAe HTTP/1.1" 200 3736
200.118.64.109 - - [31/Mar/2022:14:45:34 -0500] "POST /forms/lservlet;jsessionid=ac16012b30d6163f8022814d4407be70d6c5f0466ff5.e3iSbxaKaheRe34Sc38RahyRchr0n6jAmljGr5XDqQLvpAe HTTP/1.1" 200 2
186.102.6.219 - - [31/Mar/2022:14:45:36 -0500] "GET /kwssiamovil/sm/ldap/au?x=U2FsdGVkX181/Cdf/HJq3K1J62sHGTmlCjUc02qRCT8YskJu+ndYBvq1Rj0hySIV&y=U2FsdGVkX1/QmnDiiYx5DCoCk4udRgOwoZjMH9qOWODfNT9GCgKQjCfDlPbkYFfj HTTP/1.1" 200 31
200.118.64.109 - - [31/Mar/2022:14:45:41 -0500] "POST /forms/lservlet;jsessionid=ac16012b30d6163f8022814d4407be70d6c5f0466ff5.e3iSbxaKaheRe34Sc38RahyRchr0n6jAmljGr5XDqQLvpAe HTTP/1.1" 200 2
200.118.64.109 - - [31/Mar/2022:14:45:41 -0500] "POST /forms/lservlet;jsessionid=ac16012b30d6163f8022814d4407be70d6c5f0466ff5.e3iSbxaKaheRe34Sc38RahyRchr0n6jAmljGr5XDqQLvpAe HTTP/1.1" 200 14
200.118.64.109 - - [31/Mar/2022:14:45:42 -0500] "POST /forms/lservlet;jsessionid=ac16012b30d6163f8022814d4407be70d6c5f0466ff5.e3iSbxaKaheRe34Sc38RahyRchr0n6jAmljGr5XDqQLvpAe HTTP/1.1" 200 14
186.102.6.219 - - [31/Mar/2022:14:45:44 -0500] "GET /kwssiamovil/sm/ldap/au?x=U2FsdGVkX1820aarFHcidUQFmaLbBMSofXwksuRCSEDmjyVTG+VBIurQwBmPy353&y=U2FsdGVkX1/dK2on70ZaY39bKLErjSBFV7mKX8zGAQ0r5V/hrHhVTx5NYqiotKnr HTTP/1.1" 200 31
200.118.64.109 - - [31/Mar/2022:14:45:43 -0500] "POST /forms/lservlet;jsessionid=ac16012b30d6163f8022814d4407be70d6c5f0466ff5.e3iSbxaKaheRe34Sc38RahyRchr0n6jAmljGr5XDqQLvpAe HTTP/1.1" 200 14
200.118.64.109 - - [31/Mar/2022:14:45:45 -0500] "POST /forms/lservlet;jsessionid=ac16012b30d6163f8022814d4407be70d6c5f0466ff5.e3iSbxaKaheRe34Sc38RahyRchr0n6jAmljGr5XDqQLvpAe HTTP/1.1" 200 14
200.118.64.109 - - [31/Mar/2022:14:45:47 -0500] "POST /forms/lservlet;jsessionid=ac16012b30d6163f8022814d4407be70d6c5f0466ff5.e3iSbxaKaheRe34Sc38RahyRchr0n6jAmljGr5XDqQLvpAe HTTP/1.1" 200 15
186.80.83.77 - - [31/Mar/2022:14:45:49 -0500] "POST /sipse/faces/presentacion/financiero/solicitudProceso/consultar.xhtml HTTP/1.1" 200 3180
200.118.64.109 - - [31/Mar/2022:14:45:49 -0500] "POST /forms/lservlet;jsessionid=ac16012b30d6163f8022814d4407be70d6c5f0466ff5.e3iSbxaKaheRe34Sc38RahyRchr0n6jAmljGr5XDqQLvpAe HTTP/1.1" 200 108
200.118.64.109 - - [31/Mar/2022:14:45:49 -0500] "POST /forms/lservlet;jsessionid=ac16012b30d6163f8022814d4407be70d6c5f0466ff5.e3iSbxaKaheRe34Sc38RahyRchr0n6jAmljGr5XDqQLvpAe HTTP/1.1" 200 2
200.118.64.109 - - [31/Mar/2022:14:45:50 -0500] "GET /reports/rwservlet/getjobid74031?server=repnomi HTTP/1.1" 200 47872
186.80.83.77 - - [31/Mar/2022:14:45:50 -0500] "POST /sipse/faces/presentacion/financiero/solicitudProceso/consultar.xhtml HTTP/1.1" 200 29949
186.80.83.77 - - [31/Mar/2022:14:45:50 -0500] "GET /sipse/faces/javax.faces.resource/jquery/jquery.js?ln=primefaces&v=4.0 HTTP/1.1" 304 -
186.80.83.77 - - [31/Mar/2022:14:45:50 -0500] "GET /sipse/faces/javax.faces.resource/jquery/jquery-plugins.js?ln=primefaces&v=4.0 HTTP/1.1" 304 -
186.80.83.77 - - [31/Mar/2022:14:45:50 -0500] "GET /sipse/faces/javax.faces.resource/primefaces.js?ln=primefaces&v=4.0 HTTP/1.1" 304 -
186.80.83.77 - - [31/Mar/2022:14:45:50 -0500] "GET /sipse/faces/javax.faces.resource/layout/layout.js?ln=primefaces&v=4.0 HTTP/1.1" 304 -
186.80.83.77 - - [31/Mar/2022:14:45:50 -0500] "POST /sipse/faces/presentacion/contratacion/contratista/listarContratista.xhtml HTTP/1.1" 200 23346
186.80.83.77 - - [31/Mar/2022:14:45:50 -0500] "POST /sipse/faces/presentacion/contratacion/contratista/listarContratista.xhtml HTTP/1.1" 200 23346
186.102.47.217 - - [31/Mar/2022:14:45:56 -0500] "OPTIONS /kwssiamovil/sm/setfile/f? HTTP/1.1" 200 13
186.80.83.77 - - [31/Mar/2022:14:45:57 -0500] "GET /sipsesda/faces/vista/sistema/cargarMenu.jspx?accionMenu=listarContratista&menuID=78 HTTP/1.1" 200 13258
186.80.83.77 - - [31/Mar/2022:14:45:58 -0500] "POST /sipsesda/faces/vista/sistema/cargarMenu.jspx HTTP/1.1" 200 16556
200.118.64.109 - - [31/Mar/2022:14:46:00 -0500] "POST /forms/lservlet;jsessionid=ac16012b30d6163f8022814d4407be70d6c5f0466ff5.e3iSbxaKaheRe34Sc38RahyRchr0n6jAmljGr5XDqQLvpAe HTTP/1.1" 200 2
200.118.64.109 - - [31/Mar/2022:14:46:01 -0500] "POST /forms/lservlet;jsessionid=ac16012b30d6163f8022814d4407be70d6c5f0466ff5.e3iSbxaKaheRe34Sc38RahyRchr0n6jAmljGr5XDqQLvpAe HTTP/1.1" 200 14
186.80.83.77 - - [31/Mar/2022:14:46:02 -0500] "POST /sipse/faces/presentacion/contratacion/contratista/listarContratista.xhtml HTTP/1.1" 200 36064
186.80.83.77 - - [31/Mar/2022:14:46:02 -0500] "GET /sipse/faces/javax.faces.resource/jquery/jquery.js?ln=primefaces&v=4.0 HTTP/1.1" 304 -
186.80.83.77 - - [31/Mar/2022:14:46:02 -0500] "GET /sipse/faces/javax.faces.resource/jquery/jquery-plugins.js?ln=primefaces&v=4.0 HTTP/1.1" 304 -
186.80.83.77 - - [31/Mar/2022:14:46:02 -0500] "GET /sipse/faces/javax.faces.resource/primefaces.js?ln=primefaces&v=4.0 HTTP/1.1" 304 -
186.80.83.77 - - [31/Mar/2022:14:46:03 -0500] "GET /sipse/faces/javax.faces.resource/layout/layout.js?ln=primefaces&v=4.0 HTTP/1.1" 304 -
186.80.83.77 - - [31/Mar/2022:14:46:03 -0500] "POST /sipse/faces/presentacion/contratacion/contrato/listarContrato.xhtml HTTP/1.1" 200 29473
200.118.64.109 - - [31/Mar/2022:14:46:02 -0500] "POST /forms/lservlet;jsessionid=ac16012b30d6163f8022814d4407be70d6c5f0466ff5.e3iSbxaKaheRe34Sc38RahyRchr0n6jAmljGr5XDqQLvpAe HTTP/1.1" 200 14
186.80.83.77 - - [31/Mar/2022:14:46:03 -0500] "POST /sipse/faces/presentacion/contratacion/contrato/listarContrato.xhtml HTTP/1.1" 200 29473
186.80.83.77 - - [31/Mar/2022:14:46:03 -0500] "POST /sipse/faces/presentacion/contratacion/contrato/listarContrato.xhtml HTTP/1.1" 200 29473
200.118.64.109 - - [31/Mar/2022:14:46:03 -0500] "POST /forms/lservlet;jsessionid=ac16012b30d6163f8022814d4407be70d6c5f0466ff5.e3iSbxaKaheRe34Sc38RahyRchr0n6jAmljGr5XDqQLvpAe HTTP/1.1" 200 14
200.118.64.109 - - [31/Mar/2022:14:46:04 -0500] "POST /forms/lservlet;jsessionid=ac16012b30d6163f8022814d4407be70d6c5f0466ff5.e3iSbxaKaheRe34Sc38RahyRchr0n6jAmljGr5XDqQLvpAe HTTP/1.1" 200 14
200.118.64.109 - - [31/Mar/2022:14:46:06 -0500] "POST /forms/lservlet;jsessionid=ac16012b30d6163f8022814d4407be70d6c5f0466ff5.e3iSbxaKaheRe34Sc38RahyRchr0n6jAmljGr5XDqQLvpAe HTTP/1.1" 200 112
200.118.64.109 - - [31/Mar/2022:14:46:07 -0500] "POST /forms/lservlet;jsessionid=ac16012b30d6163f8022814d4407be70d6c5f0466ff5.e3iSbxaKaheRe34Sc38RahyRchr0n6jAmljGr5XDqQLvpAe HTTP/1.1" 200 2
200.118.64.109 - - [31/Mar/2022:14:46:07 -0500] "GET /reports/rwservlet/getjobid74032?server=repnomi HTTP/1.1" 200 47872
186.80.83.77 - - [31/Mar/2022:14:46:11 -0500] "GET /sipsesda/faces/vista/sistema/cargarMenu.jspx?accionMenu=listarContrato&menuID=96 HTTP/1.1" 200 13246
186.80.83.77 - - [31/Mar/2022:14:46:12 -0500] "POST /sipsesda/faces/vista/sistema/cargarMenu.jspx HTTP/1.1" 200 20470
186.102.47.217 - - [31/Mar/2022:14:45:57 -0500] "POST /kwssiamovil/sm/setfile/f? HTTP/1.1" 200 381
186.102.6.219 - - [31/Mar/2022:14:46:17 -0500] "GET /kwssiamovil/sm/ldap/au?x=U2FsdGVkX1+oQ0/+FEU8SRn8BMW2AD+VCCiS0GS6Zka37Dl2lsd86mahL2b1jArM&y=U2FsdGVkX1+pb906tGpnRRO0B7GKo2BEdEkJxbrBvrn7bmhHrnYohTrps9+da/83 HTTP/1.1" 200 30
186.102.6.219 - - [31/Mar/2022:14:46:17 -0500] "GET /kwssiamovil/sm/acme/s?s=U2FsdGVkX19e5G0MYkQY1W6sRPrZj+JgYhGUYj1IUV+4v51Qt8tUkX4wKNtMrtKKS81ZD6smtBBoP5jWMiSVrCGPZNbNMjksuCrAm+ShPPk=&u=U2FsdGVkX1+z8DzzXkjV2GZRl3KQDdFxX0djb6TZX/4ushAB8MFL6T6noUPC5AGC&y=U2FsdGVkX1+pb906tGpnRRO0B7GKo2BEdEkJxbrBvrn7bmhHrnYohTrps9+da/83 HTTP/1.1" 200 97
186.102.6.219 - - [31/Mar/2022:14:46:20 -0500] "GET /kwssiamovil/sm/ldap/au?x=U2FsdGVkX19cXN2HV8WrnJzrPvgdXAsBGRcCbbLbE7SN7KypPlRED3GLUrZjSyk9&y=U2FsdGVkX1//JKqWYcf+LjYeYsFqm7+Ov1Dx1hblqwOpX7CFdsEB90F7FmlHRYCY HTTP/1.1" 200 30
186.102.6.219 - - [31/Mar/2022:14:46:20 -0500] "GET /kwssiamovil/sm/acme/s?s=U2FsdGVkX1+a6TDTKuSj4maBoOY4o3Y8yhit1fGRyULwoZjD9mLzTImow3Vb30be2CvH+nL86mv7ExjnMaRvMY5259jS0hyb9eeFwvuUlBU=&u=U2FsdGVkX19tgqX1VXeT3DGlw67wUc66ghxSR04bTr0Y2bXRlOUHQJjsXvqHgkna&y=U2FsdGVkX1//JKqWYcf+LjYeYsFqm7+Ov1Dx1hblqwOpX7CFdsEB90F7FmlHRYCY HTTP/1.1" 200 97
186.80.83.77 - - [31/Mar/2022:14:46:22 -0500] "POST /sipse/faces/presentacion/contratacion/contrato/listarContrato.xhtml HTTP/1.1" 200 9204
186.80.83.77 - - [31/Mar/2022:14:46:24 -0500] "POST /sipse/faces/presentacion/contratacion/contrato/listarContrato.xhtml HTTP/1.1" 200 29973
186.80.83.77 - - [31/Mar/2022:14:46:25 -0500] "GET /sipse/faces/javax.faces.resource/jquery/jquery.js?ln=primefaces&v=4.0 HTTP/1.1" 304 -
186.80.83.77 - - [31/Mar/2022:14:46:25 -0500] "GET /sipse/faces/javax.faces.resource/jquery/jquery-plugins.js?ln=primefaces&v=4.0 HTTP/1.1" 304 -
186.80.83.77 - - [31/Mar/2022:14:46:25 -0500] "GET /sipse/faces/javax.faces.resource/primefaces.js?ln=primefaces&v=4.0 HTTP/1.1" 304 -
186.80.83.77 - - [31/Mar/2022:14:46:25 -0500] "GET /sipse/faces/javax.faces.resource/layout/layout.js?ln=primefaces&v=4.0 HTTP/1.1" 304 -
186.80.83.77 - - [31/Mar/2022:14:46:25 -0500] "POST /sipse/faces/presentacion/sistema/reporte/listarReportes.xhtml HTTP/1.1" 200 23394
186.80.83.77 - - [31/Mar/2022:14:46:25 -0500] "POST /sipse/faces/presentacion/sistema/reporte/listarReportes.xhtml HTTP/1.1" 200 23394
186.80.83.77 - - [31/Mar/2022:14:46:25 -0500] "POST /sipse/faces/presentacion/sistema/reporte/listarReportes.xhtml HTTP/1.1" 200 23394
186.80.83.77 - - [31/Mar/2022:14:46:25 -0500] "POST /sipse/faces/presentacion/sistema/reporte/listarReportes.xhtml HTTP/1.1" 200 23394
186.80.83.77 - - [31/Mar/2022:14:46:27 -0500] "POST /sipse/faces/presentacion/sistema/reporte/listarReportes.xhtml HTTP/1.1" 200 24340
186.80.83.77 - - [31/Mar/2022:14:46:27 -0500] "POST /sipse/faces/presentacion/sistema/reporte/listarReportes.xhtml HTTP/1.1" 200 24340
186.80.83.77 - - [31/Mar/2022:14:46:27 -0500] "POST /sipse/faces/presentacion/sistema/reporte/listarReportes.xhtml HTTP/1.1" 200 24340
186.80.83.77 - - [31/Mar/2022:14:46:27 -0500] "POST /sipse/faces/presentacion/sistema/reporte/listarReportes.xhtml HTTP/1.1" 200 24340
186.80.83.77 - - [31/Mar/2022:14:46:27 -0500] "POST /sipse/faces/presentacion/sistema/reporte/listarReportes.xhtml HTTP/1.1" 200 24340
186.80.83.77 - - [31/Mar/2022:14:46:27 -0500] "POST /sipse/faces/presentacion/sistema/reporte/listarReportes.xhtml HTTP/1.1" 200 24340
186.102.47.217 - - [31/Mar/2022:14:46:30 -0500] "GET /kwssiamovil/sm/acme/a?s=U2FsdGVkX1+hsH3yaRpfnFO/gIjO8GY9ldfgvdGzplRNUy4geTh0ngVkof33CJJ3Bw8MyWsgwLaicm3EeAqmYlRVjH2d04LNhs4fxr2JGWuvWLUqWN5yf/6WdE3/iwsKucNLPJlXxk1NDlgC+A5K6vbpSFbb+og3tbUf1AS4mKr54Z2tUUUOty93WHSOcFfxwCTHlWI/CR2Z1UNAt+bgiL5dTK6C+h5mZTPijvktKtov6BgXSaaDqSQV9C1vuW6riTehzrzSVpBhpQe1AM6LXA==&u=U2FsdGVkX1+donc/vMev4hBie8oORWMZVxbiobdlfV8=&y=U2FsdGVkX19cKutNCtq2V0wSy0nygXa1roOCtG2siXo= HTTP/1.1" 200 25
186.102.47.217 - - [31/Mar/2022:14:46:30 -0500] "GET /kwssiamovil/sm/acme/a?s=U2FsdGVkX18CUc11FMUo3IsprE7uL92i/kT/thUxc0vFk8NcZIy3Y5p+mwoP9hSH5UiOs9/Vpc1XFsJI0jwRbsbbSqg27NMOQLxXg7C1Ar7yTnOI9qXM58AOcA43oHCxPsGvlrVT1XUCNW4rP+PSQ2xmw34wVxy1IrHGHc2qvPZaR8OGzeR4bxwYulXKogiKOPoM70Lcf5Ynho3yRPtUgeMlDga+GQRcKqpd9mtyH1FRWHpkkhgdNM2uhmZJfI9fuO42VkzaKCUEDqhRg9fXI6moBZwrVzIWzlUbYGlKZuwkkcTn3uqdhgTo3IqkEhDYCBqppNPFeQ0cDG4rOjka/T9BiliUiBQpoqqG5ebi1ox6PNmD5s8nNTDulczu2bqj2f6TBduoWvLzoMj5L68ZYMVuBhYCLz51jPMgazOwVq5B52my4UxPDDJSHVgsDDFsfTBBYkn0XNfmRIdurRQi+LHltfMi/SNQ4rGmMqxODLTZhFb/S8Sl1u2N71op19q2tBZMkTKz3xcKFD/Q55SLR2YsJ0TTi6JwYmdN+pO2KaT7Buv/qq0Cjij6yhIA40qfZ52zKaJ8az8hccf2cEB0ABow8mi3gV5vZyG/67yDWrREBMf7i467fUdcqMqd+1lfpktNyzQy/1tkeh/PfUye5aLiuo6FfnkYyH/ty37lTW5NHABDWCeWxoZr9aPWH//7ur18hb7QSwuqCP+Xv5/gacQeB1c1NQRKcx82CcTA+Js04Ipz6Nb/0HpRL4GMl3GOOeduEXNduUwuSQDKteVWuSIPkFurbX0PAPPhafwHKc4CnNJnMXHYbHfJ9wIwkkzM+IqTLSVnytv1486PtRVNtTkm8E7elR5EeQ8weJ2txKwjLBsggCXe2OBVRhJ6U6wvxPHUz5/9uD8J1X3+G2cmtgmxsam+wFP8fBdX4Md+9uma8Rfi+Q550hqQX349uGR7KScq9xjVCBEDsoVsF9CoyX42RIaxhdQRzSv/XcvggCHO0/DZFOs2al7wDUCPLRYHqv6PHTZYWVy+DNTXvH6Gw1ZQmx5EMIHy/leztZmHAfZMSngmB7+MYuzughYz6oknqHnc8EWiEr9oB4Q4dUrOy/77EI4VoMaVLJtcgThaEkRWSmYld7F/rThjNWY7MQ8P9QSRsQ4tiNkuSd3t+5L/VNeKdO38oqqjm9wGCcVHycBjg7ito/IrSi2/iNoWMmw9&u=U2FsdGVkX1+donc/vMev4hBie8oORWMZVxbiobdlfV8=&y=U2FsdGVkX19cKutNCtq2V0wSy0nygXa1roOCtG2siXo= HTTP/1.1" 200 23
186.102.47.217 - - [31/Mar/2022:14:46:32 -0500] "GET /kwssiamovil/sm/acme/u?s=U2FsdGVkX18RIVK0E7+JgvVT28JmDQFkVw3PpCa6vPxmNERPY2vdADcI6bDQh2EDC4TAInOX7KDPCUw66Wbtp/PtxPXWM/LxVb5TTsQfOez80lElNr4PscoToB4bXTnE&u=U2FsdGVkX1+donc/vMev4hBie8oORWMZVxbiobdlfV8=&y=U2FsdGVkX19cKutNCtq2V0wSy0nygXa1roOCtG2siXo= HTTP/1.1" 200 60
186.102.47.217 - - [31/Mar/2022:14:46:33 -0500] "GET /kwssiamovil/sm/acme/a?s=U2FsdGVkX18ZT+gPrjBfy1ltjeti2XiQXVGqYmAlhvvyJFseUyiWIsmu2zDYLFaGX12hX4EaK8Q6ezeCJ5T6HAYMhaBni879468JcyDFV/2YER64a7Spx1NUu6fGeZ6zbuR653MJUIniZKgiUc+TsTz5akToUrP343OnIOn5k6o=&u=U2FsdGVkX1+donc/vMev4hBie8oORWMZVxbiobdlfV8=&y=U2FsdGVkX19cKutNCtq2V0wSy0nygXa1roOCtG2siXo= HTTP/1.1" 200 25
186.102.47.217 - - [31/Mar/2022:14:46:34 -0500] "GET /kwssiamovil/sm/acme/a?s=U2FsdGVkX18DhDn6Aos1yXSaaA0Czy6KUCBB5Wwkumuc4uDuIY3A/X0DtTY64LzSr2z9cAUpURUZB6nTx/2ij41eR+TBZAd+0C9hP3Y0RTF3kIUI6rVKXc7bxuTIbddngxOmuKtDmEb86OaypBeppqeBE4bo6JFFIlQwtvwbX2fGHcYGhYySNbhOpm9EzJQQ&u=U2FsdGVkX1+donc/vMev4hBie8oORWMZVxbiobdlfV8=&y=U2FsdGVkX19cKutNCtq2V0wSy0nygXa1roOCtG2siXo= HTTP/1.1" 200 22
186.102.47.217 - - [31/Mar/2022:14:46:34 -0500] "GET /kwssiamovil/sm/acme/a?s=U2FsdGVkX1/JsWf6M/pF4rbci1osyqlQ7+TOClsF+6hYXpC+r1aR/O3WIAC5+lUuWLoa16PWIol/BK+BVe+kDQc9+m/NCQ+tsAPlvozA25zWE9Uttgb2zKTwT9PYgJby3SMKRSy21+3nq5PvoWwrnWYlU4fujbfXE+YMYRTmfQbquKXu2M9DAg8SYSbdiKaJQcaR+uZe9ZQVTIGjedXWt1hNiE1cOBiS+Fd8oNuvAuPoK7TEV/sJlsm5r40lhPSe9qRXNSFqPUYL5vYOFC4OzDRkM97FG5un0D8mDTDbmabi1evGg+MBf98TDAvcRQRBSJmRxJ1qpUwVstn9C3mKirpEn05i6+/G3FoaDFuZChGSaRIDugEIphx2WkNv0LSuJ+9x34JNX5GdelkYOmaXHCbGKTswG/ESSPkCIgDmCLE=&u=U2FsdGVkX1+donc/vMev4hBie8oORWMZVxbiobdlfV8=&y=U2FsdGVkX19cKutNCtq2V0wSy0nygXa1roOCtG2siXo= HTTP/1.1" 200 22
186.102.47.217 - - [31/Mar/2022:14:46:35 -0500] "GET /kwssiamovil/sm/acme/a?s=U2FsdGVkX18ppWkVXAZ7aasg5EQEUQD71SEg6qsVOVCzwddio3DKsxYgTiuNLyoACUjaoDCNX/U2irAJ2uumPpyfpU442uB/2Um62+D///Xo0O3ar4WZlwprOSHthi6qQ+9l0V5ws7BvAu6J80y8qEVDoitlXwZ5LckjLJ0qIIhj59S4XeVf9uWiBIdYQoJDwHNgpvHNfp3s5snSKYMPPRiBgVSTjeptpsDOepQHF6zkBtlQytN68OZJrZu1xKiG75oUox/9WHssn2FIxwAwAWrQosKmJKgcKjUwkhvh62bsYN3PK7eu/p++7rmeH86gmwW/lkn5maVUotZSWPZcklnVEhByYFdXMMMtg8/+TzOt+3JWClg5OBjZI34NX0c3Gh+D5AsBPB+87EzLUsPHWw==&u=U2FsdGVkX1+donc/vMev4hBie8oORWMZVxbiobdlfV8=&y=U2FsdGVkX19cKutNCtq2V0wSy0nygXa1roOCtG2siXo= HTTP/1.1" 200 24
186.102.47.217 - - [31/Mar/2022:14:46:36 -0500] "GET /kwssiamovil/sm/acme/a?s=U2FsdGVkX18/Cc38uGdLRFsYmY2zPNU9LG1iHAtaYUKDRADhYxOUghVhqXxdvP2IyIl74X6unQlNbdynsK2xMpesb1vq6SnXHQEk4+d1CIZGjxdnItZxsrLdsFo7z9JHKrlN6I+yBAiVmH+CZT4YzlNcXRMXL+/+8xYEHPT+GtTKDUArnU2mYzz+9zBUYc4S&u=U2FsdGVkX1+donc/vMev4hBie8oORWMZVxbiobdlfV8=&y=U2FsdGVkX19cKutNCtq2V0wSy0nygXa1roOCtG2siXo= HTTP/1.1" 200 22
186.80.83.77 - - [31/Mar/2022:14:46:36 -0500] "GET /sipsesda/faces/vista/sistema/cargarMenu.jspx?accionMenu=listadoReportes&menuID=101 HTTP/1.1" 200 13240
186.80.83.77 - - [31/Mar/2022:14:46:37 -0500] "POST /sipsesda/faces/vista/sistema/cargarMenu.jspx HTTP/1.1" 200 13331
186.102.47.217 - - [31/Mar/2022:14:46:37 -0500] "GET /kwssiamovil/sm/acme/a?s=U2FsdGVkX1/o7ac1NcatumkyZMdv9nAv94UIElrBGWmucOeeEunZSrg0R9zfmQgMqm67UZSi/FSZOBbOcMGeSO/7WXlKW46uBodbGok3bfAsHC2f8KM+UgPhR3HnKr/4urk2wVbo0FFCPKjgFFRna7jQ9XFXuiLqwTUYnbnK86k=&u=U2FsdGVkX1+donc/vMev4hBie8oORWMZVxbiobdlfV8=&y=U2FsdGVkX19cKutNCtq2V0wSy0nygXa1roOCtG2siXo= HTTP/1.1" 200 25
186.102.47.217 - - [31/Mar/2022:14:46:38 -0500] "GET /kwssiamovil/sm/acme/a?s=U2FsdGVkX1/faRu8jVJA4qBsFBXvWtBKaaLMwaFY9xHOT3P+/JsrQrilraph6/zJkL2vYdh9IiLUmw4OiX/OJbGvASN8+2ZUa8i1v0hsosiGlTyTv1OiSWnPC7kFklkH14mz0YGYNFW2hMxSCohX/Zt3TwdH7+pRR1P9cH2EdMhzISfp6pifbOYu+3jAvbaD&u=U2FsdGVkX1+donc/vMev4hBie8oORWMZVxbiobdlfV8=&y=U2FsdGVkX19cKutNCtq2V0wSy0nygXa1roOCtG2siXo= HTTP/1.1" 200 22
186.102.47.217 - - [31/Mar/2022:14:46:39 -0500] "GET /kwssiamovil/sm/acme/a?s=U2FsdGVkX19OIdDq5VU8ry7ijT3kp7lxfsvIGAJHbUkJdxXUmM9l9MgKYnj7KVKptY27mqVDLTPt9dHOMNfBxJJvxKP2tdWYc2NOMOWZKywwHnS6rkf1U2gK6BNyidxzLRELheJaJaF+8D5ggHatdnAAE6iGPlAe4mem+PQcqdI=&u=U2FsdGVkX1+donc/vMev4hBie8oORWMZVxbiobdlfV8=&y=U2FsdGVkX19cKutNCtq2V0wSy0nygXa1roOCtG2siXo= HTTP/1.1" 200 25
186.102.47.217 - - [31/Mar/2022:14:46:39 -0500] "GET /kwssiamovil/sm/acme/a?s=U2FsdGVkX19XN6x9lr96ctVFPLGroLGAcNxDWmq4+Iswo3vOBDf/FolXVGTu4Vyb/yCw7hXx0IvIsCn7meXXQfq4W/9T2UxV3CfUEl2QtQagIJ/iPi7IrGc1GMpuMwKG0pHftbLnvd3C2um1pn3vDYSKkjnSEyIbyKv/iiXw3gY/NXOm0C2OvVrGQHPoVvkl&u=U2FsdGVkX1+donc/vMev4hBie8oORWMZVxbiobdlfV8=&y=U2FsdGVkX19cKutNCtq2V0wSy0nygXa1roOCtG2siXo= HTTP/1.1" 200 22
186.80.83.77 - - [31/Mar/2022:14:46:40 -0500] "GET /sipsesda/faces/vista/sistema/cargarMenu.jspx?accionMenu=listadoReportes&menuID=107 HTTP/1.1" 200 13233
186.80.83.77 - - [31/Mar/2022:14:46:40 -0500] "POST /sipsesda/faces/vista/sistema/cargarMenu.jspx HTTP/1.1" 200 13327
186.102.47.217 - - [31/Mar/2022:14:46:40 -0500] "GET /kwssiamovil/sm/acme/a?s=U2FsdGVkX1+tSuqtUxxP5vjyvxARBVZbISC6jupbcr+MhEmvtmjsXmwuTzVqcBkALJn1F3SzHP3WuWkvgyO8FCfzLwUwETcYrsewG5iTX0d5b04aQGS95EyAcpsFnVQ/XkIHAlYRqwsEsWbcwY1h//QbbT6/hDplS5UEeJwD8us=&u=U2FsdGVkX1+donc/vMev4hBie8oORWMZVxbiobdlfV8=&y=U2FsdGVkX19cKutNCtq2V0wSy0nygXa1roOCtG2siXo= HTTP/1.1" 200 25
186.102.47.217 - - [31/Mar/2022:14:46:41 -0500] "GET /kwssiamovil/sm/acme/a?s=U2FsdGVkX1/RwsLZ2WdmkCRWHRSsRUxkl6PzhmtSbB8yeMIT2tHBScNENHkyoVz2rtoaJ5ToMn8/WeZmuUtUfIXnwECDwYyIE55wAYKQ6NrzxB8qO6hJLOqUWk4QolrRyQ6JFj92WfWi7kWNTMlvn1VTsWopxJRinLpDRfpzmtgQjyU1cIidFOe/+57OVvXT&u=U2FsdGVkX1+donc/vMev4hBie8oORWMZVxbiobdlfV8=&y=U2FsdGVkX19cKutNCtq2V0wSy0nygXa1roOCtG2siXo= HTTP/1.1" 200 22
