201.245.192.253 - - [31/Mar/2022:10:23:16 -0500] "POST /sipse/faces/presentacion/sistema/anexos/cargarAnexoSolicitudProceso.xhtml HTTP/1.1" 200 161149
201.245.192.253 - - [31/Mar/2022:10:23:16 -0500] "GET /reportes_sipse/sdg/ServletReporte?reporte=solicitud_cdp&Solicitud=17455&pfdrid_c=false HTTP/1.1" 200 97484
201.245.192.253 - - [31/Mar/2022:10:23:19 -0500] "GET /sipse/faces/javax.faces.resource/images/ui-bg_flat_0_2d5972_40x100.png?ln=primefaces-aristo HTTP/1.1" 304 -
201.245.192.253 - - [31/Mar/2022:10:23:19 -0500] "POST /sipse/faces/presentacion/financiero/solicitudProceso/consultarSolicitudProceso.xhtml HTTP/1.1" 200 32018
201.245.192.253 - - [31/Mar/2022:10:23:22 -0500] "GET /sipse/faces/javax.faces.resource/layout/layout.css?ln=primefaces&v=4.0 HTTP/1.1" 304 -
201.245.192.253 - - [31/Mar/2022:10:23:22 -0500] "GET /sipse/faces/javax.faces.resource/theme.css?ln=primefaces-sipse HTTP/1.1" 304 -
201.245.192.253 - - [31/Mar/2022:10:23:22 -0500] "GET /sipse/faces/javax.faces.resource/jquery/jquery.js?ln=primefaces&v=4.0 HTTP/1.1" 304 -
201.245.192.253 - - [31/Mar/2022:10:23:22 -0500] "GET /sipse/faces/javax.faces.resource/primefaces.css?ln=primefaces&v=4.0 HTTP/1.1" 304 -
201.245.192.253 - - [31/Mar/2022:10:23:22 -0500] "GET /sipse/faces/javax.faces.resource/jquery/jquery-plugins.js?ln=primefaces&v=4.0 HTTP/1.1" 304 -
201.245.192.253 - - [31/Mar/2022:10:23:22 -0500] "GET /sipse/faces/javax.faces.resource/primefaces.js?ln=primefaces&v=4.0 HTTP/1.1" 304 -
201.245.192.253 - - [31/Mar/2022:10:23:22 -0500] "GET /sipse/faces/javax.faces.resource/layout/layout.js?ln=primefaces&v=4.0 HTTP/1.1" 304 -
201.245.192.253 - - [31/Mar/2022:10:23:22 -0500] "GET /sipse/faces/javax.faces.resource/messages/messages.png?ln=primefaces&v=4.0 HTTP/1.1" 304 -
201.245.192.253 - - [31/Mar/2022:10:23:22 -0500] "POST /sipse/faces/presentacion/financiero/solicitudProceso/listarSolicitudProceso.xhtml HTTP/1.1" 200 1324
200.118.64.109 - - [31/Mar/2022:10:23:34 -0500] "POST /forms/lservlet;jsessionid=ac16012b30d6163f8022814d4407be70d6c5f0466ff5.e3iSbxaKaheRe34Sc38RahyRchr0n6jAmljGr5XDqQLvpAe HTTP/1.1" 200 2
200.118.64.109 - - [31/Mar/2022:10:23:34 -0500] "POST /forms/lservlet;jsessionid=ac16012b30d6163f8022814d4407be70d6c5f0466ff5.e3iSbxaKaheRe34Sc38RahyRchr0n6jAmljGr5XDqQLvpAe HTTP/1.1" 200 14
200.118.64.109 - - [31/Mar/2022:10:23:35 -0500] "POST /forms/lservlet;jsessionid=ac16012b30d6163f8022814d4407be70d6c5f0466ff5.e3iSbxaKaheRe34Sc38RahyRchr0n6jAmljGr5XDqQLvpAe HTTP/1.1" 200 14
200.118.64.109 - - [31/Mar/2022:10:23:37 -0500] "POST /forms/lservlet;jsessionid=ac16012b30d6163f8022814d4407be70d6c5f0466ff5.e3iSbxaKaheRe34Sc38RahyRchr0n6jAmljGr5XDqQLvpAe HTTP/1.1" 200 110
200.118.64.109 - - [31/Mar/2022:10:23:37 -0500] "POST /forms/lservlet;jsessionid=ac16012b30d6163f8022814d4407be70d6c5f0466ff5.e3iSbxaKaheRe34Sc38RahyRchr0n6jAmljGr5XDqQLvpAe HTTP/1.1" 200 2
200.118.64.109 - - [31/Mar/2022:10:23:37 -0500] "GET /reports/rwservlet/getjobid73935?server=repnomi HTTP/1.1" 200 47686
173.252.107.117 - - [31/Mar/2022:10:23:39 -0500] "GET /images/interpretes-humedales-principal-26-marzo.jpg HTTP/1.1" 200 40211
172.22.2.4 - - [31/Mar/2022:10:23:53 -0500] "GET /BLA/boletinlegal/circulares/2011/circular%20no.%204%20del%2014%20de%20julio%20de%202011.pdf HTTP/1.1" 200 399895
201.245.192.253 - - [31/Mar/2022:10:24:05 -0500] "POST /sipse/faces/presentacion/financiero/solicitudProceso/listarSolicitudProceso.xhtml HTTP/1.1" 200 121807
201.245.192.253 - - [31/Mar/2022:10:24:09 -0500] "GET /sipse/faces/javax.faces.resource/theme.css?ln=primefaces-sipse HTTP/1.1" 304 -
201.245.192.253 - - [31/Mar/2022:10:24:09 -0500] "GET /sipse/faces/javax.faces.resource/primefaces.css?ln=primefaces&v=4.0 HTTP/1.1" 304 -
201.245.192.253 - - [31/Mar/2022:10:24:09 -0500] "GET /sipse/faces/javax.faces.resource/layout/layout.css?ln=primefaces&v=4.0 HTTP/1.1" 304 -
201.245.192.253 - - [31/Mar/2022:10:24:09 -0500] "GET /sipse/faces/javax.faces.resource/jquery/jquery.js?ln=primefaces&v=4.0 HTTP/1.1" 304 -
201.245.192.253 - - [31/Mar/2022:10:24:09 -0500] "GET /sipse/faces/javax.faces.resource/jquery/jquery-plugins.js?ln=primefaces&v=4.0 HTTP/1.1" 304 -
201.245.192.253 - - [31/Mar/2022:10:24:09 -0500] "GET /sipse/faces/javax.faces.resource/primefaces.js?ln=primefaces&v=4.0 HTTP/1.1" 304 -
201.245.192.253 - - [31/Mar/2022:10:24:09 -0500] "GET /sipse/faces/javax.faces.resource/layout/layout.js?ln=primefaces&v=4.0 HTTP/1.1" 304 -
201.245.192.253 - - [31/Mar/2022:10:24:10 -0500] "GET /sipse/css/imagen/contrasena.png HTTP/1.1" 404 383
201.245.192.253 - - [31/Mar/2022:10:24:10 -0500] "GET /reportes_sipse/sdg/ServletReporte?reporte=solicitud_cdp&Solicitud=17455&pfdrid_c=false HTTP/1.1" 200 97484
201.245.192.253 - - [31/Mar/2022:10:24:14 -0500] "POST /sipse/faces/presentacion/financiero/solicitudProceso/consultarSolicitudProceso.xhtml HTTP/1.1" 200 3449987
200.118.64.109 - - [31/Mar/2022:10:24:25 -0500] "POST /forms/lservlet;jsessionid=ac16012b30d6163f8022814d4407be70d6c5f0466ff5.e3iSbxaKaheRe34Sc38RahyRchr0n6jAmljGr5XDqQLvpAe HTTP/1.1" 200 2
200.118.64.109 - - [31/Mar/2022:10:24:25 -0500] "POST /forms/lservlet;jsessionid=ac16012b30d6163f8022814d4407be70d6c5f0466ff5.e3iSbxaKaheRe34Sc38RahyRchr0n6jAmljGr5XDqQLvpAe HTTP/1.1" 200 14
200.118.64.109 - - [31/Mar/2022:10:24:26 -0500] "POST /forms/lservlet;jsessionid=ac16012b30d6163f8022814d4407be70d6c5f0466ff5.e3iSbxaKaheRe34Sc38RahyRchr0n6jAmljGr5XDqQLvpAe HTTP/1.1" 200 14
200.118.64.109 - - [31/Mar/2022:10:24:27 -0500] "POST /forms/lservlet;jsessionid=ac16012b30d6163f8022814d4407be70d6c5f0466ff5.e3iSbxaKaheRe34Sc38RahyRchr0n6jAmljGr5XDqQLvpAe HTTP/1.1" 200 107
200.118.64.109 - - [31/Mar/2022:10:24:28 -0500] "POST /forms/lservlet;jsessionid=ac16012b30d6163f8022814d4407be70d6c5f0466ff5.e3iSbxaKaheRe34Sc38RahyRchr0n6jAmljGr5XDqQLvpAe HTTP/1.1" 200 2
200.118.64.109 - - [31/Mar/2022:10:24:28 -0500] "GET /reports/rwservlet/getjobid73936?server=repnomi HTTP/1.1" 200 656809
172.22.2.4 - - [31/Mar/2022:10:24:30 -0500] "GET /BLA/boletinlegal/consulta_actos.php?tipo=autos&no=4692&usuario=&sector=&fecha=2021&resuelve= HTTP/1.1" 200 626
172.22.2.4 - - [31/Mar/2022:10:24:32 -0500] "GET /BLA/boletinlegal/consulta_actos.php?tipo=autos&no=4692&usuario=&sector=&fecha=2021&resuelve= HTTP/1.1" 200 626
172.22.2.4 - - [31/Mar/2022:10:24:37 -0500] "GET /BLA/boletinlegal/consulta_actos.php?tipo=resoluciones&no=4692&usuario=&sector=&fecha=2021&resuelve= HTTP/1.1" 200 1122
200.118.64.109 - - [31/Mar/2022:10:24:39 -0500] "POST /forms/lservlet;jsessionid=ac16012b30d6163f8022814d4407be70d6c5f0466ff5.e3iSbxaKaheRe34Sc38RahyRchr0n6jAmljGr5XDqQLvpAe HTTP/1.1" 200 2
190.27.78.212 - - [31/Mar/2022:10:24:42 -0500] "GET /BLA/resoluciones/RESOLUCIONES%202021/4692.pdf HTTP/1.1" 200 446185
201.245.192.253 - - [31/Mar/2022:10:24:51 -0500] "POST /sipse/faces/presentacion/financiero/solicitudProceso/consultarSolicitudProceso.xhtml HTTP/1.1" 200 236049
201.245.192.253 - - [31/Mar/2022:10:24:53 -0500] "POST /sipse/faces/presentacion/financiero/solicitudProceso/consultarSolicitudProceso.xhtml HTTP/1.1" 200 336840
216.245.221.92 - - [31/Mar/2022:10:24:56 -0500] "HEAD / HTTP/1.1" 200 -
201.245.192.253 - - [31/Mar/2022:10:24:56 -0500] "POST /sipse/faces/presentacion/financiero/solicitudProceso/consultarSolicitudProceso.xhtml HTTP/1.1" 200 27620
201.245.192.253 - - [31/Mar/2022:10:24:59 -0500] "POST /sipse/faces/presentacion/financiero/solicitudProceso/consultarSolicitudProceso.xhtml HTTP/1.1" 200 130367
201.245.192.253 - - [31/Mar/2022:10:25:01 -0500] "POST /sipse/faces/presentacion/financiero/solicitudProceso/consultarSolicitudProceso.xhtml HTTP/1.1" 200 9451451
200.118.64.109 - - [31/Mar/2022:10:25:15 -0500] "POST /forms/lservlet;jsessionid=ac16012b30d6163f8022814d4407be70d6c5f0466ff5.e3iSbxaKaheRe34Sc38RahyRchr0n6jAmljGr5XDqQLvpAe HTTP/1.1" 200 2
200.118.64.109 - - [31/Mar/2022:10:25:15 -0500] "POST /forms/lservlet;jsessionid=ac16012b30d6163f8022814d4407be70d6c5f0466ff5.e3iSbxaKaheRe34Sc38RahyRchr0n6jAmljGr5XDqQLvpAe HTTP/1.1" 200 2282
200.118.64.109 - - [31/Mar/2022:10:25:15 -0500] "POST /forms/lservlet;jsessionid=ac16012b30d6163f8022814d4407be70d6c5f0466ff5.e3iSbxaKaheRe34Sc38RahyRchr0n6jAmljGr5XDqQLvpAe HTTP/1.1" 200 10
200.118.64.109 - - [31/Mar/2022:10:25:17 -0500] "POST /forms/lservlet;jsessionid=ac16012b30d6163f8022814d4407be70d6c5f0466ff5.e3iSbxaKaheRe34Sc38RahyRchr0n6jAmljGr5XDqQLvpAe HTTP/1.1" 200 24
200.118.64.109 - - [31/Mar/2022:10:25:17 -0500] "POST /forms/lservlet;jsessionid=ac16012b30d6163f8022814d4407be70d6c5f0466ff5.e3iSbxaKaheRe34Sc38RahyRchr0n6jAmljGr5XDqQLvpAe HTTP/1.1" 200 14
200.118.64.109 - - [31/Mar/2022:10:25:18 -0500] "POST /forms/lservlet;jsessionid=ac16012b30d6163f8022814d4407be70d6c5f0466ff5.e3iSbxaKaheRe34Sc38RahyRchr0n6jAmljGr5XDqQLvpAe HTTP/1.1" 200 14
200.118.64.109 - - [31/Mar/2022:10:25:20 -0500] "POST /forms/lservlet;jsessionid=ac16012b30d6163f8022814d4407be70d6c5f0466ff5.e3iSbxaKaheRe34Sc38RahyRchr0n6jAmljGr5XDqQLvpAe HTTP/1.1" 200 4821
200.118.64.109 - - [31/Mar/2022:10:25:20 -0500] "POST /forms/lservlet;jsessionid=ac16012b30d6163f8022814d4407be70d6c5f0466ff5.e3iSbxaKaheRe34Sc38RahyRchr0n6jAmljGr5XDqQLvpAe HTTP/1.1" 200 2
200.119.33.244 - - [31/Mar/2022:10:25:23 -0500] "GET /sipse/faces/index.xhtml HTTP/1.1" 200 677
200.119.33.244 - - [31/Mar/2022:10:25:23 -0500] "GET /sipse/faces/javax.faces.resource/theme.css?ln=primefaces-sipse HTTP/1.1" 304 -
200.118.64.109 - - [31/Mar/2022:10:25:23 -0500] "POST /forms/lservlet;jsessionid=ac16012b30d6163f8022814d4407be70d6c5f0466ff5.e3iSbxaKaheRe34Sc38RahyRchr0n6jAmljGr5XDqQLvpAe HTTP/1.1" 200 2
200.119.33.244 - - [31/Mar/2022:10:25:23 -0500] "GET /sipse/faces/faces/autenticacion.xhtml HTTP/1.1" 200 12183
200.119.33.244 - - [31/Mar/2022:10:25:23 -0500] "GET /sipse/faces/javax.faces.resource/theme.css?ln=primefaces-sipse HTTP/1.1" 304 -
200.119.33.244 - - [31/Mar/2022:10:25:23 -0500] "GET /sipse/faces/javax.faces.resource/primefaces.css?ln=primefaces&v=4.0 HTTP/1.1" 304 -
200.119.33.244 - - [31/Mar/2022:10:25:23 -0500] "GET /sipse/faces/javax.faces.resource/layout/layout.css?ln=primefaces&v=4.0 HTTP/1.1" 304 -
200.119.33.244 - - [31/Mar/2022:10:25:23 -0500] "GET /sipse/faces/javax.faces.resource/jquery/jquery-plugins.js?ln=primefaces&v=4.0 HTTP/1.1" 304 -
200.119.33.244 - - [31/Mar/2022:10:25:23 -0500] "GET /sipse/faces/javax.faces.resource/jquery/jquery.js?ln=primefaces&v=4.0 HTTP/1.1" 304 -
200.119.33.244 - - [31/Mar/2022:10:25:23 -0500] "GET /sipse/faces/javax.faces.resource/primefaces.js?ln=primefaces&v=4.0 HTTP/1.1" 304 -
200.119.33.244 - - [31/Mar/2022:10:25:23 -0500] "GET /sipse/faces/javax.faces.resource/layout/layout.js?ln=primefaces&v=4.0 HTTP/1.1" 304 -
200.119.33.244 - - [31/Mar/2022:10:25:23 -0500] "GET /sipse/faces/javax.faces.resource/images/ui-icons_898989_256x240.png?ln=primefaces-aristo HTTP/1.1" 304 -
200.118.64.109 - - [31/Mar/2022:10:25:23 -0500] "POST /forms/lservlet;jsessionid=ac16012b30d6163f8022814d4407be70d6c5f0466ff5.e3iSbxaKaheRe34Sc38RahyRchr0n6jAmljGr5XDqQLvpAe HTTP/1.1" 200 14
200.118.64.109 - - [31/Mar/2022:10:25:24 -0500] "POST /forms/lservlet;jsessionid=ac16012b30d6163f8022814d4407be70d6c5f0466ff5.e3iSbxaKaheRe34Sc38RahyRchr0n6jAmljGr5XDqQLvpAe HTTP/1.1" 200 14
200.118.64.109 - - [31/Mar/2022:10:25:26 -0500] "POST /forms/lservlet;jsessionid=ac16012b30d6163f8022814d4407be70d6c5f0466ff5.e3iSbxaKaheRe34Sc38RahyRchr0n6jAmljGr5XDqQLvpAe HTTP/1.1" 200 14
186.80.83.77 - - [31/Mar/2022:10:25:27 -0500] "POST /sipse/faces/presentacion/parametrica/generales/listarGenerales.xhtml HTTP/1.1" 200 41439
186.80.83.77 - - [31/Mar/2022:10:25:27 -0500] "POST /sipse/faces/presentacion/parametrica/generales/listarGenerales.xhtml HTTP/1.1" 200 41439
200.119.33.244 - - [31/Mar/2022:10:25:28 -0500] "POST /sipse/faces/autenticacion.xhtml HTTP/1.1" 200 12260
200.119.33.244 - - [31/Mar/2022:10:25:28 -0500] "GET /sipse/faces/javax.faces.resource/theme.css?ln=primefaces-sipse HTTP/1.1" 304 -
200.119.33.244 - - [31/Mar/2022:10:25:28 -0500] "GET /sipse/faces/javax.faces.resource/primefaces.css?ln=primefaces&v=4.0 HTTP/1.1" 304 -
200.119.33.244 - - [31/Mar/2022:10:25:28 -0500] "GET /sipse/faces/javax.faces.resource/layout/layout.css?ln=primefaces&v=4.0 HTTP/1.1" 304 -
200.119.33.244 - - [31/Mar/2022:10:25:28 -0500] "GET /sipse/faces/javax.faces.resource/jquery/jquery.js?ln=primefaces&v=4.0 HTTP/1.1" 304 -
200.119.33.244 - - [31/Mar/2022:10:25:28 -0500] "GET /sipse/faces/javax.faces.resource/jquery/jquery-plugins.js?ln=primefaces&v=4.0 HTTP/1.1" 304 -
186.80.83.77 - - [31/Mar/2022:10:25:28 -0500] "POST /sipse/faces/presentacion/parametrica/generales/listarGenerales.xhtml HTTP/1.1" 200 41439
200.119.33.244 - - [31/Mar/2022:10:25:28 -0500] "GET /sipse/faces/javax.faces.resource/primefaces.js?ln=primefaces&v=4.0 HTTP/1.1" 304 -
200.119.33.244 - - [31/Mar/2022:10:25:28 -0500] "GET /sipse/faces/javax.faces.resource/layout/layout.js?ln=primefaces&v=4.0 HTTP/1.1" 304 -
186.80.83.77 - - [31/Mar/2022:10:25:28 -0500] "POST /sipse/faces/presentacion/parametrica/generales/listarGenerales.xhtml HTTP/1.1" 200 41439
200.119.33.244 - - [31/Mar/2022:10:25:28 -0500] "GET /sipse/faces/javax.faces.resource/messages/messages.png?ln=primefaces&v=4.0 HTTP/1.1" 304 -
186.80.83.77 - - [31/Mar/2022:10:25:28 -0500] "POST /sipse/faces/presentacion/parametrica/generales/listarGenerales.xhtml HTTP/1.1" 200 41439
200.118.64.109 - - [31/Mar/2022:10:25:27 -0500] "POST /forms/lservlet;jsessionid=ac16012b30d6163f8022814d4407be70d6c5f0466ff5.e3iSbxaKaheRe34Sc38RahyRchr0n6jAmljGr5XDqQLvpAe HTTP/1.1" 200 14
186.80.83.77 - - [31/Mar/2022:10:25:28 -0500] "POST /sipse/faces/presentacion/parametrica/generales/listarGenerales.xhtml HTTP/1.1" 200 41439
186.80.83.77 - - [31/Mar/2022:10:25:28 -0500] "POST /sipse/faces/presentacion/parametrica/generales/listarGenerales.xhtml HTTP/1.1" 200 41439
200.118.64.109 - - [31/Mar/2022:10:25:29 -0500] "POST /forms/lservlet;jsessionid=ac16012b30d6163f8022814d4407be70d6c5f0466ff5.e3iSbxaKaheRe34Sc38RahyRchr0n6jAmljGr5XDqQLvpAe HTTP/1.1" 200 15
200.119.33.244 - - [31/Mar/2022:10:25:31 -0500] "POST /sipse/faces/presentacion/sistema/seguridad/seleccionRol.xhtml HTTP/1.1" 200 17494
200.119.33.244 - - [31/Mar/2022:10:25:31 -0500] "GET /sipse/faces/javax.faces.resource/theme.css?ln=primefaces-sipse HTTP/1.1" 304 -
200.119.33.244 - - [31/Mar/2022:10:25:31 -0500] "GET /sipse/faces/javax.faces.resource/layout/layout.css?ln=primefaces&v=4.0 HTTP/1.1" 304 -
200.119.33.244 - - [31/Mar/2022:10:25:31 -0500] "GET /sipse/faces/javax.faces.resource/primefaces.css?ln=primefaces&v=4.0 HTTP/1.1" 304 -
200.119.33.244 - - [31/Mar/2022:10:25:31 -0500] "GET /sipse/faces/javax.faces.resource/jquery/jquery.js?ln=primefaces&v=4.0 HTTP/1.1" 304 -
200.119.33.244 - - [31/Mar/2022:10:25:31 -0500] "GET /sipse/faces/javax.faces.resource/jquery/jquery-plugins.js?ln=primefaces&v=4.0 HTTP/1.1" 304 -
200.119.33.244 - - [31/Mar/2022:10:25:31 -0500] "GET /sipse/faces/javax.faces.resource/primefaces.js?ln=primefaces&v=4.0 HTTP/1.1" 304 -
200.119.33.244 - - [31/Mar/2022:10:25:31 -0500] "GET /sipse/faces/javax.faces.resource/layout/layout.js?ln=primefaces&v=4.0 HTTP/1.1" 304 -
200.119.33.244 - - [31/Mar/2022:10:25:31 -0500] "GET /sipse/css/imagen/contrasena.png HTTP/1.1" 404 383
200.118.64.109 - - [31/Mar/2022:10:25:32 -0500] "POST /forms/lservlet;jsessionid=ac16012b30d6163f8022814d4407be70d6c5f0466ff5.e3iSbxaKaheRe34Sc38RahyRchr0n6jAmljGr5XDqQLvpAe HTTP/1.1" 200 106
200.118.64.109 - - [31/Mar/2022:10:25:32 -0500] "POST /forms/lservlet;jsessionid=ac16012b30d6163f8022814d4407be70d6c5f0466ff5.e3iSbxaKaheRe34Sc38RahyRchr0n6jAmljGr5XDqQLvpAe HTTP/1.1" 200 2
200.118.64.109 - - [31/Mar/2022:10:25:32 -0500] "GET /reports/rwservlet/getjobid73937?server=repnomi HTTP/1.1" 200 47944
186.80.83.77 - - [31/Mar/2022:10:25:32 -0500] "POST /sipse/faces/presentacion/parametrica/generales/listarGenerales.xhtml HTTP/1.1" 200 41439
186.80.83.77 - - [31/Mar/2022:10:25:32 -0500] "POST /sipse/faces/presentacion/parametrica/generales/listarGenerales.xhtml HTTP/1.1" 200 41439
186.80.83.77 - - [31/Mar/2022:10:25:32 -0500] "POST /sipse/faces/presentacion/parametrica/generales/listarGenerales.xhtml HTTP/1.1" 200 41439
186.80.83.77 - - [31/Mar/2022:10:25:32 -0500] "POST /sipse/faces/presentacion/parametrica/generales/listarGenerales.xhtml HTTP/1.1" 200 41439
186.80.83.77 - - [31/Mar/2022:10:25:33 -0500] "POST /sipse/faces/presentacion/parametrica/generales/listarGenerales.xhtml HTTP/1.1" 200 41439
186.80.83.77 - - [31/Mar/2022:10:25:33 -0500] "POST /sipse/faces/presentacion/parametrica/generales/listarGenerales.xhtml HTTP/1.1" 200 41439
200.119.33.244 - - [31/Mar/2022:10:25:33 -0500] "GET /sipse/faces/javax.faces.resource/images/ui-bg_flat_0_2d5972_40x100.png?ln=primefaces-aristo HTTP/1.1" 304 -
200.119.33.244 - - [31/Mar/2022:10:25:33 -0500] "POST /sipse/faces/bienvenido.xhtml HTTP/1.1" 200 6782
186.80.83.77 - - [31/Mar/2022:10:25:33 -0500] "POST /sipse/faces/presentacion/parametrica/generales/listarGenerales.xhtml HTTP/1.1" 200 41439
200.119.33.244 - - [31/Mar/2022:10:25:38 -0500] "POST /sipse/faces/bienvenido.xhtml HTTP/1.1" 200 31797
200.119.33.244 - - [31/Mar/2022:10:25:38 -0500] "GET /sipse/faces/javax.faces.resource/primefaces.css?ln=primefaces&v=4.0 HTTP/1.1" 304 -
200.119.33.244 - - [31/Mar/2022:10:25:38 -0500] "GET /sipse/faces/javax.faces.resource/theme.css?ln=primefaces-sipse HTTP/1.1" 304 -
200.119.33.244 - - [31/Mar/2022:10:25:38 -0500] "GET /sipse/faces/javax.faces.resource/layout/layout.css?ln=primefaces&v=4.0 HTTP/1.1" 304 -
200.119.33.244 - - [31/Mar/2022:10:25:38 -0500] "GET /sipse/faces/javax.faces.resource/jquery/jquery.js?ln=primefaces&v=4.0 HTTP/1.1" 304 -
200.119.33.244 - - [31/Mar/2022:10:25:38 -0500] "GET /sipse/faces/javax.faces.resource/jquery/jquery-plugins.js?ln=primefaces&v=4.0 HTTP/1.1" 304 -
200.119.33.244 - - [31/Mar/2022:10:25:38 -0500] "GET /sipse/faces/javax.faces.resource/primefaces.js?ln=primefaces&v=4.0 HTTP/1.1" 304 -
200.119.33.244 - - [31/Mar/2022:10:25:38 -0500] "GET /sipse/faces/javax.faces.resource/layout/layout.js?ln=primefaces&v=4.0 HTTP/1.1" 304 -
172.22.2.4 - - [31/Mar/2022:10:23:59 -0500] "HEAD /BLA/boletinlegal/ HTTP/1.1" 200 -
200.119.33.244 - - [31/Mar/2022:10:25:41 -0500] "GET /sipse/faces/javax.faces.resource/theme.css?ln=primefaces-sipse HTTP/1.1" 304 -
200.119.33.244 - - [31/Mar/2022:10:25:41 -0500] "GET /sipse/faces/javax.faces.resource/primefaces.css?ln=primefaces&v=4.0 HTTP/1.1" 304 -
200.119.33.244 - - [31/Mar/2022:10:25:41 -0500] "GET /sipse/faces/javax.faces.resource/jquery/jquery.js?ln=primefaces&v=4.0 HTTP/1.1" 304 -
200.119.33.244 - - [31/Mar/2022:10:25:41 -0500] "GET /sipse/faces/javax.faces.resource/layout/layout.css?ln=primefaces&v=4.0 HTTP/1.1" 304 -
200.119.33.244 - - [31/Mar/2022:10:25:41 -0500] "GET /sipse/faces/javax.faces.resource/jquery/jquery-plugins.js?ln=primefaces&v=4.0 HTTP/1.1" 304 -
200.119.33.244 - - [31/Mar/2022:10:25:41 -0500] "GET /sipse/faces/javax.faces.resource/primefaces.js?ln=primefaces&v=4.0 HTTP/1.1" 304 -
200.119.33.244 - - [31/Mar/2022:10:25:41 -0500] "GET /sipse/faces/javax.faces.resource/layout/layout.js?ln=primefaces&v=4.0 HTTP/1.1" 304 -
200.119.33.244 - - [31/Mar/2022:10:25:41 -0500] "POST /sipse/faces/presentacion/sistema/reporte/listarReportes.xhtml HTTP/1.1" 200 24100
200.119.33.244 - - [31/Mar/2022:10:25:41 -0500] "GET /reportes_sipse/sdg/ServletReporte?reporte=modificacion_presupuestal HTTP/1.1" 200 3029
200.119.33.244 - - [31/Mar/2022:10:25:41 -0500] "GET /reportes_sipse/imagenes/logoAplicacion.jpg HTTP/1.1" 304 -
200.119.33.244 - - [31/Mar/2022:10:25:41 -0500] "GET /reportes_sipse/css/estilos.css HTTP/1.1" 304 -
200.119.33.244 - - [31/Mar/2022:10:25:41 -0500] "GET /reportes_sipse/imagenes/fondo.jpg HTTP/1.1" 304 -
200.119.33.244 - - [31/Mar/2022:10:25:43 -0500] "POST /sipse/faces/presentacion/sistema/reporte/ventanaVerReporteParametros.xhtml HTTP/1.1" 200 31797
200.119.33.244 - - [31/Mar/2022:10:25:43 -0500] "GET /sipse/faces/javax.faces.resource/theme.css?ln=primefaces-sipse HTTP/1.1" 304 -
200.119.33.244 - - [31/Mar/2022:10:25:43 -0500] "GET /sipse/faces/javax.faces.resource/layout/layout.css?ln=primefaces&v=4.0 HTTP/1.1" 304 -
200.119.33.244 - - [31/Mar/2022:10:25:43 -0500] "GET /sipse/faces/javax.faces.resource/primefaces.css?ln=primefaces&v=4.0 HTTP/1.1" 304 -
200.119.33.244 - - [31/Mar/2022:10:25:44 -0500] "GET /sipse/faces/javax.faces.resource/jquery/jquery.js?ln=primefaces&v=4.0 HTTP/1.1" 304 -
200.119.33.244 - - [31/Mar/2022:10:25:44 -0500] "GET /sipse/faces/javax.faces.resource/jquery/jquery-plugins.js?ln=primefaces&v=4.0 HTTP/1.1" 304 -
200.119.33.244 - - [31/Mar/2022:10:25:44 -0500] "GET /sipse/faces/javax.faces.resource/primefaces.js?ln=primefaces&v=4.0 HTTP/1.1" 304 -
200.119.33.244 - - [31/Mar/2022:10:25:44 -0500] "GET /sipse/faces/javax.faces.resource/layout/layout.js?ln=primefaces&v=4.0 HTTP/1.1" 304 -
192.168.169.51 - - [31/Mar/2022:10:25:44 -0500] "GET /BLA/boletinlegal/consulta_actos.php?tipo=resoluciones&no=0337&usuario=&sector=&fecha=2022&resuelve= HTTP/1.1" 200 1116
200.119.33.244 - - [31/Mar/2022:10:25:47 -0500] "POST /sipse/faces/presentacion/sistema/reporte/listarReportes.xhtml HTTP/1.1" 200 24086
200.119.33.244 - - [31/Mar/2022:10:25:47 -0500] "GET /sipse/faces/javax.faces.resource/theme.css?ln=primefaces-sipse HTTP/1.1" 304 -
200.119.33.244 - - [31/Mar/2022:10:25:47 -0500] "GET /sipse/faces/javax.faces.resource/primefaces.css?ln=primefaces&v=4.0 HTTP/1.1" 304 -
200.119.33.244 - - [31/Mar/2022:10:25:47 -0500] "GET /sipse/faces/javax.faces.resource/layout/layout.css?ln=primefaces&v=4.0 HTTP/1.1" 304 -
200.119.33.244 - - [31/Mar/2022:10:25:47 -0500] "GET /sipse/faces/javax.faces.resource/primefaces.js?ln=primefaces&v=4.0 HTTP/1.1" 304 -
200.119.33.244 - - [31/Mar/2022:10:25:47 -0500] "GET /sipse/faces/javax.faces.resource/jquery/jquery.js?ln=primefaces&v=4.0 HTTP/1.1" 304 -
200.119.33.244 - - [31/Mar/2022:10:25:47 -0500] "GET /sipse/faces/javax.faces.resource/jquery/jquery-plugins.js?ln=primefaces&v=4.0 HTTP/1.1" 304 -
200.119.33.244 - - [31/Mar/2022:10:25:47 -0500] "GET /sipse/faces/javax.faces.resource/layout/layout.js?ln=primefaces&v=4.0 HTTP/1.1" 304 -
200.119.33.244 - - [31/Mar/2022:10:25:47 -0500] "GET /reportes_sipse/sdg/ServletReporte?reporte=PAA_REPORTE HTTP/1.1" 200 6255
200.119.33.244 - - [31/Mar/2022:10:25:47 -0500] "GET /reportes_sipse/js/funciones.js HTTP/1.1" 304 -
200.119.33.244 - - [31/Mar/2022:10:25:47 -0500] "GET /reportes_sipse/js/date-picker.js HTTP/1.1" 304 -
200.119.33.244 - - [31/Mar/2022:10:25:47 -0500] "GET /reportes_sipse/imagenes/calendario.gif HTTP/1.1" 304 -
200.119.33.244 - - [31/Mar/2022:10:25:47 -0500] "GET /reportes_sipse/imagenes/excel.gif HTTP/1.1" 304 -
200.119.33.244 - - [31/Mar/2022:10:25:47 -0500] "GET /reportes_sipse/imagenes/pdf.gif HTTP/1.1" 304 -
186.80.83.77 - - [31/Mar/2022:10:25:50 -0500] "POST /sipse/faces/presentacion/parametrica/generales/listarGenerales.xhtml HTTP/1.1" 200 41445
200.119.33.244 - - [31/Mar/2022:10:25:50 -0500] "GET /reportes_sipse/imagenes/retrocedeAgno.gif HTTP/1.1" 304 -
200.119.33.244 - - [31/Mar/2022:10:25:50 -0500] "GET /reportes_sipse/imagenes/retrocedeMes.gif HTTP/1.1" 304 -
200.119.33.244 - - [31/Mar/2022:10:25:50 -0500] "GET /reportes_sipse/imagenes/avanzaAgno.gif HTTP/1.1" 304 -
200.119.33.244 - - [31/Mar/2022:10:25:50 -0500] "GET /reportes_sipse/imagenes/avanzaMes.gif HTTP/1.1" 304 -
186.80.83.77 - - [31/Mar/2022:10:25:50 -0500] "POST /sipse/faces/presentacion/parametrica/generales/listarGenerales.xhtml HTTP/1.1" 200 41445
186.80.83.77 - - [31/Mar/2022:10:25:50 -0500] "POST /sipse/faces/presentacion/parametrica/generales/listarGenerales.xhtml HTTP/1.1" 200 41445
186.80.83.77 - - [31/Mar/2022:10:25:51 -0500] "POST /sipse/faces/presentacion/parametrica/generales/listarGenerales.xhtml HTTP/1.1" 200 41445
186.80.83.77 - - [31/Mar/2022:10:25:51 -0500] "POST /sipse/faces/presentacion/parametrica/generales/listarGenerales.xhtml HTTP/1.1" 200 41445
186.80.83.77 - - [31/Mar/2022:10:25:51 -0500] "POST /sipse/faces/presentacion/parametrica/generales/listarGenerales.xhtml HTTP/1.1" 200 41445
186.80.83.77 - - [31/Mar/2022:10:25:51 -0500] "POST /sipse/faces/presentacion/parametrica/generales/listarGenerales.xhtml HTTP/1.1" 200 41445
186.80.83.77 - - [31/Mar/2022:10:25:53 -0500] "POST /sipse/faces/presentacion/parametrica/generales/listarGenerales.xhtml HTTP/1.1" 200 41448
186.80.83.77 - - [31/Mar/2022:10:25:53 -0500] "POST /sipse/faces/presentacion/parametrica/generales/listarGenerales.xhtml HTTP/1.1" 200 41448
186.80.83.77 - - [31/Mar/2022:10:25:59 -0500] "POST /sipse/faces/presentacion/parametrica/generales/listarGenerales.xhtml HTTP/1.1" 200 41448
186.80.83.77 - - [31/Mar/2022:10:25:59 -0500] "POST /sipse/faces/presentacion/parametrica/generales/listarGenerales.xhtml HTTP/1.1" 200 41448
186.80.83.77 - - [31/Mar/2022:10:25:59 -0500] "POST /sipse/faces/presentacion/parametrica/generales/listarGenerales.xhtml HTTP/1.1" 200 41448
186.84.21.23 - - [31/Mar/2022:10:25:59 -0500] "GET /forest/ HTTP/1.1" 200 12041
186.80.83.77 - - [31/Mar/2022:10:25:59 -0500] "POST /sipse/faces/presentacion/parametrica/generales/listarGenerales.xhtml HTTP/1.1" 200 41448
186.80.83.77 - - [31/Mar/2022:10:25:59 -0500] "POST /sipse/faces/presentacion/parametrica/generales/listarGenerales.xhtml HTTP/1.1" 200 41448
186.80.83.77 - - [31/Mar/2022:10:26:01 -0500] "POST /sipse/faces/presentacion/parametrica/generales/listarGenerales.xhtml HTTP/1.1" 200 41443
186.80.83.77 - - [31/Mar/2022:10:26:01 -0500] "POST /sipse/faces/presentacion/parametrica/generales/listarGenerales.xhtml HTTP/1.1" 200 41443
186.80.83.77 - - [31/Mar/2022:10:26:01 -0500] "POST /sipse/faces/presentacion/parametrica/generales/listarGenerales.xhtml HTTP/1.1" 200 41443
186.80.83.77 - - [31/Mar/2022:10:26:01 -0500] "POST /sipse/faces/presentacion/parametrica/generales/listarGenerales.xhtml HTTP/1.1" 200 41443
186.80.83.77 - - [31/Mar/2022:10:26:01 -0500] "POST /sipse/faces/presentacion/parametrica/generales/listarGenerales.xhtml HTTP/1.1" 200 41443
186.80.83.77 - - [31/Mar/2022:10:26:02 -0500] "POST /sipse/faces/presentacion/parametrica/generales/listarGenerales.xhtml HTTP/1.1" 200 41443
186.80.83.77 - - [31/Mar/2022:10:26:02 -0500] "POST /sipse/faces/presentacion/parametrica/generales/listarGenerales.xhtml HTTP/1.1" 200 41443
201.245.192.253 - - [31/Mar/2022:10:26:02 -0500] "POST /sipse/faces/presentacion/financiero/solicitudProceso/consultarSolicitudProceso.xhtml HTTP/1.1" 200 43374
201.245.192.253 - - [31/Mar/2022:10:26:02 -0500] "GET /sipse/faces/javax.faces.resource/theme.css?ln=primefaces-sipse HTTP/1.1" 304 -
201.245.192.253 - - [31/Mar/2022:10:26:02 -0500] "GET /sipse/faces/javax.faces.resource/primefaces.css?ln=primefaces&v=4.0 HTTP/1.1" 304 -
201.245.192.253 - - [31/Mar/2022:10:26:02 -0500] "GET /sipse/faces/javax.faces.resource/layout/layout.css?ln=primefaces&v=4.0 HTTP/1.1" 304 -
201.245.192.253 - - [31/Mar/2022:10:26:02 -0500] "GET /sipse/faces/javax.faces.resource/jquery/jquery.js?ln=primefaces&v=4.0 HTTP/1.1" 304 -
201.245.192.253 - - [31/Mar/2022:10:26:02 -0500] "GET /sipse/faces/javax.faces.resource/jquery/jquery-plugins.js?ln=primefaces&v=4.0 HTTP/1.1" 304 -
201.245.192.253 - - [31/Mar/2022:10:26:02 -0500] "GET /sipse/faces/javax.faces.resource/primefaces.js?ln=primefaces&v=4.0 HTTP/1.1" 304 -
201.245.192.253 - - [31/Mar/2022:10:26:02 -0500] "GET /sipse/faces/javax.faces.resource/layout/layout.js?ln=primefaces&v=4.0 HTTP/1.1" 304 -
201.245.192.253 - - [31/Mar/2022:10:26:02 -0500] "GET /sipse/css/imagen/contrasena.png HTTP/1.1" 404 383
201.245.192.253 - - [31/Mar/2022:10:26:02 -0500] "POST /sipse/faces/presentacion/financiero/solicitudProceso/listarSolicitudProceso.xhtml HTTP/1.1" 200 36770
201.245.192.253 - - [31/Mar/2022:10:26:02 -0500] "POST /sipse/faces/presentacion/financiero/solicitudProceso/listarSolicitudProceso.xhtml HTTP/1.1" 200 36770
201.245.192.253 - - [31/Mar/2022:10:26:02 -0500] "POST /sipse/faces/presentacion/financiero/solicitudProceso/listarSolicitudProceso.xhtml HTTP/1.1" 200 36770
201.245.192.253 - - [31/Mar/2022:10:26:02 -0500] "POST /sipse/faces/presentacion/financiero/solicitudProceso/listarSolicitudProceso.xhtml HTTP/1.1" 200 36770
201.245.192.253 - - [31/Mar/2022:10:26:02 -0500] "POST /sipse/faces/presentacion/financiero/solicitudProceso/listarSolicitudProceso.xhtml HTTP/1.1" 200 36770
201.245.192.253 - - [31/Mar/2022:10:26:03 -0500] "POST /sipse/faces/presentacion/financiero/solicitudProceso/listarSolicitudProceso.xhtml HTTP/1.1" 200 36770
201.245.192.253 - - [31/Mar/2022:10:26:03 -0500] "POST /sipse/faces/presentacion/financiero/solicitudProceso/listarSolicitudProceso.xhtml HTTP/1.1" 200 36770
201.245.192.253 - - [31/Mar/2022:10:26:03 -0500] "POST /sipse/faces/presentacion/financiero/solicitudProceso/listarSolicitudProceso.xhtml HTTP/1.1" 200 36770
201.245.192.253 - - [31/Mar/2022:10:26:03 -0500] "POST /sipse/faces/presentacion/financiero/solicitudProceso/listarSolicitudProceso.xhtml HTTP/1.1" 200 1404
201.245.192.253 - - [31/Mar/2022:10:26:03 -0500] "POST /sipse/faces/presentacion/financiero/solicitudProceso/listarSolicitudProceso.xhtml HTTP/1.1" 200 1404
201.245.192.253 - - [31/Mar/2022:10:26:03 -0500] "POST /sipse/faces/presentacion/financiero/solicitudProceso/listarSolicitudProceso.xhtml HTTP/1.1" 200 1404
201.245.192.253 - - [31/Mar/2022:10:26:03 -0500] "POST /sipse/faces/presentacion/financiero/solicitudProceso/listarSolicitudProceso.xhtml HTTP/1.1" 200 1404
201.245.192.253 - - [31/Mar/2022:10:26:03 -0500] "POST /sipse/faces/presentacion/financiero/solicitudProceso/listarSolicitudProceso.xhtml HTTP/1.1" 200 1404
201.245.192.253 - - [31/Mar/2022:10:26:03 -0500] "POST /sipse/faces/presentacion/financiero/solicitudProceso/listarSolicitudProceso.xhtml HTTP/1.1" 200 1404
201.245.192.253 - - [31/Mar/2022:10:26:03 -0500] "POST /sipse/faces/presentacion/financiero/solicitudProceso/listarSolicitudProceso.xhtml HTTP/1.1" 200 1404
201.245.192.253 - - [31/Mar/2022:10:26:03 -0500] "POST /sipse/faces/presentacion/financiero/solicitudProceso/listarSolicitudProceso.xhtml HTTP/1.1" 200 1404
201.245.192.253 - - [31/Mar/2022:10:26:03 -0500] "POST /sipse/faces/presentacion/financiero/solicitudProceso/listarSolicitudProceso.xhtml HTTP/1.1" 200 1404
186.80.83.77 - - [31/Mar/2022:10:26:04 -0500] "POST /sipse/faces/presentacion/parametrica/generales/listarGenerales.xhtml HTTP/1.1" 200 41439
186.80.83.77 - - [31/Mar/2022:10:26:04 -0500] "POST /sipse/faces/presentacion/parametrica/generales/listarGenerales.xhtml HTTP/1.1" 200 41439
186.80.83.77 - - [31/Mar/2022:10:26:04 -0500] "POST /sipse/faces/presentacion/parametrica/generales/listarGenerales.xhtml HTTP/1.1" 200 41439
201.245.192.253 - - [31/Mar/2022:10:26:07 -0500] "POST /sipse/faces/presentacion/financiero/solicitudProceso/listarSolicitudProceso.xhtml HTTP/1.1" 200 108438
201.245.192.253 - - [31/Mar/2022:10:26:07 -0500] "GET /sipse/faces/javax.faces.resource/theme.css?ln=primefaces-sipse HTTP/1.1" 304 -
201.245.192.253 - - [31/Mar/2022:10:26:07 -0500] "GET /sipse/faces/javax.faces.resource/primefaces.css?ln=primefaces&v=4.0 HTTP/1.1" 304 -
201.245.192.253 - - [31/Mar/2022:10:26:07 -0500] "GET /sipse/faces/javax.faces.resource/layout/layout.css?ln=primefaces&v=4.0 HTTP/1.1" 304 -
201.245.192.253 - - [31/Mar/2022:10:26:07 -0500] "GET /sipse/faces/javax.faces.resource/jquery/jquery.js?ln=primefaces&v=4.0 HTTP/1.1" 304 -
201.245.192.253 - - [31/Mar/2022:10:26:07 -0500] "GET /sipse/faces/javax.faces.resource/jquery/jquery-plugins.js?ln=primefaces&v=4.0 HTTP/1.1" 304 -
201.245.192.253 - - [31/Mar/2022:10:26:07 -0500] "GET /sipse/faces/javax.faces.resource/primefaces.js?ln=primefaces&v=4.0 HTTP/1.1" 304 -
201.245.192.253 - - [31/Mar/2022:10:26:07 -0500] "GET /sipse/faces/javax.faces.resource/layout/layout.js?ln=primefaces&v=4.0 HTTP/1.1" 304 -
201.245.192.253 - - [31/Mar/2022:10:26:07 -0500] "GET /sipse/css/imagen/contrasena.png HTTP/1.1" 404 383
201.245.192.253 - - [31/Mar/2022:10:26:07 -0500] "GET /reportes_sipse/sdg/ServletReporte?reporte=solicitud_cdp&Solicitud=17455&pfdrid_c=false HTTP/1.1" 200 97484
186.80.83.77 - - [31/Mar/2022:10:26:05 -0500] "POST /sipse/faces/presentacion/parametrica/generales/listarGenerales.xhtml HTTP/1.1" 200 41439
201.245.192.253 - - [31/Mar/2022:10:26:11 -0500] "POST /sipse/faces/presentacion/financiero/solicitudProceso/consultarSolicitudProceso.xhtml HTTP/1.1" 200 471568
186.80.83.77 - - [31/Mar/2022:10:26:11 -0500] "POST /sipse/faces/presentacion/parametrica/generales/listarGenerales.xhtml HTTP/1.1" 200 41439
186.80.83.77 - - [31/Mar/2022:10:26:11 -0500] "POST /sipse/faces/presentacion/parametrica/generales/listarGenerales.xhtml HTTP/1.1" 200 41439
186.102.36.192 - - [31/Mar/2022:10:26:12 -0500] "GET /kwssiamovil/sm/des/acme/a?s=U2FsdGVkX1+iGEd4kLHy6RDwU4FcvlX4JkqGL2Sr7gtakJ3maiYczKorTBLjpKz+KHZ+/Lu9pMaYRQwckX21wNT/SrWTnKTwTUHCtln3toWmD9XyfP5WEKPczRxutDcGp+gH2iaWt1VTzdwd6Gu1HdpZf3+wzlfS0pWKhYSjuWEOW3uaw+uYO+j5AQvylWdaQzz81hXGsZ1cmXoY7e+RQEDKeP2tXY6Ektxva7prHXdGmtDaJhpO5PJfQ3rdebAASWfvNpLmQw7XZkAFcmiKeQ==&u=U2FsdGVkX18W7xhEFtrHtiQ37ScAiqE+z5zRstmwopU=&y=U2FsdGVkX18ntdPoV5L6ryfhuqpV2XqsrDvcTnxeE8ei80XQWGGr/8kWIWAhrSu7 HTTP/1.1" 200 25
186.80.83.77 - - [31/Mar/2022:10:26:13 -0500] "POST /sipse/faces/presentacion/parametrica/generales/listarGenerales.xhtml HTTP/1.1" 200 41439
186.102.36.192 - - [31/Mar/2022:10:26:13 -0500] "GET /kwssiamovil/sm/des/acme/a?s=U2FsdGVkX191LPRu2KylzknjwST68Bh+vkQG4lVtCwzg7XEWEm5oDz83DK/Mdg4zkby2SXAlOhJ+Pf9M2cQOGDTkfnAQOkkOvtw41CjhgqOBjVdoS/wx3NvJM0aiowkI9d2Yq77pF9x/TEugWl32s5YbdPli9X88rvQu9i0n6sGMQS9CJ6H2/eKJSrE5AztN2o2S8Hw1ucGYJkJoW3qqeWwfupN+GEmhpQdnXymOzVQ6KCz64PICMvA8+Qx9Epvd63005pLygfmmW+6rOqeD3+rw3593QGO3+NYm9UE0Dplz0Ae8o/cJddfuiGB7Coylr2fUXEngpv3W0RwCHB/L9JXf/vJjFnwR2GZ5kBNKDaefAY8ew+cd56SyjM3bf9gvqHAHn94b/75siCtOgZ+6hqqO0Y2Gub9jSZ/dmgaXd9AlLovBckd220XIdxSTyS1r49cbhzPhfyRMaemHlLRjt103flLKgw//w/wlBB3yo35vIJNkcFDKPyFXjZo0ebrNrLqoGOwai/PI1cF20ZUUkwn2KrzLje8fLCHXKu3JZKCivbadUiUmyS65f/xOofItj+MZmaGJRQP25NI7VzXRSgJEOgsazQrDqBFX6IfU4Be5V1TZ0p5zjF1tYnIKdBdWMRimrA6dPpk3OMbZxA/nLTUv1BdRpM9MkfqielXHPlB6PWpi+dOupX+6HXDrtP80I4o9Cyts6aWrBn5P9vPdVxjhaSg98eEhdLILfVmFhfi76mWqPNmBtx8e5bIcQLYHgyCB8k2d317ZtA4j+jDkeO5zt00Tbp+3AeesPLkhqUlbmjKV5JcrXwJBDtPfCgmjHjYaRnw/kO6eD33z8S19O3fKscDi6CmSN8up1QujOpsSEotq6ObDesQXZf+yD/80tVeyQ/rb4Es7zxgGTNe4Puk8+blgUj/udRRt/XMCzmI+Bn8y7dCVBs7nRmdEH5AquvIHoL2NJ5HmgNMHI9HjqHq3RJX/zbECfbBkjaptuDun7HSnJFDqlLUp6wISLDuyBCTveL6LI9EAbisZs9a0bj6l6QSqn6Rr4WIOWg56xxRVo9187CDhgtuc1tOu0BxKhC6tuX+5DRY2mJcxuFf9yYm8JPk0A8aK+GIstXqqJ6qC37cez/YhdZaIZ+lyBKiX0jUnkkZZya6bLHjhODgXfHIFnne3yS2mLa9Forg/IrBoJBWKW76/SYlZ3USxVfJNvEDhjWJjI1gkct0rTPn4/aPI8KFkQCXElACYP5gbwcihzUyLIIX0Q9AFD5mDWl7z/k2UDD4HmSxnqQQTVndHS0sXgAZ4dspy3nkDzE6S3/tWE6lpemDhZWYFV8W/y5Oj2ELa4fyH91czvRH3s5/JQNrAoH5QceQBVJciitoBnte6vvffH8Hd6qcdjA71eh5c7sEzOknWX4OjI/PamRAQwyLs1jB1AZcMym2vYw/VKqfO/Pgtp0pxThpwdNjELociZfnYx+eW5RYHg40aZBJ3Sxie/U49VAcn5f+EIPMEZMcQ/mG6wT70erPCx2JOEbtqTvhXlZpL46nMpbiwPmDuK74Fm5quvHi8YQT+dQ+kH4O/ZCOsxak+Cpw8ZMQKu6HUi25zlsoKkFrgAsa3gc1zE8+Z3gHDBjA5w0/469YpO64RY10QXmOzY+cIg0PRNUzOPVB+QMy8qRJQcEIz9vIQqC1Fb/eXJYrsND81J0KNIX0jNeG4QpWtihdSbRcB2UzZAe0WRiNAxE33JECUSy9Sp9TaRDAWvOgoPCbNqGIn762v4SA612xBPjxOYt3sLCkUiRUA8AeNFjpn3K41u8xNtvEDCj4d2phF7un/Uix/uJnWpT0F+rm/lkUbzgGNGG8OBCsmK0rDfCKkVOSjPQsuHk+/iIz3ytPFTnXgKuV9lTlPH9v0mODzjT3lMonRehWyJfb2IzsEcyKXHuRS8R0EwEd5amzuxXpwzB6bcirO/S4LnUaqiOECq1zsMwg46o+mduvckYHvv+mEIS2RVaLawaKJhi75Zp1FTkHxNOLgLAEhmSoDgv0csukmqlw3WRDbC804pV1VUg1tDW3V2JyD/VkhxDl2CfuIxA637pkzaGu0YK2CoJio7+EvfYTP+8KnJaEO5ZkJjAWh+x+0xvhNYyamWR1QN1XOwQLdtbn5FsKDDk4B1Znc2uf0VnZFSgh0Uaj9NNQ2BTzfxgOI8SuuJRKopbfEj594Z4e/jzJgf0QhoxakG05XeEapSOlRA06kklU2THr8jmfXeA1WrVhrVML4+yxuiKIUt1A3aopWcCUIpuLtuZGIcNjGkUnTRPl17bMobk5SkKD84/Hjb+XUl5fMIfRRpILT28mwmjJAg6wW/k4fBmXGolNutI/kd89CKHzcKQer37U+tw6mQBzRQuNE1pCzjx/ipFRFGvLofR2Jduf1+D9kt3g3oU2KO4bHZOJe8NEDncCgwEj3AFaKA0k3QMWdH/FMHF6q5UzBKcfqPGH/295z16LYVhDRxFQb86lLFq5Jz+DmCVFBktFAtlhzWIVI95b+uvGbd583GqbRwhJmxXSWb1EpGRorcXfeOtUXptOCNcqcubZE88QsjgVoAVfcHk9mjTsefdVOju3BcPhOCWYZmfxJVoDigL7AmrKlY/PdC2t5K4N2n/XqYbPklqebti3IG+Dr+Sb5E77i6yjGkcfkNnjmXgTipcb6lEept6kspuq9YwI3wwxbLUz+Rtc5o0Yj28IVkFGLg/zOYsTYzly5jg2Ix1ekY5XpksYp3GIx+dp3wv0yUSiN9K8kTSc8ZpCjAjoV6rFcew/amB6DMn2DN1VMWh80fjEKkL3xskkz6cCPKZm4d5qRbReblov3LHVH1xotCpewcWX+Cej73FW6ppvlKKUnOYP6QNvQK8aa7umsBG7CXij1JCbe1KcHNXBpetCUB3EbGtg/RYCkpxbn94GPmb2brlIRYf1Lto0ceNSiNJPGuhhWddMHT9G8DytFHS3yK2SlygAV1jIAyvhCgfBFN3BIlOgYwe2EwNkzlRRZgC6SJjMSSlF5jTZbBSXJ9mHR+JGY/PegImAk2QAJA+5HQUnMxVYgeUX9FlAmen06Gy8dOvTSm+ah0mRU5KaAAbjXM8arm37zsK2lYqH/evD7w9Gdox7MSofPF9xwYmy0inuBWC1wDSJsEh4lycUMinYxnQ2yO3pIaBwCkRTz42HObES086GgjtzWIyIwScyC9F+2jj+yL5CvWhOOtImfh5cyuiW0OvbJWn5RX/x3THe1M9azBh85wd9qFW1Q1LifSdvwDQb6FZMOf+uj8340hGgtRJgvngbEsb88VeeQI1mdq7lRlgwXoraz9JuUnNyy8vlb/RUHOmkM5WJxriBLzynZB/Qzk7ZE5ikLjO81nRkwcVIpLB8fBS6ME5skJGyPUDzyv/uYwWehVxeITe50jzNfLVW5rAS9zCKDt+cScKEx5jB2uzvCXPy4VfxDEzHMC7Vs3G5hSTHDJWe3WUxSO092uL81w8RAJNsU+T9DBHnsW+4Jy8sIk51NGRBBsMnTqldHI+wB45bf95gAkmlh086IPQs3v1gTwCMcEcWZtj8COxDZT0UIsScK8De1y5UMQZUkLsZFwEJ3Wy1BNq3pwSDMnJs99xVQPNq/HNu9KJXG1mB6WQV18iVlOTk4GpGe07YgOnju1rZYxNHsZfVXM0WXMQdHyzqmvtU1fGyJ8Tj/UvVkDwEDGyyl116QafNFjMyhL+a7Ka/ZSohcMWqGhUmu+4eD7eqynIeLYRUUtGsRwr3CzhccrOYzoi6sZQDZuworhgCJKAJn2+kXMUcPtPTbZ7eLAGyHk8icvO3Nt7eGFWc1yODBvpAF2NiWpmICdiU2Lb7c+YDGv4ZTgl3+de4gN9ZdYC56+8+JqC3lpaOYVfVw89RJyenToRNScFyw1brCb2xwH+DxJ6Se7qo8GMmd8FeZA4ei8CHVp20T/hB9iZXACWT1V02kSsJoNFC1zUjKl94Z38TW0kMzzb4v90yNbGYq1zDuUUme2NS9qkfWfZavKB3tV4zVlm4jLmylDrwRzFwl6sS6lGQOU73yJZddxgZ4ewPNIfxIKtEgpVYPOGbqabngAQB4rUX0xgDstuHlU7TzW4Xf2Ozr98xa/q4vLlLGemLYZIV8DzLDF2PksaIAmPnpTmqwWZGXA9lnlFUiKzJoz6UcDzhsi0VO2OYf0G/Ripewv9uxYkBFF7EqeE+wXEfgTdFOghahb9DDu6SqSQF1ERkEwJG5L7KSn7KmRJfuAGi804q84AqP/keiLyeOTbqN7po8dnNEU4xlJeA8ctxRiN0R66CsZn9mOOb/e1MNbtdGNi87Zaou7tSTbo8CQsPEHoQtgTMQqPtfyZP5IJInQRCwseQglPWpZihXIEzaLT15byxLB3BY+Am7ooD7PaoPtYWKtBSjxKfmydpSJrgO6DLKSAfLdcZvWlAOTioXfLOV+CuYCDEK5SakvzT9wI+VQwNzTo1Fwusa0J9mtlz7kWp7+WNnUoPABXKaeyX4AswhMIEEpfj46iyCpcJlEqj6ntUftoDj5OlU+JoAhj9iMglyPvNYKZHMDWvZfO2UPr4ytRHXiIPfa6l6rv2Q0R9dGWdzPp+gDSu8RxGo0L0vSRwX9EEo0IZ+Z53IS8+qwoNia82OwjEWMexZEFnSpLl6kNhkcZH0iL7ECHy2ViPUXz0OtVlI8PwTnUBPl837TDm0M74o0KAjbCOycc3SYpExnfkOxcEsRspHWvYXXVvQyAnPjy2mPXm5rHa0YjFnbMo6MixB/Snng86ImSp+UMMDveGGQDF8ILK/T1HIOM2TRG9wIV/ziOJ2kH1fGx5r7VbQJ/jgpcyEr7pkbrI5F3Ln3j6UV8TQUG8lwWd1thXDNyuePg4sm/TXplkldmDud76jtH4FtTVqxxM8HmnU4anLeSgwqopIMl4DawqVQJihCS0UjwKrOINNo7kGwbFtBa1yfQS6dVbiDTzFz9IDcblfz1KXL+4DrIYSZ7BNkGv3EacwlnZTcB2Od2vBtaHu68k=&u=U2FsdGVkX18W7xhEFtrHtiQ37ScAiqE+z5zRstmwopU=&y=U2FsdGVkX18ntdPoV5L6ryfhuqpV2XqsrDvcTnxeE8ei80XQWGGr/8kWIWAhrSu7 HTTP/1.1" 200 25
186.102.36.192 - - [31/Mar/2022:10:26:13 -0500] "GET /kwssiamovil/sm/des/acme/a?s=U2FsdGVkX192+ymimL77+pDZ1fjQWBXGUQ/+L7aeGmz89HQNEc+1cXiamBPiuEwpbTA3Iooj0aq+wdWFPv/mPoCM4oUZ38yRtYF33FWFEQgKxAsQk0obWM3PDBX+cM5VX/6dg02Mkv+lfYqCcJJK+GLqgAYTnD1Ioi8PbpBHxmA=&u=U2FsdGVkX18W7xhEFtrHtiQ37ScAiqE+z5zRstmwopU=&y=U2FsdGVkX18ntdPoV5L6ryfhuqpV2XqsrDvcTnxeE8ei80XQWGGr/8kWIWAhrSu7 HTTP/1.1" 200 25
186.84.21.23 - - [31/Mar/2022:10:26:13 -0500] "POST /forest/index.php HTTP/1.1" 200 12268
186.102.36.192 - - [31/Mar/2022:10:26:14 -0500] "GET /kwssiamovil/sm/des/acme/a?s=U2FsdGVkX1/bCKNxrGaAwUQBd6pD+WsjUh/n5KOK7467Nloe0JPvII6ddBrFkU6njp3R8uqeWQO1VRNett9JifURENowKh575Yu3JvR8+UmqTM78e/7N49ryswXp+z5b6Bcv1H48MU7+nJvavsLzweAGLRUft/TtTfNhSKcU4RQ=&u=U2FsdGVkX18W7xhEFtrHtiQ37ScAiqE+z5zRstmwopU=&y=U2FsdGVkX18ntdPoV5L6ryfhuqpV2XqsrDvcTnxeE8ei80XQWGGr/8kWIWAhrSu7 HTTP/1.1" 200 25
186.102.36.192 - - [31/Mar/2022:10:26:14 -0500] "GET /kwssiamovil/sm/des/acme/a?s=U2FsdGVkX1/7uXvykzwwKAge6pi+OZ2YRa0uBpgc5WWhUWeFfiEbBGxg4ioslh3h2pndIzh62CnPyuiBx+63yd9X7bNess3bxrczHZ0J93fJNsHghFEHHCnEsGqjPiytzfmK/qLH5/FoB2CIRUiM4F1dpt+TKwzphsgQMq6qJXk=&u=U2FsdGVkX18W7xhEFtrHtiQ37ScAiqE+z5zRstmwopU=&y=U2FsdGVkX18ntdPoV5L6ryfhuqpV2XqsrDvcTnxeE8ei80XQWGGr/8kWIWAhrSu7 HTTP/1.1" 200 25
186.102.36.192 - - [31/Mar/2022:10:26:15 -0500] "GET /kwssiamovil/sm/des/acme/a?s=U2FsdGVkX1/s13kjwvy0MKBAjBKTS0rI66Irfe0z5WOJQalSWezarGo1yH5/DWepkmveUhkynkGn2Y+k8AELxTzZGilFlfPjoGR0bj9eo8jaocx2yAWhnFEdtUdR6KJDlmbpT18c+TpL02VwnULrEl8lf37GSSyAW7dZ+0T1DNpPlvs4FCi0kHHQhgqAkrON&u=U2FsdGVkX18W7xhEFtrHtiQ37ScAiqE+z5zRstmwopU=&y=U2FsdGVkX18ntdPoV5L6ryfhuqpV2XqsrDvcTnxeE8ei80XQWGGr/8kWIWAhrSu7 HTTP/1.1" 200 25
200.119.33.244 - - [31/Mar/2022:10:25:57 -0500] "POST /reportes_sipse/sdg/ServletControlador HTTP/1.1" 200 547739
201.245.192.253 - - [31/Mar/2022:10:26:17 -0500] "POST /sipse/faces/presentacion/financiero/solicitudProceso/consultarSolicitudProceso.xhtml HTTP/1.1" 200 1065522
201.245.192.253 - - [31/Mar/2022:10:26:20 -0500] "POST /sipse/faces/presentacion/financiero/solicitudProceso/consultarSolicitudProceso.xhtml HTTP/1.1" 200 28371
186.80.83.77 - - [31/Mar/2022:10:26:24 -0500] "POST /sipse/faces/presentacion/parametrica/generales/listarGenerales.xhtml HTTP/1.1" 200 41445
186.80.83.77 - - [31/Mar/2022:10:26:25 -0500] "POST /sipse/faces/presentacion/parametrica/generales/listarGenerales.xhtml HTTP/1.1" 200 41445
186.80.83.77 - - [31/Mar/2022:10:26:25 -0500] "POST /sipse/faces/presentacion/parametrica/generales/listarGenerales.xhtml HTTP/1.1" 200 41445
186.80.83.77 - - [31/Mar/2022:10:26:25 -0500] "POST /sipse/faces/presentacion/parametrica/generales/listarGenerales.xhtml HTTP/1.1" 200 41445
172.22.2.4 - - [31/Mar/2022:10:24:49 -0500] "GET /BLA/boletinlegal/ HTTP/1.1" 200 59688
186.80.83.77 - - [31/Mar/2022:10:26:25 -0500] "POST /sipse/faces/presentacion/parametrica/generales/listarGenerales.xhtml HTTP/1.1" 200 41445
186.80.83.77 - - [31/Mar/2022:10:26:31 -0500] "POST /sipse/faces/presentacion/parametrica/generales/listarGenerales.xhtml HTTP/1.1" 200 41445
186.80.83.77 - - [31/Mar/2022:10:26:31 -0500] "POST /sipse/faces/presentacion/parametrica/generales/listarGenerales.xhtml HTTP/1.1" 200 41445
201.245.192.253 - - [31/Mar/2022:10:26:35 -0500] "POST /sipse/faces/presentacion/financiero/solicitudProceso/consultarSolicitudProceso.xhtml HTTP/1.1" 200 43374
201.245.192.253 - - [31/Mar/2022:10:26:35 -0500] "GET /sipse/faces/javax.faces.resource/theme.css?ln=primefaces-sipse HTTP/1.1" 304 -
201.245.192.253 - - [31/Mar/2022:10:26:35 -0500] "GET /sipse/faces/javax.faces.resource/layout/layout.css?ln=primefaces&v=4.0 HTTP/1.1" 304 -
201.245.192.253 - - [31/Mar/2022:10:26:35 -0500] "GET /sipse/faces/javax.faces.resource/primefaces.css?ln=primefaces&v=4.0 HTTP/1.1" 304 -
201.245.192.253 - - [31/Mar/2022:10:26:35 -0500] "GET /sipse/faces/javax.faces.resource/jquery/jquery.js?ln=primefaces&v=4.0 HTTP/1.1" 304 -
201.245.192.253 - - [31/Mar/2022:10:26:35 -0500] "GET /sipse/faces/javax.faces.resource/jquery/jquery-plugins.js?ln=primefaces&v=4.0 HTTP/1.1" 304 -
201.245.192.253 - - [31/Mar/2022:10:26:35 -0500] "GET /sipse/faces/javax.faces.resource/primefaces.js?ln=primefaces&v=4.0 HTTP/1.1" 304 -
201.245.192.253 - - [31/Mar/2022:10:26:35 -0500] "GET /sipse/faces/javax.faces.resource/layout/layout.js?ln=primefaces&v=4.0 HTTP/1.1" 304 -
201.245.192.253 - - [31/Mar/2022:10:26:35 -0500] "GET /sipse/css/imagen/contrasena.png HTTP/1.1" 404 383
201.245.192.253 - - [31/Mar/2022:10:26:35 -0500] "POST /sipse/faces/presentacion/financiero/solicitudProceso/listarSolicitudProceso.xhtml HTTP/1.1" 200 36770
201.245.192.253 - - [31/Mar/2022:10:26:36 -0500] "POST /sipse/faces/presentacion/financiero/solicitudProceso/listarSolicitudProceso.xhtml HTTP/1.1" 200 36770
201.245.192.253 - - [31/Mar/2022:10:26:36 -0500] "POST /sipse/faces/presentacion/financiero/solicitudProceso/listarSolicitudProceso.xhtml HTTP/1.1" 200 36770
201.245.192.253 - - [31/Mar/2022:10:26:36 -0500] "POST /sipse/faces/presentacion/financiero/solicitudProceso/listarSolicitudProceso.xhtml HTTP/1.1" 200 36770
201.245.192.253 - - [31/Mar/2022:10:26:36 -0500] "POST /sipse/faces/presentacion/financiero/solicitudProceso/listarSolicitudProceso.xhtml HTTP/1.1" 200 36770
201.245.192.253 - - [31/Mar/2022:10:26:36 -0500] "POST /sipse/faces/presentacion/financiero/solicitudProceso/listarSolicitudProceso.xhtml HTTP/1.1" 200 36770
201.245.192.253 - - [31/Mar/2022:10:26:36 -0500] "POST /sipse/faces/presentacion/financiero/solicitudProceso/listarSolicitudProceso.xhtml HTTP/1.1" 200 36770
201.245.192.253 - - [31/Mar/2022:10:26:36 -0500] "POST /sipse/faces/presentacion/financiero/solicitudProceso/listarSolicitudProceso.xhtml HTTP/1.1" 200 36770
201.245.192.253 - - [31/Mar/2022:10:26:36 -0500] "POST /sipse/faces/presentacion/financiero/solicitudProceso/listarSolicitudProceso.xhtml HTTP/1.1" 200 36770
201.245.192.253 - - [31/Mar/2022:10:26:36 -0500] "POST /sipse/faces/presentacion/financiero/solicitudProceso/listarSolicitudProceso.xhtml HTTP/1.1" 200 36770
201.245.192.253 - - [31/Mar/2022:10:26:36 -0500] "POST /sipse/faces/presentacion/financiero/solicitudProceso/listarSolicitudProceso.xhtml HTTP/1.1" 200 1404
201.245.192.253 - - [31/Mar/2022:10:26:36 -0500] "POST /sipse/faces/presentacion/financiero/solicitudProceso/listarSolicitudProceso.xhtml HTTP/1.1" 200 1404
201.245.192.253 - - [31/Mar/2022:10:26:37 -0500] "POST /sipse/faces/presentacion/financiero/solicitudProceso/listarSolicitudProceso.xhtml HTTP/1.1" 200 1404
201.245.192.253 - - [31/Mar/2022:10:26:37 -0500] "POST /sipse/faces/presentacion/financiero/solicitudProceso/listarSolicitudProceso.xhtml HTTP/1.1" 200 1404
201.245.192.253 - - [31/Mar/2022:10:26:37 -0500] "POST /sipse/faces/presentacion/financiero/solicitudProceso/listarSolicitudProceso.xhtml HTTP/1.1" 200 1404
201.245.192.253 - - [31/Mar/2022:10:26:37 -0500] "POST /sipse/faces/presentacion/financiero/solicitudProceso/listarSolicitudProceso.xhtml HTTP/1.1" 200 1404
201.245.192.253 - - [31/Mar/2022:10:26:37 -0500] "POST /sipse/faces/presentacion/financiero/solicitudProceso/listarSolicitudProceso.xhtml HTTP/1.1" 200 1404
201.245.192.253 - - [31/Mar/2022:10:26:37 -0500] "POST /sipse/faces/presentacion/financiero/solicitudProceso/listarSolicitudProceso.xhtml HTTP/1.1" 200 1404
201.245.192.253 - - [31/Mar/2022:10:26:37 -0500] "POST /sipse/faces/presentacion/financiero/solicitudProceso/listarSolicitudProceso.xhtml HTTP/1.1" 200 1404
201.245.192.253 - - [31/Mar/2022:10:26:37 -0500] "POST /sipse/faces/presentacion/financiero/solicitudProceso/listarSolicitudProceso.xhtml HTTP/1.1" 200 1404
201.245.192.253 - - [31/Mar/2022:10:26:37 -0500] "POST /sipse/faces/presentacion/financiero/solicitudProceso/listarSolicitudProceso.xhtml HTTP/1.1" 200 1404
200.118.64.109 - - [31/Mar/2022:10:26:41 -0500] "POST /forms/lservlet;jsessionid=ac16012b30d6163f8022814d4407be70d6c5f0466ff5.e3iSbxaKaheRe34Sc38RahyRchr0n6jAmljGr5XDqQLvpAe HTTP/1.1" 200 2
201.245.192.253 - - [31/Mar/2022:10:26:42 -0500] "POST /sipse/faces/presentacion/financiero/solicitudProceso/listarSolicitudProceso.xhtml HTTP/1.1" 200 112101
201.245.192.253 - - [31/Mar/2022:10:26:42 -0500] "GET /sipse/faces/javax.faces.resource/theme.css?ln=primefaces-sipse HTTP/1.1" 304 -
201.245.192.253 - - [31/Mar/2022:10:26:42 -0500] "GET /sipse/faces/javax.faces.resource/layout/layout.css?ln=primefaces&v=4.0 HTTP/1.1" 304 -
201.245.192.253 - - [31/Mar/2022:10:26:42 -0500] "GET /sipse/faces/javax.faces.resource/primefaces.css?ln=primefaces&v=4.0 HTTP/1.1" 304 -
201.245.192.253 - - [31/Mar/2022:10:26:42 -0500] "GET /sipse/faces/javax.faces.resource/jquery/jquery.js?ln=primefaces&v=4.0 HTTP/1.1" 304 -
201.245.192.253 - - [31/Mar/2022:10:26:42 -0500] "GET /sipse/faces/javax.faces.resource/jquery/jquery-plugins.js?ln=primefaces&v=4.0 HTTP/1.1" 304 -
201.245.192.253 - - [31/Mar/2022:10:26:42 -0500] "GET /sipse/faces/javax.faces.resource/primefaces.js?ln=primefaces&v=4.0 HTTP/1.1" 304 -
201.245.192.253 - - [31/Mar/2022:10:26:42 -0500] "GET /sipse/faces/javax.faces.resource/layout/layout.js?ln=primefaces&v=4.0 HTTP/1.1" 304 -
201.245.192.253 - - [31/Mar/2022:10:26:42 -0500] "GET /sipse/css/imagen/contrasena.png HTTP/1.1" 404 383
201.245.192.253 - - [31/Mar/2022:10:26:42 -0500] "GET /reportes_sipse/sdg/ServletReporte?reporte=solicitud_cdp&Solicitud=17455&pfdrid_c=false HTTP/1.1" 200 97484
201.245.192.253 - - [31/Mar/2022:10:26:43 -0500] "GET /appsia/controlador HTTP/1.1" 200 4799
201.245.192.253 - - [31/Mar/2022:10:26:43 -0500] "GET /appsia/css/estilos.css HTTP/1.1" 200 4804
201.245.192.253 - - [31/Mar/2022:10:26:43 -0500] "GET /appsia/scripts/validarIngreso.js HTTP/1.1" 200 851
201.245.192.253 - - [31/Mar/2022:10:26:43 -0500] "GET /appsia/images/cabezoteHojaVida.png HTTP/1.1" 200 32493
201.245.192.253 - - [31/Mar/2022:10:26:43 -0500] "GET /appsia/images/logo_bogota_p.png HTTP/1.1" 200 14951
201.245.192.253 - - [31/Mar/2022:10:26:43 -0500] "GET /favicon.ico HTTP/1.1" 200 7782
201.245.192.253 - - [31/Mar/2022:10:26:46 -0500] "POST /appsia/controlador HTTP/1.1" 200 5437
201.245.192.253 - - [31/Mar/2022:10:26:48 -0500] "POST /sipse/faces/presentacion/financiero/solicitudProceso/consultarSolicitudProceso.xhtml HTTP/1.1" 200 177894
201.245.192.253 - - [31/Mar/2022:10:26:49 -0500] "POST /appsia/controlador HTTP/1.1" 200 59001
201.245.192.253 - - [31/Mar/2022:10:26:49 -0500] "GET /appsia/images/logo_escudo.png HTTP/1.1" 200 36965
186.80.83.77 - - [31/Mar/2022:10:26:52 -0500] "POST /sipse/faces/presentacion/parametrica/generales/listarGenerales.xhtml HTTP/1.1" 200 41439
186.80.83.77 - - [31/Mar/2022:10:26:53 -0500] "POST /sipse/faces/presentacion/parametrica/generales/listarGenerales.xhtml HTTP/1.1" 200 41439
186.80.83.77 - - [31/Mar/2022:10:26:53 -0500] "POST /sipse/faces/presentacion/parametrica/generales/listarGenerales.xhtml HTTP/1.1" 200 41439
186.80.83.77 - - [31/Mar/2022:10:26:53 -0500] "POST /sipse/faces/presentacion/parametrica/generales/listarGenerales.xhtml HTTP/1.1" 200 41439
186.80.83.77 - - [31/Mar/2022:10:26:53 -0500] "POST /sipse/faces/presentacion/parametrica/generales/listarGenerales.xhtml HTTP/1.1" 200 41439
201.245.192.253 - - [31/Mar/2022:10:26:57 -0500] "POST /sipse/faces/presentacion/financiero/solicitudProceso/consultarSolicitudProceso.xhtml HTTP/1.1" 200 180395
186.80.83.77 - - [31/Mar/2022:10:26:59 -0500] "POST /sipse/faces/presentacion/parametrica/generales/listarGenerales.xhtml HTTP/1.1" 200 41439
