172.22.2.4 - - [02/Apr/2022:18:46:56 -0500] "GET /BLA/boletinlegal/Circulares/2012/Circular%20No.%2010%20del%2022%20de%20Agosto%20de%202012.pdf HTTP/1.1" 200 1563219
172.22.2.4 - - [02/Apr/2022:18:47:04 -0500] "GET /BLA/boletinlegal/Circulares/2012/Circular%20No.%201%20del%2017%20de%20Enero%20de%202012.pdf HTTP/1.1" 200 1118749
172.22.2.4 - - [02/Apr/2022:18:47:15 -0500] "GET /BLA/boletinlegal/Circulares/2011/Circular%20No.%209%20del%2003%20de%20Noviembre%20de%202011.pdf HTTP/1.1" 200 54568
172.22.2.4 - - [02/Apr/2022:18:47:20 -0500] "GET /BLA/boletinlegal/Circulares/2011/Circular%20No.%208%20del%2020%20de%20Septiembre%20de%202011.pdf HTTP/1.1" 200 285158
172.22.2.4 - - [02/Apr/2022:18:47:26 -0500] "GET /BLA/boletinlegal/Circulares/2011/Circular%20No.%207%20del%2023%20de%20Diciembre%20de%202011.pdf HTTP/1.1" 200 1107785
207.46.13.199 - - [02/Apr/2022:18:47:28 -0500] "GET /BLA/resoluciones/index.php?dir=RESOLUCIONES+2021%2F HTTP/1.1" 200 303054
191.156.251.164 - - [02/Apr/2022:18:47:46 -0500] "GET /css/date_blue.css HTTP/1.1" 404 1254
191.156.251.164 - - [02/Apr/2022:18:47:46 -0500] "GET /css/fondos.css HTTP/1.1" 404 1254
191.156.251.164 - - [02/Apr/2022:18:47:46 -0500] "GET /css/textos.css HTTP/1.1" 404 1254
191.156.251.164 - - [02/Apr/2022:18:47:49 -0500] "GET /css/bordes.css HTTP/1.1" 404 1254
172.22.2.4 - - [02/Apr/2022:18:50:04 -0500] "GET /BLA/boletinlegal/actos.php HTTP/1.1" 200 9555
172.22.2.4 - - [02/Apr/2022:18:49:28 -0500] "GET /BLA/boletinlegal/ HTTP/1.1" 200 45003
172.22.2.4 - - [02/Apr/2022:18:51:16 -0500] "GET /BLA/boletinlegal/consulta_actos.php?tipo=resoluciones&no=1634&usuario=&sector=&fecha=2004&resuelve= HTTP/1.1" 200 626
186.28.92.67 - - [02/Apr/2022:18:51:39 -0500] "GET /BLA/resoluciones/ HTTP/1.1" 200 13093
186.28.92.67 - - [02/Apr/2022:18:51:42 -0500] "GET /BLA/resoluciones/index.php?dir=RESOLUCIONES+2021%2F HTTP/1.1" 200 303054
66.249.74.25 - - [02/Apr/2022:18:54:25 -0500] "-" 408 -
172.22.2.4 - - [02/Apr/2022:18:56:59 -0500] "GET /BLA/boletinlegal/consulta_actos.php?tipo=resoluciones&no=1634&usuario=&sector=&fecha=2004&resuelve= HTTP/1.1" 200 626
172.22.2.4 - - [02/Apr/2022:18:57:00 -0500] "GET /BLA/boletinlegal/consulta_actos.php?tipo=resoluciones&no=1634&usuario=&sector=&fecha=2004&resuelve= HTTP/1.1" 200 626
216.245.221.92 - - [02/Apr/2022:18:57:02 -0500] "HEAD / HTTP/1.1" 200 -
172.22.2.4 - - [02/Apr/2022:18:57:06 -0500] "GET /BLA/boletinlegal/consulta_actos.php?tipo=autos&no=1634&usuario=&sector=&fecha=2004&resuelve= HTTP/1.1" 200 626
172.22.2.4 - - [02/Apr/2022:18:57:09 -0500] "GET /BLA/boletinlegal/consulta_actos.php?tipo=autos&no=1634&usuario=&sector=&fecha=2004&resuelve= HTTP/1.1" 200 626
172.22.2.4 - - [02/Apr/2022:18:57:12 -0500] "GET /BLA/boletinlegal/consulta_actos.php?tipo=autos&no=1634&usuario=&sector=&fecha=2004&resuelve= HTTP/1.1" 200 626
172.22.2.4 - - [02/Apr/2022:18:57:13 -0500] "GET /BLA/boletinlegal/consulta_actos.php?tipo=autos&no=1634&usuario=&sector=&fecha=2004&resuelve= HTTP/1.1" 200 626
172.22.2.4 - - [02/Apr/2022:18:57:13 -0500] "GET /BLA/boletinlegal/consulta_actos.php?tipo=autos&no=1634&usuario=&sector=&fecha=2004&resuelve= HTTP/1.1" 200 626
172.22.2.4 - - [02/Apr/2022:18:56:48 -0500] "HEAD /BLA/boletinlegal/ HTTP/1.1" 200 -
172.22.2.4 - - [02/Apr/2022:18:57:38 -0500] "GET /BLA/boletinlegal/ HTTP/1.1" 200 60105
172.22.2.4 - - [02/Apr/2022:19:02:38 -0500] "HEAD /BLA/boletinlegal/ HTTP/1.1" 200 -
207.46.13.199 - - [02/Apr/2022:19:04:30 -0500] "GET /BLA/resoluciones/RESOLUCIONES%202020/1224.pdf HTTP/1.1" 304 -
172.22.2.4 - - [02/Apr/2022:19:03:28 -0500] "GET /BLA/boletinlegal/ HTTP/1.1" 200 60932
40.77.167.46 - - [02/Apr/2022:19:08:26 -0500] "GET /BLA/resoluciones/ HTTP/1.1" 200 13093
207.46.13.179 - - [02/Apr/2022:19:09:13 -0500] "GET /BLA/resoluciones/index.php?dir=AUTOS+2020%2F HTTP/1.1" 200 321926
172.22.2.4 - - [02/Apr/2022:19:08:28 -0500] "HEAD /BLA/boletinlegal/ HTTP/1.1" 200 -
207.46.13.179 - - [02/Apr/2022:19:10:23 -0500] "GET /BLA/resoluciones/index.php?dir=RESOLUCIONES+2020%2F HTTP/1.1" 200 159532
172.22.2.4 - - [02/Apr/2022:19:09:18 -0500] "GET /BLA/boletinlegal/ HTTP/1.1" 200 60932
216.245.221.92 - - [02/Apr/2022:19:12:02 -0500] "HEAD / HTTP/1.1" 200 -
207.46.13.157 - - [02/Apr/2022:19:12:13 -0500] "GET /BLA/resoluciones/index.php?dir=AUTOS+2018%2F HTTP/1.1" 200 430241
207.46.13.179 - - [02/Apr/2022:19:12:23 -0500] "GET /BLA/resoluciones/index.php?dir=RESOLUCIONES+2008%2F HTTP/1.1" 200 810955
40.77.167.46 - - [02/Apr/2022:19:13:16 -0500] "GET /BLA/resoluciones/index.php?dir=RESOLUCIONES+2016%2F HTTP/1.1" 200 167904
172.22.2.4 - - [02/Apr/2022:19:14:36 -0500] "GET /BLA/boletinlegal/index.php?s=/Index/\\think\\app/invokefunction&function=call_user_func_array&vars[0]=md5&vars[1][]=HelloThinkPHP21 HTTP/1.1" 200 36811
172.22.2.4 - - [02/Apr/2022:19:17:50 -0500] "GET /BLA/boletinlegal/jurisprudencia/analisis/AnalisisT-606-15.docx HTTP/1.1" 200 26698
172.22.2.4 - - [02/Apr/2022:19:17:50 -0500] "GET /BLA/boletinlegal/apple-touch-icon-120x120-precomposed.png HTTP/1.1" 404 1140
172.22.2.4 - - [02/Apr/2022:19:17:50 -0500] "GET /BLA/boletinlegal/apple-touch-icon-120x120.png HTTP/1.1" 404 1140
172.22.2.4 - - [02/Apr/2022:19:17:51 -0500] "GET /BLA/boletinlegal/apple-touch-icon-precomposed.png HTTP/1.1" 404 1140
172.22.2.4 - - [02/Apr/2022:19:17:51 -0500] "GET /BLA/boletinlegal/apple-touch-icon.png HTTP/1.1" 404 1140
172.22.2.4 - - [02/Apr/2022:19:17:51 -0500] "GET /BLA/boletinlegal/favicon.ico HTTP/1.1" 404 1140
172.22.2.4 - - [02/Apr/2022:19:17:52 -0500] "GET /BLA/boletinlegal/apple-touch-icon-120x120-precomposed.png HTTP/1.1" 404 1140
172.22.2.4 - - [02/Apr/2022:19:17:52 -0500] "GET /BLA/boletinlegal/apple-touch-icon-120x120.png HTTP/1.1" 404 1140
172.22.2.4 - - [02/Apr/2022:19:17:52 -0500] "GET /BLA/boletinlegal/apple-touch-icon-precomposed.png HTTP/1.1" 404 1140
172.22.2.4 - - [02/Apr/2022:19:17:52 -0500] "GET /BLA/boletinlegal/apple-touch-icon.png HTTP/1.1" 404 1140
172.22.2.4 - - [02/Apr/2022:19:17:52 -0500] "GET /BLA/boletinlegal/favicon.ico HTTP/1.1" 404 1140
35.204.136.235 - - [02/Apr/2022:19:18:08 -0500] "GET / HTTP/1.1" 200 319
207.46.13.199 - - [02/Apr/2022:19:22:21 -0500] "GET /BLA/resoluciones/index.php?dir=RESOLUCIONES+2021%2F HTTP/1.1" 200 303054
201.245.192.253 - - [02/Apr/2022:19:22:30 -0500] "POST /kwsrmcab/Wsrmcab HTTP/1.1" 200 43375
173.252.95.10 - - [02/Apr/2022:19:23:28 -0500] "GET /la-forma-en-la-que-estamos-definiendo-la-estructura-ecologica-principal-esta-pensada-para-enfrentar-la-emergencia-climatica-secretaria-de-ambiente-carolina-urrutia.html HTTP/1.1" 206 1164
173.252.95.10 - - [02/Apr/2022:19:23:28 -0500] "GET /aprende-a-conocer-el-boletin-legal-ambiental.html HTTP/1.1" 206 892
201.245.192.253 - - [02/Apr/2022:19:23:17 -0500] "POST /kwsrmcab/Wsrmcab HTTP/1.1" 200 45617
172.56.34.6 - - [02/Apr/2022:19:24:45 -0500] "GET /galeria/galeria/jquery.fancybox.css?v=2.1.5 HTTP/1.1" 200 4895
172.56.34.6 - - [02/Apr/2022:19:24:45 -0500] "GET /BLA/boletinlegal/js/jquery.scrollShow.js HTTP/1.1" 200 4586
172.56.34.6 - - [02/Apr/2022:19:24:45 -0500] "GET /galeria/galeria/jquery.fancybox.js?v=2.1.5 HTTP/1.1" 200 48706
172.22.2.4 - - [02/Apr/2022:19:24:18 -0500] "HEAD /BLA/boletinlegal/ HTTP/1.1" 200 -
172.22.2.4 - - [02/Apr/2022:19:25:08 -0500] "GET /BLA/boletinlegal/ HTTP/1.1" 200 57542
216.245.221.92 - - [02/Apr/2022:19:27:02 -0500] "HEAD / HTTP/1.1" 200 -
207.46.13.157 - - [02/Apr/2022:19:28:24 -0500] "GET /BLA/resoluciones/index.php?dir=RESOLUCIONES+2014%2F HTTP/1.1" 200 330618
109.237.103.123 - - [02/Apr/2022:19:28:27 -0500] "GET /.env HTTP/1.1" 404 1018
172.22.2.4 - - [02/Apr/2022:19:30:08 -0500] "HEAD /BLA/boletinlegal/ HTTP/1.1" 200 -
216.245.221.92 - - [02/Apr/2022:19:32:02 -0500] "HEAD / HTTP/1.1" 200 -
172.22.2.4 - - [02/Apr/2022:19:30:58 -0500] "GET /BLA/boletinlegal/ HTTP/1.1" 200 60932
201.245.192.253 - - [02/Apr/2022:19:32:29 -0500] "POST /kwsrmcab/Wsrmcab HTTP/1.1" 200 43375
66.249.73.127 - - [02/Apr/2022:19:33:40 -0500] "-" 408 -
201.245.192.253 - - [02/Apr/2022:19:33:18 -0500] "POST /kwsrmcab/Wsrmcab HTTP/1.1" 200 45617
216.245.221.92 - - [02/Apr/2022:19:37:02 -0500] "HEAD / HTTP/1.1" 200 -
172.22.2.4 - - [02/Apr/2022:19:35:58 -0500] "HEAD /BLA/boletinlegal/ HTTP/1.1" 200 -
172.22.2.4 - - [02/Apr/2022:19:36:13 -0500] "GET /BLA/boletinlegal/ HTTP/1.1" 200 44924
172.22.2.4 - - [02/Apr/2022:19:36:49 -0500] "GET /BLA/boletinlegal/ HTTP/1.1" 200 48120
172.22.2.4 - - [02/Apr/2022:19:39:26 -0500] "GET /BLA/boletinlegal/actos.php HTTP/1.1" 200 9555
172.22.2.4 - - [02/Apr/2022:19:37:52 -0500] "GET /BLA/boletinlegal/ HTTP/1.1" 200 52945
172.22.2.4 - - [02/Apr/2022:19:38:00 -0500] "GET /BLA/boletinlegal/ HTTP/1.1" 200 53739
172.22.2.4 - - [02/Apr/2022:19:39:56 -0500] "GET /BLA/boletinlegal/Circulares/2022/CIRCULAR%20No.%2000003%20DEL%2007%20DE%20MARZO%20DEL%202022.pdf HTTP/1.1" 404 1038
172.22.2.4 - - [02/Apr/2022:19:39:59 -0500] "GET /BLA/boletinlegal/Circulares/2021/CIRCULAR%20No.%2000009%20DEL%2001%20DE%20OCTUBRE%20DEL%202021.pdf HTTP/1.1" 200 320793
172.22.2.4 - - [02/Apr/2022:19:40:05 -0500] "GET /BLA/boletinlegal/Circulares/2021/CIRCULAR%20No.%2000007%20DEL%2010%20DE%20AGOSTO%20DEL%202021.pdf HTTP/1.1" 200 266364
172.22.2.4 - - [02/Apr/2022:19:40:10 -0500] "GET /BLA/boletinlegal/Circulares/2021/CIRCULAR%20No.%2000006%20DEL%2005%20DE%20AGOSTO%20DEL%202021.pdf HTTP/1.1" 200 249615
172.22.2.4 - - [02/Apr/2022:19:40:16 -0500] "GET /BLA/boletinlegal/Circulares/2020/Circular%20No.%2000018%20del%2002%20de%20diciembre%20del%202020.pdf HTTP/1.1" 200 276868
172.22.2.4 - - [02/Apr/2022:19:40:23 -0500] "GET /BLA/boletinlegal/Circulares/2020/Circular%2000010%20del%2027%20de%20julio%20de%202020.pdf HTTP/1.1" 200 422655
172.22.2.4 - - [02/Apr/2022:19:40:30 -0500] "GET /BLA/boletinlegal/Circulares/2020/CIRCULAR%20No.%2000019%20DEL%2018%20DE%20DICIEMBRE%20DEL%202020.pdf HTTP/1.1" 200 307959
172.22.2.4 - - [02/Apr/2022:19:40:38 -0500] "GET /BLA/boletinlegal/Circulares/2020/CIRCULAR%20No.%2000014%20del%2001%20de%20septiembre%20del%202020.pdf HTTP/1.1" 200 320826
172.22.2.4 - - [02/Apr/2022:19:40:44 -0500] "GET /BLA/boletinlegal/Circulares/2019/Circular%20No.%2012%20del%2014%20de%20Marzo%20de%202019.pdf HTTP/1.1" 200 344384
172.22.2.4 - - [02/Apr/2022:19:40:50 -0500] "GET /BLA/boletinlegal/Circulares/2019/Circular%20No.%20006%20del%2008%20de%20Febrero%20de%202019.pdf HTTP/1.1" 200 674401
172.22.2.4 - - [02/Apr/2022:19:40:57 -0500] "GET /BLA/boletinlegal/Circulares/2019/Circular%20No.%200015%20del%2003%20de%20Octubre%20de%202019.pdf HTTP/1.1" 200 165608
172.22.2.4 - - [02/Apr/2022:19:41:03 -0500] "GET /BLA/boletinlegal/Circulares/2019/Circular%20No.%200005%20del%2020%20de%20Marzo%20de%202019.pdf HTTP/1.1" 200 159877
172.22.2.4 - - [02/Apr/2022:19:41:09 -0500] "GET /BLA/boletinlegal/Circulares/2019/Circular%20No.%200003%20del%2031%20de%20Enero%20de%202019.pdf HTTP/1.1" 200 164676
172.22.2.4 - - [02/Apr/2022:19:41:14 -0500] "GET /BLA/boletinlegal/Circulares/2019/Circular%2000020%20del%2020%20de%20diciembre%20de%202019.pdf HTTP/1.1" 200 145170
172.22.2.4 - - [02/Apr/2022:19:41:18 -0500] "GET /BLA/boletinlegal/Circulares/2019/Circular%2000018%20del%2020%20de%20noviembre%20de%202019.pdf HTTP/1.1" 200 158030
172.22.2.4 - - [02/Apr/2022:19:41:22 -0500] "GET /BLA/boletinlegal/Circulares/2019/.pdf HTTP/1.1" 404 1218
172.22.2.4 - - [02/Apr/2022:19:41:24 -0500] "GET /BLA/boletinlegal/Circulares/2018/Circular%20No.%2011%20del%2024%20de%20Septiembre%20de%202018.pdf HTTP/1.1" 200 169541
172.22.2.4 - - [02/Apr/2022:19:41:31 -0500] "GET /BLA/boletinlegal/Circulares/2018/Circular%20No.%2010%20del%2021%20de%20Septiembre%20de%202018.pdf HTTP/1.1" 200 163426
172.22.2.4 - - [02/Apr/2022:19:41:38 -0500] "GET /BLA/boletinlegal/Circulares/2018/Circular%20No.%200015%20del%207%20de%20Diciembre%20de%202018.pdf HTTP/1.1" 200 165305
172.22.2.4 - - [02/Apr/2022:19:41:45 -0500] "GET /BLA/boletinlegal/Circulares/2018/CIRCULAR%20COJUNTA%20042%20DE%202018.pdf HTTP/1.1" 200 515008
172.22.2.4 - - [02/Apr/2022:19:41:59 -0500] "GET /BLA/boletinlegal/Circulares/2017/Circular%20No.%202%20del%201%20de%20Septiembre%20de%202017.pdf HTTP/1.1" 200 152575
216.245.221.92 - - [02/Apr/2022:19:42:02 -0500] "HEAD / HTTP/1.1" 200 -
172.22.2.4 - - [02/Apr/2022:19:42:07 -0500] "GET /BLA/boletinlegal/Circulares/2017/Circular%20No.%201%20del%2030%20de%20Marzo%20de%202017.pdf HTTP/1.1" 200 668532
172.22.2.4 - - [02/Apr/2022:19:42:14 -0500] "GET /BLA/boletinlegal/Circulares/2017/Circular%20No.%2007%20del%2028%20de%20Abril%20de%202017.pdf HTTP/1.1" 200 309906
172.22.2.4 - - [02/Apr/2022:19:42:21 -0500] "GET /BLA/boletinlegal/Circulares/2017/Circular%20No.%20011%20del%2005%20de%20julio%20de%202017.pdf HTTP/1.1" 200 965526
172.22.2.4 - - [02/Apr/2022:19:42:28 -0500] "GET /BLA/boletinlegal/Circulares/2015/Circular%20No.%202%20del%201%20de%20julio%20de%202015.pdf HTTP/1.1" 200 752890
172.22.2.4 - - [02/Apr/2022:19:42:36 -0500] "GET /BLA/boletinlegal/Circulares/2015/Circular%20No.%201%20del%2010%20de%20Febrero%20de%202015.pdf HTTP/1.1" 200 660637
172.22.2.4 - - [02/Apr/2022:19:42:43 -0500] "GET /BLA/boletinlegal/Circulares/2014/Circular%20No.%203%20del%2014%20de%20Noviembre%20de%202014.pdf HTTP/1.1" 200 104132
172.22.2.4 - - [02/Apr/2022:19:42:49 -0500] "GET /BLA/boletinlegal/Circulares/2014/Circular%20No.%202%20del%2021%20de%20septiembre%20de%202014.pdf HTTP/1.1" 200 143376
172.22.2.4 - - [02/Apr/2022:19:42:55 -0500] "GET /BLA/boletinlegal/Circulares/2014/Circular%20No.%201%20del%2008%20de%20Mayo%20de%202014.pdf HTTP/1.1" 200 180124
172.22.2.4 - - [02/Apr/2022:19:43:03 -0500] "GET /BLA/boletinlegal/Circulares/2013/Circular%20No.%208%20del%201%20de%20Noviembre%20de%202013.pdf HTTP/1.1" 200 385156
201.245.192.253 - - [02/Apr/2022:19:42:29 -0500] "POST /kwsrmcab/Wsrmcab HTTP/1.1" 200 43375
172.22.2.4 - - [02/Apr/2022:19:41:48 -0500] "HEAD /BLA/boletinlegal/ HTTP/1.1" 200 -
201.245.192.253 - - [02/Apr/2022:19:43:21 -0500] "POST /kwsrmcab/Wsrmcab HTTP/1.1" 200 45617
172.22.2.4 - - [02/Apr/2022:19:42:38 -0500] "GET /BLA/boletinlegal/ HTTP/1.1" 200 61416
216.245.221.92 - - [02/Apr/2022:19:47:02 -0500] "HEAD / HTTP/1.1" 200 -
172.22.2.4 - - [02/Apr/2022:19:47:09 -0500] "GET /BLA/boletinlegal/ HTTP/1.1" 200 20427
172.22.2.4 - - [02/Apr/2022:19:47:38 -0500] "HEAD /BLA/boletinlegal/ HTTP/1.1" 200 -
172.22.2.4 - - [02/Apr/2022:19:48:28 -0500] "GET /BLA/boletinlegal/ HTTP/1.1" 200 59170
186.102.30.253 - - [02/Apr/2022:19:50:47 -0500] "GET /galeria/galeria/jquery.fancybox.css?v=2.1.5 HTTP/1.1" 200 4895
186.102.30.253 - - [02/Apr/2022:19:50:48 -0500] "GET /BLA/boletinlegal/js/jquery.scrollShow.js HTTP/1.1" 200 4586
186.102.30.253 - - [02/Apr/2022:19:50:48 -0500] "GET /galeria/galeria/jquery.fancybox.js?v=2.1.5 HTTP/1.1" 200 48706
207.46.13.186 - - [02/Apr/2022:19:51:05 -0500] "GET /portaldeninos/2021/05/30/manejo-de-residuos/ HTTP/1.1" 200 85565
172.22.2.4 - - [02/Apr/2022:19:51:44 -0500] "GET /BLA/boletinlegal/style.css HTTP/1.1" 200 9406
172.22.2.4 - - [02/Apr/2022:19:51:44 -0500] "GET /BLA/boletinlegal/styles2.css HTTP/1.1" 200 1838
172.22.2.4 - - [02/Apr/2022:19:51:44 -0500] "GET /BLA/boletinlegal/js/jquery.js HTTP/1.1" 200 57254
172.22.2.4 - - [02/Apr/2022:19:51:44 -0500] "GET /BLA/boletinlegal/js/jquery.scrollTo-min.js HTTP/1.1" 200 1150
172.22.2.4 - - [02/Apr/2022:19:51:44 -0500] "GET /BLA/boletinlegal/js/jquery.scrollShow.js HTTP/1.1" 200 4586
172.22.2.4 - - [02/Apr/2022:19:51:44 -0500] "GET /BLA/boletinlegal/images/cabezote%20BLEGAL.jpg HTTP/1.1" 200 118164
172.22.2.4 - - [02/Apr/2022:19:51:44 -0500] "GET /BLA/boletinlegal/images/historia.png HTTP/1.1" 200 52775
172.22.2.4 - - [02/Apr/2022:19:51:44 -0500] "GET /BLA/boletinlegal/images/subscribe-icon-big.png HTTP/1.1" 200 47702
172.22.2.4 - - [02/Apr/2022:19:51:44 -0500] "GET /BLA/boletinlegal/images/registro-usuarios.png HTTP/1.1" 200 8106
172.22.2.4 - - [02/Apr/2022:19:51:45 -0500] "GET /BLA/boletinlegal/images/arr_l.jpg HTTP/1.1" 200 1979
172.22.2.4 - - [02/Apr/2022:19:51:45 -0500] "GET /BLA/boletinlegal/images/screen_1.png HTTP/1.1" 200 202547
172.22.2.4 - - [02/Apr/2022:19:51:45 -0500] "GET /BLA/boletinlegal/images/launch.jpg HTTP/1.1" 200 14577
172.22.2.4 - - [02/Apr/2022:19:51:45 -0500] "GET /BLA/boletinlegal/images/body_bg.jpg HTTP/1.1" 200 1601
172.22.2.4 - - [02/Apr/2022:19:51:45 -0500] "GET /BLA/boletinlegal/images/menu_lft.gif HTTP/1.1" 200 1713
172.22.2.4 - - [02/Apr/2022:19:51:45 -0500] "GET /BLA/boletinlegal/images/menu_rght.gif HTTP/1.1" 200 1627
172.22.2.4 - - [02/Apr/2022:19:51:45 -0500] "GET /BLA/boletinlegal/images/bg_top.jpg HTTP/1.1" 200 522
172.22.2.4 - - [02/Apr/2022:19:51:45 -0500] "GET /BLA/boletinlegal/images/menu_bg.jpg HTTP/1.1" 200 620
172.22.2.4 - - [02/Apr/2022:19:51:45 -0500] "GET /BLA/boletinlegal/images/text.jpg HTTP/1.1" 200 568
172.22.2.4 - - [02/Apr/2022:19:51:45 -0500] "GET /BLA/boletinlegal/images/hover.jpg HTTP/1.1" 200 640
172.22.2.4 - - [02/Apr/2022:19:51:50 -0500] "GET /BLA/boletinlegal/images/screen_2.png HTTP/1.1" 200 362502
172.22.2.4 - - [02/Apr/2022:19:51:50 -0500] "GET /BLA/boletinlegal/images/screen_3.png HTTP/1.1" 200 210620
172.22.2.4 - - [02/Apr/2022:19:51:50 -0500] "GET /BLA/boletinlegal/images/screen_5.png HTTP/1.1" 200 368876
172.22.2.4 - - [02/Apr/2022:19:51:50 -0500] "GET /BLA/boletinlegal/images/arr_r.jpg HTTP/1.1" 200 1998
172.22.2.4 - - [02/Apr/2022:19:51:50 -0500] "GET /BLA/boletinlegal/images/footer_bg.jpg HTTP/1.1" 200 586
172.22.2.4 - - [02/Apr/2022:19:51:52 -0500] "GET /BLA/boletinlegal/actos.php HTTP/1.1" 200 9555
172.22.2.4 - - [02/Apr/2022:19:51:52 -0500] "GET /BLA/boletinlegal/js/ajax_actos.js HTTP/1.1" 200 1322
172.22.2.4 - - [02/Apr/2022:19:51:52 -0500] "GET /BLA/boletinlegal/niceforms.js HTTP/1.1" 200 22876
172.22.2.4 - - [02/Apr/2022:19:51:52 -0500] "GET /BLA/boletinlegal/js/lib.js HTTP/1.1" 200 6474
172.22.2.4 - - [02/Apr/2022:19:51:52 -0500] "GET /BLA/boletinlegal/niceforms-default.css HTTP/1.1" 200 6694
172.22.2.4 - - [02/Apr/2022:19:51:52 -0500] "GET /BLA/boletinlegal/js/jquery1.js HTTP/1.1" 200 29846
172.22.2.4 - - [02/Apr/2022:19:51:52 -0500] "GET /BLA/boletinlegal/js/popup.js HTTP/1.1" 200 1270
172.22.2.4 - - [02/Apr/2022:19:51:53 -0500] "GET /BLA/boletinlegal/images/green-yellow-blue-pink-th.png HTTP/1.1" 200 7394
172.22.2.4 - - [02/Apr/2022:19:51:53 -0500] "GET /BLA/boletinlegal/images/abajo.png HTTP/1.1" 200 96676
172.22.2.4 - - [02/Apr/2022:19:51:53 -0500] "GET /BLA/boletinlegal/images/tel.png HTTP/1.1" 200 14477
172.22.2.4 - - [02/Apr/2022:19:51:53 -0500] "GET /BLA/boletinlegal/images/icono-email.png HTTP/1.1" 200 5544
172.22.2.4 - - [02/Apr/2022:19:51:53 -0500] "GET /BLA/boletinlegal/images/footer_bg_l.jpg HTTP/1.1" 200 776
172.22.2.4 - - [02/Apr/2022:19:51:54 -0500] "GET /BLA/boletinlegal/img/0.png HTTP/1.1" 200 110
172.22.2.4 - - [02/Apr/2022:19:51:54 -0500] "GET /BLA/boletinlegal/img/select-left.png HTTP/1.1" 200 263
172.22.2.4 - - [02/Apr/2022:19:51:54 -0500] "GET /BLA/boletinlegal/img/button-left.png HTTP/1.1" 200 57071
172.22.2.4 - - [02/Apr/2022:19:51:54 -0500] "GET /BLA/boletinlegal/img/button.png HTTP/1.1" 200 43241
172.22.2.4 - - [02/Apr/2022:19:51:54 -0500] "GET /BLA/boletinlegal/img/select-right.png HTTP/1.1" 200 44019
172.22.2.4 - - [02/Apr/2022:19:51:54 -0500] "GET /BLA/boletinlegal/img/button-right.png HTTP/1.1" 200 57878
172.22.2.4 - - [02/Apr/2022:19:51:54 -0500] "GET /BLA/boletinlegal/favicon.ico HTTP/1.1" 404 1326
216.245.221.92 - - [02/Apr/2022:19:52:02 -0500] "HEAD / HTTP/1.1" 200 -
172.22.2.4 - - [02/Apr/2022:19:51:43 -0500] "GET /BLA/boletinlegal/ HTTP/1.1" 200 32715
172.22.2.4 - - [02/Apr/2022:19:52:27 -0500] "GET /BLA/boletinlegal/consulta_actos.php?tipo=autos&no=5277&usuario=&sector=&fecha=2018&resuelve= HTTP/1.1" 200 1309
172.22.2.4 - - [02/Apr/2022:19:52:27 -0500] "GET /BLA/boletinlegal/images/pdf.gif HTTP/1.1" 200 567
181.63.133.130 - - [02/Apr/2022:19:52:30 -0500] "GET /BLA/resoluciones/AUTOS%202018/5277.pdf HTTP/1.1" 200 289520
181.63.133.130 - - [02/Apr/2022:19:52:31 -0500] "GET /favicon.ico HTTP/1.1" 200 7782
207.46.13.157 - - [02/Apr/2022:19:52:27 -0500] "GET /BLA/resoluciones/index.php?dir=AUTOS+2014%2F HTTP/1.1" 200 749515
172.22.2.4 - - [02/Apr/2022:19:52:54 -0500] "GET /BLA/boletinlegal/circulares/2011/circular%20no.%202%20del%2031%20de%20mayo%20de%202011.pdf HTTP/1.1" 200 496778
207.46.13.199 - - [02/Apr/2022:19:52:54 -0500] "GET /BLA/resoluciones/index.php?dir=RESOLUCIONES+2018%2F HTTP/1.1" 200 259532
207.46.13.209 - - [02/Apr/2022:19:53:15 -0500] "GET /BLA/resoluciones/RESOLUCIONES%202018/0388.pdf HTTP/1.1" 200 231982
207.46.13.199 - - [02/Apr/2022:19:54:05 -0500] "GET /BLA/resoluciones/index.php?dir=AUTOS+2015%2F HTTP/1.1" 200 576181
172.22.2.4 - - [02/Apr/2022:19:53:28 -0500] "HEAD /BLA/boletinlegal/ HTTP/1.1" 200 -
207.46.13.157 - - [02/Apr/2022:19:55:57 -0500] "GET /BLA/resoluciones/index.php?dir=AUTOS+2019%2F HTTP/1.1" 200 342327
172.22.2.4 - - [02/Apr/2022:19:54:18 -0500] "GET /BLA/boletinlegal/ HTTP/1.1" 200 59170
216.245.221.92 - - [02/Apr/2022:19:57:02 -0500] "HEAD / HTTP/1.1" 200 -
207.46.13.199 - - [02/Apr/2022:19:57:25 -0500] "GET /BLA/resoluciones/index.php?dir=RESOLUCIONES+2021%2F HTTP/1.1" 200 303054
207.46.13.179 - - [02/Apr/2022:20:00:08 -0500] "GET /BLA/resoluciones/index.php?dir=RESOLUCIONES+2009%2F HTTP/1.1" 200 749515
40.77.167.46 - - [02/Apr/2022:20:00:50 -0500] "GET /BLA/resoluciones/RESOLUCIONES%202020/2584.pdf HTTP/1.1" 200 338185
172.22.2.4 - - [02/Apr/2022:19:59:18 -0500] "HEAD /BLA/boletinlegal/ HTTP/1.1" 200 -
172.22.2.4 - - [02/Apr/2022:20:00:08 -0500] "GET /BLA/boletinlegal/ HTTP/1.1" 200 58588
216.245.221.92 - - [02/Apr/2022:20:02:02 -0500] "HEAD / HTTP/1.1" 200 -
23.95.100.141 - - [02/Apr/2022:20:03:54 -0500] "HEAD / HTTP/1.0" 200 -
181.237.42.244 - - [02/Apr/2022:20:06:16 -0500] "GET /documents/10184/2325415/pieza-concurso-buenas-practicas-20-septiembre.jpg HTTP/1.1" 404 1132
172.22.2.4 - - [02/Apr/2022:20:06:45 -0500] "GET /BLA/boletinlegal/jurisprudencia/analisis/analisis%20c-595-2010.doc HTTP/1.1" 200 39424
172.22.2.4 - - [02/Apr/2022:20:05:08 -0500] "HEAD /BLA/boletinlegal/ HTTP/1.1" 200 -
216.245.221.92 - - [02/Apr/2022:20:07:02 -0500] "HEAD / HTTP/1.1" 200 -
172.22.2.4 - - [02/Apr/2022:20:05:58 -0500] "GET /BLA/boletinlegal/ HTTP/1.1" 200 60932
66.249.73.127 - - [02/Apr/2022:20:08:05 -0500] "-" 408 -
181.237.42.244 - - [02/Apr/2022:20:08:21 -0500] "GET /documents/10184/2325415/pieza-concurso-buenas-practicas-20-septiembre.jpg HTTP/1.1" 404 1132
172.22.2.4 - - [02/Apr/2022:20:11:20 -0500] "GET /BLA/boletinlegal/apple-touch-icon-precomposed.png HTTP/1.1" 404 1140
172.22.2.4 - - [02/Apr/2022:20:11:21 -0500] "GET /BLA/boletinlegal/apple-touch-icon.png HTTP/1.1" 404 1140
172.22.2.4 - - [02/Apr/2022:20:11:21 -0500] "GET /BLA/boletinlegal/favicon.ico HTTP/1.1" 404 1140
216.245.221.92 - - [02/Apr/2022:20:12:02 -0500] "HEAD / HTTP/1.1" 200 -
172.22.2.4 - - [02/Apr/2022:20:10:51 -0500] "GET /BLA/boletinlegal/ HTTP/1.1" 200 49099
172.22.2.4 - - [02/Apr/2022:20:10:58 -0500] "HEAD /BLA/boletinlegal/ HTTP/1.1" 200 -
172.22.2.4 - - [02/Apr/2022:20:11:48 -0500] "GET /BLA/boletinlegal/ HTTP/1.1" 200 53739
207.46.13.43 - - [02/Apr/2022:20:15:14 -0500] "GET /IsolucionSDA/bancoconocimiento/M/MantenimientodeInfraestructuraFisica__v1/MantenimientodeInfraestructuraFisica__v1.asp?IdArticulo=2806 HTTP/1.1" 404 5257
181.237.42.244 - - [02/Apr/2022:20:15:50 -0500] "GET /documents/10184/2325415/pieza-concurso-buenas-practicas-20-septiembre.jpg HTTP/1.1" 404 1132
216.245.221.92 - - [02/Apr/2022:20:17:02 -0500] "HEAD / HTTP/1.1" 200 -
172.22.2.4 - - [02/Apr/2022:20:16:48 -0500] "HEAD /BLA/boletinlegal/ HTTP/1.1" 200 -
172.22.2.4 - - [02/Apr/2022:20:17:38 -0500] "GET /BLA/boletinlegal/ HTTP/1.1" 200 61416
40.77.167.78 - - [02/Apr/2022:20:19:52 -0500] "GET /portaldeninos/2021/05/30/biodiversidad/ HTTP/1.1" 200 85509
66.249.73.127 - - [02/Apr/2022:20:22:01 -0500] "-" 408 -
216.245.221.92 - - [02/Apr/2022:20:22:02 -0500] "HEAD / HTTP/1.1" 200 -
172.22.2.4 - - [02/Apr/2022:20:21:17 -0500] "GET /BLA/boletinlegal/?XDEBUG_SESSION_START=phpstorm HTTP/1.1" 200 36811
66.220.149.119 - - [02/Apr/2022:20:22:50 -0500] "GET /incautadas-tarantulas-que-iban-a-ser-exportadas-ilegalmente-desde-bogota-hasta-mexico.html?fbclid=IwAR0oBj84y-iiJvkhRLd8F1Lsr0F6wC6P9GpRO4TrekelzArg1ZRrVUqCDDw HTTP/1.1" 200 899
201.245.192.253 - - [02/Apr/2022:20:22:29 -0500] "POST /kwsrmcab/Wsrmcab HTTP/1.1" 200 43359
200.118.64.109 - - [02/Apr/2022:20:23:36 -0500] "GET /forms/frmservlet?config=sia HTTP/1.1" 200 4046
200.118.64.109 - - [02/Apr/2022:20:23:36 -0500] "GET /forms/frmservlet?config=sia HTTP/1.1" 200 4046
200.118.64.109 - - [02/Apr/2022:20:23:37 -0500] "GET /forms/java/oracle/forms/registry/Registry.dat HTTP/1.1" 200 4213
200.118.64.109 - - [02/Apr/2022:20:23:37 -0500] "GET /forms/java/oracle/forms/registry/default.dat HTTP/1.1" 404 350
200.118.64.109 - - [02/Apr/2022:20:23:37 -0500] "GET /forms/frmservlet?config=sia&acceptLanguage=en-us,en;q=0.5&ifcmd=startsession HTTP/1.1" 200 119
200.118.64.109 - - [02/Apr/2022:20:23:37 -0500] "GET /forms/lservlet;jsessionid=ac16012b30d67f0ea735364a4892a1adce0831ce6d46.e3iSbxaKaheRe34Sc38RahyRchr0n6jAmljGr5XDqQLvpAe?ifcmd=getinfo HTTP/1.1" 200 8
200.118.64.109 - - [02/Apr/2022:20:23:37 -0500] "POST /forms/lservlet;jsessionid=ac16012b30d67f0ea735364a4892a1adce0831ce6d46.e3iSbxaKaheRe34Sc38RahyRchr0n6jAmljGr5XDqQLvpAe HTTP/1.1" 200 8
200.118.64.109 - - [02/Apr/2022:20:23:38 -0500] "POST /forms/lservlet;jsessionid=ac16012b30d67f0ea735364a4892a1adce0831ce6d46.e3iSbxaKaheRe34Sc38RahyRchr0n6jAmljGr5XDqQLvpAe HTTP/1.1" 200 64000
200.118.64.109 - - [02/Apr/2022:20:23:39 -0500] "HEAD /imagenes/dama_logo.gif HTTP/1.1" 200 -
200.118.64.109 - - [02/Apr/2022:20:23:39 -0500] "POST /forms/lservlet;jsessionid=ac16012b30d67f0ea735364a4892a1adce0831ce6d46.e3iSbxaKaheRe34Sc38RahyRchr0n6jAmljGr5XDqQLvpAe HTTP/1.1" 200 64000
200.118.64.109 - - [02/Apr/2022:20:23:39 -0500] "POST /forms/lservlet;jsessionid=ac16012b30d67f0ea735364a4892a1adce0831ce6d46.e3iSbxaKaheRe34Sc38RahyRchr0n6jAmljGr5XDqQLvpAe HTTP/1.1" 200 63623
200.118.64.109 - - [02/Apr/2022:20:23:39 -0500] "POST /forms/lservlet;jsessionid=ac16012b30d67f0ea735364a4892a1adce0831ce6d46.e3iSbxaKaheRe34Sc38RahyRchr0n6jAmljGr5XDqQLvpAe HTTP/1.1" 200 2
200.118.64.109 - - [02/Apr/2022:20:23:51 -0500] "POST /forms/lservlet;jsessionid=ac16012b30d67f0ea735364a4892a1adce0831ce6d46.e3iSbxaKaheRe34Sc38RahyRchr0n6jAmljGr5XDqQLvpAe HTTP/1.1" 200 7979
200.118.64.109 - - [02/Apr/2022:20:23:52 -0500] "POST /forms/lservlet;jsessionid=ac16012b30d67f0ea735364a4892a1adce0831ce6d46.e3iSbxaKaheRe34Sc38RahyRchr0n6jAmljGr5XDqQLvpAe HTTP/1.1" 200 64
200.118.64.109 - - [02/Apr/2022:20:23:52 -0500] "POST /forms/lservlet;jsessionid=ac16012b30d67f0ea735364a4892a1adce0831ce6d46.e3iSbxaKaheRe34Sc38RahyRchr0n6jAmljGr5XDqQLvpAe HTTP/1.1" 200 2
200.118.64.109 - - [02/Apr/2022:20:23:52 -0500] "POST /forms/lservlet;jsessionid=ac16012b30d67f0ea735364a4892a1adce0831ce6d46.e3iSbxaKaheRe34Sc38RahyRchr0n6jAmljGr5XDqQLvpAe HTTP/1.1" 200 2
200.118.64.109 - - [02/Apr/2022:20:23:53 -0500] "POST /forms/lservlet;jsessionid=ac16012b30d67f0ea735364a4892a1adce0831ce6d46.e3iSbxaKaheRe34Sc38RahyRchr0n6jAmljGr5XDqQLvpAe HTTP/1.1" 200 2
200.118.64.109 - - [02/Apr/2022:20:23:56 -0500] "POST /forms/lservlet;jsessionid=ac16012b30d67f0ea735364a4892a1adce0831ce6d46.e3iSbxaKaheRe34Sc38RahyRchr0n6jAmljGr5XDqQLvpAe HTTP/1.1" 200 34712
200.118.64.109 - - [02/Apr/2022:20:23:56 -0500] "GET /imagenes/listval.gif HTTP/1.1" 200 905
200.118.64.109 - - [02/Apr/2022:20:23:56 -0500] "GET /imagenes/tree1.gif HTTP/1.1" 200 1161
200.118.64.109 - - [02/Apr/2022:20:23:56 -0500] "GET /imagenes/listval.gif HTTP/1.1" 200 905
200.118.64.109 - - [02/Apr/2022:20:23:56 -0500] "GET /imagenes/CAMERA3.gif HTTP/1.1" 200 4150
200.118.64.109 - - [02/Apr/2022:20:23:56 -0500] "GET /imagenes/SLIDE1.gif HTTP/1.1" 200 1111
200.118.64.109 - - [02/Apr/2022:20:23:57 -0500] "GET /imagenes/flexcomb.gif HTTP/1.1" 200 1169
200.118.64.109 - - [02/Apr/2022:20:23:57 -0500] "GET /imagenes/GO.gif HTTP/1.1" 200 904
200.118.64.109 - - [02/Apr/2022:20:23:57 -0500] "GET /imagenes/HRTOOLS.gif HTTP/1.1" 200 2238
200.118.64.109 - - [02/Apr/2022:20:23:57 -0500] "GET /imagenes/rt_rec1.gif HTTP/1.1" 200 867
200.118.64.109 - - [02/Apr/2022:20:23:57 -0500] "GET /imagenes/apply.gif HTTP/1.1" 200 903
200.118.64.109 - - [02/Apr/2022:20:23:57 -0500] "GET /imagenes/exit.gif HTTP/1.1" 200 916
200.118.64.109 - - [02/Apr/2022:20:23:57 -0500] "GET /imagenes/LISTVAL.gif HTTP/1.1" 200 905
200.118.64.109 - - [02/Apr/2022:20:23:57 -0500] "GET /imagenes/edit.gif HTTP/1.1" 200 919
200.118.64.109 - - [02/Apr/2022:20:23:57 -0500] "GET /imagenes/rt_rec4.gif HTTP/1.1" 200 865
200.118.64.109 - - [02/Apr/2022:20:23:57 -0500] "GET /imagenes/rt_rec3.gif HTTP/1.1" 200 844
200.118.64.109 - - [02/Apr/2022:20:23:57 -0500] "GET /imagenes/rt_rec2.gif HTTP/1.1" 200 847
200.118.64.109 - - [02/Apr/2022:20:23:57 -0500] "GET /imagenes/rt_rdel.gif HTTP/1.1" 200 899
200.118.64.109 - - [02/Apr/2022:20:23:57 -0500] "GET /imagenes/rt_radd.gif HTTP/1.1" 200 907
200.118.64.109 - - [02/Apr/2022:20:23:57 -0500] "GET /imagenes/rt_quer3.gif HTTP/1.1" 200 939
200.118.64.109 - - [02/Apr/2022:20:23:57 -0500] "GET /imagenes/rt_quer2.gif HTTP/1.1" 200 936
200.118.64.109 - - [02/Apr/2022:20:23:57 -0500] "GET /imagenes/rt_quer1.gif HTTP/1.1" 200 930
200.118.64.109 - - [02/Apr/2022:20:23:57 -0500] "GET /imagenes/rt_save.gif HTTP/1.1" 200 903
200.118.64.109 - - [02/Apr/2022:20:23:57 -0500] "GET /imagenes/rt_pset.gif HTTP/1.1" 200 914
200.118.64.109 - - [02/Apr/2022:20:23:57 -0500] "GET /imagenes/QUEJA.gif HTTP/1.1" 200 1091
200.118.64.109 - - [02/Apr/2022:20:23:57 -0500] "GET /imagenes/ARBOL.gif HTTP/1.1" 200 1026
200.118.64.109 - - [02/Apr/2022:20:23:57 -0500] "GET /imagenes/Clipboard.gif HTTP/1.1" 200 1466
200.118.64.109 - - [02/Apr/2022:20:23:58 -0500] "GET /imagenes/DINERO.gif HTTP/1.1" 200 1766
200.118.64.109 - - [02/Apr/2022:20:23:58 -0500] "GET /imagenes/URGENTE.gif HTTP/1.1" 200 964
200.118.64.109 - - [02/Apr/2022:20:23:58 -0500] "GET /imagenes/TREE4.gif HTTP/1.1" 200 4150
200.118.64.109 - - [02/Apr/2022:20:23:58 -0500] "POST /forms/lservlet;jsessionid=ac16012b30d67f0ea735364a4892a1adce0831ce6d46.e3iSbxaKaheRe34Sc38RahyRchr0n6jAmljGr5XDqQLvpAe HTTP/1.1" 200 7
200.118.64.109 - - [02/Apr/2022:20:23:58 -0500] "POST /forms/lservlet;jsessionid=ac16012b30d67f0ea735364a4892a1adce0831ce6d46.e3iSbxaKaheRe34Sc38RahyRchr0n6jAmljGr5XDqQLvpAe HTTP/1.1" 200 34
200.118.64.109 - - [02/Apr/2022:20:23:58 -0500] "POST /forms/lservlet;jsessionid=ac16012b30d67f0ea735364a4892a1adce0831ce6d46.e3iSbxaKaheRe34Sc38RahyRchr0n6jAmljGr5XDqQLvpAe HTTP/1.1" 200 2
200.118.64.109 - - [02/Apr/2022:20:23:59 -0500] "POST /forms/lservlet;jsessionid=ac16012b30d67f0ea735364a4892a1adce0831ce6d46.e3iSbxaKaheRe34Sc38RahyRchr0n6jAmljGr5XDqQLvpAe HTTP/1.1" 200 2
200.118.64.109 - - [02/Apr/2022:20:24:00 -0500] "POST /forms/lservlet;jsessionid=ac16012b30d67f0ea735364a4892a1adce0831ce6d46.e3iSbxaKaheRe34Sc38RahyRchr0n6jAmljGr5XDqQLvpAe HTTP/1.1" 200 699
200.118.64.109 - - [02/Apr/2022:20:24:00 -0500] "GET /imagenes/Srch_frw.gif HTTP/1.1" 200 925
200.118.64.109 - - [02/Apr/2022:20:24:00 -0500] "POST /forms/lservlet;jsessionid=ac16012b30d67f0ea735364a4892a1adce0831ce6d46.e3iSbxaKaheRe34Sc38RahyRchr0n6jAmljGr5XDqQLvpAe HTTP/1.1" 200 10
200.118.64.109 - - [02/Apr/2022:20:24:02 -0500] "POST /forms/lservlet;jsessionid=ac16012b30d67f0ea735364a4892a1adce0831ce6d46.e3iSbxaKaheRe34Sc38RahyRchr0n6jAmljGr5XDqQLvpAe HTTP/1.1" 200 24
200.118.64.109 - - [02/Apr/2022:20:24:02 -0500] "POST /forms/lservlet;jsessionid=ac16012b30d67f0ea735364a4892a1adce0831ce6d46.e3iSbxaKaheRe34Sc38RahyRchr0n6jAmljGr5XDqQLvpAe HTTP/1.1" 200 580
200.118.64.109 - - [02/Apr/2022:20:24:03 -0500] "POST /forms/lservlet;jsessionid=ac16012b30d67f0ea735364a4892a1adce0831ce6d46.e3iSbxaKaheRe34Sc38RahyRchr0n6jAmljGr5XDqQLvpAe HTTP/1.1" 200 11
200.118.64.109 - - [02/Apr/2022:20:24:10 -0500] "POST /forms/lservlet;jsessionid=ac16012b30d67f0ea735364a4892a1adce0831ce6d46.e3iSbxaKaheRe34Sc38RahyRchr0n6jAmljGr5XDqQLvpAe HTTP/1.1" 200 355
201.245.192.253 - - [02/Apr/2022:20:23:25 -0500] "POST /kwsrmcab/Wsrmcab HTTP/1.1" 200 45151
172.22.2.4 - - [02/Apr/2022:20:22:38 -0500] "HEAD /BLA/boletinlegal/ HTTP/1.1" 200 -
200.118.64.109 - - [02/Apr/2022:20:24:34 -0500] "POST /forms/lservlet;jsessionid=ac16012b30d67f0ea735364a4892a1adce0831ce6d46.e3iSbxaKaheRe34Sc38RahyRchr0n6jAmljGr5XDqQLvpAe HTTP/1.1" 200 1988
200.118.64.109 - - [02/Apr/2022:20:24:34 -0500] "POST /forms/lservlet;jsessionid=ac16012b30d67f0ea735364a4892a1adce0831ce6d46.e3iSbxaKaheRe34Sc38RahyRchr0n6jAmljGr5XDqQLvpAe HTTP/1.1" 200 78
172.22.2.4 - - [02/Apr/2022:20:23:28 -0500] "GET /BLA/boletinlegal/ HTTP/1.1" 200 59170
200.118.64.109 - - [02/Apr/2022:20:25:38 -0500] "POST /forms/lservlet;jsessionid=ac16012b30d67f0ea735364a4892a1adce0831ce6d46.e3iSbxaKaheRe34Sc38RahyRchr0n6jAmljGr5XDqQLvpAe HTTP/1.1" 200 2
172.22.2.4 - - [02/Apr/2022:20:26:35 -0500] "GET /BLA/boletinlegal/circulares/2011/circular%20no.%201%20del%2012%20de%20abril%20de%202011.pdf HTTP/1.1" 200 366269
216.245.221.92 - - [02/Apr/2022:20:27:02 -0500] "HEAD / HTTP/1.1" 200 -
200.118.64.109 - - [02/Apr/2022:20:27:38 -0500] "POST /forms/lservlet;jsessionid=ac16012b30d67f0ea735364a4892a1adce0831ce6d46.e3iSbxaKaheRe34Sc38RahyRchr0n6jAmljGr5XDqQLvpAe HTTP/1.1" 200 2
207.46.13.43 - - [02/Apr/2022:20:28:55 -0500] "GET /BLA/resoluciones/RESOLUCIONES%202021/2042.pdf HTTP/1.1" 304 -
200.118.64.109 - - [02/Apr/2022:20:29:38 -0500] "POST /forms/lservlet;jsessionid=ac16012b30d67f0ea735364a4892a1adce0831ce6d46.e3iSbxaKaheRe34Sc38RahyRchr0n6jAmljGr5XDqQLvpAe HTTP/1.1" 200 2
172.22.2.4 - - [02/Apr/2022:20:28:28 -0500] "HEAD /BLA/boletinlegal/ HTTP/1.1" 200 -
172.22.2.4 - - [02/Apr/2022:20:29:18 -0500] "GET /BLA/boletinlegal/ HTTP/1.1" 200 55877
200.118.64.109 - - [02/Apr/2022:20:31:38 -0500] "POST /forms/lservlet;jsessionid=ac16012b30d67f0ea735364a4892a1adce0831ce6d46.e3iSbxaKaheRe34Sc38RahyRchr0n6jAmljGr5XDqQLvpAe HTTP/1.1" 200 2
179.32.139.20 - - [02/Apr/2022:20:32:01 -0500] "GET /galeria/galeria/jquery.fancybox.css?v=2.1.5 HTTP/1.1" 200 4895
179.32.139.20 - - [02/Apr/2022:20:32:01 -0500] "GET /BLA/boletinlegal/js/jquery.scrollShow.js HTTP/1.1" 200 4586
179.32.139.20 - - [02/Apr/2022:20:32:01 -0500] "GET /galeria/galeria/jquery.fancybox.js?v=2.1.5 HTTP/1.1" 200 48706
216.245.221.92 - - [02/Apr/2022:20:32:02 -0500] "HEAD / HTTP/1.1" 200 -
207.46.13.199 - - [02/Apr/2022:20:32:38 -0500] "GET /BLA/resoluciones/index.php?dir=RESOLUCIONES+2021%2F HTTP/1.1" 200 303054
201.245.192.253 - - [02/Apr/2022:20:32:30 -0500] "POST /kwsrmcab/Wsrmcab HTTP/1.1" 200 43359
179.33.127.244 - - [02/Apr/2022:20:33:27 -0500] "GET /galeria/galeria/jquery.fancybox.css?v=2.1.5 HTTP/1.1" 200 4895
200.118.64.109 - - [02/Apr/2022:20:33:38 -0500] "POST /forms/lservlet;jsessionid=ac16012b30d67f0ea735364a4892a1adce0831ce6d46.e3iSbxaKaheRe34Sc38RahyRchr0n6jAmljGr5XDqQLvpAe HTTP/1.1" 200 2
66.249.73.127 - - [02/Apr/2022:20:33:40 -0500] "-" 408 -
201.245.192.253 - - [02/Apr/2022:20:33:19 -0500] "POST /kwsrmcab/Wsrmcab HTTP/1.1" 200 45151
207.46.13.179 - - [02/Apr/2022:20:34:11 -0500] "GET /BLA/resoluciones/index.php?dir=RESOLUCIONES+2019%2F HTTP/1.1" 200 234695
200.118.64.109 - - [02/Apr/2022:20:35:38 -0500] "POST /forms/lservlet;jsessionid=ac16012b30d67f0ea735364a4892a1adce0831ce6d46.e3iSbxaKaheRe34Sc38RahyRchr0n6jAmljGr5XDqQLvpAe HTTP/1.1" 200 2
172.22.2.4 - - [02/Apr/2022:20:34:18 -0500] "HEAD /BLA/boletinlegal/ HTTP/1.1" 200 -
172.22.2.4 - - [02/Apr/2022:20:35:08 -0500] "GET /BLA/boletinlegal/ HTTP/1.1" 200 53739
216.245.221.92 - - [02/Apr/2022:20:37:02 -0500] "HEAD / HTTP/1.1" 200 -
74.125.210.59 - - [02/Apr/2022:20:37:05 -0500] "GET /reportes_sipse/imagenes/logoAplicacion.jpg HTTP/1.1" 200 26872
200.118.64.109 - - [02/Apr/2022:20:37:38 -0500] "POST /forms/lservlet;jsessionid=ac16012b30d67f0ea735364a4892a1adce0831ce6d46.e3iSbxaKaheRe34Sc38RahyRchr0n6jAmljGr5XDqQLvpAe HTTP/1.1" 200 2
172.22.2.4 - - [02/Apr/2022:20:36:25 -0500] "GET /BLA/boletinlegal/ HTTP/1.1" 200 62201
128.14.209.162 - - [02/Apr/2022:20:39:36 -0500] "GET / HTTP/1.1" 200 319
200.118.64.109 - - [02/Apr/2022:20:39:39 -0500] "POST /forms/lservlet;jsessionid=ac16012b30d67f0ea735364a4892a1adce0831ce6d46.e3iSbxaKaheRe34Sc38RahyRchr0n6jAmljGr5XDqQLvpAe HTTP/1.1" 200 2
66.249.73.127 - - [02/Apr/2022:20:40:14 -0500] "-" 408 -
172.22.2.4 - - [02/Apr/2022:20:40:16 -0500] "GET /BLA/boletinlegal/Circulares/2022/CIRCULAR%20No.%2000003%20DEL%2007%20DE%20MARZO%20DEL%202022.pdf HTTP/1.1" 404 1038
172.22.2.4 - - [02/Apr/2022:20:40:19 -0500] "GET /BLA/boletinlegal/Circulares/2021/CIRCULAR%20No.%2000009%20DEL%2001%20DE%20OCTUBRE%20DEL%202021.pdf HTTP/1.1" 200 320793
172.22.2.4 - - [02/Apr/2022:20:40:25 -0500] "GET /BLA/boletinlegal/Circulares/2021/CIRCULAR%20No.%2000007%20DEL%2010%20DE%20AGOSTO%20DEL%202021.pdf HTTP/1.1" 200 266364
172.22.2.4 - - [02/Apr/2022:20:40:29 -0500] "GET /BLA/boletinlegal/Circulares/2021/CIRCULAR%20No.%2000006%20DEL%2005%20DE%20AGOSTO%20DEL%202021.pdf HTTP/1.1" 200 249615
172.22.2.4 - - [02/Apr/2022:20:40:34 -0500] "GET /BLA/boletinlegal/Circulares/2020/Circular%20No.%2000018%20del%2002%20de%20diciembre%20del%202020.pdf HTTP/1.1" 200 276868
172.22.2.4 - - [02/Apr/2022:20:40:40 -0500] "GET /BLA/boletinlegal/Circulares/2020/Circular%2000010%20del%2027%20de%20julio%20de%202020.pdf HTTP/1.1" 200 422655
172.22.2.4 - - [02/Apr/2022:20:40:48 -0500] "GET /BLA/boletinlegal/Circulares/2020/CIRCULAR%20No.%2000019%20DEL%2018%20DE%20DICIEMBRE%20DEL%202020.pdf HTTP/1.1" 200 307959
172.22.2.4 - - [02/Apr/2022:20:40:55 -0500] "GET /BLA/boletinlegal/Circulares/2020/CIRCULAR%20No.%2000014%20del%2001%20de%20septiembre%20del%202020.pdf HTTP/1.1" 200 320826
172.22.2.4 - - [02/Apr/2022:20:41:00 -0500] "GET /BLA/boletinlegal/Circulares/2019/Circular%20No.%2012%20del%2014%20de%20Marzo%20de%202019.pdf HTTP/1.1" 200 344384
172.22.2.4 - - [02/Apr/2022:20:41:06 -0500] "GET /BLA/boletinlegal/Circulares/2019/Circular%20No.%20006%20del%2008%20de%20Febrero%20de%202019.pdf HTTP/1.1" 200 674401
172.22.2.4 - - [02/Apr/2022:20:41:15 -0500] "GET /BLA/boletinlegal/Circulares/2019/Circular%20No.%200015%20del%2003%20de%20Octubre%20de%202019.pdf HTTP/1.1" 200 165608
172.22.2.4 - - [02/Apr/2022:20:41:21 -0500] "GET /BLA/boletinlegal/Circulares/2019/Circular%20No.%200005%20del%2020%20de%20Marzo%20de%202019.pdf HTTP/1.1" 200 159877
172.22.2.4 - - [02/Apr/2022:20:41:28 -0500] "GET /BLA/boletinlegal/Circulares/2019/Circular%20No.%200003%20del%2031%20de%20Enero%20de%202019.pdf HTTP/1.1" 200 164676
172.22.2.4 - - [02/Apr/2022:20:41:34 -0500] "GET /BLA/boletinlegal/Circulares/2019/Circular%2000020%20del%2020%20de%20diciembre%20de%202019.pdf HTTP/1.1" 200 145170
200.118.64.109 - - [02/Apr/2022:20:41:39 -0500] "POST /forms/lservlet;jsessionid=ac16012b30d67f0ea735364a4892a1adce0831ce6d46.e3iSbxaKaheRe34Sc38RahyRchr0n6jAmljGr5XDqQLvpAe HTTP/1.1" 200 2
172.22.2.4 - - [02/Apr/2022:20:41:39 -0500] "GET /BLA/boletinlegal/Circulares/2019/Circular%2000018%20del%2020%20de%20noviembre%20de%202019.pdf HTTP/1.1" 200 158030
172.22.2.4 - - [02/Apr/2022:20:41:45 -0500] "GET /BLA/boletinlegal/Circulares/2019/.pdf HTTP/1.1" 404 1218
172.22.2.4 - - [02/Apr/2022:20:41:47 -0500] "GET /BLA/boletinlegal/Circulares/2018/Circular%20No.%2011%20del%2024%20de%20Septiembre%20de%202018.pdf HTTP/1.1" 200 169541
172.22.2.4 - - [02/Apr/2022:20:40:08 -0500] "HEAD /BLA/boletinlegal/ HTTP/1.1" 200 -
172.22.2.4 - - [02/Apr/2022:20:41:51 -0500] "GET /BLA/boletinlegal/Circulares/2018/Circular%20No.%2010%20del%2021%20de%20Septiembre%20de%202018.pdf HTTP/1.1" 200 163426
172.22.2.4 - - [02/Apr/2022:20:41:56 -0500] "GET /BLA/boletinlegal/Circulares/2018/Circular%20No.%200015%20del%207%20de%20Diciembre%20de%202018.pdf HTTP/1.1" 200 165305
172.22.2.4 - - [02/Apr/2022:20:42:02 -0500] "GET /BLA/boletinlegal/Circulares/2018/CIRCULAR%20COJUNTA%20042%20DE%202018.pdf HTTP/1.1" 200 515008
216.245.221.92 - - [02/Apr/2022:20:42:02 -0500] "HEAD / HTTP/1.1" 200 -
172.22.2.4 - - [02/Apr/2022:20:42:11 -0500] "GET /BLA/boletinlegal/Circulares/2017/Circular%20No.%202%20del%201%20de%20Septiembre%20de%202017.pdf HTTP/1.1" 200 152575
172.22.2.4 - - [02/Apr/2022:20:42:27 -0500] "GET /BLA/boletinlegal/Circulares/2017/Circular%20No.%201%20del%2030%20de%20Marzo%20de%202017.pdf HTTP/1.1" 200 668532
172.22.2.4 - - [02/Apr/2022:20:42:35 -0500] "GET /BLA/boletinlegal/Circulares/2017/Circular%20No.%2007%20del%2028%20de%20Abril%20de%202017.pdf HTTP/1.1" 200 309906
172.22.2.4 - - [02/Apr/2022:20:42:38 -0500] "GET /BLA/boletinlegal/actos.php HTTP/1.1" 200 9555
172.22.2.4 - - [02/Apr/2022:20:40:58 -0500] "GET /BLA/boletinlegal/ HTTP/1.1" 200 50207
172.22.2.4 - - [02/Apr/2022:20:42:40 -0500] "GET /BLA/boletinlegal/Circulares/2017/Circular%20No.%20011%20del%2005%20de%20julio%20de%202017.pdf HTTP/1.1" 200 965526
172.22.2.4 - - [02/Apr/2022:20:42:47 -0500] "GET /BLA/boletinlegal/Circulares/2015/Circular%20No.%202%20del%201%20de%20julio%20de%202015.pdf HTTP/1.1" 200 752890
172.22.2.4 - - [02/Apr/2022:20:42:53 -0500] "GET /BLA/boletinlegal/Circulares/2015/Circular%20No.%201%20del%2010%20de%20Febrero%20de%202015.pdf HTTP/1.1" 200 660637
172.22.2.4 - - [02/Apr/2022:20:43:01 -0500] "GET /BLA/boletinlegal/Circulares/2014/Circular%20No.%203%20del%2014%20de%20Noviembre%20de%202014.pdf HTTP/1.1" 200 104132
172.22.2.4 - - [02/Apr/2022:20:41:41 -0500] "GET /BLA/boletinlegal/ HTTP/1.1" 200 49099
172.22.2.4 - - [02/Apr/2022:20:43:06 -0500] "GET /BLA/boletinlegal/Circulares/2014/Circular%20No.%202%20del%2021%20de%20septiembre%20de%202014.pdf HTTP/1.1" 200 143376
172.22.2.4 - - [02/Apr/2022:20:43:11 -0500] "GET /BLA/boletinlegal/Circulares/2014/Circular%20No.%201%20del%2008%20de%20Mayo%20de%202014.pdf HTTP/1.1" 200 180124
172.22.2.4 - - [02/Apr/2022:20:43:15 -0500] "GET /BLA/boletinlegal/Circulares/2013/Circular%20No.%208%20del%201%20de%20Noviembre%20de%202013.pdf HTTP/1.1" 200 385156
201.245.192.253 - - [02/Apr/2022:20:42:29 -0500] "POST /kwsrmcab/Wsrmcab HTTP/1.1" 200 43359
172.22.2.4 - - [02/Apr/2022:20:43:21 -0500] "GET /BLA/boletinlegal/Circulares/2013/Circular%20No.%207%20del%201%20de%20Agosto%20de%202013.pdf HTTP/1.1" 200 340934
172.22.2.4 - - [02/Apr/2022:20:43:26 -0500] "GET /BLA/boletinlegal/Circulares/2013/Circular%20No.%206%20del%2019%20de%20julio%20de%202013.pdf HTTP/1.1" 200 4210437
200.118.64.109 - - [02/Apr/2022:20:43:39 -0500] "POST /forms/lservlet;jsessionid=ac16012b30d67f0ea735364a4892a1adce0831ce6d46.e3iSbxaKaheRe34Sc38RahyRchr0n6jAmljGr5XDqQLvpAe HTTP/1.1" 200 2
172.22.2.4 - - [02/Apr/2022:20:43:48 -0500] "GET /BLA/boletinlegal/Circulares/2013/Circular%20No.%205%20del%2013%20de%20junio%20de%202013.pdf HTTP/1.1" 200 110904
172.22.2.4 - - [02/Apr/2022:20:43:53 -0500] "GET /BLA/boletinlegal/Circulares/2013/Circular%20No.%204%20del%2005%20de%20junio%20de%202013.pdf HTTP/1.1" 200 130461
172.22.2.4 - - [02/Apr/2022:20:43:58 -0500] "GET /BLA/boletinlegal/Circulares/2013/Circular%20No.%203%20del%2005%20de%20abril%20de%202013.pdf HTTP/1.1" 200 93580
172.22.2.4 - - [02/Apr/2022:20:44:03 -0500] "GET /BLA/boletinlegal/Circulares/2013/Circular%20No.%202%20del%2022%20de%20enero%20de%202013.pdf HTTP/1.1" 200 85466
172.22.2.4 - - [02/Apr/2022:20:44:08 -0500] "GET /BLA/boletinlegal/Circulares/2013/Circular%20No.%201%20del%2014%20de%20enero%20de%202013.pdf HTTP/1.1" 200 1298384
201.245.192.253 - - [02/Apr/2022:20:43:20 -0500] "POST /kwsrmcab/Wsrmcab HTTP/1.1" 200 45151
172.22.2.4 - - [02/Apr/2022:20:44:10 -0500] "GET /BLA/boletinlegal/consulta_actos.php?tipo=resoluciones&no=1634&usuario=&sector=&fecha=2004&resuelve= HTTP/1.1" 200 626
172.22.2.4 - - [02/Apr/2022:20:44:14 -0500] "GET /BLA/boletinlegal/Circulares/2012/Circular%20No.%209%20del%2021%20de%20Agosto%20de%202012.pdf HTTP/1.1" 200 1402289
172.22.2.4 - - [02/Apr/2022:20:44:19 -0500] "GET /BLA/boletinlegal/Circulares/2012/Circular%20No.%208%20del%2021%20de%20Agosto%20de%202012.pdf HTTP/1.1" 200 963197
172.22.2.4 - - [02/Apr/2022:20:44:23 -0500] "GET /BLA/boletinlegal/Circulares/2012/Circular%20No.%207%20del%2008%20de%20Agosto%20de%202012.pdf HTTP/1.1" 200 972955
172.22.2.4 - - [02/Apr/2022:20:44:31 -0500] "GET /BLA/boletinlegal/Circulares/2012/Circular%20No.%206%20del%2025%20de%20Mayo%20de%202012.pdf HTTP/1.1" 200 387391
172.22.2.4 - - [02/Apr/2022:20:44:38 -0500] "GET /BLA/boletinlegal/Circulares/2012/Circular%20No.%205%20del%2027%20de%20Abril%20de%202012.pdf HTTP/1.1" 200 216613
172.22.2.4 - - [02/Apr/2022:20:44:44 -0500] "GET /BLA/boletinlegal/Circulares/2012/Circular%20No.%204%20del%2019%20de%20abril%20de%202012.pdf HTTP/1.1" 200 253045
172.22.2.4 - - [02/Apr/2022:20:44:50 -0500] "GET /BLA/boletinlegal/Circulares/2012/Circular%20No.%203%20del%2023%20de%20Marzo%20de%202012.pdf HTTP/1.1" 200 572950
172.22.2.4 - - [02/Apr/2022:20:44:58 -0500] "GET /BLA/boletinlegal/Circulares/2012/Circular%20No.%202%20del%2014%20de%20Marzo%20de%202012.pdf HTTP/1.1" 200 113666
172.22.2.4 - - [02/Apr/2022:20:45:04 -0500] "GET /BLA/boletinlegal/Circulares/2012/Circular%20No.%2016%20del%2022%20de%20octubre%20de%202012.pdf HTTP/1.1" 200 381186
172.22.2.4 - - [02/Apr/2022:20:45:08 -0500] "GET /BLA/boletinlegal/Circulares/2012/Circular%20No.%2015%20del%2022%20de%20octubre%20de%202012.pdf HTTP/1.1" 200 486506
172.22.2.4 - - [02/Apr/2022:20:45:14 -0500] "GET /BLA/boletinlegal/Circulares/2012/Circular%20No.%2014%20del%2011%20de%20Septiembre%20de%202012.pdf HTTP/1.1" 200 3427471
172.22.2.4 - - [02/Apr/2022:20:45:32 -0500] "GET /BLA/boletinlegal/Circulares/2012/Circular%20No.%2013%20del%2006%20de%20Septiembre%20de%202012.pdf HTTP/1.1" 200 351421
200.118.64.109 - - [02/Apr/2022:20:45:39 -0500] "POST /forms/lservlet;jsessionid=ac16012b30d67f0ea735364a4892a1adce0831ce6d46.e3iSbxaKaheRe34Sc38RahyRchr0n6jAmljGr5XDqQLvpAe HTTP/1.1" 200 2
172.22.2.4 - - [02/Apr/2022:20:45:39 -0500] "GET /BLA/boletinlegal/Circulares/2012/Circular%20No.%2012%20del%2028%20de%20Agosto%20de%202012.pdf HTTP/1.1" 200 369945
172.22.2.4 - - [02/Apr/2022:20:45:49 -0500] "GET /BLA/boletinlegal/Circulares/2012/Circular%20No.%2011%20del%2027%20de%20Agosto%20de%202012.pdf HTTP/1.1" 200 526945
172.22.2.4 - - [02/Apr/2022:20:45:54 -0500] "GET /BLA/boletinlegal/Circulares/2012/Circular%20No.%2010%20del%2026%20de%20Enero%20de%202012.pdf HTTP/1.1" 404 1218
172.22.2.4 - - [02/Apr/2022:20:45:57 -0500] "GET /BLA/boletinlegal/Circulares/2012/Circular%20No.%2010%20del%2022%20de%20Agosto%20de%202012.pdf HTTP/1.1" 200 1563219
172.22.2.4 - - [02/Apr/2022:20:46:04 -0500] "GET /BLA/boletinlegal/Circulares/2012/Circular%20No.%201%20del%2017%20de%20Enero%20de%202012.pdf HTTP/1.1" 200 1118749
172.22.2.4 - - [02/Apr/2022:20:46:11 -0500] "GET /BLA/boletinlegal/Circulares/2011/Circular%20No.%209%20del%2003%20de%20Noviembre%20de%202011.pdf HTTP/1.1" 200 54568
172.22.2.4 - - [02/Apr/2022:20:46:15 -0500] "GET /BLA/boletinlegal/Circulares/2011/Circular%20No.%208%20del%2020%20de%20Septiembre%20de%202011.pdf HTTP/1.1" 200 285158
172.22.2.4 - - [02/Apr/2022:20:46:20 -0500] "GET /BLA/boletinlegal/Circulares/2011/Circular%20No.%207%20del%2023%20de%20Diciembre%20de%202011.pdf HTTP/1.1" 200 1107785
172.22.2.4 - - [02/Apr/2022:20:46:27 -0500] "GET /BLA/boletinlegal/Circulares/2011/Circular%20No.%207%20del%2015%20de%20Septiembre%20de%202011.pdf HTTP/1.1" 200 314873
172.22.2.4 - - [02/Apr/2022:20:46:32 -0500] "GET /BLA/boletinlegal/Circulares/2011/Circular%20No.%206%20del%2029%20de%20Julio%20de%202011.pdf HTTP/1.1" 200 262144
172.22.2.4 - - [02/Apr/2022:20:46:38 -0500] "GET /BLA/boletinlegal/Circulares/2011/Circular%20No.%206%20del%2023%20de%20Septiembre%20de%202011.pdf HTTP/1.1" 200 252800
172.22.2.4 - - [02/Apr/2022:20:46:43 -0500] "GET /BLA/boletinlegal/Circulares/2011/Circular%20No.%205%20del%2014%20de%20Julio%20de%202011.pdf HTTP/1.1" 200 1488992
172.22.2.4 - - [02/Apr/2022:20:46:51 -0500] "GET /BLA/boletinlegal/Circulares/2011/Circular%20No.%205%20del%2012%20de%20Agosto%20de%202011.pdf HTTP/1.1" 200 431796
172.22.2.4 - - [02/Apr/2022:20:46:57 -0500] "GET /BLA/boletinlegal/Circulares/2011/Circular%20No.%204%20del%2014%20de%20Julio%20de%202011.pdf HTTP/1.1" 200 399895
216.245.221.92 - - [02/Apr/2022:20:47:02 -0500] "HEAD / HTTP/1.1" 200 -
172.22.2.4 - - [02/Apr/2022:20:47:02 -0500] "GET /BLA/boletinlegal/Circulares/2011/Circular%20No.%204%20del%2012%20de%20Agosto%20de%202011.pdf HTTP/1.1" 200 601047
172.22.2.4 - - [02/Apr/2022:20:47:09 -0500] "GET /BLA/boletinlegal/Circulares/2011/Circular%20No.%203%20del%2023%20de%20Junio%20de%202011.pdf HTTP/1.1" 200 1452758
172.22.2.4 - - [02/Apr/2022:20:47:16 -0500] "GET /BLA/boletinlegal/Circulares/2011/Circular%20No.%203%20del%2016%20de%20Junio%20de%202011.pdf HTTP/1.1" 200 346378
172.22.2.4 - - [02/Apr/2022:20:47:22 -0500] "GET /BLA/boletinlegal/Circulares/2011/Circular%20No.%202%20del%2031%20de%20Mayo%20de%202011.pdf HTTP/1.1" 200 496778
172.22.2.4 - - [02/Apr/2022:20:47:28 -0500] "GET /BLA/boletinlegal/Circulares/2011/Circular%20No.%202%20del%2026%20de%20Mayo%20de%202011.pdf HTTP/1.1" 200 644194
172.22.2.4 - - [02/Apr/2022:20:47:34 -0500] "GET /BLA/boletinlegal/Circulares/2011/Circular%20No.%201%20del%2023%20de%20Febrero%20de%202011.pdf HTTP/1.1" 200 540140
172.22.2.4 - - [02/Apr/2022:20:45:58 -0500] "HEAD /BLA/boletinlegal/ HTTP/1.1" 200 -
200.118.64.109 - - [02/Apr/2022:20:47:39 -0500] "POST /forms/lservlet;jsessionid=ac16012b30d67f0ea735364a4892a1adce0831ce6d46.e3iSbxaKaheRe34Sc38RahyRchr0n6jAmljGr5XDqQLvpAe HTTP/1.1" 200 2
172.22.2.4 - - [02/Apr/2022:20:47:41 -0500] "GET /BLA/boletinlegal/Circulares/2011/Circular%20No.%201%20del%2012%20de%20Abril%20de%202011.pdf HTTP/1.1" 200 366269
172.22.2.4 - - [02/Apr/2022:20:46:48 -0500] "GET /BLA/boletinlegal/ HTTP/1.1" 200 59170
200.118.64.109 - - [02/Apr/2022:20:49:39 -0500] "POST /forms/lservlet;jsessionid=ac16012b30d67f0ea735364a4892a1adce0831ce6d46.e3iSbxaKaheRe34Sc38RahyRchr0n6jAmljGr5XDqQLvpAe HTTP/1.1" 200 2
172.22.2.4 - - [02/Apr/2022:20:49:07 -0500] "GET /BLA/boletinlegal/ HTTP/1.1" 200 24523
66.249.73.127 - - [02/Apr/2022:20:51:00 -0500] "-" 408 -
