172.22.2.4 - - [04/Apr/2022:16:40:48 -0500] "GET /BLA/boletinlegal/Circulares/2019/Circular%20No.%200005%20del%2020%20de%20Marzo%20de%202019.pdf HTTP/1.1" 200 159877
172.22.2.4 - - [04/Apr/2022:16:40:53 -0500] "GET /BLA/boletinlegal/Circulares/2019/Circular%20No.%200003%20del%2031%20de%20Enero%20de%202019.pdf HTTP/1.1" 200 164676
172.22.2.4 - - [04/Apr/2022:16:40:59 -0500] "GET /BLA/boletinlegal/Circulares/2019/Circular%2000020%20del%2020%20de%20diciembre%20de%202019.pdf HTTP/1.1" 200 145170
172.22.2.4 - - [04/Apr/2022:16:41:07 -0500] "GET /BLA/boletinlegal/Circulares/2019/Circular%2000018%20del%2020%20de%20noviembre%20de%202019.pdf HTTP/1.1" 200 158030
172.22.2.4 - - [04/Apr/2022:16:41:15 -0500] "GET /BLA/boletinlegal/Circulares/2019/.pdf HTTP/1.1" 404 1218
172.22.2.4 - - [04/Apr/2022:16:41:19 -0500] "GET /BLA/boletinlegal/Circulares/2018/Circular%20No.%2011%20del%2024%20de%20Septiembre%20de%202018.pdf HTTP/1.1" 200 169541
172.22.2.4 - - [04/Apr/2022:16:41:27 -0500] "GET /BLA/boletinlegal/Circulares/2018/Circular%20No.%2010%20del%2021%20de%20Septiembre%20de%202018.pdf HTTP/1.1" 200 163426
172.22.2.4 - - [04/Apr/2022:16:41:34 -0500] "GET /BLA/boletinlegal/Circulares/2018/Circular%20No.%200015%20del%207%20de%20Diciembre%20de%202018.pdf HTTP/1.1" 200 165305
172.22.2.4 - - [04/Apr/2022:16:41:44 -0500] "GET /BLA/boletinlegal/Circulares/2018/CIRCULAR%20COJUNTA%20042%20DE%202018.pdf HTTP/1.1" 200 515008
200.118.64.109 - - [04/Apr/2022:16:41:52 -0500] "POST /forms/lservlet;jsessionid=ac16012b30d6d1da91fb2017412ab1828b3e17946df0.e3iSbxaKaheRe34Sc38RahyRchr0n6jAmljGr5XDqQLvpAe HTTP/1.1" 200 2
172.22.2.4 - - [04/Apr/2022:16:41:53 -0500] "GET /BLA/boletinlegal/Circulares/2017/Circular%20No.%202%20del%201%20de%20Septiembre%20de%202017.pdf HTTP/1.1" 200 152575
216.245.221.92 - - [04/Apr/2022:16:41:55 -0500] "HEAD / HTTP/1.1" 200 -
37.0.11.224 - - [04/Apr/2022:16:41:57 -0500] "GET /config/getuser?index=0 HTTP/1.1" 404 1018
172.22.2.4 - - [04/Apr/2022:16:41:59 -0500] "GET /BLA/boletinlegal/Circulares/2017/Circular%20No.%201%20del%2030%20de%20Marzo%20de%202017.pdf HTTP/1.1" 200 668532
191.95.61.92 - - [04/Apr/2022:16:42:00 -0500] "GET /si-eres-mujer-y-te-gusta-el-cuidado-de-los-humedales-este-proceso-de-formacion-es-para-ti.html HTTP/1.1" 200 1025
172.22.2.4 - - [04/Apr/2022:16:42:04 -0500] "GET /BLA/boletinlegal/Circulares/2017/Circular%20No.%2007%20del%2028%20de%20Abril%20de%202017.pdf HTTP/1.1" 200 309906
172.22.2.4 - - [04/Apr/2022:16:42:10 -0500] "GET /BLA/boletinlegal/Circulares/2017/Circular%20No.%20011%20del%2005%20de%20julio%20de%202017.pdf HTTP/1.1" 200 965526
172.22.2.4 - - [04/Apr/2022:16:41:36 -0500] "GET /BLA/boletinlegal/ HTTP/1.1" 200 24523
172.22.2.4 - - [04/Apr/2022:16:42:17 -0500] "GET /BLA/boletinlegal/Circulares/2015/Circular%20No.%202%20del%201%20de%20julio%20de%202015.pdf HTTP/1.1" 200 752890
172.22.2.4 - - [04/Apr/2022:16:42:26 -0500] "GET /BLA/boletinlegal/Circulares/2015/Circular%20No.%201%20del%2010%20de%20Febrero%20de%202015.pdf HTTP/1.1" 200 660637
200.118.64.109 - - [04/Apr/2022:16:42:32 -0500] "POST /forms/lservlet;jsessionid=ac16012b30d6d1da91fb2017412ab1828b3e17946df0.e3iSbxaKaheRe34Sc38RahyRchr0n6jAmljGr5XDqQLvpAe HTTP/1.1" 200 2
172.22.2.4 - - [04/Apr/2022:16:42:32 -0500] "GET /BLA/boletinlegal/Circulares/2014/Circular%20No.%203%20del%2014%20de%20Noviembre%20de%202014.pdf HTTP/1.1" 200 104132
200.118.64.109 - - [04/Apr/2022:16:42:32 -0500] "POST /forms/lservlet;jsessionid=ac16012b30d6d1da91fb2017412ab1828b3e17946df0.e3iSbxaKaheRe34Sc38RahyRchr0n6jAmljGr5XDqQLvpAe HTTP/1.1" 200 14
200.118.64.109 - - [04/Apr/2022:16:42:33 -0500] "POST /forms/lservlet;jsessionid=ac16012b30d6d1da91fb2017412ab1828b3e17946df0.e3iSbxaKaheRe34Sc38RahyRchr0n6jAmljGr5XDqQLvpAe HTTP/1.1" 200 14
200.118.64.109 - - [04/Apr/2022:16:42:34 -0500] "POST /forms/lservlet;jsessionid=ac16012b30d6d1da91fb2017412ab1828b3e17946df0.e3iSbxaKaheRe34Sc38RahyRchr0n6jAmljGr5XDqQLvpAe HTTP/1.1" 200 14
172.22.2.4 - - [04/Apr/2022:16:42:37 -0500] "GET /BLA/boletinlegal/Circulares/2014/Circular%20No.%202%20del%2021%20de%20septiembre%20de%202014.pdf HTTP/1.1" 200 143376
200.118.64.109 - - [04/Apr/2022:16:42:36 -0500] "POST /forms/lservlet;jsessionid=ac16012b30d6d1da91fb2017412ab1828b3e17946df0.e3iSbxaKaheRe34Sc38RahyRchr0n6jAmljGr5XDqQLvpAe HTTP/1.1" 200 14
200.118.64.109 - - [04/Apr/2022:16:42:38 -0500] "POST /forms/lservlet;jsessionid=ac16012b30d6d1da91fb2017412ab1828b3e17946df0.e3iSbxaKaheRe34Sc38RahyRchr0n6jAmljGr5XDqQLvpAe HTTP/1.1" 200 109
200.118.64.109 - - [04/Apr/2022:16:42:38 -0500] "POST /forms/lservlet;jsessionid=ac16012b30d6d1da91fb2017412ab1828b3e17946df0.e3iSbxaKaheRe34Sc38RahyRchr0n6jAmljGr5XDqQLvpAe HTTP/1.1" 200 2
200.118.64.109 - - [04/Apr/2022:16:42:38 -0500] "GET /reports/rwservlet/getjobid74420?server=repnomi HTTP/1.1" 200 47718
172.22.2.4 - - [04/Apr/2022:16:42:43 -0500] "GET /BLA/boletinlegal/Circulares/2014/Circular%20No.%201%20del%2008%20de%20Mayo%20de%202014.pdf HTTP/1.1" 200 180124
172.22.2.4 - - [04/Apr/2022:16:42:49 -0500] "GET /BLA/boletinlegal/Circulares/2013/Circular%20No.%208%20del%201%20de%20Noviembre%20de%202013.pdf HTTP/1.1" 200 385156
172.22.2.4 - - [04/Apr/2022:16:42:57 -0500] "GET /BLA/boletinlegal/Circulares/2013/Circular%20No.%207%20del%201%20de%20Agosto%20de%202013.pdf HTTP/1.1" 200 340934
200.118.64.109 - - [04/Apr/2022:16:42:57 -0500] "POST /forms/lservlet;jsessionid=ac16012b30d6d1da91fb2017412ab1828b3e17946df0.e3iSbxaKaheRe34Sc38RahyRchr0n6jAmljGr5XDqQLvpAe HTTP/1.1" 200 2
200.118.64.109 - - [04/Apr/2022:16:42:57 -0500] "POST /forms/lservlet;jsessionid=ac16012b30d6d1da91fb2017412ab1828b3e17946df0.e3iSbxaKaheRe34Sc38RahyRchr0n6jAmljGr5XDqQLvpAe HTTP/1.1" 200 14
200.118.64.109 - - [04/Apr/2022:16:42:58 -0500] "POST /forms/lservlet;jsessionid=ac16012b30d6d1da91fb2017412ab1828b3e17946df0.e3iSbxaKaheRe34Sc38RahyRchr0n6jAmljGr5XDqQLvpAe HTTP/1.1" 200 14
200.118.64.109 - - [04/Apr/2022:16:43:00 -0500] "POST /forms/lservlet;jsessionid=ac16012b30d6d1da91fb2017412ab1828b3e17946df0.e3iSbxaKaheRe34Sc38RahyRchr0n6jAmljGr5XDqQLvpAe HTTP/1.1" 200 14
172.22.2.4 - - [04/Apr/2022:16:43:02 -0500] "GET /BLA/boletinlegal/Circulares/2013/Circular%20No.%206%20del%2019%20de%20julio%20de%202013.pdf HTTP/1.1" 200 4210437
200.118.64.109 - - [04/Apr/2022:16:43:01 -0500] "POST /forms/lservlet;jsessionid=ac16012b30d6d1da91fb2017412ab1828b3e17946df0.e3iSbxaKaheRe34Sc38RahyRchr0n6jAmljGr5XDqQLvpAe HTTP/1.1" 200 14
200.118.64.109 - - [04/Apr/2022:16:43:03 -0500] "POST /forms/lservlet;jsessionid=ac16012b30d6d1da91fb2017412ab1828b3e17946df0.e3iSbxaKaheRe34Sc38RahyRchr0n6jAmljGr5XDqQLvpAe HTTP/1.1" 200 15
200.118.64.109 - - [04/Apr/2022:16:43:06 -0500] "POST /forms/lservlet;jsessionid=ac16012b30d6d1da91fb2017412ab1828b3e17946df0.e3iSbxaKaheRe34Sc38RahyRchr0n6jAmljGr5XDqQLvpAe HTTP/1.1" 200 109
200.118.64.109 - - [04/Apr/2022:16:43:06 -0500] "POST /forms/lservlet;jsessionid=ac16012b30d6d1da91fb2017412ab1828b3e17946df0.e3iSbxaKaheRe34Sc38RahyRchr0n6jAmljGr5XDqQLvpAe HTTP/1.1" 200 2
200.118.64.109 - - [04/Apr/2022:16:43:06 -0500] "GET /reports/rwservlet/getjobid74421?server=repnomi HTTP/1.1" 200 47718
201.245.192.253 - - [04/Apr/2022:16:42:21 -0500] "POST /kwsrmcab/Wsrmcab HTTP/1.1" 200 45777
186.80.56.218 - - [04/Apr/2022:16:43:15 -0500] "GET /si-eres-mujer-y-te-gusta-el-cuidado-de-los-humedales-este-proceso-de-formacion-es-para-ti.html HTTP/1.1" 200 1025
172.22.2.4 - - [04/Apr/2022:16:43:18 -0500] "GET /BLA/boletinlegal/Circulares/2013/Circular%20No.%205%20del%2013%20de%20junio%20de%202013.pdf HTTP/1.1" 200 110904
181.50.155.152 - - [04/Apr/2022:16:43:23 -0500] "POST /sipse/faces/presentacion/financiero/solicitudProceso/consultarSolicitudProceso.xhtml HTTP/1.1" 200 128003
172.22.2.4 - - [04/Apr/2022:16:43:24 -0500] "GET /BLA/boletinlegal/Circulares/2013/Circular%20No.%204%20del%2005%20de%20junio%20de%202013.pdf HTTP/1.1" 200 130461
172.22.2.4 - - [04/Apr/2022:16:43:30 -0500] "GET /BLA/boletinlegal/Circulares/2013/Circular%20No.%203%20del%2005%20de%20abril%20de%202013.pdf HTTP/1.1" 200 93580
172.22.2.4 - - [04/Apr/2022:16:43:36 -0500] "GET /BLA/boletinlegal/Circulares/2013/Circular%20No.%202%20del%2022%20de%20enero%20de%202013.pdf HTTP/1.1" 200 85466
172.22.2.4 - - [04/Apr/2022:16:43:40 -0500] "GET /BLA/boletinlegal/jurisprudencia/analisis/CUADRO%20ANALISIS%20SENTENCIA%20T-411%20DE%201992.doc HTTP/1.1" 200 41984
172.22.2.4 - - [04/Apr/2022:16:43:42 -0500] "GET /BLA/boletinlegal/Circulares/2013/Circular%20No.%201%20del%2014%20de%20enero%20de%202013.pdf HTTP/1.1" 200 1298384
200.118.64.109 - - [04/Apr/2022:16:43:49 -0500] "POST /forms/lservlet;jsessionid=ac16012b30d6d1da91fb2017412ab1828b3e17946df0.e3iSbxaKaheRe34Sc38RahyRchr0n6jAmljGr5XDqQLvpAe HTTP/1.1" 200 2
172.22.2.4 - - [04/Apr/2022:16:43:50 -0500] "GET /BLA/boletinlegal/Circulares/2012/Circular%20No.%209%20del%2021%20de%20Agosto%20de%202012.pdf HTTP/1.1" 200 1402289
200.118.64.109 - - [04/Apr/2022:16:43:50 -0500] "POST /forms/lservlet;jsessionid=ac16012b30d6d1da91fb2017412ab1828b3e17946df0.e3iSbxaKaheRe34Sc38RahyRchr0n6jAmljGr5XDqQLvpAe HTTP/1.1" 200 14
186.28.240.137 - - [04/Apr/2022:16:43:51 -0500] "GET /galeria/galeria/jquery.fancybox.css?v=2.1.5 HTTP/1.1" 200 4895
186.28.240.137 - - [04/Apr/2022:16:43:51 -0500] "GET /galeria/galeria/jquery.fancybox.js?v=2.1.5 HTTP/1.1" 200 48706
186.28.240.137 - - [04/Apr/2022:16:43:51 -0500] "GET /BLA/boletinlegal/js/jquery.scrollShow.js HTTP/1.1" 200 4586
200.118.64.109 - - [04/Apr/2022:16:43:51 -0500] "POST /forms/lservlet;jsessionid=ac16012b30d6d1da91fb2017412ab1828b3e17946df0.e3iSbxaKaheRe34Sc38RahyRchr0n6jAmljGr5XDqQLvpAe HTTP/1.1" 200 109
200.118.64.109 - - [04/Apr/2022:16:43:52 -0500] "POST /forms/lservlet;jsessionid=ac16012b30d6d1da91fb2017412ab1828b3e17946df0.e3iSbxaKaheRe34Sc38RahyRchr0n6jAmljGr5XDqQLvpAe HTTP/1.1" 200 2
200.118.64.109 - - [04/Apr/2022:16:43:52 -0500] "GET /reports/rwservlet/getjobid74422?server=repnomi HTTP/1.1" 200 47686
200.118.64.109 - - [04/Apr/2022:16:43:52 -0500] "POST /forms/lservlet;jsessionid=ac16012b30d6d1da91fb2017412ab1828b3e17946df0.e3iSbxaKaheRe34Sc38RahyRchr0n6jAmljGr5XDqQLvpAe HTTP/1.1" 200 2
172.22.2.4 - - [04/Apr/2022:16:43:55 -0500] "GET /BLA/boletinlegal/Circulares/2012/Circular%20No.%208%20del%2021%20de%20Agosto%20de%202012.pdf HTTP/1.1" 200 963197
201.245.192.253 - - [04/Apr/2022:16:43:08 -0500] "POST /kwsrmcab/Wsrmcab HTTP/1.1" 200 45933
172.22.2.4 - - [04/Apr/2022:16:44:03 -0500] "GET /BLA/boletinlegal/Circulares/2012/Circular%20No.%207%20del%2008%20de%20Agosto%20de%202012.pdf HTTP/1.1" 200 972955
172.22.2.4 - - [04/Apr/2022:16:42:33 -0500] "HEAD /BLA/boletinlegal/ HTTP/1.1" 200 -
172.22.2.4 - - [04/Apr/2022:16:44:14 -0500] "GET /BLA/boletinlegal/Circulares/2012/Circular%20No.%2016%20del%2022%20de%20octubre%20de%202012.pdf HTTP/1.1" 200 381186
201.245.192.253 - - [04/Apr/2022:16:44:14 -0500] "GET /mesa/contrasena.pdf HTTP/1.1" 200 443199
201.245.192.253 - - [04/Apr/2022:16:44:15 -0500] "GET /mesa/contrasena.pdf HTTP/1.1" 206 1
201.245.192.253 - - [04/Apr/2022:16:44:15 -0500] "GET /mesa/contrasena.pdf HTTP/1.1" 206 212791
172.22.2.4 - - [04/Apr/2022:16:44:21 -0500] "GET /BLA/boletinlegal/js/jquery.scrollTo-min.js HTTP/1.1" 200 1150
172.22.2.4 - - [04/Apr/2022:16:44:21 -0500] "GET /BLA/boletinlegal/js/jquery.scrollShow.js HTTP/1.1" 200 4586
172.22.2.4 - - [04/Apr/2022:16:44:21 -0500] "GET /BLA/boletinlegal/js/jquery.js HTTP/1.1" 200 57254
172.22.2.4 - - [04/Apr/2022:16:44:21 -0500] "GET /BLA/boletinlegal/style.css HTTP/1.1" 200 9406
172.22.2.4 - - [04/Apr/2022:16:44:21 -0500] "GET /BLA/boletinlegal/styles2.css HTTP/1.1" 200 1838
172.22.2.4 - - [04/Apr/2022:16:44:21 -0500] "GET /BLA/boletinlegal/images/cabezote%20BLEGAL.jpg HTTP/1.1" 200 118164
172.22.2.4 - - [04/Apr/2022:16:44:21 -0500] "GET /BLA/boletinlegal/images/subscribe-icon-big.png HTTP/1.1" 200 47702
172.22.2.4 - - [04/Apr/2022:16:44:21 -0500] "GET /BLA/boletinlegal/images/historia.png HTTP/1.1" 200 52775
172.22.2.4 - - [04/Apr/2022:16:44:21 -0500] "GET /BLA/boletinlegal/images/registro-usuarios.png HTTP/1.1" 200 8106
172.22.2.4 - - [04/Apr/2022:16:44:21 -0500] "GET /BLA/boletinlegal/images/arr_l.jpg HTTP/1.1" 200 1979
172.22.2.4 - - [04/Apr/2022:16:44:21 -0500] "GET /BLA/boletinlegal/images/launch.jpg HTTP/1.1" 200 14577
172.22.2.4 - - [04/Apr/2022:16:44:21 -0500] "GET /BLA/boletinlegal/images/screen_1.png HTTP/1.1" 200 202547
172.22.2.4 - - [04/Apr/2022:16:44:21 -0500] "GET /BLA/boletinlegal/images/body_bg.jpg HTTP/1.1" 200 1601
172.22.2.4 - - [04/Apr/2022:16:44:22 -0500] "GET /BLA/boletinlegal/images/menu_lft.gif HTTP/1.1" 200 1713
172.22.2.4 - - [04/Apr/2022:16:44:22 -0500] "GET /BLA/boletinlegal/images/menu_bg.jpg HTTP/1.1" 200 620
172.22.2.4 - - [04/Apr/2022:16:44:22 -0500] "GET /BLA/boletinlegal/images/menu_rght.gif HTTP/1.1" 200 1627
172.22.2.4 - - [04/Apr/2022:16:44:22 -0500] "GET /BLA/boletinlegal/images/bg_top.jpg HTTP/1.1" 200 522
172.22.2.4 - - [04/Apr/2022:16:44:22 -0500] "GET /BLA/boletinlegal/images/hover.jpg HTTP/1.1" 200 640
172.22.2.4 - - [04/Apr/2022:16:44:22 -0500] "GET /BLA/boletinlegal/images/text.jpg HTTP/1.1" 200 568
172.22.2.4 - - [04/Apr/2022:16:44:22 -0500] "GET /BLA/boletinlegal/Circulares/2012/Circular%20No.%2015%20del%2022%20de%20octubre%20de%202012.pdf HTTP/1.1" 200 486506
172.22.2.4 - - [04/Apr/2022:16:44:29 -0500] "GET /BLA/boletinlegal/images/screen_5.png HTTP/1.1" 200 368876
172.22.2.4 - - [04/Apr/2022:16:44:29 -0500] "GET /BLA/boletinlegal/images/arr_r.jpg HTTP/1.1" 200 1998
172.22.2.4 - - [04/Apr/2022:16:44:29 -0500] "GET /BLA/boletinlegal/images/screen_3.png HTTP/1.1" 200 210620
172.22.2.4 - - [04/Apr/2022:16:44:29 -0500] "GET /BLA/boletinlegal/images/footer_bg.jpg HTTP/1.1" 200 586
172.22.2.4 - - [04/Apr/2022:16:44:29 -0500] "GET /BLA/boletinlegal/images/screen_2.png HTTP/1.1" 200 362502
66.249.65.13 - - [04/Apr/2022:16:44:30 -0500] "-" 408 -
172.22.2.4 - - [04/Apr/2022:16:44:36 -0500] "GET /BLA/boletinlegal/Circulares/2012/Circular%20No.%2014%20del%2011%20de%20Septiembre%20de%202012.pdf HTTP/1.1" 200 3427471
172.22.2.4 - - [04/Apr/2022:16:44:38 -0500] "GET /BLA/boletinlegal/images/pdf.gif HTTP/1.1" 200 567
172.22.2.4 - - [04/Apr/2022:16:44:44 -0500] "GET /BLA/boletinlegal/style.css HTTP/1.1" 200 9406
172.22.2.4 - - [04/Apr/2022:16:44:44 -0500] "GET /BLA/boletinlegal/js/jquery.scrollTo-min.js HTTP/1.1" 200 1150
172.22.2.4 - - [04/Apr/2022:16:44:44 -0500] "GET /BLA/boletinlegal/styles2.css HTTP/1.1" 200 1838
172.22.2.4 - - [04/Apr/2022:16:44:44 -0500] "GET /BLA/boletinlegal/js/jquery.js HTTP/1.1" 200 57254
172.22.2.4 - - [04/Apr/2022:16:44:44 -0500] "GET /BLA/boletinlegal/js/jquery.scrollShow.js HTTP/1.1" 200 4586
172.22.2.4 - - [04/Apr/2022:16:44:44 -0500] "GET /BLA/boletinlegal/images/cabezote%20BLEGAL.jpg HTTP/1.1" 200 118164
172.22.2.4 - - [04/Apr/2022:16:44:44 -0500] "GET /BLA/boletinlegal/images/subscribe-icon-big.png HTTP/1.1" 200 47702
172.22.2.4 - - [04/Apr/2022:16:44:44 -0500] "GET /BLA/boletinlegal/images/historia.png HTTP/1.1" 200 52775
172.22.2.4 - - [04/Apr/2022:16:44:44 -0500] "GET /BLA/boletinlegal/images/registro-usuarios.png HTTP/1.1" 200 8106
172.22.2.4 - - [04/Apr/2022:16:44:44 -0500] "GET /BLA/boletinlegal/images/arr_l.jpg HTTP/1.1" 200 1979
172.22.2.4 - - [04/Apr/2022:16:44:44 -0500] "GET /BLA/boletinlegal/images/screen_1.png HTTP/1.1" 200 202547
172.22.2.4 - - [04/Apr/2022:16:44:44 -0500] "GET /BLA/boletinlegal/images/launch.jpg HTTP/1.1" 200 14577
172.22.2.4 - - [04/Apr/2022:16:44:45 -0500] "GET /BLA/boletinlegal/Circulares/2012/Circular%20No.%2013%20del%2006%20de%20Septiembre%20de%202012.pdf HTTP/1.1" 200 351421
172.22.2.4 - - [04/Apr/2022:16:44:46 -0500] "GET /BLA/boletinlegal/images/body_bg.jpg HTTP/1.1" 200 1601
172.22.2.4 - - [04/Apr/2022:16:44:46 -0500] "GET /BLA/boletinlegal/images/menu_rght.gif HTTP/1.1" 200 1627
172.22.2.4 - - [04/Apr/2022:16:44:46 -0500] "GET /BLA/boletinlegal/images/menu_lft.gif HTTP/1.1" 200 1713
172.22.2.4 - - [04/Apr/2022:16:44:46 -0500] "GET /BLA/boletinlegal/images/menu_bg.jpg HTTP/1.1" 200 620
172.22.2.4 - - [04/Apr/2022:16:44:46 -0500] "GET /BLA/boletinlegal/images/bg_top.jpg HTTP/1.1" 200 522
172.22.2.4 - - [04/Apr/2022:16:44:46 -0500] "GET /BLA/boletinlegal/images/hover.jpg HTTP/1.1" 200 640
172.22.2.4 - - [04/Apr/2022:16:44:46 -0500] "GET /BLA/boletinlegal/images/text.jpg HTTP/1.1" 200 568
172.22.2.4 - - [04/Apr/2022:16:44:48 -0500] "GET /BLA/boletinlegal/actos.php HTTP/1.1" 200 9555
172.22.2.4 - - [04/Apr/2022:16:44:48 -0500] "GET /BLA/boletinlegal/js/ajax_actos.js HTTP/1.1" 200 1322
172.22.2.4 - - [04/Apr/2022:16:44:48 -0500] "GET /BLA/boletinlegal/niceforms.js HTTP/1.1" 200 22876
172.22.2.4 - - [04/Apr/2022:16:44:48 -0500] "GET /BLA/boletinlegal/niceforms-default.css HTTP/1.1" 200 6694
172.22.2.4 - - [04/Apr/2022:16:44:48 -0500] "GET /BLA/boletinlegal/js/popup.js HTTP/1.1" 200 1270
172.22.2.4 - - [04/Apr/2022:16:44:48 -0500] "GET /BLA/boletinlegal/js/lib.js HTTP/1.1" 200 6474
172.22.2.4 - - [04/Apr/2022:16:44:48 -0500] "GET /BLA/boletinlegal/js/jquery1.js HTTP/1.1" 200 29846
172.22.2.4 - - [04/Apr/2022:16:44:48 -0500] "GET /BLA/boletinlegal/images/green-yellow-blue-pink-th.png HTTP/1.1" 200 7394
172.22.2.4 - - [04/Apr/2022:16:44:48 -0500] "GET /BLA/boletinlegal/images/tel.png HTTP/1.1" 200 14477
172.22.2.4 - - [04/Apr/2022:16:44:48 -0500] "GET /BLA/boletinlegal/images/abajo.png HTTP/1.1" 200 96676
172.22.2.4 - - [04/Apr/2022:16:44:48 -0500] "GET /BLA/boletinlegal/images/footer_bg.jpg HTTP/1.1" 200 586
172.22.2.4 - - [04/Apr/2022:16:44:48 -0500] "GET /BLA/boletinlegal/images/icono-email.png HTTP/1.1" 200 5544
172.22.2.4 - - [04/Apr/2022:16:44:48 -0500] "GET /BLA/boletinlegal/images/footer_bg_l.jpg HTTP/1.1" 200 776
172.22.2.4 - - [04/Apr/2022:16:44:48 -0500] "GET /BLA/boletinlegal/img/0.png HTTP/1.1" 200 110
172.22.2.4 - - [04/Apr/2022:16:44:48 -0500] "GET /BLA/boletinlegal/img/button-left.png HTTP/1.1" 200 57071
172.22.2.4 - - [04/Apr/2022:16:44:48 -0500] "GET /BLA/boletinlegal/img/select-left.png HTTP/1.1" 200 263
172.22.2.4 - - [04/Apr/2022:16:44:48 -0500] "GET /BLA/boletinlegal/img/select-right.png HTTP/1.1" 200 44019
172.22.2.4 - - [04/Apr/2022:16:44:48 -0500] "GET /BLA/boletinlegal/img/button.png HTTP/1.1" 200 43241
172.22.2.4 - - [04/Apr/2022:16:44:48 -0500] "GET /BLA/boletinlegal/img/button-right.png HTTP/1.1" 200 57878
172.22.2.4 - - [04/Apr/2022:16:44:48 -0500] "GET /BLA/boletinlegal/favicon.ico HTTP/1.1" 404 1326
172.22.2.4 - - [04/Apr/2022:16:44:53 -0500] "GET /BLA/boletinlegal/Circulares/2012/Circular%20No.%2012%20del%2028%20de%20Agosto%20de%202012.pdf HTTP/1.1" 200 369945
172.22.2.4 - - [04/Apr/2022:16:44:54 -0500] "GET /BLA/boletinlegal/images/screen_2.png HTTP/1.1" 200 362502
172.22.2.4 - - [04/Apr/2022:16:44:54 -0500] "GET /BLA/boletinlegal/images/screen_5.png HTTP/1.1" 200 368876
172.22.2.4 - - [04/Apr/2022:16:44:54 -0500] "GET /BLA/boletinlegal/images/screen_3.png HTTP/1.1" 200 210620
172.22.2.4 - - [04/Apr/2022:16:44:54 -0500] "GET /BLA/boletinlegal/images/arr_r.jpg HTTP/1.1" 200 1998
172.22.2.4 - - [04/Apr/2022:16:45:00 -0500] "GET /BLA/boletinlegal/Circulares/2012/Circular%20No.%2011%20del%2027%20de%20Agosto%20de%202012.pdf HTTP/1.1" 200 526945
172.22.2.4 - - [04/Apr/2022:16:43:23 -0500] "GET /BLA/boletinlegal/ HTTP/1.1" 200 54090
172.22.2.4 - - [04/Apr/2022:16:45:04 -0500] "GET /BLA/boletinlegal/images/pdf.gif HTTP/1.1" 200 567
172.22.2.4 - - [04/Apr/2022:16:45:05 -0500] "GET /BLA/boletinlegal/Circulares/2012/Circular%20No.%2010%20del%2022%20de%20Agosto%20de%202012.pdf HTTP/1.1" 200 1563219
172.22.2.4 - - [04/Apr/2022:16:45:16 -0500] "GET /BLA/boletinlegal/consulta_actos.php?tipo=autos&no=2354&usuario=&sector=SILVICULTURA&fecha=2022&resuelve= HTTP/1.1" 200 626
172.22.2.4 - - [04/Apr/2022:16:45:18 -0500] "GET /BLA/boletinlegal/consulta_actos.php?tipo=autos&no=2354&usuario=&sector=SILVICULTURA&fecha=2022&resuelve= HTTP/1.1" 200 626
106.53.97.71 - - [04/Apr/2022:16:45:50 -0500] "GET /xmlrpc.php HTTP/1.1" 404 1035
172.22.2.4 - - [04/Apr/2022:16:44:20 -0500] "GET /BLA/boletinlegal/ HTTP/1.1" 200 49099
200.118.64.109 - - [04/Apr/2022:16:45:53 -0500] "POST /forms/lservlet;jsessionid=ac16012b30d6d1da91fb2017412ab1828b3e17946df0.e3iSbxaKaheRe34Sc38RahyRchr0n6jAmljGr5XDqQLvpAe HTTP/1.1" 200 2
181.50.155.152 - - [04/Apr/2022:16:45:54 -0500] "POST /sipse/faces/presentacion/financiero/solicitudProceso/consultarSolicitudProceso.xhtml HTTP/1.1" 200 23347
181.50.155.152 - - [04/Apr/2022:16:45:55 -0500] "GET /sipse/faces/javax.faces.resource/theme.css?ln=primefaces-sipse HTTP/1.1" 304 -
181.50.155.152 - - [04/Apr/2022:16:45:55 -0500] "GET /sipse/faces/javax.faces.resource/primefaces.css?ln=primefaces&v=4.0 HTTP/1.1" 304 -
181.50.155.152 - - [04/Apr/2022:16:45:55 -0500] "GET /sipse/faces/javax.faces.resource/layout/layout.js?ln=primefaces&v=4.0 HTTP/1.1" 304 -
181.50.155.152 - - [04/Apr/2022:16:45:55 -0500] "GET /sipse/faces/javax.faces.resource/jquery/jquery.js?ln=primefaces&v=4.0 HTTP/1.1" 304 -
181.50.155.152 - - [04/Apr/2022:16:45:55 -0500] "GET /sipse/faces/javax.faces.resource/layout/layout.css?ln=primefaces&v=4.0 HTTP/1.1" 304 -
181.50.155.152 - - [04/Apr/2022:16:45:55 -0500] "GET /sipse/faces/javax.faces.resource/jquery/jquery-plugins.js?ln=primefaces&v=4.0 HTTP/1.1" 304 -
181.50.155.152 - - [04/Apr/2022:16:45:55 -0500] "GET /sipse/faces/javax.faces.resource/primefaces.js?ln=primefaces&v=4.0 HTTP/1.1" 304 -
181.50.155.152 - - [04/Apr/2022:16:45:55 -0500] "GET /sipse/faces/javax.faces.resource/spacer/dot_clear.gif?ln=primefaces&v=4.0 HTTP/1.1" 200 42
181.50.155.152 - - [04/Apr/2022:16:45:55 -0500] "GET /sipse/faces/javax.faces.resource/images/ui-icons_898989_256x240.png?ln=primefaces-aristo HTTP/1.1" 304 -
172.22.2.4 - - [04/Apr/2022:16:45:56 -0500] "GET /BLA/boletinlegal/consulta_actos.php?tipo=resoluciones&no=0988&usuario=&sector=&fecha=2021&resuelve= HTTP/1.1" 200 626
172.22.2.4 - - [04/Apr/2022:16:45:57 -0500] "GET /BLA/boletinlegal/consulta_actos.php?tipo=resoluciones&no=0988&usuario=&sector=&fecha=2021&resuelve= HTTP/1.1" 200 626
200.118.64.109 - - [04/Apr/2022:16:46:02 -0500] "POST /forms/lservlet;jsessionid=ac16012b30d6d1da91fb2017412ab1828b3e17946df0.e3iSbxaKaheRe34Sc38RahyRchr0n6jAmljGr5XDqQLvpAe HTTP/1.1" 200 2
200.118.64.109 - - [04/Apr/2022:16:46:02 -0500] "POST /forms/lservlet;jsessionid=ac16012b30d6d1da91fb2017412ab1828b3e17946df0.e3iSbxaKaheRe34Sc38RahyRchr0n6jAmljGr5XDqQLvpAe HTTP/1.1" 200 14
200.118.64.109 - - [04/Apr/2022:16:46:04 -0500] "POST /forms/lservlet;jsessionid=ac16012b30d6d1da91fb2017412ab1828b3e17946df0.e3iSbxaKaheRe34Sc38RahyRchr0n6jAmljGr5XDqQLvpAe HTTP/1.1" 200 14
200.118.64.109 - - [04/Apr/2022:16:46:05 -0500] "POST /forms/lservlet;jsessionid=ac16012b30d6d1da91fb2017412ab1828b3e17946df0.e3iSbxaKaheRe34Sc38RahyRchr0n6jAmljGr5XDqQLvpAe HTTP/1.1" 200 109
200.118.64.109 - - [04/Apr/2022:16:46:05 -0500] "POST /forms/lservlet;jsessionid=ac16012b30d6d1da91fb2017412ab1828b3e17946df0.e3iSbxaKaheRe34Sc38RahyRchr0n6jAmljGr5XDqQLvpAe HTTP/1.1" 200 2
200.118.64.109 - - [04/Apr/2022:16:46:05 -0500] "GET /reports/rwservlet/getjobid74423?server=repnomi HTTP/1.1" 200 514101
172.22.2.4 - - [04/Apr/2022:16:44:44 -0500] "GET /BLA/boletinlegal/ HTTP/1.1" 200 56300
179.33.238.0 - - [04/Apr/2022:16:46:30 -0500] "POST /sipse/faces/presentacion/financiero/solicitudAnulacion/registrarSolicitudAnulacion.xhtml HTTP/1.1" 200 30020
179.33.238.0 - - [04/Apr/2022:16:46:30 -0500] "GET /sipse/faces/javax.faces.resource/theme.css?ln=primefaces-sipse HTTP/1.1" 304 -
179.33.238.0 - - [04/Apr/2022:16:46:30 -0500] "GET /sipse/faces/javax.faces.resource/primefaces.css?ln=primefaces&v=4.0 HTTP/1.1" 304 -
179.33.238.0 - - [04/Apr/2022:16:46:30 -0500] "GET /sipse/css/imagen/contrasena.png HTTP/1.1" 404 383
179.33.238.0 - - [04/Apr/2022:16:46:30 -0500] "GET /sipse/faces/javax.faces.resource/layout/layout.css?ln=primefaces&v=4.0 HTTP/1.1" 304 -
179.33.238.0 - - [04/Apr/2022:16:46:30 -0500] "GET /sipse/faces/javax.faces.resource/jquery/jquery.js?ln=primefaces&v=4.0 HTTP/1.1" 304 -
179.33.238.0 - - [04/Apr/2022:16:46:30 -0500] "GET /sipse/faces/javax.faces.resource/jquery/jquery-plugins.js?ln=primefaces&v=4.0 HTTP/1.1" 304 -
179.33.238.0 - - [04/Apr/2022:16:46:30 -0500] "GET /sipse/faces/javax.faces.resource/primefaces.js?ln=primefaces&v=4.0 HTTP/1.1" 304 -
179.33.238.0 - - [04/Apr/2022:16:46:30 -0500] "GET /sipse/faces/javax.faces.resource/layout/layout.js?ln=primefaces&v=4.0 HTTP/1.1" 304 -
179.33.238.0 - - [04/Apr/2022:16:46:30 -0500] "GET /sipse/faces/javax.faces.resource/images/ui-icons_898989_256x240.png?ln=primefaces-aristo HTTP/1.1" 304 -
179.33.238.0 - - [04/Apr/2022:16:46:30 -0500] "GET /sipse/faces/javax.faces.resource/images/ui-bg_flat_0_2d5972_40x100.png?ln=primefaces-aristo HTTP/1.1" 304 -
179.33.238.0 - - [04/Apr/2022:16:46:30 -0500] "POST /sipse/faces/presentacion/financiero/solicitudAnulacion/solicitudAnulacion.xhtml HTTP/1.1" 200 17084
172.22.2.4 - - [04/Apr/2022:16:46:41 -0500] "GET /BLA/boletinlegal/consulta_actos.php?tipo=resoluciones&no=2852&usuario=&sector=&fecha=2019&resuelve= HTTP/1.1" 200 626
172.22.2.4 - - [04/Apr/2022:16:46:43 -0500] "GET /BLA/boletinlegal/consulta_actos.php?tipo=resoluciones&no=2852&usuario=&sector=&fecha=2019&resuelve= HTTP/1.1" 200 626
186.102.55.222 - - [04/Apr/2022:16:46:43 -0500] "GET /kwssiamovil/sm/ldap/au?x=U2FsdGVkX18DHOgqOOeDKb8OHOWX81Ikb7vtvvJZ6OpO/wQuFH4PQ+/48JgneyfW+P62DPc5KAa6go6o5kZGuQ==&y=U2FsdGVkX18m8sOTB5xFQlHyPmxu6zaMhnvpuVsPZolMS8d61LJLPPuAKFQxX6Ya HTTP/1.1" 200 30
186.102.55.222 - - [04/Apr/2022:16:46:44 -0500] "GET /kwssiamovil/sm/acme/s?s=U2FsdGVkX194w0utTM7yQ4sjTobM4ShYd6mfQNAo7jaovglVdFJdaookKTeKaR9xvX6JcGPuKJB/cWNjvu9zcMfAdCNHGCm2taSFZbXFeXE=&u=U2FsdGVkX19AjKVavTM0Dzrr+0twZITHAlQ2B8erGTbOHvjO6fhpfNSNGcesyqme&y=U2FsdGVkX18m8sOTB5xFQlHyPmxu6zaMhnvpuVsPZolMS8d61LJLPPuAKFQxX6Ya HTTP/1.1" 200 97
186.102.55.222 - - [04/Apr/2022:16:46:44 -0500] "GET /kwssiamovil/sm/acme/s?s=U2FsdGVkX1/C315nT3Z84/kcqmy4d1KiERhX+RpTcgb1XIDN8vsRj5yqrVNOHyYfWCchFC477KJ5Q9X22+X3xNU32hyPPZQTtyy+qpAHAHZAJKfvk25sfWD6L/Fg35gI6jg+e/uNTbSaOt69HHNS1Cj2cLXD82dCoDC518kWI43kosfoNB4l2mOIXFKR+Pdt3Dd/5AevB87JV0SMxlM/D2YB4z39Yg9XOGHquZ+MQaHm/Ui1NjBEyEc+GNMPMVV7GK/RuoKvipJNIKDwl7a7rOb889OGchjuWgVa92kGMws+qGrPD2GZpOsWNfikEX9LC+LKpgblxeYnwamt/jxynHZHHCADp1jnZTi3+nOXiKfp+/WpqpqJM/iFM+UWTaRHZL4rJUoOltCj3JM8XZCSYyMRnlMGQcwzVvYEj07GvYYg4ef8Tli3DmTwUBM+l5CIUPCfEy2l49UnErbRI/UE9wyFcQPDY0ONe9AskgB7irWETFVeR7m1A4nhDR6Kztlwc7AU7a3ExECop7vUNbqhNc6jdyc2m4/tdaaHd0xZXrYhXVhcumvcfaqVUXXNVKyZQWHg/i7Y47KSp3mLLcJQ4P3KGhAwauV9u4tsKoOM1MIwIq3M+u7j/zt0U9pna424K/K1yv5CV9lVuIbSHBbC5sQIzBOex4RAvE/7t8Vmrq1ZrEScsHHmhzX30/Mwx4z8lTr9BvdrmCG+b5PZxJ1IC/tiS+9jnBj3it7FHKVz7pVmPlN/EvCJtVCxy3ckEu02FAFPk6IvBGBAZJ+gsJdMJ+9PzcXQOCeBscsWV/ZHi4KvVDsh7T9Af+oIXBBmuNpETRrQtuzM+hK1mV2oxfvEOL0ZWzYB/x0zMi/H4JHw7s0R6SZ0kR35SZRwjG7WT3ZzBieVzZPfM77M7SiMPJoNm8qRj+2vwVGpJTyDvsLhlVu6V1Tn8w92TCSE3SL+BQNHnqkv7Gdx5GxDa5A+O+PEv/RLYei1a5z3W2E+GpbMSuGi5n28uaBTtzaBdabrkdkNpYKShp5ekKkt/IZ0Nx0g8UNfjyCcBM0I8mNX+Lc/LHDSABEEyXouLkPW4orqQLqxmTG5wB9Sfy9mKed4gV2L0ordsTWu4cg11UG/gnh+QGSszHLN27/WPH2nh6/+kGdf&u=U2FsdGVkX19AjKVavTM0Dzrr+0twZITHAlQ2B8erGTbOHvjO6fhpfNSNGcesyqme&y=U2FsdGVkX18m8sOTB5xFQlHyPmxu6zaMhnvpuVsPZolMS8d61LJLPPuAKFQxX6Ya HTTP/1.1" 200 5129
186.102.55.222 - - [04/Apr/2022:16:46:49 -0500] "GET /kwssiamovil/sm/acme/s?s=U2FsdGVkX194HIn0HeK2lZf66TkarIt/z0Rjv6ea3ML20MOznQRW6YauE0XkBugB&u=U2FsdGVkX19AjKVavTM0Dzrr+0twZITHAlQ2B8erGTbOHvjO6fhpfNSNGcesyqme&y=U2FsdGVkX18m8sOTB5xFQlHyPmxu6zaMhnvpuVsPZolMS8d61LJLPPuAKFQxX6Ya HTTP/1.1" 200 70
186.102.55.222 - - [04/Apr/2022:16:46:49 -0500] "GET /kwssiamovil/sm/acme/s?s=U2FsdGVkX1/HcuLEOJYT49c4rS5j4XA+8D9W+qml8LEWMi06PKsQ3INCj8Fk85Qh&u=U2FsdGVkX19AjKVavTM0Dzrr+0twZITHAlQ2B8erGTbOHvjO6fhpfNSNGcesyqme&y=U2FsdGVkX18m8sOTB5xFQlHyPmxu6zaMhnvpuVsPZolMS8d61LJLPPuAKFQxX6Ya HTTP/1.1" 200 70
186.102.55.222 - - [04/Apr/2022:16:46:51 -0500] "GET /kwssiamovil/sm/acme/s?s=U2FsdGVkX1955rOAKzBHgIJ9omPDKjg756rkF/eL+oIJpgxM/5aPvTmKX9641Mii&u=U2FsdGVkX19AjKVavTM0Dzrr+0twZITHAlQ2B8erGTbOHvjO6fhpfNSNGcesyqme&y=U2FsdGVkX18m8sOTB5xFQlHyPmxu6zaMhnvpuVsPZolMS8d61LJLPPuAKFQxX6Ya HTTP/1.1" 200 70
186.102.55.222 - - [04/Apr/2022:16:46:51 -0500] "GET /kwssiamovil/sm/acme/s?s=U2FsdGVkX182NCMyu1FQbMaelO2B31ARKDlPfCC3IM8aKOujnvj0OGGs3UcRDANO&u=U2FsdGVkX19AjKVavTM0Dzrr+0twZITHAlQ2B8erGTbOHvjO6fhpfNSNGcesyqme&y=U2FsdGVkX18m8sOTB5xFQlHyPmxu6zaMhnvpuVsPZolMS8d61LJLPPuAKFQxX6Ya HTTP/1.1" 200 70
200.118.64.109 - - [04/Apr/2022:16:46:53 -0500] "POST /forms/lservlet;jsessionid=ac16012b30d6d1da91fb2017412ab1828b3e17946df0.e3iSbxaKaheRe34Sc38RahyRchr0n6jAmljGr5XDqQLvpAe HTTP/1.1" 200 2
200.118.64.109 - - [04/Apr/2022:16:46:53 -0500] "POST /forms/lservlet;jsessionid=ac16012b30d6d1da91fb2017412ab1828b3e17946df0.e3iSbxaKaheRe34Sc38RahyRchr0n6jAmljGr5XDqQLvpAe HTTP/1.1" 200 2289
200.118.64.109 - - [04/Apr/2022:16:46:53 -0500] "GET /imagenes/Srch_frw.gif HTTP/1.1" 200 925
200.118.64.109 - - [04/Apr/2022:16:46:53 -0500] "POST /forms/lservlet;jsessionid=ac16012b30d6d1da91fb2017412ab1828b3e17946df0.e3iSbxaKaheRe34Sc38RahyRchr0n6jAmljGr5XDqQLvpAe HTTP/1.1" 200 10
186.102.55.222 - - [04/Apr/2022:16:46:53 -0500] "GET /kwssiamovil/sm/acme/s?s=U2FsdGVkX19QfSTBNPkKTTh3fVeF/VgoX+1v4Vnu7W7pFz83yZYA/zM/2WLHZiQT&u=U2FsdGVkX19AjKVavTM0Dzrr+0twZITHAlQ2B8erGTbOHvjO6fhpfNSNGcesyqme&y=U2FsdGVkX18m8sOTB5xFQlHyPmxu6zaMhnvpuVsPZolMS8d61LJLPPuAKFQxX6Ya HTTP/1.1" 200 70
186.102.55.222 - - [04/Apr/2022:16:46:53 -0500] "GET /kwssiamovil/sm/acme/s?s=U2FsdGVkX1+JCP+P0wCNWQg3ubqCH6Q23OD2ljDGKO6P3kwHllXOom1AOOyp+drL&u=U2FsdGVkX19AjKVavTM0Dzrr+0twZITHAlQ2B8erGTbOHvjO6fhpfNSNGcesyqme&y=U2FsdGVkX18m8sOTB5xFQlHyPmxu6zaMhnvpuVsPZolMS8d61LJLPPuAKFQxX6Ya HTTP/1.1" 200 70
186.102.55.222 - - [04/Apr/2022:16:46:54 -0500] "GET /kwssiamovil/sm/ldap/au?x=U2FsdGVkX1/u0/C9voBhMgRTCCVA9ma04OAaM2UDjGKqpgtkSE0WsX5jdNMTAipIN/YgD9Mvrgmp6WJ6HSzlOw==&y=U2FsdGVkX19K1Z2mJHx4CirN1v4V3YclPoGhcLb1YWqXezVoQPht0AWs9J5yH8KP HTTP/1.1" 200 30
186.102.55.222 - - [04/Apr/2022:16:46:54 -0500] "GET /kwssiamovil/sm/acme/s?s=U2FsdGVkX1+lX9EJSKVlhXkPerl+LtGCq6XcnzJylPNeMIezbT5gUYwdCbZ5zfMz&u=U2FsdGVkX19AjKVavTM0Dzrr+0twZITHAlQ2B8erGTbOHvjO6fhpfNSNGcesyqme&y=U2FsdGVkX18m8sOTB5xFQlHyPmxu6zaMhnvpuVsPZolMS8d61LJLPPuAKFQxX6Ya HTTP/1.1" 200 66
186.102.55.222 - - [04/Apr/2022:16:46:54 -0500] "GET /kwssiamovil/sm/acme/s?s=U2FsdGVkX1/twfV+BbG7pj75kD3pIFeUbPP1VRaaK7StMQnGXMKZQ5BcilNHxF4k&u=U2FsdGVkX19AjKVavTM0Dzrr+0twZITHAlQ2B8erGTbOHvjO6fhpfNSNGcesyqme&y=U2FsdGVkX18m8sOTB5xFQlHyPmxu6zaMhnvpuVsPZolMS8d61LJLPPuAKFQxX6Ya HTTP/1.1" 200 66
186.102.55.222 - - [04/Apr/2022:16:46:54 -0500] "GET /kwssiamovil/sm/acme/s?s=U2FsdGVkX187ceHXl0ss8qDoKxJp7pMBjWSr6FZz754AjB3y7oKDnm/PEEpbBith5MINZMgiJJBHHfU2NSpDmYxBTqd8YnfHpHHfhU5KpL8=&u=U2FsdGVkX1+1rO2Cbgn5Gzc7hmvK5IqD5hjt/He1x/JyqjS6kjqiIjgeCS7cEXUQ&y=U2FsdGVkX19K1Z2mJHx4CirN1v4V3YclPoGhcLb1YWqXezVoQPht0AWs9J5yH8KP HTTP/1.1" 200 97
186.102.55.222 - - [04/Apr/2022:16:46:55 -0500] "GET /kwssiamovil/sm/acme/s?s=U2FsdGVkX1+iDI39PVwzL+/3EJ0Uw7xgMXKKoe/FxGX8P7/iaGDvGEZfFXQM9GXM&u=U2FsdGVkX19AjKVavTM0Dzrr+0twZITHAlQ2B8erGTbOHvjO6fhpfNSNGcesyqme&y=U2FsdGVkX18m8sOTB5xFQlHyPmxu6zaMhnvpuVsPZolMS8d61LJLPPuAKFQxX6Ya HTTP/1.1" 200 66
186.102.55.222 - - [04/Apr/2022:16:46:55 -0500] "GET /kwssiamovil/sm/acme/s?s=U2FsdGVkX19qhPHPYfv02MM1H+WGeOm53MDVvrukIi1dPaGw5SLCd1tUcf2QWyQKw5sz1L28crGcKzF9zq+u3BHdnvH9V4A+WsRLhzZPpSn7Vg9QkdBV7BwgjxeLW747JcoBWz3mO5170eYOZID5BXlVSaV8dXGZMx/hPtf/ZT8wWft/rnke6LPGjryuFFVsNU3oF7FWysHeEQknZ/UwS8x77cRqlAr/BRmfOSFjT1j9liDGS4F7LXi6oWpkOOs9nWmRh6ExChPDJaB+vla43eRlMoyLzcVyc+t2wC7+OhwbCB0NpLWERK/vev0JPlzCLpKTT5WL50208zFHW7lBCi6iniTxnwxlw7pqg/O5NJQwoDzWMnsEFAdV6sWoPFzvG6xC1BS9AUwgGBt04E2f3aDDmDRIrsU9xiC+K5MSZagtK1SdLh4dvfpEYbswo1u5DVUCBEOgMECCBRJO4ONsM4afnHT5GqhZbQOe6/0fUjUj2brCSpYITt5msVjHZS0KG296v+7A8GSY4Kbp8Xez1vyfFAegjMs0u0lft1PvHdxS+S65XAORL+RJGaeGOml0jIXRpoX4qRtUe8loWsOYIuV+X10RI7iFdn6OP8lHB6i20AYb7zJ7jtEw3vU3Np/TrMVXzFBf7jNmxT8mcfZ5TyDV9N0PqfhkWWQ2AeKR0+itIuKzCZO/ebJWpyW+YvDrmMwS1lK4CtpZ3Lr8Q02OT+/HL/+SvNye5+tLsIDBJRmwv9mlzcFOtWxVhhsMxceBofCkcLr/2b9u8hvyHQKT7JtnEyAbwmZRUukOagC6cM3QUIiI9Djp+PZzcpNSGd0O9LdCjAU0UoUqqvAl98so0lydv3amWN4uEkPNVgaIChoolVjO2cMiBnT63pOYU2aoVTWDDWjz1ptl9CUb4uD83b/hUlO7/nvFgddEWX2NdNexYwx5rJSQguv3nqJOVf50vQAQCfIk4YBQsanbZncuzZ6J2a/3txNx6VUan4JSe22YfNGWJLaF05tmUz6fsaXzEu4EHT7nx1fn1fW3BcL+jYXnkd9/71AsOJwokF+Zy8Kkn4GeDz2nZ4vIqxIUr7Zs+OJxJoLXCtM/M1G8jiyesD2S5NFJuxVGoB9ksmMtFsvVcuJ1u0K/s0T0PlZpTKaV&u=U2FsdGVkX1+1rO2Cbgn5Gzc7hmvK5IqD5hjt/He1x/JyqjS6kjqiIjgeCS7cEXUQ&y=U2FsdGVkX19K1Z2mJHx4CirN1v4V3YclPoGhcLb1YWqXezVoQPht0AWs9J5yH8KP HTTP/1.1" 200 5129
186.102.55.222 - - [04/Apr/2022:16:46:55 -0500] "GET /kwssiamovil/sm/acme/s?s=U2FsdGVkX19G371AFujnujVZtieBl2NuBorN5HIYATbU7hHG+gjEARMWhv9yhA+R&u=U2FsdGVkX19AjKVavTM0Dzrr+0twZITHAlQ2B8erGTbOHvjO6fhpfNSNGcesyqme&y=U2FsdGVkX18m8sOTB5xFQlHyPmxu6zaMhnvpuVsPZolMS8d61LJLPPuAKFQxX6Ya HTTP/1.1" 200 66
216.245.221.92 - - [04/Apr/2022:16:46:55 -0500] "HEAD / HTTP/1.1" 200 -
186.102.55.222 - - [04/Apr/2022:16:46:56 -0500] "GET /kwssiamovil/sm/acme/s?s=U2FsdGVkX19OneV2iaV08j/gLFOsskhXDdIPZjsHsU2AsZr9nWSnefPsxr1net7l&u=U2FsdGVkX1+1rO2Cbgn5Gzc7hmvK5IqD5hjt/He1x/JyqjS6kjqiIjgeCS7cEXUQ&y=U2FsdGVkX19K1Z2mJHx4CirN1v4V3YclPoGhcLb1YWqXezVoQPht0AWs9J5yH8KP HTTP/1.1" 200 70
186.102.55.222 - - [04/Apr/2022:16:46:57 -0500] "GET /kwssiamovil/sm/acme/s?s=U2FsdGVkX188aGYG1oCiarihToCg17SJM08HPBsTyDUgYJGkybARVR8wL/TvTFHU&u=U2FsdGVkX19AjKVavTM0Dzrr+0twZITHAlQ2B8erGTbOHvjO6fhpfNSNGcesyqme&y=U2FsdGVkX18m8sOTB5xFQlHyPmxu6zaMhnvpuVsPZolMS8d61LJLPPuAKFQxX6Ya HTTP/1.1" 200 66
186.102.55.222 - - [04/Apr/2022:16:46:58 -0500] "GET /kwssiamovil/sm/acme/s?s=U2FsdGVkX185r6C2PJQT8sWzkyQDFXrIA/OV9ek7PXa/17D/eTra0XUastDUEWbo&u=U2FsdGVkX1+1rO2Cbgn5Gzc7hmvK5IqD5hjt/He1x/JyqjS6kjqiIjgeCS7cEXUQ&y=U2FsdGVkX19K1Z2mJHx4CirN1v4V3YclPoGhcLb1YWqXezVoQPht0AWs9J5yH8KP HTTP/1.1" 200 70
186.102.55.222 - - [04/Apr/2022:16:46:58 -0500] "GET /kwssiamovil/sm/acme/s?s=U2FsdGVkX1/fFuZsnrqftqJ4bzoupt/dLnm1KIsSPmYlKHfGrVSRm4gev5a+oyMu&u=U2FsdGVkX1+1rO2Cbgn5Gzc7hmvK5IqD5hjt/He1x/JyqjS6kjqiIjgeCS7cEXUQ&y=U2FsdGVkX19K1Z2mJHx4CirN1v4V3YclPoGhcLb1YWqXezVoQPht0AWs9J5yH8KP HTTP/1.1" 200 70
186.102.55.222 - - [04/Apr/2022:16:46:58 -0500] "GET /kwssiamovil/sm/acme/s?s=U2FsdGVkX1/Tev9W2dHHaHa5fw2mbtvGlR1XKBcyKZyX2LOECutdMLHQiTXn5h7t&u=U2FsdGVkX19AjKVavTM0Dzrr+0twZITHAlQ2B8erGTbOHvjO6fhpfNSNGcesyqme&y=U2FsdGVkX18m8sOTB5xFQlHyPmxu6zaMhnvpuVsPZolMS8d61LJLPPuAKFQxX6Ya HTTP/1.1" 200 66
186.102.55.222 - - [04/Apr/2022:16:46:59 -0500] "GET /kwssiamovil/sm/acme/s?s=U2FsdGVkX1+KjpGhWUiaxzb/0IsB3R4chnbfoJqrxaqKi89vyYlar3lR1JNMdWKb&u=U2FsdGVkX1+1rO2Cbgn5Gzc7hmvK5IqD5hjt/He1x/JyqjS6kjqiIjgeCS7cEXUQ&y=U2FsdGVkX19K1Z2mJHx4CirN1v4V3YclPoGhcLb1YWqXezVoQPht0AWs9J5yH8KP HTTP/1.1" 200 70
186.102.55.222 - - [04/Apr/2022:16:46:59 -0500] "GET /kwssiamovil/sm/acme/s?s=U2FsdGVkX1/rCG/Ll1qdnvQweruJ9D8jlkGYNsaroOR8SoeHXrS1l6yp+yUeoNg4&u=U2FsdGVkX19AjKVavTM0Dzrr+0twZITHAlQ2B8erGTbOHvjO6fhpfNSNGcesyqme&y=U2FsdGVkX18m8sOTB5xFQlHyPmxu6zaMhnvpuVsPZolMS8d61LJLPPuAKFQxX6Ya HTTP/1.1" 200 66
172.22.2.4 - - [04/Apr/2022:16:46:59 -0500] "GET /BLA/boletinlegal/consulta_actos.php?tipo=resoluciones&no=3234&usuario=&sector=&fecha=2021&resuelve= HTTP/1.1" 200 2867
186.102.55.222 - - [04/Apr/2022:16:47:00 -0500] "GET /kwssiamovil/sm/acme/s?s=U2FsdGVkX1/fCpRSPKJwyyzjJbjjh+e8I19ucesvPS69HCXTjUhi3NdFqHUmSTug&u=U2FsdGVkX19AjKVavTM0Dzrr+0twZITHAlQ2B8erGTbOHvjO6fhpfNSNGcesyqme&y=U2FsdGVkX18m8sOTB5xFQlHyPmxu6zaMhnvpuVsPZolMS8d61LJLPPuAKFQxX6Ya HTTP/1.1" 200 66
186.102.55.222 - - [04/Apr/2022:16:47:00 -0500] "GET /kwssiamovil/sm/acme/s?s=U2FsdGVkX1/Dl9XyuTiUBRV3wse8TU2KHteKd6y6jQug4sLUeA30sIoM99tY3hoi&u=U2FsdGVkX19AjKVavTM0Dzrr+0twZITHAlQ2B8erGTbOHvjO6fhpfNSNGcesyqme&y=U2FsdGVkX18m8sOTB5xFQlHyPmxu6zaMhnvpuVsPZolMS8d61LJLPPuAKFQxX6Ya HTTP/1.1" 200 66
186.102.55.222 - - [04/Apr/2022:16:47:00 -0500] "GET /kwssiamovil/sm/acme/s?s=U2FsdGVkX1+XUEP+uvvv1in8y6+CLswuIVkMsxkvzDdHZZXLh91tq0KThdXEdgop&u=U2FsdGVkX1+1rO2Cbgn5Gzc7hmvK5IqD5hjt/He1x/JyqjS6kjqiIjgeCS7cEXUQ&y=U2FsdGVkX19K1Z2mJHx4CirN1v4V3YclPoGhcLb1YWqXezVoQPht0AWs9J5yH8KP HTTP/1.1" 200 70
186.102.55.222 - - [04/Apr/2022:16:47:01 -0500] "GET /kwssiamovil/sm/acme/s?s=U2FsdGVkX19Gzllogrt1vcwHyyNZS7ePc1mcI6GLWhulvgSbxUkcxG0gkiD7nwWg&u=U2FsdGVkX19AjKVavTM0Dzrr+0twZITHAlQ2B8erGTbOHvjO6fhpfNSNGcesyqme&y=U2FsdGVkX18m8sOTB5xFQlHyPmxu6zaMhnvpuVsPZolMS8d61LJLPPuAKFQxX6Ya HTTP/1.1" 200 66
186.102.55.222 - - [04/Apr/2022:16:47:01 -0500] "GET /kwssiamovil/sm/ldap/au?x=U2FsdGVkX1/hK3HTtxy6cwn2TCE2Vl3xk8mapQECrKxCvQ5i9gstP57wSKAZhJMZkkeKYHeFXJENo79o5JD4kQ==&y=U2FsdGVkX1+gPAQSd2w+cVaWAL9ImIe3GiZmWjfYXhJvbpveJhAIolqJZWCkdV0N HTTP/1.1" 200 30
186.102.55.222 - - [04/Apr/2022:16:47:03 -0500] "GET /kwssiamovil/sm/acme/s?s=U2FsdGVkX184GQbHL0mcDRcRgtza6E47NYiYYK45zMtMBdOVnGYn6/qW7XnfDuzJ&u=U2FsdGVkX19AjKVavTM0Dzrr+0twZITHAlQ2B8erGTbOHvjO6fhpfNSNGcesyqme&y=U2FsdGVkX18m8sOTB5xFQlHyPmxu6zaMhnvpuVsPZolMS8d61LJLPPuAKFQxX6Ya HTTP/1.1" 200 66
186.102.55.222 - - [04/Apr/2022:16:47:04 -0500] "GET /kwssiamovil/sm/acme/s?s=U2FsdGVkX196jhyjzSVNOe0YI/4Bp5igViWOJjrH6RhZFI4NRB3t13ZhFgWyHM27&u=U2FsdGVkX1+1rO2Cbgn5Gzc7hmvK5IqD5hjt/He1x/JyqjS6kjqiIjgeCS7cEXUQ&y=U2FsdGVkX19K1Z2mJHx4CirN1v4V3YclPoGhcLb1YWqXezVoQPht0AWs9J5yH8KP HTTP/1.1" 200 66
186.102.55.222 - - [04/Apr/2022:16:47:05 -0500] "GET /kwssiamovil/sm/acme/s?s=U2FsdGVkX19qXESXIn+2vQiojp0HUsO2Y+QwhaXaSAQ2oRbdnsy5Pe3GQHFmPT4+ia14frzejhARnphQZCZ9qJxiHsXOmuBdUdT8osTLkTY=&u=U2FsdGVkX1+h5gqm32it+GPBzyAhVt5Oh/Mho5w3RVrH4zrq9ekUTA8nGmtATG0+&y=U2FsdGVkX1+gPAQSd2w+cVaWAL9ImIe3GiZmWjfYXhJvbpveJhAIolqJZWCkdV0N HTTP/1.1" 200 97
186.102.55.222 - - [04/Apr/2022:16:47:05 -0500] "GET /kwssiamovil/sm/acme/s?s=U2FsdGVkX1835UzryA6Lw4GDW5tufgmDrKlyNV+gX6O+u8s6onQEB/qQgz/MrV2/&u=U2FsdGVkX19AjKVavTM0Dzrr+0twZITHAlQ2B8erGTbOHvjO6fhpfNSNGcesyqme&y=U2FsdGVkX18m8sOTB5xFQlHyPmxu6zaMhnvpuVsPZolMS8d61LJLPPuAKFQxX6Ya HTTP/1.1" 200 66
186.102.55.222 - - [04/Apr/2022:16:47:05 -0500] "GET /kwssiamovil/sm/acme/s?s=U2FsdGVkX1+x9lNg0UQCtiHNYvi6oKvfie+hv+X8r9khJGBIvM+nOK5IqvDoLjPa&u=U2FsdGVkX1+1rO2Cbgn5Gzc7hmvK5IqD5hjt/He1x/JyqjS6kjqiIjgeCS7cEXUQ&y=U2FsdGVkX19K1Z2mJHx4CirN1v4V3YclPoGhcLb1YWqXezVoQPht0AWs9J5yH8KP HTTP/1.1" 200 66
186.102.55.222 - - [04/Apr/2022:16:47:05 -0500] "GET /kwssiamovil/sm/acme/s?s=U2FsdGVkX1+MXqzKjNSAR0eYwYkN9oIYJTSM9teuSErxPQhJEdAn2Kmh/UCw7A0egDqdl7BwBuX5Ub43Q/11NwXoK0kL1ruY4SjX4Gl84+LCQHDsIXBBr7BFvtBDAgviTmc2NqyS9VdMcm7n5DKHI/AMA8y6oO3vX37Y1hjjS1rphYGIlZpYUrEIQJvwiStb/OY9zz7pPG/3ZEHToc4w43NAlTDg7n4t70ovZD2TrFI/AdqRVLSdnACa+x7P9Qml1n1lilsjewgly9DAPD4O3bFYYEJGbm4Nv58esGpAYGZmLcc0JmR8wM+LZcdUW32JgXilVjim7Srggw4YX11DPtxUVxdSKeeIdMNsHv5PkK924nJPiHhSrJoZaRHCKVVXXVVFm7GoYsCLpPILK+5gQTzcOSc3XBD9ODAoe9sQ3hld40/u5DkhOLDxwiFi4WI43Ln1LbkjZqDpnEgRnISuuFhDDJkTYdvCgHB+9u8y7/B7nN2RdCkSev+rlc325ZRNWNbBengZKc/ofxC2AvA2Ut2WFg8J5KYGALs1gIh2hIkquXgKZbVXSeWPNNAXnG1HdzpPUG2+H5OlPaKMXjp/SoLjkNwbHPhLJqDfslpr72GuGVpH01+qhbrIqbqj5inO+MgmOwp3VAVOrsNaduQbEurFsHU12AxbYiJtLFzQUq+a4Jl395hESoivFd+IHV7LP6Caa9yDspBc2HPF3VojWO4viswnbzudgTWIeFfSosgYn/U+D5VJvJhFDsVyGNcJfA+IpsrXkFhJX6XUHhfvLalW4IZbZrRIFclEgn2i61z7rAu5RTdkNqLPTFFNAjxfmO+K/WB+//0iFDtCu9ksNE3k5IAMCZoiJYvpPipFgsZ6rPOsPY/DfHarknwAYDJ+pF5M8SntApZ57VaAmWSpfz9DVjfEGadUH4ZBFKs5EzpCuxNZ837i2MNfjfpQgzufjKY4TCE5WGGUOe4XsFsd0w6P+yFE2wZUF2Dztyc4Ui4HTRkJAGWn21WzT1OP9rRb3aphbZKL5jlnn/xVAbJHPPQEi+2Vr2g64XkWKYg/s1SZg/IlqRW6r4UdhVZnGkOPewlo9KfFvmxSEi/sBOnKTEjwnlaz8/8XmLVooLdQpI5NIkvexJV7eq9tNONeSHES&u=U2FsdGVkX1+h5gqm32it+GPBzyAhVt5Oh/Mho5w3RVrH4zrq9ekUTA8nGmtATG0+&y=U2FsdGVkX1+gPAQSd2w+cVaWAL9ImIe3GiZmWjfYXhJvbpveJhAIolqJZWCkdV0N HTTP/1.1" 200 5129
186.102.55.222 - - [04/Apr/2022:16:47:05 -0500] "GET /kwssiamovil/sm/acme/s?s=U2FsdGVkX18VvYdPt0hm7cSE24EOLXNqJyeWRij8T1dRkjwN2P93jDPijSf7SlQuUHBMtnF7wGJUnTLh/NEnREyihP3oEgpohtGOhcrUscPH3Sn7KaZz0PIIxSnR3I8gMiU8t2Xnuwqs5wSk1Lvo2A5l7+pfGeLRDIhjd/Q1DWuOUX7UkHBAI+gtZY5fMabVs5DdlfLSFUMyBelbecf9UsyjO3n6+TilKV7XLBj10hUNdaqpes3iJLzvyOcBLC3+R7kp5vNthhdp7a0QNx5lTXRHuHgsG9CvYsWD2iEd7YyxRPIivcw7qZKt9laRQcC4DYhnR5n7yiz3KyZguh95IzVE9r/Pgdz8jfJfFnH3GaA=&u=U2FsdGVkX19AjKVavTM0Dzrr+0twZITHAlQ2B8erGTbOHvjO6fhpfNSNGcesyqme&y=U2FsdGVkX18m8sOTB5xFQlHyPmxu6zaMhnvpuVsPZolMS8d61LJLPPuAKFQxX6Ya HTTP/1.1" 200 66
186.102.55.222 - - [04/Apr/2022:16:47:05 -0500] "GET /kwssiamovil/sm/acme/s?s=U2FsdGVkX1+QHYoPeXUKx2Op+iZWiVR0Nxzb65fLANat7EAkxSqbakneaStqXHSU&u=U2FsdGVkX1+1rO2Cbgn5Gzc7hmvK5IqD5hjt/He1x/JyqjS6kjqiIjgeCS7cEXUQ&y=U2FsdGVkX19K1Z2mJHx4CirN1v4V3YclPoGhcLb1YWqXezVoQPht0AWs9J5yH8KP HTTP/1.1" 200 66
186.102.55.222 - - [04/Apr/2022:16:47:06 -0500] "GET /kwssiamovil/sm/acme/s?s=U2FsdGVkX18R3oa0oZysmgd2Xn6LZdW113f8Q0briRNINjLbRE31robc7c3li/H1&u=U2FsdGVkX1+1rO2Cbgn5Gzc7hmvK5IqD5hjt/He1x/JyqjS6kjqiIjgeCS7cEXUQ&y=U2FsdGVkX19K1Z2mJHx4CirN1v4V3YclPoGhcLb1YWqXezVoQPht0AWs9J5yH8KP HTTP/1.1" 200 66
186.102.55.222 - - [04/Apr/2022:16:47:07 -0500] "GET /kwssiamovil/sm/acme/s?s=U2FsdGVkX19lddpZdp196BEKz/jEa3uMdDH1nPsY2MMiMb4ZcRZ/lSQssoOnHhWx&u=U2FsdGVkX1+h5gqm32it+GPBzyAhVt5Oh/Mho5w3RVrH4zrq9ekUTA8nGmtATG0+&y=U2FsdGVkX1+gPAQSd2w+cVaWAL9ImIe3GiZmWjfYXhJvbpveJhAIolqJZWCkdV0N HTTP/1.1" 200 70
186.102.55.222 - - [04/Apr/2022:16:47:07 -0500] "GET /kwssiamovil/sm/acme/s?s=U2FsdGVkX1+Y8N+on1SHL9Ni4Dja4n1bdI/Mok+IqjK+b3LGxgqlQoPTmJRsFyvm&u=U2FsdGVkX1+1rO2Cbgn5Gzc7hmvK5IqD5hjt/He1x/JyqjS6kjqiIjgeCS7cEXUQ&y=U2FsdGVkX19K1Z2mJHx4CirN1v4V3YclPoGhcLb1YWqXezVoQPht0AWs9J5yH8KP HTTP/1.1" 200 66
186.102.55.222 - - [04/Apr/2022:16:47:08 -0500] "GET /kwssiamovil/sm/acme/s?s=U2FsdGVkX1+sZNcGQUML1P3w3BYGmDjYASlIKbTYLGK+RcnD2UM0LRgL3MhOki8o&u=U2FsdGVkX1+h5gqm32it+GPBzyAhVt5Oh/Mho5w3RVrH4zrq9ekUTA8nGmtATG0+&y=U2FsdGVkX1+gPAQSd2w+cVaWAL9ImIe3GiZmWjfYXhJvbpveJhAIolqJZWCkdV0N HTTP/1.1" 200 70
186.102.55.222 - - [04/Apr/2022:16:47:08 -0500] "GET /kwssiamovil/sm/acme/s?s=U2FsdGVkX18aZ8Op/XP/wkE29BXCnVNb3sEw/Nzj/qKpInK+WyI+eSAjj/j+w5GL&u=U2FsdGVkX1+1rO2Cbgn5Gzc7hmvK5IqD5hjt/He1x/JyqjS6kjqiIjgeCS7cEXUQ&y=U2FsdGVkX19K1Z2mJHx4CirN1v4V3YclPoGhcLb1YWqXezVoQPht0AWs9J5yH8KP HTTP/1.1" 200 66
186.102.55.222 - - [04/Apr/2022:16:47:08 -0500] "GET /kwssiamovil/sm/acme/s?s=U2FsdGVkX1+H3LKNXBeFee/rTffmT9mt5s2yXxXN/Kf8QsXxpS+QGyT7+z1LepzO&u=U2FsdGVkX1+1rO2Cbgn5Gzc7hmvK5IqD5hjt/He1x/JyqjS6kjqiIjgeCS7cEXUQ&y=U2FsdGVkX19K1Z2mJHx4CirN1v4V3YclPoGhcLb1YWqXezVoQPht0AWs9J5yH8KP HTTP/1.1" 200 66
186.102.55.222 - - [04/Apr/2022:16:47:08 -0500] "GET /kwssiamovil/sm/acme/s?s=U2FsdGVkX1+P+a+SgEDphXLscXeRBUXSogBPZouBb8C3mUdiVBaJYr8KFt/EB6s+&u=U2FsdGVkX1+h5gqm32it+GPBzyAhVt5Oh/Mho5w3RVrH4zrq9ekUTA8nGmtATG0+&y=U2FsdGVkX1+gPAQSd2w+cVaWAL9ImIe3GiZmWjfYXhJvbpveJhAIolqJZWCkdV0N HTTP/1.1" 200 70
186.102.55.222 - - [04/Apr/2022:16:47:09 -0500] "GET /kwssiamovil/sm/acme/s?s=U2FsdGVkX18FHASJlMgYHIKKKHZQXiSoOxdlH/JvMPg2Q91/EbPcu0wbiKkC1TDB&u=U2FsdGVkX1+1rO2Cbgn5Gzc7hmvK5IqD5hjt/He1x/JyqjS6kjqiIjgeCS7cEXUQ&y=U2FsdGVkX19K1Z2mJHx4CirN1v4V3YclPoGhcLb1YWqXezVoQPht0AWs9J5yH8KP HTTP/1.1" 200 66
186.102.55.222 - - [04/Apr/2022:16:47:09 -0500] "GET /kwssiamovil/sm/acme/s?s=U2FsdGVkX19xSkAIfZmn79rKSlg0nPMxl+RWv2y2KLLRa+XRriU6oDJ3pmb+5jXK&u=U2FsdGVkX1+h5gqm32it+GPBzyAhVt5Oh/Mho5w3RVrH4zrq9ekUTA8nGmtATG0+&y=U2FsdGVkX1+gPAQSd2w+cVaWAL9ImIe3GiZmWjfYXhJvbpveJhAIolqJZWCkdV0N HTTP/1.1" 200 70
186.102.55.222 - - [04/Apr/2022:16:47:09 -0500] "GET /kwssiamovil/sm/acme/s?s=U2FsdGVkX1/sjoYOEkN6+v081hSprqEEDPX/pwbPnBzt7F62rJPgZcj6Ua0lBc4s&u=U2FsdGVkX1+1rO2Cbgn5Gzc7hmvK5IqD5hjt/He1x/JyqjS6kjqiIjgeCS7cEXUQ&y=U2FsdGVkX19K1Z2mJHx4CirN1v4V3YclPoGhcLb1YWqXezVoQPht0AWs9J5yH8KP HTTP/1.1" 200 66
186.102.55.222 - - [04/Apr/2022:16:47:09 -0500] "GET /kwssiamovil/sm/acme/s?s=U2FsdGVkX1/rSr4igZptXyW/GSlNRJqBqQT/JiUxJGKzaX/Qt4WKuv/X2hbQeRRM&u=U2FsdGVkX1+h5gqm32it+GPBzyAhVt5Oh/Mho5w3RVrH4zrq9ekUTA8nGmtATG0+&y=U2FsdGVkX1+gPAQSd2w+cVaWAL9ImIe3GiZmWjfYXhJvbpveJhAIolqJZWCkdV0N HTTP/1.1" 200 70
186.102.55.222 - - [04/Apr/2022:16:47:10 -0500] "GET /kwssiamovil/sm/acme/s?s=U2FsdGVkX19e6NcDYYa3aJjALZrb/noTyJPEJ+hiUyHUAEBsLO6qFnP7ZCkFrvqV&u=U2FsdGVkX1+1rO2Cbgn5Gzc7hmvK5IqD5hjt/He1x/JyqjS6kjqiIjgeCS7cEXUQ&y=U2FsdGVkX19K1Z2mJHx4CirN1v4V3YclPoGhcLb1YWqXezVoQPht0AWs9J5yH8KP HTTP/1.1" 200 66
186.102.55.222 - - [04/Apr/2022:16:47:11 -0500] "GET /kwssiamovil/sm/acme/s?s=U2FsdGVkX1+m7sYMUD3iTQT2IfXDNty0tZJPXlO3yOPU8V3KETYKUqC8pii6ZSzj&u=U2FsdGVkX1+1rO2Cbgn5Gzc7hmvK5IqD5hjt/He1x/JyqjS6kjqiIjgeCS7cEXUQ&y=U2FsdGVkX19K1Z2mJHx4CirN1v4V3YclPoGhcLb1YWqXezVoQPht0AWs9J5yH8KP HTTP/1.1" 200 66
186.102.55.222 - - [04/Apr/2022:16:47:11 -0500] "GET /kwssiamovil/sm/acme/s?s=U2FsdGVkX19xAEJgM6pdSOUJ/3AZeb+pLDU+EB+aCadwmDkNh9WE/Fyq6CtqykY4&u=U2FsdGVkX1+h5gqm32it+GPBzyAhVt5Oh/Mho5w3RVrH4zrq9ekUTA8nGmtATG0+&y=U2FsdGVkX1+gPAQSd2w+cVaWAL9ImIe3GiZmWjfYXhJvbpveJhAIolqJZWCkdV0N HTTP/1.1" 200 70
186.102.55.222 - - [04/Apr/2022:16:47:12 -0500] "GET /kwssiamovil/sm/acme/s?s=U2FsdGVkX19mcJp40wlhI5feIrVLEujn0q9zlGH/akEFJPB1p2ukeoUkN4D6vZLc&u=U2FsdGVkX1+1rO2Cbgn5Gzc7hmvK5IqD5hjt/He1x/JyqjS6kjqiIjgeCS7cEXUQ&y=U2FsdGVkX19K1Z2mJHx4CirN1v4V3YclPoGhcLb1YWqXezVoQPht0AWs9J5yH8KP HTTP/1.1" 200 66
186.102.55.222 - - [04/Apr/2022:16:47:12 -0500] "GET /kwssiamovil/sm/acme/s?s=U2FsdGVkX1/alu/ZZNAeX3tpoNDFfRXIoP9E8Ctr2jXDpQTR0pv/QHyzP8bTmJXg&u=U2FsdGVkX1+h5gqm32it+GPBzyAhVt5Oh/Mho5w3RVrH4zrq9ekUTA8nGmtATG0+&y=U2FsdGVkX1+gPAQSd2w+cVaWAL9ImIe3GiZmWjfYXhJvbpveJhAIolqJZWCkdV0N HTTP/1.1" 200 70
186.102.55.222 - - [04/Apr/2022:16:47:13 -0500] "GET /kwssiamovil/sm/acme/s?s=U2FsdGVkX187k5tYnENcWkGV5g68cMHllV4eGDPppWxXpcvmbHMN10OSVKn14Sx4&u=U2FsdGVkX1+1rO2Cbgn5Gzc7hmvK5IqD5hjt/He1x/JyqjS6kjqiIjgeCS7cEXUQ&y=U2FsdGVkX19K1Z2mJHx4CirN1v4V3YclPoGhcLb1YWqXezVoQPht0AWs9J5yH8KP HTTP/1.1" 200 66
186.102.55.222 - - [04/Apr/2022:16:47:13 -0500] "GET /kwssiamovil/sm/acme/s?s=U2FsdGVkX1/XLaDzNIl+EDHE9GiX2mu3w0a47tEhdg6xig5snq8rojFjivHizH5a&u=U2FsdGVkX1+h5gqm32it+GPBzyAhVt5Oh/Mho5w3RVrH4zrq9ekUTA8nGmtATG0+&y=U2FsdGVkX1+gPAQSd2w+cVaWAL9ImIe3GiZmWjfYXhJvbpveJhAIolqJZWCkdV0N HTTP/1.1" 200 70
181.50.155.152 - - [04/Apr/2022:16:47:13 -0500] "GET /sipse/faces/javax.faces.resource/theme.css?ln=primefaces-sipse HTTP/1.1" 304 -
181.50.155.152 - - [04/Apr/2022:16:47:13 -0500] "GET /sipse/faces/javax.faces.resource/jquery/jquery-plugins.js?ln=primefaces&v=4.0 HTTP/1.1" 304 -
181.50.155.152 - - [04/Apr/2022:16:47:13 -0500] "GET /sipse/faces/javax.faces.resource/layout/layout.css?ln=primefaces&v=4.0 HTTP/1.1" 304 -
181.50.155.152 - - [04/Apr/2022:16:47:13 -0500] "GET /sipse/faces/javax.faces.resource/jquery/jquery.js?ln=primefaces&v=4.0 HTTP/1.1" 304 -
181.50.155.152 - - [04/Apr/2022:16:47:13 -0500] "GET /sipse/faces/javax.faces.resource/primefaces.css?ln=primefaces&v=4.0 HTTP/1.1" 304 -
181.50.155.152 - - [04/Apr/2022:16:47:13 -0500] "GET /sipse/faces/javax.faces.resource/primefaces.js?ln=primefaces&v=4.0 HTTP/1.1" 304 -
181.50.155.152 - - [04/Apr/2022:16:47:13 -0500] "GET /sipse/faces/javax.faces.resource/layout/layout.js?ln=primefaces&v=4.0 HTTP/1.1" 304 -
181.50.155.152 - - [04/Apr/2022:16:47:14 -0500] "GET /sipse/css/imagen/contrasena.png HTTP/1.1" 404 383
181.50.155.152 - - [04/Apr/2022:16:47:14 -0500] "GET /sipse/faces/javax.faces.resource/images/ui-icons_898989_256x240.png?ln=primefaces-aristo HTTP/1.1" 304 -
181.50.155.152 - - [04/Apr/2022:16:47:13 -0500] "POST /sipse/faces/presentacion/proyectos/proyecto/actividad/consultarActividadSolicitud.xhtml HTTP/1.1" 200 179907
186.102.55.222 - - [04/Apr/2022:16:47:14 -0500] "GET /kwssiamovil/sm/acme/s?s=U2FsdGVkX1+OCo3yI9XKFRvkibzKoBJRUWukXZ8zt0/uafZCfGLJD8uJ9+COtpya8bioXigdvzpdjfjJPMnnnRk55x88Ea76UfXlXon0MNoEJd6grveogWj7/O/xgsGzgeDH0xaucmEHFsj68c+6lNT5vWwotgbqYrXiunMXTT4ti3vNj5ub+zX6WwZJnqaE1TqF4qnM2Rdlj1hqBt60r8zlSM6bqkox7U8NEn9uawagiyOzqje54UE5gIH+zLjmlGzy+pJ1wZ6pPWqx8OGxFhe3P/8FmS3pXzMxFagdKZtg8/xPpC/kqiVrdnB6ZDyHer99bfHv/qUVtSgEz9v8vUsToF7HjZ6UjdGPo5iP+Lk=&u=U2FsdGVkX1+1rO2Cbgn5Gzc7hmvK5IqD5hjt/He1x/JyqjS6kjqiIjgeCS7cEXUQ&y=U2FsdGVkX19K1Z2mJHx4CirN1v4V3YclPoGhcLb1YWqXezVoQPht0AWs9J5yH8KP HTTP/1.1" 200 66
186.102.55.222 - - [04/Apr/2022:16:47:14 -0500] "GET /kwssiamovil/sm/acme/s?s=U2FsdGVkX19l0G8J13y+DaRLE/r9QX+E8xAuhCh7wz330v2wYiQhD1kxp31Xd6iZ&u=U2FsdGVkX1+h5gqm32it+GPBzyAhVt5Oh/Mho5w3RVrH4zrq9ekUTA8nGmtATG0+&y=U2FsdGVkX1+gPAQSd2w+cVaWAL9ImIe3GiZmWjfYXhJvbpveJhAIolqJZWCkdV0N HTTP/1.1" 200 70
181.50.155.152 - - [04/Apr/2022:16:47:14 -0500] "GET /reportes_sipse/sdg/ServletReporte?reporte=solicitud_cdp&Solicitud=17702&pfdrid_c=false HTTP/1.1" 200 93815
200.118.64.109 - - [04/Apr/2022:16:47:15 -0500] "POST /forms/lservlet;jsessionid=ac16012b30d6d1da91fb2017412ab1828b3e17946df0.e3iSbxaKaheRe34Sc38RahyRchr0n6jAmljGr5XDqQLvpAe HTTP/1.1" 200 26
186.102.55.222 - - [04/Apr/2022:16:47:15 -0500] "GET /kwssiamovil/sm/acme/s?s=U2FsdGVkX1/HbtZqjIX5k2rL2yJSY4Df+yXpdi0RP+F8liph9ygWxiEHtJqPDa/7&u=U2FsdGVkX1+h5gqm32it+GPBzyAhVt5Oh/Mho5w3RVrH4zrq9ekUTA8nGmtATG0+&y=U2FsdGVkX1+gPAQSd2w+cVaWAL9ImIe3GiZmWjfYXhJvbpveJhAIolqJZWCkdV0N HTTP/1.1" 200 70
200.118.64.109 - - [04/Apr/2022:16:47:15 -0500] "POST /forms/lservlet;jsessionid=ac16012b30d6d1da91fb2017412ab1828b3e17946df0.e3iSbxaKaheRe34Sc38RahyRchr0n6jAmljGr5XDqQLvpAe HTTP/1.1" 200 14
186.102.55.222 - - [04/Apr/2022:16:47:16 -0500] "GET /kwssiamovil/sm/acme/s?s=U2FsdGVkX18GbQRnNdOoQw3EFaaxKt2hMlCzf7Ye+Gymfz5fiBJcvrq+Z1yDzH8u&u=U2FsdGVkX1+h5gqm32it+GPBzyAhVt5Oh/Mho5w3RVrH4zrq9ekUTA8nGmtATG0+&y=U2FsdGVkX1+gPAQSd2w+cVaWAL9ImIe3GiZmWjfYXhJvbpveJhAIolqJZWCkdV0N HTTP/1.1" 200 70
200.118.64.109 - - [04/Apr/2022:16:47:16 -0500] "POST /forms/lservlet;jsessionid=ac16012b30d6d1da91fb2017412ab1828b3e17946df0.e3iSbxaKaheRe34Sc38RahyRchr0n6jAmljGr5XDqQLvpAe HTTP/1.1" 200 3928
200.118.64.109 - - [04/Apr/2022:16:47:16 -0500] "POST /forms/lservlet;jsessionid=ac16012b30d6d1da91fb2017412ab1828b3e17946df0.e3iSbxaKaheRe34Sc38RahyRchr0n6jAmljGr5XDqQLvpAe HTTP/1.1" 200 2
186.102.55.222 - - [04/Apr/2022:16:47:18 -0500] "GET /kwssiamovil/sm/acme/s?s=U2FsdGVkX1+n9un2XELm9B++Hfbyk39aFuaASm1KS0o1KDQqODVFPDZ+khNKy/Wn&u=U2FsdGVkX1+h5gqm32it+GPBzyAhVt5Oh/Mho5w3RVrH4zrq9ekUTA8nGmtATG0+&y=U2FsdGVkX1+gPAQSd2w+cVaWAL9ImIe3GiZmWjfYXhJvbpveJhAIolqJZWCkdV0N HTTP/1.1" 200 70
186.102.55.222 - - [04/Apr/2022:16:47:18 -0500] "GET /kwssiamovil/sm/acme/s?s=U2FsdGVkX189HqerSsdPU7f8hAzdg+4cxfFfpmafl7F7fCUascTtYiLhW/N+cSVL&u=U2FsdGVkX1+h5gqm32it+GPBzyAhVt5Oh/Mho5w3RVrH4zrq9ekUTA8nGmtATG0+&y=U2FsdGVkX1+gPAQSd2w+cVaWAL9ImIe3GiZmWjfYXhJvbpveJhAIolqJZWCkdV0N HTTP/1.1" 200 70
