!C99Shell v. 1.0 pre-release build #13!

Software: Apache. PHP/5.5.15 

uname -a: Windows NT SVR-DMZ 6.1 build 7600 (Windows Server 2008 R2 Enterprise Edition) i586 

SYSTEM 

Safe-mode: OFF (not secure)

E:\nuevo\apache\logs\   drwxrwxrwx
Free 8.02 GB of 239.26 GB (3.35%)
Detected drives: [ a ] [ c ] [ d ] [ e ] [ f ]
Home    Back    Forward    UPDIR    Refresh    Search    Buffer    Encoder    Tools    Proc.    FTP brute    Sec.    SQL    PHP-code    Update    Feedback    Self remove    Logout    


Viewing file:     access.2022.04.04.log (2.6 MB)      -rw-rw-rw-
Select action/file-type:
(+) | (+) | (+) | Code (+) | Session (+) | (+) | SDB (+) | (+) | (+) | (+) | (+) | (+) |
74.125.210.61 - - [04/Apr/2022:00:00:39 -0500] "GET /reportes_sipse/imagenes/logoAplicacion.jpg HTTP/1.1" 200 26872
172.22.2.4 - - [03/Apr/2022:23:59:14 -0500] "HEAD /BLA/boletinlegal/ HTTP/1.1" 200 -
66.249.73.127 - - [04/Apr/2022:00:01:06 -0500] "-" 408 -
172.22.2.4 - - [04/Apr/2022:00:00:04 -0500] "GET /BLA/boletinlegal/ HTTP/1.1" 200 55450
216.245.221.92 - - [04/Apr/2022:00:01:58 -0500] "HEAD / HTTP/1.1" 200 -
194.31.98.117 - - [04/Apr/2022:00:03:01 -0500] "GET / HTTP/1.1" 200 319
194.31.98.117 - - [04/Apr/2022:00:03:01 -0500] "POST /HNAP1/ HTTP/1.1" 404 1018
173.252.107.14 - - [04/Apr/2022:00:05:48 -0500] "GET /images/Memo1.jpg HTTP/1.1" 200 91151
172.22.2.4 - - [04/Apr/2022:00:05:04 -0500] "HEAD /BLA/boletinlegal/ HTTP/1.1" 200 -
216.245.221.92 - - [04/Apr/2022:00:06:58 -0500] "HEAD / HTTP/1.1" 200 -
172.22.2.4 - - [04/Apr/2022:00:05:54 -0500] "GET /BLA/boletinlegal/ HTTP/1.1" 200 61416
216.245.221.92 - - [04/Apr/2022:00:11:58 -0500] "HEAD / HTTP/1.1" 200 -
172.22.2.4 - - [04/Apr/2022:00:10:54 -0500] "HEAD /BLA/boletinlegal/ HTTP/1.1" 200 -
172.22.2.4 - - [04/Apr/2022:00:11:44 -0500] "GET /BLA/boletinlegal/ HTTP/1.1" 200 55877
152.61.128.50 - - [04/Apr/2022:00:15:50 -0500] "GET / HTTP/1.1" 200 319
216.245.221.92 - - [04/Apr/2022:00:16:58 -0500] "HEAD / HTTP/1.1" 200 -
172.22.2.4 - - [04/Apr/2022:00:18:13 -0500] "GET /BLA/boletinlegal/jurisprudencia/analisis/AnalisisT-606-15.docx HTTP/1.1" 200 26698
172.22.2.4 - - [04/Apr/2022:00:18:13 -0500] "GET /BLA/boletinlegal/apple-touch-icon-120x120-precomposed.png HTTP/1.1" 404 1140
172.22.2.4 - - [04/Apr/2022:00:18:13 -0500] "GET /BLA/boletinlegal/apple-touch-icon-120x120.png HTTP/1.1" 404 1140
172.22.2.4 - - [04/Apr/2022:00:18:13 -0500] "GET /BLA/boletinlegal/apple-touch-icon-precomposed.png HTTP/1.1" 404 1140
172.22.2.4 - - [04/Apr/2022:00:18:14 -0500] "GET /BLA/boletinlegal/apple-touch-icon.png HTTP/1.1" 404 1140
172.22.2.4 - - [04/Apr/2022:00:18:14 -0500] "GET /BLA/boletinlegal/favicon.ico HTTP/1.1" 404 1140
172.22.2.4 - - [04/Apr/2022:00:18:14 -0500] "GET /BLA/boletinlegal/apple-touch-icon-120x120-precomposed.png HTTP/1.1" 404 1140
172.22.2.4 - - [04/Apr/2022:00:18:14 -0500] "GET /BLA/boletinlegal/apple-touch-icon-120x120.png HTTP/1.1" 404 1140
172.22.2.4 - - [04/Apr/2022:00:18:14 -0500] "GET /BLA/boletinlegal/apple-touch-icon-precomposed.png HTTP/1.1" 404 1140
172.22.2.4 - - [04/Apr/2022:00:18:14 -0500] "GET /BLA/boletinlegal/apple-touch-icon.png HTTP/1.1" 404 1140
172.22.2.4 - - [04/Apr/2022:00:18:14 -0500] "GET /BLA/boletinlegal/favicon.ico HTTP/1.1" 404 1140
172.22.2.4 - - [04/Apr/2022:00:16:44 -0500] "HEAD /BLA/boletinlegal/ HTTP/1.1" 200 -
172.22.2.4 - - [04/Apr/2022:00:17:35 -0500] "GET /BLA/boletinlegal/ HTTP/1.1" 200 58588
152.61.192.232 - - [04/Apr/2022:00:21:09 -0500] "GET / HTTP/1.1" 200 319
173.252.83.23 - - [04/Apr/2022:00:21:21 -0500] "GET /feria-de-servicios-ambientales-viernes-1-y-sabado-2-de-abril-en-la-localidad-de-teusaquillo.html HTTP/1.1" 206 1027
173.252.83.23 - - [04/Apr/2022:00:21:21 -0500] "GET /feria-de-servicios-ambientales-viernes-1-y-sabado-2-de-abril-en-la-localidad-de-teusaquillo.html HTTP/1.1" 206 1027
216.245.221.92 - - [04/Apr/2022:00:21:58 -0500] "HEAD / HTTP/1.1" 200 -
201.245.192.253 - - [04/Apr/2022:00:22:24 -0500] "POST /kwsrmcab/Wsrmcab HTTP/1.1" 200 45321
201.245.192.253 - - [04/Apr/2022:00:23:10 -0500] "POST /kwsrmcab/Wsrmcab HTTP/1.1" 200 45441
172.22.2.4 - - [04/Apr/2022:00:22:34 -0500] "HEAD /BLA/boletinlegal/ HTTP/1.1" 200 -
172.22.2.4 - - [04/Apr/2022:00:23:24 -0500] "GET /BLA/boletinlegal/ HTTP/1.1" 200 60932
216.245.221.92 - - [04/Apr/2022:00:26:58 -0500] "HEAD / HTTP/1.1" 200 -
66.249.73.97 - - [04/Apr/2022:00:27:07 -0500] "-" 408 -
172.22.2.4 - - [04/Apr/2022:00:28:24 -0500] "HEAD /BLA/boletinlegal/ HTTP/1.1" 200 -
172.22.2.4 - - [04/Apr/2022:00:29:14 -0500] "GET /BLA/boletinlegal/ HTTP/1.1" 200 60486
216.245.221.92 - - [04/Apr/2022:00:31:58 -0500] "HEAD / HTTP/1.1" 200 -
199.16.157.182 - - [04/Apr/2022:00:32:30 -0500] "GET /alexandra-neuto-una-mujer-que-promueve-la-seguridad-alimentaria-y-el-tejido-social-a-traves-de-huertas.html HTTP/1.1" 200 1075
199.16.157.183 - - [04/Apr/2022:00:32:30 -0500] "GET /images/cronica-ambiental-28.jpg HTTP/1.1" 200 50693
201.245.192.253 - - [04/Apr/2022:00:32:23 -0500] "POST /kwsrmcab/Wsrmcab HTTP/1.1" 200 45321
201.245.192.253 - - [04/Apr/2022:00:33:13 -0500] "POST /kwsrmcab/Wsrmcab HTTP/1.1" 200 45441
172.22.2.4 - - [04/Apr/2022:00:34:14 -0500] "HEAD /BLA/boletinlegal/ HTTP/1.1" 200 -
172.22.2.4 - - [04/Apr/2022:00:35:04 -0500] "GET /BLA/boletinlegal/ HTTP/1.1" 200 58588
49.7.21.74 - - [04/Apr/2022:00:36:54 -0500] "-" 408 -
216.245.221.92 - - [04/Apr/2022:00:36:58 -0500] "HEAD / HTTP/1.1" 200 -
66.249.73.127 - - [04/Apr/2022:00:37:11 -0500] "-" 408 -
199.16.157.183 - - [04/Apr/2022:00:40:11 -0500] "GET /images/cronica-ambiental-28.jpg HTTP/1.1" 200 50693
172.22.2.4 - - [04/Apr/2022:00:40:04 -0500] "HEAD /BLA/boletinlegal/ HTTP/1.1" 200 -
216.245.221.92 - - [04/Apr/2022:00:41:58 -0500] "HEAD / HTTP/1.1" 200 -
172.22.2.4 - - [04/Apr/2022:00:41:34 -0500] "GET /BLA/boletinlegal/ HTTP/1.1" 200 24523
186.31.6.183 - - [04/Apr/2022:00:42:23 -0500] "GET /galeria/galeria/jquery.fancybox.css?v=2.1.5 HTTP/1.1" 200 4895
186.31.6.183 - - [04/Apr/2022:00:42:23 -0500] "GET /BLA/boletinlegal/js/jquery.scrollShow.js HTTP/1.1" 200 4586
186.31.6.183 - - [04/Apr/2022:00:42:23 -0500] "GET /galeria/galeria/jquery.fancybox.js?v=2.1.5 HTTP/1.1" 200 48706
35.186.53.111 - - [04/Apr/2022:00:42:32 -0500] "GET /galeria/galeria/fotos/GuaymaralTorca4G.jpg HTTP/1.1" 200 373786
172.22.2.4 - - [04/Apr/2022:00:40:54 -0500] "GET /BLA/boletinlegal/ HTTP/1.1" 200 54457
201.245.192.253 - - [04/Apr/2022:00:42:23 -0500] "POST /kwsrmcab/Wsrmcab HTTP/1.1" 200 45321
201.245.192.253 - - [04/Apr/2022:00:43:13 -0500] "POST /kwsrmcab/Wsrmcab HTTP/1.1" 200 45441
74.82.47.5 - - [04/Apr/2022:00:45:12 -0500] "GET / HTTP/1.1" 200 319
201.244.96.219 - - [04/Apr/2022:00:46:24 -0500] "GET /BLA/resoluciones/RESOLUCIONES%202014/0638.pdf HTTP/1.1" 200 803603
201.244.96.219 - - [04/Apr/2022:00:46:27 -0500] "GET /BLA/resoluciones/index.php?dir=RESOLUCIONES+2014%2F HTTP/1.1" 200 330618
201.244.96.219 - - [04/Apr/2022:00:46:50 -0500] "GET /BLA/resoluciones/index.php?dir=AUTOS+2010%2F HTTP/1.1" 200 274169
216.245.221.92 - - [04/Apr/2022:00:46:58 -0500] "HEAD / HTTP/1.1" 200 -
172.22.2.4 - - [04/Apr/2022:00:47:31 -0500] "HEAD /BLA/boletinlegal/actos.php HTTP/1.1" 200 -
172.22.2.4 - - [04/Apr/2022:00:47:31 -0500] "GET /BLA/boletinlegal/actos.php HTTP/1.1" 200 9555
186.169.46.223 - - [04/Apr/2022:00:47:31 -0500] "HEAD /portaldeninos/ HTTP/1.1" 200 -
186.169.46.223 - - [04/Apr/2022:00:47:32 -0500] "GET /portaldeninos/ HTTP/1.1" 200 102040
172.22.2.4 - - [04/Apr/2022:00:45:54 -0500] "HEAD /BLA/boletinlegal/ HTTP/1.1" 200 -
172.22.2.4 - - [04/Apr/2022:00:47:41 -0500] "GET /BLA/boletinlegal/style.css HTTP/1.1" 200 9406
172.22.2.4 - - [04/Apr/2022:00:47:41 -0500] "GET /BLA/boletinlegal/styles2.css HTTP/1.1" 200 1838
172.22.2.4 - - [04/Apr/2022:00:47:42 -0500] "GET /BLA/boletinlegal/js/jquery.js HTTP/1.1" 200 57254
172.22.2.4 - - [04/Apr/2022:00:47:42 -0500] "GET /BLA/boletinlegal/js/jquery.scrollTo-min.js HTTP/1.1" 200 1150
172.22.2.4 - - [04/Apr/2022:00:47:42 -0500] "GET /BLA/boletinlegal/js/jquery.scrollShow.js HTTP/1.1" 200 4586
172.22.2.4 - - [04/Apr/2022:00:47:42 -0500] "GET /BLA/boletinlegal/images/cabezote%20BLEGAL.jpg HTTP/1.1" 200 118164
172.22.2.4 - - [04/Apr/2022:00:47:42 -0500] "GET /BLA/boletinlegal/images/subscribe-icon-big.png HTTP/1.1" 200 47702
172.22.2.4 - - [04/Apr/2022:00:47:42 -0500] "GET /BLA/boletinlegal/images/historia.png HTTP/1.1" 200 52775
172.22.2.4 - - [04/Apr/2022:00:47:42 -0500] "GET /BLA/boletinlegal/images/registro-usuarios.png HTTP/1.1" 200 8106
172.22.2.4 - - [04/Apr/2022:00:47:42 -0500] "GET /BLA/boletinlegal/images/arr_l.jpg HTTP/1.1" 200 1979
172.22.2.4 - - [04/Apr/2022:00:47:42 -0500] "GET /BLA/boletinlegal/images/screen_1.png HTTP/1.1" 200 202547
172.22.2.4 - - [04/Apr/2022:00:47:42 -0500] "GET /BLA/boletinlegal/images/launch.jpg HTTP/1.1" 200 14577
172.22.2.4 - - [04/Apr/2022:00:47:42 -0500] "GET /BLA/boletinlegal/images/body_bg.jpg HTTP/1.1" 200 1601
172.22.2.4 - - [04/Apr/2022:00:47:42 -0500] "GET /BLA/boletinlegal/images/menu_bg.jpg HTTP/1.1" 200 620
172.22.2.4 - - [04/Apr/2022:00:47:42 -0500] "GET /BLA/boletinlegal/images/hover.jpg HTTP/1.1" 200 640
172.22.2.4 - - [04/Apr/2022:00:47:42 -0500] "GET /BLA/boletinlegal/images/bg_top.jpg HTTP/1.1" 200 522
172.22.2.4 - - [04/Apr/2022:00:47:42 -0500] "GET /BLA/boletinlegal/images/text.jpg HTTP/1.1" 200 568
172.22.2.4 - - [04/Apr/2022:00:47:42 -0500] "GET /BLA/boletinlegal/images/menu_rght.gif HTTP/1.1" 200 1627
172.22.2.4 - - [04/Apr/2022:00:47:42 -0500] "GET /BLA/boletinlegal/images/menu_lft.gif HTTP/1.1" 200 1713
172.22.2.4 - - [04/Apr/2022:00:47:45 -0500] "GET /BLA/boletinlegal/actos.php HTTP/1.1" 200 9555
172.22.2.4 - - [04/Apr/2022:00:47:45 -0500] "GET /BLA/boletinlegal/js/ajax_actos.js HTTP/1.1" 200 1322
172.22.2.4 - - [04/Apr/2022:00:47:45 -0500] "GET /BLA/boletinlegal/niceforms.js HTTP/1.1" 200 22876
172.22.2.4 - - [04/Apr/2022:00:47:45 -0500] "GET /BLA/boletinlegal/niceforms-default.css HTTP/1.1" 200 6694
172.22.2.4 - - [04/Apr/2022:00:47:45 -0500] "GET /BLA/boletinlegal/js/lib.js HTTP/1.1" 200 6474
172.22.2.4 - - [04/Apr/2022:00:47:45 -0500] "GET /BLA/boletinlegal/js/popup.js HTTP/1.1" 200 1270
172.22.2.4 - - [04/Apr/2022:00:47:45 -0500] "GET /BLA/boletinlegal/js/jquery1.js HTTP/1.1" 200 29846
172.22.2.4 - - [04/Apr/2022:00:47:45 -0500] "GET /BLA/boletinlegal/images/green-yellow-blue-pink-th.png HTTP/1.1" 200 7394
172.22.2.4 - - [04/Apr/2022:00:47:46 -0500] "GET /BLA/boletinlegal/images/abajo.png HTTP/1.1" 200 96676
172.22.2.4 - - [04/Apr/2022:00:47:46 -0500] "GET /BLA/boletinlegal/images/tel.png HTTP/1.1" 200 14477
172.22.2.4 - - [04/Apr/2022:00:47:46 -0500] "GET /BLA/boletinlegal/images/icono-email.png HTTP/1.1" 200 5544
172.22.2.4 - - [04/Apr/2022:00:47:46 -0500] "GET /BLA/boletinlegal/images/footer_bg.jpg HTTP/1.1" 200 586
172.22.2.4 - - [04/Apr/2022:00:47:46 -0500] "GET /BLA/boletinlegal/images/footer_bg_l.jpg HTTP/1.1" 200 776
172.22.2.4 - - [04/Apr/2022:00:47:46 -0500] "GET /BLA/boletinlegal/img/0.png HTTP/1.1" 200 110
172.22.2.4 - - [04/Apr/2022:00:47:46 -0500] "GET /BLA/boletinlegal/img/select-left.png HTTP/1.1" 200 263
172.22.2.4 - - [04/Apr/2022:00:47:46 -0500] "GET /BLA/boletinlegal/img/select-right.png HTTP/1.1" 200 44019
172.22.2.4 - - [04/Apr/2022:00:47:46 -0500] "GET /BLA/boletinlegal/img/button.png HTTP/1.1" 200 43241
172.22.2.4 - - [04/Apr/2022:00:47:46 -0500] "GET /BLA/boletinlegal/img/button-right.png HTTP/1.1" 200 57878
172.22.2.4 - - [04/Apr/2022:00:47:46 -0500] "GET /BLA/boletinlegal/img/button-left.png HTTP/1.1" 200 57071
172.22.2.4 - - [04/Apr/2022:00:47:46 -0500] "GET /BLA/boletinlegal/favicon.ico HTTP/1.1" 404 1326
201.244.96.219 - - [04/Apr/2022:00:47:48 -0500] "GET /BLA/resoluciones/index.php?dir=RESOLUCIONES+2010%2F HTTP/1.1" 200 1307798
172.22.2.4 - - [04/Apr/2022:00:47:57 -0500] "GET /BLA/boletinlegal/consulta_actos.php?tipo=resoluciones&no=&usuario=tatiana%20villamizar&sector=&fecha=2022&resuelve= HTTP/1.1" 200 626
172.22.2.4 - - [04/Apr/2022:00:48:07 -0500] "GET /BLA/boletinlegal/consulta_actos.php?tipo=resoluciones&no=&usuario=tatiana%20villamizar&sector=&fecha=2021&resuelve= HTTP/1.1" 200 626
172.22.2.4 - - [04/Apr/2022:00:46:44 -0500] "GET /BLA/boletinlegal/ HTTP/1.1" 200 48120
201.244.96.219 - - [04/Apr/2022:00:48:27 -0500] "GET /BLA/resoluciones/RESOLUCIONES%202010/4586.pdf HTTP/1.1" 200 934790
201.244.96.219 - - [04/Apr/2022:00:48:27 -0500] "GET /BLA/resoluciones/RESOLUCIONES%202010/4586.pdf HTTP/1.1" 206 1
201.244.96.219 - - [04/Apr/2022:00:48:27 -0500] "GET /BLA/resoluciones/RESOLUCIONES%202010/4586.pdf HTTP/1.1" 206 914734
172.22.2.4 - - [04/Apr/2022:00:47:41 -0500] "GET /BLA/boletinlegal/ HTTP/1.1" 200 24523
172.22.2.4 - - [04/Apr/2022:00:49:17 -0500] "GET /BLA/boletinlegal/vendor/phpunit/phpunit/src/Util/PHP/eval-stdin.php HTTP/1.1" 404 1018
216.245.221.92 - - [04/Apr/2022:00:51:58 -0500] "HEAD / HTTP/1.1" 200 -
172.22.2.4 - - [04/Apr/2022:00:51:44 -0500] "HEAD /BLA/boletinlegal/ HTTP/1.1" 200 -
172.22.2.4 - - [04/Apr/2022:00:52:34 -0500] "GET /BLA/boletinlegal/ HTTP/1.1" 200 58588
35.186.25.26 - - [04/Apr/2022:00:55:45 -0500] "GET /galeria/galeria/fotos/Capellania2P.jpg HTTP/1.1" 200 35380
216.245.221.92 - - [04/Apr/2022:00:56:58 -0500] "HEAD / HTTP/1.1" 200 -
207.46.13.209 - - [04/Apr/2022:00:57:37 -0500] "GET / HTTP/1.1" 200 319
172.22.2.4 - - [04/Apr/2022:00:57:34 -0500] "HEAD /BLA/boletinlegal/ HTTP/1.1" 200 -
172.22.2.4 - - [04/Apr/2022:00:58:24 -0500] "GET /BLA/boletinlegal/ HTTP/1.1" 200 59170
216.245.221.92 - - [04/Apr/2022:01:01:58 -0500] "HEAD / HTTP/1.1" 200 -
41.218.69.150 - - [04/Apr/2022:01:03:33 -0500] "GET / HTTP/1.1" 200 319
152.61.128.50 - - [04/Apr/2022:01:03:50 -0500] "GET /arcgis/services/Calidad_del_Agua_WQI/MapServer/WMSServer?request=GetCapabilities&service=WMS HTTP/1.1" 503 1020
152.61.128.50 - - [04/Apr/2022:01:03:52 -0500] "GET /arcgis/services/Calidad_del_Agua_WQI/MapServer/WMSServer?SERVICE=WMS&REQUEST=GetCapabilities HTTP/1.1" 503 1020
152.61.128.50 - - [04/Apr/2022:01:03:52 -0500] "GET /arcgis/services/Calidad_del_Agua_WQI/MapServer/WMSServer?WMTVER=1.0.0&REQUEST=capabilities HTTP/1.1" 503 1020
66.249.73.100 - - [04/Apr/2022:01:04:29 -0500] "-" 408 -
172.22.2.4 - - [04/Apr/2022:01:03:24 -0500] "HEAD /BLA/boletinlegal/ HTTP/1.1" 200 -
152.61.192.232 - - [04/Apr/2022:01:05:04 -0500] "GET /arcgis/services/Calidad_del_Agua_WQI/MapServer/WMSServer?request=GetCapabilities&service=WMS HTTP/1.1" 503 1020
152.61.192.232 - - [04/Apr/2022:01:05:05 -0500] "GET /arcgis/services/Calidad_del_Agua_WQI/MapServer/WMSServer?SERVICE=WMS&REQUEST=GetCapabilities HTTP/1.1" 503 1020
152.61.192.232 - - [04/Apr/2022:01:05:05 -0500] "GET /arcgis/services/Calidad_del_Agua_WQI/MapServer/WMSServer?WMTVER=1.0.0&REQUEST=capabilities HTTP/1.1" 503 1020
207.46.13.209 - - [04/Apr/2022:01:05:08 -0500] "GET /BLA/resoluciones/AUTOS%202018/4864.PDF HTTP/1.1" 304 -
172.22.2.4 - - [04/Apr/2022:01:04:14 -0500] "GET /BLA/boletinlegal/ HTTP/1.1" 200 53739
216.245.221.92 - - [04/Apr/2022:01:06:58 -0500] "HEAD / HTTP/1.1" 200 -
172.22.2.4 - - [04/Apr/2022:01:09:14 -0500] "HEAD /BLA/boletinlegal/ HTTP/1.1" 200 -
172.22.2.4 - - [04/Apr/2022:01:10:04 -0500] "GET /BLA/boletinlegal/ HTTP/1.1" 200 61416
216.245.221.92 - - [04/Apr/2022:01:11:58 -0500] "HEAD / HTTP/1.1" 200 -
120.85.115.86 - - [04/Apr/2022:01:14:06 -0500] "POST /HNAP1/ HTTP/1.0" 400 945
172.22.2.4 - - [04/Apr/2022:01:14:35 -0500] "GET /BLA/boletinlegal/jurisprudencia/analisis/AnalisisT-606-15.docx HTTP/1.1" 200 26698
172.22.2.4 - - [04/Apr/2022:01:14:41 -0500] "GET /BLA/boletinlegal/apple-touch-icon-120x120-precomposed.png HTTP/1.1" 404 1140
172.22.2.4 - - [04/Apr/2022:01:14:41 -0500] "GET /BLA/boletinlegal/apple-touch-icon-120x120.png HTTP/1.1" 404 1140
172.22.2.4 - - [04/Apr/2022:01:14:41 -0500] "GET /BLA/boletinlegal/apple-touch-icon-precomposed.png HTTP/1.1" 404 1140
172.22.2.4 - - [04/Apr/2022:01:14:41 -0500] "GET /BLA/boletinlegal/apple-touch-icon.png HTTP/1.1" 404 1140
172.22.2.4 - - [04/Apr/2022:01:14:41 -0500] "GET /BLA/boletinlegal/favicon.ico HTTP/1.1" 404 1140
172.22.2.4 - - [04/Apr/2022:01:14:41 -0500] "GET /BLA/boletinlegal/apple-touch-icon-120x120-precomposed.png HTTP/1.1" 404 1140
172.22.2.4 - - [04/Apr/2022:01:14:41 -0500] "GET /BLA/boletinlegal/apple-touch-icon-120x120.png HTTP/1.1" 404 1140
172.22.2.4 - - [04/Apr/2022:01:14:41 -0500] "GET /BLA/boletinlegal/apple-touch-icon-precomposed.png HTTP/1.1" 404 1140
172.22.2.4 - - [04/Apr/2022:01:14:42 -0500] "GET /BLA/boletinlegal/apple-touch-icon.png HTTP/1.1" 404 1140
172.22.2.4 - - [04/Apr/2022:01:14:42 -0500] "GET /BLA/boletinlegal/favicon.ico HTTP/1.1" 404 1140
172.22.2.4 - - [04/Apr/2022:01:15:04 -0500] "HEAD /BLA/boletinlegal/ HTTP/1.1" 200 -
216.245.221.92 - - [04/Apr/2022:01:16:58 -0500] "HEAD / HTTP/1.1" 200 -
172.22.2.4 - - [04/Apr/2022:01:15:54 -0500] "GET /BLA/boletinlegal/ HTTP/1.1" 200 59170
172.22.2.4 - - [04/Apr/2022:01:18:16 -0500] "GET /BLA/boletinlegal/Directivas/2017/Directiva%20No.%2003%20del%2024%20de%20Febrero%20de%202017.pdf HTTP/1.1" 200 6911517
114.119.141.53 - - [04/Apr/2022:01:20:54 -0500] "-" 408 -
66.249.73.127 - - [04/Apr/2022:01:21:02 -0500] "-" 408 -
114.119.141.51 - - [04/Apr/2022:01:21:26 -0500] "-" 408 -
216.245.221.92 - - [04/Apr/2022:01:21:58 -0500] "HEAD / HTTP/1.1" 200 -
114.119.141.53 - - [04/Apr/2022:01:22:03 -0500] "-" 408 -
173.252.107.111 - - [04/Apr/2022:01:22:25 -0500] "GET /images/operativos-control-residuos-hospitalarios-28-marzo.jpg HTTP/1.1" 200 36883
173.252.107.120 - - [04/Apr/2022:01:22:25 -0500] "GET /images/culebra-sabanera-bogota-26-marzo.jpg HTTP/1.1" 200 22555
173.252.107.18 - - [04/Apr/2022:01:22:31 -0500] "GET /images/dia-agua-participantes-22-marzo.jpg HTTP/1.1" 200 53143
172.22.2.4 - - [04/Apr/2022:01:20:54 -0500] "HEAD /BLA/boletinlegal/ HTTP/1.1" 200 -
173.252.107.5 - - [04/Apr/2022:01:22:37 -0500] "GET /images/Memo1.jpg HTTP/1.1" 200 91151
201.245.192.253 - - [04/Apr/2022:01:22:23 -0500] "POST /kwsrmcab/Wsrmcab HTTP/1.1" 200 45306
49.7.21.74 - - [04/Apr/2022:01:23:22 -0500] "-" 408 -
172.22.2.4 - - [04/Apr/2022:01:21:44 -0500] "GET /BLA/boletinlegal/ HTTP/1.1" 200 61416
201.245.192.253 - - [04/Apr/2022:01:23:13 -0500] "POST /kwsrmcab/Wsrmcab HTTP/1.1" 200 45451
207.46.13.199 - - [04/Apr/2022:01:24:22 -0500] "GET /BLA/resoluciones/AUTOS%202018/1297.pdf HTTP/1.1" 304 -
216.245.221.92 - - [04/Apr/2022:01:26:58 -0500] "HEAD / HTTP/1.1" 200 -
207.46.13.157 - - [04/Apr/2022:01:27:11 -0500] "GET /BLA/resoluciones/index.php?dir=AUTOS+2019%2F HTTP/1.1" 200 342327
172.22.2.4 - - [04/Apr/2022:01:26:44 -0500] "HEAD /BLA/boletinlegal/ HTTP/1.1" 200 -
172.22.2.4 - - [04/Apr/2022:01:27:34 -0500] "GET /BLA/boletinlegal/ HTTP/1.1" 200 58588
35.186.24.41 - - [04/Apr/2022:01:29:36 -0500] "GET /galeria/galeria/fotos/Humedal-la-conejera4P.jpg HTTP/1.1" 200 33365
66.249.73.127 - - [04/Apr/2022:01:30:48 -0500] "-" 408 -
35.186.58.152 - - [04/Apr/2022:01:31:56 -0500] "GET /galeria/galeria/fotos/diaSC4Peq.jpg HTTP/1.1" 200 21008
216.245.221.92 - - [04/Apr/2022:01:31:58 -0500] "HEAD / HTTP/1.1" 200 -
201.245.192.253 - - [04/Apr/2022:01:32:23 -0500] "POST /kwsrmcab/Wsrmcab HTTP/1.1" 200 45306
172.22.2.4 - - [04/Apr/2022:01:33:45 -0500] "GET /BLA/boletinlegal/jurisprudencia/analisis/AnalisisT-606-15.docx HTTP/1.1" 200 26698
172.22.2.4 - - [04/Apr/2022:01:33:47 -0500] "GET /BLA/boletinlegal/apple-touch-icon-120x120-precomposed.png HTTP/1.1" 404 1140
172.22.2.4 - - [04/Apr/2022:01:33:47 -0500] "GET /BLA/boletinlegal/apple-touch-icon-120x120.png HTTP/1.1" 404 1140
172.22.2.4 - - [04/Apr/2022:01:33:47 -0500] "GET /BLA/boletinlegal/apple-touch-icon-precomposed.png HTTP/1.1" 404 1140
172.22.2.4 - - [04/Apr/2022:01:33:47 -0500] "GET /BLA/boletinlegal/apple-touch-icon.png HTTP/1.1" 404 1140
172.22.2.4 - - [04/Apr/2022:01:33:47 -0500] "GET /BLA/boletinlegal/favicon.ico HTTP/1.1" 404 1140
172.22.2.4 - - [04/Apr/2022:01:33:47 -0500] "GET /BLA/boletinlegal/apple-touch-icon-120x120-precomposed.png HTTP/1.1" 404 1140
172.22.2.4 - - [04/Apr/2022:01:33:47 -0500] "GET /BLA/boletinlegal/apple-touch-icon-120x120.png HTTP/1.1" 404 1140
172.22.2.4 - - [04/Apr/2022:01:33:47 -0500] "GET /BLA/boletinlegal/apple-touch-icon-precomposed.png HTTP/1.1" 404 1140
172.22.2.4 - - [04/Apr/2022:01:33:47 -0500] "GET /BLA/boletinlegal/apple-touch-icon.png HTTP/1.1" 404 1140
172.22.2.4 - - [04/Apr/2022:01:33:47 -0500] "GET /BLA/boletinlegal/favicon.ico HTTP/1.1" 404 1140
201.245.192.253 - - [04/Apr/2022:01:33:13 -0500] "POST /kwsrmcab/Wsrmcab HTTP/1.1" 200 45451
172.22.2.4 - - [04/Apr/2022:01:32:34 -0500] "HEAD /BLA/boletinlegal/ HTTP/1.1" 200 -
172.22.2.4 - - [04/Apr/2022:01:33:24 -0500] "GET /BLA/boletinlegal/ HTTP/1.1" 200 58588
216.245.221.92 - - [04/Apr/2022:01:36:58 -0500] "HEAD / HTTP/1.1" 200 -
201.244.96.219 - - [04/Apr/2022:01:38:16 -0500] "GET /BLA/resoluciones/index.php?dir=AUTOS+2010%2F HTTP/1.1" 200 274169
34.141.214.106 - - [04/Apr/2022:01:38:41 -0500] "GET / HTTP/1.1" 200 319
201.244.96.219 - - [04/Apr/2022:01:38:43 -0500] "GET /BLA/resoluciones/AUTOS%202010/4583.pdf HTTP/1.1" 200 172691
35.186.40.14 - - [04/Apr/2022:01:39:48 -0500] "GET /galeria/galeria/fotos/Humedal-la-conejera3P.jpg HTTP/1.1" 200 31355
150.158.102.252 - - [04/Apr/2022:01:39:53 -0500] "GET /xmlrpc.php HTTP/1.1" 404 1035
172.22.2.4 - - [04/Apr/2022:01:38:24 -0500] "HEAD /BLA/boletinlegal/ HTTP/1.1" 200 -
172.22.2.4 - - [04/Apr/2022:01:39:14 -0500] "GET /BLA/boletinlegal/ HTTP/1.1" 200 56300
216.245.221.92 - - [04/Apr/2022:01:41:58 -0500] "HEAD / HTTP/1.1" 200 -
172.22.2.4 - - [04/Apr/2022:01:42:13 -0500] "GET /BLA/boletinlegal/jurisprudencia/analisis/AnalisisT-606-15.docx HTTP/1.1" 200 26698
172.22.2.4 - - [04/Apr/2022:01:42:14 -0500] "GET /BLA/boletinlegal/apple-touch-icon-120x120-precomposed.png HTTP/1.1" 404 1140
172.22.2.4 - - [04/Apr/2022:01:42:14 -0500] "GET /BLA/boletinlegal/apple-touch-icon-120x120.png HTTP/1.1" 404 1140
172.22.2.4 - - [04/Apr/2022:01:42:14 -0500] "GET /BLA/boletinlegal/apple-touch-icon-precomposed.png HTTP/1.1" 404 1140
172.22.2.4 - - [04/Apr/2022:01:42:14 -0500] "GET /BLA/boletinlegal/apple-touch-icon.png HTTP/1.1" 404 1140
172.22.2.4 - - [04/Apr/2022:01:42:14 -0500] "GET /BLA/boletinlegal/favicon.ico HTTP/1.1" 404 1140
172.22.2.4 - - [04/Apr/2022:01:42:14 -0500] "GET /BLA/boletinlegal/apple-touch-icon-120x120-precomposed.png HTTP/1.1" 404 1140
172.22.2.4 - - [04/Apr/2022:01:42:14 -0500] "GET /BLA/boletinlegal/apple-touch-icon-120x120.png HTTP/1.1" 404 1140
172.22.2.4 - - [04/Apr/2022:01:42:14 -0500] "GET /BLA/boletinlegal/apple-touch-icon-precomposed.png HTTP/1.1" 404 1140
172.22.2.4 - - [04/Apr/2022:01:42:14 -0500] "GET /BLA/boletinlegal/apple-touch-icon.png HTTP/1.1" 404 1140
172.22.2.4 - - [04/Apr/2022:01:42:14 -0500] "GET /BLA/boletinlegal/favicon.ico HTTP/1.1" 404 1140
201.245.192.253 - - [04/Apr/2022:01:42:24 -0500] "POST /kwsrmcab/Wsrmcab HTTP/1.1" 200 45306
201.245.192.253 - - [04/Apr/2022:01:43:15 -0500] "POST /kwsrmcab/Wsrmcab HTTP/1.1" 200 45451
201.244.96.219 - - [04/Apr/2022:01:45:35 -0500] "GET /BLA/resoluciones/index.php?dir=RESOLUCIONES+2014%2F HTTP/1.1" 200 330618
201.244.96.219 - - [04/Apr/2022:01:45:47 -0500] "GET /BLA/resoluciones/RESOLUCIONES%202014/0638.pdf HTTP/1.1" 206 1
201.244.96.219 - - [04/Apr/2022:01:45:47 -0500] "GET /BLA/resoluciones/RESOLUCIONES%202014/0638.pdf HTTP/1.1" 206 919
172.22.2.4 - - [04/Apr/2022:01:44:14 -0500] "HEAD /BLA/boletinlegal/ HTTP/1.1" 200 -
201.244.96.219 - - [04/Apr/2022:01:46:32 -0500] "GET /BLA/resoluciones/RESOLUCIONES%202014/1869.pdf HTTP/1.1" 200 614621
172.22.2.4 - - [04/Apr/2022:01:45:04 -0500] "GET /BLA/boletinlegal/ HTTP/1.1" 200 59170
216.245.221.92 - - [04/Apr/2022:01:46:58 -0500] "HEAD / HTTP/1.1" 200 -
172.22.2.4 - - [04/Apr/2022:01:50:04 -0500] "HEAD /BLA/boletinlegal/ HTTP/1.1" 200 -
216.245.221.92 - - [04/Apr/2022:01:51:58 -0500] "HEAD / HTTP/1.1" 200 -
40.77.167.78 - - [04/Apr/2022:01:52:15 -0500] "GET / HTTP/1.1" 200 4720
172.22.2.4 - - [04/Apr/2022:01:50:54 -0500] "GET /BLA/boletinlegal/ HTTP/1.1" 200 59170
172.22.2.4 - - [04/Apr/2022:01:53:09 -0500] "GET /BLA/boletinlegal/index.php?s=/Index/\\think\\app/invokefunction&function=call_user_func_array&vars[0]=md5&vars[1][]=HelloThinkPHP21 HTTP/1.1" 200 20427
172.22.2.4 - - [04/Apr/2022:01:54:05 -0500] "GET /BLA/boletinlegal/ecp/Current/exporttool/microsoft.exchange.ediscovery.exporttool.application HTTP/1.1" 404 1018
172.22.2.4 - - [04/Apr/2022:01:54:06 -0500] "GET /BLA/boletinlegal/owa/auth/logon.aspx?url=https%3a%2f%2f1%2fecp%2f HTTP/1.1" 404 1018
216.245.221.92 - - [04/Apr/2022:01:56:58 -0500] "HEAD / HTTP/1.1" 200 -
172.22.2.4 - - [04/Apr/2022:01:55:54 -0500] "HEAD /BLA/boletinlegal/ HTTP/1.1" 200 -
172.22.2.4 - - [04/Apr/2022:01:56:44 -0500] "GET /BLA/boletinlegal/ HTTP/1.1" 200 59170
66.249.73.97 - - [04/Apr/2022:02:01:33 -0500] "-" 408 -
216.245.221.92 - - [04/Apr/2022:02:01:58 -0500] "HEAD / HTTP/1.1" 200 -
172.22.2.4 - - [04/Apr/2022:02:01:44 -0500] "HEAD /BLA/boletinlegal/ HTTP/1.1" 200 -
172.22.2.4 - - [04/Apr/2022:02:02:59 -0500] "GET /BLA/boletinlegal/ HTTP/1.1" 200 32715
172.22.2.4 - - [04/Apr/2022:02:02:34 -0500] "GET /BLA/boletinlegal/ HTTP/1.1" 200 54457
49.7.21.74 - - [04/Apr/2022:02:06:23 -0500] "-" 408 -
216.245.221.92 - - [04/Apr/2022:02:06:58 -0500] "HEAD / HTTP/1.1" 200 -
207.46.13.157 - - [04/Apr/2022:02:09:05 -0500] "GET /BLA/resoluciones/Decretos/Decreto%20450%20del%2028%20de%20Agosto%20de%202017.pdf HTTP/1.1" 200 17288729
172.22.2.4 - - [04/Apr/2022:02:07:34 -0500] "HEAD /BLA/boletinlegal/ HTTP/1.1" 200 -
172.22.2.4 - - [04/Apr/2022:02:08:24 -0500] "GET /BLA/boletinlegal/ HTTP/1.1" 200 59170
64.31.8.158 - - [04/Apr/2022:02:10:47 -0500] "GET / HTTP/1.1" 200 319
216.245.221.92 - - [04/Apr/2022:02:11:58 -0500] "HEAD / HTTP/1.1" 200 -
172.22.2.4 - - [04/Apr/2022:02:13:24 -0500] "HEAD /BLA/boletinlegal/ HTTP/1.1" 200 -
172.22.2.4 - - [04/Apr/2022:02:14:14 -0500] "GET /BLA/boletinlegal/ HTTP/1.1" 200 52945
216.245.221.92 - - [04/Apr/2022:02:16:58 -0500] "HEAD / HTTP/1.1" 200 -
207.46.13.209 - - [04/Apr/2022:02:18:06 -0500] "GET /galeria/nivo-slider/demo/convocatorias.html? HTTP/1.1" 200 3464
66.249.73.100 - - [04/Apr/2022:02:18:33 -0500] "-" 408 -
172.22.2.4 - - [04/Apr/2022:02:19:14 -0500] "HEAD /BLA/boletinlegal/ HTTP/1.1" 200 -
172.22.2.4 - - [04/Apr/2022:02:20:04 -0500] "GET /BLA/boletinlegal/ HTTP/1.1" 200 59170
216.245.221.92 - - [04/Apr/2022:02:21:58 -0500] "HEAD / HTTP/1.1" 200 -
114.119.132.248 - - [04/Apr/2022:02:22:40 -0500] "-" 408 -
201.245.192.253 - - [04/Apr/2022:02:22:23 -0500] "POST /kwsrmcab/Wsrmcab HTTP/1.1" 200 45307
114.119.156.31 - - [04/Apr/2022:02:23:11 -0500] "-" 408 -
114.119.140.4 - - [04/Apr/2022:02:23:42 -0500] "-" 408 -
201.245.192.253 - - [04/Apr/2022:02:23:08 -0500] "POST /kwsrmcab/Wsrmcab HTTP/1.1" 200 45453
172.22.2.4 - - [04/Apr/2022:02:25:04 -0500] "HEAD /BLA/boletinlegal/ HTTP/1.1" 200 -
216.245.221.92 - - [04/Apr/2022:02:26:58 -0500] "HEAD / HTTP/1.1" 200 -
172.22.2.4 - - [04/Apr/2022:02:25:54 -0500] "GET /BLA/boletinlegal/ HTTP/1.1" 200 55450
172.22.2.4 - - [04/Apr/2022:02:30:49 -0500] "GET /BLA/boletinlegal/style.css HTTP/1.1" 200 9406
172.22.2.4 - - [04/Apr/2022:02:30:49 -0500] "GET /BLA/boletinlegal/styles2.css HTTP/1.1" 200 1838
172.22.2.4 - - [04/Apr/2022:02:30:49 -0500] "GET /BLA/boletinlegal/js/jquery.js HTTP/1.1" 200 57254
172.22.2.4 - - [04/Apr/2022:02:30:49 -0500] "GET /BLA/boletinlegal/js/jquery.scrollTo-min.js HTTP/1.1" 200 1150
172.22.2.4 - - [04/Apr/2022:02:30:49 -0500] "GET /BLA/boletinlegal/js/jquery.scrollShow.js HTTP/1.1" 200 4586
172.22.2.4 - - [04/Apr/2022:02:30:49 -0500] "GET /BLA/boletinlegal/images/cabezote%20BLEGAL.jpg HTTP/1.1" 200 118164
172.22.2.4 - - [04/Apr/2022:02:30:49 -0500] "GET /BLA/boletinlegal/images/subscribe-icon-big.png HTTP/1.1" 200 47702
172.22.2.4 - - [04/Apr/2022:02:30:49 -0500] "GET /BLA/boletinlegal/images/historia.png HTTP/1.1" 200 52775
172.22.2.4 - - [04/Apr/2022:02:30:49 -0500] "GET /BLA/boletinlegal/images/arr_l.jpg HTTP/1.1" 200 1979
172.22.2.4 - - [04/Apr/2022:02:30:49 -0500] "GET /BLA/boletinlegal/images/registro-usuarios.png HTTP/1.1" 200 8106
172.22.2.4 - - [04/Apr/2022:02:30:49 -0500] "GET /BLA/boletinlegal/images/body_bg.jpg HTTP/1.1" 200 1601
172.22.2.4 - - [04/Apr/2022:02:30:49 -0500] "GET /BLA/boletinlegal/images/menu_rght.gif HTTP/1.1" 200 1627
172.22.2.4 - - [04/Apr/2022:02:30:49 -0500] "GET /BLA/boletinlegal/images/menu_lft.gif HTTP/1.1" 200 1713
172.22.2.4 - - [04/Apr/2022:02:30:49 -0500] "GET /BLA/boletinlegal/images/menu_bg.jpg HTTP/1.1" 200 620
172.22.2.4 - - [04/Apr/2022:02:30:49 -0500] "GET /BLA/boletinlegal/images/text.jpg HTTP/1.1" 200 568
172.22.2.4 - - [04/Apr/2022:02:30:49 -0500] "GET /BLA/boletinlegal/images/launch.jpg HTTP/1.1" 200 14577
172.22.2.4 - - [04/Apr/2022:02:30:49 -0500] "GET /BLA/boletinlegal/images/hover.jpg HTTP/1.1" 200 640
172.22.2.4 - - [04/Apr/2022:02:30:49 -0500] "GET /BLA/boletinlegal/images/bg_top.jpg HTTP/1.1" 200 522
172.22.2.4 - - [04/Apr/2022:02:30:50 -0500] "GET /BLA/boletinlegal/images/screen_1.png HTTP/1.1" 200 202547
172.22.2.4 - - [04/Apr/2022:02:30:54 -0500] "GET /BLA/boletinlegal/actos.php HTTP/1.1" 200 9555
172.22.2.4 - - [04/Apr/2022:02:30:54 -0500] "GET /BLA/boletinlegal/js/ajax_actos.js HTTP/1.1" 200 1322
172.22.2.4 - - [04/Apr/2022:02:30:54 -0500] "GET /BLA/boletinlegal/niceforms.js HTTP/1.1" 200 22876
172.22.2.4 - - [04/Apr/2022:02:30:54 -0500] "GET /BLA/boletinlegal/niceforms-default.css HTTP/1.1" 200 6694
172.22.2.4 - - [04/Apr/2022:02:30:54 -0500] "GET /BLA/boletinlegal/js/popup.js HTTP/1.1" 200 1270
172.22.2.4 - - [04/Apr/2022:02:30:54 -0500] "GET /BLA/boletinlegal/js/lib.js HTTP/1.1" 200 6474
172.22.2.4 - - [04/Apr/2022:02:30:54 -0500] "GET /BLA/boletinlegal/js/jquery1.js HTTP/1.1" 200 29846
172.22.2.4 - - [04/Apr/2022:02:30:54 -0500] "GET /BLA/boletinlegal/images/green-yellow-blue-pink-th.png HTTP/1.1" 200 7394
172.22.2.4 - - [04/Apr/2022:02:30:54 -0500] "GET /BLA/boletinlegal/images/abajo.png HTTP/1.1" 200 96676
172.22.2.4 - - [04/Apr/2022:02:30:55 -0500] "GET /BLA/boletinlegal/images/tel.png HTTP/1.1" 200 14477
172.22.2.4 - - [04/Apr/2022:02:30:55 -0500] "GET /BLA/boletinlegal/images/icono-email.png HTTP/1.1" 200 5544
172.22.2.4 - - [04/Apr/2022:02:30:55 -0500] "GET /BLA/boletinlegal/images/footer_bg.jpg HTTP/1.1" 200 586
172.22.2.4 - - [04/Apr/2022:02:30:55 -0500] "GET /BLA/boletinlegal/images/footer_bg_l.jpg HTTP/1.1" 200 776
172.22.2.4 - - [04/Apr/2022:02:30:55 -0500] "GET /BLA/boletinlegal/img/0.png HTTP/1.1" 200 110
172.22.2.4 - - [04/Apr/2022:02:30:55 -0500] "GET /BLA/boletinlegal/img/select-right.png HTTP/1.1" 200 44019
172.22.2.4 - - [04/Apr/2022:02:30:55 -0500] "GET /BLA/boletinlegal/img/select-left.png HTTP/1.1" 200 263
172.22.2.4 - - [04/Apr/2022:02:30:55 -0500] "GET /BLA/boletinlegal/img/button-left.png HTTP/1.1" 200 57071
172.22.2.4 - - [04/Apr/2022:02:30:55 -0500] "GET /BLA/boletinlegal/img/button.png HTTP/1.1" 200 43241
172.22.2.4 - - [04/Apr/2022:02:30:55 -0500] "GET /BLA/boletinlegal/img/button-right.png HTTP/1.1" 200 57878
172.22.2.4 - - [04/Apr/2022:02:30:55 -0500] "GET /BLA/boletinlegal/favicon.ico HTTP/1.1" 404 1230
172.22.2.4 - - [04/Apr/2022:02:30:58 -0500] "GET /BLA/boletinlegal/consulta_actos.php?tipo=autos&no=&usuario=&sector=&fecha=2022&resuelve= HTTP/1.1" 200 14271
172.22.2.4 - - [04/Apr/2022:02:30:58 -0500] "GET /BLA/boletinlegal/images/pdf.gif HTTP/1.1" 200 567
172.22.2.4 - - [04/Apr/2022:02:30:58 -0500] "GET /BLA/boletinlegal/images/background.gif HTTP/1.1" 200 -
66.249.73.127 - - [04/Apr/2022:02:31:30 -0500] "-" 408 -
172.22.2.4 - - [04/Apr/2022:02:30:48 -0500] "GET /BLA/boletinlegal/ HTTP/1.1" 200 32715
185.189.112.122 - - [04/Apr/2022:02:31:47 -0500] "GET /BLA/resoluciones/AUTOS%202022/0009.pdf HTTP/1.1" 200 389921
185.189.112.122 - - [04/Apr/2022:02:31:47 -0500] "GET /favicon.ico HTTP/1.1" 200 7782
185.189.112.122 - - [04/Apr/2022:02:31:56 -0500] "GET /BLA/resoluciones/AUTOS%202022/0009.pdf HTTP/1.1" 206 1
185.189.112.122 - - [04/Apr/2022:02:31:56 -0500] "GET /BLA/resoluciones/AUTOS%202022/0009.pdf HTTP/1.1" 206 1025
216.245.221.92 - - [04/Apr/2022:02:31:58 -0500] "HEAD / HTTP/1.1" 200 -
172.22.2.4 - - [04/Apr/2022:02:30:54 -0500] "HEAD /BLA/boletinlegal/ HTTP/1.1" 200 -
185.138.207.92 - - [04/Apr/2022:02:32:49 -0500] "GET / HTTP/1.1" 200 319
20.36.244.102 - - [04/Apr/2022:02:32:42 -0500] "GET /noticias/rssambiente.php HTTP/1.1" 406 -
201.245.192.253 - - [04/Apr/2022:02:32:23 -0500] "POST /kwsrmcab/Wsrmcab HTTP/1.1" 200 45307
185.189.112.122 - - [04/Apr/2022:02:33:24 -0500] "GET /BLA/resoluciones/AUTOS%202022/0035.pdf HTTP/1.1" 200 341706
172.22.2.4 - - [04/Apr/2022:02:31:44 -0500] "GET /BLA/boletinlegal/ HTTP/1.1" 200 59170
185.189.112.122 - - [04/Apr/2022:02:33:32 -0500] "GET /BLA/resoluciones/AUTOS%202022/0035.pdf HTTP/1.1" 206 1
185.189.112.122 - - [04/Apr/2022:02:33:32 -0500] "GET /BLA/resoluciones/AUTOS%202022/0035.pdf HTTP/1.1" 206 1962
201.245.192.253 - - [04/Apr/2022:02:33:08 -0500] "POST /kwsrmcab/Wsrmcab HTTP/1.1" 200 45453
216.245.221.92 - - [04/Apr/2022:02:36:58 -0500] "HEAD / HTTP/1.1" 200 -
172.22.2.4 - - [04/Apr/2022:02:36:44 -0500] "HEAD /BLA/boletinlegal/ HTTP/1.1" 200 -
172.22.2.4 - - [04/Apr/2022:02:38:34 -0500] "GET /BLA/boletinlegal/normativa.php HTTP/1.1" 200 8258
172.22.2.4 - - [04/Apr/2022:02:37:34 -0500] "GET /BLA/boletinlegal/ HTTP/1.1" 200 57044
40.77.167.78 - - [04/Apr/2022:02:40:50 -0500] "GET /dora-villalobos-la-protectora-del-humedal-la-vaca.html HTTP/1.1" 200 893
216.245.221.92 - - [04/Apr/2022:02:41:58 -0500] "HEAD / HTTP/1.1" 200 -
172.22.2.4 - - [04/Apr/2022:02:41:21 -0500] "GET /BLA/boletinlegal/?XDEBUG_SESSION_START=phpstorm HTTP/1.1" 200 32715
201.245.192.253 - - [04/Apr/2022:02:42:23 -0500] "POST /kwsrmcab/Wsrmcab HTTP/1.1" 200 45307
201.245.192.253 - - [04/Apr/2022:02:43:13 -0500] "POST /kwsrmcab/Wsrmcab HTTP/1.1" 200 45453
172.22.2.4 - - [04/Apr/2022:02:42:34 -0500] "HEAD /BLA/boletinlegal/ HTTP/1.1" 200 -
172.22.2.4 - - [04/Apr/2022:02:43:24 -0500] "GET /BLA/boletinlegal/ HTTP/1.1" 200 61416
49.7.21.74 - - [04/Apr/2022:02:46:56 -0500] "-" 408 -
216.245.221.92 - - [04/Apr/2022:02:46:58 -0500] "HEAD / HTTP/1.1" 200 -
172.22.2.4 - - [04/Apr/2022:02:48:58 -0500] "GET /BLA/boletinlegal/niceforms.js HTTP/1.1" 200 22876
172.22.2.4 - - [04/Apr/2022:02:50:00 -0500] "GET /BLA/boletinlegal/Circulares/2011/Circular%20No.%205%20del%2014%20de%20Julio%20de%202011.pdf HTTP/1.1" 200 1488992
172.22.2.4 - - [04/Apr/2022:02:48:24 -0500] "HEAD /BLA/boletinlegal/ HTTP/1.1" 200 -
172.22.2.4 - - [04/Apr/2022:02:49:14 -0500] "GET /BLA/boletinlegal/ HTTP/1.1" 200 59170
172.22.2.4 - - [04/Apr/2022:02:51:49 -0500] "GET /BLA/boletinlegal/favicon.ico HTTP/1.1" 404 1038
216.245.221.92 - - [04/Apr/2022:02:51:58 -0500] "HEAD / HTTP/1.1" 200 -
66.249.73.97 - - [04/Apr/2022:02:51:58 -0500] "-" 408 -
172.22.2.4 - - [04/Apr/2022:02:54:09 -0500] "POST /BLA/boletinlegal/mifs/.;/services/LogService HTTP/1.1" 404 1158
172.22.2.4 - - [04/Apr/2022:02:54:14 -0500] "HEAD /BLA/boletinlegal/ HTTP/1.1" 200 -
172.22.2.4 - - [04/Apr/2022:02:55:28 -0500] "GET /BLA/boletinlegal/ HTTP/1.1" 200 24523
172.22.2.4 - - [04/Apr/2022:02:55:04 -0500] "GET /BLA/boletinlegal/ HTTP/1.1" 200 53344
216.245.221.92 - - [04/Apr/2022:02:56:58 -0500] "HEAD / HTTP/1.1" 200 -
66.249.73.127 - - [04/Apr/2022:03:00:14 -0500] "-" 408 -
172.22.2.4 - - [04/Apr/2022:03:00:04 -0500] "HEAD /BLA/boletinlegal/ HTTP/1.1" 200 -
216.245.221.92 - - [04/Apr/2022:03:01:57 -0500] "HEAD / HTTP/1.1" 200 -
172.22.2.4 - - [04/Apr/2022:03:00:54 -0500] "GET /BLA/boletinlegal/ HTTP/1.1" 200 59170
172.22.2.4 - - [04/Apr/2022:03:03:15 -0500] "GET /BLA/boletinlegal/jurisprudencia/analisis/AnalisisT-606-15.docx HTTP/1.1" 200 26698
172.22.2.4 - - [04/Apr/2022:03:03:16 -0500] "GET /BLA/boletinlegal/apple-touch-icon-120x120-precomposed.png HTTP/1.1" 404 1140
172.22.2.4 - - [04/Apr/2022:03:03:16 -0500] "GET /BLA/boletinlegal/apple-touch-icon-120x120.png HTTP/1.1" 404 1140
172.22.2.4 - - [04/Apr/2022:03:03:16 -0500] "GET /BLA/boletinlegal/apple-touch-icon-precomposed.png HTTP/1.1" 404 1140
172.22.2.4 - - [04/Apr/2022:03:03:16 -0500] "GET /BLA/boletinlegal/apple-touch-icon.png HTTP/1.1" 404 1140
172.22.2.4 - - [04/Apr/2022:03:03:16 -0500] "GET /BLA/boletinlegal/favicon.ico HTTP/1.1" 404 1140
172.22.2.4 - - [04/Apr/2022:03:03:16 -0500] "GET /BLA/boletinlegal/apple-touch-icon-120x120-precomposed.png HTTP/1.1" 404 1140
172.22.2.4 - - [04/Apr/2022:03:03:16 -0500] "GET /BLA/boletinlegal/apple-touch-icon-120x120.png HTTP/1.1" 404 1140
172.22.2.4 - - [04/Apr/2022:03:03:16 -0500] "GET /BLA/boletinlegal/apple-touch-icon-precomposed.png HTTP/1.1" 404 1140
172.22.2.4 - - [04/Apr/2022:03:03:17 -0500] "GET /BLA/boletinlegal/apple-touch-icon.png HTTP/1.1" 404 1140
172.22.2.4 - - [04/Apr/2022:03:03:17 -0500] "GET /BLA/boletinlegal/favicon.ico HTTP/1.1" 404 1140
216.245.221.92 - - [04/Apr/2022:03:06:57 -0500] "HEAD / HTTP/1.1" 200 -
172.22.2.4 - - [04/Apr/2022:03:05:54 -0500] "HEAD /BLA/boletinlegal/ HTTP/1.1" 200 -
172.22.2.4 - - [04/Apr/2022:03:06:44 -0500] "GET /BLA/boletinlegal/ HTTP/1.1" 200 56669
172.22.2.4 - - [04/Apr/2022:03:10:41 -0500] "GET /BLA/boletinlegal/normativa.php HTTP/1.1" 200 8258
216.245.221.92 - - [04/Apr/2022:03:11:57 -0500] "HEAD / HTTP/1.1" 200 -
66.249.73.127 - - [04/Apr/2022:03:12:07 -0500] "-" 408 -
172.22.2.4 - - [04/Apr/2022:03:11:44 -0500] "HEAD /BLA/boletinlegal/ HTTP/1.1" 200 -
172.22.2.4 - - [04/Apr/2022:03:12:34 -0500] "GET /BLA/boletinlegal/ HTTP/1.1" 200 55877
216.245.221.92 - - [04/Apr/2022:03:16:57 -0500] "HEAD / HTTP/1.1" 200 -
172.22.2.4 - - [04/Apr/2022:03:17:03 -0500] "GET /BLA/boletinlegal/jurisprudencia/analisis/CUADRO%20ANALISIS%20SENTENCIA%20T-411%20DE%201992.doc HTTP/1.1" 200 41984
172.22.2.4 - - [04/Apr/2022:03:17:34 -0500] "HEAD /BLA/boletinlegal/ HTTP/1.1" 200 -
172.22.2.4 - - [04/Apr/2022:03:18:24 -0500] "GET /BLA/boletinlegal/ HTTP/1.1" 200 59170
49.7.21.74 - - [04/Apr/2022:03:21:40 -0500] "-" 408 -
216.245.221.92 - - [04/Apr/2022:03:21:57 -0500] "HEAD / HTTP/1.1" 200 -
173.255.124.39 - - [04/Apr/2022:03:22:52 -0500] "GET /galeria/galeria/fotos/diaSC6Peq.jpg HTTP/1.1" 200 17665
201.245.192.253 - - [04/Apr/2022:03:22:23 -0500] "POST /kwsrmcab/Wsrmcab HTTP/1.1" 200 45127
201.245.192.253 - - [04/Apr/2022:03:23:14 -0500] "POST /kwsrmcab/Wsrmcab HTTP/1.1" 200 45454
172.22.2.4 - - [04/Apr/2022:03:23:23 -0500] "HEAD /BLA/boletinlegal/ HTTP/1.1" 200 -
185.166.84.84 - - [04/Apr/2022:03:25:47 -0500] "GET http://dyn.epicgifs.net/test6956.php HTTP/1.1" 404 1020
172.22.2.4 - - [04/Apr/2022:03:24:14 -0500] "GET /BLA/boletinlegal/ HTTP/1.1" 200 58588
216.245.221.92 - - [04/Apr/2022:03:26:57 -0500] "HEAD / HTTP/1.1" 200 -
172.22.2.4 - - [04/Apr/2022:03:29:13 -0500] "HEAD /BLA/boletinlegal/ HTTP/1.1" 200 -
172.22.2.4 - - [04/Apr/2022:03:30:04 -0500] "GET /BLA/boletinlegal/ HTTP/1.1" 200 59170
216.245.221.92 - - [04/Apr/2022:03:31:57 -0500] "HEAD / HTTP/1.1" 200 -
157.55.39.132 - - [04/Apr/2022:03:32:04 -0500] "-" 408 -
201.245.192.253 - - [04/Apr/2022:03:32:23 -0500] "POST /kwsrmcab/Wsrmcab HTTP/1.1" 200 45127
201.245.192.253 - - [04/Apr/2022:03:33:14 -0500] "POST /kwsrmcab/Wsrmcab HTTP/1.1" 200 45454
69.171.251.3 - - [04/Apr/2022:03:34:39 -0500] "GET /voluntariado-ambiental-en-su-dia-exaltamos-la-labor-de-organizaciones-colectivos-y-ciudadanos-por-el-cuidado-de-nuestro-ambiente-en-bogota.html HTTP/1.1" 206 1024
73.244.1.111 - - [04/Apr/2022:03:36:21 -0500] "GET /sql/phpMyAdmin/index.php?lang=en HTTP/1.1" 404 1018
73.244.1.111 - - [04/Apr/2022:03:36:21 -0500] "GET /db/index.php?lang=en HTTP/1.1" 404 1018
73.244.1.111 - - [04/Apr/2022:03:36:21 -0500] "GET /sql/phpMyAdmin2/index.php?lang=en HTTP/1.1" 404 1018
73.244.1.111 - - [04/Apr/2022:03:36:21 -0500] "GET /db/phpMyAdmin3/index.php?lang=en HTTP/1.1" 404 1018
73.244.1.111 - - [04/Apr/2022:03:36:21 -0500] "GET /_phpmyadmin_/index.php?lang=en HTTP/1.1" 404 1018
73.244.1.111 - - [04/Apr/2022:03:36:21 -0500] "GET /admin/sysadmin/index.php?lang=en HTTP/1.1" 404 1018
73.244.1.111 - - [04/Apr/2022:03:36:22 -0500] "GET /phpMyAdmin/index.php?lang=en HTTP/1.1" 403 1165
73.244.1.111 - - [04/Apr/2022:03:36:22 -0500] "GET /phpmyadmin_/index.php?lang=en HTTP/1.1" 403 1165
73.244.1.111 - - [04/Apr/2022:03:36:22 -0500] "GET /phpMyAdmin-5.1.0/index.php?lang=en HTTP/1.1" 403 1165
73.244.1.111 - - [04/Apr/2022:03:36:22 -0500] "GET /db/phpmyadmin3/index.php?lang=en HTTP/1.1" 404 1018
73.244.1.111 - - [04/Apr/2022:03:36:22 -0500] "GET /sql/phpmyadmin5/index.php?lang=en HTTP/1.1" 404 1018
73.244.1.111 - - [04/Apr/2022:03:36:22 -0500] "GET /pma/index.php?lang=en HTTP/1.1" 404 1018
73.244.1.111 - - [04/Apr/2022:03:36:22 -0500] "GET /phpmyadmin2012/index.php?lang=en HTTP/1.1" 403 1165
73.244.1.111 - - [04/Apr/2022:03:36:22 -0500] "GET /wp-content/plugins/portable-phpmyadmin/wp-pma-mod/index.php?lang=en HTTP/1.1" 404 1018
73.244.1.111 - - [04/Apr/2022:03:36:22 -0500] "GET /admin/web/index.php?lang=en HTTP/1.1" 404 1018
73.244.1.111 - - [04/Apr/2022:03:36:22 -0500] "GET /shopdb/index.php?lang=en HTTP/1.1" 404 1018
73.244.1.111 - - [04/Apr/2022:03:36:22 -0500] "GET /phpmyadmin2022/index.php?lang=en HTTP/1.1" 403 1165
73.244.1.111 - - [04/Apr/2022:03:36:22 -0500] "GET /mysql/index.php?lang=en HTTP/1.1" 404 1018
73.244.1.111 - - [04/Apr/2022:03:36:22 -0500] "GET /database/index.php?lang=en HTTP/1.1" 404 1018
73.244.1.111 - - [04/Apr/2022:03:36:23 -0500] "GET /phpmy-admin/index.php?lang=en HTTP/1.1" 404 1018
73.244.1.111 - - [04/Apr/2022:03:36:23 -0500] "GET /phpmyadmin2020/index.php?lang=en HTTP/1.1" 403 1165
73.244.1.111 - - [04/Apr/2022:03:36:23 -0500] "GET /phpMyAdmin5.1/index.php?lang=en HTTP/1.1" 403 1165
73.244.1.111 - - [04/Apr/2022:03:36:23 -0500] "GET /phpMyAdmin-3/index.php?lang=en HTTP/1.1" 403 1165
73.244.1.111 - - [04/Apr/2022:03:36:23 -0500] "GET /db/phpMyAdmin-4/index.php?lang=en HTTP/1.1" 404 1018
73.244.1.111 - - [04/Apr/2022:03:36:23 -0500] "GET /phpMyAdmin5.2/index.php?lang=en HTTP/1.1" 403 1165
73.244.1.111 - - [04/Apr/2022:03:36:23 -0500] "GET /phpmyadmin2016/index.php?lang=en HTTP/1.1" 403 1165
73.244.1.111 - - [04/Apr/2022:03:36:23 -0500] "GET /sql/phpmyadmin3/index.php?lang=en HTTP/1.1" 404 1018
73.244.1.111 - - [04/Apr/2022:03:36:23 -0500] "GET /admin/sqladmin/index.php?lang=en HTTP/1.1" 404 1018
73.244.1.111 - - [04/Apr/2022:03:36:23 -0500] "GET /myadmin/index.php?lang=en HTTP/1.1" 404 1018
73.244.1.111 - - [04/Apr/2022:03:36:23 -0500] "GET /phpmyadmin2018/index.php?lang=en HTTP/1.1" 403 1165
73.244.1.111 - - [04/Apr/2022:03:36:23 -0500] "GET /phpmyadmin2/index.php?lang=en HTTP/1.1" 403 1165
73.244.1.111 - - [04/Apr/2022:03:36:23 -0500] "GET /db/webdb/index.php?lang=en HTTP/1.1" 404 1018
73.244.1.111 - - [04/Apr/2022:03:36:23 -0500] "GET /db/phpmyadmin5/index.php?lang=en HTTP/1.1" 404 1018
73.244.1.111 - - [04/Apr/2022:03:36:24 -0500] "GET /sql/webdb/index.php?lang=en HTTP/1.1" 404 1018
73.244.1.111 - - [04/Apr/2022:03:36:24 -0500] "GET /_phpMyAdmin/index.php?lang=en HTTP/1.1" 404 1018
73.244.1.111 - - [04/Apr/2022:03:36:24 -0500] "GET /administrator/PMA/index.php?lang=en HTTP/1.1" 404 1018
73.244.1.111 - - [04/Apr/2022:03:36:24 -0500] "GET /admin/pma/index.php?lang=en HTTP/1.1" 404 1018
73.244.1.111 - - [04/Apr/2022:03:36:24 -0500] "GET /phpMyAdmin4/index.php?lang=en HTTP/1.1" 403 1165
73.244.1.111 - - [04/Apr/2022:03:36:24 -0500] "GET /administrator/web/index.php?lang=en HTTP/1.1" 404 1018
73.244.1.111 - - [04/Apr/2022:03:36:24 -0500] "GET /phpmyadmin2015/index.php?lang=en HTTP/1.1" 403 1165
73.244.1.111 - - [04/Apr/2022:03:36:24 -0500] "GET /mysql/dbadmin/index.php?lang=en HTTP/1.1" 404 1018
73.244.1.111 - - [04/Apr/2022:03:36:24 -0500] "GET /mysql/pma/index.php?lang=en HTTP/1.1" 404 1018
73.244.1.111 - - [04/Apr/2022:03:36:24 -0500] "GET /PMA/index.php?lang=en HTTP/1.1" 404 1018
73.244.1.111 - - [04/Apr/2022:03:36:24 -0500] "GET /db/websql/index.php?lang=en HTTP/1.1" 404 1018
73.244.1.111 - - [04/Apr/2022:03:36:24 -0500] "GET /phpMyadmin/index.php?lang=en HTTP/1.1" 403 1165
73.244.1.111 - - [04/Apr/2022:03:36:24 -0500] "GET /mysql/pMA/index.php?lang=en HTTP/1.1" 404 1018
73.244.1.111 - - [04/Apr/2022:03:36:25 -0500] "GET /mysql/web/index.php?lang=en HTTP/1.1" 404 1018
73.244.1.111 - - [04/Apr/2022:03:36:25 -0500] "GET /phpMyAdmin-5.1.2/index.php?lang=en HTTP/1.1" 403 1165
73.244.1.111 - - [04/Apr/2022:03:36:25 -0500] "GET /sql/sql-admin/index.php?lang=en HTTP/1.1" 404 1018
73.244.1.111 - - [04/Apr/2022:03:36:25 -0500] "GET /phpMyAdmin_/index.php?lang=en HTTP/1.1" 403 1165
73.244.1.111 - - [04/Apr/2022:03:36:25 -0500] "GET /phpmyadmin2014/index.php?lang=en HTTP/1.1" 403 1165
73.244.1.111 - - [04/Apr/2022:03:36:25 -0500] "GET /phpmyadmin2017/index.php?lang=en HTTP/1.1" 403 1165
73.244.1.111 - - [04/Apr/2022:03:36:25 -0500] "GET /admin/phpMyAdmin/index.php?lang=en HTTP/1.1" 404 1018
73.244.1.111 - - [04/Apr/2022:03:36:25 -0500] "GET /phpMyAdmin-5.2.0/index.php?lang=en HTTP/1.1" 403 1165
73.244.1.111 - - [04/Apr/2022:03:36:25 -0500] "GET /sqlmanager/index.php?lang=en HTTP/1.1" 404 1018
73.244.1.111 - - [04/Apr/2022:03:36:25 -0500] "GET /sql/sqladmin/index.php?lang=en HTTP/1.1" 404 1018
73.244.1.111 - - [04/Apr/2022:03:36:25 -0500] "GET /phpmyadmin/index.php?lang=en HTTP/1.1" 403 1165
73.244.1.111 - - [04/Apr/2022:03:36:25 -0500] "GET /db/dbadmin/index.php?lang=en HTTP/1.1" 404 1018
73.244.1.111 - - [04/Apr/2022:03:36:25 -0500] "GET /phpMyAdmin-4/index.php?lang=en HTTP/1.1" 403 1165
73.244.1.111 - - [04/Apr/2022:03:36:25 -0500] "GET /mysql/mysqlmanager/index.php?lang=en HTTP/1.1" 404 1018
73.244.1.111 - - [04/Apr/2022:03:36:26 -0500] "GET /phpmyadmin2013/index.php?lang=en HTTP/1.1" 403 1165
73.244.1.111 - - [04/Apr/2022:03:36:26 -0500] "GET /sql/phpmy-admin/index.php?lang=en HTTP/1.1" 404 1018
73.244.1.111 - - [04/Apr/2022:03:36:26 -0500] "GET /db/phpMyAdmin/index.php?lang=en HTTP/1.1" 404 1018
73.244.1.111 - - [04/Apr/2022:03:36:26 -0500] "GET /sql/websql/index.php?lang=en HTTP/1.1" 404 1018
73.244.1.111 - - [04/Apr/2022:03:36:26 -0500] "GET /db/phpmyadmin4/index.php?lang=en HTTP/1.1" 404 1018
73.244.1.111 - - [04/Apr/2022:03:36:26 -0500] "GET /phpmyadmin2021/index.php?lang=en HTTP/1.1" 403 1165
73.244.1.111 - - [04/Apr/2022:03:36:26 -0500] "GET /phpMyAdmin-5.1.3/index.php?lang=en HTTP/1.1" 403 1165
73.244.1.111 - - [04/Apr/2022:03:36:26 -0500] "GET /db/phpmyadmin/index.php?lang=en HTTP/1.1" 404 1018
73.244.1.111 - - [04/Apr/2022:03:36:26 -0500] "GET /phpmyadmin3/index.php?lang=en HTTP/1.1" 403 1165
73.244.1.111 - - [04/Apr/2022:03:36:26 -0500] "GET /program/index.php?lang=en HTTP/1.1" 404 1018
73.244.1.111 - - [04/Apr/2022:03:36:26 -0500] "GET /phppma/index.php?lang=en HTTP/1.1" 404 1018
73.244.1.111 - - [04/Apr/2022:03:36:26 -0500] "GET /sql/phpmyadmin4/index.php?lang=en HTTP/1.1" 404 1018
73.244.1.111 - - [04/Apr/2022:03:36:26 -0500] "GET /mysqladmin/index.php?lang=en HTTP/1.1" 404 1018
73.244.1.111 - - [04/Apr/2022:03:36:27 -0500] "GET /mysql/db/index.php?lang=en HTTP/1.1" 404 1018
73.244.1.111 - - [04/Apr/2022:03:36:27 -0500] "GET /db/db-admin/index.php?lang=en HTTP/1.1" 404 1018
73.244.1.111 - - [04/Apr/2022:03:36:27 -0500] "GET /dbadmin/index.php?lang=en HTTP/1.1" 404 1018
73.244.1.111 - - [04/Apr/2022:03:36:27 -0500] "GET /sql/webadmin/index.php?lang=en HTTP/1.1" 404 1018
73.244.1.111 - - [04/Apr/2022:03:36:27 -0500] "GET /phpMyAdmin2/index.php?lang=en HTTP/1.1" 403 1165
73.244.1.111 - - [04/Apr/2022:03:36:27 -0500] "GET /db/webadmin/index.php?lang=en HTTP/1.1" 404 1018
73.244.1.111 - - [04/Apr/2022:03:36:27 -0500] "GET /phpmyadmin5/index.php?lang=en HTTP/1.1" 403 1165
73.244.1.111 - - [04/Apr/2022:03:36:27 -0500] "GET /php-my-admin/index.php?lang=en HTTP/1.1" 404 1018
73.244.1.111 - - [04/Apr/2022:03:36:27 -0500] "GET /administrator/phpMyAdmin/index.php?lang=en HTTP/1.1" 404 1018
73.244.1.111 - - [04/Apr/2022:03:36:27 -0500] "GET /sql/myadmin/index.php?lang=en HTTP/1.1" 404 1018
73.244.1.111 - - [04/Apr/2022:03:36:27 -0500] "GET /administrator/phpmyadmin/index.php?lang=en HTTP/1.1" 404 1018
73.244.1.111 - - [04/Apr/2022:03:36:27 -0500] "GET /MyAdmin/index.php?lang=en HTTP/1.1" 404 1018
73.244.1.111 - - [04/Apr/2022:03:36:27 -0500] "GET /administrator/db/index.php?lang=en HTTP/1.1" 404 1018
73.244.1.111 - - [04/Apr/2022:03:36:27 -0500] "GET /db/myadmin/index.php?lang=en HTTP/1.1" 404 1018
73.244.1.111 - - [04/Apr/2022:03:36:28 -0500] "GET /1phpmyadmin/index.php?lang=en HTTP/1.1" 404 1018
73.244.1.111 - - [04/Apr/2022:03:36:28 -0500] "GET /mysqlmanager/index.php?lang=en HTTP/1.1" 404 1018
73.244.1.111 - - [04/Apr/2022:03:36:28 -0500] "GET /administrator/admin/index.php?lang=en HTTP/1.1" 404 1018
73.244.1.111 - - [04/Apr/2022:03:36:28 -0500] "GET /phpMyAdmin1/index.php?lang=en HTTP/1.1" 403 1165
73.244.1.111 - - [04/Apr/2022:03:36:28 -0500] "GET /admin/db/index.php?lang=en HTTP/1.1" 404 1018
73.244.1.111 - - [04/Apr/2022:03:36:28 -0500] "GET /_phpmyadmin/index.php?lang=en HTTP/1.1" 404 1018
73.244.1.111 - - [04/Apr/2022:03:36:28 -0500] "GET /sql/sqlweb/index.php?lang=en HTTP/1.1" 404 1018
73.244.1.111 - - [04/Apr/2022:03:36:28 -0500] "GET /phpMyAdmin5/index.php?lang=en HTTP/1.1" 403 1165
172.22.2.4 - - [04/Apr/2022:03:36:28 -0500] "GET /BLA/boletinlegal/norma_menu.php HTTP/1.1" 200 6318
73.244.1.111 - - [04/Apr/2022:03:36:28 -0500] "GET /2phpmyadmin/index.php?lang=en HTTP/1.1" 404 1018
73.244.1.111 - - [04/Apr/2022:03:36:28 -0500] "GET /phpMyAdmin3/index.php?lang=en HTTP/1.1" 403 1165
73.244.1.111 - - [04/Apr/2022:03:36:28 -0500] "GET /php-myadmin/index.php?lang=en HTTP/1.1" 404 1018
73.244.1.111 - - [04/Apr/2022:03:36:28 -0500] "GET /phpMyAdmin-4.9.7/index.php?lang=en HTTP/1.1" 403 1165
73.244.1.111 - - [04/Apr/2022:03:36:28 -0500] "GET /phpmy/index.php?lang=en HTTP/1.1" 404 1018
73.244.1.111 - - [04/Apr/2022:03:36:29 -0500] "GET /sql/sql/index.php?lang=en HTTP/1.1" 404 1018
73.244.1.111 - - [04/Apr/2022:03:36:29 -0500] "GET /sql/php-myadmin/index.php?lang=en HTTP/1.1" 404 1018
73.244.1.111 - - [04/Apr/2022:03:36:29 -0500] "GET /phpmyadmin2011/index.php?lang=en HTTP/1.1" 403 1165
73.244.1.111 - - [04/Apr/2022:03:36:29 -0500] "GET /phpmyadmin1/index.php?lang=en HTTP/1.1" 403 1165
