201.245.192.253 - - [04/Apr/2022:13:28:19 -0500] "GET /sipse/faces/javax.faces.resource/jquery/jquery-plugins.js?ln=primefaces&v=4.0 HTTP/1.1" 304 -
201.245.192.253 - - [04/Apr/2022:13:28:19 -0500] "GET /sipse/faces/javax.faces.resource/primefaces.js?ln=primefaces&v=4.0 HTTP/1.1" 304 -
201.245.192.253 - - [04/Apr/2022:13:28:19 -0500] "GET /sipse/faces/javax.faces.resource/layout/layout.js?ln=primefaces&v=4.0 HTTP/1.1" 304 -
201.245.192.253 - - [04/Apr/2022:13:28:21 -0500] "POST /sipse/faces/presentacion/financiero/solicitudProceso/consultar.xhtml HTTP/1.1" 200 12734
201.245.192.253 - - [04/Apr/2022:13:28:22 -0500] "POST /sipse/faces/presentacion/financiero/solicitudProceso/consultar.xhtml HTTP/1.1" 200 118624
201.245.192.253 - - [04/Apr/2022:13:28:23 -0500] "GET /sipse/faces/javax.faces.resource/jquery/jquery.js?ln=primefaces&v=4.0 HTTP/1.1" 304 -
201.245.192.253 - - [04/Apr/2022:13:28:23 -0500] "GET /sipse/faces/javax.faces.resource/jquery/jquery-plugins.js?ln=primefaces&v=4.0 HTTP/1.1" 304 -
201.245.192.253 - - [04/Apr/2022:13:28:23 -0500] "GET /sipse/faces/javax.faces.resource/primefaces.js?ln=primefaces&v=4.0 HTTP/1.1" 304 -
201.245.192.253 - - [04/Apr/2022:13:28:23 -0500] "GET /sipse/faces/javax.faces.resource/layout/layout.js?ln=primefaces&v=4.0 HTTP/1.1" 304 -
201.245.192.253 - - [04/Apr/2022:13:28:23 -0500] "POST /sipse/faces/presentacion/financiero/solicitudProceso/detalleSolicitudProcesoOtrosPagos.xhtml HTTP/1.1" 200 190
201.245.192.253 - - [04/Apr/2022:13:28:23 -0500] "GET /sipse/faces/presentacion/financiero/solicitudProceso/solicitudProcesoOtrosPagos.xhtml HTTP/1.1" 200 36984
201.245.192.253 - - [04/Apr/2022:13:28:23 -0500] "GET /sipse/faces/javax.faces.resource/theme.css?ln=primefaces-sipse HTTP/1.1" 304 -
201.245.192.253 - - [04/Apr/2022:13:28:23 -0500] "GET /sipse/faces/javax.faces.resource/primefaces.css?ln=primefaces&v=4.0 HTTP/1.1" 304 -
201.245.192.253 - - [04/Apr/2022:13:28:23 -0500] "GET /sipse/faces/javax.faces.resource/layout/layout.css?ln=primefaces&v=4.0 HTTP/1.1" 304 -
201.245.192.253 - - [04/Apr/2022:13:28:23 -0500] "GET /sipse/faces/javax.faces.resource/jquery/jquery-plugins.js?ln=primefaces&v=4.0 HTTP/1.1" 304 -
201.245.192.253 - - [04/Apr/2022:13:28:23 -0500] "GET /sipse/faces/javax.faces.resource/jquery/jquery.js?ln=primefaces&v=4.0 HTTP/1.1" 304 -
201.245.192.253 - - [04/Apr/2022:13:28:23 -0500] "GET /sipse/faces/javax.faces.resource/primefaces.js?ln=primefaces&v=4.0 HTTP/1.1" 304 -
201.245.192.253 - - [04/Apr/2022:13:28:23 -0500] "GET /sipse/faces/javax.faces.resource/layout/layout.js?ln=primefaces&v=4.0 HTTP/1.1" 304 -
201.245.192.253 - - [04/Apr/2022:13:28:23 -0500] "GET /reportes_sipse/sdg/ServletReporte?reporte=solicitud_cdp&Solicitud=17701&pfdrid_c=false HTTP/1.1" 200 93732
201.245.192.253 - - [04/Apr/2022:13:28:28 -0500] "POST /sipse/faces/presentacion/financiero/solicitudProceso/consultarSolicitudProceso.xhtml HTTP/1.1" 200 1031490
173.252.107.14 - - [04/Apr/2022:13:28:46 -0500] "GET /images/interpretes-humedales-principal-26-marzo.jpg HTTP/1.1" 200 40211
186.84.22.48 - - [04/Apr/2022:13:29:02 -0500] "GET /si-eres-mujer-y-te-gusta-el-cuidado-de-los-humedales-este-proceso-de-formacion-es-para-ti.html?fbclid=IwAR2ZS0LqdobHY47dwXGDcP8kCBKCnlYCbvkAlwv_YH7YDqjmKV1HOHNNdPk HTTP/1.1" 200 1025
191.156.237.179 - - [04/Apr/2022:13:29:09 -0500] "GET /si-eres-mujer-y-te-gusta-el-cuidado-de-los-humedales-este-proceso-de-formacion-es-para-ti.html HTTP/1.1" 200 1025
201.245.192.253 - - [04/Apr/2022:13:29:19 -0500] "POST /sipse/faces/presentacion/financiero/solicitudProceso/consultarSolicitudProceso.xhtml HTTP/1.1" 200 41347
201.245.192.253 - - [04/Apr/2022:13:29:19 -0500] "GET /sipse/faces/javax.faces.resource/jquery/jquery.js?ln=primefaces&v=4.0 HTTP/1.1" 304 -
201.245.192.253 - - [04/Apr/2022:13:29:19 -0500] "GET /sipse/faces/javax.faces.resource/jquery/jquery-plugins.js?ln=primefaces&v=4.0 HTTP/1.1" 304 -
201.245.192.253 - - [04/Apr/2022:13:29:19 -0500] "GET /sipse/faces/javax.faces.resource/primefaces.js?ln=primefaces&v=4.0 HTTP/1.1" 304 -
201.245.192.253 - - [04/Apr/2022:13:29:19 -0500] "GET /sipse/faces/javax.faces.resource/layout/layout.js?ln=primefaces&v=4.0 HTTP/1.1" 304 -
201.245.192.253 - - [04/Apr/2022:13:29:19 -0500] "POST /sipse/faces/presentacion/financiero/solicitudProceso/consultar.xhtml HTTP/1.1" 200 34753
201.245.192.253 - - [04/Apr/2022:13:29:19 -0500] "POST /sipse/faces/presentacion/financiero/solicitudProceso/consultar.xhtml HTTP/1.1" 200 34753
201.245.192.253 - - [04/Apr/2022:13:29:21 -0500] "POST /sipse/faces/presentacion/financiero/solicitudProceso/consultar.xhtml HTTP/1.1" 200 12700
201.245.192.253 - - [04/Apr/2022:13:29:30 -0500] "POST /sipse/faces/presentacion/financiero/solicitudProceso/consultar.xhtml HTTP/1.1" 200 12728
186.154.243.236 - - [04/Apr/2022:13:29:49 -0500] "GET /si-eres-mujer-y-te-gusta-el-cuidado-de-los-humedales-este-proceso-de-formacion-es-para-ti.html HTTP/1.1" 200 1025
200.118.64.109 - - [04/Apr/2022:13:30:13 -0500] "POST /forms/lservlet;jsessionid=ac16012b30d6e92264b99e4f4f1bb55bff9bd0681fa9.e3iSbxaKaheRe34Sc38RahyRchr0n6jAmljGr5XDqQLvpAe HTTP/1.1" 200 2
201.245.192.253 - - [04/Apr/2022:13:30:13 -0500] "POST /sipse/faces/presentacion/financiero/solicitudProceso/consultar.xhtml HTTP/1.1" 200 12787
191.156.231.66 - - [04/Apr/2022:13:30:15 -0500] "GET /si-eres-mujer-y-te-gusta-el-cuidado-de-los-humedales-este-proceso-de-formacion-es-para-ti.html HTTP/1.1" 200 1025
201.245.192.253 - - [04/Apr/2022:13:30:34 -0500] "POST /sipse/faces/presentacion/financiero/solicitudProceso/consultar.xhtml HTTP/1.1" 200 12806
186.155.17.24 - - [04/Apr/2022:13:30:36 -0500] "GET /si-eres-mujer-y-te-gusta-el-cuidado-de-los-humedales-este-proceso-de-formacion-es-para-ti.html HTTP/1.1" 200 1025
200.118.64.109 - - [04/Apr/2022:13:30:39 -0500] "POST /forms/lservlet;jsessionid=ac16012b30d6e92264b99e4f4f1bb55bff9bd0681fa9.e3iSbxaKaheRe34Sc38RahyRchr0n6jAmljGr5XDqQLvpAe HTTP/1.1" 200 2
200.118.64.109 - - [04/Apr/2022:13:30:39 -0500] "POST /forms/lservlet;jsessionid=ac16012b30d6e92264b99e4f4f1bb55bff9bd0681fa9.e3iSbxaKaheRe34Sc38RahyRchr0n6jAmljGr5XDqQLvpAe HTTP/1.1" 200 14
200.118.64.109 - - [04/Apr/2022:13:30:40 -0500] "POST /forms/lservlet;jsessionid=ac16012b30d6e92264b99e4f4f1bb55bff9bd0681fa9.e3iSbxaKaheRe34Sc38RahyRchr0n6jAmljGr5XDqQLvpAe HTTP/1.1" 200 14
201.245.192.253 - - [04/Apr/2022:13:30:42 -0500] "POST /sipse/faces/presentacion/financiero/solicitudProceso/consultar.xhtml HTTP/1.1" 200 12962
200.118.64.109 - - [04/Apr/2022:13:30:42 -0500] "POST /forms/lservlet;jsessionid=ac16012b30d6e92264b99e4f4f1bb55bff9bd0681fa9.e3iSbxaKaheRe34Sc38RahyRchr0n6jAmljGr5XDqQLvpAe HTTP/1.1" 200 110
200.118.64.109 - - [04/Apr/2022:13:30:42 -0500] "POST /forms/lservlet;jsessionid=ac16012b30d6e92264b99e4f4f1bb55bff9bd0681fa9.e3iSbxaKaheRe34Sc38RahyRchr0n6jAmljGr5XDqQLvpAe HTTP/1.1" 200 2
200.118.64.109 - - [04/Apr/2022:13:30:42 -0500] "GET /reports/rwservlet/getjobid74310?server=repnomi HTTP/1.1" 200 47676
191.156.70.156 - - [04/Apr/2022:13:31:18 -0500] "GET /si-eres-mujer-y-te-gusta-el-cuidado-de-los-humedales-este-proceso-de-formacion-es-para-ti.html HTTP/1.1" 200 1025
40.77.189.116 - - [04/Apr/2022:13:31:19 -0500] "GET /BLA/resoluciones/dlf/styles.css HTTP/1.1" 200 3049
181.55.212.124 - - [04/Apr/2022:13:31:23 -0500] "GET /si-eres-mujer-y-te-gusta-el-cuidado-de-los-humedales-este-proceso-de-formacion-es-para-ti.html HTTP/1.1" 304 -
172.22.2.4 - - [04/Apr/2022:13:30:02 -0500] "HEAD /BLA/boletinlegal/ HTTP/1.1" 200 -
200.118.64.109 - - [04/Apr/2022:13:31:42 -0500] "POST /forms/lservlet;jsessionid=ac16012b30d6e92264b99e4f4f1bb55bff9bd0681fa9.e3iSbxaKaheRe34Sc38RahyRchr0n6jAmljGr5XDqQLvpAe HTTP/1.1" 200 2
200.118.64.109 - - [04/Apr/2022:13:31:43 -0500] "POST /forms/lservlet;jsessionid=ac16012b30d6e92264b99e4f4f1bb55bff9bd0681fa9.e3iSbxaKaheRe34Sc38RahyRchr0n6jAmljGr5XDqQLvpAe HTTP/1.1" 200 14
200.118.64.109 - - [04/Apr/2022:13:31:44 -0500] "POST /forms/lservlet;jsessionid=ac16012b30d6e92264b99e4f4f1bb55bff9bd0681fa9.e3iSbxaKaheRe34Sc38RahyRchr0n6jAmljGr5XDqQLvpAe HTTP/1.1" 200 14
200.118.64.109 - - [04/Apr/2022:13:31:45 -0500] "POST /forms/lservlet;jsessionid=ac16012b30d6e92264b99e4f4f1bb55bff9bd0681fa9.e3iSbxaKaheRe34Sc38RahyRchr0n6jAmljGr5XDqQLvpAe HTTP/1.1" 200 107
200.118.64.109 - - [04/Apr/2022:13:31:45 -0500] "POST /forms/lservlet;jsessionid=ac16012b30d6e92264b99e4f4f1bb55bff9bd0681fa9.e3iSbxaKaheRe34Sc38RahyRchr0n6jAmljGr5XDqQLvpAe HTTP/1.1" 200 2
200.118.64.109 - - [04/Apr/2022:13:31:45 -0500] "GET /reports/rwservlet/getjobid74311?server=repnomi HTTP/1.1" 200 803981
216.245.221.92 - - [04/Apr/2022:13:31:56 -0500] "HEAD / HTTP/1.1" 200 -
172.22.2.4 - - [04/Apr/2022:13:31:01 -0500] "GET /BLA/boletinlegal/ HTTP/1.1" 200 36811
200.118.64.109 - - [04/Apr/2022:13:32:23 -0500] "POST /forms/lservlet;jsessionid=ac16012b30d6e92264b99e4f4f1bb55bff9bd0681fa9.e3iSbxaKaheRe34Sc38RahyRchr0n6jAmljGr5XDqQLvpAe HTTP/1.1" 200 2
172.22.2.4 - - [04/Apr/2022:13:32:26 -0500] "GET /BLA/boletinlegal/consulta_actos.php?tipo=resoluciones&no=0809&usuario=&sector=&fecha=2021&resuelve= HTTP/1.1" 200 1101
200.69.101.163 - - [04/Apr/2022:13:32:27 -0500] "GET /BLA/resoluciones/RESOLUCIONES%202021/0809.pdf HTTP/1.1" 200 597205
172.22.2.4 - - [04/Apr/2022:13:30:52 -0500] "GET /BLA/boletinlegal/ HTTP/1.1" 200 49718
190.24.56.7 - - [04/Apr/2022:13:32:45 -0500] "GET /si-eres-mujer-y-te-gusta-el-cuidado-de-los-humedales-este-proceso-de-formacion-es-para-ti.html HTTP/1.1" 200 1025
200.118.64.109 - - [04/Apr/2022:13:32:46 -0500] "POST /forms/lservlet;jsessionid=ac16012b30d6e92264b99e4f4f1bb55bff9bd0681fa9.e3iSbxaKaheRe34Sc38RahyRchr0n6jAmljGr5XDqQLvpAe HTTP/1.1" 200 2
200.118.64.109 - - [04/Apr/2022:13:32:46 -0500] "POST /forms/lservlet;jsessionid=ac16012b30d6e92264b99e4f4f1bb55bff9bd0681fa9.e3iSbxaKaheRe34Sc38RahyRchr0n6jAmljGr5XDqQLvpAe HTTP/1.1" 200 14
186.155.125.97 - - [04/Apr/2022:13:32:47 -0500] "GET /BLA/resoluciones/ HTTP/1.1" 200 13093
200.118.64.109 - - [04/Apr/2022:13:32:47 -0500] "POST /forms/lservlet;jsessionid=ac16012b30d6e92264b99e4f4f1bb55bff9bd0681fa9.e3iSbxaKaheRe34Sc38RahyRchr0n6jAmljGr5XDqQLvpAe HTTP/1.1" 200 14
200.118.64.109 - - [04/Apr/2022:13:32:48 -0500] "POST /forms/lservlet;jsessionid=ac16012b30d6e92264b99e4f4f1bb55bff9bd0681fa9.e3iSbxaKaheRe34Sc38RahyRchr0n6jAmljGr5XDqQLvpAe HTTP/1.1" 200 107
200.118.64.109 - - [04/Apr/2022:13:32:49 -0500] "POST /forms/lservlet;jsessionid=ac16012b30d6e92264b99e4f4f1bb55bff9bd0681fa9.e3iSbxaKaheRe34Sc38RahyRchr0n6jAmljGr5XDqQLvpAe HTTP/1.1" 200 2
200.118.64.109 - - [04/Apr/2022:13:32:49 -0500] "GET /reports/rwservlet/getjobid74312?server=repnomi HTTP/1.1" 200 55084
186.155.125.97 - - [04/Apr/2022:13:32:53 -0500] "GET /BLA/resoluciones/index.php?dir=RESOLUCIONES+2000%2F HTTP/1.1" 200 27489
186.155.125.97 - - [04/Apr/2022:13:32:53 -0500] "GET /BLA/resoluciones/dlf/unknown.png HTTP/1.1" 200 266
191.156.53.204 - - [04/Apr/2022:13:32:59 -0500] "GET /si-eres-mujer-y-te-gusta-el-cuidado-de-los-humedales-este-proceso-de-formacion-es-para-ti.html HTTP/1.1" 200 1025
172.22.2.4 - - [04/Apr/2022:13:33:01 -0500] "GET /BLA/boletinlegal/consulta_actos.php?tipo=resoluciones&no=1097&usuario=&sector=&fecha=2021&resuelve= HTTP/1.1" 200 626
172.22.2.4 - - [04/Apr/2022:13:33:03 -0500] "GET /BLA/boletinlegal/consulta_actos.php?tipo=resoluciones&no=1097&usuario=&sector=&fecha=2021&resuelve= HTTP/1.1" 200 626
172.22.2.4 - - [04/Apr/2022:13:33:04 -0500] "GET /BLA/boletinlegal/consulta_actos.php?tipo=resoluciones&no=1097&usuario=&sector=&fecha=2021&resuelve= HTTP/1.1" 200 626
172.22.2.4 - - [04/Apr/2022:13:33:04 -0500] "GET /BLA/boletinlegal/consulta_actos.php?tipo=resoluciones&no=1097&usuario=&sector=&fecha=2021&resuelve= HTTP/1.1" 200 626
172.22.2.4 - - [04/Apr/2022:13:33:04 -0500] "GET /BLA/boletinlegal/consulta_actos.php?tipo=resoluciones&no=1097&usuario=&sector=&fecha=2021&resuelve= HTTP/1.1" 200 626
172.22.2.4 - - [04/Apr/2022:13:33:04 -0500] "GET /BLA/boletinlegal/consulta_actos.php?tipo=resoluciones&no=1097&usuario=&sector=&fecha=2021&resuelve= HTTP/1.1" 200 626
172.22.2.4 - - [04/Apr/2022:13:33:05 -0500] "GET /BLA/boletinlegal/consulta_actos.php?tipo=resoluciones&no=1097&usuario=&sector=&fecha=2021&resuelve= HTTP/1.1" 200 626
186.155.125.97 - - [04/Apr/2022:13:33:05 -0500] "GET /BLA/resoluciones/index.php?dir=RESOLUCIONES+2020%2F HTTP/1.1" 200 159532
201.245.192.253 - - [04/Apr/2022:13:32:21 -0500] "POST /kwsrmcab/Wsrmcab HTTP/1.1" 200 45606
186.155.125.97 - - [04/Apr/2022:13:33:19 -0500] "GET /BLA/resoluciones/RESOLUCIONES%202020/0500.pdf HTTP/1.1" 200 620964
172.22.2.4 - - [04/Apr/2022:13:33:20 -0500] "GET /BLA/boletinlegal/consulta_actos.php?tipo=resoluciones&no=2078&usuario=&sector=&fecha=2021&resuelve= HTTP/1.1" 200 1136
200.69.101.163 - - [04/Apr/2022:13:33:22 -0500] "GET /BLA/resoluciones/RESOLUCIONES%202021/2078.pdf HTTP/1.1" 200 507594
172.22.2.4 - - [04/Apr/2022:13:33:27 -0500] "GET /BLA/boletinlegal/conceptos.php HTTP/1.1" 200 7443
186.29.183.45 - - [04/Apr/2022:13:33:32 -0500] "GET /si-eres-mujer-y-te-gusta-el-cuidado-de-los-humedales-este-proceso-de-formacion-es-para-ti.html HTTP/1.1" 200 1025
172.22.2.4 - - [04/Apr/2022:13:33:33 -0500] "GET /BLA/boletinlegal/consulta_conceptos.php?no=&solicitante=&radicado_entrada=&fecha_concepto=2022&objeto= HTTP/1.1" 200 9787
172.22.2.4 - - [04/Apr/2022:13:33:54 -0500] "GET /BLA/boletinlegal/consulta_actos.php?tipo=resoluciones&no=1169&usuario=&sector=&fecha=2021&resuelve= HTTP/1.1" 200 1102
200.69.101.163 - - [04/Apr/2022:13:33:56 -0500] "GET /BLA/resoluciones/RESOLUCIONES%202021/1169.pdf HTTP/1.1" 200 551038
201.245.192.253 - - [04/Apr/2022:13:33:12 -0500] "POST /kwsrmcab/Wsrmcab HTTP/1.1" 200 45349
191.95.52.30 - - [04/Apr/2022:13:34:17 -0500] "GET /si-eres-mujer-y-te-gusta-el-cuidado-de-los-humedales-este-proceso-de-formacion-es-para-ti.html HTTP/1.1" 200 1025
200.118.64.109 - - [04/Apr/2022:13:34:19 -0500] "POST /forms/lservlet;jsessionid=ac16012b30d6e92264b99e4f4f1bb55bff9bd0681fa9.e3iSbxaKaheRe34Sc38RahyRchr0n6jAmljGr5XDqQLvpAe HTTP/1.1" 200 2
200.118.64.109 - - [04/Apr/2022:13:34:20 -0500] "POST /forms/lservlet;jsessionid=ac16012b30d6e92264b99e4f4f1bb55bff9bd0681fa9.e3iSbxaKaheRe34Sc38RahyRchr0n6jAmljGr5XDqQLvpAe HTTP/1.1" 200 2341
200.118.64.109 - - [04/Apr/2022:13:34:20 -0500] "GET /imagenes/Srch_frw.gif HTTP/1.1" 200 925
200.118.64.109 - - [04/Apr/2022:13:34:20 -0500] "POST /forms/lservlet;jsessionid=ac16012b30d6e92264b99e4f4f1bb55bff9bd0681fa9.e3iSbxaKaheRe34Sc38RahyRchr0n6jAmljGr5XDqQLvpAe HTTP/1.1" 200 10
200.118.64.109 - - [04/Apr/2022:13:34:23 -0500] "POST /forms/lservlet;jsessionid=ac16012b30d6e92264b99e4f4f1bb55bff9bd0681fa9.e3iSbxaKaheRe34Sc38RahyRchr0n6jAmljGr5XDqQLvpAe HTTP/1.1" 200 2
186.154.38.58 - - [04/Apr/2022:13:34:27 -0500] "GET /si-eres-mujer-y-te-gusta-el-cuidado-de-los-humedales-este-proceso-de-formacion-es-para-ti.html HTTP/1.1" 200 1025
172.22.2.4 - - [04/Apr/2022:13:34:28 -0500] "GET /BLA/boletinlegal/consulta_actos.php?tipo=resoluciones&no=0812&usuario=&sector=&fecha=2021&resuelve= HTTP/1.1" 200 1102
200.69.101.163 - - [04/Apr/2022:13:34:30 -0500] "GET /BLA/resoluciones/RESOLUCIONES%202021/0812.pdf HTTP/1.1" 200 524141
66.249.65.89 - - [04/Apr/2022:13:34:31 -0500] "-" 408 -
172.22.2.4 - - [04/Apr/2022:13:34:34 -0500] "GET /BLA/boletinlegal/conceptos/2022/3.pdf HTTP/1.1" 200 358007
200.118.64.109 - - [04/Apr/2022:13:34:40 -0500] "POST /forms/lservlet;jsessionid=ac16012b30d6e92264b99e4f4f1bb55bff9bd0681fa9.e3iSbxaKaheRe34Sc38RahyRchr0n6jAmljGr5XDqQLvpAe HTTP/1.1" 200 24
200.118.64.109 - - [04/Apr/2022:13:34:40 -0500] "POST /forms/lservlet;jsessionid=ac16012b30d6e92264b99e4f4f1bb55bff9bd0681fa9.e3iSbxaKaheRe34Sc38RahyRchr0n6jAmljGr5XDqQLvpAe HTTP/1.1" 200 14
200.118.64.109 - - [04/Apr/2022:13:34:41 -0500] "POST /forms/lservlet;jsessionid=ac16012b30d6e92264b99e4f4f1bb55bff9bd0681fa9.e3iSbxaKaheRe34Sc38RahyRchr0n6jAmljGr5XDqQLvpAe HTTP/1.1" 200 3261
200.118.64.109 - - [04/Apr/2022:13:34:42 -0500] "POST /forms/lservlet;jsessionid=ac16012b30d6e92264b99e4f4f1bb55bff9bd0681fa9.e3iSbxaKaheRe34Sc38RahyRchr0n6jAmljGr5XDqQLvpAe HTTP/1.1" 200 2
207.46.13.209 - - [04/Apr/2022:13:34:46 -0500] "GET /BLA/resoluciones/AUTOS%202018/1001.pdf HTTP/1.1" 304 -
200.118.64.109 - - [04/Apr/2022:13:34:48 -0500] "POST /forms/lservlet;jsessionid=ac16012b30d6e92264b99e4f4f1bb55bff9bd0681fa9.e3iSbxaKaheRe34Sc38RahyRchr0n6jAmljGr5XDqQLvpAe HTTP/1.1" 200 2
200.118.64.109 - - [04/Apr/2022:13:34:48 -0500] "POST /forms/lservlet;jsessionid=ac16012b30d6e92264b99e4f4f1bb55bff9bd0681fa9.e3iSbxaKaheRe34Sc38RahyRchr0n6jAmljGr5XDqQLvpAe HTTP/1.1" 200 14
200.118.64.109 - - [04/Apr/2022:13:34:49 -0500] "POST /forms/lservlet;jsessionid=ac16012b30d6e92264b99e4f4f1bb55bff9bd0681fa9.e3iSbxaKaheRe34Sc38RahyRchr0n6jAmljGr5XDqQLvpAe HTTP/1.1" 200 14
200.118.64.109 - - [04/Apr/2022:13:34:50 -0500] "POST /forms/lservlet;jsessionid=ac16012b30d6e92264b99e4f4f1bb55bff9bd0681fa9.e3iSbxaKaheRe34Sc38RahyRchr0n6jAmljGr5XDqQLvpAe HTTP/1.1" 200 14
200.118.64.109 - - [04/Apr/2022:13:34:52 -0500] "POST /forms/lservlet;jsessionid=ac16012b30d6e92264b99e4f4f1bb55bff9bd0681fa9.e3iSbxaKaheRe34Sc38RahyRchr0n6jAmljGr5XDqQLvpAe HTTP/1.1" 200 14
200.118.64.109 - - [04/Apr/2022:13:34:54 -0500] "POST /forms/lservlet;jsessionid=ac16012b30d6e92264b99e4f4f1bb55bff9bd0681fa9.e3iSbxaKaheRe34Sc38RahyRchr0n6jAmljGr5XDqQLvpAe HTTP/1.1" 200 106
200.118.64.109 - - [04/Apr/2022:13:34:54 -0500] "POST /forms/lservlet;jsessionid=ac16012b30d6e92264b99e4f4f1bb55bff9bd0681fa9.e3iSbxaKaheRe34Sc38RahyRchr0n6jAmljGr5XDqQLvpAe HTTP/1.1" 200 2
200.118.64.109 - - [04/Apr/2022:13:34:54 -0500] "GET /reports/rwservlet/getjobid74313?server=repnomi HTTP/1.1" 200 47686
200.118.64.109 - - [04/Apr/2022:13:35:05 -0500] "POST /forms/lservlet;jsessionid=ac16012b30d6e92264b99e4f4f1bb55bff9bd0681fa9.e3iSbxaKaheRe34Sc38RahyRchr0n6jAmljGr5XDqQLvpAe HTTP/1.1" 200 98
200.118.64.109 - - [04/Apr/2022:13:35:05 -0500] "POST /forms/lservlet;jsessionid=ac16012b30d6e92264b99e4f4f1bb55bff9bd0681fa9.e3iSbxaKaheRe34Sc38RahyRchr0n6jAmljGr5XDqQLvpAe HTTP/1.1" 200 -
186.102.65.78 - - [04/Apr/2022:13:35:16 -0500] "GET /kwssiamovil/sm/ldap/au?x=U2FsdGVkX1/UzLRQghpfOITw5yqeVadwh5sXt6H0ZR8/iT8VzK1B2M4XzQU5V8SR&y=U2FsdGVkX1/mTRhB5bFDwRsH4KNt9scfjRIbzSn6REUQRt7+CfT0I8vZr8v/b0mM HTTP/1.1" 200 31
186.102.65.78 - - [04/Apr/2022:13:35:32 -0500] "GET /kwssiamovil/sm/ldap/au?x=U2FsdGVkX1+ectV2d9nObvg6j0WIotuQLm1O+iZH2hWzRv3Hg+ef3l3iqSivEyMK&y=U2FsdGVkX1/YEN3dGNiXzED85Ak2l+JmzSBs3A6LmBPTPkcFv02kAgQvCes5WxiQ HTTP/1.1" 200 30
186.102.25.163 - - [04/Apr/2022:13:35:40 -0500] "GET /si-eres-mujer-y-te-gusta-el-cuidado-de-los-humedales-este-proceso-de-formacion-es-para-ti.html HTTP/1.1" 200 1025
186.102.65.78 - - [04/Apr/2022:13:35:42 -0500] "OPTIONS /kwssiamovil/sm/setfile/f? HTTP/1.1" 200 13
200.118.64.109 - - [04/Apr/2022:13:35:45 -0500] "GET /forms/frmservlet?config=sia HTTP/1.1" 200 4046
200.118.64.109 - - [04/Apr/2022:13:35:46 -0500] "GET /forms/frmservlet?config=sia HTTP/1.1" 200 4046
200.118.64.109 - - [04/Apr/2022:13:35:46 -0500] "GET /forms/java/frmall_jinit.jar HTTP/1.1" 304 -
200.118.64.109 - - [04/Apr/2022:13:35:46 -0500] "GET /forms/java/icons.jar HTTP/1.1" 304 -
200.118.64.109 - - [04/Apr/2022:13:35:46 -0500] "GET /forms/java/java/awt/KeyboardFocusManager.class HTTP/1.1" 404 352
186.102.65.78 - - [04/Apr/2022:13:35:42 -0500] "POST /kwssiamovil/sm/setfile/f? HTTP/1.1" 200 381
200.118.64.109 - - [04/Apr/2022:13:35:47 -0500] "GET /forms/java/java/awt/event/MouseWheelListener.class HTTP/1.1" 404 356
200.118.64.109 - - [04/Apr/2022:13:35:47 -0500] "GET /forms/java/oracle/forms/registry/Registry.dat HTTP/1.1" 200 4213
200.118.64.109 - - [04/Apr/2022:13:35:47 -0500] "GET /forms/java/oracle/forms/registry/default.dat HTTP/1.1" 404 350
200.118.64.109 - - [04/Apr/2022:13:35:47 -0500] "GET /forms/frmservlet?config=sia&acceptLanguage=en-us,en;q=0.5&ifcmd=startsession HTTP/1.1" 200 119
200.118.64.109 - - [04/Apr/2022:13:35:47 -0500] "GET /forms/lservlet;jsessionid=ac16012b30d6d1da91fb2017412ab1828b3e17946df0.e3iSbxaKaheRe34Sc38RahyRchr0n6jAmljGr5XDqQLvpAe?ifcmd=getinfo HTTP/1.1" 200 8
186.102.65.78 - - [04/Apr/2022:13:35:47 -0500] "OPTIONS /kwssiamovil/sm/setfile/f? HTTP/1.1" 200 13
200.118.64.109 - - [04/Apr/2022:13:35:47 -0500] "POST /forms/lservlet;jsessionid=ac16012b30d6d1da91fb2017412ab1828b3e17946df0.e3iSbxaKaheRe34Sc38RahyRchr0n6jAmljGr5XDqQLvpAe HTTP/1.1" 200 8
200.118.64.109 - - [04/Apr/2022:13:35:48 -0500] "GET /forms/java/oracle/forms/engine/RunformBundle_es_CO.class HTTP/1.1" 404 362
200.118.64.109 - - [04/Apr/2022:13:35:48 -0500] "GET /forms/java/oracle/forms/engine/RunformBundle_es_CO.properties HTTP/1.1" 404 367
200.118.64.109 - - [04/Apr/2022:13:35:49 -0500] "POST /forms/lservlet;jsessionid=ac16012b30d6d1da91fb2017412ab1828b3e17946df0.e3iSbxaKaheRe34Sc38RahyRchr0n6jAmljGr5XDqQLvpAe HTTP/1.1" 200 64000
200.118.64.109 - - [04/Apr/2022:13:35:49 -0500] "POST /forms/lservlet;jsessionid=ac16012b30d6d1da91fb2017412ab1828b3e17946df0.e3iSbxaKaheRe34Sc38RahyRchr0n6jAmljGr5XDqQLvpAe HTTP/1.1" 200 64000
200.118.64.109 - - [04/Apr/2022:13:35:50 -0500] "POST /forms/lservlet;jsessionid=ac16012b30d6d1da91fb2017412ab1828b3e17946df0.e3iSbxaKaheRe34Sc38RahyRchr0n6jAmljGr5XDqQLvpAe HTTP/1.1" 200 63623
200.118.64.109 - - [04/Apr/2022:13:35:50 -0500] "HEAD /imagenes/dama_logo.gif HTTP/1.1" 200 -
200.118.64.109 - - [04/Apr/2022:13:35:50 -0500] "GET /imagenes/dama_logo.gif HTTP/1.1" 200 21482
200.118.64.109 - - [04/Apr/2022:13:35:50 -0500] "POST /forms/lservlet;jsessionid=ac16012b30d6d1da91fb2017412ab1828b3e17946df0.e3iSbxaKaheRe34Sc38RahyRchr0n6jAmljGr5XDqQLvpAe HTTP/1.1" 200 2
200.118.64.109 - - [04/Apr/2022:13:35:51 -0500] "POST /forms/lservlet;jsessionid=ac16012b30d6d1da91fb2017412ab1828b3e17946df0.e3iSbxaKaheRe34Sc38RahyRchr0n6jAmljGr5XDqQLvpAe HTTP/1.1" 200 2
186.102.65.78 - - [04/Apr/2022:13:35:48 -0500] "POST /kwssiamovil/sm/setfile/f? HTTP/1.1" 200 381
186.102.65.78 - - [04/Apr/2022:13:35:55 -0500] "OPTIONS /kwssiamovil/sm/setfile/f? HTTP/1.1" 200 13
186.102.65.78 - - [04/Apr/2022:13:35:55 -0500] "POST /kwssiamovil/sm/setfile/f? HTTP/1.1" 200 381
186.102.65.78 - - [04/Apr/2022:13:36:01 -0500] "OPTIONS /kwssiamovil/sm/setfile/f? HTTP/1.1" 200 13
186.154.38.58 - - [04/Apr/2022:13:36:04 -0500] "GET /documents/10184/2325415/pieza-concurso-buenas-practicas-20-septiembre.jpg HTTP/1.1" 404 1030
186.102.65.78 - - [04/Apr/2022:13:36:01 -0500] "POST /kwssiamovil/sm/setfile/f? HTTP/1.1" 200 381
191.156.61.62 - - [04/Apr/2022:13:36:08 -0500] "GET /si-eres-mujer-y-te-gusta-el-cuidado-de-los-humedales-este-proceso-de-formacion-es-para-ti.html HTTP/1.1" 200 1025
186.155.12.29 - - [04/Apr/2022:13:36:13 -0500] "GET /si-eres-mujer-y-te-gusta-el-cuidado-de-los-humedales-este-proceso-de-formacion-es-para-ti.html HTTP/1.1" 200 1025
186.29.183.45 - - [04/Apr/2022:13:36:13 -0500] "GET /si-eres-mujer-y-te-gusta-el-cuidado-de-los-humedales-este-proceso-de-formacion-es-para-ti.html?fbclid=IwAR2Opt6FJ66NYw00vK-MQWQ45USc4LheNfHJDsqaSvGtpwpbKymBU0T0bhU HTTP/1.1" 200 1025
173.252.107.8 - - [04/Apr/2022:13:36:15 -0500] "GET /images/ecositemas-cerros-10-marzo.jpg HTTP/1.1" 200 85534
190.26.33.32 - - [04/Apr/2022:13:36:15 -0500] "GET /si-eres-mujer-y-te-gusta-el-cuidado-de-los-humedales-este-proceso-de-formacion-es-para-ti.html?fbclid=IwAR1nhid0tmbzHyn8okyFcS16JH0-pPb_4zJdAp2cKWmYrThZeBY4_SHNtds HTTP/1.1" 200 1025
200.118.64.109 - - [04/Apr/2022:13:36:21 -0500] "POST /forms/lservlet;jsessionid=ac16012b30d6d1da91fb2017412ab1828b3e17946df0.e3iSbxaKaheRe34Sc38RahyRchr0n6jAmljGr5XDqQLvpAe HTTP/1.1" 200 7979
200.118.64.109 - - [04/Apr/2022:13:36:21 -0500] "POST /forms/lservlet;jsessionid=ac16012b30d6d1da91fb2017412ab1828b3e17946df0.e3iSbxaKaheRe34Sc38RahyRchr0n6jAmljGr5XDqQLvpAe HTTP/1.1" 200 64
200.118.64.109 - - [04/Apr/2022:13:36:21 -0500] "POST /forms/lservlet;jsessionid=ac16012b30d6d1da91fb2017412ab1828b3e17946df0.e3iSbxaKaheRe34Sc38RahyRchr0n6jAmljGr5XDqQLvpAe HTTP/1.1" 200 2
200.118.64.109 - - [04/Apr/2022:13:36:21 -0500] "POST /forms/lservlet;jsessionid=ac16012b30d6d1da91fb2017412ab1828b3e17946df0.e3iSbxaKaheRe34Sc38RahyRchr0n6jAmljGr5XDqQLvpAe HTTP/1.1" 200 2
200.118.64.109 - - [04/Apr/2022:13:36:21 -0500] "POST /forms/lservlet;jsessionid=ac16012b30d6d1da91fb2017412ab1828b3e17946df0.e3iSbxaKaheRe34Sc38RahyRchr0n6jAmljGr5XDqQLvpAe HTTP/1.1" 200 2
172.22.2.4 - - [04/Apr/2022:13:36:24 -0500] "GET /BLA/boletinlegal/consulta_actos.php?tipo=resoluciones&no=1169&usuario=&sector=&fecha=2021&resuelve= HTTP/1.1" 200 1102
200.118.64.109 - - [04/Apr/2022:13:36:25 -0500] "POST /forms/lservlet;jsessionid=ac16012b30d6d1da91fb2017412ab1828b3e17946df0.e3iSbxaKaheRe34Sc38RahyRchr0n6jAmljGr5XDqQLvpAe HTTP/1.1" 200 34712
200.118.64.109 - - [04/Apr/2022:13:36:26 -0500] "GET /imagenes/listval.gif HTTP/1.1" 200 905
200.118.64.109 - - [04/Apr/2022:13:36:26 -0500] "GET /imagenes/tree1.gif HTTP/1.1" 200 1161
200.118.64.109 - - [04/Apr/2022:13:36:26 -0500] "GET /imagenes/listval.gif HTTP/1.1" 200 905
200.118.64.109 - - [04/Apr/2022:13:36:26 -0500] "GET /imagenes/CAMERA3.gif HTTP/1.1" 200 4150
200.118.64.109 - - [04/Apr/2022:13:36:26 -0500] "GET /imagenes/SLIDE1.gif HTTP/1.1" 200 1111
200.118.64.109 - - [04/Apr/2022:13:36:26 -0500] "GET /imagenes/flexcomb.gif HTTP/1.1" 200 1169
200.118.64.109 - - [04/Apr/2022:13:36:26 -0500] "GET /imagenes/GO.gif HTTP/1.1" 200 904
200.118.64.109 - - [04/Apr/2022:13:36:26 -0500] "GET /imagenes/HRTOOLS.gif HTTP/1.1" 200 2238
200.118.64.109 - - [04/Apr/2022:13:36:26 -0500] "GET /imagenes/rt_rec1.gif HTTP/1.1" 200 867
200.118.64.109 - - [04/Apr/2022:13:36:26 -0500] "GET /imagenes/apply.gif HTTP/1.1" 200 903
200.118.64.109 - - [04/Apr/2022:13:36:26 -0500] "GET /imagenes/exit.gif HTTP/1.1" 200 916
200.118.64.109 - - [04/Apr/2022:13:36:26 -0500] "GET /imagenes/LISTVAL.gif HTTP/1.1" 200 905
200.118.64.109 - - [04/Apr/2022:13:36:26 -0500] "GET /imagenes/edit.gif HTTP/1.1" 200 919
200.118.64.109 - - [04/Apr/2022:13:36:26 -0500] "GET /imagenes/rt_rec4.gif HTTP/1.1" 200 865
200.118.64.109 - - [04/Apr/2022:13:36:26 -0500] "GET /imagenes/rt_rec3.gif HTTP/1.1" 200 844
200.118.64.109 - - [04/Apr/2022:13:36:26 -0500] "GET /imagenes/rt_rec2.gif HTTP/1.1" 200 847
200.118.64.109 - - [04/Apr/2022:13:36:26 -0500] "GET /imagenes/rt_rdel.gif HTTP/1.1" 200 899
200.118.64.109 - - [04/Apr/2022:13:36:26 -0500] "GET /imagenes/rt_radd.gif HTTP/1.1" 200 907
200.118.64.109 - - [04/Apr/2022:13:36:26 -0500] "GET /imagenes/rt_quer3.gif HTTP/1.1" 200 939
200.118.64.109 - - [04/Apr/2022:13:36:26 -0500] "GET /imagenes/rt_quer2.gif HTTP/1.1" 200 936
200.118.64.109 - - [04/Apr/2022:13:36:27 -0500] "GET /imagenes/rt_quer1.gif HTTP/1.1" 200 930
200.118.64.109 - - [04/Apr/2022:13:36:27 -0500] "GET /imagenes/rt_save.gif HTTP/1.1" 200 903
200.118.64.109 - - [04/Apr/2022:13:36:27 -0500] "GET /imagenes/rt_pset.gif HTTP/1.1" 200 914
200.118.64.109 - - [04/Apr/2022:13:36:27 -0500] "GET /imagenes/QUEJA.gif HTTP/1.1" 200 1091
200.118.64.109 - - [04/Apr/2022:13:36:27 -0500] "GET /imagenes/ARBOL.gif HTTP/1.1" 200 1026
200.118.64.109 - - [04/Apr/2022:13:36:27 -0500] "GET /imagenes/Clipboard.gif HTTP/1.1" 200 1466
200.118.64.109 - - [04/Apr/2022:13:36:27 -0500] "GET /imagenes/DINERO.gif HTTP/1.1" 200 1766
200.118.64.109 - - [04/Apr/2022:13:36:27 -0500] "GET /imagenes/URGENTE.gif HTTP/1.1" 200 964
200.118.64.109 - - [04/Apr/2022:13:36:27 -0500] "GET /imagenes/TREE4.gif HTTP/1.1" 200 4150
200.118.64.109 - - [04/Apr/2022:13:36:27 -0500] "POST /forms/lservlet;jsessionid=ac16012b30d6d1da91fb2017412ab1828b3e17946df0.e3iSbxaKaheRe34Sc38RahyRchr0n6jAmljGr5XDqQLvpAe HTTP/1.1" 200 7
200.118.64.109 - - [04/Apr/2022:13:36:27 -0500] "POST /forms/lservlet;jsessionid=ac16012b30d6d1da91fb2017412ab1828b3e17946df0.e3iSbxaKaheRe34Sc38RahyRchr0n6jAmljGr5XDqQLvpAe HTTP/1.1" 200 34
200.118.64.109 - - [04/Apr/2022:13:36:27 -0500] "POST /forms/lservlet;jsessionid=ac16012b30d6d1da91fb2017412ab1828b3e17946df0.e3iSbxaKaheRe34Sc38RahyRchr0n6jAmljGr5XDqQLvpAe HTTP/1.1" 200 2
200.118.64.109 - - [04/Apr/2022:13:36:28 -0500] "POST /forms/lservlet;jsessionid=ac16012b30d6d1da91fb2017412ab1828b3e17946df0.e3iSbxaKaheRe34Sc38RahyRchr0n6jAmljGr5XDqQLvpAe HTTP/1.1" 200 2
200.118.64.109 - - [04/Apr/2022:13:36:28 -0500] "POST /forms/lservlet;jsessionid=ac16012b30d6d1da91fb2017412ab1828b3e17946df0.e3iSbxaKaheRe34Sc38RahyRchr0n6jAmljGr5XDqQLvpAe HTTP/1.1" 200 699
200.118.64.109 - - [04/Apr/2022:13:36:28 -0500] "GET /imagenes/Srch_frw.gif HTTP/1.1" 200 925
200.118.64.109 - - [04/Apr/2022:13:36:28 -0500] "POST /forms/lservlet;jsessionid=ac16012b30d6d1da91fb2017412ab1828b3e17946df0.e3iSbxaKaheRe34Sc38RahyRchr0n6jAmljGr5XDqQLvpAe HTTP/1.1" 200 10
186.102.65.78 - - [04/Apr/2022:13:36:29 -0500] "GET /kwssiamovil/sm/acme/a?s=U2FsdGVkX1/mpwgGVdBWQU3f+AKbt6588bZl9bvBdbQu4KsN8kVbtv3WTqRsB6IFmqBwSEFKSzErC6i8H558mapN7ceH4YL9TEHQq0Wqqlu4Az3W6xCWEJoatIO3b+u/XOgakKf2VFFx36+D1AXBFHqwkGiVu3dqSF+Ltr4gELjD26zWyho7sXPZF5wFPm6Rj/SG76et7vMVLEW1rStIXn8FZzRbAFTCD/PWzLVbS7V9kSP7cE0Il6S74DOVDnrh2pbjna7v/nIdcjqlyokRXQ==&u=U2FsdGVkX18751jF3VRallDPqvJMueyJLq8D+6uRGV0aAjY6qWC0L49/8J8Tt+6c&y=U2FsdGVkX1+3w5ewOWfEIzqBTofg/kmbppXQiNJc8GBBw/oo8PJ0h72n5QLh7nDM HTTP/1.1" 200 66
200.118.64.109 - - [04/Apr/2022:13:36:32 -0500] "POST /forms/lservlet;jsessionid=ac16012b30d6d1da91fb2017412ab1828b3e17946df0.e3iSbxaKaheRe34Sc38RahyRchr0n6jAmljGr5XDqQLvpAe HTTP/1.1" 200 24
200.118.64.109 - - [04/Apr/2022:13:36:32 -0500] "POST /forms/lservlet;jsessionid=ac16012b30d6d1da91fb2017412ab1828b3e17946df0.e3iSbxaKaheRe34Sc38RahyRchr0n6jAmljGr5XDqQLvpAe HTTP/1.1" 200 14
200.118.64.109 - - [04/Apr/2022:13:36:33 -0500] "POST /forms/lservlet;jsessionid=ac16012b30d6d1da91fb2017412ab1828b3e17946df0.e3iSbxaKaheRe34Sc38RahyRchr0n6jAmljGr5XDqQLvpAe HTTP/1.1" 200 4144
200.118.64.109 - - [04/Apr/2022:13:36:34 -0500] "POST /forms/lservlet;jsessionid=ac16012b30d6d1da91fb2017412ab1828b3e17946df0.e3iSbxaKaheRe34Sc38RahyRchr0n6jAmljGr5XDqQLvpAe HTTP/1.1" 200 2
200.118.64.109 - - [04/Apr/2022:13:36:50 -0500] "POST /forms/lservlet;jsessionid=ac16012b30d6d1da91fb2017412ab1828b3e17946df0.e3iSbxaKaheRe34Sc38RahyRchr0n6jAmljGr5XDqQLvpAe HTTP/1.1" 200 2
172.22.2.4 - - [04/Apr/2022:13:36:49 -0500] "GET /BLA/boletinlegal/consulta_actos.php?tipo=resoluciones&no=0812&usuario=&sector=&fecha=2021&resuelve= HTTP/1.1" 200 1102
200.118.64.109 - - [04/Apr/2022:13:36:50 -0500] "POST /forms/lservlet;jsessionid=ac16012b30d6d1da91fb2017412ab1828b3e17946df0.e3iSbxaKaheRe34Sc38RahyRchr0n6jAmljGr5XDqQLvpAe HTTP/1.1" 200 14
200.118.64.109 - - [04/Apr/2022:13:36:51 -0500] "POST /forms/lservlet;jsessionid=ac16012b30d6d1da91fb2017412ab1828b3e17946df0.e3iSbxaKaheRe34Sc38RahyRchr0n6jAmljGr5XDqQLvpAe HTTP/1.1" 200 14
200.118.64.109 - - [04/Apr/2022:13:36:52 -0500] "POST /forms/lservlet;jsessionid=ac16012b30d6d1da91fb2017412ab1828b3e17946df0.e3iSbxaKaheRe34Sc38RahyRchr0n6jAmljGr5XDqQLvpAe HTTP/1.1" 200 14
200.118.64.109 - - [04/Apr/2022:13:36:54 -0500] "POST /forms/lservlet;jsessionid=ac16012b30d6d1da91fb2017412ab1828b3e17946df0.e3iSbxaKaheRe34Sc38RahyRchr0n6jAmljGr5XDqQLvpAe HTTP/1.1" 200 14
216.245.221.92 - - [04/Apr/2022:13:36:56 -0500] "HEAD / HTTP/1.1" 200 -
200.118.64.109 - - [04/Apr/2022:13:36:55 -0500] "POST /forms/lservlet;jsessionid=ac16012b30d6d1da91fb2017412ab1828b3e17946df0.e3iSbxaKaheRe34Sc38RahyRchr0n6jAmljGr5XDqQLvpAe HTTP/1.1" 200 15
200.118.64.109 - - [04/Apr/2022:13:36:58 -0500] "POST /forms/lservlet;jsessionid=ac16012b30d6d1da91fb2017412ab1828b3e17946df0.e3iSbxaKaheRe34Sc38RahyRchr0n6jAmljGr5XDqQLvpAe HTTP/1.1" 200 125
200.118.64.109 - - [04/Apr/2022:13:36:58 -0500] "POST /forms/lservlet;jsessionid=ac16012b30d6d1da91fb2017412ab1828b3e17946df0.e3iSbxaKaheRe34Sc38RahyRchr0n6jAmljGr5XDqQLvpAe HTTP/1.1" 200 2
200.118.64.109 - - [04/Apr/2022:13:36:58 -0500] "GET /reports/rwservlet/getjobid74314?server=repnomi HTTP/1.1" 200 47718
200.118.64.109 - - [04/Apr/2022:13:37:04 -0500] "POST /forms/lservlet;jsessionid=ac16012b30d6d1da91fb2017412ab1828b3e17946df0.e3iSbxaKaheRe34Sc38RahyRchr0n6jAmljGr5XDqQLvpAe HTTP/1.1" 200 159
186.102.65.78 - - [04/Apr/2022:13:37:09 -0500] "GET /kwssiamovil/sm/ldap/au?x=U2FsdGVkX1+QhBKrUwshBL9FMv2z+eF67CXNka4hYma8IsCjvPUjIJ/37fFC5TB2&y=U2FsdGVkX19KAz/UHSBJo5pNqu6T6+cdvaRA57iJOVxRHA9ko4uw5NXAKXBWYrSH HTTP/1.1" 200 30
186.102.65.78 - - [04/Apr/2022:13:37:09 -0500] "GET /kwssiamovil/sm/acme/s?s=U2FsdGVkX19VEnKhcECEnOtPHEaKv473mvtyd0BQ5djDJu0dMZ/u4KkLuqCTh1DDf4fWHOYMK7VVEwGO4z8Nkg0ipsLHcBzwkttJzM4aCf4=&u=U2FsdGVkX189zywoJTuZVBq9ObQ80CGFOa4TUI7Jndg2x2sX9K32rIQfybdjqMK1&y=U2FsdGVkX19KAz/UHSBJo5pNqu6T6+cdvaRA57iJOVxRHA9ko4uw5NXAKXBWYrSH HTTP/1.1" 200 97
186.102.65.78 - - [04/Apr/2022:13:37:09 -0500] "GET /kwssiamovil/sm/acme/s?s=U2FsdGVkX1+4AVk3uik/g48f4YRT9lwipUrIPl/2H4VvK6y/lxoTZhpA6UBiAb6wetoGMkJi1BAcoGp/9cHJtVL5eYJp65foakAu96V0b5H4h3Iyyser9ZaYnytBzvOtFcqxUb2rJVzZlgirmNA0BuJ7Lylsyu4AdWdZ/HutwIDvaXLfInQebRKzOn87zSO96pzttg9bjJvCwWePA77gqmAHBRoH+hpeEERrG7KayaZr/Ab9H6la2xhfvSP3L1qiEe8M3z9exwz0WfAPg1+5B47dLipCK6HPvxR7yM8Up9uj6ksesNQyWlAOYi3up6+1fdPCj+yNrm1h/nPcbCO7oK27M19usnHm0LrnFO+/VKlLv24isU+cXWvlr8q5VCiE4UwpJkDMhOWlal8AhXUqsRlGXoW+mZ8x7HCbeksPrAEIQkOWzUJjlLAe35sP+y6fyxjkOJWe523FCZLHXMZi+Q18OFfE3OUz/o1oXE9sXK/D4b8oq1PVeksA0FCHeJSvtVsE1dmqrHKQ3ByPDRkc1cilHAuYLR+51FvxWT5r1EG8XGfp31371udN9eHkOApxG50uxGgo5f2fcvrtCyZmrFiCpYfa4VWWztMF38eMWT0KBNOXRWhPfFRe9PY5TeVRgEyp3wqP5pPVV/z3s+Q++9vzMqfrk8NOL33xAg7LSEA3d5yXppLDmTegvNb8yx+vQKyZ1JvRPPOfgjTKwp+mxPj5VriXw3ovSh+WOcAT1uCvnVDwTGC7FB27qov7LDTZBZ+GoIdtlcgV039GCh/rOjmND7kfJMrlpQI7TSpysTDChYc2wjoXPYVT7JZgS6dobksU20drt5Hns8T3i8aR8oSgFRmi6tExRhjpqZsx4R0PT98dJ2Ja2yCxBnDx/S/wf/btZ5o9cdn7FYLsYIqOXej/L2rnjY1p9CJIyYznZu7N1ImuxMsnRGKgWXyk1auu6ebYn5UHjnYNKGkgf6UOPMvqlAWX/UUszsVATu3xgeFX3dgcjqRcW7KSxSkBQi1nh9wxNIRKNI1XMmc2Rc9qTlVDIOVJbcpeFuakCCdqdhDg1lsjy7fyg/7T534ua5mxz2YEbCAnyulQ/0cTTSfWujdjBvam7QTpEKYT0Xc3ubs=&u=U2FsdGVkX189zywoJTuZVBq9ObQ80CGFOa4TUI7Jndg2x2sX9K32rIQfybdjqMK1&y=U2FsdGVkX19KAz/UHSBJo5pNqu6T6+cdvaRA57iJOVxRHA9ko4uw5NXAKXBWYrSH HTTP/1.1" 200 4942
186.102.65.78 - - [04/Apr/2022:13:37:09 -0500] "GET /kwssiamovil/sm/acme/s?s=U2FsdGVkX1+kY3YUs2klEQr2yRxBaLydw6En0ItP04Zn6UCJDiaDIUAMvxcpi3PZ&u=U2FsdGVkX189zywoJTuZVBq9ObQ80CGFOa4TUI7Jndg2x2sX9K32rIQfybdjqMK1&y=U2FsdGVkX19KAz/UHSBJo5pNqu6T6+cdvaRA57iJOVxRHA9ko4uw5NXAKXBWYrSH HTTP/1.1" 200 70
186.102.65.78 - - [04/Apr/2022:13:37:09 -0500] "GET /kwssiamovil/sm/acme/s?s=U2FsdGVkX1+3eIpW4gwc2ozHehBz1IQJrG/PZdRQ4hLZPN4ppbP49uPQ7N5e9Pte&u=U2FsdGVkX189zywoJTuZVBq9ObQ80CGFOa4TUI7Jndg2x2sX9K32rIQfybdjqMK1&y=U2FsdGVkX19KAz/UHSBJo5pNqu6T6+cdvaRA57iJOVxRHA9ko4uw5NXAKXBWYrSH HTTP/1.1" 200 70
186.102.65.78 - - [04/Apr/2022:13:37:09 -0500] "GET /kwssiamovil/sm/acme/s?s=U2FsdGVkX19eHyluB+Za1IFRceIqMJL7ACG01viZc9+XoBi2S4DZvcd4Ze+ONB5k&u=U2FsdGVkX189zywoJTuZVBq9ObQ80CGFOa4TUI7Jndg2x2sX9K32rIQfybdjqMK1&y=U2FsdGVkX19KAz/UHSBJo5pNqu6T6+cdvaRA57iJOVxRHA9ko4uw5NXAKXBWYrSH HTTP/1.1" 200 70
186.102.65.78 - - [04/Apr/2022:13:37:09 -0500] "GET /kwssiamovil/sm/acme/s?s=U2FsdGVkX19D3sJewkdTfglLUk79Cpb/El2VC45L23hmMmCQ24qyzezy5tWLazRh&u=U2FsdGVkX189zywoJTuZVBq9ObQ80CGFOa4TUI7Jndg2x2sX9K32rIQfybdjqMK1&y=U2FsdGVkX19KAz/UHSBJo5pNqu6T6+cdvaRA57iJOVxRHA9ko4uw5NXAKXBWYrSH HTTP/1.1" 200 70
186.102.65.78 - - [04/Apr/2022:13:37:09 -0500] "GET /kwssiamovil/sm/acme/s?s=U2FsdGVkX19Q4ubGXdLGtOItKboFRs7YCjue1NxhwBQe86zPcWeMQKukCN7m9Nkk&u=U2FsdGVkX189zywoJTuZVBq9ObQ80CGFOa4TUI7Jndg2x2sX9K32rIQfybdjqMK1&y=U2FsdGVkX19KAz/UHSBJo5pNqu6T6+cdvaRA57iJOVxRHA9ko4uw5NXAKXBWYrSH HTTP/1.1" 200 70
186.102.65.78 - - [04/Apr/2022:13:37:10 -0500] "GET /kwssiamovil/sm/acme/s?s=U2FsdGVkX18w0x0FR+L+Vdu47YnxejPd0vVjW7VzhEOz0EWo0/JRhK1W/YRZwgoZ&u=U2FsdGVkX189zywoJTuZVBq9ObQ80CGFOa4TUI7Jndg2x2sX9K32rIQfybdjqMK1&y=U2FsdGVkX19KAz/UHSBJo5pNqu6T6+cdvaRA57iJOVxRHA9ko4uw5NXAKXBWYrSH HTTP/1.1" 200 70
186.102.65.78 - - [04/Apr/2022:13:37:10 -0500] "GET /kwssiamovil/sm/acme/s?s=U2FsdGVkX1+tUfhUiRVWxrdJ6arsMiWXcjfilVUB96GHPGx9IoOBIq1XLdBs3MDp&u=U2FsdGVkX189zywoJTuZVBq9ObQ80CGFOa4TUI7Jndg2x2sX9K32rIQfybdjqMK1&y=U2FsdGVkX19KAz/UHSBJo5pNqu6T6+cdvaRA57iJOVxRHA9ko4uw5NXAKXBWYrSH HTTP/1.1" 200 70
186.102.65.78 - - [04/Apr/2022:13:37:10 -0500] "GET /kwssiamovil/sm/acme/s?s=U2FsdGVkX19jv1exxAHeemdZxwxzUlDaQtnxbo0xOmVCM3vSRCJNevobR+o2e2Zb&u=U2FsdGVkX189zywoJTuZVBq9ObQ80CGFOa4TUI7Jndg2x2sX9K32rIQfybdjqMK1&y=U2FsdGVkX19KAz/UHSBJo5pNqu6T6+cdvaRA57iJOVxRHA9ko4uw5NXAKXBWYrSH HTTP/1.1" 200 70
186.102.65.78 - - [04/Apr/2022:13:37:10 -0500] "GET /kwssiamovil/sm/acme/s?s=U2FsdGVkX1/eoxNDJVf7MNLpUR0xhf08IRXB7xqm8zZ/sYIfsxDj6v+1J6rN/Xvh&u=U2FsdGVkX189zywoJTuZVBq9ObQ80CGFOa4TUI7Jndg2x2sX9K32rIQfybdjqMK1&y=U2FsdGVkX19KAz/UHSBJo5pNqu6T6+cdvaRA57iJOVxRHA9ko4uw5NXAKXBWYrSH HTTP/1.1" 200 70
186.102.65.78 - - [04/Apr/2022:13:37:10 -0500] "GET /kwssiamovil/sm/acme/s?s=U2FsdGVkX19hJ5zd22A4z2UPP1inqItf5kjJqWhQwp399DYfC1VbwZ2N3/uxVH/s&u=U2FsdGVkX189zywoJTuZVBq9ObQ80CGFOa4TUI7Jndg2x2sX9K32rIQfybdjqMK1&y=U2FsdGVkX19KAz/UHSBJo5pNqu6T6+cdvaRA57iJOVxRHA9ko4uw5NXAKXBWYrSH HTTP/1.1" 200 70
186.102.65.78 - - [04/Apr/2022:13:37:10 -0500] "GET /kwssiamovil/sm/acme/s?s=U2FsdGVkX1/GgGR0cNoIWveF3IavdwyfIRG83tg1m0eaqFucprFqPe1wnID8n88Z&u=U2FsdGVkX189zywoJTuZVBq9ObQ80CGFOa4TUI7Jndg2x2sX9K32rIQfybdjqMK1&y=U2FsdGVkX19KAz/UHSBJo5pNqu6T6+cdvaRA57iJOVxRHA9ko4uw5NXAKXBWYrSH HTTP/1.1" 200 70
186.102.65.78 - - [04/Apr/2022:13:37:10 -0500] "GET /kwssiamovil/sm/acme/s?s=U2FsdGVkX194/fXoGqT7VRpdaNG4kInyhVASSzNQC0jvZy8a0Sumhgo+PmhrbAxd&u=U2FsdGVkX189zywoJTuZVBq9ObQ80CGFOa4TUI7Jndg2x2sX9K32rIQfybdjqMK1&y=U2FsdGVkX19KAz/UHSBJo5pNqu6T6+cdvaRA57iJOVxRHA9ko4uw5NXAKXBWYrSH HTTP/1.1" 200 70
186.102.65.78 - - [04/Apr/2022:13:37:10 -0500] "GET /kwssiamovil/sm/acme/s?s=U2FsdGVkX1/ldWjdSh0wIKaQbvz2gP7sHtjl1L/5XAGNXr2hFeapuHDCU3+4NU/k&u=U2FsdGVkX189zywoJTuZVBq9ObQ80CGFOa4TUI7Jndg2x2sX9K32rIQfybdjqMK1&y=U2FsdGVkX19KAz/UHSBJo5pNqu6T6+cdvaRA57iJOVxRHA9ko4uw5NXAKXBWYrSH HTTP/1.1" 200 70
186.102.65.78 - - [04/Apr/2022:13:37:10 -0500] "GET /kwssiamovil/sm/acme/s?s=U2FsdGVkX1/6BJ739zIVIHT0uT9UTBxQUeOrqn4V85LMPqGMVH24YgU6+cLYILEz&u=U2FsdGVkX189zywoJTuZVBq9ObQ80CGFOa4TUI7Jndg2x2sX9K32rIQfybdjqMK1&y=U2FsdGVkX19KAz/UHSBJo5pNqu6T6+cdvaRA57iJOVxRHA9ko4uw5NXAKXBWYrSH HTTP/1.1" 200 70
186.102.65.78 - - [04/Apr/2022:13:37:10 -0500] "GET /kwssiamovil/sm/acme/s?s=U2FsdGVkX1/kK3oiLlSlLSoXSger72DmulF4Dhv/sA6c96FtQKqgoOYn2DZt3nsD&u=U2FsdGVkX189zywoJTuZVBq9ObQ80CGFOa4TUI7Jndg2x2sX9K32rIQfybdjqMK1&y=U2FsdGVkX19KAz/UHSBJo5pNqu6T6+cdvaRA57iJOVxRHA9ko4uw5NXAKXBWYrSH HTTP/1.1" 200 70
186.102.65.78 - - [04/Apr/2022:13:37:11 -0500] "GET /kwssiamovil/sm/acme/s?s=U2FsdGVkX18RmVLFnyyo+F8M4yYRhtS8Hsm2PeSjUWe3fUL721VUQqgGJwctxpgx&u=U2FsdGVkX189zywoJTuZVBq9ObQ80CGFOa4TUI7Jndg2x2sX9K32rIQfybdjqMK1&y=U2FsdGVkX19KAz/UHSBJo5pNqu6T6+cdvaRA57iJOVxRHA9ko4uw5NXAKXBWYrSH HTTP/1.1" 200 70
186.102.65.78 - - [04/Apr/2022:13:37:11 -0500] "GET /kwssiamovil/sm/acme/s?s=U2FsdGVkX19HRfyR/K7TWhCzQDqQISdCOtddQiyGiyBfv+P/+TArt/LA3kmIp5uX&u=U2FsdGVkX189zywoJTuZVBq9ObQ80CGFOa4TUI7Jndg2x2sX9K32rIQfybdjqMK1&y=U2FsdGVkX19KAz/UHSBJo5pNqu6T6+cdvaRA57iJOVxRHA9ko4uw5NXAKXBWYrSH HTTP/1.1" 200 70
186.102.65.78 - - [04/Apr/2022:13:37:11 -0500] "GET /kwssiamovil/sm/acme/s?s=U2FsdGVkX1+MpQJQdCMaSV7BdJFndFvl/lY+UsKwB/CTNHpqiNwnaosxgN8Ers6d2KxIRzPOv5TEdfuJQ4QbSL6Lc2mZ5jeK8NHI0pH1Q8ZrEnPVmnQ6Jy/fNIO+QbMee5XrrEiOEwbtYIlL1VGr089iFgmyrfaA8Z+G9dMrOuLeyfZ/VCOXO7uF9t1WdHeqLf2xTCMGIU1tgr2D9a+0qP98aURykmkCfWzEckn+kbQxHZD6/QoB2IxKg7CKUJmWTbbPEwIV1PBwgs3GTYsbAdcxvFYTbDwtBG3ykw3PH4FJN62bA745UYvuWaS3j8Z0lg8ojA5B8bJLk46+HduI9vY2M8pRsA9xMS3OfDS3uhA=&u=U2FsdGVkX189zywoJTuZVBq9ObQ80CGFOa4TUI7Jndg2x2sX9K32rIQfybdjqMK1&y=U2FsdGVkX19KAz/UHSBJo5pNqu6T6+cdvaRA57iJOVxRHA9ko4uw5NXAKXBWYrSH HTTP/1.1" 200 196
186.102.65.78 - - [04/Apr/2022:13:37:11 -0500] "GET /kwssiamovil/sm/cjson/pre?f=1&x=U2FsdGVkX1+QhBKrUwshBL9FMv2z+eF67CXNka4hYma8IsCjvPUjIJ/37fFC5TB2 HTTP/1.1" 200 30975
186.155.12.29 - - [04/Apr/2022:13:37:31 -0500] "GET /si-eres-mujer-y-te-gusta-el-cuidado-de-los-humedales-este-proceso-de-formacion-es-para-ti.html HTTP/1.1" 200 1025
172.22.2.4 - - [04/Apr/2022:13:35:52 -0500] "HEAD /BLA/boletinlegal/ HTTP/1.1" 200 -
186.102.65.78 - - [04/Apr/2022:13:37:33 -0500] "GET /kwssiamovil/sm/acme/a?s=U2FsdGVkX18RdP0+gOPJphqBjpTBjjnzDIAq/utnJUetk03nh/3//KAO+FUES5GTTybHLzvHNlGmRMsJTdndF7GadMQfLkUD2YKZ2yNLLeaUaz7RCT/XowTR/oLtbYl00qFTMoAWuFmCnOF28nXzCUIF2inBlSMN8DWmkCzdDOzYMElmKV+syRTqZ0WNDGukmT8Mk4n1U1jwUXPAAvufJNVLXtTKKgYJ7VjBzTPhlecvGEiQf0cTUl0SPAV6+YhQF4nWRo/ZwLasciNVenPrbA==&u=U2FsdGVkX189zywoJTuZVBq9ObQ80CGFOa4TUI7Jndg2x2sX9K32rIQfybdjqMK1&y=U2FsdGVkX19KAz/UHSBJo5pNqu6T6+cdvaRA57iJOVxRHA9ko4uw5NXAKXBWYrSH HTTP/1.1" 200 25
186.102.65.78 - - [04/Apr/2022:13:37:33 -0500] "GET /kwssiamovil/sm/acme/a?s=U2FsdGVkX19fwOnCU4Ai3/udxw4euXHA1knr76DBTop1reyc/t/wqb13cquKIXDui3gtZJFaA4pZuUpLmUOX3KynCmfSGAwksxjXTMtYC2MMVYQD3fN/crWmvTwqbrkOFCw3RvfhWB7GIbvW+Xav6FM89ysVj7VcWSh+jUAy0WpY7SLXXFtrdjzyZ7EYzaTRWp61uRz3bHqGfOPT7Xm+w+BYvnP7f2Q1eToWfC/4krNRbLanHHpbvdP0WAiLWHlU6nTzjHkSQs1POoaAPaIrvqvOncJhDnfunTDB95+YkPfNq19ti3KxpDOCg0wXDLNU/pCQNm5M7CtZzdfNj+ZqzHnKtR97WCRYIYu4nAGAV0SjNlctHtFFb6iHWM5SZGx/Nz2wrxjtUTJl5LpgT3KouWiT8HHp/AHT+tTZ1XtJbTcBg6qldnLVC4FiL/X+Glwej0Gy2pUjxciyX33cr4Uv4G7FbSIpbrhxOBTqg0CKxRy9hr3ovrnB5jLawTfgUcUI7lOR6grGq3rYo+bnv7WN/ah+2C/qlVhl43zuiQyeZv2yzFSPwKtoDuY3H7BADf/3xP4twsbZkeUQxwBqwVCoZLt6baLg/RfCzzTfd2mJT88ys4zk0T6PUndHN2Ht6bkGBX7726igCcLN7h+pHoxXRnmjtxSGQ8Ijy7L+A4ux9PwhHaVKeAVHc3yFS4BHxBdrLV2ORRqQu4S3JM8rd/hSCmJWs4BjMfA7/HadnO8Sei91GDjBgRmjT0UxErCDS981Hw+HoPAwjc+TbZT8HHjksEMx1VZEF54aHZnLdmBHDzp5nJp9JRwKM2Bg7aoiG9XirXuKzyKtG5voAlv7V3I85b8b/mrQeOMSC+/TUmQcpbuvOsXT8EPF1WEHqtY0X61z5h3e4jtN3ll+aV0tEqD1VoynMIfyf/gtD9W9VZoaYCbYcoGienLwfU6l26W4AeX2cw0pr3Hw6Ov0wQjYW8sm12qnNS9AIhjB1iiwVQOzPsrn1mDE7Eg7tEnc+GrROjojTilmGNHb4JMGAipgImuWx4Y9D3mfry/8bLhiKvVp8XekrGcV0VLgA/R2Xc1koEOjQLTjWD+K6gbDEdOrhoweG7SF2P1s65ybOkUCbINdCvBhsSX4qiimlGdM/yK3ea3tc+d6AN9rswajDtzsd4mr2y765bsALTreLRASHSfV221mWbX7SoaOrWIOJbuYoFo7I00lz57o3+Y78q1LGEvpCmyWlW5F6JIJY/+YyZNu6hIW5cuCIMlHqwiC3UH6gxO0e4bJqBTAHh8P74Nqd5y3olMJizgIA7eXQ4lShkVNGxQ8hjoyJX4BunNdbUWr9VHLqQdySmVq+IKy4qSSjSywmfxbKt5WyBB4sUgVVeVRCaKj0IC+Fkk8bMApQ3YRJ5z75V8a3afeDfKKrgolh3ZX/dA+RlvFrDKN2oFHPqfHJTRnzNl6nBfsgsAHSEUX3yqCP26HmuUvyIt0GhGof40aYhMkfs2Fsnh6C6C0pC+Zmjd29OPVKy5wApzVi+OYZbEueU7zi6XmghH6OFWYteQRFWPZLmn7bzte7mu91eWVYCA21QOlIBbaD5mIEVm+z/sN4PNTEK5pvt3RcXoycFXTwuO/vn/uTFPrMhdlO9/ujf1KFiM/7RNouuQAGFknp7TFLCkpGLtISGzCawKkdfkJIeeVoaikgKW6UoTQw8u0C+5SQ2DMFJcOvqyB+EfyoCeLigGJortiw4wJzBux4mEJt6eIsdD27iHep8On6UqsSiuyCpLzh7weKZPPIIn1cLGQAsonII8GRxwDW95OAyv4RfLslfhEFNhAdQYbbEO+l18JXho1Iyml5A50zCGhmI41VhBnhDpiXvFXSAjIdRddm5QziZBSu/xOTjb2zOY0towQrGua3gDXsUsMnYlqTiWHzYX+IY9Y+BzEFptWUYs+Jg==&u=U2FsdGVkX189zywoJTuZVBq9ObQ80CGFOa4TUI7Jndg2x2sX9K32rIQfybdjqMK1&y=U2FsdGVkX19KAz/UHSBJo5pNqu6T6+cdvaRA57iJOVxRHA9ko4uw5NXAKXBWYrSH HTTP/1.1" 200 25
186.102.65.78 - - [04/Apr/2022:13:37:33 -0500] "GET /kwssiamovil/sm/acme/a?s=U2FsdGVkX19NqUim985oTDaoagChPRKxsxQkRjwtEr6lirXNoVPUbTMBqUNSoOlXplwgbEyiOIZe3PL21aJnkRkiu6uH2icxaCBEcJfjE+6h+i+2xGLQbCLrovFrsJwC/49zs87EZw18Ip0xjhy5Ub9TEpIzPi2q8X9nPjrZK0I=&u=U2FsdGVkX189zywoJTuZVBq9ObQ80CGFOa4TUI7Jndg2x2sX9K32rIQfybdjqMK1&y=U2FsdGVkX19KAz/UHSBJo5pNqu6T6+cdvaRA57iJOVxRHA9ko4uw5NXAKXBWYrSH HTTP/1.1" 200 25
186.102.65.78 - - [04/Apr/2022:13:37:34 -0500] "GET /kwssiamovil/sm/acme/a?s=U2FsdGVkX18LzGKoENcipQPVyLdoUFeKrdqZ/ARpiM8wdCp/nIKZoy5CaBuJzbkvunQq2Sh5BvbsN0J8n7BJV0kvn0sj0tYVAAlssJMLs7lAf6zSGJu8YP/DNxf+Qc5hBiI7T2vNQNJd36TXPPJ8h5AFFU6VntCtJhoftWMjc40=&u=U2FsdGVkX189zywoJTuZVBq9ObQ80CGFOa4TUI7Jndg2x2sX9K32rIQfybdjqMK1&y=U2FsdGVkX19KAz/UHSBJo5pNqu6T6+cdvaRA57iJOVxRHA9ko4uw5NXAKXBWYrSH HTTP/1.1" 200 25
186.102.65.78 - - [04/Apr/2022:13:37:34 -0500] "GET /kwssiamovil/sm/acme/a?s=U2FsdGVkX1+Q7lBAsMcyQCHwZnB3jB4DTJC36/o1lwiiogChEsw2fmoGlHF9+KfED7mJbDL9IYGXhGhIWhJ4iPjeOFwKapQ5Y98fbswOtbaQ1EJIO7YwTfTQuB29/p63aXZ1XiCSPiRHMMcBS6XpoZONI9yq83Utns8krfZJBZ4=&u=U2FsdGVkX189zywoJTuZVBq9ObQ80CGFOa4TUI7Jndg2x2sX9K32rIQfybdjqMK1&y=U2FsdGVkX19KAz/UHSBJo5pNqu6T6+cdvaRA57iJOVxRHA9ko4uw5NXAKXBWYrSH HTTP/1.1" 200 25
186.102.65.78 - - [04/Apr/2022:13:37:34 -0500] "GET /kwssiamovil/sm/acme/a?s=U2FsdGVkX19BD4H+rnqRuCdj8BPee0aDCob/XPPnqTRO2G7kj/3SstIaugbdE6VjnQRGYZ3YDa5DMWCb+7S3KaAB/7KZRnTawA+l7thE9y2Dj1uwyr4ZQOG48A6i0sOT+4J+RR7wFcLItD2B5WBXJi5JpNWhm5HW7O90moI+J8zKadSjmlcGESiEftA046Kb&u=U2FsdGVkX189zywoJTuZVBq9ObQ80CGFOa4TUI7Jndg2x2sX9K32rIQfybdjqMK1&y=U2FsdGVkX19KAz/UHSBJo5pNqu6T6+cdvaRA57iJOVxRHA9ko4uw5NXAKXBWYrSH HTTP/1.1" 200 25
186.102.65.78 - - [04/Apr/2022:13:37:34 -0500] "GET /kwssiamovil/sm/acme/a?s=U2FsdGVkX19kEKUxtM82MLKY6mk8pdqnJi70dPEkhX3ohk9mdSIQoebpXhaF6dTB8TJV7Ua4wl0P4WfULQ/e0XZLWutg0ufT+hramIwwRTKYcxnQqS6oBt2E18sIxoYKNXxTXDG7J51QBjGTkGBmrrEiCBZMaUEuVicdCjZlrN3f2Q4h86CMFDI2+MgoXBmY2SV57Smb5wdH2nCV2ra05g==&u=U2FsdGVkX189zywoJTuZVBq9ObQ80CGFOa4TUI7Jndg2x2sX9K32rIQfybdjqMK1&y=U2FsdGVkX19KAz/UHSBJo5pNqu6T6+cdvaRA57iJOVxRHA9ko4uw5NXAKXBWYrSH HTTP/1.1" 200 25
186.102.65.78 - - [04/Apr/2022:13:37:35 -0500] "GET /kwssiamovil/sm/acme/a?s=U2FsdGVkX19UPz0hK3Rm6Xv83ioTN56lyooH2UaQZC2gTVvRSgbc1X54SYnZdUuurh/YlNfoekOTkxJzDyEB6nR8gNreSPfzHryHgLTQIPJSyDz2PiNaWZVz642lo5RxhMQQDOcQgxLBwldl6xuQPsKwJSAVp+BtGUdOP1Z8Y3hMQOqas+NxN/DKaVMOT1wQ&u=U2FsdGVkX189zywoJTuZVBq9ObQ80CGFOa4TUI7Jndg2x2sX9K32rIQfybdjqMK1&y=U2FsdGVkX19KAz/UHSBJo5pNqu6T6+cdvaRA57iJOVxRHA9ko4uw5NXAKXBWYrSH HTTP/1.1" 200 25
186.102.65.78 - - [04/Apr/2022:13:37:35 -0500] "GET /kwssiamovil/sm/acme/a?s=U2FsdGVkX18JD+W8ZmFx/85WDSKIdanfl1ACF2avQSIbRrasi4kIeatbIvKaRcWvjz+CrQvEHY8HGkg0AGye0Z5QG/kPzez+lT9RamDgTZQWgyghFkpqjnK03N4IHXbuBt1n3m1MZSGWfHlDbIdlObH7G8LaYIip/hiaSg8rJxReY1N9wVBEVjtBy0/ldJh7TTFR8j9+EDsmrjTv8zOrzw==&u=U2FsdGVkX189zywoJTuZVBq9ObQ80CGFOa4TUI7Jndg2x2sX9K32rIQfybdjqMK1&y=U2FsdGVkX19KAz/UHSBJo5pNqu6T6+cdvaRA57iJOVxRHA9ko4uw5NXAKXBWYrSH HTTP/1.1" 200 25
186.102.65.78 - - [04/Apr/2022:13:37:35 -0500] "GET /kwssiamovil/sm/acme/a?s=U2FsdGVkX1/eNpcZG0OMfK+YCj4GCkXwBRDt4AW+UKZbAyoRaoi1Y/P1vd84HNJyzh6tjOBzpdtlBHJyOT3CBXriGZFiIHYwKIRlFcpyMo63vYtuoIj8EL8Z0NeHThuf1qvMnYwRx8dARKUAuOJY0fCY3ZnTypVCPEqpW+nh79RatDd5YmkrWlyNb6FiuCWzyXeSqGFfmU+IcJFO/4DjtA==&u=U2FsdGVkX189zywoJTuZVBq9ObQ80CGFOa4TUI7Jndg2x2sX9K32rIQfybdjqMK1&y=U2FsdGVkX19KAz/UHSBJo5pNqu6T6+cdvaRA57iJOVxRHA9ko4uw5NXAKXBWYrSH HTTP/1.1" 200 25
186.102.65.78 - - [04/Apr/2022:13:37:35 -0500] "GET /kwssiamovil/sm/acme/a?s=U2FsdGVkX18X2ErzpVgRP/CDa/zxxinU1a2aW7BrmU21bkDKjKEtbqHSZ/5hEJhMg9247rw7tYWoTyRzIjSDBd6jTt1naAZkq9ww71wv/zOtPdMBuztjwNcSKFNEcUV+tQWXSZ0hYcWn3FczQxyqv+jckab9cKiL3BpE1wO7Qas=&u=U2FsdGVkX189zywoJTuZVBq9ObQ80CGFOa4TUI7Jndg2x2sX9K32rIQfybdjqMK1&y=U2FsdGVkX19KAz/UHSBJo5pNqu6T6+cdvaRA57iJOVxRHA9ko4uw5NXAKXBWYrSH HTTP/1.1" 200 25
190.27.164.24 - - [04/Apr/2022:13:37:36 -0500] "GET /si-eres-mujer-y-te-gusta-el-cuidado-de-los-humedales-este-proceso-de-formacion-es-para-ti.html HTTP/1.1" 200 1025
186.102.65.78 - - [04/Apr/2022:13:37:36 -0500] "GET /kwssiamovil/sm/acme/a?s=U2FsdGVkX18KpIQXAuPCqfZ8bFox8vDUk7kgzG8OadddEe87oGIrwzQKmKA6LzY3UlGPk4js2E6sxpL9bTUcyxJfswZkFDyFR0pfPj75tLJxKkhso0YGxta4UCV4TJEmPpC6cuV6xE7XPwwGUX696BkbnuNHVkqk2sdQmzKzLuj2tyi9hIcYAzUdBZ0VIUx4&u=U2FsdGVkX189zywoJTuZVBq9ObQ80CGFOa4TUI7Jndg2x2sX9K32rIQfybdjqMK1&y=U2FsdGVkX19KAz/UHSBJo5pNqu6T6+cdvaRA57iJOVxRHA9ko4uw5NXAKXBWYrSH HTTP/1.1" 200 25
186.102.65.78 - - [04/Apr/2022:13:37:36 -0500] "GET /kwssiamovil/sm/acme/a?s=U2FsdGVkX18a3usbnfC85kcjbtLj79kSin9SQR1Z9zohheZxL8130z7HRLTgP5ypVhpHdnbawprjLirgp+sZOiZqHjMjkLisiIgBoNB8xehUkqrSkZ/s+uAJ6d3QLD6nW52kv0B+9vDrhmJ/IIHHK2MmC8iT1GSdzmzA7Z4pTHN4QBxyK0oEmANphDFr9EfAo4U+4yp8KSo8+gfegf83LQ==&u=U2FsdGVkX189zywoJTuZVBq9ObQ80CGFOa4TUI7Jndg2x2sX9K32rIQfybdjqMK1&y=U2FsdGVkX19KAz/UHSBJo5pNqu6T6+cdvaRA57iJOVxRHA9ko4uw5NXAKXBWYrSH HTTP/1.1" 200 25
186.102.65.78 - - [04/Apr/2022:13:37:36 -0500] "GET /kwssiamovil/sm/acme/a?s=U2FsdGVkX18dUckuh/cANLO7N0BVTs7NdWmw26HXRekHUAFR+8MmDxmGaiB8NjoTgmuhOg7fF6bDbY/mNWvQK96ddfA43ZB1W54thTE4DpOVzjlMAIZQSYua5m/UPwv5dwgCmWywlVa88CIq+UhYhchTQ7zq6FUFmgaCtHVwUwj1O3qvS2nwLUG0n2zzzwd4j8oRKRW+Jcz0IuSx2TRvmw==&u=U2FsdGVkX189zywoJTuZVBq9ObQ80CGFOa4TUI7Jndg2x2sX9K32rIQfybdjqMK1&y=U2FsdGVkX19KAz/UHSBJo5pNqu6T6+cdvaRA57iJOVxRHA9ko4uw5NXAKXBWYrSH HTTP/1.1" 200 25
186.102.65.78 - - [04/Apr/2022:13:37:36 -0500] "GET /kwssiamovil/sm/acme/a?s=U2FsdGVkX18WzuMbyM0ldwr3Ymmc1uhpbKMXsTljdcRIRTwIt5Y+nc8ibPGY+V1zPO0hMFoLKIbIO1tmvn57N6gwNfDy48goZbHusp8st6h+kbohHfGOYkA3Z/bYIOI0zOCY5EvZ9y7B96tpBmvbNwO5uGzXAznolZP4Fl2hZKJNlkkXRuVG3aTtDL8j9ZDzufdtYKWvQz4Nn9ovi3X/2g==&u=U2FsdGVkX189zywoJTuZVBq9ObQ80CGFOa4TUI7Jndg2x2sX9K32rIQfybdjqMK1&y=U2FsdGVkX19KAz/UHSBJo5pNqu6T6+cdvaRA57iJOVxRHA9ko4uw5NXAKXBWYrSH HTTP/1.1" 200 25
186.102.65.78 - - [04/Apr/2022:13:37:37 -0500] "GET /kwssiamovil/sm/acme/a?s=U2FsdGVkX18BQq4iIPynOVzYn8HYMih3dL5uO2G2UcqiGjdtivqkKtfTr1fy1zYC0kdNvA2IhxSPng5yOo3LB1y7EgLxKOuDYR6pk/Fb2RNitVfev+IhiG3VFXlnDZ53I0F+iMi8SW1DO3/Kyo2jF/1iF+qw8SGwx07d6p9i/p/ozznVFTclhkgUgqy5K3i2NKRW98sZ+ibKFS917zeMUg==&u=U2FsdGVkX189zywoJTuZVBq9ObQ80CGFOa4TUI7Jndg2x2sX9K32rIQfybdjqMK1&y=U2FsdGVkX19KAz/UHSBJo5pNqu6T6+cdvaRA57iJOVxRHA9ko4uw5NXAKXBWYrSH HTTP/1.1" 200 25
200.118.64.109 - - [04/Apr/2022:13:37:48 -0500] "POST /forms/lservlet;jsessionid=ac16012b30d6d1da91fb2017412ab1828b3e17946df0.e3iSbxaKaheRe34Sc38RahyRchr0n6jAmljGr5XDqQLvpAe HTTP/1.1" 200 73
200.118.64.109 - - [04/Apr/2022:13:37:48 -0500] "POST /forms/lservlet;jsessionid=ac16012b30d6d1da91fb2017412ab1828b3e17946df0.e3iSbxaKaheRe34Sc38RahyRchr0n6jAmljGr5XDqQLvpAe HTTP/1.1" 200 2
207.46.13.179 - - [04/Apr/2022:13:38:00 -0500] "GET /BLA/resoluciones/AUTOS%202018/1671.pdf HTTP/1.1" 304 -
181.55.229.62 - - [04/Apr/2022:13:38:00 -0500] "GET /galeria/galeria/jquery.fancybox.css?v=2.1.5 HTTP/1.1" 200 4895
172.22.2.4 - - [04/Apr/2022:13:36:42 -0500] "GET /BLA/boletinlegal/ HTTP/1.1" 200 55089
181.134.51.119 - - [04/Apr/2022:13:38:43 -0500] "GET /si-eres-mujer-y-te-gusta-el-cuidado-de-los-humedales-este-proceso-de-formacion-es-para-ti.html HTTP/1.1" 200 1025
190.27.164.24 - - [04/Apr/2022:13:38:44 -0500] "GET /si-eres-mujer-y-te-gusta-el-cuidado-de-los-humedales-este-proceso-de-formacion-es-para-ti.html HTTP/1.1" 200 1025
186.84.88.172 - - [04/Apr/2022:13:38:57 -0500] "GET /si-eres-mujer-y-te-gusta-el-cuidado-de-los-humedales-este-proceso-de-formacion-es-para-ti.html HTTP/1.1" 200 1025
