191.108.7.71 - - [04/Apr/2022:14:14:31 -0500] "GET /kwssiamovil/sm/acme/a?s=U2FsdGVkX18ffFmsd4Rs1jK/tr0E+YEt+2G7xKbSrMk3TSrg88iO8lasbKAoSb0lxgwYOwcnN5pzgl9mvJYJQRMUb4TGroHUHCspVf8vHuo72MW6MbmFp4d9RrYCtAgoFAnVCXIBOh53c854ve+s0mRoGoknOI2nC801j6Mk8VxmwiWy7JNQ1dzLfLUa8TSvG9IDO3Ri8xBr3n3pxIJjiQ==&u=U2FsdGVkX19TAcA0gDaQpHWKsWUAEOYMKF89lKDsxvAkQr0rBbXV1FlvGQ/MthB5&y=U2FsdGVkX1+yvwbKzI+U/n3jgvWAz7wPpJnklp5E9ShUIIzfDMWYZcDHwWCZookX HTTP/1.1" 200 25
191.108.7.71 - - [04/Apr/2022:14:14:31 -0500] "GET /kwssiamovil/sm/acme/a?s=U2FsdGVkX182YF7W1iSwRWmQi914BhJj1yBYxdvgz+iZfA0R8rONPI/ac3cPuoSUGEds8CHocsWfmZ7fFiwR/fNbniGWorn1zU+l2F4HXHEOpm8vWRo6QoWL+jUUQOwu4IegszcOCTaIWz9wwu8p4yQGIORsxQQBrT0iDnQd//sg1K4v2mEY981s5pYLOwVe&u=U2FsdGVkX19TAcA0gDaQpHWKsWUAEOYMKF89lKDsxvAkQr0rBbXV1FlvGQ/MthB5&y=U2FsdGVkX1+yvwbKzI+U/n3jgvWAz7wPpJnklp5E9ShUIIzfDMWYZcDHwWCZookX HTTP/1.1" 200 25
186.155.128.218 - - [04/Apr/2022:14:15:08 -0500] "GET /si-eres-mujer-y-te-gusta-el-cuidado-de-los-humedales-este-proceso-de-formacion-es-para-ti.html?fbclid=IwAR2tbiGorGCz2rgtUs5d9VlFOj09J07ixO5ZXTfaY9pr0pSulfNXqmYJ-G8 HTTP/1.1" 200 1025
172.22.2.4 - - [04/Apr/2022:14:15:47 -0500] "GET /BLA/boletinlegal/consulta_actos.php?tipo=resoluciones&no=2852&usuario=&sector=&fecha=2019&resuelve= HTTP/1.1" 200 626
172.22.2.4 - - [04/Apr/2022:14:15:49 -0500] "GET /BLA/boletinlegal/consulta_actos.php?tipo=resoluciones&no=2852&usuario=&sector=&fecha=2019&resuelve= HTTP/1.1" 200 626
200.118.64.109 - - [04/Apr/2022:14:15:52 -0500] "POST /forms/lservlet;jsessionid=ac16012b30d6d1da91fb2017412ab1828b3e17946df0.e3iSbxaKaheRe34Sc38RahyRchr0n6jAmljGr5XDqQLvpAe HTTP/1.1" 200 2
172.22.2.4 - - [04/Apr/2022:14:16:05 -0500] "GET /BLA/boletinlegal/consulta_actos.php?tipo=resoluciones&no=3234&usuario=&sector=&fecha=2019&resuelve= HTTP/1.1" 200 1353
172.22.2.4 - - [04/Apr/2022:14:16:11 -0500] "GET /BLA/boletinlegal/consulta_actos.php?tipo=resoluciones&no=3234&usuario=&sector=&fecha=2021&resuelve= HTTP/1.1" 200 2867
179.33.112.189 - - [04/Apr/2022:14:16:13 -0500] "GET /si-eres-mujer-y-te-gusta-el-cuidado-de-los-humedales-este-proceso-de-formacion-es-para-ti.html HTTP/1.1" 200 1025
216.245.221.92 - - [04/Apr/2022:14:16:56 -0500] "HEAD / HTTP/1.1" 200 -
45.238.183.221 - - [04/Apr/2022:14:17:18 -0500] "GET /si-eres-mujer-y-te-gusta-el-cuidado-de-los-humedales-este-proceso-de-formacion-es-para-ti.html HTTP/1.1" 200 1025
181.53.12.165 - - [04/Apr/2022:14:17:25 -0500] "GET /si-eres-mujer-y-te-gusta-el-cuidado-de-los-humedales-este-proceso-de-formacion-es-para-ti.html HTTP/1.1" 200 1025
172.22.2.4 - - [04/Apr/2022:14:17:40 -0500] "GET /BLA/boletinlegal/consulta_actos.php?tipo=resoluciones&no=0566&usuario=&sector=&fecha=2020&resuelve= HTTP/1.1" 200 626
172.22.2.4 - - [04/Apr/2022:14:17:41 -0500] "GET /BLA/boletinlegal/consulta_actos.php?tipo=resoluciones&no=0566&usuario=&sector=&fecha=2020&resuelve= HTTP/1.1" 200 626
191.156.54.26 - - [04/Apr/2022:14:17:47 -0500] "GET /si-eres-mujer-y-te-gusta-el-cuidado-de-los-humedales-este-proceso-de-formacion-es-para-ti.html HTTP/1.1" 200 1025
200.118.64.109 - - [04/Apr/2022:14:17:53 -0500] "POST /forms/lservlet;jsessionid=ac16012b30d6d1da91fb2017412ab1828b3e17946df0.e3iSbxaKaheRe34Sc38RahyRchr0n6jAmljGr5XDqQLvpAe HTTP/1.1" 200 2
191.95.59.203 - - [04/Apr/2022:14:17:53 -0500] "GET /si-eres-mujer-y-te-gusta-el-cuidado-de-los-humedales-este-proceso-de-formacion-es-para-ti.html HTTP/1.1" 200 1025
200.118.64.109 - - [04/Apr/2022:14:18:13 -0500] "POST /forms/lservlet;jsessionid=ac16012b30d6d1da91fb2017412ab1828b3e17946df0.e3iSbxaKaheRe34Sc38RahyRchr0n6jAmljGr5XDqQLvpAe HTTP/1.1" 200 2
200.118.64.109 - - [04/Apr/2022:14:18:13 -0500] "POST /forms/lservlet;jsessionid=ac16012b30d6d1da91fb2017412ab1828b3e17946df0.e3iSbxaKaheRe34Sc38RahyRchr0n6jAmljGr5XDqQLvpAe HTTP/1.1" 200 14
200.118.64.109 - - [04/Apr/2022:14:18:14 -0500] "POST /forms/lservlet;jsessionid=ac16012b30d6d1da91fb2017412ab1828b3e17946df0.e3iSbxaKaheRe34Sc38RahyRchr0n6jAmljGr5XDqQLvpAe HTTP/1.1" 200 14
200.118.64.109 - - [04/Apr/2022:14:18:16 -0500] "POST /forms/lservlet;jsessionid=ac16012b30d6d1da91fb2017412ab1828b3e17946df0.e3iSbxaKaheRe34Sc38RahyRchr0n6jAmljGr5XDqQLvpAe HTTP/1.1" 200 107
200.118.64.109 - - [04/Apr/2022:14:18:17 -0500] "POST /forms/lservlet;jsessionid=ac16012b30d6d1da91fb2017412ab1828b3e17946df0.e3iSbxaKaheRe34Sc38RahyRchr0n6jAmljGr5XDqQLvpAe HTTP/1.1" 200 2
200.118.64.109 - - [04/Apr/2022:14:18:17 -0500] "GET /reports/rwservlet/getjobid74326?server=repnomi HTTP/1.1" 200 55109
172.22.2.4 - - [04/Apr/2022:14:16:43 -0500] "HEAD /BLA/boletinlegal/ HTTP/1.1" 200 -
66.249.73.127 - - [04/Apr/2022:14:18:31 -0500] "-" 408 -
191.108.7.71 - - [04/Apr/2022:14:19:10 -0500] "GET /kwssiamovil/sm/acme/a?s=U2FsdGVkX1+yAw2goOJXP21L4N8Rp6UqlHoE823DE/xRIwMY1pqVt4ZFnR70caHAjfkt6FaHQVkdpaGTyQ8Anei4Kz0QEf8X8w9gU14pkAAG+ifuj+apZjTN031yFzFggIpKp6XXf8nLhdtBJNVW2NPlm1WrHtXlh+RsuaLGHr65Iyfm/aN3ss2AJfwRY5yj+h4u4iS4q+YWrPqX1DXCcl6ATtRGyJryEJexLmuo4DiTHGrdQbhMWzHVWjIXgqP/mesJoAakRUY9b8xIcjpoFw==&u=U2FsdGVkX19TAcA0gDaQpHWKsWUAEOYMKF89lKDsxvAkQr0rBbXV1FlvGQ/MthB5&y=U2FsdGVkX1+yvwbKzI+U/n3jgvWAz7wPpJnklp5E9ShUIIzfDMWYZcDHwWCZookX HTTP/1.1" 200 25
191.108.7.71 - - [04/Apr/2022:14:19:11 -0500] "GET /kwssiamovil/sm/acme/a?s=U2FsdGVkX1+b3sGK6a85MpXvv6OT7PSjtA6/uT8ZI7fiaat57o4nFP8LCNPU5HbiHLUDjofnKOPDGSIE45RTVU4FYk3QK5jZm3Yifpy0m36xXDUBHM0t3NNbMCDb89IQFWHw4iuILPfnqSHUKAzb2ecKRIYaFHodQfKjFtspOZlMp/3qaQHRLK9BQf7HzIXgHFneLcydzKFu5G47LgZJMlKpFFvWgcTsW5zuXZGU0L8BveGNVUaOxUYSS8W14fZE71dhyDrYd7NAVbsKRE81jxQ7/6PGKs9uUBM/lPEA6G3hG03yAadv6jIEDY0MKA0EsYginZw7RpjbbChEqz0j17Jfo9tNrk+pkAwbDgz6IjSAtSwIhOEyObn+BKvz6sRaL7jMLF/yQ8se6YxSdYTgGBr3YvIoanzMI9iONGGFPUAY16beyQ23PVeqkTkd0nnfUBTdnim9RReZt8POAdNeQk9LA9+bCr3gxwG1kezLjKUXDRIxVXZm5N8gWzzXAGSMuQ0pmB+ju6n0mAeC4GEoXmReXIVb7KgFF+71GN5RuXpIykvH4nC/kfD+ry8PoJ45OpBDECCeFZWzEBNSyYE1XWV0AuPYCxmHGZk9sVP5Er3OegLycIJKIQYbfdNW0tSfmE9XcsgKZ+aChpgIkqATv8bKQtPEKoPiuGo1tP5GixDcGotC0Omu+FetL08qvgzuLuLH7AF+khEAiZ1Qcz7oX5MA/40fF8/sX/fcuYqP7HZByGUa8AjepDl197W0anmn4oaIX9HxO9//Fs3FEU+KpqPJWnmO78/E1ouo+GikqrAKOHvCN18U33nU8bfD9XATa4G8jzAsRkh0aIh+OQ9Z9H0BNfi0v1TVzigi2K4h/Mn2TAFjf2cy3NWe2sASl8IOaO8a0r3zPxSwajAPQrEuyf83yrjWZNK68yHg/d/u5cNjblifeX+K6CSoCAVhF0FC+eUQAGkZdQjF2v3QA5q9mO6aAcK3epnPr6K33gH0udORDtP1ulU8yTMp7MoJPR6XWDxZw4j2DsQ4FE+K0DTCQKFJozeVSaiJP5zpObvxJARM8oeJRiMypoRgFyJ8IE3FlBvMNBml8remNSXwB4FV9p1VN6qdxyczMO/hgxepZWb9Yg/RRUDy1H9kND2+6BM3BkYs3WEukerlq8v+P3gkysZfnmgYnzEEp13aDVAtt6HvKVn/bOkYSAfp8s9e6rlIUO6d6l6Mt2tq3jVDpv+9YtTXmuCBa+D/JqBluj7vj5PofW7Eggc65oAxuBEJ3tcerecYIDkaNzZCIeDHF7H1EVbtpopOYHj/HZZ+OfSo+x8rAjwma8BZJGWoAsG0/Y2AbCcafi16yEA3BaXYsVWPa4qE0WnroqU1t0wU+h6qGtkHcXdEcoCUIxRIg+hsz1akwFiGzYZMX1AfDZc1rsSTraEc0/kz16TIy7lzytDVaR1tRbhSkqB49TBvWGMZpjqfd8BoUApYgypCSV+hkBUnsA2GRlrCBACE0+oJRGPEOKCflLaPmI/2/e8pB2wHOcGnAWg80gyx+E1pRx8rj5evEk2ziVngI88VMHJ3IWjt6bgYCwd08VaiuX3qfd4JoNc3MNl8W3lBIDQd/PWcUvySWg==&u=U2FsdGVkX19TAcA0gDaQpHWKsWUAEOYMKF89lKDsxvAkQr0rBbXV1FlvGQ/MthB5&y=U2FsdGVkX1+yvwbKzI+U/n3jgvWAz7wPpJnklp5E9ShUIIzfDMWYZcDHwWCZookX HTTP/1.1" 200 25
191.108.7.71 - - [04/Apr/2022:14:19:11 -0500] "GET /kwssiamovil/sm/acme/a?s=U2FsdGVkX19/nPwIYaDQ6ju4qTprMgcZAl+/BBcEH1wX6Vp4cxNxms1bdRs9hTPJlaSHRm/2Zw2bbzhP76GA00rxBbAGibrglgsLS/9X9RkdkFnbtxI64vD+jyZKWogytKg904aDiROlDuqNWRmB6BwFIu6qHKUwzRAA0OG4hYw=&u=U2FsdGVkX19TAcA0gDaQpHWKsWUAEOYMKF89lKDsxvAkQr0rBbXV1FlvGQ/MthB5&y=U2FsdGVkX1+yvwbKzI+U/n3jgvWAz7wPpJnklp5E9ShUIIzfDMWYZcDHwWCZookX HTTP/1.1" 200 25
191.108.7.71 - - [04/Apr/2022:14:19:11 -0500] "GET /kwssiamovil/sm/acme/a?s=U2FsdGVkX1+Oin3o4pOLcjKF24Y+tA4RXi08Rn9uXpRaujNJqVNpEp0lBCIgUfUTIv9qhBmT7RLSE9cMYuhxjmZ0r1K5sUV7X2y40KIR4ooG3mAwLNwPMcIHvXvX8CJvEjfnHQkc0RMt3xjrX0UYW90YmNIvOFZl3sh0PElvlfI=&u=U2FsdGVkX19TAcA0gDaQpHWKsWUAEOYMKF89lKDsxvAkQr0rBbXV1FlvGQ/MthB5&y=U2FsdGVkX1+yvwbKzI+U/n3jgvWAz7wPpJnklp5E9ShUIIzfDMWYZcDHwWCZookX HTTP/1.1" 200 25
191.108.7.71 - - [04/Apr/2022:14:19:11 -0500] "GET /kwssiamovil/sm/acme/a?s=U2FsdGVkX1+zxOxbClxbhZ/+xMQ5HQWEJeOLdwIMa9+eqIslN/E5GFfzpYYFbGCBuJ1FwwmKFEUkqgvOhvOyvwPhbFvHXBhE92TwJYsuAWSoq3qM0AK80jCFhN+GZfOd4lXHANfz5RQ/hq/oZj188obrNZPdNizuVXNipL9yopI=&u=U2FsdGVkX19TAcA0gDaQpHWKsWUAEOYMKF89lKDsxvAkQr0rBbXV1FlvGQ/MthB5&y=U2FsdGVkX1+yvwbKzI+U/n3jgvWAz7wPpJnklp5E9ShUIIzfDMWYZcDHwWCZookX HTTP/1.1" 200 25
191.108.7.71 - - [04/Apr/2022:14:19:11 -0500] "GET /kwssiamovil/sm/acme/a?s=U2FsdGVkX18kGbTfZhmnjQ5kFFnbwhkv9boGo9F7dkc4ZHr4rw7P1JS3QkujWveUao7SEQd8JY85tfQewIRBrMBab9BhKIfKQZGRfqcVe6YQ25dfkk5W3Z6Lg/j4349U+hS2fGIeoukeEXdWAfOQnvkNKqnmUTTbfpj/1zKLL35OY7NZyI6KD0Tri49ot3Q/Vz/BRk6MPnE7W1tpfD6vkw==&u=U2FsdGVkX19TAcA0gDaQpHWKsWUAEOYMKF89lKDsxvAkQr0rBbXV1FlvGQ/MthB5&y=U2FsdGVkX1+yvwbKzI+U/n3jgvWAz7wPpJnklp5E9ShUIIzfDMWYZcDHwWCZookX HTTP/1.1" 200 25
172.22.2.4 - - [04/Apr/2022:14:17:33 -0500] "GET /BLA/boletinlegal/ HTTP/1.1" 200 59688
186.84.20.108 - - [04/Apr/2022:14:19:17 -0500] "GET /si-eres-mujer-y-te-gusta-el-cuidado-de-los-humedales-este-proceso-de-formacion-es-para-ti.html HTTP/1.1" 200 1025
172.22.2.4 - - [04/Apr/2022:14:19:21 -0500] "GET /BLA/boletinlegal/consulta_actos.php?tipo=resoluciones&no=2852&usuario=&sector=&fecha=2019&resuelve= HTTP/1.1" 200 626
172.22.2.4 - - [04/Apr/2022:14:19:22 -0500] "GET /BLA/boletinlegal/consulta_actos.php?tipo=resoluciones&no=2852&usuario=&sector=&fecha=2019&resuelve= HTTP/1.1" 200 626
200.118.64.109 - - [04/Apr/2022:14:19:22 -0500] "POST /forms/lservlet;jsessionid=ac16012b30d6d1da91fb2017412ab1828b3e17946df0.e3iSbxaKaheRe34Sc38RahyRchr0n6jAmljGr5XDqQLvpAe HTTP/1.1" 200 2027
200.118.64.109 - - [04/Apr/2022:14:19:23 -0500] "POST /forms/lservlet;jsessionid=ac16012b30d6d1da91fb2017412ab1828b3e17946df0.e3iSbxaKaheRe34Sc38RahyRchr0n6jAmljGr5XDqQLvpAe HTTP/1.1" 200 78
172.22.2.4 - - [04/Apr/2022:14:19:23 -0500] "GET /BLA/boletinlegal/consulta_actos.php?tipo=resoluciones&no=2852&usuario=&sector=&fecha=2019&resuelve= HTTP/1.1" 200 626
172.22.2.4 - - [04/Apr/2022:14:19:23 -0500] "GET /BLA/boletinlegal/consulta_actos.php?tipo=resoluciones&no=2852&usuario=&sector=&fecha=2019&resuelve= HTTP/1.1" 200 626
172.22.2.4 - - [04/Apr/2022:14:19:23 -0500] "GET /BLA/boletinlegal/consulta_actos.php?tipo=resoluciones&no=2852&usuario=&sector=&fecha=2019&resuelve= HTTP/1.1" 200 626
172.22.2.4 - - [04/Apr/2022:14:19:23 -0500] "GET /BLA/boletinlegal/consulta_actos.php?tipo=resoluciones&no=2852&usuario=&sector=&fecha=2019&resuelve= HTTP/1.1" 200 626
172.22.2.4 - - [04/Apr/2022:14:19:23 -0500] "GET /BLA/boletinlegal/consulta_actos.php?tipo=resoluciones&no=2852&usuario=&sector=&fecha=2019&resuelve= HTTP/1.1" 200 626
173.252.95.20 - - [04/Apr/2022:14:19:40 -0500] "GET /images/llantas-teusaquillo-1-abril.jpg HTTP/1.1" 200 50674
186.84.22.148 - - [04/Apr/2022:14:19:52 -0500] "GET /si-eres-mujer-y-te-gusta-el-cuidado-de-los-humedales-este-proceso-de-formacion-es-para-ti.html HTTP/1.1" 200 1025
200.118.64.109 - - [04/Apr/2022:14:19:56 -0500] "POST /forms/lservlet;jsessionid=ac16012b30d6d1da91fb2017412ab1828b3e17946df0.e3iSbxaKaheRe34Sc38RahyRchr0n6jAmljGr5XDqQLvpAe HTTP/1.1" 200 2
190.24.16.67 - - [04/Apr/2022:14:20:19 -0500] "GET /si-eres-mujer-y-te-gusta-el-cuidado-de-los-humedales-este-proceso-de-formacion-es-para-ti.html HTTP/1.1" 200 1025
200.118.64.109 - - [04/Apr/2022:14:20:21 -0500] "POST /forms/lservlet;jsessionid=ac16012b30d6d1da91fb2017412ab1828b3e17946df0.e3iSbxaKaheRe34Sc38RahyRchr0n6jAmljGr5XDqQLvpAe HTTP/1.1" 200 11521
200.118.64.109 - - [04/Apr/2022:14:20:21 -0500] "GET /imagenes/rt_print.gif HTTP/1.1" 200 916
200.118.64.109 - - [04/Apr/2022:14:20:21 -0500] "POST /forms/lservlet;jsessionid=ac16012b30d6d1da91fb2017412ab1828b3e17946df0.e3iSbxaKaheRe34Sc38RahyRchr0n6jAmljGr5XDqQLvpAe HTTP/1.1" 200 2
200.118.64.109 - - [04/Apr/2022:14:20:21 -0500] "POST /forms/lservlet;jsessionid=ac16012b30d6d1da91fb2017412ab1828b3e17946df0.e3iSbxaKaheRe34Sc38RahyRchr0n6jAmljGr5XDqQLvpAe HTTP/1.1" 200 34
200.118.64.109 - - [04/Apr/2022:14:20:22 -0500] "POST /forms/lservlet;jsessionid=ac16012b30d6d1da91fb2017412ab1828b3e17946df0.e3iSbxaKaheRe34Sc38RahyRchr0n6jAmljGr5XDqQLvpAe HTTP/1.1" 200 368
200.118.64.109 - - [04/Apr/2022:14:20:22 -0500] "POST /forms/lservlet;jsessionid=ac16012b30d6d1da91fb2017412ab1828b3e17946df0.e3iSbxaKaheRe34Sc38RahyRchr0n6jAmljGr5XDqQLvpAe HTTP/1.1" 200 45
200.118.64.109 - - [04/Apr/2022:14:20:25 -0500] "POST /forms/lservlet;jsessionid=ac16012b30d6d1da91fb2017412ab1828b3e17946df0.e3iSbxaKaheRe34Sc38RahyRchr0n6jAmljGr5XDqQLvpAe HTTP/1.1" 200 34596
200.118.64.109 - - [04/Apr/2022:14:20:26 -0500] "GET /imagenes/listval.gif HTTP/1.1" 200 905
200.118.64.109 - - [04/Apr/2022:14:20:26 -0500] "POST /forms/lservlet;jsessionid=ac16012b30d6d1da91fb2017412ab1828b3e17946df0.e3iSbxaKaheRe34Sc38RahyRchr0n6jAmljGr5XDqQLvpAe HTTP/1.1" 200 7
200.118.64.109 - - [04/Apr/2022:14:20:26 -0500] "POST /forms/lservlet;jsessionid=ac16012b30d6d1da91fb2017412ab1828b3e17946df0.e3iSbxaKaheRe34Sc38RahyRchr0n6jAmljGr5XDqQLvpAe HTTP/1.1" 200 34
200.118.64.109 - - [04/Apr/2022:14:20:26 -0500] "POST /forms/lservlet;jsessionid=ac16012b30d6d1da91fb2017412ab1828b3e17946df0.e3iSbxaKaheRe34Sc38RahyRchr0n6jAmljGr5XDqQLvpAe HTTP/1.1" 200 2
186.102.22.218 - - [04/Apr/2022:14:20:27 -0500] "GET /kwssiamovil/sm/ldap/au?x=U2FsdGVkX18KPpHeODdkyHX1IIVcdVDq7aNsdW7xM9FK45ghRMYG65m2vxnV2F65gTSEC7kFF4d1PeH8nWzBAA==&y=U2FsdGVkX1/qCwxtPfK7IHtfDC4SFyu+WNiGfoCpGkUZgl808JhrACNnF3FFoc4U HTTP/1.1" 200 31
200.118.64.109 - - [04/Apr/2022:14:20:27 -0500] "POST /forms/lservlet;jsessionid=ac16012b30d6d1da91fb2017412ab1828b3e17946df0.e3iSbxaKaheRe34Sc38RahyRchr0n6jAmljGr5XDqQLvpAe HTTP/1.1" 200 2
200.118.64.109 - - [04/Apr/2022:14:20:27 -0500] "POST /forms/lservlet;jsessionid=ac16012b30d6d1da91fb2017412ab1828b3e17946df0.e3iSbxaKaheRe34Sc38RahyRchr0n6jAmljGr5XDqQLvpAe HTTP/1.1" 200 662
200.118.64.109 - - [04/Apr/2022:14:20:27 -0500] "GET /imagenes/Srch_frw.gif HTTP/1.1" 200 925
200.118.64.109 - - [04/Apr/2022:14:20:27 -0500] "POST /forms/lservlet;jsessionid=ac16012b30d6d1da91fb2017412ab1828b3e17946df0.e3iSbxaKaheRe34Sc38RahyRchr0n6jAmljGr5XDqQLvpAe HTTP/1.1" 200 10
200.118.64.109 - - [04/Apr/2022:14:20:29 -0500] "POST /forms/lservlet;jsessionid=ac16012b30d6d1da91fb2017412ab1828b3e17946df0.e3iSbxaKaheRe34Sc38RahyRchr0n6jAmljGr5XDqQLvpAe HTTP/1.1" 200 26
200.118.64.109 - - [04/Apr/2022:14:20:29 -0500] "POST /forms/lservlet;jsessionid=ac16012b30d6d1da91fb2017412ab1828b3e17946df0.e3iSbxaKaheRe34Sc38RahyRchr0n6jAmljGr5XDqQLvpAe HTTP/1.1" 200 14
200.118.64.109 - - [04/Apr/2022:14:20:30 -0500] "POST /forms/lservlet;jsessionid=ac16012b30d6d1da91fb2017412ab1828b3e17946df0.e3iSbxaKaheRe34Sc38RahyRchr0n6jAmljGr5XDqQLvpAe HTTP/1.1" 200 4221
200.118.64.109 - - [04/Apr/2022:14:20:31 -0500] "POST /forms/lservlet;jsessionid=ac16012b30d6d1da91fb2017412ab1828b3e17946df0.e3iSbxaKaheRe34Sc38RahyRchr0n6jAmljGr5XDqQLvpAe HTTP/1.1" 200 2
186.102.22.218 - - [04/Apr/2022:14:20:33 -0500] "GET /kwssiamovil/sm/ldap/au?x=U2FsdGVkX19EKT8k5LevV2ZA8Ya4zoh47X05A7yt0jjODeuIK1fAT0Im2Y1g8JfuxFysZ/yHWPas8Se6Tc2u4g==&y=U2FsdGVkX19kA0KiPeouDsYmwSsDVHQPDryfwGtb++UaEK7CiuGGX9DCqBsNojf3 HTTP/1.1" 200 30
186.102.22.218 - - [04/Apr/2022:14:20:34 -0500] "GET /kwssiamovil/sm/acme/s?s=U2FsdGVkX18VD9ZZSnhuA+crg7aJVaqTiQAi94C/M4lkQBECnubBG7clcL+Sqnp0Kr7K8mAdw43TYo/uFuFPB1tI6az9cvlE2moVQa4Wi24=&u=U2FsdGVkX18fjxeCdGc80o43EnUIzBj6+NFkbbnOkjxWVELp0nzP0n9tMBHcV9hW&y=U2FsdGVkX19kA0KiPeouDsYmwSsDVHQPDryfwGtb++UaEK7CiuGGX9DCqBsNojf3 HTTP/1.1" 200 97
200.118.64.109 - - [04/Apr/2022:14:20:35 -0500] "POST /forms/lservlet;jsessionid=ac16012b30d6d1da91fb2017412ab1828b3e17946df0.e3iSbxaKaheRe34Sc38RahyRchr0n6jAmljGr5XDqQLvpAe HTTP/1.1" 200 2
186.102.22.218 - - [04/Apr/2022:14:20:36 -0500] "GET /kwssiamovil/sm/acme/s?s=U2FsdGVkX19k3lvf/KXmS0B7+qYryYej+0MFpqQQzMNqcD5Mlgb+5tHoup8HD812ueHH8R8wYgBczw7MGw0hE2my0NmD8JcYKky6K5U1jesG2PrVWlwGUZQo7xnUiEp9RPacJOupIsiy1CKVBsmRdw9hl0fjzWStrR2g4GLXl+dMFF9Sym+6V3xPjIZwM3AgdQEFrz3Y9iEzZHpWsuWtoxfdjXjZqV2QMle3eEMXLo8EejN/2eWHrlevHiZKzp/jy3bjyCjhwsgNwjKx0pf2i9tQiKncyod8mH/NH4nlBVlIXKR2ffTr8yRvsNzw6AzM38sUlxupU1CQr6It2l+JmrrXKnrVbiaoXB4zO6sdaWaIn3rdVRmi6BGY7S70z1Ani+dbfFZ89adBKk8ElCy96VHC1o25HUB1StgMjLRY7pPeQJpYhGTUgsWZAcTmSKn1P/nns1JG2PYan/cbIYlDopRMs7LOjh4u0bt7UFwOCbN2sW/2djq/yby67duwoTyNx3ig5v2jb5voVSCd2pyShu9ZnjQYcpte/kqECizZmFbmQRoq7sREVjDf6fEp1w7Ujut6XkoKmNjk4b3VAw77mRu8/C9VmPZjF7HWMG7xbyVW9Cqr0+SNBc7f4sbla1xmUitA3CSeoGZqwhsz/1qaBbjP3g1/j8E7w+m+tYm7b4u7E7oWrapUbgHdSfSZUc9XtxEXXRYpUjZbk7D3ua/ofq6zqcsvHF9q9SbyCGLD8flN7lFZtLm0Omi01ZR1Hx74WxpQziOrqrXgk7WuuVmKzuEmuz949WPPgr7vA/WDgyM8lC3d+/4ED20aMj7WLkyiLSd741JJEL3NfduhPRvDB7bD5ZV92TfWdGVw3zLJ03nar58lXNheQ6c252IQDINQDQAgW4NJZkDNr21zkMXfyRJkuimKaLVdQiGByH+Yrrq1+dTkQzm35wDpNXtXsaW8pEuCx1zzSs25cqGMT8PuN5c7Dmq5LxlnZCbr3eK0oPvutr1gc2VDTTZ2xBz938WDQkmb/4lzP2x5+YzoDs+qiulLjrK/oULJ+H6qig+Vo7q4eyN0gAnSxTZyIanG73rG5WPbDC4oIt3duPkjUgXX5u479gIEW+OfBxbPBrNOQuw+DnbB5QJN3S9t/NmK/rDM&u=U2FsdGVkX18fjxeCdGc80o43EnUIzBj6+NFkbbnOkjxWVELp0nzP0n9tMBHcV9hW&y=U2FsdGVkX19kA0KiPeouDsYmwSsDVHQPDryfwGtb++UaEK7CiuGGX9DCqBsNojf3 HTTP/1.1" 200 5129
200.118.64.109 - - [04/Apr/2022:14:20:35 -0500] "POST /forms/lservlet;jsessionid=ac16012b30d6d1da91fb2017412ab1828b3e17946df0.e3iSbxaKaheRe34Sc38RahyRchr0n6jAmljGr5XDqQLvpAe HTTP/1.1" 200 14
186.102.22.218 - - [04/Apr/2022:14:20:37 -0500] "GET /kwssiamovil/sm/acme/s?s=U2FsdGVkX1+ofcb0xTZFzWxJCqqmvN6/05m0sabwWRktRR7+gHikLgJksWpthWpa&u=U2FsdGVkX18fjxeCdGc80o43EnUIzBj6+NFkbbnOkjxWVELp0nzP0n9tMBHcV9hW&y=U2FsdGVkX19kA0KiPeouDsYmwSsDVHQPDryfwGtb++UaEK7CiuGGX9DCqBsNojf3 HTTP/1.1" 200 70
200.118.64.109 - - [04/Apr/2022:14:20:37 -0500] "POST /forms/lservlet;jsessionid=ac16012b30d6d1da91fb2017412ab1828b3e17946df0.e3iSbxaKaheRe34Sc38RahyRchr0n6jAmljGr5XDqQLvpAe HTTP/1.1" 200 14
186.102.22.218 - - [04/Apr/2022:14:20:38 -0500] "GET /kwssiamovil/sm/acme/s?s=U2FsdGVkX19KR94ubKTxFnvGgsySACEh3gCe7ekxP3x05+2ASBAgIp70cSwobryH&u=U2FsdGVkX18fjxeCdGc80o43EnUIzBj6+NFkbbnOkjxWVELp0nzP0n9tMBHcV9hW&y=U2FsdGVkX19kA0KiPeouDsYmwSsDVHQPDryfwGtb++UaEK7CiuGGX9DCqBsNojf3 HTTP/1.1" 200 70
186.102.22.218 - - [04/Apr/2022:14:20:39 -0500] "GET /kwssiamovil/sm/acme/s?s=U2FsdGVkX199U9uRx1SI9aJkmbIZ+P/iDoSaPVUJJAzywzartYsAPEstf83LPsxm&u=U2FsdGVkX18fjxeCdGc80o43EnUIzBj6+NFkbbnOkjxWVELp0nzP0n9tMBHcV9hW&y=U2FsdGVkX19kA0KiPeouDsYmwSsDVHQPDryfwGtb++UaEK7CiuGGX9DCqBsNojf3 HTTP/1.1" 200 70
200.118.64.109 - - [04/Apr/2022:14:20:38 -0500] "POST /forms/lservlet;jsessionid=ac16012b30d6d1da91fb2017412ab1828b3e17946df0.e3iSbxaKaheRe34Sc38RahyRchr0n6jAmljGr5XDqQLvpAe HTTP/1.1" 200 14
186.102.22.218 - - [04/Apr/2022:14:20:39 -0500] "GET /kwssiamovil/sm/acme/s?s=U2FsdGVkX18al5bW/ROzV4dKwkDbQtOyPpPP9a3qnqyAiOQRHLJuoqkXVHUNI0nZ&u=U2FsdGVkX18fjxeCdGc80o43EnUIzBj6+NFkbbnOkjxWVELp0nzP0n9tMBHcV9hW&y=U2FsdGVkX19kA0KiPeouDsYmwSsDVHQPDryfwGtb++UaEK7CiuGGX9DCqBsNojf3 HTTP/1.1" 200 70
186.102.22.218 - - [04/Apr/2022:14:20:40 -0500] "GET /kwssiamovil/sm/ldap/au?x=U2FsdGVkX1/1ZyUs5a3WzFfLcMen0DQ9oueAsc7jLBSuWWe6HG3A1YsMv6isXmzCo5+ZD0KkQIxu93SC+xf5qw==&y=U2FsdGVkX1+1+gdh9lF07Lwc/KJHv/ZfqnzD6D5cal5C3yEUv6ijuwsIrBHAsNyN HTTP/1.1" 200 30
186.102.22.218 - - [04/Apr/2022:14:20:40 -0500] "GET /kwssiamovil/sm/acme/s?s=U2FsdGVkX19/CKgJja0l7R6SFiautqIcyZ+ZNAIwVaPeCeQz2rPUu9DiL2oinm3K&u=U2FsdGVkX18fjxeCdGc80o43EnUIzBj6+NFkbbnOkjxWVELp0nzP0n9tMBHcV9hW&y=U2FsdGVkX19kA0KiPeouDsYmwSsDVHQPDryfwGtb++UaEK7CiuGGX9DCqBsNojf3 HTTP/1.1" 200 66
186.102.22.218 - - [04/Apr/2022:14:20:40 -0500] "GET /kwssiamovil/sm/acme/s?s=U2FsdGVkX187efGq4j6alIixH+XWCMb5DrDecJfakB5InHMgf9Dcnw90ct8eISUU&u=U2FsdGVkX18fjxeCdGc80o43EnUIzBj6+NFkbbnOkjxWVELp0nzP0n9tMBHcV9hW&y=U2FsdGVkX19kA0KiPeouDsYmwSsDVHQPDryfwGtb++UaEK7CiuGGX9DCqBsNojf3 HTTP/1.1" 200 66
200.118.64.109 - - [04/Apr/2022:14:20:39 -0500] "POST /forms/lservlet;jsessionid=ac16012b30d6d1da91fb2017412ab1828b3e17946df0.e3iSbxaKaheRe34Sc38RahyRchr0n6jAmljGr5XDqQLvpAe HTTP/1.1" 200 14
186.102.22.218 - - [04/Apr/2022:14:20:40 -0500] "GET /kwssiamovil/sm/acme/s?s=U2FsdGVkX19ZVZavAPILfZUrjfiDbjZhqQd5xK2ur7s/tgQW019UOLELXsPULTcOh352G/XOjCk+s+olHE0+bEU4vwfu/8wRklItXX1F4IY=&u=U2FsdGVkX180NgN2dMK/TXmg0desgGhrDoH5uEu7yCEvdA6dl2tCUYMZ+80StIDX&y=U2FsdGVkX1+1+gdh9lF07Lwc/KJHv/ZfqnzD6D5cal5C3yEUv6ijuwsIrBHAsNyN HTTP/1.1" 200 97
186.102.22.218 - - [04/Apr/2022:14:20:41 -0500] "GET /kwssiamovil/sm/acme/s?s=U2FsdGVkX18eQONtpd/QjErGtrwEpreTWFRoF3csrLBy1rOk030HqxWT1xVsWpIM&u=U2FsdGVkX18fjxeCdGc80o43EnUIzBj6+NFkbbnOkjxWVELp0nzP0n9tMBHcV9hW&y=U2FsdGVkX19kA0KiPeouDsYmwSsDVHQPDryfwGtb++UaEK7CiuGGX9DCqBsNojf3 HTTP/1.1" 200 66
186.102.22.218 - - [04/Apr/2022:14:20:41 -0500] "GET /kwssiamovil/sm/acme/s?s=U2FsdGVkX1++pXBwd9hZqv8ad8c6Xmkj4v0BtJsKbJnukBqnyUzY3NvchpLo4CpcE/bRuFzpBXvXLgh6i6vv0GwRHKJ/rlF2L8wRjkcRL0P1niLiav0ALx7125zuz/VzUsq80j3GmQEukD9+V7MLPugLW3w/zns2+8uUVvgDu/1QO8t4lFNQyc/XREEGkwmENV3buGcqgBFxTBY0md/U10lvJTBJsnz8/c5AjCSqM1+wYzm1y1fnkrfeukzWQKLp/ijzkQLbv41UIXrIubpyrAAK38ERUyx2qiKWk+QnxsELvAFm9WecVxA9NlW1L7sVI5X/NZXcYG4LubWIKAz95wYe74Ivuqow0/fc9c1O7eA5KX6e5aXNY88wlKPqyuc5puMfjZ3AhMpCxFBBdi3VOmmDs4DeIX/Olt2W8j4agHsIsii+/rCdJGJHu+NyFMHQn0V4g0eqWRKQcr6jDbb3i4LqnT5YstxAR4Lc03At6VIorV8V2QviMXsM0/DuYFQQ222J0ZF9xdGSpUPeoYqTd+gXph/G8GhXM3PEuRjaAM0yKNH3l9d7XV/W/7N9A45MhO8bkw9IExHoJ5pA4vtcBqPHmUnObcHO+wn21RkaZkGrAxLxYAuFknzguD44lpXZcW5bOZwVz/mNytI3GqvA4IbafwjKKpGbZplWjQipcUkFR8GEbysreb1TILsFGnZXfoZzENrSAbbJTfWmT6KyZkmMRVwb8C4uJrCQWzfdanrWYREP5+YrZVcqPh2IphBWvATfslEvpQ7uzi9ttuBBPqi+0khlIMF0MdM+VTTZ23KHl5CPmExvvoZJiL5wY8g1a3mSEnENUPBntxANsvZFTxjkG9TvbufimYRHERRgb5IZwhWooaSic91Y9dawKuIGcZU0imnfx6FLGcsx8RxKhuHyXUN2akG71gSLfWjgVJ/gtPU3am8We5xu3daM9G1kA51AO4Es6gqpSOOQsKzsfp2liAfHXNJL2LpsZ+hIqmJL9Ep4hjBnqV/c2MvHaNhI7hsOM3mAQ/L6BY1M5jFll904WSI0zT6yKj1Uyyqxl9YXEbajywPPaZlcFlJorErx9KrmTGrcL3CLLJ+PuBBwRx/e2cyTYaBiBtrN4UXl7hfqCKySEUaEsqi0RM1WmCDm&u=U2FsdGVkX180NgN2dMK/TXmg0desgGhrDoH5uEu7yCEvdA6dl2tCUYMZ+80StIDX&y=U2FsdGVkX1+1+gdh9lF07Lwc/KJHv/ZfqnzD6D5cal5C3yEUv6ijuwsIrBHAsNyN HTTP/1.1" 200 5129
186.102.22.218 - - [04/Apr/2022:14:20:42 -0500] "GET /kwssiamovil/sm/acme/s?s=U2FsdGVkX19PnA0hHmOFYv3nLXKiOWFhmeSY97jVPZeQISlH/kk3tWOgfUd+1WH3&u=U2FsdGVkX18fjxeCdGc80o43EnUIzBj6+NFkbbnOkjxWVELp0nzP0n9tMBHcV9hW&y=U2FsdGVkX19kA0KiPeouDsYmwSsDVHQPDryfwGtb++UaEK7CiuGGX9DCqBsNojf3 HTTP/1.1" 200 66
200.118.64.109 - - [04/Apr/2022:14:20:41 -0500] "POST /forms/lservlet;jsessionid=ac16012b30d6d1da91fb2017412ab1828b3e17946df0.e3iSbxaKaheRe34Sc38RahyRchr0n6jAmljGr5XDqQLvpAe HTTP/1.1" 200 15
186.102.22.218 - - [04/Apr/2022:14:20:42 -0500] "GET /kwssiamovil/sm/acme/s?s=U2FsdGVkX1+NjRKtj7cNjxyDuYPpLIQ3awrHAUCyaM6w992ZnIZOUSm4hgBXatbj&u=U2FsdGVkX180NgN2dMK/TXmg0desgGhrDoH5uEu7yCEvdA6dl2tCUYMZ+80StIDX&y=U2FsdGVkX1+1+gdh9lF07Lwc/KJHv/ZfqnzD6D5cal5C3yEUv6ijuwsIrBHAsNyN HTTP/1.1" 200 70
186.102.22.218 - - [04/Apr/2022:14:20:42 -0500] "GET /kwssiamovil/sm/acme/s?s=U2FsdGVkX1+5rW2k0MY5ey/xV7l+mXUwnV6lXLTquy9qdv3NOH1T3oNg/3dGgZ5z&u=U2FsdGVkX18fjxeCdGc80o43EnUIzBj6+NFkbbnOkjxWVELp0nzP0n9tMBHcV9hW&y=U2FsdGVkX19kA0KiPeouDsYmwSsDVHQPDryfwGtb++UaEK7CiuGGX9DCqBsNojf3 HTTP/1.1" 200 66
186.102.22.218 - - [04/Apr/2022:14:20:43 -0500] "GET /kwssiamovil/sm/acme/s?s=U2FsdGVkX19SseiJ6kdXV6ekO+wZzLprIUFWlUTBfJ+SLZ93/h+UgVgSqORCw6Oe&u=U2FsdGVkX18fjxeCdGc80o43EnUIzBj6+NFkbbnOkjxWVELp0nzP0n9tMBHcV9hW&y=U2FsdGVkX19kA0KiPeouDsYmwSsDVHQPDryfwGtb++UaEK7CiuGGX9DCqBsNojf3 HTTP/1.1" 200 66
186.102.22.218 - - [04/Apr/2022:14:20:43 -0500] "GET /kwssiamovil/sm/acme/s?s=U2FsdGVkX1/Y7rEjhod1V/rwKAoemAVDNRd126E5XxVA2J3qiyeriyocFz/WGslH&u=U2FsdGVkX180NgN2dMK/TXmg0desgGhrDoH5uEu7yCEvdA6dl2tCUYMZ+80StIDX&y=U2FsdGVkX1+1+gdh9lF07Lwc/KJHv/ZfqnzD6D5cal5C3yEUv6ijuwsIrBHAsNyN HTTP/1.1" 200 70
186.102.22.218 - - [04/Apr/2022:14:20:43 -0500] "GET /kwssiamovil/sm/acme/s?s=U2FsdGVkX1+qM5yd23n9TMtDP5DPLTq76fzASzfV/NPU5Zal5l+QO9kFdjNA1TrP&u=U2FsdGVkX18fjxeCdGc80o43EnUIzBj6+NFkbbnOkjxWVELp0nzP0n9tMBHcV9hW&y=U2FsdGVkX19kA0KiPeouDsYmwSsDVHQPDryfwGtb++UaEK7CiuGGX9DCqBsNojf3 HTTP/1.1" 200 66
200.118.64.109 - - [04/Apr/2022:14:20:44 -0500] "POST /forms/lservlet;jsessionid=ac16012b30d6d1da91fb2017412ab1828b3e17946df0.e3iSbxaKaheRe34Sc38RahyRchr0n6jAmljGr5XDqQLvpAe HTTP/1.1" 200 127
186.102.22.218 - - [04/Apr/2022:14:20:44 -0500] "GET /kwssiamovil/sm/acme/s?s=U2FsdGVkX1/+3MlT2vX0a+tm8jaQxitWH/XgTOcOBa1L+WQVOiwD0UCf4xt2S+NJ&u=U2FsdGVkX18fjxeCdGc80o43EnUIzBj6+NFkbbnOkjxWVELp0nzP0n9tMBHcV9hW&y=U2FsdGVkX19kA0KiPeouDsYmwSsDVHQPDryfwGtb++UaEK7CiuGGX9DCqBsNojf3 HTTP/1.1" 200 66
200.118.64.109 - - [04/Apr/2022:14:20:44 -0500] "POST /forms/lservlet;jsessionid=ac16012b30d6d1da91fb2017412ab1828b3e17946df0.e3iSbxaKaheRe34Sc38RahyRchr0n6jAmljGr5XDqQLvpAe HTTP/1.1" 200 2
200.118.64.109 - - [04/Apr/2022:14:20:44 -0500] "GET /reports/rwservlet/getjobid74327?server=repnomi HTTP/1.1" 200 47681
186.102.22.218 - - [04/Apr/2022:14:20:44 -0500] "GET /kwssiamovil/sm/acme/s?s=U2FsdGVkX18H7kJBxbaAmU9izYGQWs6fZjTzyoZBwfiALuCSRTwZ2eM/XcEwdhiD&u=U2FsdGVkX18fjxeCdGc80o43EnUIzBj6+NFkbbnOkjxWVELp0nzP0n9tMBHcV9hW&y=U2FsdGVkX19kA0KiPeouDsYmwSsDVHQPDryfwGtb++UaEK7CiuGGX9DCqBsNojf3 HTTP/1.1" 200 66
186.102.22.218 - - [04/Apr/2022:14:20:45 -0500] "GET /kwssiamovil/sm/ldap/au?x=U2FsdGVkX1/4vfoiBNTSovUTFn02W7mtSlqiqpv9cv8XBYy37nuGKcbKTHb1xKkzPXhKhz2eLfVXXdTn2I+tfQ==&y=U2FsdGVkX18iuRFvGtQ9NpVmqVoupHGlgolKh1kdEqmctj5BpiDfZSYtDYsun/iS HTTP/1.1" 200 30
179.33.112.189 - - [04/Apr/2022:14:20:45 -0500] "GET /si-eres-mujer-y-te-gusta-el-cuidado-de-los-humedales-este-proceso-de-formacion-es-para-ti.html HTTP/1.1" 200 1025
186.102.22.218 - - [04/Apr/2022:14:20:45 -0500] "GET /kwssiamovil/sm/acme/s?s=U2FsdGVkX1+5ur47JLywjf+6JRSUSdqFP2oMi+1dq1Yg3+SSmiTM8OLS8T9NmHLw&u=U2FsdGVkX18fjxeCdGc80o43EnUIzBj6+NFkbbnOkjxWVELp0nzP0n9tMBHcV9hW&y=U2FsdGVkX19kA0KiPeouDsYmwSsDVHQPDryfwGtb++UaEK7CiuGGX9DCqBsNojf3 HTTP/1.1" 200 66
186.102.22.218 - - [04/Apr/2022:14:20:45 -0500] "GET /kwssiamovil/sm/acme/s?s=U2FsdGVkX19qpvDOnGQGjuLtjLttMAfnTYsuBtd4q8DXXT5Zt1Mgy5atSg6Q+cjaAU+s11HJ3i9bhtwaQgfnPlLJO1Mery0hEkTn1xtywW8=&u=U2FsdGVkX1//9+4Lcrv1Bc1/ttMkoqcOD5S+6db/32WGoEBFch4WIUY4Zuiqf4qR&y=U2FsdGVkX18iuRFvGtQ9NpVmqVoupHGlgolKh1kdEqmctj5BpiDfZSYtDYsun/iS HTTP/1.1" 200 97
186.102.22.218 - - [04/Apr/2022:14:20:45 -0500] "GET /kwssiamovil/sm/acme/s?s=U2FsdGVkX18F+ygRoWk0F7sSwyUuFDqx33NF2ag2OCt4RYkH5LLBwoBlUOm5h/A2&u=U2FsdGVkX18fjxeCdGc80o43EnUIzBj6+NFkbbnOkjxWVELp0nzP0n9tMBHcV9hW&y=U2FsdGVkX19kA0KiPeouDsYmwSsDVHQPDryfwGtb++UaEK7CiuGGX9DCqBsNojf3 HTTP/1.1" 200 66
186.102.22.218 - - [04/Apr/2022:14:20:45 -0500] "GET /kwssiamovil/sm/acme/s?s=U2FsdGVkX1+KoRGrLo9WOuaJ4Rr8JrEFpA4OTcF+Zs2OsAzVxM4CpqPtqATgBP4as8Iuubo7vFN9r5nakDdzcU3hKq/CggDxJwNjse349RSek6RNGPPQy2zUxBb4g0z3ASGoxeHaKhRjdlT9DlCEhCEhoeWUfn/kVihdZ/W73IDvTvoN/jQm21gbkYDaQRQtby4HUF6+hOy69bTXI4cUoq8SFoIO+IhfLf5iLwELzcKz/DiKTWAGXP9jC5AFLkt3RWQ1aApaqDmz0sG0zEXCeVoNHdVMnNXQFM34x3luFylfhEmurHgrQjHziGOCZz5jllQviIFiHSNUFlFw15RfynZzUIIxFxGFTGOpectA3UI9tID6h+grhviUvAyugWfLsXruuYRjrUmS+VFBJ5EkVhAHonM8CnkFGqff6PLYFg5iOd/J17Q1rfWqWbNRKSFrQ88S/57MqNoL6wDwSVG+i4Vl7Ht7164V8Et1IctZgSmsC844H1H8vLEe3976Z5NRxu441ghR8N4e48QC5R+WJiVkSXqEYDse6hV5ORRiIW5uggKe6ak8cpequHHOEdGKkNSbR4EW/sHxjRct36Sgw0yjC15MxEfIHUoRpRleeVD+cOv2WKsvfN6VM3Y4PVfSuFf3dxLqZPaR7LBZtjdmInXZMCQPpQ1vp0xT3vymesWki4/vV1FPIydFzyREe8ecn0nv3ODEIA7WZa1FFthNvAlsswrtblTrO1KEbA3DAFPEeetqAKKnw9rhZozH1nTmR9V3zy12LQaG2lCg+/49wOMK6CUqHM9Q147N1SgLm5Lt/sEbrc1hixV9X2qGCRSqXEOYsFpQLD/fNZebUQ3GTLo18uAObEJ8XTrRceMCN+Fhf2ye2DJEhHEDjJXlDnIshbm7m74TDQiTd1lHwPhd3hvAdz3mIT9UUF7o2ClgUnzm3edtlJyxn/3Pp9xcW7gRI0NrIDJzf7UAMSnwLN5ecTKxYuDn1552weqEbkR+UeWDq1Pv3ww7DJ6ObhR0OKCKZk/yBRagp1HWY9S5nzBR2ifAei9dqQwv/hSJgVSG4g0vV+UfaDOA9APTPj1802reCN+1QvgKbkZwO/gFoeT9E/ngkzXNhsMH7gPsiXGa4rhsMf33Gzq0v3Sl6EKCDKjt&u=U2FsdGVkX1//9+4Lcrv1Bc1/ttMkoqcOD5S+6db/32WGoEBFch4WIUY4Zuiqf4qR&y=U2FsdGVkX18iuRFvGtQ9NpVmqVoupHGlgolKh1kdEqmctj5BpiDfZSYtDYsun/iS HTTP/1.1" 200 5129
186.102.22.218 - - [04/Apr/2022:14:20:46 -0500] "GET /kwssiamovil/sm/acme/s?s=U2FsdGVkX1+1pstJmOFZpSvcCkgTSGnMbYrq6JgwWJK52xPsTjDwcxYrs7MzHaho&u=U2FsdGVkX180NgN2dMK/TXmg0desgGhrDoH5uEu7yCEvdA6dl2tCUYMZ+80StIDX&y=U2FsdGVkX1+1+gdh9lF07Lwc/KJHv/ZfqnzD6D5cal5C3yEUv6ijuwsIrBHAsNyN HTTP/1.1" 200 66
186.102.22.218 - - [04/Apr/2022:14:20:46 -0500] "GET /kwssiamovil/sm/acme/s?s=U2FsdGVkX1/ktwoGyD4uiKBESUZL+NO6tl49giFQm10OcEYAKY5RNZa94gaS6Yp8&u=U2FsdGVkX18fjxeCdGc80o43EnUIzBj6+NFkbbnOkjxWVELp0nzP0n9tMBHcV9hW&y=U2FsdGVkX19kA0KiPeouDsYmwSsDVHQPDryfwGtb++UaEK7CiuGGX9DCqBsNojf3 HTTP/1.1" 200 66
186.102.22.218 - - [04/Apr/2022:14:20:46 -0500] "GET /kwssiamovil/sm/acme/s?s=U2FsdGVkX1/wLa+a+eG2ow/KkBZ1SjHJ72TbynBqQTIuyEKQdFOAYljezLIpRt/S&u=U2FsdGVkX180NgN2dMK/TXmg0desgGhrDoH5uEu7yCEvdA6dl2tCUYMZ+80StIDX&y=U2FsdGVkX1+1+gdh9lF07Lwc/KJHv/ZfqnzD6D5cal5C3yEUv6ijuwsIrBHAsNyN HTTP/1.1" 200 66
186.102.22.218 - - [04/Apr/2022:14:20:46 -0500] "GET /kwssiamovil/sm/acme/s?s=U2FsdGVkX18S8VfAT5bP5eIw7JR2nsvGVrI7yr3x4xKhTpxF3kVJFTLNzworvsXO&u=U2FsdGVkX1//9+4Lcrv1Bc1/ttMkoqcOD5S+6db/32WGoEBFch4WIUY4Zuiqf4qR&y=U2FsdGVkX18iuRFvGtQ9NpVmqVoupHGlgolKh1kdEqmctj5BpiDfZSYtDYsun/iS HTTP/1.1" 200 70
186.102.22.218 - - [04/Apr/2022:14:20:46 -0500] "GET /kwssiamovil/sm/acme/s?s=U2FsdGVkX19m/x0CsplrGr23CWt4YPxXkfTlBAHhQTueAXarWaWgY4QzR8mfyZ/J&u=U2FsdGVkX18fjxeCdGc80o43EnUIzBj6+NFkbbnOkjxWVELp0nzP0n9tMBHcV9hW&y=U2FsdGVkX19kA0KiPeouDsYmwSsDVHQPDryfwGtb++UaEK7CiuGGX9DCqBsNojf3 HTTP/1.1" 200 66
186.102.22.218 - - [04/Apr/2022:14:20:47 -0500] "GET /kwssiamovil/sm/acme/s?s=U2FsdGVkX18UEZkjVYDw7aShFgfzRBZn2XPbA9sgx4OTYS235ow9hOGB3jvvCNGD&u=U2FsdGVkX18fjxeCdGc80o43EnUIzBj6+NFkbbnOkjxWVELp0nzP0n9tMBHcV9hW&y=U2FsdGVkX19kA0KiPeouDsYmwSsDVHQPDryfwGtb++UaEK7CiuGGX9DCqBsNojf3 HTTP/1.1" 200 66
186.102.22.218 - - [04/Apr/2022:14:20:47 -0500] "GET /kwssiamovil/sm/acme/s?s=U2FsdGVkX1+ND0+Sag6zF3/rL4Nc1kb4GD1Ce+LmlaDyZGA5ADhSZY9jDE80Dhxm&u=U2FsdGVkX180NgN2dMK/TXmg0desgGhrDoH5uEu7yCEvdA6dl2tCUYMZ+80StIDX&y=U2FsdGVkX1+1+gdh9lF07Lwc/KJHv/ZfqnzD6D5cal5C3yEUv6ijuwsIrBHAsNyN HTTP/1.1" 200 66
186.102.22.218 - - [04/Apr/2022:14:20:47 -0500] "GET /kwssiamovil/sm/acme/s?s=U2FsdGVkX19oI+aR6ci6iM2bzIAi+ezIrXSIPKA9HGmhxWapvn+NqN1AXE0MJ4yW&u=U2FsdGVkX1//9+4Lcrv1Bc1/ttMkoqcOD5S+6db/32WGoEBFch4WIUY4Zuiqf4qR&y=U2FsdGVkX18iuRFvGtQ9NpVmqVoupHGlgolKh1kdEqmctj5BpiDfZSYtDYsun/iS HTTP/1.1" 200 70
186.102.22.218 - - [04/Apr/2022:14:20:47 -0500] "GET /kwssiamovil/sm/acme/s?s=U2FsdGVkX18Ys/rbHl72atiWEaX1UJ20D+M+8Y/GtmGRMUBDjM39ai3Ua1bjS/En7bRxQtcG9DrGsFWArTbC9afNj9PwLjSOXUxGTCvy6jD+3GruKrDq8wApralsQ3CA8+AVZNbEoIGkoHUKpJo0hy2JTMLCXR4d1kwpaLJAX1VyxNBeqYdX4QXRJrWXFjz7aZ2TUhSIbn6lYgGHGoP/BLyKDrXqewR/NiAqb2HyDQZwDuKNnlfcCbLSTCt3EjF2GhwOR+K0Ka0quOtzHQWo+uLudkBubOeC9p4tIKAXLAsNqG2CriMP3+vrFHG7RqnnM7jeizqphRvPGG9SaV5bPue56NyNH5xappUqJYWTe+s=&u=U2FsdGVkX18fjxeCdGc80o43EnUIzBj6+NFkbbnOkjxWVELp0nzP0n9tMBHcV9hW&y=U2FsdGVkX19kA0KiPeouDsYmwSsDVHQPDryfwGtb++UaEK7CiuGGX9DCqBsNojf3 HTTP/1.1" 200 66
186.102.22.218 - - [04/Apr/2022:14:20:47 -0500] "GET /kwssiamovil/sm/acme/s?s=U2FsdGVkX18dyi9D4kDbfhv3lbBBu13Dmt1krK35K0FFYQunPBxh0Ufp+tENE3gk&u=U2FsdGVkX180NgN2dMK/TXmg0desgGhrDoH5uEu7yCEvdA6dl2tCUYMZ+80StIDX&y=U2FsdGVkX1+1+gdh9lF07Lwc/KJHv/ZfqnzD6D5cal5C3yEUv6ijuwsIrBHAsNyN HTTP/1.1" 200 66
186.102.22.218 - - [04/Apr/2022:14:20:48 -0500] "GET /kwssiamovil/sm/acme/s?s=U2FsdGVkX19tek8WORE0dVXmHOM+YTD/BeCQfOiKO9as2PsOIJBBW+3pFxRfxXMb&u=U2FsdGVkX180NgN2dMK/TXmg0desgGhrDoH5uEu7yCEvdA6dl2tCUYMZ+80StIDX&y=U2FsdGVkX1+1+gdh9lF07Lwc/KJHv/ZfqnzD6D5cal5C3yEUv6ijuwsIrBHAsNyN HTTP/1.1" 200 66
186.102.22.218 - - [04/Apr/2022:14:20:48 -0500] "GET /kwssiamovil/sm/acme/s?s=U2FsdGVkX1+tDFLXkfdfabJD8ivzFmDBAHHUMol04pwhss5DW0Gq6LVvVB5nbIkX&u=U2FsdGVkX180NgN2dMK/TXmg0desgGhrDoH5uEu7yCEvdA6dl2tCUYMZ+80StIDX&y=U2FsdGVkX1+1+gdh9lF07Lwc/KJHv/ZfqnzD6D5cal5C3yEUv6ijuwsIrBHAsNyN HTTP/1.1" 200 66
186.102.22.218 - - [04/Apr/2022:14:20:49 -0500] "GET /kwssiamovil/sm/acme/s?s=U2FsdGVkX1/q/Tj0fR8u3v0WWZXwPzr2Uj4Lf72TsMKkse6bKCoB6h/jkwIb0UBR&u=U2FsdGVkX180NgN2dMK/TXmg0desgGhrDoH5uEu7yCEvdA6dl2tCUYMZ+80StIDX&y=U2FsdGVkX1+1+gdh9lF07Lwc/KJHv/ZfqnzD6D5cal5C3yEUv6ijuwsIrBHAsNyN HTTP/1.1" 200 66
186.102.22.218 - - [04/Apr/2022:14:20:50 -0500] "GET /kwssiamovil/sm/acme/s?s=U2FsdGVkX18hHP1ABtNUhO4hg2g+um19Brkf49OTuw+qPoWjn7+pnYvNir1Eaao/&u=U2FsdGVkX180NgN2dMK/TXmg0desgGhrDoH5uEu7yCEvdA6dl2tCUYMZ+80StIDX&y=U2FsdGVkX1+1+gdh9lF07Lwc/KJHv/ZfqnzD6D5cal5C3yEUv6ijuwsIrBHAsNyN HTTP/1.1" 200 66
186.102.22.218 - - [04/Apr/2022:14:20:50 -0500] "GET /kwssiamovil/sm/acme/s?s=U2FsdGVkX19YyZlsdntQa2XvSdGrqZOdoae/V7Uc6LrsEUR2QmRXQGwHEPKFtUzl&u=U2FsdGVkX1//9+4Lcrv1Bc1/ttMkoqcOD5S+6db/32WGoEBFch4WIUY4Zuiqf4qR&y=U2FsdGVkX18iuRFvGtQ9NpVmqVoupHGlgolKh1kdEqmctj5BpiDfZSYtDYsun/iS HTTP/1.1" 200 70
186.102.22.218 - - [04/Apr/2022:14:20:51 -0500] "GET /kwssiamovil/sm/acme/s?s=U2FsdGVkX191xiPCqeVXHT7IrO7WI0sUVRYxQVa8Wc/aOC97Dy6SIr21imuCH/T4&u=U2FsdGVkX180NgN2dMK/TXmg0desgGhrDoH5uEu7yCEvdA6dl2tCUYMZ+80StIDX&y=U2FsdGVkX1+1+gdh9lF07Lwc/KJHv/ZfqnzD6D5cal5C3yEUv6ijuwsIrBHAsNyN HTTP/1.1" 200 66
186.102.22.218 - - [04/Apr/2022:14:20:51 -0500] "GET /kwssiamovil/sm/acme/s?s=U2FsdGVkX1/h+2rv0u9DBoVa1wg+MC1rgxSSjLEGpVCnyzWGLki053DiCWVhWMx7&u=U2FsdGVkX180NgN2dMK/TXmg0desgGhrDoH5uEu7yCEvdA6dl2tCUYMZ+80StIDX&y=U2FsdGVkX1+1+gdh9lF07Lwc/KJHv/ZfqnzD6D5cal5C3yEUv6ijuwsIrBHAsNyN HTTP/1.1" 200 66
186.102.22.218 - - [04/Apr/2022:14:20:52 -0500] "GET /kwssiamovil/sm/acme/s?s=U2FsdGVkX1+VzoPN+wIzlAnrUrc9WQMhVUQ3NaLWTHC4et8o0/9tiuZ1Pc8a0m5h&u=U2FsdGVkX180NgN2dMK/TXmg0desgGhrDoH5uEu7yCEvdA6dl2tCUYMZ+80StIDX&y=U2FsdGVkX1+1+gdh9lF07Lwc/KJHv/ZfqnzD6D5cal5C3yEUv6ijuwsIrBHAsNyN HTTP/1.1" 200 66
186.102.22.218 - - [04/Apr/2022:14:20:53 -0500] "GET /kwssiamovil/sm/acme/s?s=U2FsdGVkX196QGZRU7da5BukODcW9zM7VmzDNNG1FRydf9gob8d8CyNbkNaRMh/A&u=U2FsdGVkX180NgN2dMK/TXmg0desgGhrDoH5uEu7yCEvdA6dl2tCUYMZ+80StIDX&y=U2FsdGVkX1+1+gdh9lF07Lwc/KJHv/ZfqnzD6D5cal5C3yEUv6ijuwsIrBHAsNyN HTTP/1.1" 200 66
186.102.22.218 - - [04/Apr/2022:14:20:53 -0500] "GET /kwssiamovil/sm/acme/s?s=U2FsdGVkX1/uAk24LwC2HmNJU/2MkoBdf7aPITQ0aethPb2opoArVI5O/tq1k/D5&u=U2FsdGVkX1//9+4Lcrv1Bc1/ttMkoqcOD5S+6db/32WGoEBFch4WIUY4Zuiqf4qR&y=U2FsdGVkX18iuRFvGtQ9NpVmqVoupHGlgolKh1kdEqmctj5BpiDfZSYtDYsun/iS HTTP/1.1" 200 70
186.102.22.218 - - [04/Apr/2022:14:20:53 -0500] "GET /kwssiamovil/sm/acme/s?s=U2FsdGVkX19fTQOw0BmjZCRbEoqO9s8eIfc1HI7FBj9G7jc/L5eMutF8ovjgG2QC&u=U2FsdGVkX180NgN2dMK/TXmg0desgGhrDoH5uEu7yCEvdA6dl2tCUYMZ+80StIDX&y=U2FsdGVkX1+1+gdh9lF07Lwc/KJHv/ZfqnzD6D5cal5C3yEUv6ijuwsIrBHAsNyN HTTP/1.1" 200 66
186.102.22.218 - - [04/Apr/2022:14:20:53 -0500] "GET /kwssiamovil/sm/acme/s?s=U2FsdGVkX19iA/DbgiPPaNV1IJJifiehUosZUtDzjReqy5I2pWCe+eEkHOHNEVAX&u=U2FsdGVkX1//9+4Lcrv1Bc1/ttMkoqcOD5S+6db/32WGoEBFch4WIUY4Zuiqf4qR&y=U2FsdGVkX18iuRFvGtQ9NpVmqVoupHGlgolKh1kdEqmctj5BpiDfZSYtDYsun/iS HTTP/1.1" 200 70
186.102.22.218 - - [04/Apr/2022:14:20:54 -0500] "GET /kwssiamovil/sm/acme/s?s=U2FsdGVkX19wFv7VcYS4VpyhKrgg9mP09yO/vfdsBcKbQ3augkoc0tsbH8mDsiyW&u=U2FsdGVkX1//9+4Lcrv1Bc1/ttMkoqcOD5S+6db/32WGoEBFch4WIUY4Zuiqf4qR&y=U2FsdGVkX18iuRFvGtQ9NpVmqVoupHGlgolKh1kdEqmctj5BpiDfZSYtDYsun/iS HTTP/1.1" 200 70
186.102.22.218 - - [04/Apr/2022:14:20:54 -0500] "GET /kwssiamovil/sm/acme/s?s=U2FsdGVkX18iX6/R2VZpXfi34BXfpT8UgKFwkCada0gP0EWQqaNHzFp2RdjHz04L&u=U2FsdGVkX1//9+4Lcrv1Bc1/ttMkoqcOD5S+6db/32WGoEBFch4WIUY4Zuiqf4qR&y=U2FsdGVkX18iuRFvGtQ9NpVmqVoupHGlgolKh1kdEqmctj5BpiDfZSYtDYsun/iS HTTP/1.1" 200 70
186.102.22.218 - - [04/Apr/2022:14:20:55 -0500] "GET /kwssiamovil/sm/acme/s?s=U2FsdGVkX1/vRWLjjHBaLoKgqpBf6bgEt2IGzNAl62h6SpuntAlkc+0kxv1ue6sg&u=U2FsdGVkX1//9+4Lcrv1Bc1/ttMkoqcOD5S+6db/32WGoEBFch4WIUY4Zuiqf4qR&y=U2FsdGVkX18iuRFvGtQ9NpVmqVoupHGlgolKh1kdEqmctj5BpiDfZSYtDYsun/iS HTTP/1.1" 200 70
186.102.22.218 - - [04/Apr/2022:14:20:55 -0500] "GET /kwssiamovil/sm/acme/s?s=U2FsdGVkX19a1GL5eU4vumXvCZeQD2jN+6SN0gqg1++NtXwrLCLYHfeVBCpGnfps&u=U2FsdGVkX1//9+4Lcrv1Bc1/ttMkoqcOD5S+6db/32WGoEBFch4WIUY4Zuiqf4qR&y=U2FsdGVkX18iuRFvGtQ9NpVmqVoupHGlgolKh1kdEqmctj5BpiDfZSYtDYsun/iS HTTP/1.1" 200 70
186.102.22.218 - - [04/Apr/2022:14:20:56 -0500] "GET /kwssiamovil/sm/acme/s?s=U2FsdGVkX1/yDv4HBDQFLLhUe99F7/fwSRIbTT11Yw3oTBt45ixqKCc7a22iITl4&u=U2FsdGVkX1//9+4Lcrv1Bc1/ttMkoqcOD5S+6db/32WGoEBFch4WIUY4Zuiqf4qR&y=U2FsdGVkX18iuRFvGtQ9NpVmqVoupHGlgolKh1kdEqmctj5BpiDfZSYtDYsun/iS HTTP/1.1" 200 70
186.102.22.218 - - [04/Apr/2022:14:20:56 -0500] "GET /kwssiamovil/sm/acme/s?s=U2FsdGVkX1834HUM0/CyuOMfekzEQHyaHRxhxfuF+dw/aDIfdxd7z88Dspqlbvx5&u=U2FsdGVkX1//9+4Lcrv1Bc1/ttMkoqcOD5S+6db/32WGoEBFch4WIUY4Zuiqf4qR&y=U2FsdGVkX18iuRFvGtQ9NpVmqVoupHGlgolKh1kdEqmctj5BpiDfZSYtDYsun/iS HTTP/1.1" 200 70
186.102.22.218 - - [04/Apr/2022:14:20:57 -0500] "GET /kwssiamovil/sm/acme/s?s=U2FsdGVkX19QlR6fuWYh7U5l86wJfQI3a2QUO06PLhHDgz2sJJ4QFv+YXK9pM6z5&u=U2FsdGVkX180NgN2dMK/TXmg0desgGhrDoH5uEu7yCEvdA6dl2tCUYMZ+80StIDX&y=U2FsdGVkX1+1+gdh9lF07Lwc/KJHv/ZfqnzD6D5cal5C3yEUv6ijuwsIrBHAsNyN HTTP/1.1" 200 66
186.102.22.218 - - [04/Apr/2022:14:20:57 -0500] "GET /kwssiamovil/sm/acme/s?s=U2FsdGVkX1+g+B0jxb+MsnX2hkdUeeG3oymkVq2IA3eQfMInTBANfiD97JX81Zcr&u=U2FsdGVkX1//9+4Lcrv1Bc1/ttMkoqcOD5S+6db/32WGoEBFch4WIUY4Zuiqf4qR&y=U2FsdGVkX18iuRFvGtQ9NpVmqVoupHGlgolKh1kdEqmctj5BpiDfZSYtDYsun/iS HTTP/1.1" 200 70
186.102.22.218 - - [04/Apr/2022:14:20:57 -0500] "GET /kwssiamovil/sm/acme/s?s=U2FsdGVkX1854arGMH0y0/r7BYPNEFAvLucsF4en3NbqtWTs+iCs12gPaOul5B1O&u=U2FsdGVkX180NgN2dMK/TXmg0desgGhrDoH5uEu7yCEvdA6dl2tCUYMZ+80StIDX&y=U2FsdGVkX1+1+gdh9lF07Lwc/KJHv/ZfqnzD6D5cal5C3yEUv6ijuwsIrBHAsNyN HTTP/1.1" 200 66
186.102.22.218 - - [04/Apr/2022:14:20:58 -0500] "GET /kwssiamovil/sm/acme/s?s=U2FsdGVkX19W7g91NHx2GEDD2oUkYWLs5t0v+CfdcTANrfCsDbW8vs3N//ywunPp&u=U2FsdGVkX180NgN2dMK/TXmg0desgGhrDoH5uEu7yCEvdA6dl2tCUYMZ+80StIDX&y=U2FsdGVkX1+1+gdh9lF07Lwc/KJHv/ZfqnzD6D5cal5C3yEUv6ijuwsIrBHAsNyN HTTP/1.1" 200 66
186.168.247.184 - - [04/Apr/2022:14:20:58 -0500] "GET /si-eres-mujer-y-te-gusta-el-cuidado-de-los-humedales-este-proceso-de-formacion-es-para-ti.html HTTP/1.1" 200 1025
186.102.22.218 - - [04/Apr/2022:14:20:58 -0500] "GET /kwssiamovil/sm/acme/s?s=U2FsdGVkX1+Xpp2PX3J3+qIJJ2ZLw1nGhhF7hVVz6WstOadjUa1mEku7xoCrdXkV&u=U2FsdGVkX1//9+4Lcrv1Bc1/ttMkoqcOD5S+6db/32WGoEBFch4WIUY4Zuiqf4qR&y=U2FsdGVkX18iuRFvGtQ9NpVmqVoupHGlgolKh1kdEqmctj5BpiDfZSYtDYsun/iS HTTP/1.1" 200 70
186.102.22.218 - - [04/Apr/2022:14:20:58 -0500] "GET /kwssiamovil/sm/acme/s?s=U2FsdGVkX193AdHbUlrR8CsflvKMcWQ3DPRkzDOB91cvb1dWyXM6MfqfHWpN4loRV0J6PA/7etrLs+s79c97BT28AA8ztanQaf7fuV2TqmDOrt/lulAuJDaS4PJ9DgeJiVQ+kqyPTo5V198Ux7DlZqDJ39TAOchkbKI98W1bTBwcxhtGKZrI3h/YnwHr2JzKz+KN0oLYivubEZjbaY60XT4fhaDdqfzvcIgRZ4yjuYBJYhmPTRCmIH5h1AkfZSNPYkBCnb1XCNxrLF2kDVyJJZ8BWMdNXdEsWAtbzoDllb1KQ/mBgN5zPwLQf1QOv0cPwOo+oDjTRhY8Xx6FN6spzW3YznTTfOKfs+c6w9pTXlI=&u=U2FsdGVkX180NgN2dMK/TXmg0desgGhrDoH5uEu7yCEvdA6dl2tCUYMZ+80StIDX&y=U2FsdGVkX1+1+gdh9lF07Lwc/KJHv/ZfqnzD6D5cal5C3yEUv6ijuwsIrBHAsNyN HTTP/1.1" 200 66
186.102.22.218 - - [04/Apr/2022:14:20:59 -0500] "GET /kwssiamovil/sm/acme/s?s=U2FsdGVkX1/nlLBLwO92pWUFEJ0CKGyKHdLEVAgGX3aFJ6FrYprzK1tLbARRuNmT&u=U2FsdGVkX1//9+4Lcrv1Bc1/ttMkoqcOD5S+6db/32WGoEBFch4WIUY4Zuiqf4qR&y=U2FsdGVkX18iuRFvGtQ9NpVmqVoupHGlgolKh1kdEqmctj5BpiDfZSYtDYsun/iS HTTP/1.1" 200 70
186.102.22.218 - - [04/Apr/2022:14:20:59 -0500] "GET /kwssiamovil/sm/acme/s?s=U2FsdGVkX18EHaYi2H1DkMSDWZ2iQsXGQX6+R/dKMCId5uUXZVrCwAkB6dAfX1RB&u=U2FsdGVkX1//9+4Lcrv1Bc1/ttMkoqcOD5S+6db/32WGoEBFch4WIUY4Zuiqf4qR&y=U2FsdGVkX18iuRFvGtQ9NpVmqVoupHGlgolKh1kdEqmctj5BpiDfZSYtDYsun/iS HTTP/1.1" 200 70
186.102.22.218 - - [04/Apr/2022:14:21:00 -0500] "GET /kwssiamovil/sm/acme/s?s=U2FsdGVkX1/3X/sJSd8aml/M2meyhEoY3iHbjos2TTUlVwZ1/Q96R22c9i/CrKio&u=U2FsdGVkX1//9+4Lcrv1Bc1/ttMkoqcOD5S+6db/32WGoEBFch4WIUY4Zuiqf4qR&y=U2FsdGVkX18iuRFvGtQ9NpVmqVoupHGlgolKh1kdEqmctj5BpiDfZSYtDYsun/iS HTTP/1.1" 200 70
186.102.22.218 - - [04/Apr/2022:14:21:00 -0500] "GET /kwssiamovil/sm/acme/s?s=U2FsdGVkX1/UyoPQqVpKfvXh6iI5GRL+x1nW0XILw1azwoQWMhrPGentWQCsCRL9&u=U2FsdGVkX1//9+4Lcrv1Bc1/ttMkoqcOD5S+6db/32WGoEBFch4WIUY4Zuiqf4qR&y=U2FsdGVkX18iuRFvGtQ9NpVmqVoupHGlgolKh1kdEqmctj5BpiDfZSYtDYsun/iS HTTP/1.1" 200 70
186.102.22.218 - - [04/Apr/2022:14:21:01 -0500] "GET /kwssiamovil/sm/acme/s?s=U2FsdGVkX19TcfC3TCPZs/y2eTQJXqvXCu2/4pkwx04qIrZ0MttUxfRvwWla4lMe&u=U2FsdGVkX1//9+4Lcrv1Bc1/ttMkoqcOD5S+6db/32WGoEBFch4WIUY4Zuiqf4qR&y=U2FsdGVkX18iuRFvGtQ9NpVmqVoupHGlgolKh1kdEqmctj5BpiDfZSYtDYsun/iS HTTP/1.1" 200 70
190.67.210.38 - - [04/Apr/2022:14:21:02 -0500] "-" 408 -
186.102.22.218 - - [04/Apr/2022:14:21:02 -0500] "GET /kwssiamovil/sm/acme/s?s=U2FsdGVkX1+QNC+wWqsBjSN2oiZ8/1+S3gmg+56m24c3RBit9JKZVpVDGTE6FJgddUoRnLryWZLlYvL3jKHajxWW0yx1ZVN5BLBC/a/v9cM7gxIL4sWKuot5SE0pEJfdKCu2IDif9EGDb/3pVmFhGb0ZUuLiRLm0vKya7LJnECVCZ7JRgJjJaKlVYD7gw86FFZfOAPL8XK94nlBsI5/+L/6TFDPtWG/VDxaPdJ07D10b4FA0+VMAsQ4tBxJRpubTv8DV/IIEWzneNZBOjBLdl3MjS+p3S93xc709PecZqucfhh5Pw7xz76y5d7phymvMUOcLbV/vcfwSVdOuiCbDl5++CtsFQZSHFxCvnF8VIcQ=&u=U2FsdGVkX1//9+4Lcrv1Bc1/ttMkoqcOD5S+6db/32WGoEBFch4WIUY4Zuiqf4qR&y=U2FsdGVkX18iuRFvGtQ9NpVmqVoupHGlgolKh1kdEqmctj5BpiDfZSYtDYsun/iS HTTP/1.1" 200 196
186.102.22.218 - - [04/Apr/2022:14:21:03 -0500] "GET /kwssiamovil/sm/cjson/pre?f=1&x=U2FsdGVkX1/4vfoiBNTSovUTFn02W7mtSlqiqpv9cv8XBYy37nuGKcbKTHb1xKkzPXhKhz2eLfVXXdTn2I+tfQ== HTTP/1.1" 200 30975
200.118.64.109 - - [04/Apr/2022:14:21:10 -0500] "POST /forms/lservlet;jsessionid=ac16012b30d6d1da91fb2017412ab1828b3e17946df0.e3iSbxaKaheRe34Sc38RahyRchr0n6jAmljGr5XDqQLvpAe HTTP/1.1" 200 2
200.118.64.109 - - [04/Apr/2022:14:21:10 -0500] "POST /forms/lservlet;jsessionid=ac16012b30d6d1da91fb2017412ab1828b3e17946df0.e3iSbxaKaheRe34Sc38RahyRchr0n6jAmljGr5XDqQLvpAe HTTP/1.1" 200 14
200.118.64.109 - - [04/Apr/2022:14:21:11 -0500] "POST /forms/lservlet;jsessionid=ac16012b30d6d1da91fb2017412ab1828b3e17946df0.e3iSbxaKaheRe34Sc38RahyRchr0n6jAmljGr5XDqQLvpAe HTTP/1.1" 200 14
200.118.64.109 - - [04/Apr/2022:14:21:12 -0500] "POST /forms/lservlet;jsessionid=ac16012b30d6d1da91fb2017412ab1828b3e17946df0.e3iSbxaKaheRe34Sc38RahyRchr0n6jAmljGr5XDqQLvpAe HTTP/1.1" 200 14
200.118.64.109 - - [04/Apr/2022:14:21:14 -0500] "POST /forms/lservlet;jsessionid=ac16012b30d6d1da91fb2017412ab1828b3e17946df0.e3iSbxaKaheRe34Sc38RahyRchr0n6jAmljGr5XDqQLvpAe HTTP/1.1" 200 14
200.118.64.109 - - [04/Apr/2022:14:21:16 -0500] "POST /forms/lservlet;jsessionid=ac16012b30d6d1da91fb2017412ab1828b3e17946df0.e3iSbxaKaheRe34Sc38RahyRchr0n6jAmljGr5XDqQLvpAe HTTP/1.1" 200 112
200.118.64.109 - - [04/Apr/2022:14:21:16 -0500] "POST /forms/lservlet;jsessionid=ac16012b30d6d1da91fb2017412ab1828b3e17946df0.e3iSbxaKaheRe34Sc38RahyRchr0n6jAmljGr5XDqQLvpAe HTTP/1.1" 200 2
200.118.64.109 - - [04/Apr/2022:14:21:16 -0500] "GET /reports/rwservlet/getjobid74328?server=repnomi HTTP/1.1" 200 47681
201.221.172.5 - - [04/Apr/2022:14:21:49 -0500] "GET /si-eres-mujer-y-te-gusta-el-cuidado-de-los-humedales-este-proceso-de-formacion-es-para-ti.html HTTP/1.1" 200 1025
216.245.221.92 - - [04/Apr/2022:14:21:56 -0500] "HEAD / HTTP/1.1" 200 -
200.118.64.109 - - [04/Apr/2022:14:22:05 -0500] "POST /forms/lservlet;jsessionid=ac16012b30d6d1da91fb2017412ab1828b3e17946df0.e3iSbxaKaheRe34Sc38RahyRchr0n6jAmljGr5XDqQLvpAe HTTP/1.1" 200 2
173.252.107.5 - - [04/Apr/2022:14:22:19 -0500] "GET /images/interpretes-humedales-principal-26-marzo.jpg HTTP/1.1" 200 40211
201.245.192.253 - - [04/Apr/2022:14:22:23 -0500] "POST /sipse/faces/presentacion/financiero/solicitudProceso/listarSolicitudProceso.xhtml HTTP/1.1" 200 911
201.245.192.253 - - [04/Apr/2022:14:22:25 -0500] "GET /sipse/faces/faces/autenticacion HTTP/1.1" 302 -
201.245.192.253 - - [04/Apr/2022:14:22:25 -0500] "GET /sipse/faces/autenticacion.xhtml HTTP/1.1" 200 12176
201.245.192.253 - - [04/Apr/2022:14:22:25 -0500] "GET /sipse/faces/javax.faces.resource/theme.css?ln=primefaces-sipse HTTP/1.1" 304 -
201.245.192.253 - - [04/Apr/2022:14:22:25 -0500] "GET /sipse/faces/javax.faces.resource/jquery/jquery.js?ln=primefaces&v=4.0 HTTP/1.1" 304 -
201.245.192.253 - - [04/Apr/2022:14:22:25 -0500] "GET /sipse/faces/javax.faces.resource/primefaces.css?ln=primefaces&v=4.0 HTTP/1.1" 304 -
201.245.192.253 - - [04/Apr/2022:14:22:25 -0500] "GET /sipse/faces/javax.faces.resource/layout/layout.css?ln=primefaces&v=4.0 HTTP/1.1" 304 -
201.245.192.253 - - [04/Apr/2022:14:22:25 -0500] "GET /sipse/faces/javax.faces.resource/jquery/jquery-plugins.js?ln=primefaces&v=4.0 HTTP/1.1" 304 -
201.245.192.253 - - [04/Apr/2022:14:22:25 -0500] "GET /sipse/faces/javax.faces.resource/primefaces.js?ln=primefaces&v=4.0 HTTP/1.1" 304 -
201.245.192.253 - - [04/Apr/2022:14:22:25 -0500] "GET /sipse/faces/javax.faces.resource/layout/layout.js?ln=primefaces&v=4.0 HTTP/1.1" 304 -
201.245.192.253 - - [04/Apr/2022:14:22:25 -0500] "GET /sipse/faces/javax.faces.resource/images/ui-icons_898989_256x240.png?ln=primefaces-aristo HTTP/1.1" 304 -
201.245.192.253 - - [04/Apr/2022:14:22:29 -0500] "POST /sipse/faces/autenticacion.xhtml HTTP/1.1" 200 2221
201.245.192.253 - - [04/Apr/2022:14:22:29 -0500] "GET /sipse/faces/javax.faces.resource/messages/messages.png?ln=primefaces&v=4.0 HTTP/1.1" 304 -
201.245.192.253 - - [04/Apr/2022:14:22:29 -0500] "POST /sipse/faces/autenticacion.xhtml HTTP/1.1" 200 16228
201.245.192.253 - - [04/Apr/2022:14:22:29 -0500] "GET /sipse/faces/javax.faces.resource/theme.css?ln=primefaces-sipse HTTP/1.1" 304 -
201.245.192.253 - - [04/Apr/2022:14:22:29 -0500] "GET /sipse/faces/javax.faces.resource/layout/layout.css?ln=primefaces&v=4.0 HTTP/1.1" 304 -
201.245.192.253 - - [04/Apr/2022:14:22:29 -0500] "GET /sipse/faces/javax.faces.resource/primefaces.css?ln=primefaces&v=4.0 HTTP/1.1" 304 -
201.245.192.253 - - [04/Apr/2022:14:22:29 -0500] "GET /sipse/faces/javax.faces.resource/jquery/jquery.js?ln=primefaces&v=4.0 HTTP/1.1" 304 -
201.245.192.253 - - [04/Apr/2022:14:22:29 -0500] "GET /sipse/faces/javax.faces.resource/jquery/jquery-plugins.js?ln=primefaces&v=4.0 HTTP/1.1" 304 -
201.245.192.253 - - [04/Apr/2022:14:22:29 -0500] "GET /sipse/faces/javax.faces.resource/primefaces.js?ln=primefaces&v=4.0 HTTP/1.1" 304 -
201.245.192.253 - - [04/Apr/2022:14:22:29 -0500] "GET /sipse/faces/javax.faces.resource/layout/layout.js?ln=primefaces&v=4.0 HTTP/1.1" 304 -
201.245.192.253 - - [04/Apr/2022:14:22:29 -0500] "GET /sipse/css/imagen/contrasena.png HTTP/1.1" 404 383
201.245.192.253 - - [04/Apr/2022:14:22:30 -0500] "GET /sipse/faces/javax.faces.resource/images/ui-bg_flat_0_2d5972_40x100.png?ln=primefaces-aristo HTTP/1.1" 304 -
201.245.192.253 - - [04/Apr/2022:14:22:30 -0500] "POST /sipse/faces/bienvenido.xhtml HTTP/1.1" 200 2658
201.245.192.253 - - [04/Apr/2022:14:22:31 -0500] "POST /sipse/faces/bienvenido.xhtml HTTP/1.1" 200 61659
201.245.192.253 - - [04/Apr/2022:14:22:32 -0500] "GET /sipse/faces/javax.faces.resource/layout/layout.css?ln=primefaces&v=4.0 HTTP/1.1" 304 -
201.245.192.253 - - [04/Apr/2022:14:22:32 -0500] "GET /sipse/faces/javax.faces.resource/theme.css?ln=primefaces-sipse HTTP/1.1" 304 -
201.245.192.253 - - [04/Apr/2022:14:22:32 -0500] "GET /sipse/faces/javax.faces.resource/primefaces.css?ln=primefaces&v=4.0 HTTP/1.1" 304 -
201.245.192.253 - - [04/Apr/2022:14:22:32 -0500] "GET /sipse/faces/javax.faces.resource/jquery/jquery.js?ln=primefaces&v=4.0 HTTP/1.1" 304 -
201.245.192.253 - - [04/Apr/2022:14:22:32 -0500] "GET /sipse/faces/javax.faces.resource/jquery/jquery-plugins.js?ln=primefaces&v=4.0 HTTP/1.1" 304 -
201.245.192.253 - - [04/Apr/2022:14:22:32 -0500] "GET /sipse/faces/javax.faces.resource/primefaces.js?ln=primefaces&v=4.0 HTTP/1.1" 304 -
201.245.192.253 - - [04/Apr/2022:14:22:32 -0500] "GET /sipse/faces/javax.faces.resource/layout/layout.js?ln=primefaces&v=4.0 HTTP/1.1" 304 -
201.245.192.253 - - [04/Apr/2022:14:22:32 -0500] "POST /sipse/faces/presentacion/financiero/solicitudProceso/listarSolicitudProceso.xhtml HTTP/1.1" 200 1452
201.245.192.253 - - [04/Apr/2022:14:22:36 -0500] "POST /sipse/faces/presentacion/financiero/solicitudProceso/listarSolicitudProceso.xhtml HTTP/1.1" 200 59016
201.245.192.253 - - [04/Apr/2022:14:22:37 -0500] "GET /sipse/faces/javax.faces.resource/layout/layout.css?ln=primefaces&v=4.0 HTTP/1.1" 304 -
201.245.192.253 - - [04/Apr/2022:14:22:37 -0500] "GET /sipse/faces/javax.faces.resource/primefaces.css?ln=primefaces&v=4.0 HTTP/1.1" 304 -
201.245.192.253 - - [04/Apr/2022:14:22:37 -0500] "GET /sipse/faces/javax.faces.resource/theme.css?ln=primefaces-sipse HTTP/1.1" 304 -
201.245.192.253 - - [04/Apr/2022:14:22:37 -0500] "GET /sipse/faces/javax.faces.resource/jquery/jquery.js?ln=primefaces&v=4.0 HTTP/1.1" 304 -
201.245.192.253 - - [04/Apr/2022:14:22:37 -0500] "GET /sipse/faces/javax.faces.resource/jquery/jquery-plugins.js?ln=primefaces&v=4.0 HTTP/1.1" 304 -
201.245.192.253 - - [04/Apr/2022:14:22:37 -0500] "GET /sipse/faces/javax.faces.resource/primefaces.js?ln=primefaces&v=4.0 HTTP/1.1" 304 -
201.245.192.253 - - [04/Apr/2022:14:22:37 -0500] "GET /sipse/faces/javax.faces.resource/layout/layout.js?ln=primefaces&v=4.0 HTTP/1.1" 304 -
201.245.192.253 - - [04/Apr/2022:14:22:45 -0500] "POST /sipse/faces/presentacion/financiero/solicitudProceso/crearModificarSolicitudProceso.xhtml HTTP/1.1" 200 26669
200.118.64.109 - - [04/Apr/2022:14:22:58 -0500] "POST /forms/lservlet;jsessionid=ac16012b30d6d1da91fb2017412ab1828b3e17946df0.e3iSbxaKaheRe34Sc38RahyRchr0n6jAmljGr5XDqQLvpAe HTTP/1.1" 200 2
200.118.64.109 - - [04/Apr/2022:14:22:58 -0500] "POST /forms/lservlet;jsessionid=ac16012b30d6d1da91fb2017412ab1828b3e17946df0.e3iSbxaKaheRe34Sc38RahyRchr0n6jAmljGr5XDqQLvpAe HTTP/1.1" 200 14
200.118.64.109 - - [04/Apr/2022:14:22:59 -0500] "POST /forms/lservlet;jsessionid=ac16012b30d6d1da91fb2017412ab1828b3e17946df0.e3iSbxaKaheRe34Sc38RahyRchr0n6jAmljGr5XDqQLvpAe HTTP/1.1" 200 109
200.118.64.109 - - [04/Apr/2022:14:23:00 -0500] "POST /forms/lservlet;jsessionid=ac16012b30d6d1da91fb2017412ab1828b3e17946df0.e3iSbxaKaheRe34Sc38RahyRchr0n6jAmljGr5XDqQLvpAe HTTP/1.1" 200 2
200.118.64.109 - - [04/Apr/2022:14:23:00 -0500] "GET /reports/rwservlet/getjobid74329?server=repnomi HTTP/1.1" 200 47676
201.245.192.253 - - [04/Apr/2022:14:22:21 -0500] "POST /kwsrmcab/Wsrmcab HTTP/1.1" 200 45598
201.245.192.253 - - [04/Apr/2022:14:23:12 -0500] "POST /sipse/faces/presentacion/financiero/solicitudProceso/crearModificarSolicitudProceso.xhtml HTTP/1.1" 200 24589
201.245.192.253 - - [04/Apr/2022:14:23:12 -0500] "GET /sipse/faces/javax.faces.resource/theme.css?ln=primefaces-sipse HTTP/1.1" 304 -
201.245.192.253 - - [04/Apr/2022:14:23:12 -0500] "GET /sipse/faces/javax.faces.resource/primefaces.css?ln=primefaces&v=4.0 HTTP/1.1" 304 -
201.245.192.253 - - [04/Apr/2022:14:23:12 -0500] "GET /sipse/faces/javax.faces.resource/layout/layout.css?ln=primefaces&v=4.0 HTTP/1.1" 304 -
201.245.192.253 - - [04/Apr/2022:14:23:12 -0500] "GET /sipse/faces/javax.faces.resource/primefaces.js?ln=primefaces&v=4.0 HTTP/1.1" 304 -
