201.245.192.253 - - [05/Apr/2022:15:25:47 -0500] "GET /sipse/faces/faces/faces/faces/faces/autenticacion.xhtml HTTP/1.1" 200 12186
201.245.192.253 - - [05/Apr/2022:15:25:47 -0500] "GET /sipse/faces/javax.faces.resource/theme.css?ln=primefaces-sipse HTTP/1.1" 304 -
201.245.192.253 - - [05/Apr/2022:15:25:47 -0500] "GET /sipse/faces/javax.faces.resource/layout/layout.css?ln=primefaces&v=4.0 HTTP/1.1" 304 -
201.245.192.253 - - [05/Apr/2022:15:25:47 -0500] "GET /sipse/faces/javax.faces.resource/primefaces.css?ln=primefaces&v=4.0 HTTP/1.1" 304 -
201.245.192.253 - - [05/Apr/2022:15:25:47 -0500] "GET /sipse/faces/javax.faces.resource/jquery/jquery.js?ln=primefaces&v=4.0 HTTP/1.1" 304 -
201.245.192.253 - - [05/Apr/2022:15:25:47 -0500] "GET /sipse/faces/javax.faces.resource/jquery/jquery-plugins.js?ln=primefaces&v=4.0 HTTP/1.1" 304 -
201.245.192.253 - - [05/Apr/2022:15:25:47 -0500] "GET /sipse/faces/javax.faces.resource/primefaces.js?ln=primefaces&v=4.0 HTTP/1.1" 304 -
201.245.192.253 - - [05/Apr/2022:15:25:47 -0500] "GET /sipse/faces/javax.faces.resource/layout/layout.js?ln=primefaces&v=4.0 HTTP/1.1" 304 -
201.245.192.253 - - [05/Apr/2022:15:25:47 -0500] "GET /sipse/faces/javax.faces.resource/images/ui-icons_898989_256x240.png?ln=primefaces-aristo HTTP/1.1" 304 -
172.22.2.4 - - [05/Apr/2022:15:25:54 -0500] "GET /BLA/boletinlegal/images/background.gif HTTP/1.1" 200 -
200.118.64.109 - - [05/Apr/2022:15:25:58 -0500] "POST /forms/lservlet;jsessionid=ac16012b30d68ad8c1bce99549afaa40af8e8368d743.e3iSbxaKaheRe34Sc38RahyRchr0n6jAmljGr5XDqQLvpAe HTTP/1.1" 200 24
200.118.64.109 - - [05/Apr/2022:15:25:58 -0500] "POST /forms/lservlet;jsessionid=ac16012b30d68ad8c1bce99549afaa40af8e8368d743.e3iSbxaKaheRe34Sc38RahyRchr0n6jAmljGr5XDqQLvpAe HTTP/1.1" 200 14
200.118.64.109 - - [05/Apr/2022:15:25:59 -0500] "POST /forms/lservlet;jsessionid=ac16012b30d68ad8c1bce99549afaa40af8e8368d743.e3iSbxaKaheRe34Sc38RahyRchr0n6jAmljGr5XDqQLvpAe HTTP/1.1" 200 14
200.118.64.109 - - [05/Apr/2022:15:26:01 -0500] "POST /forms/lservlet;jsessionid=ac16012b30d68ad8c1bce99549afaa40af8e8368d743.e3iSbxaKaheRe34Sc38RahyRchr0n6jAmljGr5XDqQLvpAe HTTP/1.1" 200 4216
200.118.64.109 - - [05/Apr/2022:15:26:01 -0500] "POST /forms/lservlet;jsessionid=ac16012b30d68ad8c1bce99549afaa40af8e8368d743.e3iSbxaKaheRe34Sc38RahyRchr0n6jAmljGr5XDqQLvpAe HTTP/1.1" 200 2
172.22.2.4 - - [05/Apr/2022:15:25:24 -0500] "GET /BLA/boletinlegal/ HTTP/1.1" 200 24523
200.118.64.109 - - [05/Apr/2022:15:26:09 -0500] "POST /forms/lservlet;jsessionid=ac16012b30d68ad8c1bce99549afaa40af8e8368d743.e3iSbxaKaheRe34Sc38RahyRchr0n6jAmljGr5XDqQLvpAe HTTP/1.1" 200 2
200.118.64.109 - - [05/Apr/2022:15:26:09 -0500] "POST /forms/lservlet;jsessionid=ac16012b30d68ad8c1bce99549afaa40af8e8368d743.e3iSbxaKaheRe34Sc38RahyRchr0n6jAmljGr5XDqQLvpAe HTTP/1.1" 200 14
200.118.64.109 - - [05/Apr/2022:15:26:10 -0500] "POST /forms/lservlet;jsessionid=ac16012b30d68ad8c1bce99549afaa40af8e8368d743.e3iSbxaKaheRe34Sc38RahyRchr0n6jAmljGr5XDqQLvpAe HTTP/1.1" 200 14
200.118.64.109 - - [05/Apr/2022:15:26:12 -0500] "POST /forms/lservlet;jsessionid=ac16012b30d68ad8c1bce99549afaa40af8e8368d743.e3iSbxaKaheRe34Sc38RahyRchr0n6jAmljGr5XDqQLvpAe HTTP/1.1" 200 14
200.118.64.109 - - [05/Apr/2022:15:26:13 -0500] "POST /forms/lservlet;jsessionid=ac16012b30d68ad8c1bce99549afaa40af8e8368d743.e3iSbxaKaheRe34Sc38RahyRchr0n6jAmljGr5XDqQLvpAe HTTP/1.1" 200 125
200.118.64.109 - - [05/Apr/2022:15:26:14 -0500] "POST /forms/lservlet;jsessionid=ac16012b30d68ad8c1bce99549afaa40af8e8368d743.e3iSbxaKaheRe34Sc38RahyRchr0n6jAmljGr5XDqQLvpAe HTTP/1.1" 200 2
200.118.64.109 - - [05/Apr/2022:15:26:14 -0500] "GET /reports/rwservlet/getjobid74471?server=repnomi HTTP/1.1" 200 1316339
172.22.2.4 - - [05/Apr/2022:15:26:38 -0500] "POST /BLA/boletinlegal/admin/actos/ingresar.php HTTP/1.1" 200 7236
66.249.65.13 - - [05/Apr/2022:15:26:40 -0500] "-" 408 -
216.245.221.92 - - [05/Apr/2022:15:26:52 -0500] "HEAD / HTTP/1.1" 200 -
181.61.206.204 - - [05/Apr/2022:15:27:00 -0500] "GET /BLA/resoluciones/index.php?dir=RESOLUCIONES+2021%2F HTTP/1.1" 200 311384
172.22.2.4 - - [05/Apr/2022:15:25:26 -0500] "GET /BLA/boletinlegal/ HTTP/1.1" 200 46458
172.22.2.4 - - [05/Apr/2022:15:27:06 -0500] "GET /BLA/boletinlegal/favicon.ico HTTP/1.1" 404 1308
200.118.64.109 - - [05/Apr/2022:15:27:26 -0500] "POST /forms/lservlet;jsessionid=ac16012b30d68ad8c1bce99549afaa40af8e8368d743.e3iSbxaKaheRe34Sc38RahyRchr0n6jAmljGr5XDqQLvpAe HTTP/1.1" 200 2
172.22.2.4 - - [05/Apr/2022:15:25:54 -0500] "GET /BLA/boletinlegal/ HTTP/1.1" 200 48513
186.102.30.156 - - [05/Apr/2022:15:27:44 -0500] "GET /kwssiamovil/sm/ldap/au?x=U2FsdGVkX19RiHMuETD9mqvZeJFgLcyCgOlo0oOAAyzm+L1+ZXLf2n2OR1nvmZA+&y=U2FsdGVkX19R0CFv0rBbP9d40x5+WULuWZRXRVq2bHUgvVaHvhrBW/XCsKIiFH20 HTTP/1.1" 200 30
186.102.30.156 - - [05/Apr/2022:15:27:45 -0500] "GET /kwssiamovil/sm/acme/s?s=U2FsdGVkX1+3M7JsRIx7wNCuWKl9BAVtbQ5c3uX1UBEZO4VoA/vmIXEXJkZTI3w7Ne7ufMBOq/YbqGmlmLHEN9SU6DODRA9pv94EMuOfsuE=&u=U2FsdGVkX1/9ytsfaDdRxjHqJbtNO267NQVm7yYiLn4=&y=U2FsdGVkX19R0CFv0rBbP9d40x5+WULuWZRXRVq2bHUgvVaHvhrBW/XCsKIiFH20 HTTP/1.1" 200 97
186.102.30.156 - - [05/Apr/2022:15:27:46 -0500] "GET /kwssiamovil/sm/ldap/au?x=U2FsdGVkX1/xlF6EzuoEbbjzqprt+K7sYrWP/dbPe61PZ8/XO5+9jg8kG8FrDihh&y=U2FsdGVkX1944IjHrFvjrbSbXolFMtnCi9uIX5Lfmu9E+Pda24VOfeZSxASUZF+n HTTP/1.1" 200 30
186.102.30.156 - - [05/Apr/2022:15:27:46 -0500] "GET /kwssiamovil/sm/acme/s?s=U2FsdGVkX18ig0QlvXjCv8BB2Wxcx36c5RZOKpelXhhbnGSIb9/gQ1pTDRc9yIHsh3DkmOY6CrGodSOuf+YEYVKFiorEDNz21mYW19BY98wiezsnAiTPX0rUrkep4qv9PE/MYQI+ZmxM8/XCcTU+kJRvRBY2nyHh/iN8/XIsz4KK1zVKFx9zdUVpcauuaT3stNOR5Mwnl4fSknWQ/8+06LSgh8EAo2t/pgsnlBu3TQoOrbniKIn/qkPjNmsYU8YIR1lhfo7BCgyNWxOHReySUz137/qaFlQY+bNnpazPlODMj/0NtC9XbC3hSSWEk8l4hH42I6mjCGJ5V5thon5CMZTFBfCD/OZzglTF9mDuTGrvZiwZf3EcUW1hautiwPmKj2cadzYtbv1+Tm4jMjQGtRRI0wFtf9ZpzfcfmdbP/+tkbIyDxX9FHu8rkjON8rbirNarEkTnPiagljDMTA5QyoSY77kWKWjE7oTn4U0elue4HrP1yV8RtLvv75CnpbwJ9uJ8kJdp4LRBnBiZ5SL3jKF2CllkiwuIDcu2Djkp41ydVe+U05iI3bk2bRi2/bFpwIMDXT6XKTtC8xUqu1caFgY9PYwJGDcO1+3Mp/wGb9Sxe0gq6DbfayKDI+Jvt2Mt61NihOOuN2ZRJ6xUgGkkaQt9wK8qY7xJJ4TwtyxswsOptlsQpsT3rPSBRmS4I6Y9LZopi4zmIY0xcfu+rjLZIHMD4rymSr2hnnMUZWTQgk/aTnUldWlhZrHGKmoTlhvFaZCeCdiUzANDJ78VfLYh1PaqEaG4o8m4M1UPAd3vMi9wS4iwKm0rTY+4BV2GGkfjf4YrPrJrPSOcrfOyHIlyCjPW8THz6t8xI8T3hkySsHInfx34bACWn6GORA4uokkeK0Iosf0w4kPSvFS+miGCidG0txqhy0vtJwN+jVkTfgLrgK92WxX6G4b4hWzKp74e0lhPJieqdnJY7ispU5mPQX0AwZpBkW/BxAdaADw3HqNfX/9lFGwbfUH384p0Z+pH+B4Ii/skcp1pNhhavulbw4BoJvS3yXZ55NTmcgJDq1eleOwrJ8Q+whfqcR3c/7ZhKyDOZi3hBgWmo9f9gynReFduieIMt4Np2Ive8xxrMLg=&u=U2FsdGVkX1/9ytsfaDdRxjHqJbtNO267NQVm7yYiLn4=&y=U2FsdGVkX19R0CFv0rBbP9d40x5+WULuWZRXRVq2bHUgvVaHvhrBW/XCsKIiFH20 HTTP/1.1" 200 66
186.102.30.156 - - [05/Apr/2022:15:27:46 -0500] "GET /kwssiamovil/sm/acme/s?s=U2FsdGVkX1/a2UAfGRCDoMhuwzVrc66JG4O29hHJQrlOzqiEu6NylCQ8DTPS1lgUItJpH9BOTIeqED3TAIZFg2zAhEXw8J7dpnWpJ7xHorU=&u=U2FsdGVkX1/9FlgTc2HRMoX65m/jq0pdJgA3t6iNiDY=&y=U2FsdGVkX1944IjHrFvjrbSbXolFMtnCi9uIX5Lfmu9E+Pda24VOfeZSxASUZF+n HTTP/1.1" 200 97
186.102.30.156 - - [05/Apr/2022:15:27:46 -0500] "GET /kwssiamovil/sm/acme/s?s=U2FsdGVkX193gnxJTRd9ldDlwveLw1o/z+1/u/DPgf1EcUknvWU2u5u+aM+ho3Qd2AJYpLe7GspDMidNyBjVdpFmQuO9QHSOaIIQEjO0hjOEIWz2bPhNb9xN/KWbAnsvMdw0XJIVuyU38ckYIO8UAXNurq8Tm1EHViLQcE4xBUS5Slo1UvpAHzsEfSem3MXRgM6gFJfse/Ji7zIhEv1nxr0ZIwyb2efQ2yP3uNlMn5oiNRFmr43ceu3dHeARPGb1wlYLjpUG8+VMVC3qxytVXgF6SMU/iklW7Y5Fl3CMeI5tS7ERExD4ufRsLgMf//vBk5lliiPjoKyn3sn+vz0yLA==&u=U2FsdGVkX1/9ytsfaDdRxjHqJbtNO267NQVm7yYiLn4=&y=U2FsdGVkX19R0CFv0rBbP9d40x5+WULuWZRXRVq2bHUgvVaHvhrBW/XCsKIiFH20 HTTP/1.1" 200 66
186.102.30.156 - - [05/Apr/2022:15:27:48 -0500] "GET /kwssiamovil/sm/acme/s?s=U2FsdGVkX1+ZsJitstlVymjp+WU9a8nXV0hfCsvvS/oIFtAC0fp3LiPGQUOZoh1f5uaqlqSVxJU1ZeqrgZRczaVONgK/nNHUm6J9+A0/iK/Cgb+rIAKFyYjSOV/pZfRMjVnU6CnW+iCPTcVXh6sQOsvcwO/ph9/MAC7mea9ztabrXxx/BX3ag9kPer5mlNo+5dpXBAzVG+hqbf4fcHj71La8uCUGYo7Ixx1qEF20pI6VOsbDbIJ/HIdNor2Q13j+ONJ8afZ0pjKeINfoiAxFeK/GSt2uYfY0SN8iMhayeE0x/dNg4mISliOX5PdKs5RZeP+8RuAqqN3tQe0gKlp6DYRXdgKAL7fO5JNXQ232Ee+aXlWUuavIpGReX39R7BQnX9moY13bs5lHbEDkxPhP8qSHApXvHA4NN2TDTbYPz7b9VTbBRyVzyMw3aBBC3FaRwpwg+wemHhL+kCpGzPggoKCeRkde06crcyOO4zhLlWLv9mKxlAifCQ0nzHLn/aIwlzk9tAYO1p2dZYiJGtL5zhPmnimhzNipkDKNTtW5Gjl62b2mMxzwZgpX/9arUWYSO25pIbWxY4bvuA+hCtfC7uIlUG9vXXMHY0d93qVdKqsc7nyDC/RQOYGC9pRNLYmMRbYRSob2l5F60FYzx8T2j7Yaofn+KD7PAIIDzuABrzimcHmWLb8EgO1T9ezBRb3pby7/1oiWqjI2p97oExAnxHJj3W+/vqfSzY2zwDIek3nAFlEqLDaNSUr/3Fo7DRGtZOvH2VQIJ5zbVOGNY1NUq5MSZW5vByVds1N6tu3L0DI2SPp3vR5KdvYPkDH08EqAUjT6dKKotpvI43Zv+Rf9nWt26zbrNB8ANRztQyGLFzwW4NbeDwXc4u3i7HGLkGemTrOvtwALR7Rf1G7wwHtkVqBa0VFJ079kFd80G3ZBvfdziukpKrD1q3dOVxJfw91ZGU7XwFLCvPwqPFhIQM1SANCeTPtEwOLhllfGGzZcJfZ6D7umY096RJv8IaVWjhbTDRropej3cnWjeR6UqvFDQI8UWIfN624MerxU+k+fJpd+nFN9QWvorB5bmL2AWVCqXHkpHarM4WnzvkCkq0leLXvQXEOeSqGbbHYl8lmuE/U=&u=U2FsdGVkX1/9FlgTc2HRMoX65m/jq0pdJgA3t6iNiDY=&y=U2FsdGVkX1944IjHrFvjrbSbXolFMtnCi9uIX5Lfmu9E+Pda24VOfeZSxASUZF+n HTTP/1.1" 200 692
186.102.30.156 - - [05/Apr/2022:15:27:49 -0500] "GET /kwssiamovil/sm/acme/s?s=U2FsdGVkX1+KQ5ap7h503O7dxyr/KZTlXsDmvdsuY2R3rwuChpocKYfjty6gvKCC&u=U2FsdGVkX1/9FlgTc2HRMoX65m/jq0pdJgA3t6iNiDY=&y=U2FsdGVkX1944IjHrFvjrbSbXolFMtnCi9uIX5Lfmu9E+Pda24VOfeZSxASUZF+n HTTP/1.1" 200 70
186.102.30.156 - - [05/Apr/2022:15:27:49 -0500] "GET /kwssiamovil/sm/acme/s?s=U2FsdGVkX1/JwlIjTsxfz9bMYtf8O3pI4gkVCE+TjH6B8W5JDyKX0OIiLJ/C5dm7&u=U2FsdGVkX1/9FlgTc2HRMoX65m/jq0pdJgA3t6iNiDY=&y=U2FsdGVkX1944IjHrFvjrbSbXolFMtnCi9uIX5Lfmu9E+Pda24VOfeZSxASUZF+n HTTP/1.1" 200 70
186.102.30.156 - - [05/Apr/2022:15:27:50 -0500] "GET /kwssiamovil/sm/acme/s?s=U2FsdGVkX18k9OewT7NUDonG6aIX+tnugW4OxasAoMQKyH+J1KmV6tNZy6frfK7oCOwl7YX0UjUnAaKfkftaoglPkLMJY4Ke1DtNwWUssF+hWtI+A9FnKHT3+PNBBKDbg35NnMjQgJ11BlD0wbmDtOSicx6pnCMsJhietge31rn1lh5zw03SLcMyCP9WslYjIQuUJMsfGKghqAgHZc+a4Z+llZuCf+HslsJushS9eMQW/7zNYVSRX39QHVtxR/WluvLBEqCXdZsPpfAdCZqNeuauHhtDojYTXMijJSHHCYx955iXskS8LSbxzluhkw2xmzLi9eLnBpZ8cWR8pqTlWw==&u=U2FsdGVkX1/9FlgTc2HRMoX65m/jq0pdJgA3t6iNiDY=&y=U2FsdGVkX1944IjHrFvjrbSbXolFMtnCi9uIX5Lfmu9E+Pda24VOfeZSxASUZF+n HTTP/1.1" 200 196
172.22.2.4 - - [05/Apr/2022:15:28:04 -0500] "POST /BLA/boletinlegal/admin/actos/ingresar.php HTTP/1.1" 200 7236
172.22.2.4 - - [05/Apr/2022:15:27:29 -0500] "HEAD /BLA/boletinlegal/ HTTP/1.1" 200 -
200.118.64.109 - - [05/Apr/2022:15:29:26 -0500] "POST /forms/lservlet;jsessionid=ac16012b30d68ad8c1bce99549afaa40af8e8368d743.e3iSbxaKaheRe34Sc38RahyRchr0n6jAmljGr5XDqQLvpAe HTTP/1.1" 200 2
172.22.2.4 - - [05/Apr/2022:15:29:37 -0500] "POST /BLA/boletinlegal/admin/actos/ingresar.php HTTP/1.1" 200 7236
5.161.87.68 - - [05/Apr/2022:15:29:47 -0500] "GET /BLA/resoluciones/RESOLUCIONES%202019/1070.pdf HTTP/1.1" 200 2897964
172.22.2.4 - - [05/Apr/2022:15:28:19 -0500] "GET /BLA/boletinlegal/ HTTP/1.1" 200 56669
172.22.2.4 - - [05/Apr/2022:15:30:54 -0500] "POST /BLA/boletinlegal/admin/actos/ingresar.php HTTP/1.1" 200 7236
172.22.2.4 - - [05/Apr/2022:15:31:02 -0500] "GET /BLA/boletinlegal/actos.php HTTP/1.1" 200 9559
172.22.2.4 - - [05/Apr/2022:15:31:02 -0500] "GET /BLA/boletinlegal/styles2.css HTTP/1.1" 200 1838
172.22.2.4 - - [05/Apr/2022:15:31:02 -0500] "GET /BLA/boletinlegal/style.css HTTP/1.1" 200 9406
172.22.2.4 - - [05/Apr/2022:15:31:02 -0500] "GET /BLA/boletinlegal/niceforms-default.css HTTP/1.1" 200 6694
172.22.2.4 - - [05/Apr/2022:15:31:02 -0500] "GET /BLA/boletinlegal/niceforms.js HTTP/1.1" 200 22876
172.22.2.4 - - [05/Apr/2022:15:31:02 -0500] "GET /BLA/boletinlegal/js/lib.js HTTP/1.1" 200 6474
172.22.2.4 - - [05/Apr/2022:15:31:02 -0500] "GET /BLA/boletinlegal/js/ajax_actos.js HTTP/1.1" 200 1322
172.22.2.4 - - [05/Apr/2022:15:31:02 -0500] "GET /BLA/boletinlegal/js/jquery1.js HTTP/1.1" 200 29846
172.22.2.4 - - [05/Apr/2022:15:31:02 -0500] "GET /BLA/boletinlegal/js/popup.js HTTP/1.1" 200 1270
172.22.2.4 - - [05/Apr/2022:15:31:02 -0500] "GET /BLA/boletinlegal/images/green-yellow-blue-pink-th.png HTTP/1.1" 200 7394
172.22.2.4 - - [05/Apr/2022:15:31:02 -0500] "GET /BLA/boletinlegal/images/abajo.png HTTP/1.1" 200 96676
172.22.2.4 - - [05/Apr/2022:15:31:02 -0500] "GET /BLA/boletinlegal/images/historia.png HTTP/1.1" 200 52775
172.22.2.4 - - [05/Apr/2022:15:31:02 -0500] "GET /BLA/boletinlegal/images/subscribe-icon-big.png HTTP/1.1" 200 47702
172.22.2.4 - - [05/Apr/2022:15:31:02 -0500] "GET /BLA/boletinlegal/images/cabezote%20BLEGAL.jpg HTTP/1.1" 200 118164
172.22.2.4 - - [05/Apr/2022:15:31:02 -0500] "GET /BLA/boletinlegal/images/registro-usuarios.png HTTP/1.1" 200 8106
172.22.2.4 - - [05/Apr/2022:15:31:02 -0500] "GET /BLA/boletinlegal/images/tel.png HTTP/1.1" 200 14477
172.22.2.4 - - [05/Apr/2022:15:31:02 -0500] "GET /BLA/boletinlegal/images/icono-email.png HTTP/1.1" 200 5544
172.22.2.4 - - [05/Apr/2022:15:31:02 -0500] "GET /BLA/boletinlegal/images/body_bg.jpg HTTP/1.1" 200 1601
172.22.2.4 - - [05/Apr/2022:15:31:02 -0500] "GET /BLA/boletinlegal/images/menu_lft.gif HTTP/1.1" 200 1713
172.22.2.4 - - [05/Apr/2022:15:31:02 -0500] "GET /BLA/boletinlegal/images/menu_rght.gif HTTP/1.1" 200 1627
172.22.2.4 - - [05/Apr/2022:15:31:02 -0500] "GET /BLA/boletinlegal/images/bg_top.jpg HTTP/1.1" 200 522
172.22.2.4 - - [05/Apr/2022:15:31:02 -0500] "GET /BLA/boletinlegal/images/menu_bg.jpg HTTP/1.1" 200 620
172.22.2.4 - - [05/Apr/2022:15:31:02 -0500] "GET /BLA/boletinlegal/images/hover.jpg HTTP/1.1" 200 640
172.22.2.4 - - [05/Apr/2022:15:31:02 -0500] "GET /BLA/boletinlegal/images/text.jpg HTTP/1.1" 200 568
172.22.2.4 - - [05/Apr/2022:15:31:02 -0500] "GET /BLA/boletinlegal/images/footer_bg.jpg HTTP/1.1" 200 586
172.22.2.4 - - [05/Apr/2022:15:31:02 -0500] "GET /BLA/boletinlegal/images/footer_bg_l.jpg HTTP/1.1" 200 776
172.22.2.4 - - [05/Apr/2022:15:31:02 -0500] "GET /BLA/boletinlegal/img/select-left.png HTTP/1.1" 200 263
172.22.2.4 - - [05/Apr/2022:15:31:02 -0500] "GET /BLA/boletinlegal/img/select-right.png HTTP/1.1" 200 44019
172.22.2.4 - - [05/Apr/2022:15:31:02 -0500] "GET /BLA/boletinlegal/img/0.png HTTP/1.1" 200 110
172.22.2.4 - - [05/Apr/2022:15:31:02 -0500] "GET /BLA/boletinlegal/img/button.png HTTP/1.1" 200 43241
172.22.2.4 - - [05/Apr/2022:15:31:02 -0500] "GET /BLA/boletinlegal/img/button-left.png HTTP/1.1" 200 57071
172.22.2.4 - - [05/Apr/2022:15:31:02 -0500] "GET /BLA/boletinlegal/img/button-right.png HTTP/1.1" 200 57878
172.22.2.4 - - [05/Apr/2022:15:31:02 -0500] "GET /BLA/boletinlegal/favicon.ico HTTP/1.1" 404 1326
186.28.113.137 - - [05/Apr/2022:15:31:10 -0500] "OPTIONS /kwssiamovil/sm/setfile/f HTTP/1.1" 200 13
186.28.113.137 - - [05/Apr/2022:15:31:10 -0500] "POST /kwssiamovil/sm/setfile/f HTTP/1.1" 200 381
172.22.2.4 - - [05/Apr/2022:15:31:18 -0500] "GET /BLA/boletinlegal/Circulares/2021/CIRCULAR%20No.%2000007%20DEL%2010%20DE%20AGOSTO%20DEL%202021.pdf HTTP/1.1" 200 266364
172.22.2.4 - - [05/Apr/2022:15:31:19 -0500] "GET /BLA/boletinlegal/favicon.ico HTTP/1.1" 404 1404
200.118.64.109 - - [05/Apr/2022:15:31:26 -0500] "POST /forms/lservlet;jsessionid=ac16012b30d68ad8c1bce99549afaa40af8e8368d743.e3iSbxaKaheRe34Sc38RahyRchr0n6jAmljGr5XDqQLvpAe HTTP/1.1" 200 2
181.237.42.244 - - [05/Apr/2022:15:31:32 -0500] "GET /documents/10184/2325415/pieza-concurso-buenas-practicas-20-septiembre.jpg HTTP/1.1" 404 1132
172.22.2.4 - - [05/Apr/2022:15:31:49 -0500] "GET /BLA/boletinlegal/actos.php HTTP/1.1" 200 9559
172.22.2.4 - - [05/Apr/2022:15:31:49 -0500] "GET /BLA/boletinlegal/favicon.ico HTTP/1.1" 404 1326
172.22.2.4 - - [05/Apr/2022:15:31:52 -0500] "GET /BLA/boletinlegal/consulta_actos.php?tipo=autos&no=&usuario=&sector=&fecha=2021&resuelve=Corredores%20ecol%F3gicos%20de%20ronda HTTP/1.1" 200 626
216.245.221.92 - - [05/Apr/2022:15:31:52 -0500] "HEAD / HTTP/1.1" 200 -
172.22.2.4 - - [05/Apr/2022:15:32:00 -0500] "GET /BLA/boletinlegal/consulta_actos.php?tipo=autos&no=6742&usuario=&sector=&fecha=2021&resuelve= HTTP/1.1" 200 1129
200.118.64.109 - - [05/Apr/2022:15:32:02 -0500] "POST /forms/lservlet;jsessionid=ac16012b30d68ad8c1bce99549afaa40af8e8368d743.e3iSbxaKaheRe34Sc38RahyRchr0n6jAmljGr5XDqQLvpAe HTTP/1.1" 200 2
200.118.64.109 - - [05/Apr/2022:15:32:02 -0500] "POST /forms/lservlet;jsessionid=ac16012b30d68ad8c1bce99549afaa40af8e8368d743.e3iSbxaKaheRe34Sc38RahyRchr0n6jAmljGr5XDqQLvpAe HTTP/1.1" 200 2397
200.118.64.109 - - [05/Apr/2022:15:32:02 -0500] "GET /imagenes/Srch_frw.gif HTTP/1.1" 200 925
200.118.64.109 - - [05/Apr/2022:15:32:02 -0500] "POST /forms/lservlet;jsessionid=ac16012b30d68ad8c1bce99549afaa40af8e8368d743.e3iSbxaKaheRe34Sc38RahyRchr0n6jAmljGr5XDqQLvpAe HTTP/1.1" 200 10
172.22.2.4 - - [05/Apr/2022:15:31:43 -0500] "GET /BLA/boletinlegal/ HTTP/1.1" 200 24523
172.22.2.4 - - [05/Apr/2022:15:32:21 -0500] "POST /BLA/boletinlegal/admin/actos/ingresar.php HTTP/1.1" 200 7236
66.249.65.13 - - [05/Apr/2022:15:32:25 -0500] "-" 408 -
201.245.192.253 - - [05/Apr/2022:15:32:16 -0500] "POST /kwsrmcab/Wsrmcab HTTP/1.1" 200 45429
191.156.128.109 - - [05/Apr/2022:15:33:18 -0500] "GET /si-eres-mujer-y-te-gusta-el-cuidado-de-los-humedales-este-proceso-de-formacion-es-para-ti.html HTTP/1.1" 200 1025
200.118.64.109 - - [05/Apr/2022:15:33:26 -0500] "POST /forms/lservlet;jsessionid=ac16012b30d68ad8c1bce99549afaa40af8e8368d743.e3iSbxaKaheRe34Sc38RahyRchr0n6jAmljGr5XDqQLvpAe HTTP/1.1" 200 2
186.155.17.140 - - [05/Apr/2022:15:33:39 -0500] "GET /si-eres-mujer-y-te-gusta-el-cuidado-de-los-humedales-este-proceso-de-formacion-es-para-ti.html HTTP/1.1" 200 1025
172.22.2.4 - - [05/Apr/2022:15:33:41 -0500] "POST /BLA/boletinlegal/admin/actos/ingresar.php HTTP/1.1" 200 7236
201.245.192.253 - - [05/Apr/2022:15:33:03 -0500] "POST /kwsrmcab/Wsrmcab HTTP/1.1" 200 45082
172.22.2.4 - - [05/Apr/2022:15:33:19 -0500] "HEAD /BLA/boletinlegal/ HTTP/1.1" 200 -
201.245.192.253 - - [05/Apr/2022:15:35:00 -0500] "POST /sipse/faces/presentacion/proyectos/proyecto/proyecto.xhtml HTTP/1.1" 200 7612
172.22.2.4 - - [05/Apr/2022:15:35:02 -0500] "POST /BLA/boletinlegal/admin/actos/ingresar.php HTTP/1.1" 200 7236
201.245.192.253 - - [05/Apr/2022:15:35:02 -0500] "POST /sipse/faces/presentacion/proyectos/proyecto/proyecto.xhtml HTTP/1.1" 200 6422
201.245.192.253 - - [05/Apr/2022:15:35:03 -0500] "POST /sipse/faces/presentacion/proyectos/proyecto/proyecto.xhtml HTTP/1.1" 200 35518
201.245.192.253 - - [05/Apr/2022:15:35:04 -0500] "GET /sipse/faces/javax.faces.resource/theme.css?ln=primefaces-sipse HTTP/1.1" 304 -
201.245.192.253 - - [05/Apr/2022:15:35:04 -0500] "GET /sipse/faces/javax.faces.resource/primefaces.css?ln=primefaces&v=4.0 HTTP/1.1" 304 -
201.245.192.253 - - [05/Apr/2022:15:35:04 -0500] "GET /sipse/faces/javax.faces.resource/layout/layout.css?ln=primefaces&v=4.0 HTTP/1.1" 304 -
201.245.192.253 - - [05/Apr/2022:15:35:04 -0500] "GET /sipse/faces/javax.faces.resource/jquery/jquery.js?ln=primefaces&v=4.0 HTTP/1.1" 304 -
201.245.192.253 - - [05/Apr/2022:15:35:04 -0500] "GET /sipse/faces/javax.faces.resource/jquery/jquery-plugins.js?ln=primefaces&v=4.0 HTTP/1.1" 304 -
201.245.192.253 - - [05/Apr/2022:15:35:04 -0500] "GET /sipse/faces/javax.faces.resource/primefaces.js?ln=primefaces&v=4.0 HTTP/1.1" 304 -
201.245.192.253 - - [05/Apr/2022:15:35:04 -0500] "GET /sipse/faces/javax.faces.resource/layout/layout.js?ln=primefaces&v=4.0 HTTP/1.1" 304 -
201.245.192.253 - - [05/Apr/2022:15:35:04 -0500] "GET /sipse/css/imagen/contrasena.png HTTP/1.1" 404 383
201.245.192.253 - - [05/Apr/2022:15:35:05 -0500] "POST /sipse/faces/presentacion/financiero/solicitudProceso/solicitudProcesoOtrosPagos.xhtml HTTP/1.1" 200 38620
201.245.192.253 - - [05/Apr/2022:15:35:06 -0500] "GET /sipse/faces/javax.faces.resource/primefaces.css?ln=primefaces&v=4.0 HTTP/1.1" 304 -
201.245.192.253 - - [05/Apr/2022:15:35:06 -0500] "GET /sipse/faces/javax.faces.resource/theme.css?ln=primefaces-sipse HTTP/1.1" 304 -
201.245.192.253 - - [05/Apr/2022:15:35:06 -0500] "GET /sipse/faces/javax.faces.resource/layout/layout.css?ln=primefaces&v=4.0 HTTP/1.1" 304 -
201.245.192.253 - - [05/Apr/2022:15:35:06 -0500] "GET /sipse/faces/javax.faces.resource/jquery/jquery.js?ln=primefaces&v=4.0 HTTP/1.1" 304 -
201.245.192.253 - - [05/Apr/2022:15:35:06 -0500] "GET /sipse/faces/javax.faces.resource/jquery/jquery-plugins.js?ln=primefaces&v=4.0 HTTP/1.1" 304 -
201.245.192.253 - - [05/Apr/2022:15:35:06 -0500] "GET /sipse/faces/javax.faces.resource/primefaces.js?ln=primefaces&v=4.0 HTTP/1.1" 304 -
201.245.192.253 - - [05/Apr/2022:15:35:06 -0500] "GET /sipse/faces/javax.faces.resource/layout/layout.js?ln=primefaces&v=4.0 HTTP/1.1" 304 -
201.245.192.253 - - [05/Apr/2022:15:35:06 -0500] "POST /sipse/faces/presentacion/financiero/solicitudProceso/listarSolicitudProceso.xhtml HTTP/1.1" 200 32022
201.245.192.253 - - [05/Apr/2022:15:35:07 -0500] "POST /sipse/faces/presentacion/financiero/solicitudProceso/listarSolicitudProceso.xhtml HTTP/1.1" 200 1324
201.245.192.253 - - [05/Apr/2022:15:35:07 -0500] "POST /sipse/faces/presentacion/financiero/solicitudProceso/listarSolicitudProceso.xhtml HTTP/1.1" 200 1324
201.245.192.253 - - [05/Apr/2022:15:35:07 -0500] "POST /sipse/faces/presentacion/financiero/solicitudProceso/listarSolicitudProceso.xhtml HTTP/1.1" 200 184
201.245.192.253 - - [05/Apr/2022:15:35:07 -0500] "POST /sipse/faces/presentacion/financiero/solicitudProceso/listarSolicitudProceso.xhtml HTTP/1.1" 200 184
201.245.192.253 - - [05/Apr/2022:15:35:07 -0500] "GET /sipse/faces/presentacion/financiero/solicitudAnulacion/solicitudAnulacion.xhtml HTTP/1.1" 200 15757
201.245.192.253 - - [05/Apr/2022:15:35:07 -0500] "POST /sipse/faces/presentacion/financiero/solicitudProceso/listarSolicitudProceso.xhtml HTTP/1.1" 200 184
201.245.192.253 - - [05/Apr/2022:15:35:07 -0500] "GET /sipse/faces/presentacion/financiero/solicitudAnulacion/solicitudAnulacion.xhtml HTTP/1.1" 200 17805
201.245.192.253 - - [05/Apr/2022:15:35:07 -0500] "GET /sipse/faces/presentacion/financiero/solicitudAnulacion/solicitudAnulacion.xhtml HTTP/1.1" 200 39333
201.245.192.253 - - [05/Apr/2022:15:35:07 -0500] "GET /sipse/faces/javax.faces.resource/theme.css?ln=primefaces-sipse HTTP/1.1" 304 -
201.245.192.253 - - [05/Apr/2022:15:35:07 -0500] "GET /sipse/faces/javax.faces.resource/primefaces.css?ln=primefaces&v=4.0 HTTP/1.1" 304 -
201.245.192.253 - - [05/Apr/2022:15:35:07 -0500] "GET /sipse/faces/javax.faces.resource/jquery/jquery-plugins.js?ln=primefaces&v=4.0 HTTP/1.1" 304 -
201.245.192.253 - - [05/Apr/2022:15:35:07 -0500] "GET /sipse/faces/javax.faces.resource/layout/layout.css?ln=primefaces&v=4.0 HTTP/1.1" 304 -
201.245.192.253 - - [05/Apr/2022:15:35:07 -0500] "GET /sipse/faces/javax.faces.resource/primefaces.js?ln=primefaces&v=4.0 HTTP/1.1" 304 -
201.245.192.253 - - [05/Apr/2022:15:35:07 -0500] "GET /sipse/faces/javax.faces.resource/jquery/jquery.js?ln=primefaces&v=4.0 HTTP/1.1" 304 -
201.245.192.253 - - [05/Apr/2022:15:35:07 -0500] "GET /sipse/faces/javax.faces.resource/layout/layout.js?ln=primefaces&v=4.0 HTTP/1.1" 304 -
201.245.192.253 - - [05/Apr/2022:15:35:07 -0500] "POST /sipse/faces/presentacion/financiero/solicitudAnulacion/solicitudAnulacion.xhtml HTTP/1.1" 200 10468
201.245.192.253 - - [05/Apr/2022:15:35:07 -0500] "GET /sipse/faces/javax.faces.resource/messages/messages.png?ln=primefaces&v=4.0 HTTP/1.1" 304 -
200.118.64.109 - - [05/Apr/2022:15:35:26 -0500] "POST /forms/lservlet;jsessionid=ac16012b30d68ad8c1bce99549afaa40af8e8368d743.e3iSbxaKaheRe34Sc38RahyRchr0n6jAmljGr5XDqQLvpAe HTTP/1.1" 200 2
172.22.2.4 - - [05/Apr/2022:15:35:29 -0500] "GET /BLA/boletinlegal/jurisprudencia/analisis/SENTENCIA%20C-703%20DE%202010.xls HTTP/1.1" 200 38912
172.22.2.4 - - [05/Apr/2022:15:34:09 -0500] "GET /BLA/boletinlegal/ HTTP/1.1" 200 51365
181.61.164.108 - - [05/Apr/2022:15:35:57 -0500] "GET /BLA/resoluciones/index.php?dir=RESOLUCIONES+2002%2FRES+2002+651-700%2F HTTP/1.1" 200 12213
181.61.164.108 - - [05/Apr/2022:15:35:59 -0500] "GET /BLA/resoluciones/RESOLUCIONES%202002/RES%202002%20651-700/00000651.tif HTTP/1.1" 200 211272
181.61.164.108 - - [05/Apr/2022:15:36:00 -0500] "GET /BLA/resoluciones/RESOLUCIONES%202002/RES%202002%20651-700/00000652.tif HTTP/1.1" 200 101194
181.61.164.108 - - [05/Apr/2022:15:36:01 -0500] "GET /BLA/resoluciones/RESOLUCIONES%202002/RES%202002%20651-700/00000653.tif HTTP/1.1" 200 94178
181.61.164.108 - - [05/Apr/2022:15:36:01 -0500] "GET /BLA/resoluciones/RESOLUCIONES%202002/RES%202002%20651-700/00000654.tif HTTP/1.1" 200 64068
181.61.164.108 - - [05/Apr/2022:15:36:04 -0500] "GET /BLA/resoluciones/RESOLUCIONES%202002/RES%202002%20651-700/00000655.tif HTTP/1.1" 200 82638
181.61.164.108 - - [05/Apr/2022:15:36:06 -0500] "GET /BLA/resoluciones/RESOLUCIONES%202002/RES%202002%20651-700/00000656.tif HTTP/1.1" 200 66164
181.61.164.108 - - [05/Apr/2022:15:36:07 -0500] "GET /BLA/resoluciones/RESOLUCIONES%202002/RES%202002%20651-700/00000657.tif HTTP/1.1" 200 100468
181.61.164.108 - - [05/Apr/2022:15:36:08 -0500] "GET /BLA/resoluciones/RESOLUCIONES%202002/RES%202002%20651-700/00000658.tif HTTP/1.1" 200 60228
181.61.164.108 - - [05/Apr/2022:15:36:09 -0500] "GET /BLA/resoluciones/RESOLUCIONES%202002/RES%202002%20651-700/00000659.tif HTTP/1.1" 200 68884
181.61.164.108 - - [05/Apr/2022:15:36:10 -0500] "GET /BLA/resoluciones/RESOLUCIONES%202002/RES%202002%20651-700/00000660.tif HTTP/1.1" 200 132716
181.61.164.108 - - [05/Apr/2022:15:36:11 -0500] "GET /BLA/resoluciones/RESOLUCIONES%202002/RES%202002%20651-700/00000661.tif HTTP/1.1" 200 69194
181.61.164.108 - - [05/Apr/2022:15:36:11 -0500] "GET /BLA/resoluciones/RESOLUCIONES%202002/RES%202002%20651-700/00000662.tif HTTP/1.1" 200 44300
181.61.164.108 - - [05/Apr/2022:15:36:12 -0500] "GET /BLA/resoluciones/RESOLUCIONES%202002/RES%202002%20651-700/00000663.tif HTTP/1.1" 200 47004
181.61.164.108 - - [05/Apr/2022:15:36:14 -0500] "GET /BLA/resoluciones/RESOLUCIONES%202002/RES%202002%20651-700/00000664.tif HTTP/1.1" 200 45072
181.61.164.108 - - [05/Apr/2022:15:36:15 -0500] "GET /BLA/resoluciones/RESOLUCIONES%202002/RES%202002%20651-700/00000665.tif HTTP/1.1" 200 46266
172.22.2.4 - - [05/Apr/2022:15:36:15 -0500] "POST /BLA/boletinlegal/admin/actos/ingresar.php HTTP/1.1" 200 7236
181.61.164.108 - - [05/Apr/2022:15:36:16 -0500] "GET /BLA/resoluciones/RESOLUCIONES%202002/RES%202002%20651-700/00000666.tif HTTP/1.1" 200 44154
181.61.164.108 - - [05/Apr/2022:15:36:17 -0500] "GET /BLA/resoluciones/RESOLUCIONES%202002/RES%202002%20651-700/00000667.tif HTTP/1.1" 200 76620
181.61.164.108 - - [05/Apr/2022:15:36:18 -0500] "GET /BLA/resoluciones/RESOLUCIONES%202002/RES%202002%20651-700/00000668.tif HTTP/1.1" 200 137742
181.61.164.108 - - [05/Apr/2022:15:36:19 -0500] "GET /BLA/resoluciones/RESOLUCIONES%202002/RES%202002%20651-700/00000669.tif HTTP/1.1" 200 77896
181.61.164.108 - - [05/Apr/2022:15:36:20 -0500] "GET /BLA/resoluciones/RESOLUCIONES%202002/RES%202002%20651-700/00000670.tif HTTP/1.1" 200 95948
181.61.164.108 - - [05/Apr/2022:15:36:21 -0500] "GET /BLA/resoluciones/RESOLUCIONES%202002/RES%202002%20651-700/00000671.tif HTTP/1.1" 200 95974
181.61.164.108 - - [05/Apr/2022:15:36:22 -0500] "GET /BLA/resoluciones/RESOLUCIONES%202002/RES%202002%20651-700/00000672.tif HTTP/1.1" 200 92342
181.61.164.108 - - [05/Apr/2022:15:36:23 -0500] "GET /BLA/resoluciones/RESOLUCIONES%202002/RES%202002%20651-700/00000673.tif HTTP/1.1" 200 46486
181.61.164.108 - - [05/Apr/2022:15:36:30 -0500] "GET /BLA/resoluciones/RESOLUCIONES%202002/RES%202002%20651-700/00000674.tif HTTP/1.1" 200 57210
181.61.164.108 - - [05/Apr/2022:15:36:31 -0500] "GET /BLA/resoluciones/RESOLUCIONES%202002/RES%202002%20651-700/00000675.tif HTTP/1.1" 200 51506
181.61.164.108 - - [05/Apr/2022:15:36:32 -0500] "GET /BLA/resoluciones/RESOLUCIONES%202002/RES%202002%20651-700/00000676.tif HTTP/1.1" 200 93970
181.61.164.108 - - [05/Apr/2022:15:36:33 -0500] "GET /BLA/resoluciones/RESOLUCIONES%202002/RES%202002%20651-700/00000677.tif HTTP/1.1" 200 95736
181.61.164.108 - - [05/Apr/2022:15:36:34 -0500] "GET /BLA/resoluciones/RESOLUCIONES%202002/RES%202002%20651-700/00000678.tif HTTP/1.1" 200 48786
181.61.164.108 - - [05/Apr/2022:15:36:35 -0500] "GET /BLA/resoluciones/RESOLUCIONES%202002/RES%202002%20651-700/00000679.tif HTTP/1.1" 200 49162
181.61.164.108 - - [05/Apr/2022:15:36:36 -0500] "GET /BLA/resoluciones/RESOLUCIONES%202002/RES%202002%20651-700/00000680.tif HTTP/1.1" 200 51132
181.61.164.108 - - [05/Apr/2022:15:36:37 -0500] "GET /BLA/resoluciones/RESOLUCIONES%202002/RES%202002%20651-700/00000681.tif HTTP/1.1" 200 94934
181.61.164.108 - - [05/Apr/2022:15:36:38 -0500] "GET /BLA/resoluciones/RESOLUCIONES%202002/RES%202002%20651-700/00000682.tif HTTP/1.1" 200 50662
181.61.164.108 - - [05/Apr/2022:15:36:39 -0500] "GET /BLA/resoluciones/RESOLUCIONES%202002/RES%202002%20651-700/00000683.tif HTTP/1.1" 200 54366
181.61.164.108 - - [05/Apr/2022:15:36:40 -0500] "GET /BLA/resoluciones/RESOLUCIONES%202002/RES%202002%20651-700/00000684.tif HTTP/1.1" 200 96494
181.61.164.108 - - [05/Apr/2022:15:36:41 -0500] "GET /BLA/resoluciones/RESOLUCIONES%202002/RES%202002%20651-700/00000685.tif HTTP/1.1" 200 502808
181.61.164.108 - - [05/Apr/2022:15:36:42 -0500] "GET /BLA/resoluciones/RESOLUCIONES%202002/RES%202002%20651-700/00000686.tif HTTP/1.1" 200 195976
181.61.164.108 - - [05/Apr/2022:15:36:43 -0500] "GET /BLA/resoluciones/RESOLUCIONES%202002/RES%202002%20651-700/00000687.tif HTTP/1.1" 200 78416
181.61.164.108 - - [05/Apr/2022:15:36:44 -0500] "GET /BLA/resoluciones/RESOLUCIONES%202002/RES%202002%20651-700/00000688.tif HTTP/1.1" 200 99162
181.61.164.108 - - [05/Apr/2022:15:36:45 -0500] "GET /BLA/resoluciones/RESOLUCIONES%202002/RES%202002%20651-700/00000689.tif HTTP/1.1" 200 69512
181.61.164.108 - - [05/Apr/2022:15:36:46 -0500] "GET /BLA/resoluciones/RESOLUCIONES%202002/RES%202002%20651-700/00000690.tif HTTP/1.1" 200 112870
181.61.164.108 - - [05/Apr/2022:15:36:47 -0500] "GET /BLA/resoluciones/RESOLUCIONES%202002/RES%202002%20651-700/00000691.tif HTTP/1.1" 200 81396
181.61.164.108 - - [05/Apr/2022:15:36:48 -0500] "GET /BLA/resoluciones/RESOLUCIONES%202002/RES%202002%20651-700/00000692.tif HTTP/1.1" 200 89900
181.61.164.108 - - [05/Apr/2022:15:36:49 -0500] "GET /BLA/resoluciones/RESOLUCIONES%202002/RES%202002%20651-700/00000693.tif HTTP/1.1" 200 87878
181.61.164.108 - - [05/Apr/2022:15:36:50 -0500] "GET /BLA/resoluciones/RESOLUCIONES%202002/RES%202002%20651-700/00000694.tif HTTP/1.1" 200 67098
181.61.164.108 - - [05/Apr/2022:15:36:51 -0500] "GET /BLA/resoluciones/RESOLUCIONES%202002/RES%202002%20651-700/00000695.tif HTTP/1.1" 200 26358
216.245.221.92 - - [05/Apr/2022:15:36:52 -0500] "HEAD / HTTP/1.1" 200 -
181.61.164.108 - - [05/Apr/2022:15:36:54 -0500] "GET /BLA/resoluciones/RESOLUCIONES%202002/RES%202002%20651-700/00000696.tif HTTP/1.1" 200 140738
181.61.164.108 - - [05/Apr/2022:15:36:54 -0500] "GET /BLA/resoluciones/RESOLUCIONES%202002/RES%202002%20651-700/00000697.tif HTTP/1.1" 200 77378
181.61.164.108 - - [05/Apr/2022:15:36:55 -0500] "GET /BLA/resoluciones/RESOLUCIONES%202002/RES%202002%20651-700/00000698.tif HTTP/1.1" 200 235004
181.61.164.108 - - [05/Apr/2022:15:36:56 -0500] "GET /BLA/resoluciones/RESOLUCIONES%202002/RES%202002%20651-700/00000699.tif HTTP/1.1" 200 59998
181.61.164.108 - - [05/Apr/2022:15:36:57 -0500] "GET /BLA/resoluciones/RESOLUCIONES%202002/RES%202002%20651-700/00000700.tif HTTP/1.1" 200 107926
172.22.2.4 - - [05/Apr/2022:15:35:32 -0500] "GET /BLA/boletinlegal/ HTTP/1.1" 200 61416
181.61.164.108 - - [05/Apr/2022:15:37:25 -0500] "GET /BLA/resoluciones/index.php?dir=RESOLUCIONES+2002%2FRES+2002+701-750%2F HTTP/1.1" 200 12223
200.118.64.109 - - [05/Apr/2022:15:37:26 -0500] "POST /forms/lservlet;jsessionid=ac16012b30d68ad8c1bce99549afaa40af8e8368d743.e3iSbxaKaheRe34Sc38RahyRchr0n6jAmljGr5XDqQLvpAe HTTP/1.1" 200 2
181.61.164.108 - - [05/Apr/2022:15:37:26 -0500] "GET /BLA/resoluciones/RESOLUCIONES%202002/RES%202002%20701-750/00000701.tif HTTP/1.1" 200 120716
181.61.164.108 - - [05/Apr/2022:15:37:28 -0500] "GET /BLA/resoluciones/RESOLUCIONES%202002/RES%202002%20701-750/00000702.tif HTTP/1.1" 200 80520
181.61.164.108 - - [05/Apr/2022:15:37:28 -0500] "GET /BLA/resoluciones/RESOLUCIONES%202002/RES%202002%20701-750/00000703.tif HTTP/1.1" 200 76302
172.22.2.4 - - [05/Apr/2022:15:37:29 -0500] "POST /BLA/boletinlegal/admin/actos/ingresar.php HTTP/1.1" 200 7236
181.61.164.108 - - [05/Apr/2022:15:37:29 -0500] "GET /BLA/resoluciones/RESOLUCIONES%202002/RES%202002%20701-750/00000704.tif HTTP/1.1" 200 188862
181.61.164.108 - - [05/Apr/2022:15:37:30 -0500] "GET /BLA/resoluciones/RESOLUCIONES%202002/RES%202002%20701-750/00000705.tif HTTP/1.1" 200 102132
181.61.164.108 - - [05/Apr/2022:15:37:31 -0500] "GET /BLA/resoluciones/RESOLUCIONES%202002/RES%202002%20701-750/00000706.tif HTTP/1.1" 200 94726
181.61.164.108 - - [05/Apr/2022:15:37:33 -0500] "GET /BLA/resoluciones/RESOLUCIONES%202002/RES%202002%20701-750/00000707.tif HTTP/1.1" 200 90578
181.61.164.108 - - [05/Apr/2022:15:37:37 -0500] "GET /BLA/resoluciones/RESOLUCIONES%202002/RES%202002%20701-750/00000708.tif HTTP/1.1" 200 116412
181.61.164.108 - - [05/Apr/2022:15:37:38 -0500] "GET /BLA/resoluciones/RESOLUCIONES%202002/RES%202002%20701-750/00000709.tif HTTP/1.1" 200 191934
181.61.164.108 - - [05/Apr/2022:15:37:40 -0500] "GET /BLA/resoluciones/RESOLUCIONES%202002/RES%202002%20701-750/00000710.tif HTTP/1.1" 200 235978
181.61.164.108 - - [05/Apr/2022:15:37:42 -0500] "GET /BLA/resoluciones/RESOLUCIONES%202002/RES%202002%20701-750/00000711.tif HTTP/1.1" 200 229202
181.61.164.108 - - [05/Apr/2022:15:37:43 -0500] "GET /BLA/resoluciones/RESOLUCIONES%202002/RES%202002%20701-750/00000712.tif HTTP/1.1" 200 165530
181.61.164.108 - - [05/Apr/2022:15:37:44 -0500] "GET /BLA/resoluciones/RESOLUCIONES%202002/RES%202002%20701-750/00000713.tif HTTP/1.1" 200 76152
181.61.164.108 - - [05/Apr/2022:15:37:46 -0500] "GET /BLA/resoluciones/RESOLUCIONES%202002/RES%202002%20701-750/00000714.tif HTTP/1.1" 200 79784
181.61.164.108 - - [05/Apr/2022:15:37:50 -0500] "GET /BLA/resoluciones/RESOLUCIONES%202002/RES%202002%20701-750/00000715.tif HTTP/1.1" 200 42146
181.61.164.108 - - [05/Apr/2022:15:37:52 -0500] "GET /BLA/resoluciones/RESOLUCIONES%202002/RES%202002%20701-750/00000716.tif HTTP/1.1" 200 40712
181.61.164.108 - - [05/Apr/2022:15:37:53 -0500] "GET /BLA/resoluciones/RESOLUCIONES%202002/RES%202002%20701-750/00000717.tif HTTP/1.1" 200 41378
181.61.164.108 - - [05/Apr/2022:15:37:57 -0500] "GET /BLA/resoluciones/RESOLUCIONES%202002/RES%202002%20701-750/00000718.tif HTTP/1.1" 200 102680
181.61.164.108 - - [05/Apr/2022:15:38:00 -0500] "GET /BLA/resoluciones/RESOLUCIONES%202002/RES%202002%20701-750/00000719.tif HTTP/1.1" 200 113282
181.61.164.108 - - [05/Apr/2022:15:38:01 -0500] "GET /BLA/resoluciones/RESOLUCIONES%202002/RES%202002%20701-750/00000720.tif HTTP/1.1" 200 211274
181.61.164.108 - - [05/Apr/2022:15:38:04 -0500] "GET /BLA/resoluciones/RESOLUCIONES%202002/RES%202002%20701-750/00000721.tif HTTP/1.1" 200 40296
181.61.164.108 - - [05/Apr/2022:15:38:05 -0500] "GET /BLA/resoluciones/RESOLUCIONES%202002/RES%202002%20701-750/00000722.tif HTTP/1.1" 200 39648
181.61.164.108 - - [05/Apr/2022:15:38:06 -0500] "GET /BLA/resoluciones/RESOLUCIONES%202002/RES%202002%20701-750/00000723.tif HTTP/1.1" 200 58764
186.28.113.137 - - [05/Apr/2022:15:38:10 -0500] "OPTIONS /kwssiamovil/sm/setfile/f HTTP/1.1" 200 13
181.61.164.108 - - [05/Apr/2022:15:38:13 -0500] "GET /BLA/resoluciones/RESOLUCIONES%202002/RES%202002%20701-750/00000724.tif HTTP/1.1" 200 48478
181.61.164.108 - - [05/Apr/2022:15:38:15 -0500] "GET /BLA/resoluciones/RESOLUCIONES%202002/RES%202002%20701-750/00000725.tif HTTP/1.1" 200 72506
186.28.113.137 - - [05/Apr/2022:15:38:10 -0500] "POST /kwssiamovil/sm/setfile/f HTTP/1.1" 200 381
181.61.164.108 - - [05/Apr/2022:15:38:16 -0500] "GET /BLA/resoluciones/RESOLUCIONES%202002/RES%202002%20701-750/00000726.tif HTTP/1.1" 200 112176
181.61.164.108 - - [05/Apr/2022:15:38:17 -0500] "GET /BLA/resoluciones/RESOLUCIONES%202002/RES%202002%20701-750/00000727.tif HTTP/1.1" 200 101784
181.61.164.108 - - [05/Apr/2022:15:38:18 -0500] "GET /BLA/resoluciones/RESOLUCIONES%202002/RES%202002%20701-750/00000728.tif HTTP/1.1" 200 76992
66.249.65.13 - - [05/Apr/2022:15:38:19 -0500] "-" 408 -
181.61.164.108 - - [05/Apr/2022:15:38:19 -0500] "GET /BLA/resoluciones/RESOLUCIONES%202002/RES%202002%20701-750/00000729.tif HTTP/1.1" 200 461978
181.61.164.108 - - [05/Apr/2022:15:38:21 -0500] "GET /BLA/resoluciones/RESOLUCIONES%202002/RES%202002%20701-750/00000730.tif HTTP/1.1" 200 171008
181.61.164.108 - - [05/Apr/2022:15:38:22 -0500] "GET /BLA/resoluciones/RESOLUCIONES%202002/RES%202002%20701-750/00000731.tif HTTP/1.1" 200 397336
181.61.164.108 - - [05/Apr/2022:15:38:24 -0500] "GET /BLA/resoluciones/RESOLUCIONES%202002/RES%202002%20701-750/00000732.tif HTTP/1.1" 200 277812
181.61.164.108 - - [05/Apr/2022:15:38:25 -0500] "GET /BLA/resoluciones/RESOLUCIONES%202002/RES%202002%20701-750/00000733.tif HTTP/1.1" 200 63918
181.61.164.108 - - [05/Apr/2022:15:38:26 -0500] "GET /BLA/resoluciones/RESOLUCIONES%202002/RES%202002%20701-750/00000734.tif HTTP/1.1" 200 40476
181.61.164.108 - - [05/Apr/2022:15:38:29 -0500] "GET /BLA/resoluciones/RESOLUCIONES%202002/RES%202002%20701-750/00000735.tif HTTP/1.1" 200 31702
181.61.164.108 - - [05/Apr/2022:15:38:30 -0500] "GET /BLA/resoluciones/RESOLUCIONES%202002/RES%202002%20701-750/00000736.tif HTTP/1.1" 200 83362
181.61.164.108 - - [05/Apr/2022:15:38:33 -0500] "GET /BLA/resoluciones/RESOLUCIONES%202002/RES%202002%20701-750/00000737.tif HTTP/1.1" 200 96564
181.61.164.108 - - [05/Apr/2022:15:38:35 -0500] "GET /BLA/resoluciones/RESOLUCIONES%202002/RES%202002%20701-750/00000738.tif HTTP/1.1" 200 102370
181.61.164.108 - - [05/Apr/2022:15:38:37 -0500] "GET /BLA/resoluciones/RESOLUCIONES%202002/RES%202002%20701-750/00000739.tif HTTP/1.1" 200 93154
181.61.164.108 - - [05/Apr/2022:15:38:39 -0500] "GET /BLA/resoluciones/RESOLUCIONES%202002/RES%202002%20701-750/00000740.tif HTTP/1.1" 200 242352
181.61.164.108 - - [05/Apr/2022:15:38:40 -0500] "GET /BLA/resoluciones/RESOLUCIONES%202002/RES%202002%20701-750/00000741.tif HTTP/1.1" 200 82116
181.61.164.108 - - [05/Apr/2022:15:38:42 -0500] "GET /BLA/resoluciones/RESOLUCIONES%202002/RES%202002%20701-750/00000742.tif HTTP/1.1" 200 101418
181.61.164.108 - - [05/Apr/2022:15:38:43 -0500] "GET /BLA/resoluciones/RESOLUCIONES%202002/RES%202002%20701-750/00000743.tif HTTP/1.1" 200 103950
181.61.164.108 - - [05/Apr/2022:15:38:44 -0500] "GET /BLA/resoluciones/RESOLUCIONES%202002/RES%202002%20701-750/00000744.tif HTTP/1.1" 200 77690
181.61.164.108 - - [05/Apr/2022:15:38:45 -0500] "GET /BLA/resoluciones/RESOLUCIONES%202002/RES%202002%20701-750/00000745.tif HTTP/1.1" 200 100488
181.61.164.108 - - [05/Apr/2022:15:38:47 -0500] "GET /BLA/resoluciones/RESOLUCIONES%202002/RES%202002%20701-750/00000746.tif HTTP/1.1" 200 45382
181.61.164.108 - - [05/Apr/2022:15:38:48 -0500] "GET /BLA/resoluciones/RESOLUCIONES%202002/RES%202002%20701-750/00000747.tif HTTP/1.1" 200 40662
181.61.164.108 - - [05/Apr/2022:15:38:49 -0500] "GET /BLA/resoluciones/RESOLUCIONES%202002/RES%202002%20701-750/00000748.tif HTTP/1.1" 200 83174
181.61.164.108 - - [05/Apr/2022:15:38:50 -0500] "GET /BLA/resoluciones/RESOLUCIONES%202002/RES%202002%20701-750/00000749.tif HTTP/1.1" 200 46228
181.61.164.108 - - [05/Apr/2022:15:38:51 -0500] "GET /BLA/resoluciones/RESOLUCIONES%202002/RES%202002%20701-750/00000750.tif HTTP/1.1" 200 41992
172.22.2.4 - - [05/Apr/2022:15:38:52 -0500] "POST /BLA/boletinlegal/admin/actos/ingresar.php HTTP/1.1" 200 7236
181.61.164.108 - - [05/Apr/2022:15:38:56 -0500] "GET /BLA/resoluciones/index.php?dir=RESOLUCIONES+2002%2FRES+2002+751-800%2F HTTP/1.1" 200 12567
181.61.164.108 - - [05/Apr/2022:15:38:57 -0500] "GET /BLA/resoluciones/RESOLUCIONES%202002/RES%202002%20751-800/2002RES751.tif HTTP/1.1" 200 39302
181.61.164.108 - - [05/Apr/2022:15:38:59 -0500] "GET /BLA/resoluciones/RESOLUCIONES%202002/RES%202002%20751-800/2002RES752.tif HTTP/1.1" 200 39934
181.61.164.108 - - [05/Apr/2022:15:39:00 -0500] "GET /BLA/resoluciones/RESOLUCIONES%202002/RES%202002%20751-800/2002RES753.tif HTTP/1.1" 200 39472
181.61.164.108 - - [05/Apr/2022:15:39:01 -0500] "GET /BLA/resoluciones/RESOLUCIONES%202002/RES%202002%20751-800/2002RES754.tif HTTP/1.1" 200 43224
181.61.164.108 - - [05/Apr/2022:15:39:02 -0500] "GET /BLA/resoluciones/RESOLUCIONES%202002/RES%202002%20751-800/2002RES755.tif HTTP/1.1" 200 42200
181.61.164.108 - - [05/Apr/2022:15:39:04 -0500] "GET /BLA/resoluciones/RESOLUCIONES%202002/RES%202002%20751-800/2002RES756.tif HTTP/1.1" 200 88206
181.61.164.108 - - [05/Apr/2022:15:39:05 -0500] "GET /BLA/resoluciones/RESOLUCIONES%202002/RES%202002%20751-800/2002RES757.tif HTTP/1.1" 200 115430
181.61.164.108 - - [05/Apr/2022:15:39:06 -0500] "GET /BLA/resoluciones/RESOLUCIONES%202002/RES%202002%20751-800/2002RES758.tif HTTP/1.1" 200 28378
181.61.164.108 - - [05/Apr/2022:15:39:07 -0500] "GET /BLA/resoluciones/RESOLUCIONES%202002/RES%202002%20751-800/2002RES759.tif HTTP/1.1" 200 58394
181.61.164.108 - - [05/Apr/2022:15:39:08 -0500] "GET /BLA/resoluciones/RESOLUCIONES%202002/RES%202002%20751-800/2002RES760.tif HTTP/1.1" 200 182472
181.61.164.108 - - [05/Apr/2022:15:39:09 -0500] "GET /BLA/resoluciones/RESOLUCIONES%202002/RES%202002%20751-800/2002RES761.tif HTTP/1.1" 200 40294
181.61.164.108 - - [05/Apr/2022:15:39:10 -0500] "GET /BLA/resoluciones/RESOLUCIONES%202002/RES%202002%20751-800/2002RES762.tif HTTP/1.1" 200 63318
181.61.164.108 - - [05/Apr/2022:15:39:11 -0500] "GET /BLA/resoluciones/RESOLUCIONES%202002/RES%202002%20751-800/2002RES763.tif HTTP/1.1" 200 82898
181.61.164.108 - - [05/Apr/2022:15:39:13 -0500] "GET /BLA/resoluciones/RESOLUCIONES%202002/RES%202002%20751-800/2002RES764.tif HTTP/1.1" 200 271948
181.61.164.108 - - [05/Apr/2022:15:39:14 -0500] "GET /BLA/resoluciones/RESOLUCIONES%202002/RES%202002%20751-800/2002RES765.tif HTTP/1.1" 200 195800
181.61.164.108 - - [05/Apr/2022:15:39:15 -0500] "GET /BLA/resoluciones/RESOLUCIONES%202002/RES%202002%20751-800/2002RES766.tif HTTP/1.1" 200 90540
181.61.164.108 - - [05/Apr/2022:15:39:17 -0500] "GET /BLA/resoluciones/RESOLUCIONES%202002/RES%202002%20751-800/2002RES767.tif HTTP/1.1" 200 94328
181.61.164.108 - - [05/Apr/2022:15:39:18 -0500] "GET /BLA/resoluciones/RESOLUCIONES%202002/RES%202002%20751-800/2002RES768.tif HTTP/1.1" 200 244236
181.61.164.108 - - [05/Apr/2022:15:39:19 -0500] "GET /BLA/resoluciones/RESOLUCIONES%202002/RES%202002%20751-800/2002RES769.tif HTTP/1.1" 200 85018
172.22.2.4 - - [05/Apr/2022:15:39:20 -0500] "GET /BLA/boletinlegal/Circulares/2022/CIRCULAR%20No.%2000003%20DEL%2007%20DE%20MARZO%20DEL%202022.pdf HTTP/1.1" 404 1038
181.61.164.108 - - [05/Apr/2022:15:39:20 -0500] "GET /BLA/resoluciones/RESOLUCIONES%202002/RES%202002%20751-800/2002RES770.tif HTTP/1.1" 200 61414
181.61.164.108 - - [05/Apr/2022:15:39:22 -0500] "GET /BLA/resoluciones/RESOLUCIONES%202002/RES%202002%20751-800/2002RES771.tif HTTP/1.1" 200 89240
181.61.164.108 - - [05/Apr/2022:15:39:23 -0500] "GET /BLA/resoluciones/RESOLUCIONES%202002/RES%202002%20751-800/2002RES772.tif HTTP/1.1" 200 155738
172.22.2.4 - - [05/Apr/2022:15:39:23 -0500] "GET /BLA/boletinlegal/Circulares/2021/CIRCULAR%20No.%2000009%20DEL%2001%20DE%20OCTUBRE%20DEL%202021.pdf HTTP/1.1" 200 320793
181.61.164.108 - - [05/Apr/2022:15:39:24 -0500] "GET /BLA/resoluciones/RESOLUCIONES%202002/RES%202002%20751-800/2002RES773.tif HTTP/1.1" 200 80904
200.118.64.109 - - [05/Apr/2022:15:39:26 -0500] "POST /forms/lservlet;jsessionid=ac16012b30d68ad8c1bce99549afaa40af8e8368d743.e3iSbxaKaheRe34Sc38RahyRchr0n6jAmljGr5XDqQLvpAe HTTP/1.1" 200 2
181.61.164.108 - - [05/Apr/2022:15:39:27 -0500] "GET /BLA/resoluciones/RESOLUCIONES%202002/RES%202002%20751-800/2002RES774.tif HTTP/1.1" 200 267698
181.61.164.108 - - [05/Apr/2022:15:39:28 -0500] "GET /BLA/resoluciones/RESOLUCIONES%202002/RES%202002%20751-800/2002RES775.tif HTTP/1.1" 200 514134
172.22.2.4 - - [05/Apr/2022:15:39:30 -0500] "GET /BLA/boletinlegal/Circulares/2021/CIRCULAR%20No.%2000007%20DEL%2010%20DE%20AGOSTO%20DEL%202021.pdf HTTP/1.1" 200 266364
181.61.164.108 - - [05/Apr/2022:15:39:32 -0500] "GET /BLA/resoluciones/RESOLUCIONES%202002/RES%202002%20751-800/2002RES776.tif HTTP/1.1" 200 319768
181.61.164.108 - - [05/Apr/2022:15:39:33 -0500] "GET /BLA/resoluciones/RESOLUCIONES%202002/RES%202002%20751-800/2002RES777.tif HTTP/1.1" 200 721556
181.61.164.108 - - [05/Apr/2022:15:39:36 -0500] "GET /BLA/resoluciones/RESOLUCIONES%202002/RES%202002%20751-800/2002RES778.tif HTTP/1.1" 200 107778
181.61.164.108 - - [05/Apr/2022:15:39:38 -0500] "GET /BLA/resoluciones/RESOLUCIONES%202002/RES%202002%20751-800/2002RES779.tif HTTP/1.1" 200 80710
172.22.2.4 - - [05/Apr/2022:15:39:39 -0500] "GET /BLA/boletinlegal/Circulares/2021/CIRCULAR%20No.%2000006%20DEL%2005%20DE%20AGOSTO%20DEL%202021.pdf HTTP/1.1" 200 249615
181.61.164.108 - - [05/Apr/2022:15:39:41 -0500] "GET /BLA/resoluciones/RESOLUCIONES%202002/RES%202002%20751-800/2002RES780.tif HTTP/1.1" 200 84268
181.61.164.108 - - [05/Apr/2022:15:39:42 -0500] "GET /BLA/resoluciones/RESOLUCIONES%202002/RES%202002%20751-800/2002RES781.tif HTTP/1.1" 200 82360
181.61.164.108 - - [05/Apr/2022:15:39:45 -0500] "GET /BLA/resoluciones/RESOLUCIONES%202002/RES%202002%20751-800/2002RES782.tif HTTP/1.1" 200 82398
181.61.164.108 - - [05/Apr/2022:15:39:46 -0500] "GET /BLA/resoluciones/RESOLUCIONES%202002/RES%202002%20751-800/2002RES783.tif HTTP/1.1" 200 59806
181.61.164.108 - - [05/Apr/2022:15:39:48 -0500] "GET /BLA/resoluciones/RESOLUCIONES%202002/RES%202002%20751-800/2002RES784.tif HTTP/1.1" 200 71068
172.22.2.4 - - [05/Apr/2022:15:39:49 -0500] "GET /BLA/boletinlegal/Circulares/2020/Circular%20No.%2000018%20del%2002%20de%20diciembre%20del%202020.pdf HTTP/1.1" 200 276868
181.61.164.108 - - [05/Apr/2022:15:39:49 -0500] "GET /BLA/resoluciones/RESOLUCIONES%202002/RES%202002%20751-800/2002RES785.tif HTTP/1.1" 200 68772
181.61.164.108 - - [05/Apr/2022:15:39:51 -0500] "GET /BLA/resoluciones/RESOLUCIONES%202002/RES%202002%20751-800/2002RES786.tif HTTP/1.1" 200 78520
181.61.164.108 - - [05/Apr/2022:15:39:53 -0500] "GET /BLA/resoluciones/RESOLUCIONES%202002/RES%202002%20751-800/2002RES787.tif HTTP/1.1" 200 53768
172.22.2.4 - - [05/Apr/2022:15:39:56 -0500] "GET /BLA/boletinlegal/Circulares/2020/Circular%2000010%20del%2027%20de%20julio%20de%202020.pdf HTTP/1.1" 200 422655
181.61.164.108 - - [05/Apr/2022:15:39:59 -0500] "GET /BLA/resoluciones/RESOLUCIONES%202002/RES%202002%20751-800/2002RES788.tif HTTP/1.1" 200 57320
181.61.164.108 - - [05/Apr/2022:15:40:01 -0500] "GET /BLA/resoluciones/RESOLUCIONES%202002/RES%202002%20751-800/2002RES789.tif HTTP/1.1" 200 68028
172.22.2.4 - - [05/Apr/2022:15:40:02 -0500] "GET /BLA/boletinlegal/Circulares/2020/CIRCULAR%20No.%2000019%20DEL%2018%20DE%20DICIEMBRE%20DEL%202020.pdf HTTP/1.1" 200 307959
181.61.164.108 - - [05/Apr/2022:15:40:02 -0500] "GET /BLA/resoluciones/RESOLUCIONES%202002/RES%202002%20751-800/2002RES790.tif HTTP/1.1" 200 74576
181.61.164.108 - - [05/Apr/2022:15:40:04 -0500] "GET /BLA/resoluciones/RESOLUCIONES%202002/RES%202002%20751-800/2002RES791.tif HTTP/1.1" 200 75212
181.61.164.108 - - [05/Apr/2022:15:40:05 -0500] "GET /BLA/resoluciones/RESOLUCIONES%202002/RES%202002%20751-800/2002RES792.tif HTTP/1.1" 200 58358
181.61.164.108 - - [05/Apr/2022:15:40:06 -0500] "GET /BLA/resoluciones/RESOLUCIONES%202002/RES%202002%20751-800/2002RES793.tif HTTP/1.1" 200 72174
181.61.164.108 - - [05/Apr/2022:15:40:08 -0500] "GET /BLA/resoluciones/RESOLUCIONES%202002/RES%202002%20751-800/2002RES794.tif HTTP/1.1" 200 310126
172.22.2.4 - - [05/Apr/2022:15:40:09 -0500] "GET /BLA/boletinlegal/Circulares/2020/CIRCULAR%20No.%2000014%20del%2001%20de%20septiembre%20del%202020.pdf HTTP/1.1" 200 320826
181.61.164.108 - - [05/Apr/2022:15:40:10 -0500] "GET /BLA/resoluciones/RESOLUCIONES%202002/RES%202002%20751-800/2002RES795.tif HTTP/1.1" 200 305088
181.61.164.108 - - [05/Apr/2022:15:40:12 -0500] "GET /BLA/resoluciones/RESOLUCIONES%202002/RES%202002%20751-800/2002RES796.tif HTTP/1.1" 200 71902
172.22.2.4 - - [05/Apr/2022:15:40:14 -0500] "GET /BLA/boletinlegal/Circulares/2019/Circular%20No.%2012%20del%2014%20de%20Marzo%20de%202019.pdf HTTP/1.1" 200 344384
181.61.164.108 - - [05/Apr/2022:15:40:14 -0500] "GET /BLA/resoluciones/RESOLUCIONES%202002/RES%202002%20751-800/2002RES797.tif HTTP/1.1" 200 86522
181.61.164.108 - - [05/Apr/2022:15:40:16 -0500] "GET /BLA/resoluciones/RESOLUCIONES%202002/RES%202002%20751-800/2002RES798.tif HTTP/1.1" 200 84410
181.61.164.108 - - [05/Apr/2022:15:40:18 -0500] "GET /BLA/resoluciones/RESOLUCIONES%202002/RES%202002%20751-800/2002RES799.tif HTTP/1.1" 200 60028
181.61.164.108 - - [05/Apr/2022:15:40:19 -0500] "GET /BLA/resoluciones/RESOLUCIONES%202002/RES%202002%20751-800/2002RES800.tif HTTP/1.1" 200 62670
172.22.2.4 - - [05/Apr/2022:15:40:20 -0500] "GET /BLA/boletinlegal/Circulares/2019/Circular%20No.%20006%20del%2008%20de%20Febrero%20de%202019.pdf HTTP/1.1" 200 674401
181.61.164.108 - - [05/Apr/2022:15:40:23 -0500] "GET /BLA/resoluciones/RESOLUCIONES%202002/RES%202002%20751-800/RESOLUCION%20777%20DE%202002.pdf HTTP/1.1" 200 1043088
172.22.2.4 - - [05/Apr/2022:15:40:29 -0500] "GET /BLA/boletinlegal/Circulares/2019/Circular%20No.%200015%20del%2003%20de%20Octubre%20de%202019.pdf HTTP/1.1" 200 165608
172.22.2.4 - - [05/Apr/2022:15:40:36 -0500] "GET /BLA/boletinlegal/Circulares/2019/Circular%20No.%200005%20del%2020%20de%20Marzo%20de%202019.pdf HTTP/1.1" 200 159877
181.61.164.108 - - [05/Apr/2022:15:40:39 -0500] "GET /BLA/resoluciones/index.php?dir=RESOLUCIONES+2002%2FRES+2002+801-850%2F HTTP/1.1" 200 12225
191.156.57.30 - - [05/Apr/2022:15:40:40 -0500] "GET /si-eres-mujer-y-te-gusta-el-cuidado-de-los-humedales-este-proceso-de-formacion-es-para-ti.html HTTP/1.1" 200 1025
181.61.164.108 - - [05/Apr/2022:15:40:41 -0500] "GET /BLA/resoluciones/RESOLUCIONES%202002/RES%202002%20801-850/00000801.tif HTTP/1.1" 200 82498
181.61.164.108 - - [05/Apr/2022:15:40:42 -0500] "GET /BLA/resoluciones/RESOLUCIONES%202002/RES%202002%20801-850/00000802.tif HTTP/1.1" 200 85264
172.22.2.4 - - [05/Apr/2022:15:40:42 -0500] "GET /BLA/boletinlegal/Circulares/2019/Circular%20No.%200003%20del%2031%20de%20Enero%20de%202019.pdf HTTP/1.1" 200 164676
181.61.164.108 - - [05/Apr/2022:15:40:46 -0500] "GET /BLA/resoluciones/RESOLUCIONES%202002/RES%202002%20801-850/00000803.tif HTTP/1.1" 200 60952
