181.61.164.108 - - [05/Apr/2022:15:40:47 -0500] "GET /BLA/resoluciones/RESOLUCIONES%202002/RES%202002%20801-850/00000804.tif HTTP/1.1" 200 62170
172.22.2.4 - - [05/Apr/2022:15:40:47 -0500] "GET /BLA/boletinlegal/Circulares/2019/Circular%2000020%20del%2020%20de%20diciembre%20de%202019.pdf HTTP/1.1" 200 145170
186.28.113.137 - - [05/Apr/2022:15:40:48 -0500] "OPTIONS /kwssiamovil/sm/setfile/f HTTP/1.1" 200 13
181.61.164.108 - - [05/Apr/2022:15:40:48 -0500] "GET /BLA/resoluciones/RESOLUCIONES%202002/RES%202002%20801-850/00000805.tif HTTP/1.1" 200 61624
172.22.2.4 - - [05/Apr/2022:15:39:09 -0500] "HEAD /BLA/boletinlegal/ HTTP/1.1" 200 -
181.61.164.108 - - [05/Apr/2022:15:40:50 -0500] "GET /BLA/resoluciones/RESOLUCIONES%202002/RES%202002%20801-850/00000806.tif HTTP/1.1" 200 48158
186.28.113.137 - - [05/Apr/2022:15:40:48 -0500] "POST /kwssiamovil/sm/setfile/f HTTP/1.1" 200 381
181.61.164.108 - - [05/Apr/2022:15:40:52 -0500] "GET /BLA/resoluciones/RESOLUCIONES%202002/RES%202002%20801-850/00000807.tif HTTP/1.1" 200 58886
172.22.2.4 - - [05/Apr/2022:15:40:53 -0500] "GET /BLA/boletinlegal/Circulares/2019/Circular%2000018%20del%2020%20de%20noviembre%20de%202019.pdf HTTP/1.1" 200 158030
181.61.164.108 - - [05/Apr/2022:15:40:53 -0500] "GET /BLA/resoluciones/RESOLUCIONES%202002/RES%202002%20801-850/00000808.tif HTTP/1.1" 200 123728
181.61.164.108 - - [05/Apr/2022:15:40:55 -0500] "GET /BLA/resoluciones/RESOLUCIONES%202002/RES%202002%20801-850/00000809.tif HTTP/1.1" 200 80718
181.61.164.108 - - [05/Apr/2022:15:40:57 -0500] "GET /BLA/resoluciones/RESOLUCIONES%202002/RES%202002%20801-850/00000810.tif HTTP/1.1" 200 88530
181.61.164.108 - - [05/Apr/2022:15:40:58 -0500] "GET /BLA/resoluciones/RESOLUCIONES%202002/RES%202002%20801-850/00000811.tif HTTP/1.1" 200 151790
172.22.2.4 - - [05/Apr/2022:15:40:58 -0500] "GET /BLA/boletinlegal/Circulares/2019/.pdf HTTP/1.1" 404 1218
181.61.164.108 - - [05/Apr/2022:15:41:00 -0500] "GET /BLA/resoluciones/RESOLUCIONES%202002/RES%202002%20801-850/00000812.tif HTTP/1.1" 200 487818
172.22.2.4 - - [05/Apr/2022:15:41:00 -0500] "POST /BLA/boletinlegal/admin/actos/ingresar.php HTTP/1.1" 200 7236
172.22.2.4 - - [05/Apr/2022:15:41:01 -0500] "GET /BLA/boletinlegal/Circulares/2018/Circular%20No.%2011%20del%2024%20de%20Septiembre%20de%202018.pdf HTTP/1.1" 200 169541
181.61.164.108 - - [05/Apr/2022:15:41:02 -0500] "GET /BLA/resoluciones/RESOLUCIONES%202002/RES%202002%20801-850/00000813.tif HTTP/1.1" 200 485232
181.61.164.108 - - [05/Apr/2022:15:41:03 -0500] "GET /BLA/resoluciones/RESOLUCIONES%202002/RES%202002%20801-850/00000814.tif HTTP/1.1" 200 320194
181.61.164.108 - - [05/Apr/2022:15:41:05 -0500] "GET /BLA/resoluciones/RESOLUCIONES%202002/RES%202002%20801-850/00000815.tif HTTP/1.1" 200 209708
181.61.164.108 - - [05/Apr/2022:15:41:06 -0500] "GET /BLA/resoluciones/RESOLUCIONES%202002/RES%202002%20801-850/00000816.tif HTTP/1.1" 200 381934
172.22.2.4 - - [05/Apr/2022:15:41:08 -0500] "GET /BLA/boletinlegal/Circulares/2018/Circular%20No.%2010%20del%2021%20de%20Septiembre%20de%202018.pdf HTTP/1.1" 200 163426
181.61.164.108 - - [05/Apr/2022:15:41:08 -0500] "GET /BLA/resoluciones/RESOLUCIONES%202002/RES%202002%20801-850/00000817.tif HTTP/1.1" 200 428280
181.61.164.108 - - [05/Apr/2022:15:41:09 -0500] "GET /BLA/resoluciones/RESOLUCIONES%202002/RES%202002%20801-850/00000818.tif HTTP/1.1" 200 314386
181.61.164.108 - - [05/Apr/2022:15:41:11 -0500] "GET /BLA/resoluciones/RESOLUCIONES%202002/RES%202002%20801-850/00000819.tif HTTP/1.1" 200 379994
181.61.164.108 - - [05/Apr/2022:15:41:12 -0500] "GET /BLA/resoluciones/RESOLUCIONES%202002/RES%202002%20801-850/00000820.tif HTTP/1.1" 200 359746
181.61.164.108 - - [05/Apr/2022:15:41:14 -0500] "GET /BLA/resoluciones/RESOLUCIONES%202002/RES%202002%20801-850/00000821.tif HTTP/1.1" 200 92548
172.22.2.4 - - [05/Apr/2022:15:41:14 -0500] "GET /BLA/boletinlegal/Circulares/2018/Circular%20No.%200015%20del%207%20de%20Diciembre%20de%202018.pdf HTTP/1.1" 200 165305
181.61.164.108 - - [05/Apr/2022:15:41:15 -0500] "GET /BLA/resoluciones/RESOLUCIONES%202002/RES%202002%20801-850/00000822.tif HTTP/1.1" 200 429548
181.61.164.108 - - [05/Apr/2022:15:41:17 -0500] "GET /BLA/resoluciones/RESOLUCIONES%202002/RES%202002%20801-850/00000823.tif HTTP/1.1" 200 364110
181.61.164.108 - - [05/Apr/2022:15:41:18 -0500] "GET /BLA/resoluciones/RESOLUCIONES%202002/RES%202002%20801-850/00000824.tif HTTP/1.1" 200 310040
181.61.164.108 - - [05/Apr/2022:15:41:20 -0500] "GET /BLA/resoluciones/RESOLUCIONES%202002/RES%202002%20801-850/00000825.tif HTTP/1.1" 200 533788
172.22.2.4 - - [05/Apr/2022:15:41:20 -0500] "GET /BLA/boletinlegal/Circulares/2018/CIRCULAR%20COJUNTA%20042%20DE%202018.pdf HTTP/1.1" 200 515008
181.61.164.108 - - [05/Apr/2022:15:41:24 -0500] "GET /BLA/resoluciones/RESOLUCIONES%202002/RES%202002%20801-850/00000826.tif HTTP/1.1" 200 305518
181.61.164.108 - - [05/Apr/2022:15:41:26 -0500] "GET /BLA/resoluciones/RESOLUCIONES%202002/RES%202002%20801-850/00000827.tif HTTP/1.1" 200 76326
200.118.64.109 - - [05/Apr/2022:15:41:26 -0500] "POST /forms/lservlet;jsessionid=ac16012b30d68ad8c1bce99549afaa40af8e8368d743.e3iSbxaKaheRe34Sc38RahyRchr0n6jAmljGr5XDqQLvpAe HTTP/1.1" 200 2
181.61.164.108 - - [05/Apr/2022:15:41:27 -0500] "GET /BLA/resoluciones/RESOLUCIONES%202002/RES%202002%20801-850/00000828.tif HTTP/1.1" 200 94474
181.61.164.108 - - [05/Apr/2022:15:41:28 -0500] "GET /BLA/resoluciones/RESOLUCIONES%202002/RES%202002%20801-850/00000829.tif HTTP/1.1" 200 83578
172.22.2.4 - - [05/Apr/2022:15:41:28 -0500] "GET /BLA/boletinlegal/Circulares/2017/Circular%20No.%202%20del%201%20de%20Septiembre%20de%202017.pdf HTTP/1.1" 200 152575
181.61.164.108 - - [05/Apr/2022:15:41:30 -0500] "GET /BLA/resoluciones/RESOLUCIONES%202002/RES%202002%20801-850/00000830.tif HTTP/1.1" 200 82068
181.61.164.108 - - [05/Apr/2022:15:41:31 -0500] "GET /BLA/resoluciones/RESOLUCIONES%202002/RES%202002%20801-850/00000831.tif HTTP/1.1" 200 78556
181.61.164.108 - - [05/Apr/2022:15:41:32 -0500] "GET /BLA/resoluciones/RESOLUCIONES%202002/RES%202002%20801-850/00000832.tif HTTP/1.1" 200 73882
181.61.164.108 - - [05/Apr/2022:15:41:34 -0500] "GET /BLA/resoluciones/RESOLUCIONES%202002/RES%202002%20801-850/00000833.tif HTTP/1.1" 200 81326
172.22.2.4 - - [05/Apr/2022:15:41:35 -0500] "GET /BLA/boletinlegal/Circulares/2017/Circular%20No.%201%20del%2030%20de%20Marzo%20de%202017.pdf HTTP/1.1" 200 668532
186.154.248.228 - - [05/Apr/2022:15:41:35 -0500] "GET /BLA/boletinlegal/actos.php HTTP/1.1" 200 9559
181.61.164.108 - - [05/Apr/2022:15:41:36 -0500] "GET /BLA/resoluciones/RESOLUCIONES%202002/RES%202002%20801-850/00000834.tif HTTP/1.1" 200 74612
186.154.248.228 - - [05/Apr/2022:15:41:36 -0500] "GET /BLA/boletinlegal/styles2.css HTTP/1.1" 200 1838
186.154.248.228 - - [05/Apr/2022:15:41:36 -0500] "GET /BLA/boletinlegal/js/ajax_actos.js HTTP/1.1" 200 1322
186.154.248.228 - - [05/Apr/2022:15:41:36 -0500] "GET /BLA/boletinlegal/niceforms-default.css HTTP/1.1" 200 6694
186.154.248.228 - - [05/Apr/2022:15:41:36 -0500] "GET /BLA/boletinlegal/niceforms.js HTTP/1.1" 200 22876
186.154.248.228 - - [05/Apr/2022:15:41:36 -0500] "GET /BLA/boletinlegal/style.css HTTP/1.1" 200 9406
186.154.248.228 - - [05/Apr/2022:15:41:36 -0500] "GET /BLA/boletinlegal/js/lib.js HTTP/1.1" 200 6474
186.154.248.228 - - [05/Apr/2022:15:41:36 -0500] "GET /BLA/boletinlegal/js/popup.js HTTP/1.1" 200 1270
186.154.248.228 - - [05/Apr/2022:15:41:36 -0500] "GET /BLA/boletinlegal/js/jquery1.js HTTP/1.1" 200 29846
186.154.248.228 - - [05/Apr/2022:15:41:36 -0500] "GET /BLA/boletinlegal/images/cabezote%20BLEGAL.jpg HTTP/1.1" 200 118164
186.154.248.228 - - [05/Apr/2022:15:41:36 -0500] "GET /BLA/boletinlegal/images/subscribe-icon-big.png HTTP/1.1" 200 47702
186.154.248.228 - - [05/Apr/2022:15:41:36 -0500] "GET /BLA/boletinlegal/images/green-yellow-blue-pink-th.png HTTP/1.1" 200 7394
186.154.248.228 - - [05/Apr/2022:15:41:36 -0500] "GET /BLA/boletinlegal/images/registro-usuarios.png HTTP/1.1" 200 8106
186.154.248.228 - - [05/Apr/2022:15:41:36 -0500] "GET /BLA/boletinlegal/images/abajo.png HTTP/1.1" 200 96676
186.154.248.228 - - [05/Apr/2022:15:41:36 -0500] "GET /BLA/boletinlegal/images/text.jpg HTTP/1.1" 200 568
186.154.248.228 - - [05/Apr/2022:15:41:36 -0500] "GET /BLA/boletinlegal/images/historia.png HTTP/1.1" 200 52775
186.154.248.228 - - [05/Apr/2022:15:41:36 -0500] "GET /BLA/boletinlegal/images/body_bg.jpg HTTP/1.1" 200 1601
186.154.248.228 - - [05/Apr/2022:15:41:36 -0500] "GET /BLA/boletinlegal/images/footer_bg.jpg HTTP/1.1" 200 586
186.154.248.228 - - [05/Apr/2022:15:41:36 -0500] "GET /BLA/boletinlegal/images/menu_lft.gif HTTP/1.1" 200 1713
186.154.248.228 - - [05/Apr/2022:15:41:36 -0500] "GET /BLA/boletinlegal/images/menu_rght.gif HTTP/1.1" 200 1627
186.154.248.228 - - [05/Apr/2022:15:41:36 -0500] "GET /BLA/boletinlegal/images/bg_top.jpg HTTP/1.1" 200 522
186.154.248.228 - - [05/Apr/2022:15:41:36 -0500] "GET /BLA/boletinlegal/images/menu_bg.jpg HTTP/1.1" 200 620
186.154.248.228 - - [05/Apr/2022:15:41:36 -0500] "GET /BLA/boletinlegal/images/tel.png HTTP/1.1" 200 14477
186.154.248.228 - - [05/Apr/2022:15:41:36 -0500] "GET /BLA/boletinlegal/images/icono-email.png HTTP/1.1" 200 5544
186.154.248.228 - - [05/Apr/2022:15:41:36 -0500] "GET /BLA/boletinlegal/images/footer_bg_l.jpg HTTP/1.1" 200 776
186.154.248.228 - - [05/Apr/2022:15:41:37 -0500] "GET /BLA/boletinlegal/images/hover.jpg HTTP/1.1" 200 640
181.61.164.108 - - [05/Apr/2022:15:41:37 -0500] "GET /BLA/resoluciones/RESOLUCIONES%202002/RES%202002%20801-850/00000835.tif HTTP/1.1" 200 84330
186.154.248.228 - - [05/Apr/2022:15:41:37 -0500] "GET /BLA/boletinlegal/img/0.png HTTP/1.1" 200 110
186.154.248.228 - - [05/Apr/2022:15:41:37 -0500] "GET /BLA/boletinlegal/img/select-left.png HTTP/1.1" 200 263
186.154.248.228 - - [05/Apr/2022:15:41:37 -0500] "GET /BLA/boletinlegal/img/select-right.png HTTP/1.1" 200 44019
186.154.248.228 - - [05/Apr/2022:15:41:37 -0500] "GET /BLA/boletinlegal/img/button-left.png HTTP/1.1" 200 57071
186.154.248.228 - - [05/Apr/2022:15:41:37 -0500] "GET /BLA/boletinlegal/img/button.png HTTP/1.1" 200 43241
186.154.248.228 - - [05/Apr/2022:15:41:37 -0500] "GET /BLA/boletinlegal/img/button-right.png HTTP/1.1" 200 57878
186.154.248.228 - - [05/Apr/2022:15:41:37 -0500] "GET /favicon.ico HTTP/1.1" 200 7782
181.61.164.108 - - [05/Apr/2022:15:41:38 -0500] "GET /BLA/resoluciones/RESOLUCIONES%202002/RES%202002%20801-850/00000836.tif HTTP/1.1" 200 101308
172.22.2.4 - - [05/Apr/2022:15:39:59 -0500] "GET /BLA/boletinlegal/ HTTP/1.1" 200 59688
181.61.164.108 - - [05/Apr/2022:15:41:40 -0500] "GET /BLA/resoluciones/RESOLUCIONES%202002/RES%202002%20801-850/00000837.tif HTTP/1.1" 200 100734
172.22.2.4 - - [05/Apr/2022:15:41:42 -0500] "GET /BLA/boletinlegal/Circulares/2017/Circular%20No.%2007%20del%2028%20de%20Abril%20de%202017.pdf HTTP/1.1" 200 309906
181.61.164.108 - - [05/Apr/2022:15:41:44 -0500] "GET /BLA/resoluciones/RESOLUCIONES%202002/RES%202002%20801-850/00000838.tif HTTP/1.1" 200 99468
181.61.164.108 - - [05/Apr/2022:15:41:45 -0500] "GET /BLA/resoluciones/RESOLUCIONES%202002/RES%202002%20801-850/00000839.tif HTTP/1.1" 200 109324
181.61.164.108 - - [05/Apr/2022:15:41:47 -0500] "GET /BLA/resoluciones/RESOLUCIONES%202002/RES%202002%20801-850/00000840.tif HTTP/1.1" 200 100504
172.22.2.4 - - [05/Apr/2022:15:41:47 -0500] "GET /BLA/boletinlegal/Circulares/2017/Circular%20No.%20011%20del%2005%20de%20julio%20de%202017.pdf HTTP/1.1" 200 965526
181.61.164.108 - - [05/Apr/2022:15:41:48 -0500] "GET /BLA/resoluciones/RESOLUCIONES%202002/RES%202002%20801-850/00000841.tif HTTP/1.1" 200 104778
181.61.164.108 - - [05/Apr/2022:15:41:51 -0500] "GET /BLA/resoluciones/RESOLUCIONES%202002/RES%202002%20801-850/00000842.tif HTTP/1.1" 200 102672
216.245.221.92 - - [05/Apr/2022:15:41:52 -0500] "HEAD / HTTP/1.1" 200 -
181.61.164.108 - - [05/Apr/2022:15:41:53 -0500] "GET /BLA/resoluciones/RESOLUCIONES%202002/RES%202002%20801-850/00000843.tif HTTP/1.1" 200 98492
172.22.2.4 - - [05/Apr/2022:15:41:53 -0500] "GET /BLA/boletinlegal/Circulares/2015/Circular%20No.%202%20del%201%20de%20julio%20de%202015.pdf HTTP/1.1" 200 752890
181.61.164.108 - - [05/Apr/2022:15:41:55 -0500] "GET /BLA/resoluciones/RESOLUCIONES%202002/RES%202002%20801-850/00000844.tif HTTP/1.1" 200 102328
181.61.164.108 - - [05/Apr/2022:15:41:57 -0500] "GET /BLA/resoluciones/RESOLUCIONES%202002/RES%202002%20801-850/00000845.tif HTTP/1.1" 200 102966
181.61.164.108 - - [05/Apr/2022:15:41:59 -0500] "GET /BLA/resoluciones/RESOLUCIONES%202002/RES%202002%20801-850/00000846.tif HTTP/1.1" 200 69764
181.61.164.108 - - [05/Apr/2022:15:42:00 -0500] "GET /BLA/resoluciones/RESOLUCIONES%202002/RES%202002%20801-850/00000847.tif HTTP/1.1" 200 99862
172.22.2.4 - - [05/Apr/2022:15:42:00 -0500] "GET /BLA/boletinlegal/Circulares/2015/Circular%20No.%201%20del%2010%20de%20Febrero%20de%202015.pdf HTTP/1.1" 200 660637
181.61.164.108 - - [05/Apr/2022:15:42:01 -0500] "GET /BLA/resoluciones/RESOLUCIONES%202002/RES%202002%20801-850/00000848.tif HTTP/1.1" 200 79048
181.61.164.108 - - [05/Apr/2022:15:42:03 -0500] "GET /BLA/resoluciones/RESOLUCIONES%202002/RES%202002%20801-850/00000849.tif HTTP/1.1" 200 99212
181.61.164.108 - - [05/Apr/2022:15:42:04 -0500] "GET /BLA/resoluciones/RESOLUCIONES%202002/RES%202002%20801-850/00000850.tif HTTP/1.1" 200 96546
172.22.2.4 - - [05/Apr/2022:15:42:08 -0500] "GET /BLA/boletinlegal/Circulares/2014/Circular%20No.%203%20del%2014%20de%20Noviembre%20de%202014.pdf HTTP/1.1" 200 104132
181.61.164.108 - - [05/Apr/2022:15:42:09 -0500] "GET /BLA/resoluciones/index.php?dir=RESOLUCIONES+2002%2FRES+2002+851-900%2F HTTP/1.1" 200 12703
181.61.164.108 - - [05/Apr/2022:15:42:11 -0500] "GET /BLA/resoluciones/RESOLUCIONES%202002/RES%202002%20851-900/00000851.tif HTTP/1.1" 200 97676
181.61.164.108 - - [05/Apr/2022:15:42:13 -0500] "GET /BLA/resoluciones/RESOLUCIONES%202002/RES%202002%20851-900/00000852.tif HTTP/1.1" 200 102838
181.61.164.108 - - [05/Apr/2022:15:42:14 -0500] "GET /BLA/resoluciones/RESOLUCIONES%202002/RES%202002%20851-900/00000853.tif HTTP/1.1" 200 103678
181.61.164.108 - - [05/Apr/2022:15:42:15 -0500] "GET /BLA/resoluciones/RESOLUCIONES%202002/RES%202002%20851-900/00000854.tif HTTP/1.1" 200 50196
181.61.164.108 - - [05/Apr/2022:15:42:16 -0500] "GET /BLA/resoluciones/RESOLUCIONES%202002/RES%202002%20851-900/00000855.tif HTTP/1.1" 200 29440
181.61.164.108 - - [05/Apr/2022:15:42:17 -0500] "GET /BLA/resoluciones/RESOLUCIONES%202002/RES%202002%20851-900/00000856.tif HTTP/1.1" 200 78920
181.61.164.108 - - [05/Apr/2022:15:42:18 -0500] "GET /BLA/resoluciones/RESOLUCIONES%202002/RES%202002%20851-900/00000857.tif HTTP/1.1" 200 82328
181.61.164.108 - - [05/Apr/2022:15:42:19 -0500] "GET /BLA/resoluciones/RESOLUCIONES%202002/RES%202002%20851-900/00000858.tif HTTP/1.1" 200 82280
181.61.164.108 - - [05/Apr/2022:15:42:21 -0500] "GET /BLA/resoluciones/RESOLUCIONES%202002/RES%202002%20851-900/00000859.tif HTTP/1.1" 200 79158
181.61.164.108 - - [05/Apr/2022:15:42:22 -0500] "GET /BLA/resoluciones/RESOLUCIONES%202002/RES%202002%20851-900/00000860.tif HTTP/1.1" 200 84896
181.61.164.108 - - [05/Apr/2022:15:42:24 -0500] "GET /BLA/resoluciones/RESOLUCIONES%202002/RES%202002%20851-900/00000861.tif HTTP/1.1" 200 142552
181.61.164.108 - - [05/Apr/2022:15:42:25 -0500] "GET /BLA/resoluciones/RESOLUCIONES%202002/RES%202002%20851-900/00000862.tif HTTP/1.1" 200 145022
181.61.164.108 - - [05/Apr/2022:15:42:27 -0500] "GET /BLA/resoluciones/RESOLUCIONES%202002/RES%202002%20851-900/00000863.tif HTTP/1.1" 200 57452
181.61.164.108 - - [05/Apr/2022:15:42:29 -0500] "GET /BLA/resoluciones/RESOLUCIONES%202002/RES%202002%20851-900/00000864.tif HTTP/1.1" 200 72092
181.61.164.108 - - [05/Apr/2022:15:42:30 -0500] "GET /BLA/resoluciones/RESOLUCIONES%202002/RES%202002%20851-900/00000865.tif HTTP/1.1" 200 115938
181.61.164.108 - - [05/Apr/2022:15:42:31 -0500] "GET /BLA/resoluciones/RESOLUCIONES%202002/RES%202002%20851-900/00000866.tif HTTP/1.1" 200 4388
181.61.164.108 - - [05/Apr/2022:15:42:33 -0500] "GET /BLA/resoluciones/RESOLUCIONES%202002/RES%202002%20851-900/00000867.tif HTTP/1.1" 200 4580
172.22.2.4 - - [05/Apr/2022:15:42:34 -0500] "GET /BLA/boletinlegal/Circulares/2014/Circular%20No.%202%20del%2021%20de%20septiembre%20de%202014.pdf HTTP/1.1" 200 143376
181.61.164.108 - - [05/Apr/2022:15:42:34 -0500] "GET /BLA/resoluciones/RESOLUCIONES%202002/RES%202002%20851-900/00000868.tif HTTP/1.1" 200 85672
181.61.164.108 - - [05/Apr/2022:15:42:35 -0500] "GET /BLA/resoluciones/RESOLUCIONES%202002/RES%202002%20851-900/00000869.tif HTTP/1.1" 200 222268
181.61.164.108 - - [05/Apr/2022:15:42:37 -0500] "GET /BLA/resoluciones/RESOLUCIONES%202002/RES%202002%20851-900/00000870.tif HTTP/1.1" 200 47540
181.61.164.108 - - [05/Apr/2022:15:42:38 -0500] "GET /BLA/resoluciones/RESOLUCIONES%202002/RES%202002%20851-900/00000871.tif HTTP/1.1" 200 135770
172.22.2.4 - - [05/Apr/2022:15:42:40 -0500] "GET /BLA/boletinlegal/Circulares/2014/Circular%20No.%201%20del%2008%20de%20Mayo%20de%202014.pdf HTTP/1.1" 200 180124
181.61.164.108 - - [05/Apr/2022:15:42:40 -0500] "GET /BLA/resoluciones/RESOLUCIONES%202002/RES%202002%20851-900/00000872.tif HTTP/1.1" 200 100864
181.61.164.108 - - [05/Apr/2022:15:42:42 -0500] "GET /BLA/resoluciones/RESOLUCIONES%202002/RES%202002%20851-900/00000873.tif HTTP/1.1" 200 114268
181.61.164.108 - - [05/Apr/2022:15:42:43 -0500] "GET /BLA/resoluciones/RESOLUCIONES%202002/RES%202002%20851-900/00000874.tif HTTP/1.1" 200 38042
181.61.164.108 - - [05/Apr/2022:15:42:45 -0500] "GET /BLA/resoluciones/RESOLUCIONES%202002/RES%202002%20851-900/00000875.tif HTTP/1.1" 200 38354
172.22.2.4 - - [05/Apr/2022:15:42:45 -0500] "GET /BLA/boletinlegal/Circulares/2013/Circular%20No.%208%20del%201%20de%20Noviembre%20de%202013.pdf HTTP/1.1" 200 385156
186.28.113.137 - - [05/Apr/2022:15:42:45 -0500] "OPTIONS /kwssiamovil/sm/setfile/f HTTP/1.1" 200 13
181.61.164.108 - - [05/Apr/2022:15:42:48 -0500] "GET /BLA/resoluciones/RESOLUCIONES%202002/RES%202002%20851-900/00000876.tif HTTP/1.1" 200 38430
181.61.164.108 - - [05/Apr/2022:15:42:50 -0500] "GET /BLA/resoluciones/RESOLUCIONES%202002/RES%202002%20851-900/00000877.tif HTTP/1.1" 200 36778
186.28.113.137 - - [05/Apr/2022:15:42:45 -0500] "POST /kwssiamovil/sm/setfile/f HTTP/1.1" 200 381
181.61.164.108 - - [05/Apr/2022:15:42:53 -0500] "GET /BLA/resoluciones/RESOLUCIONES%202002/RES%202002%20851-900/00000878.tif HTTP/1.1" 200 39004
172.22.2.4 - - [05/Apr/2022:15:42:55 -0500] "GET /BLA/boletinlegal/Circulares/2013/Circular%20No.%207%20del%201%20de%20Agosto%20de%202013.pdf HTTP/1.1" 200 340934
181.61.164.108 - - [05/Apr/2022:15:42:57 -0500] "GET /BLA/resoluciones/RESOLUCIONES%202002/RES%202002%20851-900/00000879.tif HTTP/1.1" 200 38716
181.61.164.108 - - [05/Apr/2022:15:43:01 -0500] "GET /BLA/resoluciones/RESOLUCIONES%202002/RES%202002%20851-900/00000880.tif HTTP/1.1" 200 44286
172.22.2.4 - - [05/Apr/2022:15:43:01 -0500] "GET /BLA/boletinlegal/Circulares/2013/Circular%20No.%206%20del%2019%20de%20julio%20de%202013.pdf HTTP/1.1" 200 4210437
181.61.164.108 - - [05/Apr/2022:15:43:02 -0500] "GET /BLA/resoluciones/RESOLUCIONES%202002/RES%202002%20851-900/00000881.tif HTTP/1.1" 200 39980
201.245.192.253 - - [05/Apr/2022:15:42:16 -0500] "POST /kwsrmcab/Wsrmcab HTTP/1.1" 200 45429
181.61.164.108 - - [05/Apr/2022:15:43:03 -0500] "GET /BLA/resoluciones/RESOLUCIONES%202002/RES%202002%20851-900/00000882.tif HTTP/1.1" 200 119760
181.61.164.108 - - [05/Apr/2022:15:43:05 -0500] "GET /BLA/resoluciones/RESOLUCIONES%202002/RES%202002%20851-900/00000883.tif HTTP/1.1" 200 125260
181.61.164.108 - - [05/Apr/2022:15:43:07 -0500] "GET /BLA/resoluciones/RESOLUCIONES%202002/RES%202002%20851-900/00000884.tif HTTP/1.1" 200 74786
181.61.164.108 - - [05/Apr/2022:15:43:08 -0500] "GET /BLA/resoluciones/RESOLUCIONES%202002/RES%202002%20851-900/00000885.tif HTTP/1.1" 200 75078
181.61.164.108 - - [05/Apr/2022:15:43:10 -0500] "GET /BLA/resoluciones/RESOLUCIONES%202002/RES%202002%20851-900/00000886.tif HTTP/1.1" 200 96642
181.61.164.108 - - [05/Apr/2022:15:43:12 -0500] "GET /BLA/resoluciones/RESOLUCIONES%202002/RES%202002%20851-900/00000887.tif HTTP/1.1" 200 176784
181.61.164.108 - - [05/Apr/2022:15:43:13 -0500] "GET /BLA/resoluciones/RESOLUCIONES%202002/RES%202002%20851-900/00000888.tif HTTP/1.1" 200 141780
181.61.164.108 - - [05/Apr/2022:15:43:14 -0500] "GET /BLA/resoluciones/RESOLUCIONES%202002/RES%202002%20851-900/00000889.tif HTTP/1.1" 200 41124
181.61.164.108 - - [05/Apr/2022:15:43:15 -0500] "GET /BLA/resoluciones/RESOLUCIONES%202002/RES%202002%20851-900/00000890.tif HTTP/1.1" 200 221568
181.61.164.108 - - [05/Apr/2022:15:43:16 -0500] "GET /BLA/resoluciones/RESOLUCIONES%202002/RES%202002%20851-900/00000891.tif HTTP/1.1" 200 187764
181.61.164.108 - - [05/Apr/2022:15:43:17 -0500] "GET /BLA/resoluciones/RESOLUCIONES%202002/RES%202002%20851-900/00000892.tif HTTP/1.1" 200 81564
172.22.2.4 - - [05/Apr/2022:15:43:18 -0500] "GET /BLA/boletinlegal/Circulares/2013/Circular%20No.%205%20del%2013%20de%20junio%20de%202013.pdf HTTP/1.1" 200 110904
181.61.164.108 - - [05/Apr/2022:15:43:18 -0500] "GET /BLA/resoluciones/RESOLUCIONES%202002/RES%202002%20851-900/00000893.tif HTTP/1.1" 200 509350
181.61.164.108 - - [05/Apr/2022:15:43:20 -0500] "GET /BLA/resoluciones/RESOLUCIONES%202002/RES%202002%20851-900/00000894.tif HTTP/1.1" 200 113544
181.61.164.108 - - [05/Apr/2022:15:43:20 -0500] "GET /BLA/resoluciones/RESOLUCIONES%202002/RES%202002%20851-900/00000895.tif HTTP/1.1" 200 145656
181.61.164.108 - - [05/Apr/2022:15:43:21 -0500] "GET /BLA/resoluciones/RESOLUCIONES%202002/RES%202002%20851-900/00000896.tif HTTP/1.1" 200 144558
172.22.2.4 - - [05/Apr/2022:15:43:22 -0500] "GET /BLA/boletinlegal/Circulares/2013/Circular%20No.%204%20del%2005%20de%20junio%20de%202013.pdf HTTP/1.1" 200 130461
181.61.164.108 - - [05/Apr/2022:15:43:22 -0500] "GET /BLA/resoluciones/RESOLUCIONES%202002/RES%202002%20851-900/00000897.tif HTTP/1.1" 200 128438
181.61.164.108 - - [05/Apr/2022:15:43:23 -0500] "GET /BLA/resoluciones/RESOLUCIONES%202002/RES%202002%20851-900/00000898.tif HTTP/1.1" 200 99360
172.22.2.4 - - [05/Apr/2022:15:43:24 -0500] "POST /BLA/boletinlegal/admin/actos/ingresar.php HTTP/1.1" 200 7236
181.61.164.108 - - [05/Apr/2022:15:43:25 -0500] "GET /BLA/resoluciones/RESOLUCIONES%202002/RES%202002%20851-900/00000899.tif HTTP/1.1" 200 133400
181.61.164.108 - - [05/Apr/2022:15:43:26 -0500] "GET /BLA/resoluciones/RESOLUCIONES%202002/RES%202002%20851-900/00000900.tif HTTP/1.1" 200 43232
200.118.64.109 - - [05/Apr/2022:15:43:26 -0500] "POST /forms/lservlet;jsessionid=ac16012b30d68ad8c1bce99549afaa40af8e8368d743.e3iSbxaKaheRe34Sc38RahyRchr0n6jAmljGr5XDqQLvpAe HTTP/1.1" 200 2
181.61.164.108 - - [05/Apr/2022:15:43:27 -0500] "GET /BLA/resoluciones/RESOLUCIONES%202002/RES%202002%20851-900/RESOLUCION%20854%20DE%202002.pdf HTTP/1.1" 200 73536
172.22.2.4 - - [05/Apr/2022:15:43:27 -0500] "GET /BLA/boletinlegal/Circulares/2013/Circular%20No.%203%20del%2005%20de%20abril%20de%202013.pdf HTTP/1.1" 200 93580
181.61.164.108 - - [05/Apr/2022:15:43:32 -0500] "GET /BLA/resoluciones/RESOLUCIONES%202002/RES%202002%20851-900/RESOLUCION%20873%20DE%202002.pdf HTTP/1.1" 200 165564
172.22.2.4 - - [05/Apr/2022:15:43:32 -0500] "GET /BLA/boletinlegal/Circulares/2013/Circular%20No.%202%20del%2022%20de%20enero%20de%202013.pdf HTTP/1.1" 200 85466
172.22.2.4 - - [05/Apr/2022:15:43:37 -0500] "GET /BLA/boletinlegal/Circulares/2013/Circular%20No.%201%20del%2014%20de%20enero%20de%202013.pdf HTTP/1.1" 200 1298384
181.61.164.108 - - [05/Apr/2022:15:43:39 -0500] "GET /BLA/resoluciones/index.php?dir=RESOLUCIONES+2002%2FRES+2002+901-950%2F HTTP/1.1" 200 12468
181.61.164.108 - - [05/Apr/2022:15:43:42 -0500] "GET /BLA/resoluciones/RESOLUCIONES%202002/RES%202002%20901-950/00000901.tif HTTP/1.1" 200 66856
181.50.210.192 - - [05/Apr/2022:15:43:42 -0500] "GET /BLA/resoluciones/RESOLUCIONES%202007/RES%202007%202101%20AL%202200/RESOLUCION%202152%20DE%202007.pdf HTTP/1.1" 200 598437
181.61.164.108 - - [05/Apr/2022:15:43:43 -0500] "GET /BLA/resoluciones/RESOLUCIONES%202002/RES%202002%20901-950/00000902.tif HTTP/1.1" 200 37716
172.22.2.4 - - [05/Apr/2022:15:43:43 -0500] "GET /BLA/boletinlegal/Circulares/2012/Circular%20No.%209%20del%2021%20de%20Agosto%20de%202012.pdf HTTP/1.1" 200 1402289
181.61.164.108 - - [05/Apr/2022:15:43:45 -0500] "GET /BLA/resoluciones/RESOLUCIONES%202002/RES%202002%20901-950/00000903.tif HTTP/1.1" 200 102456
181.61.164.108 - - [05/Apr/2022:15:43:47 -0500] "GET /BLA/resoluciones/RESOLUCIONES%202002/RES%202002%20901-950/00000904.tif HTTP/1.1" 200 71646
201.245.192.253 - - [05/Apr/2022:15:43:04 -0500] "POST /kwsrmcab/Wsrmcab HTTP/1.1" 200 45082
181.61.164.108 - - [05/Apr/2022:15:43:49 -0500] "GET /BLA/resoluciones/RESOLUCIONES%202002/RES%202002%20901-950/00000905.tif HTTP/1.1" 200 39914
172.22.2.4 - - [05/Apr/2022:15:43:50 -0500] "GET /BLA/boletinlegal/Circulares/2012/Circular%20No.%208%20del%2021%20de%20Agosto%20de%202012.pdf HTTP/1.1" 200 963197
181.61.164.108 - - [05/Apr/2022:15:43:50 -0500] "GET /BLA/resoluciones/RESOLUCIONES%202002/RES%202002%20901-950/00000906.tif HTTP/1.1" 200 108196
181.61.164.108 - - [05/Apr/2022:15:43:52 -0500] "GET /BLA/resoluciones/RESOLUCIONES%202002/RES%202002%20901-950/00000907.tif HTTP/1.1" 200 230528
181.61.164.108 - - [05/Apr/2022:15:43:53 -0500] "GET /BLA/resoluciones/RESOLUCIONES%202002/RES%202002%20901-950/00000908.tif HTTP/1.1" 200 74110
181.61.164.108 - - [05/Apr/2022:15:43:55 -0500] "GET /BLA/resoluciones/RESOLUCIONES%202002/RES%202002%20901-950/00000909.tif HTTP/1.1" 200 40836
181.61.164.108 - - [05/Apr/2022:15:43:56 -0500] "GET /BLA/resoluciones/RESOLUCIONES%202002/RES%202002%20901-950/00000910.tif HTTP/1.1" 200 41832
172.22.2.4 - - [05/Apr/2022:15:43:58 -0500] "GET /BLA/boletinlegal/Circulares/2012/Circular%20No.%207%20del%2008%20de%20Agosto%20de%202012.pdf HTTP/1.1" 200 972955
181.61.164.108 - - [05/Apr/2022:15:43:59 -0500] "GET /BLA/resoluciones/RESOLUCIONES%202002/RES%202002%20901-950/00000911.tif HTTP/1.1" 200 95222
181.61.164.108 - - [05/Apr/2022:15:44:01 -0500] "GET /BLA/resoluciones/RESOLUCIONES%202002/RES%202002%20901-950/00000912.tif HTTP/1.1" 200 501358
66.249.65.13 - - [05/Apr/2022:15:44:01 -0500] "-" 408 -
181.61.164.108 - - [05/Apr/2022:15:44:02 -0500] "GET /BLA/resoluciones/RESOLUCIONES%202002/RES%202002%20901-950/00000913.tif HTTP/1.1" 200 46356
181.61.164.108 - - [05/Apr/2022:15:44:04 -0500] "GET /BLA/resoluciones/RESOLUCIONES%202002/RES%202002%20901-950/00000914.tif HTTP/1.1" 200 103752
181.61.164.108 - - [05/Apr/2022:15:44:05 -0500] "GET /BLA/resoluciones/RESOLUCIONES%202002/RES%202002%20901-950/00000915.tif HTTP/1.1" 200 98940
181.61.164.108 - - [05/Apr/2022:15:44:07 -0500] "GET /BLA/resoluciones/RESOLUCIONES%202002/RES%202002%20901-950/00000916.tif HTTP/1.1" 200 111616
172.22.2.4 - - [05/Apr/2022:15:44:08 -0500] "GET /BLA/boletinlegal/Circulares/2012/Circular%20No.%206%20del%2025%20de%20Mayo%20de%202012.pdf HTTP/1.1" 200 387391
181.61.164.108 - - [05/Apr/2022:15:44:10 -0500] "GET /BLA/resoluciones/RESOLUCIONES%202002/RES%202002%20901-950/00000917.tif HTTP/1.1" 200 113168
181.61.164.108 - - [05/Apr/2022:15:44:11 -0500] "GET /BLA/resoluciones/RESOLUCIONES%202002/RES%202002%20901-950/00000918.tif HTTP/1.1" 200 102194
181.61.164.108 - - [05/Apr/2022:15:44:14 -0500] "GET /BLA/resoluciones/RESOLUCIONES%202002/RES%202002%20901-950/00000919.tif HTTP/1.1" 200 101128
172.22.2.4 - - [05/Apr/2022:15:44:14 -0500] "GET /BLA/boletinlegal/Circulares/2012/Circular%20No.%205%20del%2027%20de%20Abril%20de%202012.pdf HTTP/1.1" 200 216613
181.61.164.108 - - [05/Apr/2022:15:44:15 -0500] "GET /BLA/resoluciones/RESOLUCIONES%202002/RES%202002%20901-950/00000920.tif HTTP/1.1" 200 117934
181.61.164.108 - - [05/Apr/2022:15:44:20 -0500] "GET /BLA/resoluciones/RESOLUCIONES%202002/RES%202002%20901-950/00000921.tif HTTP/1.1" 200 101554
172.22.2.4 - - [05/Apr/2022:15:44:20 -0500] "GET /BLA/boletinlegal/Circulares/2012/Circular%20No.%204%20del%2019%20de%20abril%20de%202012.pdf HTTP/1.1" 200 253045
181.61.164.108 - - [05/Apr/2022:15:44:22 -0500] "GET /BLA/resoluciones/RESOLUCIONES%202002/RES%202002%20901-950/00000922.tif HTTP/1.1" 200 105188
181.61.164.108 - - [05/Apr/2022:15:44:23 -0500] "GET /BLA/resoluciones/RESOLUCIONES%202002/RES%202002%20901-950/00000923.tif HTTP/1.1" 200 101090
181.61.164.108 - - [05/Apr/2022:15:44:25 -0500] "GET /BLA/resoluciones/RESOLUCIONES%202002/RES%202002%20901-950/00000924.tif HTTP/1.1" 200 103304
172.22.2.4 - - [05/Apr/2022:15:44:25 -0500] "GET /BLA/boletinlegal/Circulares/2012/Circular%20No.%203%20del%2023%20de%20Marzo%20de%202012.pdf HTTP/1.1" 200 572950
181.61.164.108 - - [05/Apr/2022:15:44:26 -0500] "GET /BLA/resoluciones/RESOLUCIONES%202002/RES%202002%20901-950/00000925.tif HTTP/1.1" 200 101646
181.61.164.108 - - [05/Apr/2022:15:44:30 -0500] "GET /BLA/resoluciones/RESOLUCIONES%202002/RES%202002%20901-950/00000926.tif HTTP/1.1" 200 102636
181.61.164.108 - - [05/Apr/2022:15:44:32 -0500] "GET /BLA/resoluciones/RESOLUCIONES%202002/RES%202002%20901-950/00000927.tif HTTP/1.1" 200 109024
181.61.164.108 - - [05/Apr/2022:15:44:33 -0500] "GET /BLA/resoluciones/RESOLUCIONES%202002/RES%202002%20901-950/00000928.tif HTTP/1.1" 200 101502
172.22.2.4 - - [05/Apr/2022:15:44:33 -0500] "GET /BLA/boletinlegal/Circulares/2012/Circular%20No.%202%20del%2014%20de%20Marzo%20de%202012.pdf HTTP/1.1" 200 113666
181.61.164.108 - - [05/Apr/2022:15:44:34 -0500] "GET /BLA/resoluciones/RESOLUCIONES%202002/RES%202002%20901-950/00000929.tif HTTP/1.1" 200 106052
181.61.164.108 - - [05/Apr/2022:15:44:35 -0500] "GET /BLA/resoluciones/RESOLUCIONES%202002/RES%202002%20901-950/00000930.tif HTTP/1.1" 200 105258
181.61.164.108 - - [05/Apr/2022:15:44:36 -0500] "GET /BLA/resoluciones/RESOLUCIONES%202002/RES%202002%20901-950/00000931.tif HTTP/1.1" 200 100560
181.61.164.108 - - [05/Apr/2022:15:44:37 -0500] "GET /BLA/resoluciones/RESOLUCIONES%202002/RES%202002%20901-950/00000932.tif HTTP/1.1" 200 274264
172.22.2.4 - - [05/Apr/2022:15:44:38 -0500] "GET /BLA/boletinlegal/Circulares/2012/Circular%20No.%2016%20del%2022%20de%20octubre%20de%202012.pdf HTTP/1.1" 200 381186
181.61.164.108 - - [05/Apr/2022:15:44:38 -0500] "GET /BLA/resoluciones/RESOLUCIONES%202002/RES%202002%20901-950/00000933.tif HTTP/1.1" 200 117746
181.61.164.108 - - [05/Apr/2022:15:44:39 -0500] "GET /BLA/resoluciones/RESOLUCIONES%202002/RES%202002%20901-950/00000934.tif HTTP/1.1" 200 85292
181.61.164.108 - - [05/Apr/2022:15:44:40 -0500] "GET /BLA/resoluciones/RESOLUCIONES%202002/RES%202002%20901-950/00000935.tif HTTP/1.1" 200 147792
181.61.164.108 - - [05/Apr/2022:15:44:41 -0500] "GET /BLA/resoluciones/RESOLUCIONES%202002/RES%202002%20901-950/00000936.tif HTTP/1.1" 200 105040
181.61.164.108 - - [05/Apr/2022:15:44:42 -0500] "GET /BLA/resoluciones/RESOLUCIONES%202002/RES%202002%20901-950/00000937.tif HTTP/1.1" 200 32684
181.61.164.108 - - [05/Apr/2022:15:44:43 -0500] "GET /BLA/resoluciones/RESOLUCIONES%202002/RES%202002%20901-950/00000938.tif HTTP/1.1" 200 62174
181.61.164.108 - - [05/Apr/2022:15:44:44 -0500] "GET /BLA/resoluciones/RESOLUCIONES%202002/RES%202002%20901-950/00000939.tif HTTP/1.1" 200 61050
172.22.2.4 - - [05/Apr/2022:15:44:45 -0500] "GET /BLA/boletinlegal/Circulares/2012/Circular%20No.%2015%20del%2022%20de%20octubre%20de%202012.pdf HTTP/1.1" 200 486506
181.61.164.108 - - [05/Apr/2022:15:44:46 -0500] "GET /BLA/resoluciones/RESOLUCIONES%202002/RES%202002%20901-950/00000940.tif HTTP/1.1" 200 58854
181.61.164.108 - - [05/Apr/2022:15:44:47 -0500] "GET /BLA/resoluciones/RESOLUCIONES%202002/RES%202002%20901-950/00000941.tif HTTP/1.1" 200 60532
181.61.164.108 - - [05/Apr/2022:15:44:48 -0500] "GET /BLA/resoluciones/RESOLUCIONES%202002/RES%202002%20901-950/00000942.tif HTTP/1.1" 200 61680
181.61.164.108 - - [05/Apr/2022:15:44:49 -0500] "GET /BLA/resoluciones/RESOLUCIONES%202002/RES%202002%20901-950/00000943.tif HTTP/1.1" 200 74820
181.61.164.108 - - [05/Apr/2022:15:44:51 -0500] "GET /BLA/resoluciones/RESOLUCIONES%202002/RES%202002%20901-950/00000944.tif HTTP/1.1" 200 107582
181.61.164.108 - - [05/Apr/2022:15:44:52 -0500] "GET /BLA/resoluciones/RESOLUCIONES%202002/RES%202002%20901-950/00000945.tif HTTP/1.1" 200 236546
172.22.2.4 - - [05/Apr/2022:15:44:53 -0500] "GET /BLA/boletinlegal/Circulares/2012/Circular%20No.%2014%20del%2011%20de%20Septiembre%20de%202012.pdf HTTP/1.1" 200 3427471
181.61.164.108 - - [05/Apr/2022:15:44:53 -0500] "GET /BLA/resoluciones/RESOLUCIONES%202002/RES%202002%20901-950/00000946.tif HTTP/1.1" 200 61266
181.61.164.108 - - [05/Apr/2022:15:44:54 -0500] "GET /BLA/resoluciones/RESOLUCIONES%202002/RES%202002%20901-950/00000947.tif HTTP/1.1" 200 216178
181.61.164.108 - - [05/Apr/2022:15:44:55 -0500] "GET /BLA/resoluciones/RESOLUCIONES%202002/RES%202002%20901-950/00000948.tif HTTP/1.1" 200 62900
181.61.164.108 - - [05/Apr/2022:15:44:56 -0500] "GET /BLA/resoluciones/RESOLUCIONES%202002/RES%202002%20901-950/00000949.tif HTTP/1.1" 200 70398
181.61.164.108 - - [05/Apr/2022:15:44:57 -0500] "GET /BLA/resoluciones/RESOLUCIONES%202002/RES%202002%20901-950/00000950.tif HTTP/1.1" 200 102640
186.28.113.137 - - [05/Apr/2022:15:44:59 -0500] "OPTIONS /kwssiamovil/sm/setfile/f HTTP/1.1" 200 13
181.61.164.108 - - [05/Apr/2022:15:45:00 -0500] "GET /BLA/resoluciones/RESOLUCIONES%202002/RES%202002%20901-950/RESOLUCION%20912%20DE%202002.pdf HTTP/1.1" 200 711898
172.22.2.4 - - [05/Apr/2022:15:45:01 -0500] "GET /BLA/boletinlegal/Circulares/2012/Circular%20No.%2013%20del%2006%20de%20Septiembre%20de%202012.pdf HTTP/1.1" 200 351421
186.28.113.137 - - [05/Apr/2022:15:44:59 -0500] "POST /kwssiamovil/sm/setfile/f HTTP/1.1" 200 381
172.22.2.4 - - [05/Apr/2022:15:45:06 -0500] "GET /BLA/boletinlegal/Circulares/2012/Circular%20No.%2012%20del%2028%20de%20Agosto%20de%202012.pdf HTTP/1.1" 200 369945
181.61.164.108 - - [05/Apr/2022:15:45:12 -0500] "GET /BLA/resoluciones/index.php?dir=RESOLUCIONES+2002%2FRES+2002+951-1000%2F HTTP/1.1" 200 12521
181.61.164.108 - - [05/Apr/2022:15:45:13 -0500] "GET /BLA/resoluciones/RESOLUCIONES%202002/RES%202002%20951-1000/00000951.tif HTTP/1.1" 200 99664
181.61.164.108 - - [05/Apr/2022:15:45:14 -0500] "GET /BLA/resoluciones/RESOLUCIONES%202002/RES%202002%20951-1000/00000952.tif HTTP/1.1" 200 63190
181.61.164.108 - - [05/Apr/2022:15:45:16 -0500] "GET /BLA/resoluciones/RESOLUCIONES%202002/RES%202002%20951-1000/00000953.tif HTTP/1.1" 200 118072
172.22.2.4 - - [05/Apr/2022:15:45:17 -0500] "GET /BLA/boletinlegal/Circulares/2012/Circular%20No.%2011%20del%2027%20de%20Agosto%20de%202012.pdf HTTP/1.1" 200 526945
181.61.164.108 - - [05/Apr/2022:15:45:19 -0500] "GET /BLA/resoluciones/RESOLUCIONES%202002/RES%202002%20951-1000/00000954.tif HTTP/1.1" 200 91308
181.61.164.108 - - [05/Apr/2022:15:45:20 -0500] "GET /BLA/resoluciones/RESOLUCIONES%202002/RES%202002%20951-1000/00000955.tif HTTP/1.1" 200 156706
181.61.164.108 - - [05/Apr/2022:15:45:21 -0500] "GET /BLA/resoluciones/RESOLUCIONES%202002/RES%202002%20951-1000/00000956.tif HTTP/1.1" 200 91422
181.61.164.108 - - [05/Apr/2022:15:45:22 -0500] "GET /BLA/resoluciones/RESOLUCIONES%202002/RES%202002%20951-1000/00000957.tif HTTP/1.1" 200 144160
181.61.164.108 - - [05/Apr/2022:15:45:24 -0500] "GET /BLA/resoluciones/RESOLUCIONES%202002/RES%202002%20951-1000/00000958.tif HTTP/1.1" 200 72636
181.61.164.108 - - [05/Apr/2022:15:45:25 -0500] "GET /BLA/resoluciones/RESOLUCIONES%202002/RES%202002%20951-1000/00000959.tif HTTP/1.1" 200 115246
200.118.64.109 - - [05/Apr/2022:15:45:27 -0500] "POST /forms/lservlet;jsessionid=ac16012b30d68ad8c1bce99549afaa40af8e8368d743.e3iSbxaKaheRe34Sc38RahyRchr0n6jAmljGr5XDqQLvpAe HTTP/1.1" 200 2
181.61.164.108 - - [05/Apr/2022:15:45:27 -0500] "GET /BLA/resoluciones/RESOLUCIONES%202002/RES%202002%20951-1000/00000960.tif HTTP/1.1" 200 61094
181.61.164.108 - - [05/Apr/2022:15:45:28 -0500] "GET /BLA/resoluciones/RESOLUCIONES%202002/RES%202002%20951-1000/00000961.tif HTTP/1.1" 200 56708
172.22.2.4 - - [05/Apr/2022:15:45:29 -0500] "GET /BLA/boletinlegal/Circulares/2012/Circular%20No.%2010%20del%2026%20de%20Enero%20de%202012.pdf HTTP/1.1" 404 1218
181.61.164.108 - - [05/Apr/2022:15:45:30 -0500] "GET /BLA/resoluciones/RESOLUCIONES%202002/RES%202002%20951-1000/00000962.tif HTTP/1.1" 200 32994
172.22.2.4 - - [05/Apr/2022:15:45:31 -0500] "GET /BLA/boletinlegal/Circulares/2012/Circular%20No.%2010%20del%2022%20de%20Agosto%20de%202012.pdf HTTP/1.1" 200 1563219
181.61.164.108 - - [05/Apr/2022:15:45:31 -0500] "GET /BLA/resoluciones/RESOLUCIONES%202002/RES%202002%20951-1000/00000963.tif HTTP/1.1" 200 76342
181.61.164.108 - - [05/Apr/2022:15:45:33 -0500] "GET /BLA/resoluciones/RESOLUCIONES%202002/RES%202002%20951-1000/00000964.tif HTTP/1.1" 200 98140
181.61.164.108 - - [05/Apr/2022:15:45:34 -0500] "GET /BLA/resoluciones/RESOLUCIONES%202002/RES%202002%20951-1000/00000965.tif HTTP/1.1" 200 305408
181.61.164.108 - - [05/Apr/2022:15:45:35 -0500] "GET /BLA/resoluciones/RESOLUCIONES%202002/RES%202002%20951-1000/00000966.tif HTTP/1.1" 200 102942
181.61.164.108 - - [05/Apr/2022:15:45:36 -0500] "GET /BLA/resoluciones/RESOLUCIONES%202002/RES%202002%20951-1000/00000967.tif HTTP/1.1" 200 679466
181.61.164.108 - - [05/Apr/2022:15:45:38 -0500] "GET /BLA/resoluciones/RESOLUCIONES%202002/RES%202002%20951-1000/00000968.tif HTTP/1.1" 200 65260
172.22.2.4 - - [05/Apr/2022:15:45:38 -0500] "GET /BLA/boletinlegal/Circulares/2012/Circular%20No.%201%20del%2017%20de%20Enero%20de%202012.pdf HTTP/1.1" 200 1118749
181.61.164.108 - - [05/Apr/2022:15:45:39 -0500] "GET /BLA/resoluciones/RESOLUCIONES%202002/RES%202002%20951-1000/00000969.tif HTTP/1.1" 200 96056
181.61.164.108 - - [05/Apr/2022:15:45:40 -0500] "GET /BLA/resoluciones/RESOLUCIONES%202002/RES%202002%20951-1000/00000970.tif HTTP/1.1" 200 51052
181.61.164.108 - - [05/Apr/2022:15:45:42 -0500] "GET /BLA/resoluciones/RESOLUCIONES%202002/RES%202002%20951-1000/00000971.tif HTTP/1.1" 200 142472
181.61.164.108 - - [05/Apr/2022:15:45:43 -0500] "GET /BLA/resoluciones/RESOLUCIONES%202002/RES%202002%20951-1000/00000972.tif HTTP/1.1" 200 589558
181.237.232.239 - - [05/Apr/2022:15:45:44 -0500] "GET /catalogoisis/ HTTP/1.1" 200 8575
181.237.232.239 - - [05/Apr/2022:15:45:44 -0500] "GET /catalogoisis/Css/Busqueda.css HTTP/1.1" 200 1995
181.237.232.239 - - [05/Apr/2022:15:45:44 -0500] "GET /catalogoisis/Js/AceptarLimpiar.js HTTP/1.1" 200 331
181.237.232.239 - - [05/Apr/2022:15:45:44 -0500] "GET /catalogoisis/Js/CriterioCombinada.js HTTP/1.1" 200 1843
181.237.232.239 - - [05/Apr/2022:15:45:44 -0500] "GET /catalogoisis/Js/Cookies.js HTTP/1.1" 200 1369
181.237.232.239 - - [05/Apr/2022:15:45:44 -0500] "GET /catalogoisis/Js/LimpiarCombinada.js HTTP/1.1" 200 207
181.237.232.239 - - [05/Apr/2022:15:45:44 -0500] "GET /catalogoisis/Js/Remote.js HTTP/1.1" 200 436
181.237.232.239 - - [05/Apr/2022:15:45:44 -0500] "GET /catalogoisis/Js/Go.js HTTP/1.1" 200 364
181.237.232.239 - - [05/Apr/2022:15:45:44 -0500] "GET /catalogoisis/Js/Numero.js HTTP/1.1" 200 398
181.237.232.239 - - [05/Apr/2022:15:45:44 -0500] "GET /catalogoisis/Js/Enter.js HTTP/1.1" 200 1208
181.61.164.108 - - [05/Apr/2022:15:45:45 -0500] "GET /BLA/resoluciones/RESOLUCIONES%202002/RES%202002%20951-1000/00000973.tif HTTP/1.1" 200 159280
172.22.2.4 - - [05/Apr/2022:15:45:45 -0500] "GET /BLA/boletinlegal/Circulares/2011/Circular%20No.%209%20del%2003%20de%20Noviembre%20de%202011.pdf HTTP/1.1" 200 54568
181.237.232.239 - - [05/Apr/2022:15:45:45 -0500] "GET /catalogoisis/imagenes/br1c3.gif HTTP/1.1" 200 302
181.237.232.239 - - [05/Apr/2022:15:45:45 -0500] "GET /catalogoisis/imagenes/br1c1.gif HTTP/1.1" 200 172
181.237.232.239 - - [05/Apr/2022:15:45:44 -0500] "GET /catalogoisis/imagenes/Header.gif HTTP/1.1" 200 30313
181.237.232.239 - - [05/Apr/2022:15:45:45 -0500] "GET /catalogoisis/imagenes/aceptar1.gif HTTP/1.1" 200 604
181.237.232.239 - - [05/Apr/2022:15:45:45 -0500] "GET /catalogoisis/imagenes/Turnbo1.gif HTTP/1.1" 200 227
181.237.232.239 - - [05/Apr/2022:15:45:45 -0500] "GET /catalogoisis/imagenes/limpiar1.gif HTTP/1.1" 200 606
181.237.232.239 - - [05/Apr/2022:15:45:45 -0500] "GET /catalogoisis/imagenes/br3c2.gif HTTP/1.1" 200 285
181.237.232.239 - - [05/Apr/2022:15:45:45 -0500] "GET /catalogoisis/imagenes/br3c1.gif HTTP/1.1" 200 177
181.237.232.239 - - [05/Apr/2022:15:45:45 -0500] "GET /catalogoisis/imagenes/br3c3.gif HTTP/1.1" 200 186
181.237.232.239 - - [05/Apr/2022:15:45:45 -0500] "GET /catalogoisis/imagenes/br2c1.gif HTTP/1.1" 200 297
181.237.232.239 - - [05/Apr/2022:15:45:45 -0500] "GET /catalogoisis/imagenes/br1c2.gif HTTP/1.1" 200 297
181.237.232.239 - - [05/Apr/2022:15:45:45 -0500] "GET /catalogoisis/imagenes/br2c2.gif HTTP/1.1" 200 302
181.237.232.239 - - [05/Apr/2022:15:45:45 -0500] "GET /catalogoisis/imagenes/br2c3.gif HTTP/1.1" 200 416
181.237.232.239 - - [05/Apr/2022:15:45:45 -0500] "GET /favicon.ico HTTP/1.1" 200 7782
181.61.164.108 - - [05/Apr/2022:15:45:46 -0500] "GET /BLA/resoluciones/RESOLUCIONES%202002/RES%202002%20951-1000/00000974.tif HTTP/1.1" 200 43478
181.61.164.108 - - [05/Apr/2022:15:45:48 -0500] "GET /BLA/resoluciones/RESOLUCIONES%202002/RES%202002%20951-1000/00000975.tif HTTP/1.1" 200 78222
172.22.2.4 - - [05/Apr/2022:15:45:51 -0500] "GET /BLA/boletinlegal/Circulares/2011/Circular%20No.%208%20del%2020%20de%20Septiembre%20de%202011.pdf HTTP/1.1" 200 285158
181.61.164.108 - - [05/Apr/2022:15:45:52 -0500] "GET /BLA/resoluciones/RESOLUCIONES%202002/RES%202002%20951-1000/00000976.tif HTTP/1.1" 200 83842
181.61.164.108 - - [05/Apr/2022:15:45:53 -0500] "GET /BLA/resoluciones/RESOLUCIONES%202002/RES%202002%20951-1000/00000977.tif HTTP/1.1" 200 80006
181.61.164.108 - - [05/Apr/2022:15:45:55 -0500] "GET /BLA/resoluciones/RESOLUCIONES%202002/RES%202002%20951-1000/00000978.tif HTTP/1.1" 200 84696
181.61.164.108 - - [05/Apr/2022:15:45:57 -0500] "GET /BLA/resoluciones/RESOLUCIONES%202002/RES%202002%20951-1000/00000979.tif HTTP/1.1" 200 81134
181.61.164.108 - - [05/Apr/2022:15:45:58 -0500] "GET /BLA/resoluciones/RESOLUCIONES%202002/RES%202002%20951-1000/00000980.tif HTTP/1.1" 200 83096
172.22.2.4 - - [05/Apr/2022:15:45:58 -0500] "GET /BLA/boletinlegal/Circulares/2011/Circular%20No.%207%20del%2023%20de%20Diciembre%20de%202011.pdf HTTP/1.1" 200 1107785
181.61.164.108 - - [05/Apr/2022:15:45:59 -0500] "GET /BLA/resoluciones/RESOLUCIONES%202002/RES%202002%20951-1000/00000981.tif HTTP/1.1" 200 82518
181.61.164.108 - - [05/Apr/2022:15:46:00 -0500] "GET /BLA/resoluciones/RESOLUCIONES%202002/RES%202002%20951-1000/00000982.tif HTTP/1.1" 200 83768
181.61.164.108 - - [05/Apr/2022:15:46:02 -0500] "GET /BLA/resoluciones/RESOLUCIONES%202002/RES%202002%20951-1000/00000983.tif HTTP/1.1" 200 84014
181.61.164.108 - - [05/Apr/2022:15:46:03 -0500] "GET /BLA/resoluciones/RESOLUCIONES%202002/RES%202002%20951-1000/00000984.tif HTTP/1.1" 200 103262
181.61.164.108 - - [05/Apr/2022:15:46:05 -0500] "GET /BLA/resoluciones/RESOLUCIONES%202002/RES%202002%20951-1000/00000985.tif HTTP/1.1" 200 109504
172.22.2.4 - - [05/Apr/2022:15:46:07 -0500] "GET /BLA/boletinlegal/Circulares/2011/Circular%20No.%207%20del%2015%20de%20Septiembre%20de%202011.pdf HTTP/1.1" 200 314873
181.61.164.108 - - [05/Apr/2022:15:46:07 -0500] "GET /BLA/resoluciones/RESOLUCIONES%202002/RES%202002%20951-1000/00000986.tif HTTP/1.1" 200 106940
181.61.164.108 - - [05/Apr/2022:15:46:08 -0500] "GET /BLA/resoluciones/RESOLUCIONES%202002/RES%202002%20951-1000/00000987.tif HTTP/1.1" 200 139180
181.61.164.108 - - [05/Apr/2022:15:46:09 -0500] "GET /BLA/resoluciones/RESOLUCIONES%202002/RES%202002%20951-1000/00000988.tif HTTP/1.1" 200 274760
181.61.164.108 - - [05/Apr/2022:15:46:11 -0500] "GET /BLA/resoluciones/RESOLUCIONES%202002/RES%202002%20951-1000/00000989.tif HTTP/1.1" 200 60584
181.61.164.108 - - [05/Apr/2022:15:46:12 -0500] "GET /BLA/resoluciones/RESOLUCIONES%202002/RES%202002%20951-1000/00000990.tif HTTP/1.1" 200 119802
181.61.164.108 - - [05/Apr/2022:15:46:14 -0500] "GET /BLA/resoluciones/RESOLUCIONES%202002/RES%202002%20951-1000/00000991.tif HTTP/1.1" 200 94830
172.22.2.4 - - [05/Apr/2022:15:46:15 -0500] "GET /BLA/boletinlegal/Circulares/2011/Circular%20No.%206%20del%2029%20de%20Julio%20de%202011.pdf HTTP/1.1" 200 262144
181.61.164.108 - - [05/Apr/2022:15:46:15 -0500] "GET /BLA/resoluciones/RESOLUCIONES%202002/RES%202002%20951-1000/00000992.tif HTTP/1.1" 200 99216
181.61.164.108 - - [05/Apr/2022:15:46:17 -0500] "GET /BLA/resoluciones/RESOLUCIONES%202002/RES%202002%20951-1000/00000993.tif HTTP/1.1" 200 65356
181.61.164.108 - - [05/Apr/2022:15:46:19 -0500] "GET /BLA/resoluciones/RESOLUCIONES%202002/RES%202002%20951-1000/00000994.tif HTTP/1.1" 200 73902
181.61.164.108 - - [05/Apr/2022:15:46:21 -0500] "GET /BLA/resoluciones/RESOLUCIONES%202002/RES%202002%20951-1000/00000995.tif HTTP/1.1" 200 90820
181.61.164.108 - - [05/Apr/2022:15:46:23 -0500] "GET /BLA/resoluciones/RESOLUCIONES%202002/RES%202002%20951-1000/00000996.tif HTTP/1.1" 200 56886
172.22.2.4 - - [05/Apr/2022:15:46:24 -0500] "GET /BLA/boletinlegal/Circulares/2011/Circular%20No.%206%20del%2023%20de%20Septiembre%20de%202011.pdf HTTP/1.1" 200 252800
181.61.164.108 - - [05/Apr/2022:15:46:25 -0500] "GET /BLA/resoluciones/RESOLUCIONES%202002/RES%202002%20951-1000/00000997.tif HTTP/1.1" 200 109004
181.61.164.108 - - [05/Apr/2022:15:46:26 -0500] "GET /BLA/resoluciones/RESOLUCIONES%202002/RES%202002%20951-1000/00000998.tif HTTP/1.1" 200 187276
181.61.164.108 - - [05/Apr/2022:15:46:28 -0500] "GET /BLA/resoluciones/RESOLUCIONES%202002/RES%202002%20951-1000/00000999.tif HTTP/1.1" 200 41954
181.61.164.108 - - [05/Apr/2022:15:46:29 -0500] "GET /BLA/resoluciones/RESOLUCIONES%202002/RES%202002%20951-1000/00001000.tif HTTP/1.1" 200 41360
172.22.2.4 - - [05/Apr/2022:15:46:31 -0500] "GET /BLA/boletinlegal/Circulares/2011/Circular%20No.%205%20del%2014%20de%20Julio%20de%202011.pdf HTTP/1.1" 200 1488992
181.61.164.108 - - [05/Apr/2022:15:46:31 -0500] "GET /BLA/resoluciones/RESOLUCIONES%202002/RES%202002%20951-1000/RESOLUCION%20962%20DE%202002.pdf HTTP/1.1" 200 48195
186.28.113.137 - - [05/Apr/2022:15:46:35 -0500] "OPTIONS /kwssiamovil/sm/setfile/f HTTP/1.1" 200 13
186.28.113.137 - - [05/Apr/2022:15:46:35 -0500] "POST /kwssiamovil/sm/setfile/f HTTP/1.1" 200 381
181.61.164.108 - - [05/Apr/2022:15:46:39 -0500] "GET /BLA/resoluciones/index.php?dir=RESOLUCIONES+2002%2FRES+2002+1001-1050%2F HTTP/1.1" 200 12610
172.22.2.4 - - [05/Apr/2022:15:44:59 -0500] "HEAD /BLA/boletinlegal/ HTTP/1.1" 200 -
172.22.2.4 - - [05/Apr/2022:15:46:39 -0500] "GET /BLA/boletinlegal/Circulares/2011/Circular%20No.%205%20del%2012%20de%20Agosto%20de%202011.pdf HTTP/1.1" 200 431796
181.61.164.108 - - [05/Apr/2022:15:46:43 -0500] "GET /BLA/resoluciones/RESOLUCIONES%202002/RES%202002%201001-1050/2002RES1001.tif HTTP/1.1" 200 40482
181.61.164.108 - - [05/Apr/2022:15:46:45 -0500] "GET /BLA/resoluciones/RESOLUCIONES%202002/RES%202002%201001-1050/2002RES1002.tif HTTP/1.1" 200 45970
172.22.2.4 - - [05/Apr/2022:15:46:47 -0500] "GET /BLA/boletinlegal/Circulares/2011/Circular%20No.%204%20del%2014%20de%20Julio%20de%202011.pdf HTTP/1.1" 200 399895
181.61.164.108 - - [05/Apr/2022:15:46:47 -0500] "GET /BLA/resoluciones/RESOLUCIONES%202002/RES%202002%201001-1050/2002RES1003.tif HTTP/1.1" 200 42750
181.61.164.108 - - [05/Apr/2022:15:46:51 -0500] "GET /BLA/resoluciones/RESOLUCIONES%202002/RES%202002%201001-1050/2002RES1004.tif HTTP/1.1" 200 233982
216.245.221.92 - - [05/Apr/2022:15:46:52 -0500] "HEAD / HTTP/1.1" 200 -
181.61.164.108 - - [05/Apr/2022:15:46:53 -0500] "GET /BLA/resoluciones/RESOLUCIONES%202002/RES%202002%201001-1050/2002RES1005.tif HTTP/1.1" 200 309638
172.22.2.4 - - [05/Apr/2022:15:46:53 -0500] "GET /BLA/boletinlegal/Circulares/2011/Circular%20No.%204%20del%2012%20de%20Agosto%20de%202011.pdf HTTP/1.1" 200 601047
181.61.164.108 - - [05/Apr/2022:15:46:55 -0500] "GET /BLA/resoluciones/RESOLUCIONES%202002/RES%202002%201001-1050/2002RES1006.tif HTTP/1.1" 200 42784
181.61.164.108 - - [05/Apr/2022:15:46:56 -0500] "GET /BLA/resoluciones/RESOLUCIONES%202002/RES%202002%201001-1050/2002RES1007.tif HTTP/1.1" 200 560072
181.61.164.108 - - [05/Apr/2022:15:46:58 -0500] "GET /BLA/resoluciones/RESOLUCIONES%202002/RES%202002%201001-1050/2002RES1008.tif HTTP/1.1" 200 310718
172.22.2.4 - - [05/Apr/2022:15:46:59 -0500] "GET /BLA/boletinlegal/Circulares/2011/Circular%20No.%203%20del%2023%20de%20Junio%20de%202011.pdf HTTP/1.1" 200 1452758
181.61.164.108 - - [05/Apr/2022:15:47:00 -0500] "GET /BLA/resoluciones/RESOLUCIONES%202002/RES%202002%201001-1050/2002RES1009.tif HTTP/1.1" 200 597174
181.61.164.108 - - [05/Apr/2022:15:47:01 -0500] "GET /BLA/resoluciones/RESOLUCIONES%202002/RES%202002%201001-1050/2002RES1010.tif HTTP/1.1" 200 320862
181.61.164.108 - - [05/Apr/2022:15:47:03 -0500] "GET /BLA/resoluciones/RESOLUCIONES%202002/RES%202002%201001-1050/2002RES1011.tif HTTP/1.1" 200 93318
181.61.164.108 - - [05/Apr/2022:15:47:05 -0500] "GET /BLA/resoluciones/RESOLUCIONES%202002/RES%202002%201001-1050/2002RES1012.tif HTTP/1.1" 200 113344
181.61.164.108 - - [05/Apr/2022:15:47:07 -0500] "GET /BLA/resoluciones/RESOLUCIONES%202002/RES%202002%201001-1050/2002RES1013.tif HTTP/1.1" 200 103838
172.22.2.4 - - [05/Apr/2022:15:47:08 -0500] "GET /BLA/boletinlegal/Circulares/2011/Circular%20No.%203%20del%2016%20de%20Junio%20de%202011.pdf HTTP/1.1" 200 346378
181.61.164.108 - - [05/Apr/2022:15:47:09 -0500] "GET /BLA/resoluciones/RESOLUCIONES%202002/RES%202002%201001-1050/2002RES1014.tif HTTP/1.1" 200 75476
181.61.164.108 - - [05/Apr/2022:15:47:11 -0500] "GET /BLA/resoluciones/RESOLUCIONES%202002/RES%202002%201001-1050/2002RES1015.tif HTTP/1.1" 200 104190
181.61.164.108 - - [05/Apr/2022:15:47:13 -0500] "GET /BLA/resoluciones/RESOLUCIONES%202002/RES%202002%201001-1050/2002RES1016.tif HTTP/1.1" 200 128090
172.22.2.4 - - [05/Apr/2022:15:47:15 -0500] "GET /BLA/boletinlegal/Circulares/2011/Circular%20No.%202%20del%2031%20de%20Mayo%20de%202011.pdf HTTP/1.1" 200 496778
190.130.72.83 - - [05/Apr/2022:15:47:16 -0500] "GET /si-eres-mujer-y-te-gusta-el-cuidado-de-los-humedales-este-proceso-de-formacion-es-para-ti.html HTTP/1.1" 200 1025
181.61.164.108 - - [05/Apr/2022:15:47:16 -0500] "GET /BLA/resoluciones/RESOLUCIONES%202002/RES%202002%201001-1050/2002RES1017.tif HTTP/1.1" 200 190288
