181.61.164.108 - - [05/Apr/2022:08:14:45 -0500] "GET /BLA/resoluciones/index.php?dir=RESOLUCIONES+2002%2F HTTP/1.1" 200 24571
181.61.164.108 - - [05/Apr/2022:08:14:56 -0500] "GET /BLA/resoluciones/index.php?dir=RESOLUCIONES+2002%2FRES+2002+51-100%2F HTTP/1.1" 200 12120
181.61.164.108 - - [05/Apr/2022:08:15:01 -0500] "GET /BLA/resoluciones/RESOLUCIONES%202002/RES%202002%2051-100/2002RES51.tif HTTP/1.1" 200 174162
181.61.164.108 - - [05/Apr/2022:08:15:03 -0500] "GET /BLA/resoluciones/RESOLUCIONES%202002/RES%202002%2051-100/2002RES52.tif HTTP/1.1" 200 183344
181.61.164.108 - - [05/Apr/2022:08:15:04 -0500] "GET /BLA/resoluciones/RESOLUCIONES%202002/RES%202002%2051-100/2002RES53.tif HTTP/1.1" 200 167280
181.61.164.108 - - [05/Apr/2022:08:15:05 -0500] "GET /BLA/resoluciones/RESOLUCIONES%202002/RES%202002%2051-100/2002RES54.tif HTTP/1.1" 200 342046
181.61.164.108 - - [05/Apr/2022:08:15:06 -0500] "GET /BLA/resoluciones/RESOLUCIONES%202002/RES%202002%2051-100/2002RES55.tif HTTP/1.1" 200 82788
181.61.164.108 - - [05/Apr/2022:08:15:07 -0500] "GET /BLA/resoluciones/RESOLUCIONES%202002/RES%202002%2051-100/2002RES56.tif HTTP/1.1" 200 86244
181.61.164.108 - - [05/Apr/2022:08:15:08 -0500] "GET /BLA/resoluciones/RESOLUCIONES%202002/RES%202002%2051-100/2002RES57.tif HTTP/1.1" 200 81600
181.61.164.108 - - [05/Apr/2022:08:15:09 -0500] "GET /BLA/resoluciones/RESOLUCIONES%202002/RES%202002%2051-100/2002RES58.tif HTTP/1.1" 200 124112
181.61.164.108 - - [05/Apr/2022:08:15:10 -0500] "GET /BLA/resoluciones/RESOLUCIONES%202002/RES%202002%2051-100/2002RES59.tif HTTP/1.1" 200 49448
181.61.164.108 - - [05/Apr/2022:08:15:11 -0500] "GET /BLA/resoluciones/RESOLUCIONES%202002/RES%202002%2051-100/2002RES60.tif HTTP/1.1" 200 175224
181.61.164.108 - - [05/Apr/2022:08:15:12 -0500] "GET /BLA/resoluciones/RESOLUCIONES%202002/RES%202002%2051-100/2002RES61.tif HTTP/1.1" 200 84702
181.61.164.108 - - [05/Apr/2022:08:15:13 -0500] "GET /BLA/resoluciones/RESOLUCIONES%202002/RES%202002%2051-100/2002RES62.tif HTTP/1.1" 200 117070
181.61.164.108 - - [05/Apr/2022:08:15:14 -0500] "GET /BLA/resoluciones/RESOLUCIONES%202002/RES%202002%2051-100/2002RES63.tif HTTP/1.1" 200 73082
181.61.164.108 - - [05/Apr/2022:08:15:15 -0500] "GET /BLA/resoluciones/RESOLUCIONES%202002/RES%202002%2051-100/2002RES64.tif HTTP/1.1" 200 69058
181.61.164.108 - - [05/Apr/2022:08:15:16 -0500] "GET /BLA/resoluciones/RESOLUCIONES%202002/RES%202002%2051-100/2002RES65.tif HTTP/1.1" 200 77194
181.61.164.108 - - [05/Apr/2022:08:15:17 -0500] "GET /BLA/resoluciones/RESOLUCIONES%202002/RES%202002%2051-100/2002RES66.tif HTTP/1.1" 200 58890
181.61.164.108 - - [05/Apr/2022:08:15:18 -0500] "GET /BLA/resoluciones/RESOLUCIONES%202002/RES%202002%2051-100/2002RES67.tif HTTP/1.1" 200 74256
181.61.164.108 - - [05/Apr/2022:08:15:19 -0500] "GET /BLA/resoluciones/RESOLUCIONES%202002/RES%202002%2051-100/2002RES68.tif HTTP/1.1" 200 70700
181.61.164.108 - - [05/Apr/2022:08:15:20 -0500] "GET /BLA/resoluciones/RESOLUCIONES%202002/RES%202002%2051-100/2002RES69.tif HTTP/1.1" 200 71084
181.61.164.108 - - [05/Apr/2022:08:15:21 -0500] "GET /BLA/resoluciones/RESOLUCIONES%202002/RES%202002%2051-100/2002RES70.tif HTTP/1.1" 200 74606
181.61.164.108 - - [05/Apr/2022:08:15:22 -0500] "GET /BLA/resoluciones/RESOLUCIONES%202002/RES%202002%2051-100/2002RES71.tif HTTP/1.1" 200 70398
181.61.164.108 - - [05/Apr/2022:08:15:24 -0500] "GET /BLA/resoluciones/RESOLUCIONES%202002/RES%202002%2051-100/2002RES72.tif HTTP/1.1" 200 69756
181.61.164.108 - - [05/Apr/2022:08:15:25 -0500] "GET /BLA/resoluciones/RESOLUCIONES%202002/RES%202002%2051-100/2002RES73.tif HTTP/1.1" 200 71052
181.61.164.108 - - [05/Apr/2022:08:15:26 -0500] "GET /BLA/resoluciones/RESOLUCIONES%202002/RES%202002%2051-100/2002RES74.tif HTTP/1.1" 200 33058
181.61.164.108 - - [05/Apr/2022:08:15:30 -0500] "GET /BLA/resoluciones/RESOLUCIONES%202002/RES%202002%2051-100/2002RES75.tif HTTP/1.1" 200 41918
181.61.164.108 - - [05/Apr/2022:08:15:32 -0500] "GET /BLA/resoluciones/RESOLUCIONES%202002/RES%202002%2051-100/2002RES76.tif HTTP/1.1" 200 35606
181.61.164.108 - - [05/Apr/2022:08:15:33 -0500] "GET /BLA/resoluciones/RESOLUCIONES%202002/RES%202002%2051-100/2002RES77.tif HTTP/1.1" 200 78672
181.61.164.108 - - [05/Apr/2022:08:15:34 -0500] "GET /BLA/resoluciones/RESOLUCIONES%202002/RES%202002%2051-100/2002RES78.tif HTTP/1.1" 200 41516
181.61.164.108 - - [05/Apr/2022:08:15:35 -0500] "GET /BLA/resoluciones/RESOLUCIONES%202002/RES%202002%2051-100/2002RES79.tif HTTP/1.1" 200 73362
181.61.164.108 - - [05/Apr/2022:08:15:36 -0500] "GET /BLA/resoluciones/RESOLUCIONES%202002/RES%202002%2051-100/2002RES80.tif HTTP/1.1" 200 68930
181.61.164.108 - - [05/Apr/2022:08:15:37 -0500] "GET /BLA/resoluciones/RESOLUCIONES%202002/RES%202002%2051-100/2002RES81.tif HTTP/1.1" 200 75380
181.61.164.108 - - [05/Apr/2022:08:15:38 -0500] "GET /BLA/resoluciones/RESOLUCIONES%202002/RES%202002%2051-100/2002RES82.tif HTTP/1.1" 200 46004
181.61.164.108 - - [05/Apr/2022:08:15:38 -0500] "GET /BLA/resoluciones/RESOLUCIONES%202002/RES%202002%2051-100/2002RES83.tif HTTP/1.1" 200 39196
181.61.164.108 - - [05/Apr/2022:08:15:39 -0500] "GET /BLA/resoluciones/RESOLUCIONES%202002/RES%202002%2051-100/2002RES84.tif HTTP/1.1" 200 40196
181.61.164.108 - - [05/Apr/2022:08:15:40 -0500] "GET /BLA/resoluciones/RESOLUCIONES%202002/RES%202002%2051-100/2002RES85.tif HTTP/1.1" 200 50220
181.61.164.108 - - [05/Apr/2022:08:15:41 -0500] "GET /BLA/resoluciones/RESOLUCIONES%202002/RES%202002%2051-100/2002RES86.tif HTTP/1.1" 200 90098
181.61.164.108 - - [05/Apr/2022:08:15:42 -0500] "GET /BLA/resoluciones/RESOLUCIONES%202002/RES%202002%2051-100/2002RES87.tif HTTP/1.1" 200 115676
181.61.164.108 - - [05/Apr/2022:08:15:43 -0500] "GET /BLA/resoluciones/RESOLUCIONES%202002/RES%202002%2051-100/2002RES88.tif HTTP/1.1" 200 41304
181.61.164.108 - - [05/Apr/2022:08:15:44 -0500] "GET /BLA/resoluciones/RESOLUCIONES%202002/RES%202002%2051-100/2002RES89.tif HTTP/1.1" 200 126890
181.61.164.108 - - [05/Apr/2022:08:15:45 -0500] "GET /BLA/resoluciones/RESOLUCIONES%202002/RES%202002%2051-100/2002RES90.tif HTTP/1.1" 200 303788
181.61.164.108 - - [05/Apr/2022:08:15:46 -0500] "GET /BLA/resoluciones/RESOLUCIONES%202002/RES%202002%2051-100/2002RES91.tif HTTP/1.1" 200 86064
181.61.164.108 - - [05/Apr/2022:08:15:47 -0500] "GET /BLA/resoluciones/RESOLUCIONES%202002/RES%202002%2051-100/2002RES92.tif HTTP/1.1" 200 41424
181.61.164.108 - - [05/Apr/2022:08:15:50 -0500] "GET /BLA/resoluciones/RESOLUCIONES%202002/RES%202002%2051-100/2002RES93.tif HTTP/1.1" 200 39912
181.61.164.108 - - [05/Apr/2022:08:15:51 -0500] "GET /BLA/resoluciones/RESOLUCIONES%202002/RES%202002%2051-100/2002RES94.tif HTTP/1.1" 200 40164
181.61.164.108 - - [05/Apr/2022:08:15:53 -0500] "GET /BLA/resoluciones/RESOLUCIONES%202002/RES%202002%2051-100/2002RES95.tif HTTP/1.1" 200 66656
181.61.164.108 - - [05/Apr/2022:08:15:54 -0500] "GET /BLA/resoluciones/RESOLUCIONES%202002/RES%202002%2051-100/2002RES96.tif HTTP/1.1" 200 149230
181.61.164.108 - - [05/Apr/2022:08:15:55 -0500] "GET /BLA/resoluciones/RESOLUCIONES%202002/RES%202002%2051-100/2002RES97.tif HTTP/1.1" 200 74122
181.61.164.108 - - [05/Apr/2022:08:15:56 -0500] "GET /BLA/resoluciones/RESOLUCIONES%202002/RES%202002%2051-100/2002RES98.tif HTTP/1.1" 200 116594
181.61.164.108 - - [05/Apr/2022:08:15:57 -0500] "GET /BLA/resoluciones/RESOLUCIONES%202002/RES%202002%2051-100/2002RES99.tif HTTP/1.1" 200 68346
181.61.164.108 - - [05/Apr/2022:08:15:58 -0500] "GET /BLA/resoluciones/RESOLUCIONES%202002/RES%202002%2051-100/2002RES100.tif HTTP/1.1" 200 88424
181.61.164.108 - - [05/Apr/2022:08:16:08 -0500] "GET /BLA/resoluciones/index.php?dir=RESOLUCIONES+2002%2FRES+2002+101-150%2F HTTP/1.1" 200 12339
181.61.164.108 - - [05/Apr/2022:08:16:09 -0500] "GET /BLA/resoluciones/RESOLUCIONES%202002/RES%202002%20101-150/2002RES101.tif HTTP/1.1" 200 131478
181.61.164.108 - - [05/Apr/2022:08:16:10 -0500] "GET /BLA/resoluciones/RESOLUCIONES%202002/RES%202002%20101-150/2002RES102.tif HTTP/1.1" 200 119570
181.61.164.108 - - [05/Apr/2022:08:16:11 -0500] "GET /BLA/resoluciones/RESOLUCIONES%202002/RES%202002%20101-150/2002RES103.tif HTTP/1.1" 200 76360
181.61.164.108 - - [05/Apr/2022:08:16:13 -0500] "GET /BLA/resoluciones/RESOLUCIONES%202002/RES%202002%20101-150/2002RES104.tif HTTP/1.1" 200 158994
181.61.164.108 - - [05/Apr/2022:08:16:14 -0500] "GET /BLA/resoluciones/RESOLUCIONES%202002/RES%202002%20101-150/2002RES105.tif HTTP/1.1" 200 93336
181.61.164.108 - - [05/Apr/2022:08:16:15 -0500] "GET /BLA/resoluciones/RESOLUCIONES%202002/RES%202002%20101-150/2002RES106.tif HTTP/1.1" 200 47960
181.61.164.108 - - [05/Apr/2022:08:16:16 -0500] "GET /BLA/resoluciones/RESOLUCIONES%202002/RES%202002%20101-150/2002RES107.tif HTTP/1.1" 200 218832
181.61.164.108 - - [05/Apr/2022:08:16:16 -0500] "GET /BLA/resoluciones/RESOLUCIONES%202002/RES%202002%20101-150/2002RES108.tif HTTP/1.1" 200 201562
181.61.164.108 - - [05/Apr/2022:08:16:18 -0500] "GET /BLA/resoluciones/RESOLUCIONES%202002/RES%202002%20101-150/2002RES109.tif HTTP/1.1" 200 118434
181.61.164.108 - - [05/Apr/2022:08:16:19 -0500] "GET /BLA/resoluciones/RESOLUCIONES%202002/RES%202002%20101-150/2002RES110.tif HTTP/1.1" 200 67248
181.61.164.108 - - [05/Apr/2022:08:16:20 -0500] "GET /BLA/resoluciones/RESOLUCIONES%202002/RES%202002%20101-150/2002RES111.tif HTTP/1.1" 200 84944
181.61.164.108 - - [05/Apr/2022:08:16:21 -0500] "GET /BLA/resoluciones/RESOLUCIONES%202002/RES%202002%20101-150/2002RES112.tif HTTP/1.1" 200 84958
181.61.164.108 - - [05/Apr/2022:08:16:22 -0500] "GET /BLA/resoluciones/RESOLUCIONES%202002/RES%202002%20101-150/2002RES113.tif HTTP/1.1" 200 105326
181.61.164.108 - - [05/Apr/2022:08:16:23 -0500] "GET /BLA/resoluciones/RESOLUCIONES%202002/RES%202002%20101-150/2002RES114.tif HTTP/1.1" 200 66332
181.61.164.108 - - [05/Apr/2022:08:16:23 -0500] "GET /BLA/resoluciones/RESOLUCIONES%202002/RES%202002%20101-150/2002RES115.tif HTTP/1.1" 200 156586
181.61.164.108 - - [05/Apr/2022:08:16:24 -0500] "GET /BLA/resoluciones/RESOLUCIONES%202002/RES%202002%20101-150/2002RES116.tif HTTP/1.1" 200 163946
181.61.164.108 - - [05/Apr/2022:08:16:25 -0500] "GET /BLA/resoluciones/RESOLUCIONES%202002/RES%202002%20101-150/2002RES117.tif HTTP/1.1" 200 172340
181.61.164.108 - - [05/Apr/2022:08:16:26 -0500] "GET /BLA/resoluciones/RESOLUCIONES%202002/RES%202002%20101-150/2002RES118.tif HTTP/1.1" 200 120592
181.61.164.108 - - [05/Apr/2022:08:16:27 -0500] "GET /BLA/resoluciones/RESOLUCIONES%202002/RES%202002%20101-150/2002RES119.tif HTTP/1.1" 200 73502
181.61.164.108 - - [05/Apr/2022:08:16:28 -0500] "GET /BLA/resoluciones/RESOLUCIONES%202002/RES%202002%20101-150/2002RES120.tif HTTP/1.1" 200 137136
181.61.164.108 - - [05/Apr/2022:08:16:29 -0500] "GET /BLA/resoluciones/RESOLUCIONES%202002/RES%202002%20101-150/2002RES121.tif HTTP/1.1" 200 111656
181.61.164.108 - - [05/Apr/2022:08:16:30 -0500] "GET /BLA/resoluciones/RESOLUCIONES%202002/RES%202002%20101-150/2002RES122.tif HTTP/1.1" 200 88430
181.61.164.108 - - [05/Apr/2022:08:16:31 -0500] "GET /BLA/resoluciones/RESOLUCIONES%202002/RES%202002%20101-150/2002RES123.tif HTTP/1.1" 200 74660
181.61.164.108 - - [05/Apr/2022:08:16:36 -0500] "GET /BLA/resoluciones/RESOLUCIONES%202002/RES%202002%20101-150/2002RES124.tif HTTP/1.1" 200 111778
181.61.164.108 - - [05/Apr/2022:08:16:37 -0500] "GET /BLA/resoluciones/RESOLUCIONES%202002/RES%202002%20101-150/2002RES125.tif HTTP/1.1" 200 154806
181.61.164.108 - - [05/Apr/2022:08:16:38 -0500] "GET /BLA/resoluciones/RESOLUCIONES%202002/RES%202002%20101-150/2002RES126.tif HTTP/1.1" 200 159158
181.61.164.108 - - [05/Apr/2022:08:16:39 -0500] "GET /BLA/resoluciones/RESOLUCIONES%202002/RES%202002%20101-150/2002RES127.tif HTTP/1.1" 200 134246
181.61.164.108 - - [05/Apr/2022:08:16:40 -0500] "GET /BLA/resoluciones/RESOLUCIONES%202002/RES%202002%20101-150/2002RES128.tif HTTP/1.1" 200 380384
181.61.164.108 - - [05/Apr/2022:08:16:41 -0500] "GET /BLA/resoluciones/RESOLUCIONES%202002/RES%202002%20101-150/2002RES129.tif HTTP/1.1" 200 178140
181.61.164.108 - - [05/Apr/2022:08:16:42 -0500] "GET /BLA/resoluciones/RESOLUCIONES%202002/RES%202002%20101-150/2002RES130.tif HTTP/1.1" 200 72240
181.61.164.108 - - [05/Apr/2022:08:16:42 -0500] "GET /BLA/resoluciones/RESOLUCIONES%202002/RES%202002%20101-150/2002RES131.tif HTTP/1.1" 200 81920
181.61.164.108 - - [05/Apr/2022:08:16:44 -0500] "GET /BLA/resoluciones/RESOLUCIONES%202002/RES%202002%20101-150/2002RES132.tif HTTP/1.1" 200 132268
181.61.164.108 - - [05/Apr/2022:08:16:45 -0500] "GET /BLA/resoluciones/RESOLUCIONES%202002/RES%202002%20101-150/2002RES133.tif HTTP/1.1" 200 82322
181.61.164.108 - - [05/Apr/2022:08:16:46 -0500] "GET /BLA/resoluciones/RESOLUCIONES%202002/RES%202002%20101-150/2002RES134.tif HTTP/1.1" 200 238606
181.61.164.108 - - [05/Apr/2022:08:16:47 -0500] "GET /BLA/resoluciones/RESOLUCIONES%202002/RES%202002%20101-150/2002RES135.tif HTTP/1.1" 200 65198
181.61.164.108 - - [05/Apr/2022:08:16:48 -0500] "GET /BLA/resoluciones/RESOLUCIONES%202002/RES%202002%20101-150/2002RES136.tif HTTP/1.1" 200 101946
181.61.164.108 - - [05/Apr/2022:08:16:49 -0500] "GET /BLA/resoluciones/RESOLUCIONES%202002/RES%202002%20101-150/2002RES137.tif HTTP/1.1" 200 51958
181.61.164.108 - - [05/Apr/2022:08:16:50 -0500] "GET /BLA/resoluciones/RESOLUCIONES%202002/RES%202002%20101-150/2002RES138.tif HTTP/1.1" 200 180966
181.61.164.108 - - [05/Apr/2022:08:16:51 -0500] "GET /BLA/resoluciones/RESOLUCIONES%202002/RES%202002%20101-150/2002RES139.tif HTTP/1.1" 200 84496
181.61.164.108 - - [05/Apr/2022:08:16:52 -0500] "GET /BLA/resoluciones/RESOLUCIONES%202002/RES%202002%20101-150/2002RES140.tif HTTP/1.1" 200 161082
181.61.164.108 - - [05/Apr/2022:08:16:53 -0500] "GET /BLA/resoluciones/RESOLUCIONES%202002/RES%202002%20101-150/2002RES141.tif HTTP/1.1" 200 95160
216.245.221.92 - - [05/Apr/2022:08:16:53 -0500] "HEAD / HTTP/1.1" 200 -
181.61.164.108 - - [05/Apr/2022:08:16:54 -0500] "GET /BLA/resoluciones/RESOLUCIONES%202002/RES%202002%20101-150/2002RES142.tif HTTP/1.1" 200 41528
181.61.164.108 - - [05/Apr/2022:08:16:55 -0500] "GET /BLA/resoluciones/RESOLUCIONES%202002/RES%202002%20101-150/2002RES143.tif HTTP/1.1" 200 39620
181.61.164.108 - - [05/Apr/2022:08:16:56 -0500] "GET /BLA/resoluciones/RESOLUCIONES%202002/RES%202002%20101-150/2002RES144.tif HTTP/1.1" 200 39850
181.61.164.108 - - [05/Apr/2022:08:16:57 -0500] "GET /BLA/resoluciones/RESOLUCIONES%202002/RES%202002%20101-150/2002RES145.tif HTTP/1.1" 200 40306
181.61.164.108 - - [05/Apr/2022:08:16:58 -0500] "GET /BLA/resoluciones/RESOLUCIONES%202002/RES%202002%20101-150/2002RES146.tif HTTP/1.1" 200 40020
181.61.164.108 - - [05/Apr/2022:08:16:59 -0500] "GET /BLA/resoluciones/RESOLUCIONES%202002/RES%202002%20101-150/2002RES147.tif HTTP/1.1" 200 43390
181.61.164.108 - - [05/Apr/2022:08:17:00 -0500] "GET /BLA/resoluciones/RESOLUCIONES%202002/RES%202002%20101-150/2002RES148.tif HTTP/1.1" 200 245072
181.61.164.108 - - [05/Apr/2022:08:17:01 -0500] "GET /BLA/resoluciones/RESOLUCIONES%202002/RES%202002%20101-150/2002RES149.tif HTTP/1.1" 200 138612
181.61.164.108 - - [05/Apr/2022:08:17:02 -0500] "GET /BLA/resoluciones/RESOLUCIONES%202002/RES%202002%20101-150/2002RES150.tif HTTP/1.1" 200 268444
186.29.147.9 - - [05/Apr/2022:08:17:03 -0500] "-" 408 -
186.29.147.9 - - [05/Apr/2022:08:17:03 -0500] "-" 408 -
181.61.164.108 - - [05/Apr/2022:08:17:24 -0500] "GET /BLA/resoluciones/index.php?dir=RESOLUCIONES+2002%2FRES+2002+151-200%2F HTTP/1.1" 200 12570
181.61.164.108 - - [05/Apr/2022:08:17:25 -0500] "GET /BLA/resoluciones/RESOLUCIONES%202002/RES%202002%20151-200/2002RES151.tif HTTP/1.1" 200 76684
181.61.164.108 - - [05/Apr/2022:08:17:27 -0500] "GET /BLA/resoluciones/RESOLUCIONES%202002/RES%202002%20151-200/2002RES152.tif HTTP/1.1" 200 50634
181.61.164.108 - - [05/Apr/2022:08:17:28 -0500] "GET /BLA/resoluciones/RESOLUCIONES%202002/RES%202002%20151-200/2002RES153.tif HTTP/1.1" 200 131202
181.61.164.108 - - [05/Apr/2022:08:17:29 -0500] "GET /BLA/resoluciones/RESOLUCIONES%202002/RES%202002%20151-200/2002RES154.tif HTTP/1.1" 200 92540
181.61.164.108 - - [05/Apr/2022:08:17:30 -0500] "GET /BLA/resoluciones/RESOLUCIONES%202002/RES%202002%20151-200/2002RES155.tif HTTP/1.1" 200 64094
172.22.2.4 - - [05/Apr/2022:08:15:50 -0500] "HEAD /BLA/boletinlegal/ HTTP/1.1" 200 -
181.61.164.108 - - [05/Apr/2022:08:17:31 -0500] "GET /BLA/resoluciones/RESOLUCIONES%202002/RES%202002%20151-200/2002RES156.tif HTTP/1.1" 200 104430
181.61.164.108 - - [05/Apr/2022:08:17:31 -0500] "GET /BLA/resoluciones/RESOLUCIONES%202002/RES%202002%20151-200/2002RES157.tif HTTP/1.1" 200 90490
181.61.164.108 - - [05/Apr/2022:08:17:33 -0500] "GET /BLA/resoluciones/RESOLUCIONES%202002/RES%202002%20151-200/2002RES158.tif HTTP/1.1" 200 118524
181.61.164.108 - - [05/Apr/2022:08:17:33 -0500] "GET /BLA/resoluciones/RESOLUCIONES%202002/RES%202002%20151-200/2002RES159.tif HTTP/1.1" 200 43424
181.61.164.108 - - [05/Apr/2022:08:17:35 -0500] "GET /BLA/resoluciones/RESOLUCIONES%202002/RES%202002%20151-200/2002RES160.tif HTTP/1.1" 200 84538
181.61.164.108 - - [05/Apr/2022:08:17:35 -0500] "GET /BLA/resoluciones/RESOLUCIONES%202002/RES%202002%20151-200/2002RES161.tif HTTP/1.1" 200 95854
181.61.164.108 - - [05/Apr/2022:08:17:36 -0500] "GET /BLA/resoluciones/RESOLUCIONES%202002/RES%202002%20151-200/2002RES162.tif HTTP/1.1" 200 184586
181.61.164.108 - - [05/Apr/2022:08:17:37 -0500] "GET /BLA/resoluciones/RESOLUCIONES%202002/RES%202002%20151-200/2002RES163.tif HTTP/1.1" 200 57016
181.61.164.108 - - [05/Apr/2022:08:17:38 -0500] "GET /BLA/resoluciones/RESOLUCIONES%202002/RES%202002%20151-200/2002RES164.tif HTTP/1.1" 200 57620
181.61.164.108 - - [05/Apr/2022:08:17:39 -0500] "GET /BLA/resoluciones/RESOLUCIONES%202002/RES%202002%20151-200/2002RES165.tif HTTP/1.1" 200 57570
181.61.164.108 - - [05/Apr/2022:08:17:40 -0500] "GET /BLA/resoluciones/RESOLUCIONES%202002/RES%202002%20151-200/2002RES166.tif HTTP/1.1" 200 57376
181.61.164.108 - - [05/Apr/2022:08:17:41 -0500] "GET /BLA/resoluciones/RESOLUCIONES%202002/RES%202002%20151-200/2002RES167.tif HTTP/1.1" 200 97906
181.61.164.108 - - [05/Apr/2022:08:17:42 -0500] "GET /BLA/resoluciones/RESOLUCIONES%202002/RES%202002%20151-200/2002RES168.tif HTTP/1.1" 200 201748
181.61.164.108 - - [05/Apr/2022:08:17:43 -0500] "GET /BLA/resoluciones/RESOLUCIONES%202002/RES%202002%20151-200/2002RES169.tif HTTP/1.1" 200 88924
181.61.164.108 - - [05/Apr/2022:08:17:44 -0500] "GET /BLA/resoluciones/RESOLUCIONES%202002/RES%202002%20151-200/2002RES170.tif HTTP/1.1" 200 53384
181.61.164.108 - - [05/Apr/2022:08:17:45 -0500] "GET /BLA/resoluciones/RESOLUCIONES%202002/RES%202002%20151-200/2002RES171.tif HTTP/1.1" 200 137388
181.61.164.108 - - [05/Apr/2022:08:17:46 -0500] "GET /BLA/resoluciones/RESOLUCIONES%202002/RES%202002%20151-200/2002RES172.tif HTTP/1.1" 200 124982
181.61.164.108 - - [05/Apr/2022:08:17:46 -0500] "GET /BLA/resoluciones/RESOLUCIONES%202002/RES%202002%20151-200/2002RES173.tif HTTP/1.1" 200 166104
181.61.164.108 - - [05/Apr/2022:08:17:48 -0500] "GET /BLA/resoluciones/RESOLUCIONES%202002/RES%202002%20151-200/2002RES174.tif HTTP/1.1" 200 167976
181.61.164.108 - - [05/Apr/2022:08:17:49 -0500] "GET /BLA/resoluciones/RESOLUCIONES%202002/RES%202002%20151-200/2002RES175.tif HTTP/1.1" 200 159264
181.61.164.108 - - [05/Apr/2022:08:17:53 -0500] "GET /BLA/resoluciones/RESOLUCIONES%202002/RES%202002%20151-200/2002RES176.tif HTTP/1.1" 200 207922
181.61.164.108 - - [05/Apr/2022:08:17:53 -0500] "GET /BLA/resoluciones/RESOLUCIONES%202002/RES%202002%20151-200/2002RES177.tif HTTP/1.1" 200 59938
181.61.164.108 - - [05/Apr/2022:08:17:54 -0500] "GET /BLA/resoluciones/RESOLUCIONES%202002/RES%202002%20151-200/2002RES178.tif HTTP/1.1" 200 93722
181.61.164.108 - - [05/Apr/2022:08:17:55 -0500] "GET /BLA/resoluciones/RESOLUCIONES%202002/RES%202002%20151-200/2002RES179.tif HTTP/1.1" 200 42730
181.61.164.108 - - [05/Apr/2022:08:17:56 -0500] "GET /BLA/resoluciones/RESOLUCIONES%202002/RES%202002%20151-200/2002RES180.tif HTTP/1.1" 200 72408
181.61.164.108 - - [05/Apr/2022:08:17:57 -0500] "GET /BLA/resoluciones/RESOLUCIONES%202002/RES%202002%20151-200/2002RES181.tif HTTP/1.1" 200 182596
181.61.164.108 - - [05/Apr/2022:08:17:59 -0500] "GET /BLA/resoluciones/RESOLUCIONES%202002/RES%202002%20151-200/2002RES182.tif HTTP/1.1" 200 79810
181.61.164.108 - - [05/Apr/2022:08:18:01 -0500] "GET /BLA/resoluciones/RESOLUCIONES%202002/RES%202002%20151-200/2002RES183.tif HTTP/1.1" 200 120786
181.61.164.108 - - [05/Apr/2022:08:18:02 -0500] "GET /BLA/resoluciones/RESOLUCIONES%202002/RES%202002%20151-200/2002RES184.tif HTTP/1.1" 200 81828
181.61.164.108 - - [05/Apr/2022:08:18:03 -0500] "GET /BLA/resoluciones/RESOLUCIONES%202002/RES%202002%20151-200/2002RES185.tif HTTP/1.1" 200 117680
181.61.164.108 - - [05/Apr/2022:08:18:04 -0500] "GET /BLA/resoluciones/RESOLUCIONES%202002/RES%202002%20151-200/2002RES186.tif HTTP/1.1" 200 71612
181.61.164.108 - - [05/Apr/2022:08:18:05 -0500] "GET /BLA/resoluciones/RESOLUCIONES%202002/RES%202002%20151-200/2002RES187.tif HTTP/1.1" 200 127050
181.61.164.108 - - [05/Apr/2022:08:18:06 -0500] "GET /BLA/resoluciones/RESOLUCIONES%202002/RES%202002%20151-200/2002RES188.tif HTTP/1.1" 200 72784
181.61.164.108 - - [05/Apr/2022:08:18:06 -0500] "GET /BLA/resoluciones/RESOLUCIONES%202002/RES%202002%20151-200/2002RES189.tif HTTP/1.1" 200 61924
181.61.164.108 - - [05/Apr/2022:08:18:07 -0500] "GET /BLA/resoluciones/RESOLUCIONES%202002/RES%202002%20151-200/2002RES190.tif HTTP/1.1" 200 131444
181.61.164.108 - - [05/Apr/2022:08:18:08 -0500] "GET /BLA/resoluciones/RESOLUCIONES%202002/RES%202002%20151-200/2002RES191.tif HTTP/1.1" 200 44276
181.61.164.108 - - [05/Apr/2022:08:18:09 -0500] "GET /BLA/resoluciones/RESOLUCIONES%202002/RES%202002%20151-200/2002RES192.tif HTTP/1.1" 200 42276
181.61.164.108 - - [05/Apr/2022:08:18:10 -0500] "GET /BLA/resoluciones/RESOLUCIONES%202002/RES%202002%20151-200/2002RES193.tif HTTP/1.1" 200 42698
181.61.164.108 - - [05/Apr/2022:08:18:11 -0500] "GET /BLA/resoluciones/RESOLUCIONES%202002/RES%202002%20151-200/2002RES194.tif HTTP/1.1" 200 43024
181.61.164.108 - - [05/Apr/2022:08:18:11 -0500] "GET /BLA/resoluciones/RESOLUCIONES%202002/RES%202002%20151-200/2002RES195.tif HTTP/1.1" 200 41628
181.61.164.108 - - [05/Apr/2022:08:18:12 -0500] "GET /BLA/resoluciones/RESOLUCIONES%202002/RES%202002%20151-200/2002RES196.tif HTTP/1.1" 200 43344
181.61.164.108 - - [05/Apr/2022:08:18:13 -0500] "GET /BLA/resoluciones/RESOLUCIONES%202002/RES%202002%20151-200/2002RES197.tif HTTP/1.1" 200 44214
181.61.164.108 - - [05/Apr/2022:08:18:14 -0500] "GET /BLA/resoluciones/RESOLUCIONES%202002/RES%202002%20151-200/2002RES198.tif HTTP/1.1" 200 154054
191.156.138.181 - - [05/Apr/2022:08:18:14 -0500] "GET /si-eres-mujer-y-te-gusta-el-cuidado-de-los-humedales-este-proceso-de-formacion-es-para-ti.html HTTP/1.1" 304 -
181.61.164.108 - - [05/Apr/2022:08:18:15 -0500] "GET /BLA/resoluciones/RESOLUCIONES%202002/RES%202002%20151-200/2002RES199.tif HTTP/1.1" 200 73992
181.61.164.108 - - [05/Apr/2022:08:18:16 -0500] "GET /BLA/resoluciones/RESOLUCIONES%202002/RES%202002%20151-200/2002RES200.tif HTTP/1.1" 200 54606
172.22.2.4 - - [05/Apr/2022:08:16:41 -0500] "GET /BLA/boletinlegal/ HTTP/1.1" 200 52945
181.61.164.108 - - [05/Apr/2022:08:18:22 -0500] "GET /BLA/resoluciones/RESOLUCIONES%202002/RES%202002%20151-200/RESOLUCION%20171%20DE%202002.pdf HTTP/1.1" 200 184904
191.95.63.129 - - [05/Apr/2022:08:18:51 -0500] "GET /si-eres-mujer-y-te-gusta-el-cuidado-de-los-humedales-este-proceso-de-formacion-es-para-ti.html HTTP/1.1" 304 -
181.61.164.108 - - [05/Apr/2022:08:18:52 -0500] "GET /BLA/resoluciones/ HTTP/1.1" 200 13093
191.95.63.129 - - [05/Apr/2022:08:18:53 -0500] "GET /si-eres-mujer-y-te-gusta-el-cuidado-de-los-humedales-este-proceso-de-formacion-es-para-ti.html HTTP/1.1" 200 1025
181.61.164.108 - - [05/Apr/2022:08:18:59 -0500] "GET /BLA/resoluciones/index.php?dir=RESOLUCIONES+2002%2F HTTP/1.1" 200 24571
181.61.164.108 - - [05/Apr/2022:08:19:06 -0500] "GET /BLA/resoluciones/index.php?dir=RESOLUCIONES+2002%2FRES+2002+201-250%2F HTTP/1.1" 200 12325
181.61.164.108 - - [05/Apr/2022:08:19:07 -0500] "GET /BLA/resoluciones/RESOLUCIONES%202002/RES%202002%20201-250/2002RES201.tif HTTP/1.1" 200 73872
181.61.164.108 - - [05/Apr/2022:08:19:08 -0500] "GET /BLA/resoluciones/RESOLUCIONES%202002/RES%202002%20201-250/2002RES202.tif HTTP/1.1" 200 83770
181.61.164.108 - - [05/Apr/2022:08:19:09 -0500] "GET /BLA/resoluciones/RESOLUCIONES%202002/RES%202002%20201-250/2002RES203.tif HTTP/1.1" 200 83160
181.61.164.108 - - [05/Apr/2022:08:19:13 -0500] "GET /BLA/resoluciones/index.php?dir=RESOLUCIONES+2002%2F HTTP/1.1" 200 24571
181.61.164.108 - - [05/Apr/2022:08:19:20 -0500] "GET /BLA/resoluciones/index.php?dir=RESOLUCIONES+2002%2FRES+2002+201-250%2F HTTP/1.1" 200 12325
181.61.164.108 - - [05/Apr/2022:08:19:23 -0500] "GET /BLA/resoluciones/RESOLUCIONES%202002/RES%202002%20201-250/2002RES204.tif HTTP/1.1" 200 182120
181.61.164.108 - - [05/Apr/2022:08:19:24 -0500] "GET /BLA/resoluciones/RESOLUCIONES%202002/RES%202002%20201-250/2002RES205.tif HTTP/1.1" 200 162900
181.61.164.108 - - [05/Apr/2022:08:19:25 -0500] "GET /BLA/resoluciones/RESOLUCIONES%202002/RES%202002%20201-250/2002RES206.tif HTTP/1.1" 200 149484
181.61.164.108 - - [05/Apr/2022:08:19:26 -0500] "GET /BLA/resoluciones/RESOLUCIONES%202002/RES%202002%20201-250/2002RES207.tif HTTP/1.1" 200 117592
181.61.164.108 - - [05/Apr/2022:08:19:26 -0500] "GET /BLA/resoluciones/RESOLUCIONES%202002/RES%202002%20201-250/2002RES208.tif HTTP/1.1" 200 74678
181.61.209.50 - - [05/Apr/2022:08:19:27 -0500] "GET /appsia/controlador HTTP/1.1" 200 4799
181.61.209.50 - - [05/Apr/2022:08:19:27 -0500] "GET /appsia/css/estilos.css HTTP/1.1" 200 4804
181.61.164.108 - - [05/Apr/2022:08:19:27 -0500] "GET /BLA/resoluciones/RESOLUCIONES%202002/RES%202002%20201-250/2002RES209.tif HTTP/1.1" 200 118548
181.61.209.50 - - [05/Apr/2022:08:19:27 -0500] "GET /appsia/scripts/validarIngreso.js HTTP/1.1" 200 851
181.61.209.50 - - [05/Apr/2022:08:19:27 -0500] "GET /appsia/images/cabezoteHojaVida.png HTTP/1.1" 200 32493
181.61.209.50 - - [05/Apr/2022:08:19:27 -0500] "GET /appsia/images/logo_bogota_p.png HTTP/1.1" 200 14951
181.61.164.108 - - [05/Apr/2022:08:19:28 -0500] "GET /BLA/resoluciones/RESOLUCIONES%202002/RES%202002%20201-250/2002RES210.tif HTTP/1.1" 200 80112
181.61.164.108 - - [05/Apr/2022:08:19:29 -0500] "GET /BLA/resoluciones/RESOLUCIONES%202002/RES%202002%20201-250/2002RES211.tif HTTP/1.1" 200 76276
181.61.164.108 - - [05/Apr/2022:08:19:30 -0500] "GET /BLA/resoluciones/RESOLUCIONES%202002/RES%202002%20201-250/2002RES212.tif HTTP/1.1" 200 67704
181.61.164.108 - - [05/Apr/2022:08:19:31 -0500] "GET /BLA/resoluciones/RESOLUCIONES%202002/RES%202002%20201-250/2002RES213.tif HTTP/1.1" 200 78642
181.61.164.108 - - [05/Apr/2022:08:19:32 -0500] "GET /BLA/resoluciones/RESOLUCIONES%202002/RES%202002%20201-250/2002RES214.tif HTTP/1.1" 200 79900
181.61.164.108 - - [05/Apr/2022:08:19:32 -0500] "GET /BLA/resoluciones/RESOLUCIONES%202002/RES%202002%20201-250/2002RES215.tif HTTP/1.1" 200 74894
181.61.164.108 - - [05/Apr/2022:08:19:33 -0500] "GET /BLA/resoluciones/RESOLUCIONES%202002/RES%202002%20201-250/2002RES216.tif HTTP/1.1" 200 72816
181.61.164.108 - - [05/Apr/2022:08:19:34 -0500] "GET /BLA/resoluciones/RESOLUCIONES%202002/RES%202002%20201-250/2002RES217.tif HTTP/1.1" 200 72064
181.61.164.108 - - [05/Apr/2022:08:19:34 -0500] "GET /BLA/resoluciones/RESOLUCIONES%202002/RES%202002%20201-250/2002RES218.tif HTTP/1.1" 200 54186
181.61.164.108 - - [05/Apr/2022:08:19:36 -0500] "GET /BLA/resoluciones/RESOLUCIONES%202002/RES%202002%20201-250/2002RES219.tif HTTP/1.1" 200 79558
181.61.164.108 - - [05/Apr/2022:08:19:36 -0500] "GET /BLA/resoluciones/RESOLUCIONES%202002/RES%202002%20201-250/2002RES220.tif HTTP/1.1" 200 163174
181.61.164.108 - - [05/Apr/2022:08:19:37 -0500] "GET /BLA/resoluciones/RESOLUCIONES%202002/RES%202002%20201-250/2002RES221.tif HTTP/1.1" 200 81232
181.61.164.108 - - [05/Apr/2022:08:19:38 -0500] "GET /BLA/resoluciones/RESOLUCIONES%202002/RES%202002%20201-250/2002RES222.tif HTTP/1.1" 200 59266
181.61.164.108 - - [05/Apr/2022:08:19:39 -0500] "GET /BLA/resoluciones/RESOLUCIONES%202002/RES%202002%20201-250/2002RES223.tif HTTP/1.1" 200 68334
181.61.164.108 - - [05/Apr/2022:08:19:39 -0500] "GET /BLA/resoluciones/RESOLUCIONES%202002/RES%202002%20201-250/2002RES224.tif HTTP/1.1" 200 96758
181.61.164.108 - - [05/Apr/2022:08:19:40 -0500] "GET /BLA/resoluciones/RESOLUCIONES%202002/RES%202002%20201-250/2002RES225.tif HTTP/1.1" 200 66010
181.61.164.108 - - [05/Apr/2022:08:19:43 -0500] "GET /BLA/resoluciones/RESOLUCIONES%202002/RES%202002%20201-250/2002RES226.tif HTTP/1.1" 200 103730
181.61.164.108 - - [05/Apr/2022:08:19:44 -0500] "GET /BLA/resoluciones/RESOLUCIONES%202002/RES%202002%20201-250/2002RES227.tif HTTP/1.1" 200 80932
181.61.164.108 - - [05/Apr/2022:08:19:45 -0500] "GET /BLA/resoluciones/RESOLUCIONES%202002/RES%202002%20201-250/2002RES228.tif HTTP/1.1" 200 185598
181.61.164.108 - - [05/Apr/2022:08:19:46 -0500] "GET /BLA/resoluciones/RESOLUCIONES%202002/RES%202002%20201-250/2002RES229.tif HTTP/1.1" 200 61676
181.61.164.108 - - [05/Apr/2022:08:19:47 -0500] "GET /BLA/resoluciones/RESOLUCIONES%202002/RES%202002%20201-250/2002RES230.tif HTTP/1.1" 200 108104
181.61.164.108 - - [05/Apr/2022:08:19:47 -0500] "GET /BLA/resoluciones/RESOLUCIONES%202002/RES%202002%20201-250/2002RES231.tif HTTP/1.1" 200 115968
181.61.164.108 - - [05/Apr/2022:08:19:48 -0500] "GET /BLA/resoluciones/RESOLUCIONES%202002/RES%202002%20201-250/2002RES232.tif HTTP/1.1" 200 193416
181.61.164.108 - - [05/Apr/2022:08:19:49 -0500] "GET /BLA/resoluciones/RESOLUCIONES%202002/RES%202002%20201-250/2002RES233.tif HTTP/1.1" 200 199296
181.61.164.108 - - [05/Apr/2022:08:19:50 -0500] "GET /BLA/resoluciones/RESOLUCIONES%202002/RES%202002%20201-250/2002RES234.tif HTTP/1.1" 200 58450
181.61.164.108 - - [05/Apr/2022:08:19:51 -0500] "GET /BLA/resoluciones/RESOLUCIONES%202002/RES%202002%20201-250/2002RES235.tif HTTP/1.1" 200 59308
181.61.164.108 - - [05/Apr/2022:08:19:51 -0500] "GET /BLA/resoluciones/RESOLUCIONES%202002/RES%202002%20201-250/2002RES236.tif HTTP/1.1" 200 57978
181.61.164.108 - - [05/Apr/2022:08:19:52 -0500] "GET /BLA/resoluciones/RESOLUCIONES%202002/RES%202002%20201-250/2002RES237.tif HTTP/1.1" 200 40394
181.61.164.108 - - [05/Apr/2022:08:19:53 -0500] "GET /BLA/resoluciones/RESOLUCIONES%202002/RES%202002%20201-250/2002RES238.tif HTTP/1.1" 200 145392
181.61.164.108 - - [05/Apr/2022:08:19:54 -0500] "GET /BLA/resoluciones/RESOLUCIONES%202002/RES%202002%20201-250/2002RES239.tif HTTP/1.1" 200 76680
181.61.164.108 - - [05/Apr/2022:08:19:55 -0500] "GET /BLA/resoluciones/RESOLUCIONES%202002/RES%202002%20201-250/2002RES240.tif HTTP/1.1" 200 46486
181.61.164.108 - - [05/Apr/2022:08:19:55 -0500] "GET /BLA/resoluciones/RESOLUCIONES%202002/RES%202002%20201-250/2002RES241.tif HTTP/1.1" 200 46352
181.61.164.108 - - [05/Apr/2022:08:19:56 -0500] "GET /BLA/resoluciones/RESOLUCIONES%202002/RES%202002%20201-250/2002RES242.tif HTTP/1.1" 200 47454
181.61.164.108 - - [05/Apr/2022:08:19:57 -0500] "GET /BLA/resoluciones/RESOLUCIONES%202002/RES%202002%20201-250/2002RES243.tif HTTP/1.1" 200 44338
181.61.164.108 - - [05/Apr/2022:08:19:58 -0500] "GET /BLA/resoluciones/RESOLUCIONES%202002/RES%202002%20201-250/2002RES244.tif HTTP/1.1" 200 44132
181.61.164.108 - - [05/Apr/2022:08:19:59 -0500] "GET /BLA/resoluciones/RESOLUCIONES%202002/RES%202002%20201-250/2002RES245.tif HTTP/1.1" 200 44406
181.61.209.50 - - [05/Apr/2022:08:19:59 -0500] "POST /appsia/controlador HTTP/1.1" 200 5437
181.61.164.108 - - [05/Apr/2022:08:19:59 -0500] "GET /BLA/resoluciones/RESOLUCIONES%202002/RES%202002%20201-250/2002RES246.tif HTTP/1.1" 200 45250
181.61.164.108 - - [05/Apr/2022:08:20:00 -0500] "GET /BLA/resoluciones/RESOLUCIONES%202002/RES%202002%20201-250/2002RES247.tif HTTP/1.1" 200 46154
181.61.164.108 - - [05/Apr/2022:08:20:01 -0500] "GET /BLA/resoluciones/RESOLUCIONES%202002/RES%202002%20201-250/2002RES248.tif HTTP/1.1" 200 45770
181.61.164.108 - - [05/Apr/2022:08:20:02 -0500] "GET /BLA/resoluciones/RESOLUCIONES%202002/RES%202002%20201-250/2002RES249.tif HTTP/1.1" 200 46344
181.61.209.50 - - [05/Apr/2022:08:20:02 -0500] "POST /appsia/controlador HTTP/1.1" 200 7793
181.61.164.108 - - [05/Apr/2022:08:20:03 -0500] "GET /BLA/resoluciones/RESOLUCIONES%202002/RES%202002%20201-250/2002RES250.tif HTTP/1.1" 200 46408
181.61.164.108 - - [05/Apr/2022:08:20:08 -0500] "GET /BLA/resoluciones/index.php?dir=RESOLUCIONES+2002%2FRES+2002+251-300%2F HTTP/1.1" 200 12034
181.61.164.108 - - [05/Apr/2022:08:20:09 -0500] "GET /BLA/resoluciones/RESOLUCIONES%202002/RES%202002%20251-300/00000251.tif HTTP/1.1" 200 128532
181.61.164.108 - - [05/Apr/2022:08:20:10 -0500] "GET /BLA/resoluciones/RESOLUCIONES%202002/RES%202002%20251-300/00000252.tif HTTP/1.1" 200 118390
181.61.209.50 - - [05/Apr/2022:08:20:11 -0500] "POST /appsia/controlador HTTP/1.1" 200 6658
181.61.164.108 - - [05/Apr/2022:08:20:12 -0500] "GET /BLA/resoluciones/RESOLUCIONES%202002/RES%202002%20251-300/00000253.tif HTTP/1.1" 200 161688
181.61.164.108 - - [05/Apr/2022:08:20:12 -0500] "GET /BLA/resoluciones/RESOLUCIONES%202002/RES%202002%20251-300/00000254.tif HTTP/1.1" 200 64378
181.61.209.50 - - [05/Apr/2022:08:20:13 -0500] "POST /appsia/controlador HTTP/1.1" 200 11320
181.61.164.108 - - [05/Apr/2022:08:20:13 -0500] "GET /BLA/resoluciones/RESOLUCIONES%202002/RES%202002%20251-300/00000255.tif HTTP/1.1" 200 157202
181.61.164.108 - - [05/Apr/2022:08:20:14 -0500] "GET /BLA/resoluciones/RESOLUCIONES%202002/RES%202002%20251-300/00000256.tif HTTP/1.1" 200 130256
181.61.164.108 - - [05/Apr/2022:08:20:15 -0500] "GET /BLA/resoluciones/RESOLUCIONES%202002/RES%202002%20251-300/00000257.tif HTTP/1.1" 200 190294
181.61.164.108 - - [05/Apr/2022:08:20:16 -0500] "GET /BLA/resoluciones/RESOLUCIONES%202002/RES%202002%20251-300/00000258.tif HTTP/1.1" 200 144308
181.61.164.108 - - [05/Apr/2022:08:20:17 -0500] "GET /BLA/resoluciones/RESOLUCIONES%202002/RES%202002%20251-300/00000259.tif HTTP/1.1" 200 139708
181.61.164.108 - - [05/Apr/2022:08:20:18 -0500] "GET /BLA/resoluciones/RESOLUCIONES%202002/RES%202002%20251-300/00000260.tif HTTP/1.1" 200 84516
181.61.164.108 - - [05/Apr/2022:08:20:18 -0500] "GET /BLA/resoluciones/RESOLUCIONES%202002/RES%202002%20251-300/00000261.tif HTTP/1.1" 200 88732
181.61.164.108 - - [05/Apr/2022:08:20:19 -0500] "GET /BLA/resoluciones/RESOLUCIONES%202002/RES%202002%20251-300/00000262.tif HTTP/1.1" 200 56026
181.61.164.108 - - [05/Apr/2022:08:20:20 -0500] "GET /BLA/resoluciones/RESOLUCIONES%202002/RES%202002%20251-300/00000263.tif HTTP/1.1" 200 40570
181.61.164.108 - - [05/Apr/2022:08:20:20 -0500] "GET /BLA/resoluciones/RESOLUCIONES%202002/RES%202002%20251-300/00000264.tif HTTP/1.1" 200 51704
181.61.164.108 - - [05/Apr/2022:08:20:21 -0500] "GET /BLA/resoluciones/RESOLUCIONES%202002/RES%202002%20251-300/00000265.tif HTTP/1.1" 200 66446
181.61.164.108 - - [05/Apr/2022:08:20:23 -0500] "GET /BLA/resoluciones/RESOLUCIONES%202002/RES%202002%20251-300/00000266.tif HTTP/1.1" 200 67326
181.61.164.108 - - [05/Apr/2022:08:20:24 -0500] "GET /BLA/resoluciones/RESOLUCIONES%202002/RES%202002%20251-300/00000267.tif HTTP/1.1" 200 54532
181.61.164.108 - - [05/Apr/2022:08:20:25 -0500] "GET /BLA/resoluciones/RESOLUCIONES%202002/RES%202002%20251-300/00000268.tif HTTP/1.1" 200 56252
181.61.164.108 - - [05/Apr/2022:08:20:26 -0500] "GET /BLA/resoluciones/RESOLUCIONES%202002/RES%202002%20251-300/00000269.tif HTTP/1.1" 200 54100
181.61.164.108 - - [05/Apr/2022:08:20:30 -0500] "GET /BLA/resoluciones/RESOLUCIONES%202002/RES%202002%20251-300/00000270.tif HTTP/1.1" 200 53796
181.61.164.108 - - [05/Apr/2022:08:20:31 -0500] "GET /BLA/resoluciones/RESOLUCIONES%202002/RES%202002%20251-300/00000271.tif HTTP/1.1" 200 64018
181.61.164.108 - - [05/Apr/2022:08:20:32 -0500] "GET /BLA/resoluciones/RESOLUCIONES%202002/RES%202002%20251-300/00000272.tif HTTP/1.1" 200 106322
181.61.164.108 - - [05/Apr/2022:08:20:33 -0500] "GET /BLA/resoluciones/RESOLUCIONES%202002/RES%202002%20251-300/00000273.tif HTTP/1.1" 200 72218
181.61.164.108 - - [05/Apr/2022:08:20:34 -0500] "GET /BLA/resoluciones/RESOLUCIONES%202002/RES%202002%20251-300/00000274.tif HTTP/1.1" 200 63856
181.61.164.108 - - [05/Apr/2022:08:20:34 -0500] "GET /BLA/resoluciones/RESOLUCIONES%202002/RES%202002%20251-300/00000275.tif HTTP/1.1" 200 85582
181.61.164.108 - - [05/Apr/2022:08:20:37 -0500] "GET /BLA/resoluciones/RESOLUCIONES%202002/RES%202002%20251-300/00000276.tif HTTP/1.1" 200 127760
181.61.164.108 - - [05/Apr/2022:08:20:38 -0500] "GET /BLA/resoluciones/RESOLUCIONES%202002/RES%202002%20251-300/00000277.tif HTTP/1.1" 200 77232
181.61.164.108 - - [05/Apr/2022:08:20:38 -0500] "GET /BLA/resoluciones/RESOLUCIONES%202002/RES%202002%20251-300/00000278.tif HTTP/1.1" 200 139620
181.61.164.108 - - [05/Apr/2022:08:20:39 -0500] "GET /BLA/resoluciones/RESOLUCIONES%202002/RES%202002%20251-300/00000279.tif HTTP/1.1" 200 273524
181.61.164.108 - - [05/Apr/2022:08:20:40 -0500] "GET /BLA/resoluciones/RESOLUCIONES%202002/RES%202002%20251-300/00000280.tif HTTP/1.1" 200 106124
181.61.164.108 - - [05/Apr/2022:08:20:41 -0500] "GET /BLA/resoluciones/RESOLUCIONES%202002/RES%202002%20251-300/00000281.tif HTTP/1.1" 200 161814
181.61.164.108 - - [05/Apr/2022:08:20:42 -0500] "GET /BLA/resoluciones/RESOLUCIONES%202002/RES%202002%20251-300/00000282.tif HTTP/1.1" 200 115594
181.61.164.108 - - [05/Apr/2022:08:20:43 -0500] "GET /BLA/resoluciones/RESOLUCIONES%202002/RES%202002%20251-300/00000283.tif HTTP/1.1" 200 151628
181.61.164.108 - - [05/Apr/2022:08:20:48 -0500] "GET /BLA/resoluciones/RESOLUCIONES%202002/RES%202002%20251-300/00000284.tif HTTP/1.1" 200 115572
181.61.209.50 - - [05/Apr/2022:08:20:48 -0500] "POST /appsia/controlador HTTP/1.1" 200 7793
181.61.164.108 - - [05/Apr/2022:08:20:49 -0500] "GET /BLA/resoluciones/RESOLUCIONES%202002/RES%202002%20251-300/00000285.tif HTTP/1.1" 200 144166
181.61.164.108 - - [05/Apr/2022:08:20:49 -0500] "GET /BLA/resoluciones/RESOLUCIONES%202002/RES%202002%20251-300/00000286.tif HTTP/1.1" 200 127228
181.61.164.108 - - [05/Apr/2022:08:20:50 -0500] "GET /BLA/resoluciones/RESOLUCIONES%202002/RES%202002%20251-300/00000287.tif HTTP/1.1" 200 87804
181.61.164.108 - - [05/Apr/2022:08:20:51 -0500] "GET /BLA/resoluciones/RESOLUCIONES%202002/RES%202002%20251-300/00000288.tif HTTP/1.1" 200 88704
181.61.164.108 - - [05/Apr/2022:08:20:52 -0500] "GET /BLA/resoluciones/RESOLUCIONES%202002/RES%202002%20251-300/00000289.tif HTTP/1.1" 200 75690
181.61.164.108 - - [05/Apr/2022:08:20:53 -0500] "GET /BLA/resoluciones/RESOLUCIONES%202002/RES%202002%20251-300/00000290.tif HTTP/1.1" 200 154298
181.61.164.108 - - [05/Apr/2022:08:20:54 -0500] "GET /BLA/resoluciones/RESOLUCIONES%202002/RES%202002%20251-300/00000291.tif HTTP/1.1" 200 80460
181.61.164.108 - - [05/Apr/2022:08:20:55 -0500] "GET /BLA/resoluciones/RESOLUCIONES%202002/RES%202002%20251-300/00000292.tif HTTP/1.1" 200 79070
181.61.164.108 - - [05/Apr/2022:08:20:55 -0500] "GET /BLA/resoluciones/RESOLUCIONES%202002/RES%202002%20251-300/00000293.tif HTTP/1.1" 200 78084
181.61.164.108 - - [05/Apr/2022:08:20:57 -0500] "GET /BLA/resoluciones/RESOLUCIONES%202002/RES%202002%20251-300/00000294.tif HTTP/1.1" 200 86830
181.61.164.108 - - [05/Apr/2022:08:21:05 -0500] "GET /BLA/resoluciones/RESOLUCIONES%202002/RES%202002%20251-300/00000295.tif HTTP/1.1" 200 168876
181.61.164.108 - - [05/Apr/2022:08:21:06 -0500] "GET /BLA/resoluciones/RESOLUCIONES%202002/RES%202002%20251-300/00000296.tif HTTP/1.1" 200 87926
181.61.209.50 - - [05/Apr/2022:08:21:06 -0500] "POST /appsia/controlador HTTP/1.1" 200 6658
181.61.164.108 - - [05/Apr/2022:08:21:07 -0500] "GET /BLA/resoluciones/RESOLUCIONES%202002/RES%202002%20251-300/00000297.tif HTTP/1.1" 200 71120
181.61.164.108 - - [05/Apr/2022:08:21:07 -0500] "GET /BLA/resoluciones/RESOLUCIONES%202002/RES%202002%20251-300/00000298.tif HTTP/1.1" 200 88180
181.61.209.50 - - [05/Apr/2022:08:21:08 -0500] "POST /appsia/controlador HTTP/1.1" 200 11320
181.61.164.108 - - [05/Apr/2022:08:21:09 -0500] "GET /BLA/resoluciones/RESOLUCIONES%202002/RES%202002%20251-300/00000299.tif HTTP/1.1" 200 135418
181.61.164.108 - - [05/Apr/2022:08:21:10 -0500] "GET /BLA/resoluciones/RESOLUCIONES%202002/RES%202002%20251-300/00000300.tif HTTP/1.1" 200 60754
181.61.164.108 - - [05/Apr/2022:08:21:16 -0500] "GET /BLA/resoluciones/index.php?dir=RESOLUCIONES+2002%2FRES+2002+301-350%2F HTTP/1.1" 200 12274
181.61.164.108 - - [05/Apr/2022:08:21:22 -0500] "GET /BLA/resoluciones/RESOLUCIONES%202002/RES%202002%20301-350/00000301.tif HTTP/1.1" 200 79654
181.61.164.108 - - [05/Apr/2022:08:21:23 -0500] "GET /BLA/resoluciones/RESOLUCIONES%202002/RES%202002%20301-350/00000302.tif HTTP/1.1" 200 55644
181.61.164.108 - - [05/Apr/2022:08:21:24 -0500] "GET /BLA/resoluciones/RESOLUCIONES%202002/RES%202002%20301-350/00000303.tif HTTP/1.1" 200 38408
181.61.164.108 - - [05/Apr/2022:08:21:25 -0500] "GET /BLA/resoluciones/RESOLUCIONES%202002/RES%202002%20301-350/00000304.tif HTTP/1.1" 200 80338
181.61.164.108 - - [05/Apr/2022:08:21:26 -0500] "GET /BLA/resoluciones/RESOLUCIONES%202002/RES%202002%20301-350/00000305.tif HTTP/1.1" 200 61706
181.61.164.108 - - [05/Apr/2022:08:21:27 -0500] "GET /BLA/resoluciones/RESOLUCIONES%202002/RES%202002%20301-350/00000306.tif HTTP/1.1" 200 241772
181.61.164.108 - - [05/Apr/2022:08:21:35 -0500] "GET /BLA/resoluciones/RESOLUCIONES%202002/RES%202002%20301-350/00000307.tif HTTP/1.1" 200 164648
181.61.164.108 - - [05/Apr/2022:08:21:36 -0500] "GET /BLA/resoluciones/RESOLUCIONES%202002/RES%202002%20301-350/00000308.tif HTTP/1.1" 200 27540
181.61.164.108 - - [05/Apr/2022:08:21:38 -0500] "GET /BLA/resoluciones/RESOLUCIONES%202002/RES%202002%20301-350/00000309.tif HTTP/1.1" 200 75848
181.61.164.108 - - [05/Apr/2022:08:21:39 -0500] "GET /BLA/resoluciones/RESOLUCIONES%202002/RES%202002%20301-350/00000310.tif HTTP/1.1" 200 130516
181.61.164.108 - - [05/Apr/2022:08:21:40 -0500] "GET /BLA/resoluciones/RESOLUCIONES%202002/RES%202002%20301-350/00000311.tif HTTP/1.1" 200 84278
181.61.164.108 - - [05/Apr/2022:08:21:41 -0500] "GET /BLA/resoluciones/RESOLUCIONES%202002/RES%202002%20301-350/00000312.tif HTTP/1.1" 200 105888
181.61.164.108 - - [05/Apr/2022:08:21:42 -0500] "GET /BLA/resoluciones/RESOLUCIONES%202002/RES%202002%20301-350/00000313.tif HTTP/1.1" 200 74500
181.61.164.108 - - [05/Apr/2022:08:21:43 -0500] "GET /BLA/resoluciones/RESOLUCIONES%202002/RES%202002%20301-350/00000314.tif HTTP/1.1" 200 93170
181.61.164.108 - - [05/Apr/2022:08:21:44 -0500] "GET /BLA/resoluciones/RESOLUCIONES%202002/RES%202002%20301-350/00000315.tif HTTP/1.1" 200 136958
181.61.164.108 - - [05/Apr/2022:08:21:45 -0500] "GET /BLA/resoluciones/RESOLUCIONES%202002/RES%202002%20301-350/00000316.tif HTTP/1.1" 200 125278
207.46.13.199 - - [05/Apr/2022:08:21:46 -0500] "GET /BLA/resoluciones/RESOLUCIONES%202019/2304.pdf HTTP/1.1" 304 -
181.61.164.108 - - [05/Apr/2022:08:21:46 -0500] "GET /BLA/resoluciones/RESOLUCIONES%202002/RES%202002%20301-350/00000317.tif HTTP/1.1" 200 184916
181.61.164.108 - - [05/Apr/2022:08:21:47 -0500] "GET /BLA/resoluciones/RESOLUCIONES%202002/RES%202002%20301-350/00000318.tif HTTP/1.1" 200 182552
181.61.164.108 - - [05/Apr/2022:08:21:48 -0500] "GET /BLA/resoluciones/RESOLUCIONES%202002/RES%202002%20301-350/00000319.tif HTTP/1.1" 200 62442
181.61.164.108 - - [05/Apr/2022:08:21:49 -0500] "GET /BLA/resoluciones/RESOLUCIONES%202002/RES%202002%20301-350/00000320.tif HTTP/1.1" 200 106056
181.61.164.108 - - [05/Apr/2022:08:21:50 -0500] "GET /BLA/resoluciones/RESOLUCIONES%202002/RES%202002%20301-350/00000321.tif HTTP/1.1" 200 96750
181.61.164.108 - - [05/Apr/2022:08:21:51 -0500] "GET /BLA/resoluciones/RESOLUCIONES%202002/RES%202002%20301-350/00000322.tif HTTP/1.1" 200 41948
181.61.164.108 - - [05/Apr/2022:08:21:52 -0500] "GET /BLA/resoluciones/RESOLUCIONES%202002/RES%202002%20301-350/00000323.tif HTTP/1.1" 200 34464
181.61.164.108 - - [05/Apr/2022:08:21:53 -0500] "GET /BLA/resoluciones/RESOLUCIONES%202002/RES%202002%20301-350/00000324.tif HTTP/1.1" 200 125544
216.245.221.92 - - [05/Apr/2022:08:21:53 -0500] "HEAD / HTTP/1.1" 200 -
181.61.164.108 - - [05/Apr/2022:08:21:57 -0500] "GET /BLA/resoluciones/RESOLUCIONES%202002/RES%202002%20301-350/00000325.tif HTTP/1.1" 200 73924
181.61.164.108 - - [05/Apr/2022:08:21:58 -0500] "GET /BLA/resoluciones/RESOLUCIONES%202002/RES%202002%20301-350/00000326.tif HTTP/1.1" 200 237478
181.61.164.108 - - [05/Apr/2022:08:21:59 -0500] "GET /BLA/resoluciones/RESOLUCIONES%202002/RES%202002%20301-350/00000327.tif HTTP/1.1" 200 25132
181.61.209.50 - - [05/Apr/2022:08:21:59 -0500] "POST /appsia/controlador HTTP/1.1" 200 7793
181.61.164.108 - - [05/Apr/2022:08:22:00 -0500] "GET /BLA/resoluciones/RESOLUCIONES%202002/RES%202002%20301-350/00000328.tif HTTP/1.1" 200 42154
181.61.164.108 - - [05/Apr/2022:08:22:01 -0500] "GET /BLA/resoluciones/RESOLUCIONES%202002/RES%202002%20301-350/00000329.tif HTTP/1.1" 200 53848
181.61.164.108 - - [05/Apr/2022:08:22:01 -0500] "GET /BLA/resoluciones/RESOLUCIONES%202002/RES%202002%20301-350/00000330.tif HTTP/1.1" 200 196888
181.61.164.108 - - [05/Apr/2022:08:22:02 -0500] "GET /BLA/resoluciones/RESOLUCIONES%202002/RES%202002%20301-350/00000331.tif HTTP/1.1" 200 140860
181.61.164.108 - - [05/Apr/2022:08:22:03 -0500] "GET /BLA/resoluciones/RESOLUCIONES%202002/RES%202002%20301-350/00000332.tif HTTP/1.1" 200 40540
181.61.164.108 - - [05/Apr/2022:08:22:04 -0500] "GET /BLA/resoluciones/RESOLUCIONES%202002/RES%202002%20301-350/00000333.tif HTTP/1.1" 200 41530
181.61.164.108 - - [05/Apr/2022:08:22:05 -0500] "GET /BLA/resoluciones/RESOLUCIONES%202002/RES%202002%20301-350/00000334.tif HTTP/1.1" 200 113044
181.61.209.50 - - [05/Apr/2022:08:22:06 -0500] "POST /appsia/controlador HTTP/1.1" 200 6658
181.61.164.108 - - [05/Apr/2022:08:22:06 -0500] "GET /BLA/resoluciones/RESOLUCIONES%202002/RES%202002%20301-350/00000335.tif HTTP/1.1" 200 33704
181.61.209.50 - - [05/Apr/2022:08:22:07 -0500] "POST /appsia/controlador HTTP/1.1" 200 11320
181.61.164.108 - - [05/Apr/2022:08:22:08 -0500] "GET /BLA/resoluciones/RESOLUCIONES%202002/RES%202002%20301-350/00000336.tif HTTP/1.1" 200 41434
181.61.164.108 - - [05/Apr/2022:08:22:08 -0500] "GET /BLA/resoluciones/RESOLUCIONES%202002/RES%202002%20301-350/00000337.tif HTTP/1.1" 200 57370
181.61.164.108 - - [05/Apr/2022:08:22:09 -0500] "GET /BLA/resoluciones/RESOLUCIONES%202002/RES%202002%20301-350/00000338.tif HTTP/1.1" 200 84466
181.61.164.108 - - [05/Apr/2022:08:22:10 -0500] "GET /BLA/resoluciones/RESOLUCIONES%202002/RES%202002%20301-350/00000339.tif HTTP/1.1" 200 67156
181.61.164.108 - - [05/Apr/2022:08:22:11 -0500] "GET /BLA/resoluciones/RESOLUCIONES%202002/RES%202002%20301-350/00000340.tif HTTP/1.1" 200 232106
181.61.164.108 - - [05/Apr/2022:08:22:12 -0500] "GET /BLA/resoluciones/RESOLUCIONES%202002/RES%202002%20301-350/00000341.tif HTTP/1.1" 200 234116
181.61.164.108 - - [05/Apr/2022:08:22:13 -0500] "GET /BLA/resoluciones/RESOLUCIONES%202002/RES%202002%20301-350/00000342.tif HTTP/1.1" 200 198680
181.61.164.108 - - [05/Apr/2022:08:22:14 -0500] "GET /BLA/resoluciones/RESOLUCIONES%202002/RES%202002%20301-350/00000343.tif HTTP/1.1" 200 94002
181.61.164.108 - - [05/Apr/2022:08:22:15 -0500] "GET /BLA/resoluciones/RESOLUCIONES%202002/RES%202002%20301-350/00000344.tif HTTP/1.1" 200 110978
181.61.209.50 - - [05/Apr/2022:08:22:16 -0500] "POST /appsia/controlador HTTP/1.1" 200 7793
181.61.164.108 - - [05/Apr/2022:08:22:16 -0500] "GET /BLA/resoluciones/RESOLUCIONES%202002/RES%202002%20301-350/00000345.tif HTTP/1.1" 200 107588
181.61.164.108 - - [05/Apr/2022:08:22:17 -0500] "GET /BLA/resoluciones/RESOLUCIONES%202002/RES%202002%20301-350/00000346.tif HTTP/1.1" 200 85690
181.61.36.16 - - [05/Apr/2022:08:22:17 -0500] "GET /mesa/contrasena.pdf HTTP/1.1" 200 443199
181.61.164.108 - - [05/Apr/2022:08:22:18 -0500] "GET /BLA/resoluciones/RESOLUCIONES%202002/RES%202002%20301-350/00000347.tif HTTP/1.1" 200 83768
181.61.36.16 - - [05/Apr/2022:08:22:18 -0500] "GET /mesa/contrasena.pdf HTTP/1.1" 206 1
181.61.36.16 - - [05/Apr/2022:08:22:18 -0500] "GET /mesa/contrasena.pdf HTTP/1.1" 206 399671
181.61.164.108 - - [05/Apr/2022:08:22:19 -0500] "GET /BLA/resoluciones/RESOLUCIONES%202002/RES%202002%20301-350/00000348.tif HTTP/1.1" 200 190250
181.61.164.108 - - [05/Apr/2022:08:22:20 -0500] "GET /BLA/resoluciones/RESOLUCIONES%202002/RES%202002%20301-350/00000349.tif HTTP/1.1" 200 195468
181.61.164.108 - - [05/Apr/2022:08:22:21 -0500] "GET /BLA/resoluciones/RESOLUCIONES%202002/RES%202002%20301-350/00000350.tif HTTP/1.1" 200 123856
181.61.164.108 - - [05/Apr/2022:08:22:22 -0500] "GET /BLA/resoluciones/RESOLUCIONES%202002/RES%202002%20301-350/RESOLUCION%20303%20DE%202002.pdf HTTP/1.1" 200 58211
181.61.209.50 - - [05/Apr/2022:08:22:23 -0500] "POST /appsia/controlador HTTP/1.1" 200 6658
181.61.209.50 - - [05/Apr/2022:08:22:24 -0500] "POST /appsia/controlador HTTP/1.1" 200 11320
181.53.14.136 - - [05/Apr/2022:08:22:26 -0500] "GET /si-eres-mujer-y-te-gusta-el-cuidado-de-los-humedales-este-proceso-de-formacion-es-para-ti.html?fbclid=IwAR3dnCJr5VYsTYW82XZqg8MZaObbBoJ4vq1WLA_FlWVVTgzGVc_Sc_xVVps HTTP/1.1" 200 1025
190.68.153.221 - - [05/Apr/2022:08:22:30 -0500] "GET /BLA/resoluciones/RESOLUCIONES%202021/2903.pdf HTTP/1.1" 200 474460
190.68.153.221 - - [05/Apr/2022:08:22:30 -0500] "GET /favicon.ico HTTP/1.1" 200 7782
191.156.151.120 - - [05/Apr/2022:08:22:32 -0500] "-" 408 -
181.61.209.50 - - [05/Apr/2022:08:22:36 -0500] "POST /appsia/controlador HTTP/1.1" 200 7793
181.61.209.50 - - [05/Apr/2022:08:22:38 -0500] "POST /appsia/controlador HTTP/1.1" 200 5437
181.61.209.50 - - [05/Apr/2022:08:22:40 -0500] "POST /appsia/controlador HTTP/1.1" 200 4799
201.245.192.253 - - [05/Apr/2022:08:22:18 -0500] "POST /kwsrmcab/Wsrmcab HTTP/1.1" 200 42770
172.22.2.4 - - [05/Apr/2022:08:21:40 -0500] "HEAD /BLA/boletinlegal/ HTTP/1.1" 200 -
201.245.192.253 - - [05/Apr/2022:08:23:04 -0500] "POST /kwsrmcab/Wsrmcab HTTP/1.1" 200 45482
191.156.55.139 - - [05/Apr/2022:08:23:59 -0500] "-" 408 -
172.22.2.4 - - [05/Apr/2022:08:22:30 -0500] "GET /BLA/boletinlegal/ HTTP/1.1" 200 58588
