200.118.64.109 - - [06/Apr/2022:10:21:34 -0500] "POST /forms/lservlet;jsessionid=ac16012b30d647ad995b72194d60ad20dcbf6fa998f6.e3iSbxaKaheRe34Sc38RahyRchr0n6jAmljGr5XDqQLvpAe HTTP/1.1" 200 2
200.118.64.109 - - [06/Apr/2022:10:21:34 -0500] "GET /reports/rwservlet/getjobid74518?server=repnomi HTTP/1.1" 200 1186378
172.22.2.4 - - [06/Apr/2022:10:21:49 -0500] "GET /BLA/boletinlegal/consulta_normativa.php?tipo=&sector=vertimientos&ano=&resuelve= HTTP/1.1" 200 11611
216.245.221.92 - - [06/Apr/2022:10:21:49 -0500] "HEAD / HTTP/1.1" 200 -
200.118.64.109 - - [06/Apr/2022:10:22:00 -0500] "POST /forms/lservlet;jsessionid=ac16012b30d647ad995b72194d60ad20dcbf6fa998f6.e3iSbxaKaheRe34Sc38RahyRchr0n6jAmljGr5XDqQLvpAe HTTP/1.1" 200 2
40.77.167.41 - - [06/Apr/2022:10:22:54 -0500] "GET /portaldeninos/aulas-ambientales/ HTTP/1.1" 200 80995
201.245.192.253 - - [06/Apr/2022:10:22:12 -0500] "POST /kwsrmcab/Wsrmcab HTTP/1.1" 200 45609
172.22.2.4 - - [06/Apr/2022:10:21:25 -0500] "HEAD /BLA/boletinlegal/ HTTP/1.1" 200 -
186.28.113.137 - - [06/Apr/2022:10:23:07 -0500] "OPTIONS /kwssiamovil/sm/setfile/f HTTP/1.1" 200 13
200.118.64.109 - - [06/Apr/2022:10:23:11 -0500] "POST /forms/lservlet;jsessionid=ac16012b30d647ad995b72194d60ad20dcbf6fa998f6.e3iSbxaKaheRe34Sc38RahyRchr0n6jAmljGr5XDqQLvpAe HTTP/1.1" 200 2
186.28.113.137 - - [06/Apr/2022:10:23:07 -0500] "POST /kwssiamovil/sm/setfile/f HTTP/1.1" 200 381
200.118.64.109 - - [06/Apr/2022:10:23:11 -0500] "POST /forms/lservlet;jsessionid=ac16012b30d647ad995b72194d60ad20dcbf6fa998f6.e3iSbxaKaheRe34Sc38RahyRchr0n6jAmljGr5XDqQLvpAe HTTP/1.1" 200 14
200.118.64.109 - - [06/Apr/2022:10:23:12 -0500] "POST /forms/lservlet;jsessionid=ac16012b30d647ad995b72194d60ad20dcbf6fa998f6.e3iSbxaKaheRe34Sc38RahyRchr0n6jAmljGr5XDqQLvpAe HTTP/1.1" 200 14
200.118.64.109 - - [06/Apr/2022:10:23:13 -0500] "POST /forms/lservlet;jsessionid=ac16012b30d647ad995b72194d60ad20dcbf6fa998f6.e3iSbxaKaheRe34Sc38RahyRchr0n6jAmljGr5XDqQLvpAe HTTP/1.1" 200 14
200.118.64.109 - - [06/Apr/2022:10:23:15 -0500] "POST /forms/lservlet;jsessionid=ac16012b30d647ad995b72194d60ad20dcbf6fa998f6.e3iSbxaKaheRe34Sc38RahyRchr0n6jAmljGr5XDqQLvpAe HTTP/1.1" 200 107
200.118.64.109 - - [06/Apr/2022:10:23:16 -0500] "POST /forms/lservlet;jsessionid=ac16012b30d647ad995b72194d60ad20dcbf6fa998f6.e3iSbxaKaheRe34Sc38RahyRchr0n6jAmljGr5XDqQLvpAe HTTP/1.1" 200 2
200.118.64.109 - - [06/Apr/2022:10:23:16 -0500] "GET /reports/rwservlet/getjobid74519?server=repnomi HTTP/1.1" 200 55345
200.118.64.109 - - [06/Apr/2022:10:23:20 -0500] "POST /forms/lservlet;jsessionid=ac16012b30d647ad995b72194d60ad20dcbf6fa998f6.e3iSbxaKaheRe34Sc38RahyRchr0n6jAmljGr5XDqQLvpAe HTTP/1.1" 200 101
172.22.2.4 - - [06/Apr/2022:10:23:23 -0500] "GET /BLA/boletinlegal/consulta_normativa.php?tipo=&sector=flora&ano=&resuelve= HTTP/1.1" 200 2158
172.22.2.4 - - [06/Apr/2022:10:23:26 -0500] "GET /BLA/boletinlegal/consulta_normativa.php?tipo=&sector=flora&ano=&resuelve= HTTP/1.1" 200 2158
200.118.64.109 - - [06/Apr/2022:10:23:28 -0500] "POST /forms/lservlet;jsessionid=ac16012b30d647ad995b72194d60ad20dcbf6fa998f6.e3iSbxaKaheRe34Sc38RahyRchr0n6jAmljGr5XDqQLvpAe HTTP/1.1" 200 91
200.118.64.109 - - [06/Apr/2022:10:23:28 -0500] "POST /forms/lservlet;jsessionid=ac16012b30d647ad995b72194d60ad20dcbf6fa998f6.e3iSbxaKaheRe34Sc38RahyRchr0n6jAmljGr5XDqQLvpAe HTTP/1.1" 200 8
200.118.64.109 - - [06/Apr/2022:10:23:28 -0500] "POST /forms/lservlet;jsessionid=ac16012b30d647ad995b72194d60ad20dcbf6fa998f6.e3iSbxaKaheRe34Sc38RahyRchr0n6jAmljGr5XDqQLvpAe HTTP/1.1" 200 2
200.118.64.109 - - [06/Apr/2022:10:23:35 -0500] "POST /forms/lservlet;jsessionid=ac16012b30d647ad995b72194d60ad20dcbf6fa998f6.e3iSbxaKaheRe34Sc38RahyRchr0n6jAmljGr5XDqQLvpAe HTTP/1.1" 200 66
200.118.64.109 - - [06/Apr/2022:10:23:39 -0500] "POST /forms/lservlet;jsessionid=ac16012b30d647ad995b72194d60ad20dcbf6fa998f6.e3iSbxaKaheRe34Sc38RahyRchr0n6jAmljGr5XDqQLvpAe HTTP/1.1" 200 2027
200.118.64.109 - - [06/Apr/2022:10:23:40 -0500] "POST /forms/lservlet;jsessionid=ac16012b30d647ad995b72194d60ad20dcbf6fa998f6.e3iSbxaKaheRe34Sc38RahyRchr0n6jAmljGr5XDqQLvpAe HTTP/1.1" 200 78
201.245.192.253 - - [06/Apr/2022:10:23:00 -0500] "POST /kwsrmcab/Wsrmcab HTTP/1.1" 200 43582
172.22.2.4 - - [06/Apr/2022:10:22:16 -0500] "GET /BLA/boletinlegal/ HTTP/1.1" 200 59170
200.118.64.109 - - [06/Apr/2022:10:24:00 -0500] "POST /forms/lservlet;jsessionid=ac16012b30d647ad995b72194d60ad20dcbf6fa998f6.e3iSbxaKaheRe34Sc38RahyRchr0n6jAmljGr5XDqQLvpAe HTTP/1.1" 200 2
69.171.231.5 - - [06/Apr/2022:10:24:01 -0500] "GET /images/llantas-teusaquillo-1-abril.jpg HTTP/1.1" 200 50674
172.22.2.4 - - [06/Apr/2022:10:24:09 -0500] "GET /BLA/boletinlegal/jurisprudencia/analisis/AnalisisT-095-16.docx HTTP/1.1" 304 -
200.118.64.109 - - [06/Apr/2022:10:26:00 -0500] "POST /forms/lservlet;jsessionid=ac16012b30d647ad995b72194d60ad20dcbf6fa998f6.e3iSbxaKaheRe34Sc38RahyRchr0n6jAmljGr5XDqQLvpAe HTTP/1.1" 200 2
40.77.167.78 - - [06/Apr/2022:10:26:07 -0500] "GET / HTTP/1.1" 200 4720
74.125.210.53 - - [06/Apr/2022:10:26:27 -0500] "GET /reportes_sipse/imagenes/logoAplicacion.jpg HTTP/1.1" 200 26872
200.118.64.109 - - [06/Apr/2022:10:26:32 -0500] "POST /forms/lservlet;jsessionid=ac16012b30d647ad995b72194d60ad20dcbf6fa998f6.e3iSbxaKaheRe34Sc38RahyRchr0n6jAmljGr5XDqQLvpAe HTTP/1.1" 200 34757
200.118.64.109 - - [06/Apr/2022:10:26:33 -0500] "GET /imagenes/listval.gif HTTP/1.1" 200 905
200.118.64.109 - - [06/Apr/2022:10:26:33 -0500] "POST /forms/lservlet;jsessionid=ac16012b30d647ad995b72194d60ad20dcbf6fa998f6.e3iSbxaKaheRe34Sc38RahyRchr0n6jAmljGr5XDqQLvpAe HTTP/1.1" 200 7
200.118.64.109 - - [06/Apr/2022:10:26:33 -0500] "POST /forms/lservlet;jsessionid=ac16012b30d647ad995b72194d60ad20dcbf6fa998f6.e3iSbxaKaheRe34Sc38RahyRchr0n6jAmljGr5XDqQLvpAe HTTP/1.1" 200 34
200.118.64.109 - - [06/Apr/2022:10:26:33 -0500] "POST /forms/lservlet;jsessionid=ac16012b30d647ad995b72194d60ad20dcbf6fa998f6.e3iSbxaKaheRe34Sc38RahyRchr0n6jAmljGr5XDqQLvpAe HTTP/1.1" 200 2
200.118.64.109 - - [06/Apr/2022:10:26:34 -0500] "POST /forms/lservlet;jsessionid=ac16012b30d647ad995b72194d60ad20dcbf6fa998f6.e3iSbxaKaheRe34Sc38RahyRchr0n6jAmljGr5XDqQLvpAe HTTP/1.1" 200 2
200.118.64.109 - - [06/Apr/2022:10:26:34 -0500] "POST /forms/lservlet;jsessionid=ac16012b30d647ad995b72194d60ad20dcbf6fa998f6.e3iSbxaKaheRe34Sc38RahyRchr0n6jAmljGr5XDqQLvpAe HTTP/1.1" 200 662
200.118.64.109 - - [06/Apr/2022:10:26:35 -0500] "GET /imagenes/Srch_frw.gif HTTP/1.1" 200 925
200.118.64.109 - - [06/Apr/2022:10:26:35 -0500] "POST /forms/lservlet;jsessionid=ac16012b30d647ad995b72194d60ad20dcbf6fa998f6.e3iSbxaKaheRe34Sc38RahyRchr0n6jAmljGr5XDqQLvpAe HTTP/1.1" 200 10
200.118.64.109 - - [06/Apr/2022:10:26:36 -0500] "POST /forms/lservlet;jsessionid=ac16012b30d647ad995b72194d60ad20dcbf6fa998f6.e3iSbxaKaheRe34Sc38RahyRchr0n6jAmljGr5XDqQLvpAe HTTP/1.1" 200 26
200.118.64.109 - - [06/Apr/2022:10:26:36 -0500] "POST /forms/lservlet;jsessionid=ac16012b30d647ad995b72194d60ad20dcbf6fa998f6.e3iSbxaKaheRe34Sc38RahyRchr0n6jAmljGr5XDqQLvpAe HTTP/1.1" 200 14
181.236.214.113 - - [06/Apr/2022:10:26:37 -0500] "GET /si-eres-mujer-y-te-gusta-el-cuidado-de-los-humedales-este-proceso-de-formacion-es-para-ti.html HTTP/1.1" 200 1025
200.118.64.109 - - [06/Apr/2022:10:26:37 -0500] "POST /forms/lservlet;jsessionid=ac16012b30d647ad995b72194d60ad20dcbf6fa998f6.e3iSbxaKaheRe34Sc38RahyRchr0n6jAmljGr5XDqQLvpAe HTTP/1.1" 200 5115
200.118.64.109 - - [06/Apr/2022:10:26:38 -0500] "POST /forms/lservlet;jsessionid=ac16012b30d647ad995b72194d60ad20dcbf6fa998f6.e3iSbxaKaheRe34Sc38RahyRchr0n6jAmljGr5XDqQLvpAe HTTP/1.1" 200 2
172.22.2.4 - - [06/Apr/2022:10:26:02 -0500] "GET /BLA/boletinlegal/index.php?s=/Index/\\think\\app/invokefunction&function=call_user_func_array&vars[0]=md5&vars[1][]=HelloThinkPHP21 HTTP/1.1" 200 32715
216.245.221.92 - - [06/Apr/2022:10:26:49 -0500] "HEAD / HTTP/1.1" 200 -
200.118.64.109 - - [06/Apr/2022:10:26:59 -0500] "POST /forms/lservlet;jsessionid=ac16012b30d647ad995b72194d60ad20dcbf6fa998f6.e3iSbxaKaheRe34Sc38RahyRchr0n6jAmljGr5XDqQLvpAe HTTP/1.1" 200 2
200.118.64.109 - - [06/Apr/2022:10:27:00 -0500] "POST /forms/lservlet;jsessionid=ac16012b30d647ad995b72194d60ad20dcbf6fa998f6.e3iSbxaKaheRe34Sc38RahyRchr0n6jAmljGr5XDqQLvpAe HTTP/1.1" 200 14
200.118.64.109 - - [06/Apr/2022:10:27:01 -0500] "POST /forms/lservlet;jsessionid=ac16012b30d647ad995b72194d60ad20dcbf6fa998f6.e3iSbxaKaheRe34Sc38RahyRchr0n6jAmljGr5XDqQLvpAe HTTP/1.1" 200 14
200.118.64.109 - - [06/Apr/2022:10:27:02 -0500] "POST /forms/lservlet;jsessionid=ac16012b30d647ad995b72194d60ad20dcbf6fa998f6.e3iSbxaKaheRe34Sc38RahyRchr0n6jAmljGr5XDqQLvpAe HTTP/1.1" 200 14
200.118.64.109 - - [06/Apr/2022:10:27:04 -0500] "POST /forms/lservlet;jsessionid=ac16012b30d647ad995b72194d60ad20dcbf6fa998f6.e3iSbxaKaheRe34Sc38RahyRchr0n6jAmljGr5XDqQLvpAe HTTP/1.1" 200 14
200.118.64.109 - - [06/Apr/2022:10:27:05 -0500] "POST /forms/lservlet;jsessionid=ac16012b30d647ad995b72194d60ad20dcbf6fa998f6.e3iSbxaKaheRe34Sc38RahyRchr0n6jAmljGr5XDqQLvpAe HTTP/1.1" 200 15
200.118.64.109 - - [06/Apr/2022:10:27:08 -0500] "POST /forms/lservlet;jsessionid=ac16012b30d647ad995b72194d60ad20dcbf6fa998f6.e3iSbxaKaheRe34Sc38RahyRchr0n6jAmljGr5XDqQLvpAe HTTP/1.1" 200 127
200.118.64.109 - - [06/Apr/2022:10:27:08 -0500] "POST /forms/lservlet;jsessionid=ac16012b30d647ad995b72194d60ad20dcbf6fa998f6.e3iSbxaKaheRe34Sc38RahyRchr0n6jAmljGr5XDqQLvpAe HTTP/1.1" 200 2
200.118.64.109 - - [06/Apr/2022:10:27:08 -0500] "GET /reports/rwservlet/getjobid74520?server=repnomi HTTP/1.1" 200 47939
200.118.64.109 - - [06/Apr/2022:10:27:37 -0500] "POST /forms/lservlet;jsessionid=ac16012b30d647ad995b72194d60ad20dcbf6fa998f6.e3iSbxaKaheRe34Sc38RahyRchr0n6jAmljGr5XDqQLvpAe HTTP/1.1" 200 2
200.118.64.109 - - [06/Apr/2022:10:27:37 -0500] "POST /forms/lservlet;jsessionid=ac16012b30d647ad995b72194d60ad20dcbf6fa998f6.e3iSbxaKaheRe34Sc38RahyRchr0n6jAmljGr5XDqQLvpAe HTTP/1.1" 200 14
200.118.64.109 - - [06/Apr/2022:10:27:38 -0500] "POST /forms/lservlet;jsessionid=ac16012b30d647ad995b72194d60ad20dcbf6fa998f6.e3iSbxaKaheRe34Sc38RahyRchr0n6jAmljGr5XDqQLvpAe HTTP/1.1" 200 14
200.118.64.109 - - [06/Apr/2022:10:27:39 -0500] "POST /forms/lservlet;jsessionid=ac16012b30d647ad995b72194d60ad20dcbf6fa998f6.e3iSbxaKaheRe34Sc38RahyRchr0n6jAmljGr5XDqQLvpAe HTTP/1.1" 200 112
200.118.64.109 - - [06/Apr/2022:10:27:39 -0500] "POST /forms/lservlet;jsessionid=ac16012b30d647ad995b72194d60ad20dcbf6fa998f6.e3iSbxaKaheRe34Sc38RahyRchr0n6jAmljGr5XDqQLvpAe HTTP/1.1" 200 2
200.118.64.109 - - [06/Apr/2022:10:27:39 -0500] "GET /reports/rwservlet/getjobid74521?server=repnomi HTTP/1.1" 200 47676
200.118.64.109 - - [06/Apr/2022:10:28:00 -0500] "POST /forms/lservlet;jsessionid=ac16012b30d647ad995b72194d60ad20dcbf6fa998f6.e3iSbxaKaheRe34Sc38RahyRchr0n6jAmljGr5XDqQLvpAe HTTP/1.1" 200 2
186.28.113.137 - - [06/Apr/2022:10:28:28 -0500] "OPTIONS /kwssiamovil/sm/setfile/f HTTP/1.1" 200 13
186.28.113.137 - - [06/Apr/2022:10:28:28 -0500] "POST /kwssiamovil/sm/setfile/f HTTP/1.1" 200 381
172.22.2.4 - - [06/Apr/2022:10:27:15 -0500] "HEAD /BLA/boletinlegal/ HTTP/1.1" 200 -
64.31.7.222 - - [06/Apr/2022:10:29:01 -0500] "GET / HTTP/1.1" 200 319
200.118.64.109 - - [06/Apr/2022:10:29:02 -0500] "POST /forms/lservlet;jsessionid=ac16012b30d647ad995b72194d60ad20dcbf6fa998f6.e3iSbxaKaheRe34Sc38RahyRchr0n6jAmljGr5XDqQLvpAe HTTP/1.1" 200 2
200.118.64.109 - - [06/Apr/2022:10:29:02 -0500] "POST /forms/lservlet;jsessionid=ac16012b30d647ad995b72194d60ad20dcbf6fa998f6.e3iSbxaKaheRe34Sc38RahyRchr0n6jAmljGr5XDqQLvpAe HTTP/1.1" 200 14
200.118.64.109 - - [06/Apr/2022:10:29:03 -0500] "POST /forms/lservlet;jsessionid=ac16012b30d647ad995b72194d60ad20dcbf6fa998f6.e3iSbxaKaheRe34Sc38RahyRchr0n6jAmljGr5XDqQLvpAe HTTP/1.1" 200 14
200.118.64.109 - - [06/Apr/2022:10:29:04 -0500] "POST /forms/lservlet;jsessionid=ac16012b30d647ad995b72194d60ad20dcbf6fa998f6.e3iSbxaKaheRe34Sc38RahyRchr0n6jAmljGr5XDqQLvpAe HTTP/1.1" 200 14
200.118.64.109 - - [06/Apr/2022:10:29:06 -0500] "POST /forms/lservlet;jsessionid=ac16012b30d647ad995b72194d60ad20dcbf6fa998f6.e3iSbxaKaheRe34Sc38RahyRchr0n6jAmljGr5XDqQLvpAe HTTP/1.1" 200 14
200.118.64.109 - - [06/Apr/2022:10:29:08 -0500] "POST /forms/lservlet;jsessionid=ac16012b30d647ad995b72194d60ad20dcbf6fa998f6.e3iSbxaKaheRe34Sc38RahyRchr0n6jAmljGr5XDqQLvpAe HTTP/1.1" 200 15
200.118.64.109 - - [06/Apr/2022:10:29:10 -0500] "POST /forms/lservlet;jsessionid=ac16012b30d647ad995b72194d60ad20dcbf6fa998f6.e3iSbxaKaheRe34Sc38RahyRchr0n6jAmljGr5XDqQLvpAe HTTP/1.1" 200 15
200.118.64.109 - - [06/Apr/2022:10:29:15 -0500] "POST /forms/lservlet;jsessionid=ac16012b30d647ad995b72194d60ad20dcbf6fa998f6.e3iSbxaKaheRe34Sc38RahyRchr0n6jAmljGr5XDqQLvpAe HTTP/1.1" 200 109
200.118.64.109 - - [06/Apr/2022:10:29:15 -0500] "POST /forms/lservlet;jsessionid=ac16012b30d647ad995b72194d60ad20dcbf6fa998f6.e3iSbxaKaheRe34Sc38RahyRchr0n6jAmljGr5XDqQLvpAe HTTP/1.1" 200 2
200.118.64.109 - - [06/Apr/2022:10:29:15 -0500] "GET /reports/rwservlet/getjobid74522?server=repnomi HTTP/1.1" 200 4794041
172.22.2.4 - - [06/Apr/2022:10:28:06 -0500] "GET /BLA/boletinlegal/ HTTP/1.1" 200 60932
200.118.64.109 - - [06/Apr/2022:10:30:00 -0500] "POST /forms/lservlet;jsessionid=ac16012b30d647ad995b72194d60ad20dcbf6fa998f6.e3iSbxaKaheRe34Sc38RahyRchr0n6jAmljGr5XDqQLvpAe HTTP/1.1" 200 2
200.118.64.109 - - [06/Apr/2022:10:30:04 -0500] "POST /forms/lservlet;jsessionid=ac16012b30d647ad995b72194d60ad20dcbf6fa998f6.e3iSbxaKaheRe34Sc38RahyRchr0n6jAmljGr5XDqQLvpAe HTTP/1.1" 200 2
200.118.64.109 - - [06/Apr/2022:10:30:04 -0500] "POST /forms/lservlet;jsessionid=ac16012b30d647ad995b72194d60ad20dcbf6fa998f6.e3iSbxaKaheRe34Sc38RahyRchr0n6jAmljGr5XDqQLvpAe HTTP/1.1" 200 14
200.118.64.109 - - [06/Apr/2022:10:30:05 -0500] "POST /forms/lservlet;jsessionid=ac16012b30d647ad995b72194d60ad20dcbf6fa998f6.e3iSbxaKaheRe34Sc38RahyRchr0n6jAmljGr5XDqQLvpAe HTTP/1.1" 200 109
200.118.64.109 - - [06/Apr/2022:10:30:06 -0500] "POST /forms/lservlet;jsessionid=ac16012b30d647ad995b72194d60ad20dcbf6fa998f6.e3iSbxaKaheRe34Sc38RahyRchr0n6jAmljGr5XDqQLvpAe HTTP/1.1" 200 2
200.118.64.109 - - [06/Apr/2022:10:30:06 -0500] "GET /reports/rwservlet/getjobid74523?server=repnomi HTTP/1.1" 200 60421
200.118.64.109 - - [06/Apr/2022:10:30:50 -0500] "POST /forms/lservlet;jsessionid=ac16012b30d647ad995b72194d60ad20dcbf6fa998f6.e3iSbxaKaheRe34Sc38RahyRchr0n6jAmljGr5XDqQLvpAe HTTP/1.1" 200 2
200.118.64.109 - - [06/Apr/2022:10:30:50 -0500] "POST /forms/lservlet;jsessionid=ac16012b30d647ad995b72194d60ad20dcbf6fa998f6.e3iSbxaKaheRe34Sc38RahyRchr0n6jAmljGr5XDqQLvpAe HTTP/1.1" 200 14
200.118.64.109 - - [06/Apr/2022:10:30:51 -0500] "POST /forms/lservlet;jsessionid=ac16012b30d647ad995b72194d60ad20dcbf6fa998f6.e3iSbxaKaheRe34Sc38RahyRchr0n6jAmljGr5XDqQLvpAe HTTP/1.1" 200 14
200.118.64.109 - - [06/Apr/2022:10:30:53 -0500] "POST /forms/lservlet;jsessionid=ac16012b30d647ad995b72194d60ad20dcbf6fa998f6.e3iSbxaKaheRe34Sc38RahyRchr0n6jAmljGr5XDqQLvpAe HTTP/1.1" 200 14
200.118.64.109 - - [06/Apr/2022:10:30:54 -0500] "POST /forms/lservlet;jsessionid=ac16012b30d647ad995b72194d60ad20dcbf6fa998f6.e3iSbxaKaheRe34Sc38RahyRchr0n6jAmljGr5XDqQLvpAe HTTP/1.1" 200 14
200.118.64.109 - - [06/Apr/2022:10:30:56 -0500] "POST /forms/lservlet;jsessionid=ac16012b30d647ad995b72194d60ad20dcbf6fa998f6.e3iSbxaKaheRe34Sc38RahyRchr0n6jAmljGr5XDqQLvpAe HTTP/1.1" 200 15
200.118.64.109 - - [06/Apr/2022:10:30:59 -0500] "POST /forms/lservlet;jsessionid=ac16012b30d647ad995b72194d60ad20dcbf6fa998f6.e3iSbxaKaheRe34Sc38RahyRchr0n6jAmljGr5XDqQLvpAe HTTP/1.1" 200 109
200.118.64.109 - - [06/Apr/2022:10:30:59 -0500] "POST /forms/lservlet;jsessionid=ac16012b30d647ad995b72194d60ad20dcbf6fa998f6.e3iSbxaKaheRe34Sc38RahyRchr0n6jAmljGr5XDqQLvpAe HTTP/1.1" 200 2
200.118.64.109 - - [06/Apr/2022:10:30:59 -0500] "GET /reports/rwservlet/getjobid74524?server=repnomi HTTP/1.1" 200 56865
172.22.2.4 - - [06/Apr/2022:10:31:28 -0500] "GET /BLA/boletinlegal/consulta_actos.php?tipo=resoluciones&no=4153&usuario=&sector=PEV&fecha=2009&resuelve= HTTP/1.1" 200 1086
190.93.137.233 - - [06/Apr/2022:10:31:35 -0500] "GET /BLA/resoluciones/RESOLUCIONES%202009/4153.pdf HTTP/1.1" 200 780888
216.245.221.92 - - [06/Apr/2022:10:31:49 -0500] "HEAD / HTTP/1.1" 200 -
207.46.13.43 - - [06/Apr/2022:10:32:00 -0500] "GET /bla/resoluciones/resoluciones%202016/2430.pdf HTTP/1.1" 200 360688
200.118.64.109 - - [06/Apr/2022:10:32:00 -0500] "POST /forms/lservlet;jsessionid=ac16012b30d647ad995b72194d60ad20dcbf6fa998f6.e3iSbxaKaheRe34Sc38RahyRchr0n6jAmljGr5XDqQLvpAe HTTP/1.1" 200 2
200.118.64.109 - - [06/Apr/2022:10:32:21 -0500] "POST /forms/lservlet;jsessionid=ac16012b30d647ad995b72194d60ad20dcbf6fa998f6.e3iSbxaKaheRe34Sc38RahyRchr0n6jAmljGr5XDqQLvpAe HTTP/1.1" 200 2
200.118.64.109 - - [06/Apr/2022:10:32:21 -0500] "POST /forms/lservlet;jsessionid=ac16012b30d647ad995b72194d60ad20dcbf6fa998f6.e3iSbxaKaheRe34Sc38RahyRchr0n6jAmljGr5XDqQLvpAe HTTP/1.1" 200 2373
200.118.64.109 - - [06/Apr/2022:10:32:21 -0500] "GET /imagenes/Srch_frw.gif HTTP/1.1" 200 925
200.118.64.109 - - [06/Apr/2022:10:32:21 -0500] "POST /forms/lservlet;jsessionid=ac16012b30d647ad995b72194d60ad20dcbf6fa998f6.e3iSbxaKaheRe34Sc38RahyRchr0n6jAmljGr5XDqQLvpAe HTTP/1.1" 200 10
200.118.64.109 - - [06/Apr/2022:10:32:32 -0500] "POST /forms/lservlet;jsessionid=ac16012b30d647ad995b72194d60ad20dcbf6fa998f6.e3iSbxaKaheRe34Sc38RahyRchr0n6jAmljGr5XDqQLvpAe HTTP/1.1" 200 2
200.118.64.109 - - [06/Apr/2022:10:32:32 -0500] "POST /forms/lservlet;jsessionid=ac16012b30d647ad995b72194d60ad20dcbf6fa998f6.e3iSbxaKaheRe34Sc38RahyRchr0n6jAmljGr5XDqQLvpAe HTTP/1.1" 200 240
200.118.64.109 - - [06/Apr/2022:10:32:32 -0500] "POST /forms/lservlet;jsessionid=ac16012b30d647ad995b72194d60ad20dcbf6fa998f6.e3iSbxaKaheRe34Sc38RahyRchr0n6jAmljGr5XDqQLvpAe HTTP/1.1" 200 11
200.118.64.109 - - [06/Apr/2022:10:32:37 -0500] "POST /forms/lservlet;jsessionid=ac16012b30d647ad995b72194d60ad20dcbf6fa998f6.e3iSbxaKaheRe34Sc38RahyRchr0n6jAmljGr5XDqQLvpAe HTTP/1.1" 200 2
200.118.64.109 - - [06/Apr/2022:10:32:37 -0500] "POST /forms/lservlet;jsessionid=ac16012b30d647ad995b72194d60ad20dcbf6fa998f6.e3iSbxaKaheRe34Sc38RahyRchr0n6jAmljGr5XDqQLvpAe HTTP/1.1" 200 14
200.118.64.109 - - [06/Apr/2022:10:32:38 -0500] "POST /forms/lservlet;jsessionid=ac16012b30d647ad995b72194d60ad20dcbf6fa998f6.e3iSbxaKaheRe34Sc38RahyRchr0n6jAmljGr5XDqQLvpAe HTTP/1.1" 200 3314
200.118.64.109 - - [06/Apr/2022:10:32:39 -0500] "POST /forms/lservlet;jsessionid=ac16012b30d647ad995b72194d60ad20dcbf6fa998f6.e3iSbxaKaheRe34Sc38RahyRchr0n6jAmljGr5XDqQLvpAe HTTP/1.1" 200 2
200.118.64.109 - - [06/Apr/2022:10:32:42 -0500] "POST /forms/lservlet;jsessionid=ac16012b30d647ad995b72194d60ad20dcbf6fa998f6.e3iSbxaKaheRe34Sc38RahyRchr0n6jAmljGr5XDqQLvpAe HTTP/1.1" 200 2027
200.118.64.109 - - [06/Apr/2022:10:32:42 -0500] "POST /forms/lservlet;jsessionid=ac16012b30d647ad995b72194d60ad20dcbf6fa998f6.e3iSbxaKaheRe34Sc38RahyRchr0n6jAmljGr5XDqQLvpAe HTTP/1.1" 200 78
200.118.64.109 - - [06/Apr/2022:10:32:52 -0500] "POST /forms/lservlet;jsessionid=ac16012b30d647ad995b72194d60ad20dcbf6fa998f6.e3iSbxaKaheRe34Sc38RahyRchr0n6jAmljGr5XDqQLvpAe HTTP/1.1" 200 34757
200.118.64.109 - - [06/Apr/2022:10:32:53 -0500] "GET /imagenes/listval.gif HTTP/1.1" 200 905
200.118.64.109 - - [06/Apr/2022:10:32:53 -0500] "POST /forms/lservlet;jsessionid=ac16012b30d647ad995b72194d60ad20dcbf6fa998f6.e3iSbxaKaheRe34Sc38RahyRchr0n6jAmljGr5XDqQLvpAe HTTP/1.1" 200 7
200.118.64.109 - - [06/Apr/2022:10:32:53 -0500] "POST /forms/lservlet;jsessionid=ac16012b30d647ad995b72194d60ad20dcbf6fa998f6.e3iSbxaKaheRe34Sc38RahyRchr0n6jAmljGr5XDqQLvpAe HTTP/1.1" 200 34
200.118.64.109 - - [06/Apr/2022:10:32:53 -0500] "POST /forms/lservlet;jsessionid=ac16012b30d647ad995b72194d60ad20dcbf6fa998f6.e3iSbxaKaheRe34Sc38RahyRchr0n6jAmljGr5XDqQLvpAe HTTP/1.1" 200 2
200.118.64.109 - - [06/Apr/2022:10:32:54 -0500] "POST /forms/lservlet;jsessionid=ac16012b30d647ad995b72194d60ad20dcbf6fa998f6.e3iSbxaKaheRe34Sc38RahyRchr0n6jAmljGr5XDqQLvpAe HTTP/1.1" 200 2
200.118.64.109 - - [06/Apr/2022:10:32:54 -0500] "POST /forms/lservlet;jsessionid=ac16012b30d647ad995b72194d60ad20dcbf6fa998f6.e3iSbxaKaheRe34Sc38RahyRchr0n6jAmljGr5XDqQLvpAe HTTP/1.1" 200 662
200.118.64.109 - - [06/Apr/2022:10:32:54 -0500] "GET /imagenes/Srch_frw.gif HTTP/1.1" 200 925
200.118.64.109 - - [06/Apr/2022:10:32:54 -0500] "POST /forms/lservlet;jsessionid=ac16012b30d647ad995b72194d60ad20dcbf6fa998f6.e3iSbxaKaheRe34Sc38RahyRchr0n6jAmljGr5XDqQLvpAe HTTP/1.1" 200 10
200.118.64.109 - - [06/Apr/2022:10:32:56 -0500] "POST /forms/lservlet;jsessionid=ac16012b30d647ad995b72194d60ad20dcbf6fa998f6.e3iSbxaKaheRe34Sc38RahyRchr0n6jAmljGr5XDqQLvpAe HTTP/1.1" 200 26
200.118.64.109 - - [06/Apr/2022:10:32:56 -0500] "POST /forms/lservlet;jsessionid=ac16012b30d647ad995b72194d60ad20dcbf6fa998f6.e3iSbxaKaheRe34Sc38RahyRchr0n6jAmljGr5XDqQLvpAe HTTP/1.1" 200 14
200.118.64.109 - - [06/Apr/2022:10:32:58 -0500] "POST /forms/lservlet;jsessionid=ac16012b30d647ad995b72194d60ad20dcbf6fa998f6.e3iSbxaKaheRe34Sc38RahyRchr0n6jAmljGr5XDqQLvpAe HTTP/1.1" 200 4204
200.118.64.109 - - [06/Apr/2022:10:32:58 -0500] "POST /forms/lservlet;jsessionid=ac16012b30d647ad995b72194d60ad20dcbf6fa998f6.e3iSbxaKaheRe34Sc38RahyRchr0n6jAmljGr5XDqQLvpAe HTTP/1.1" 200 2
201.245.192.253 - - [06/Apr/2022:10:32:14 -0500] "POST /kwsrmcab/Wsrmcab HTTP/1.1" 200 45609
200.118.64.109 - - [06/Apr/2022:10:33:02 -0500] "POST /forms/lservlet;jsessionid=ac16012b30d647ad995b72194d60ad20dcbf6fa998f6.e3iSbxaKaheRe34Sc38RahyRchr0n6jAmljGr5XDqQLvpAe HTTP/1.1" 200 2
200.118.64.109 - - [06/Apr/2022:10:33:02 -0500] "POST /forms/lservlet;jsessionid=ac16012b30d647ad995b72194d60ad20dcbf6fa998f6.e3iSbxaKaheRe34Sc38RahyRchr0n6jAmljGr5XDqQLvpAe HTTP/1.1" 200 14
200.118.64.109 - - [06/Apr/2022:10:33:04 -0500] "POST /forms/lservlet;jsessionid=ac16012b30d647ad995b72194d60ad20dcbf6fa998f6.e3iSbxaKaheRe34Sc38RahyRchr0n6jAmljGr5XDqQLvpAe HTTP/1.1" 200 14
200.118.64.109 - - [06/Apr/2022:10:33:05 -0500] "POST /forms/lservlet;jsessionid=ac16012b30d647ad995b72194d60ad20dcbf6fa998f6.e3iSbxaKaheRe34Sc38RahyRchr0n6jAmljGr5XDqQLvpAe HTTP/1.1" 200 14
200.118.64.109 - - [06/Apr/2022:10:33:06 -0500] "POST /forms/lservlet;jsessionid=ac16012b30d647ad995b72194d60ad20dcbf6fa998f6.e3iSbxaKaheRe34Sc38RahyRchr0n6jAmljGr5XDqQLvpAe HTTP/1.1" 200 14
200.118.64.109 - - [06/Apr/2022:10:33:08 -0500] "POST /forms/lservlet;jsessionid=ac16012b30d647ad995b72194d60ad20dcbf6fa998f6.e3iSbxaKaheRe34Sc38RahyRchr0n6jAmljGr5XDqQLvpAe HTTP/1.1" 200 127
200.118.64.109 - - [06/Apr/2022:10:33:09 -0500] "POST /forms/lservlet;jsessionid=ac16012b30d647ad995b72194d60ad20dcbf6fa998f6.e3iSbxaKaheRe34Sc38RahyRchr0n6jAmljGr5XDqQLvpAe HTTP/1.1" 200 2
200.118.64.109 - - [06/Apr/2022:10:33:09 -0500] "GET /reports/rwservlet/getjobid74525?server=repnomi HTTP/1.1" 200 47621
172.22.2.4 - - [06/Apr/2022:10:33:41 -0500] "GET /BLA/boletinlegal/style.css HTTP/1.1" 200 9406
172.22.2.4 - - [06/Apr/2022:10:33:41 -0500] "GET /BLA/boletinlegal/styles2.css HTTP/1.1" 200 1838
172.22.2.4 - - [06/Apr/2022:10:33:41 -0500] "GET /BLA/boletinlegal/js/jquery.js HTTP/1.1" 200 57254
172.22.2.4 - - [06/Apr/2022:10:33:41 -0500] "GET /BLA/boletinlegal/js/jquery.scrollTo-min.js HTTP/1.1" 200 1150
172.22.2.4 - - [06/Apr/2022:10:33:41 -0500] "GET /BLA/boletinlegal/js/jquery.scrollShow.js HTTP/1.1" 200 4586
172.22.2.4 - - [06/Apr/2022:10:33:41 -0500] "GET /BLA/boletinlegal/images/cabezote%20BLEGAL.jpg HTTP/1.1" 200 118164
172.22.2.4 - - [06/Apr/2022:10:33:41 -0500] "GET /BLA/boletinlegal/images/subscribe-icon-big.png HTTP/1.1" 200 47702
172.22.2.4 - - [06/Apr/2022:10:33:41 -0500] "GET /BLA/boletinlegal/images/historia.png HTTP/1.1" 200 52775
172.22.2.4 - - [06/Apr/2022:10:33:41 -0500] "GET /BLA/boletinlegal/images/registro-usuarios.png HTTP/1.1" 200 8106
172.22.2.4 - - [06/Apr/2022:10:33:41 -0500] "GET /BLA/boletinlegal/images/arr_l.jpg HTTP/1.1" 200 1979
172.22.2.4 - - [06/Apr/2022:10:33:41 -0500] "GET /BLA/boletinlegal/images/screen_1.png HTTP/1.1" 200 202547
172.22.2.4 - - [06/Apr/2022:10:33:41 -0500] "GET /BLA/boletinlegal/images/launch.jpg HTTP/1.1" 200 14577
172.22.2.4 - - [06/Apr/2022:10:33:41 -0500] "GET /BLA/boletinlegal/images/body_bg.jpg HTTP/1.1" 200 1601
172.22.2.4 - - [06/Apr/2022:10:33:41 -0500] "GET /BLA/boletinlegal/images/menu_lft.gif HTTP/1.1" 200 1713
172.22.2.4 - - [06/Apr/2022:10:33:41 -0500] "GET /BLA/boletinlegal/images/menu_rght.gif HTTP/1.1" 200 1627
172.22.2.4 - - [06/Apr/2022:10:33:41 -0500] "GET /BLA/boletinlegal/images/bg_top.jpg HTTP/1.1" 200 522
172.22.2.4 - - [06/Apr/2022:10:33:41 -0500] "GET /BLA/boletinlegal/images/menu_bg.jpg HTTP/1.1" 200 620
172.22.2.4 - - [06/Apr/2022:10:33:41 -0500] "GET /BLA/boletinlegal/images/text.jpg HTTP/1.1" 200 568
172.22.2.4 - - [06/Apr/2022:10:33:41 -0500] "GET /BLA/boletinlegal/images/hover.jpg HTTP/1.1" 200 640
172.22.2.4 - - [06/Apr/2022:10:33:44 -0500] "GET /BLA/boletinlegal/actos.php HTTP/1.1" 200 9559
172.22.2.4 - - [06/Apr/2022:10:33:44 -0500] "GET /BLA/boletinlegal/niceforms.js HTTP/1.1" 200 22876
172.22.2.4 - - [06/Apr/2022:10:33:44 -0500] "GET /BLA/boletinlegal/js/popup.js HTTP/1.1" 200 1270
172.22.2.4 - - [06/Apr/2022:10:33:44 -0500] "GET /BLA/boletinlegal/js/lib.js HTTP/1.1" 200 6474
172.22.2.4 - - [06/Apr/2022:10:33:44 -0500] "GET /BLA/boletinlegal/js/ajax_actos.js HTTP/1.1" 200 1322
172.22.2.4 - - [06/Apr/2022:10:33:44 -0500] "GET /BLA/boletinlegal/niceforms-default.css HTTP/1.1" 200 6694
172.22.2.4 - - [06/Apr/2022:10:33:44 -0500] "GET /BLA/boletinlegal/js/jquery1.js HTTP/1.1" 200 29846
172.22.2.4 - - [06/Apr/2022:10:33:44 -0500] "GET /BLA/boletinlegal/images/green-yellow-blue-pink-th.png HTTP/1.1" 200 7394
172.22.2.4 - - [06/Apr/2022:10:33:44 -0500] "GET /BLA/boletinlegal/images/abajo.png HTTP/1.1" 200 96676
172.22.2.4 - - [06/Apr/2022:10:33:44 -0500] "GET /BLA/boletinlegal/images/tel.png HTTP/1.1" 200 14477
172.22.2.4 - - [06/Apr/2022:10:33:44 -0500] "GET /BLA/boletinlegal/images/icono-email.png HTTP/1.1" 200 5544
172.22.2.4 - - [06/Apr/2022:10:33:44 -0500] "GET /BLA/boletinlegal/images/footer_bg.jpg HTTP/1.1" 200 586
172.22.2.4 - - [06/Apr/2022:10:33:44 -0500] "GET /BLA/boletinlegal/images/footer_bg_l.jpg HTTP/1.1" 200 776
172.22.2.4 - - [06/Apr/2022:10:33:44 -0500] "GET /BLA/boletinlegal/img/0.png HTTP/1.1" 200 110
172.22.2.4 - - [06/Apr/2022:10:33:44 -0500] "GET /BLA/boletinlegal/img/select-right.png HTTP/1.1" 200 44019
172.22.2.4 - - [06/Apr/2022:10:33:44 -0500] "GET /BLA/boletinlegal/img/button.png HTTP/1.1" 200 43241
172.22.2.4 - - [06/Apr/2022:10:33:44 -0500] "GET /BLA/boletinlegal/img/button-left.png HTTP/1.1" 200 57071
172.22.2.4 - - [06/Apr/2022:10:33:44 -0500] "GET /BLA/boletinlegal/img/select-left.png HTTP/1.1" 200 263
172.22.2.4 - - [06/Apr/2022:10:33:44 -0500] "GET /BLA/boletinlegal/img/button-right.png HTTP/1.1" 200 57878
172.22.2.4 - - [06/Apr/2022:10:33:44 -0500] "GET /BLA/boletinlegal/favicon.ico HTTP/1.1" 404 1326
172.22.2.4 - - [06/Apr/2022:10:33:46 -0500] "GET /BLA/boletinlegal/images/screen_3.png HTTP/1.1" 200 210620
172.22.2.4 - - [06/Apr/2022:10:33:46 -0500] "GET /BLA/boletinlegal/images/screen_5.png HTTP/1.1" 200 368876
172.22.2.4 - - [06/Apr/2022:10:33:46 -0500] "GET /BLA/boletinlegal/images/arr_r.jpg HTTP/1.1" 200 1998
172.22.2.4 - - [06/Apr/2022:10:33:46 -0500] "GET /BLA/boletinlegal/images/screen_2.png HTTP/1.1" 200 362502
201.245.192.253 - - [06/Apr/2022:10:33:04 -0500] "POST /kwsrmcab/Wsrmcab HTTP/1.1" 200 43582
201.245.192.253 - - [06/Apr/2022:10:33:50 -0500] "GET /BLA/resoluciones/ HTTP/1.1" 200 13093
201.245.192.253 - - [06/Apr/2022:10:33:50 -0500] "GET /BLA/resoluciones/dlf/folder.png HTTP/1.1" 200 410
201.245.192.253 - - [06/Apr/2022:10:33:51 -0500] "GET /BLA/resoluciones/dlf/styles.css HTTP/1.1" 200 3049
201.245.192.253 - - [06/Apr/2022:10:33:51 -0500] "GET /BLA/resoluciones/dlf/bg.gif HTTP/1.1" 200 54
201.245.192.253 - - [06/Apr/2022:10:33:51 -0500] "GET /favicon.ico HTTP/1.1" 200 7782
201.245.192.253 - - [06/Apr/2022:10:33:53 -0500] "GET /BLA/resoluciones/index.php?dir=RESOLUCIONES+1999%2F HTTP/1.1" 200 10038
201.245.192.253 - - [06/Apr/2022:10:33:53 -0500] "GET /BLA/resoluciones/dlf/pdf.gif HTTP/1.1" 200 272
201.245.192.253 - - [06/Apr/2022:10:33:53 -0500] "GET /BLA/resoluciones/dlf/dirup.png HTTP/1.1" 200 644
172.22.2.4 - - [06/Apr/2022:10:33:56 -0500] "GET /BLA/boletinlegal/images/pdf.gif HTTP/1.1" 200 567
186.28.113.137 - - [06/Apr/2022:10:33:56 -0500] "OPTIONS /kwssiamovil/sm/setfile/f HTTP/1.1" 200 13
181.237.58.219 - - [06/Apr/2022:10:33:59 -0500] "GET /documents/10184/2325415/pieza-concurso-buenas-practicas-20-septiembre.jpg HTTP/1.1" 404 1132
186.28.113.137 - - [06/Apr/2022:10:33:56 -0500] "POST /kwssiamovil/sm/setfile/f HTTP/1.1" 200 381
207.46.13.157 - - [06/Apr/2022:10:34:06 -0500] "GET /BLA/resoluciones/index.php?dir=AUTOS+2019%2F HTTP/1.1" 200 342490
200.118.64.109 - - [06/Apr/2022:10:34:11 -0500] "POST /forms/lservlet;jsessionid=ac16012b30d647ad995b72194d60ad20dcbf6fa998f6.e3iSbxaKaheRe34Sc38RahyRchr0n6jAmljGr5XDqQLvpAe HTTP/1.1" 200 2
201.245.192.253 - - [06/Apr/2022:10:34:13 -0500] "GET /BLA/resoluciones/index.php?dir=RESOLUCIONES+2011%2F HTTP/1.1" 200 745973
200.118.64.109 - - [06/Apr/2022:10:34:16 -0500] "POST /forms/lservlet;jsessionid=ac16012b30d647ad995b72194d60ad20dcbf6fa998f6.e3iSbxaKaheRe34Sc38RahyRchr0n6jAmljGr5XDqQLvpAe HTTP/1.1" 200 2
200.118.64.109 - - [06/Apr/2022:10:34:16 -0500] "POST /forms/lservlet;jsessionid=ac16012b30d647ad995b72194d60ad20dcbf6fa998f6.e3iSbxaKaheRe34Sc38RahyRchr0n6jAmljGr5XDqQLvpAe HTTP/1.1" 200 14
200.118.64.109 - - [06/Apr/2022:10:34:17 -0500] "POST /forms/lservlet;jsessionid=ac16012b30d647ad995b72194d60ad20dcbf6fa998f6.e3iSbxaKaheRe34Sc38RahyRchr0n6jAmljGr5XDqQLvpAe HTTP/1.1" 200 112
200.118.64.109 - - [06/Apr/2022:10:34:18 -0500] "POST /forms/lservlet;jsessionid=ac16012b30d647ad995b72194d60ad20dcbf6fa998f6.e3iSbxaKaheRe34Sc38RahyRchr0n6jAmljGr5XDqQLvpAe HTTP/1.1" 200 2
200.118.64.109 - - [06/Apr/2022:10:34:18 -0500] "GET /reports/rwservlet/getjobid74526?server=repnomi HTTP/1.1" 200 47547
201.245.192.253 - - [06/Apr/2022:10:34:22 -0500] "GET /BLA/resoluciones/index.php?dir=RESOLUCIONES+1999%2F HTTP/1.1" 200 10038
201.245.192.253 - - [06/Apr/2022:10:34:44 -0500] "GET /BLA/resoluciones/index.php?dir=RESOLUCIONES+2001%2F HTTP/1.1" 200 24983
201.245.192.253 - - [06/Apr/2022:10:34:44 -0500] "GET /BLA/resoluciones/dlf/unknown.png HTTP/1.1" 200 266
172.22.2.4 - - [06/Apr/2022:10:33:05 -0500] "HEAD /BLA/boletinlegal/ HTTP/1.1" 200 -
201.245.192.253 - - [06/Apr/2022:10:34:57 -0500] "GET /BLA/resoluciones/RESOLUCIONES%202001/2001%20250-299.TIF HTTP/1.1" 200 9212960
172.22.2.4 - - [06/Apr/2022:10:33:37 -0500] "GET /BLA/boletinlegal/ HTTP/1.1" 200 48120
186.28.113.137 - - [06/Apr/2022:10:35:35 -0500] "OPTIONS /kwssiamovil/sm/setfile/f HTTP/1.1" 200 13
172.22.2.4 - - [06/Apr/2022:10:33:56 -0500] "GET /BLA/boletinlegal/ HTTP/1.1" 200 49718
186.28.113.137 - - [06/Apr/2022:10:35:35 -0500] "POST /kwssiamovil/sm/setfile/f HTTP/1.1" 200 381
200.118.64.109 - - [06/Apr/2022:10:36:11 -0500] "POST /forms/lservlet;jsessionid=ac16012b30d647ad995b72194d60ad20dcbf6fa998f6.e3iSbxaKaheRe34Sc38RahyRchr0n6jAmljGr5XDqQLvpAe HTTP/1.1" 200 2
45.238.182.116 - - [06/Apr/2022:10:36:15 -0500] "GET /si-eres-mujer-y-te-gusta-el-cuidado-de-los-humedales-este-proceso-de-formacion-es-para-ti.html HTTP/1.1" 200 1025
212.71.232.94 - - [06/Apr/2022:10:36:20 -0500] "GET / HTTP/1.1" 200 319
216.245.221.92 - - [06/Apr/2022:10:36:49 -0500] "HEAD / HTTP/1.1" 200 -
186.28.113.137 - - [06/Apr/2022:10:37:07 -0500] "OPTIONS /kwssiamovil/sm/setfile/f HTTP/1.1" 200 13
186.28.113.137 - - [06/Apr/2022:10:37:07 -0500] "POST /kwssiamovil/sm/setfile/f HTTP/1.1" 200 381
191.156.152.224 - - [06/Apr/2022:10:37:13 -0500] "GET /si-eres-mujer-y-te-gusta-el-cuidado-de-los-humedales-este-proceso-de-formacion-es-para-ti.html HTTP/1.1" 200 1025
186.102.8.111 - - [06/Apr/2022:10:37:36 -0500] "GET /si-eres-mujer-y-te-gusta-el-cuidado-de-los-humedales-este-proceso-de-formacion-es-para-ti.html HTTP/1.1" 200 1025
200.118.64.109 - - [06/Apr/2022:10:38:11 -0500] "POST /forms/lservlet;jsessionid=ac16012b30d647ad995b72194d60ad20dcbf6fa998f6.e3iSbxaKaheRe34Sc38RahyRchr0n6jAmljGr5XDqQLvpAe HTTP/1.1" 200 2
186.102.8.90 - - [06/Apr/2022:10:38:58 -0500] "GET /kwssiamovil/sm/ldap/au?x=U2FsdGVkX1+xptZC2oRXA0kgtL4AIRrjI+pS1BpQNhXmTe3xcuaDW/ujxTZ/RwvR&y=U2FsdGVkX1/bza3MgnUbu4k8oMKhkahGnRVYo9d1cVEBDFTcGC3dUH+JdEiCRp/T HTTP/1.1" 200 30
186.102.8.90 - - [06/Apr/2022:10:38:58 -0500] "GET /kwssiamovil/sm/acme/s?s=U2FsdGVkX18oneB1OPgwLwQbDR0M127XXLvtO9+hLsGmEr7ojKBa0pm32Q4HeseEvCqwAzAGUn3nmuWwRkvngGAAU4Bfj6GX/9Fw/R+Bf2Y=&u=U2FsdGVkX18n6crVUuBsJLV034nHUdfXePZ8PRgwXIA=&y=U2FsdGVkX1/bza3MgnUbu4k8oMKhkahGnRVYo9d1cVEBDFTcGC3dUH+JdEiCRp/T HTTP/1.1" 200 97
186.102.8.90 - - [06/Apr/2022:10:38:58 -0500] "GET /kwssiamovil/sm/acme/s?s=U2FsdGVkX18KkV0sP8yiuRaAG3hJZuBR/cvNcXy0MoKvp8rdmQMQysh5AJcA6yEkaDRj3qtmhl+zYsld9TovMzK8yonkYCyvd9ynQGnvs+IlPnT3M6l3B6WOYD92iPKj+rDWeu+OzRrwL+TqpqiKmDuqWySM+qOnNzI1xnW2Lf4cUL1EueU2kf3/pBVhS2KufpCZijObzGubYh5LZCyP902cX8DcMY/9QWD8jAAzEjz4hF1/4KBMeJs/bAPYwsncObyVetHwsmqsUnzxTvfkZ05qoTDVWx5cy6nxaY+7UftKsAKcPRxUQTj7Gf+INMVLaVJuvsHH7LlyP4quXOi4RIu0clDqdNzzacxy/Uio/aSG8O4rTBxWG1SX3AP2WPXq0a6cQEFJ6F9kHP/RzghX3gulQN5jQrvbllXcY7eNf4jT60KZEdzN2aPWFY82emQvHj/P7eyHvDr1vRZTSsOsdnIvT2nBiFy/q69Pg7pjSo5kPTFhKETNC8U4smpywUfDlIqdblfzS/ZDAz+eTLDFJOMnut/JAavEy8O6mIaXSKCu69QWLY6PTw6vQ12oObB3Up5fVPPlQs4IuAR0oAhEwjFqZGpKqETOkGPrlF93Tb2IZ3UifK2Kc6R4HLgIyRZevq3r0dmFgwMyr/GrUtRD9BYzscNbGd1VNbad/BkYi31ViJA1Kt7Xy7zRuUkoK+CetAt/PeVFocrAVOTXAiMPjNTB5cl3b+scdMJpkYyc0Q9tfTGIz75AD+t2P8RKeI6MCGRoSIWcDgB3lmCXi8h0q5T8ueCXDGBr0IO8uz+QVGokwLLg7uEibgRHNBk164oNus6A32znntEGbaqp3XEPHdAz/mod3NAepTJ2105Kyrd7+yxpY4UovW4rS+trryGcKGQFmdKlKuG5R80HugQwrMJXq/iQVblsFEOP0uQdFJjQraHwYzHJR1FzftGmQgX3m4aSiAUTXdI6AG0EZcy1DN6ne9S9SVtz4yUnPhXXkHBrxLVZfPs3+CscYOiRwCnsd+kCua0b4Puma0mAMDC5Nb/4OqoOUBcWXXaZXs243j3msBK9vZrdf1ncnzDJHCMFfxfFjSKsoY3pQL1dyiLjjYaDzkCJC/b4vYNZKMyz1L8=&u=U2FsdGVkX18n6crVUuBsJLV034nHUdfXePZ8PRgwXIA=&y=U2FsdGVkX1/bza3MgnUbu4k8oMKhkahGnRVYo9d1cVEBDFTcGC3dUH+JdEiCRp/T HTTP/1.1" 200 2128
186.102.8.90 - - [06/Apr/2022:10:38:58 -0500] "GET /kwssiamovil/sm/acme/s?s=U2FsdGVkX1+183IgTdh1+B1rATWpixrpGojwxLe6UnGAJ+S66z+VKwvdveAKLNIn&u=U2FsdGVkX18n6crVUuBsJLV034nHUdfXePZ8PRgwXIA=&y=U2FsdGVkX1/bza3MgnUbu4k8oMKhkahGnRVYo9d1cVEBDFTcGC3dUH+JdEiCRp/T HTTP/1.1" 200 70
186.102.8.90 - - [06/Apr/2022:10:38:58 -0500] "GET /kwssiamovil/sm/acme/s?s=U2FsdGVkX1/HlOcKtMpfxSB1rkFmrQPKpoFyf2T5Plbr+d9m6pOLITH76h74Mn81&u=U2FsdGVkX18n6crVUuBsJLV034nHUdfXePZ8PRgwXIA=&y=U2FsdGVkX1/bza3MgnUbu4k8oMKhkahGnRVYo9d1cVEBDFTcGC3dUH+JdEiCRp/T HTTP/1.1" 200 70
186.102.8.90 - - [06/Apr/2022:10:38:58 -0500] "GET /kwssiamovil/sm/acme/s?s=U2FsdGVkX1+TR1XsNKu6AJqY2wPZQ3DmqAAYLuQtueM+e+trMYKmauoZhbHPN239&u=U2FsdGVkX18n6crVUuBsJLV034nHUdfXePZ8PRgwXIA=&y=U2FsdGVkX1/bza3MgnUbu4k8oMKhkahGnRVYo9d1cVEBDFTcGC3dUH+JdEiCRp/T HTTP/1.1" 200 70
186.102.8.90 - - [06/Apr/2022:10:38:58 -0500] "GET /kwssiamovil/sm/acme/s?s=U2FsdGVkX19Wt4WtfBX3XKiUawxr+Jl9xpE3PbeUGMrT+JKVH+AI2z/c/GSO9VKb&u=U2FsdGVkX18n6crVUuBsJLV034nHUdfXePZ8PRgwXIA=&y=U2FsdGVkX1/bza3MgnUbu4k8oMKhkahGnRVYo9d1cVEBDFTcGC3dUH+JdEiCRp/T HTTP/1.1" 200 70
186.102.8.90 - - [06/Apr/2022:10:38:59 -0500] "GET /kwssiamovil/sm/acme/s?s=U2FsdGVkX1/KAOHT7Jx4ZGHFGRl0juiQsLqx+oelYCQiEww203o72uj+YCVSZkj0&u=U2FsdGVkX18n6crVUuBsJLV034nHUdfXePZ8PRgwXIA=&y=U2FsdGVkX1/bza3MgnUbu4k8oMKhkahGnRVYo9d1cVEBDFTcGC3dUH+JdEiCRp/T HTTP/1.1" 200 70
186.102.8.90 - - [06/Apr/2022:10:38:59 -0500] "GET /kwssiamovil/sm/acme/s?s=U2FsdGVkX18UEtx/qj5iKZOJ5Ny42WaKWgNQUEviExIPxZO1vaakrevtAbsdauWU&u=U2FsdGVkX18n6crVUuBsJLV034nHUdfXePZ8PRgwXIA=&y=U2FsdGVkX1/bza3MgnUbu4k8oMKhkahGnRVYo9d1cVEBDFTcGC3dUH+JdEiCRp/T HTTP/1.1" 200 70
186.102.8.90 - - [06/Apr/2022:10:38:59 -0500] "GET /kwssiamovil/sm/acme/s?s=U2FsdGVkX1+gme5T5TMBmoABY4MvFJTxkTFDS9DdW2Y37s2DT7hvQ1Qza79ytU3X&u=U2FsdGVkX18n6crVUuBsJLV034nHUdfXePZ8PRgwXIA=&y=U2FsdGVkX1/bza3MgnUbu4k8oMKhkahGnRVYo9d1cVEBDFTcGC3dUH+JdEiCRp/T HTTP/1.1" 200 70
186.102.8.90 - - [06/Apr/2022:10:38:59 -0500] "GET /kwssiamovil/sm/acme/s?s=U2FsdGVkX1+FCvcId3umj8oQsWCArpkAN1pljHCIk8hEn8EsdOx78280cq6zJ8EU2VaFI2Lcl5nj/PDivUMNWyWVVwIWWLQhdfamYEnct41w7C0Ob/Y+AE3cQAbD184i05c5kFY+blZ65WtyMlC1TOCHXoA9DoLGoy/zJF1C7Hz+f1bP6F4qEd4LJgHqIzjawVMNbCI9194qRPgd+CSjxKtc+31eMLhcwPlL9SAxk/8jAPMO08AT5ps4FQZ7d0NoX9I44oMQhZ5ccjQSEgS54hYJqnKZM2Hhpzveo8KfjL+4sfkKo9AKRN5mjO+JuNJcAJ1iTsnGDqi0V2GlqOYh8xCsZKln+Jhsz4iYLj2xrO8=&u=U2FsdGVkX18n6crVUuBsJLV034nHUdfXePZ8PRgwXIA=&y=U2FsdGVkX1/bza3MgnUbu4k8oMKhkahGnRVYo9d1cVEBDFTcGC3dUH+JdEiCRp/T HTTP/1.1" 200 196
186.102.8.90 - - [06/Apr/2022:10:38:59 -0500] "GET /kwssiamovil/sm/cjson/pre?f=1&x=U2FsdGVkX1+xptZC2oRXA0kgtL4AIRrjI+pS1BpQNhXmTe3xcuaDW/ujxTZ/RwvR HTTP/1.1" 200 30975
186.28.113.137 - - [06/Apr/2022:10:39:12 -0500] "OPTIONS /kwssiamovil/sm/setfile/f HTTP/1.1" 200 13
186.28.113.137 - - [06/Apr/2022:10:39:12 -0500] "POST /kwssiamovil/sm/setfile/f HTTP/1.1" 200 381
192.168.171.93 - - [06/Apr/2022:10:39:40 -0500] "GET /si-eres-mujer-y-te-gusta-el-cuidado-de-los-humedales-este-proceso-de-formacion-es-para-ti.html?fbclid=IwAR1hZPDHWTx8F2-hsJEI6RVAprU29-ZanbJgnSly3WioIWj7EL13_KQl6rg HTTP/1.1" 200 1025
172.22.2.4 - - [06/Apr/2022:10:39:43 -0500] "GET /BLA/boletinlegal/favicon.ico HTTP/1.1" 404 1326
200.118.64.109 - - [06/Apr/2022:10:40:11 -0500] "POST /forms/lservlet;jsessionid=ac16012b30d647ad995b72194d60ad20dcbf6fa998f6.e3iSbxaKaheRe34Sc38RahyRchr0n6jAmljGr5XDqQLvpAe HTTP/1.1" 200 2
191.95.19.124 - - [06/Apr/2022:10:40:32 -0500] "GET /si-eres-mujer-y-te-gusta-el-cuidado-de-los-humedales-este-proceso-de-formacion-es-para-ti.html HTTP/1.1" 200 1025
172.22.2.4 - - [06/Apr/2022:10:38:55 -0500] "HEAD /BLA/boletinlegal/ HTTP/1.1" 200 -
186.28.113.137 - - [06/Apr/2022:10:40:46 -0500] "OPTIONS /kwssiamovil/sm/setfile/f HTTP/1.1" 200 13
201.245.225.135 - - [06/Apr/2022:10:40:46 -0500] "GET /BLA/resoluciones/index.php?dir=AUTOS+2012%2F HTTP/1.1" 200 270447
201.245.225.135 - - [06/Apr/2022:10:40:47 -0500] "GET /favicon.ico HTTP/1.1" 200 7782
186.28.113.137 - - [06/Apr/2022:10:40:46 -0500] "POST /kwssiamovil/sm/setfile/f HTTP/1.1" 200 381
186.102.8.90 - - [06/Apr/2022:10:40:55 -0500] "GET /kwssiamovil/sm/ldap/au?x=U2FsdGVkX19fouWh8pEaZXamsP0OcyeVJtUXWh79AZhaGh+1N3rsXm5zJ6kD7CBB&y=U2FsdGVkX198tM5u3VTCgPlsxrOo7u5w7z+ZZgY22fpDWhWD3ZHAPHoc7yHVS0h/ HTTP/1.1" 200 30
186.102.8.90 - - [06/Apr/2022:10:40:55 -0500] "GET /kwssiamovil/sm/acme/s?s=U2FsdGVkX18HRQPMUCsPIYDchQ7wLD4iggbGbS9z+ATEcOhauoLc2cMUIA1XD11qbm6WhykSqIwk0HYlXnysJEYv4OyOBeIoJAZxgX93wLk=&u=U2FsdGVkX19/+GpeGwR5tGWH8+JXpvAxM2Pk0yUG+vE=&y=U2FsdGVkX198tM5u3VTCgPlsxrOo7u5w7z+ZZgY22fpDWhWD3ZHAPHoc7yHVS0h/ HTTP/1.1" 200 97
186.102.8.90 - - [06/Apr/2022:10:40:56 -0500] "GET /kwssiamovil/sm/acme/s?s=U2FsdGVkX1+2CXlzGyd8kgcHI9YmWO2SeyxcIgAHZWp6eNxZ/vFczlWs1PD1iX1Ts/xcksD2Yq+isXER8zazTcvQ93gFuqzX/RJlGDlo/Oe6OkE/cKVHm9HlDJVznpoSMZnQbC6T0/F3WODVeUifqw21HdBmRylcLvSwbik4sbXCSxhHlrWhdPgpxIJRD3Ij56R7OYi26TUei/oczwaRRFnu4GWmBCyLf9pMEAYSpqvFBYQJGAB8s9JW02tqKTQ95bi4wE0+t+I5iuJgeVJFnllx4pKdSJVpgLGtlQ5uOyFZJ2UCALeay+qkANEzuBo8285U3T+kWwA83rHdA7pa/1dHSzVCcP9gLzlFay7fLAah0msBui86oxtBXp8v73Vq7QOSA2q3aJg05eoqhPGz5t+VttZ0rpsq6LD0+x3nDNKSChMqpNMBBxUbIRMPmY/03tdRWfaUYeeropKOnRGcnKWuzLoK2AQHQoqHUHIhFxRkXjN0O40/UrSs5fHNu1fTar7zG6SDJ88y4K1rA9eMyyEWcn2zKyMmtEg1hIJrVfLmSVfGVz5N3qvLTILStk4qxZtJ8glLS8gXAAzCwrhEG5F4MO4//rD8W+19kTWAwAf5b+teqbab2Cx2lGO1f4Otk0/DeC2TWQ+lfFM7jhYvNQR8Bl8khPfubgNBIdhyDIQa8RYlPHVcJ/VVP4iVrCg11yYQJEzTYhI4obJPk6yxhwKOxUDSE+tC4y8cFj24iXcoNKcI0HprBDD1WM/N4jiL47hLGG3wWs4sGfQqbJT7DVyESp77hBePruTSQ+LdVxuD6mTY1i2ggYXSLfbW1QBYzJvvEnPKypeJNw4EUQ2g9/3SDbQtX4itNavK0BhXNcGbjqfjWlkZqFDsqNsS6VAHye5vOcnt8ypz9M0lZ9qdnzOGz1XoMaomGr2E4nQLzBxF13inEfhYCHuA1G51ez+DBMvbDPaENCMUOHr+lp4eF9cFgO8EI/XABwGWTzzdm4t6vZqsGbPyJmKttnVPBVoCYk6UnmtA2eTMovoYmiiL8/pUC08j7Vp0niuKMcCuWXwgQQHt3fXjMKWaC/f5p0MJCKpyE/xJsUkksLr4mhQHR8N/ku+qbBN2QR3BekORusA=&u=U2FsdGVkX19/+GpeGwR5tGWH8+JXpvAxM2Pk0yUG+vE=&y=U2FsdGVkX198tM5u3VTCgPlsxrOo7u5w7z+ZZgY22fpDWhWD3ZHAPHoc7yHVS0h/ HTTP/1.1" 200 2422
186.102.8.90 - - [06/Apr/2022:10:40:56 -0500] "GET /kwssiamovil/sm/acme/s?s=U2FsdGVkX1/zvLhDe9o8JT1DE7fZBZ9NsxkAohI+WDcCbcFGNBV4sOGCr2IFvE5M&u=U2FsdGVkX19/+GpeGwR5tGWH8+JXpvAxM2Pk0yUG+vE=&y=U2FsdGVkX198tM5u3VTCgPlsxrOo7u5w7z+ZZgY22fpDWhWD3ZHAPHoc7yHVS0h/ HTTP/1.1" 200 70
186.102.8.90 - - [06/Apr/2022:10:40:56 -0500] "GET /kwssiamovil/sm/acme/s?s=U2FsdGVkX1+/RaXnc+NEGfdTqEhqrENX+XSsNot1a3SAgnW3A3F14uWvtvGBu3v8&u=U2FsdGVkX19/+GpeGwR5tGWH8+JXpvAxM2Pk0yUG+vE=&y=U2FsdGVkX198tM5u3VTCgPlsxrOo7u5w7z+ZZgY22fpDWhWD3ZHAPHoc7yHVS0h/ HTTP/1.1" 200 70
186.102.8.90 - - [06/Apr/2022:10:40:56 -0500] "GET /kwssiamovil/sm/acme/s?s=U2FsdGVkX18LlRwHUArZkM4QAlFlZ+VLGkUFog6rFu+X4XSdbNWF8nzZtmtlk+HT&u=U2FsdGVkX19/+GpeGwR5tGWH8+JXpvAxM2Pk0yUG+vE=&y=U2FsdGVkX198tM5u3VTCgPlsxrOo7u5w7z+ZZgY22fpDWhWD3ZHAPHoc7yHVS0h/ HTTP/1.1" 200 70
186.102.8.90 - - [06/Apr/2022:10:40:56 -0500] "GET /kwssiamovil/sm/acme/s?s=U2FsdGVkX1+HBkcPQrrOk4RGVdAiqQvyL22r57EGSq3BNDDPa+WHKJ/idJVR0N8i&u=U2FsdGVkX19/+GpeGwR5tGWH8+JXpvAxM2Pk0yUG+vE=&y=U2FsdGVkX198tM5u3VTCgPlsxrOo7u5w7z+ZZgY22fpDWhWD3ZHAPHoc7yHVS0h/ HTTP/1.1" 200 70
186.102.8.90 - - [06/Apr/2022:10:40:56 -0500] "GET /kwssiamovil/sm/acme/s?s=U2FsdGVkX1/ny1YD5csR/E8OpUNcCZVQ4oFlyqkNnYBROKSuJu00W9GX9ovYcyBO&u=U2FsdGVkX19/+GpeGwR5tGWH8+JXpvAxM2Pk0yUG+vE=&y=U2FsdGVkX198tM5u3VTCgPlsxrOo7u5w7z+ZZgY22fpDWhWD3ZHAPHoc7yHVS0h/ HTTP/1.1" 200 70
186.102.8.90 - - [06/Apr/2022:10:40:57 -0500] "GET /kwssiamovil/sm/acme/s?s=U2FsdGVkX19lKPXGYZcHXUelie58KG5lUZth1eijhyuVDyKrf+7ewLJu0CqZSB9U&u=U2FsdGVkX19/+GpeGwR5tGWH8+JXpvAxM2Pk0yUG+vE=&y=U2FsdGVkX198tM5u3VTCgPlsxrOo7u5w7z+ZZgY22fpDWhWD3ZHAPHoc7yHVS0h/ HTTP/1.1" 200 70
186.102.8.90 - - [06/Apr/2022:10:40:57 -0500] "GET /kwssiamovil/sm/acme/s?s=U2FsdGVkX1+Wg0fztlt/bzU68i5JAIWL6TVlgKYB6dJFsjUMh/3Kuv/jWxHxAHlb&u=U2FsdGVkX19/+GpeGwR5tGWH8+JXpvAxM2Pk0yUG+vE=&y=U2FsdGVkX198tM5u3VTCgPlsxrOo7u5w7z+ZZgY22fpDWhWD3ZHAPHoc7yHVS0h/ HTTP/1.1" 200 70
186.102.8.90 - - [06/Apr/2022:10:40:57 -0500] "GET /kwssiamovil/sm/acme/s?s=U2FsdGVkX1+tfjeb2/auC+TVEVB7T1rw7DOI9iUqETNkkVozvLCQ6pK1YTtV53qg&u=U2FsdGVkX19/+GpeGwR5tGWH8+JXpvAxM2Pk0yUG+vE=&y=U2FsdGVkX198tM5u3VTCgPlsxrOo7u5w7z+ZZgY22fpDWhWD3ZHAPHoc7yHVS0h/ HTTP/1.1" 200 70
186.102.8.90 - - [06/Apr/2022:10:40:57 -0500] "GET /kwssiamovil/sm/acme/s?s=U2FsdGVkX19sOmNnAj4Ftxybp2CVVLFvmNiQftcXW/vuF6dxzIeysm7TydTVlqGFYwlL4AXzR5KjY6ixW/xXQ6rqr2lfVvvFihuBpCFUja1EVESPeCb/NoMry9RW82xaZ7Wb+v+QByuZWYhSAvdGTZl1t0dU/W4T9AYFF2+KJZ8WUu91zrUjvszB2zCpc/ifYuffyRe2qh9pyGYoq8fLpNYTYz/D7fQVUZA9a7kqMYp9K/NDDhNV2EJNrOPnQ24+9OET2Rvc5zjwnz6RfQ7EnnWkKCZgao0+MzX12+NiNu56COR4F/JebJUDStNbDb5gJLH3nRdmmnOgt1DfVxqbwMV5xvwekh9a6+t6Naivu6Y=&u=U2FsdGVkX19/+GpeGwR5tGWH8+JXpvAxM2Pk0yUG+vE=&y=U2FsdGVkX198tM5u3VTCgPlsxrOo7u5w7z+ZZgY22fpDWhWD3ZHAPHoc7yHVS0h/ HTTP/1.1" 200 196
186.102.8.90 - - [06/Apr/2022:10:40:57 -0500] "GET /kwssiamovil/sm/cjson/pre?f=1&x=U2FsdGVkX19fouWh8pEaZXamsP0OcyeVJtUXWh79AZhaGh+1N3rsXm5zJ6kD7CBB HTTP/1.1" 200 30975
191.95.48.85 - - [06/Apr/2022:10:41:13 -0500] "GET /si-eres-mujer-y-te-gusta-el-cuidado-de-los-humedales-este-proceso-de-formacion-es-para-ti.html HTTP/1.1" 200 1025
172.22.2.4 - - [06/Apr/2022:10:39:46 -0500] "GET /BLA/boletinlegal/ HTTP/1.1" 200 60932
186.102.53.130 - - [06/Apr/2022:10:41:39 -0500] "GET /kwssiamovil/sm/acme/a?s=U2FsdGVkX1/1AZPzPn6VoZCTcTvOyEebRhfHyfSmKBs3BQazRqj/N/3OMp1zw9+hrP+/XPNpPzrsV4ciIkr18gqEFwv+MjhvLxRM4mdL5RF97yYKo2hOAqaUGVNWuvpWUzKcvHIXWZ8Hl43dREptDRrYukhvpgrtqoc06nCNM82sunJ0dRV+CJD4TNuZ4/dQoNIpNRKv560aiGjK61FJbd87J3PSnubIB3SOsX8NIVtxiDOZjl27ffJE82In9d7mh8tmb/DVNZ2yGewya1F5QQ==&u=U2FsdGVkX1/q5DS7xa9KtU6uNBvNZ0fjqT/ImL9q6SXvG7dxYbualTPyDVQ8Dcsy&y=U2FsdGVkX1+vQcaz+0i+09QGFyTEm4PJ//TWRy65pLeenjzUL/5r001xZrToSGzy HTTP/1.1" 200 25
186.102.53.130 - - [06/Apr/2022:10:41:40 -0500] "GET /kwssiamovil/sm/acme/a?s=U2FsdGVkX182/BV2VS4QrfzpXwNzsYFJQ2869liwuV3kMqhAJVEHB6BFadRVgFGXWuGrlB4LwoAXp88m7vpdzoskeqWI8Rv8ttQ6G1K+Ot08STXtN8k6tku1i8OaaATrFvZSuBpMYGxsZj3pPNcUIHTpkICiQexQNixfQGbdbrnC3bY7GPMfZvaqt/dKGsxPobaqZkFhcnolGU6in0M9bwmxRQgxymKh0E0fc4IXzZUDL+AbQ1+e+S1D9VSEnGEdRF93SyyplCv2vIo90BOwlZiNCSLwfyG0T+v0kt3p80conUWb5+GIJTxj/p6zlD8za0R3GGb39AmAebI9ITJYGgnTYDrRz0omtKjI5Ib4/K7HoBmi1cBuwcZBcqL53q7QsB5fXimsETNIcx4NhFgEtGgRagU4GNygamoCDVJ9TirO/OTe7s5u9ZTPvnK0OG5NUQLdon12goRtVC5eT4ziMs58aCLdeJTMOFlLm9QpTQkwStZvvk0Da6vsx5FVoY/2kW1REo0oAQm+679htVqxma9/lJ6VglIm+oHAXGq4n7MKOcDDPnjL29/tX+aFw9buHtwCQhcSzHwSSW0WerSPLNAvgDVQyLssadmirjvWE8Y6+k8ZJNo4kkpjKIasu5mGaEA224Tu8tkq+TtZM6zSei6fSyOom2F5o1FIcj+N8e7dUs/aZdTDccz4mjGxIyG1E/cDwth046aGZXrdUnKpO2aVOSeqlGagK/xgUitLVz1Pl3cr6+tADwQIaDSYWvAzQEY3X/bH1M46ZHBdaXFy56Uw6yUw0fziqQi41uyGMhdjJGMz0ZlYAMN6aCcTGWkDcgV7o8WbhD80g84krw/n4E0hpBBnHcaI/l7d4ucS1pzz+vtN8ApZQ9JgIdMRhH0ho+4Ti9i2lQFa544PKo7LxBLrkUuUjUVE1uaTrLCfxvAd3K1HGnUvLknQtVjPKG7laJaVgbqfisPcYcudtXOpl/+6Ngaacie8Ycnrsd0wPvJZiWOHmdc9t4R/nMUoWBGYYxP4YvwdqdTMHCd9EwnJxcSQFxNUTG6ZEMCG9PN++5C0bTKG8N9BQLTDlh1OmIioMfpylTCWwfoxQ7I/kHsAFXjMfXCQcgYvDk2lEbbYsSyJ8I6P020n86aPiPzlI97Z&u=U2FsdGVkX1/q5DS7xa9KtU6uNBvNZ0fjqT/ImL9q6SXvG7dxYbualTPyDVQ8Dcsy&y=U2FsdGVkX1+vQcaz+0i+09QGFyTEm4PJ//TWRy65pLeenjzUL/5r001xZrToSGzy HTTP/1.1" 200 25
186.102.53.130 - - [06/Apr/2022:10:41:40 -0500] "GET /kwssiamovil/sm/acme/a?s=U2FsdGVkX1/O6ao3XPKkgbmx/GpZ0+k2f8P47ZmwJa8fNcxnj5C50u7cVL1zxIB59D58hxVT3fYluhA1aHOyKzYfzgX4g6/UAgGAX6kDScR5sgb5flshPsYTnElXzakVAYYDMZZXQ1/a0dJusuO+sIdHUtM9U3fCJQCOjEG0iGM=&u=U2FsdGVkX1/q5DS7xa9KtU6uNBvNZ0fjqT/ImL9q6SXvG7dxYbualTPyDVQ8Dcsy&y=U2FsdGVkX1+vQcaz+0i+09QGFyTEm4PJ//TWRy65pLeenjzUL/5r001xZrToSGzy HTTP/1.1" 200 25
186.102.53.130 - - [06/Apr/2022:10:41:40 -0500] "GET /kwssiamovil/sm/acme/a?s=U2FsdGVkX19J0jo6+kDesBi0gnPEUGbDaDr/Oz0WtTeGE/botrB6Dww7ROa3mc0T+1S4ds1xMrxcTGyfTLJ1GkeOVAamhxxmRey2GIrmNJlE6EPi4bXbCfiSaU2dyEjeYOpimTrJDn0cUKchkp1MT3sXk4vQLzK/Iook6nlbwVU=&u=U2FsdGVkX1/q5DS7xa9KtU6uNBvNZ0fjqT/ImL9q6SXvG7dxYbualTPyDVQ8Dcsy&y=U2FsdGVkX1+vQcaz+0i+09QGFyTEm4PJ//TWRy65pLeenjzUL/5r001xZrToSGzy HTTP/1.1" 200 25
186.102.53.130 - - [06/Apr/2022:10:41:41 -0500] "GET /kwssiamovil/sm/acme/a?s=U2FsdGVkX1+/wdFmbOBlDRjfwjki54ToRlTmFk1tkoMPRY3GyQ3xEpg2R2c0BHvyBLXLURUORXXrKIKhe7niBGqnlWT0dxu5Dbn21VkJUr31HToNmMTS8P5RbnlO99hVZ9lvD1n9YWMk7tilOTmI4cxvIn3HAjb9QFiqb1YRBo0=&u=U2FsdGVkX1/q5DS7xa9KtU6uNBvNZ0fjqT/ImL9q6SXvG7dxYbualTPyDVQ8Dcsy&y=U2FsdGVkX1+vQcaz+0i+09QGFyTEm4PJ//TWRy65pLeenjzUL/5r001xZrToSGzy HTTP/1.1" 200 25
186.102.53.130 - - [06/Apr/2022:10:41:41 -0500] "GET /kwssiamovil/sm/acme/a?s=U2FsdGVkX19173GF9jJp/8a7btUqqdQma/5yMxDUipQP+f48mLymhiXSr2YGqFDNsenoc+ro+UJMY75MSG1cxtMAcz5cVwmHEdykgQ7W2G50gj98LVTMrCehSBdkT928wxfIEl2veI4EfJLd7PVyN80Zz91G01enocHm8hc91jBWQ38i98WP7OPOspNr34EKWIqtGCw1pNJFQmffa9jI6g==&u=U2FsdGVkX1/q5DS7xa9KtU6uNBvNZ0fjqT/ImL9q6SXvG7dxYbualTPyDVQ8Dcsy&y=U2FsdGVkX1+vQcaz+0i+09QGFyTEm4PJ//TWRy65pLeenjzUL/5r001xZrToSGzy HTTP/1.1" 200 25
186.102.53.130 - - [06/Apr/2022:10:41:41 -0500] "GET /kwssiamovil/sm/acme/a?s=U2FsdGVkX1/F39OrqBUi290dZGZOVz2sEmzjOIFfZArYnT53M0Mhv8vj27VNgSXcECQfzs6OyNnFVH2yg5j6/rZQXlFA9A2MjP2bYMil3g+acUGGlQz3dUgV4OXJSN6tOxbOOr+Ww+Obs2wxBa7TCqtazm7KmAEsB451ED5UWvbeLBQOed6TIwm6sV4tQeWk5r4ilIlZ/Ko+lAZ/IDwsTw==&u=U2FsdGVkX1/q5DS7xa9KtU6uNBvNZ0fjqT/ImL9q6SXvG7dxYbualTPyDVQ8Dcsy&y=U2FsdGVkX1+vQcaz+0i+09QGFyTEm4PJ//TWRy65pLeenjzUL/5r001xZrToSGzy HTTP/1.1" 200 25
186.102.53.130 - - [06/Apr/2022:10:41:41 -0500] "GET /kwssiamovil/sm/acme/a?s=U2FsdGVkX18QLyLxaENlUG1JX+b7Re36oi6MIB18SssULLLBTmtSsuMNmeCaXD4U4BFi9mibLS64PdzX8y1wwgPOyep9jzxpN2L4TCY0M0KkFLWkwhogb/0sWptakgHnFBegmK0plmlVeKkS5BpehJO7uS3w1ze2IGw1oIxGVuRLiXyg+HNvLcCAribCYCDY&u=U2FsdGVkX1/q5DS7xa9KtU6uNBvNZ0fjqT/ImL9q6SXvG7dxYbualTPyDVQ8Dcsy&y=U2FsdGVkX1+vQcaz+0i+09QGFyTEm4PJ//TWRy65pLeenjzUL/5r001xZrToSGzy HTTP/1.1" 200 25
186.102.53.130 - - [06/Apr/2022:10:41:42 -0500] "GET /kwssiamovil/sm/acme/a?s=U2FsdGVkX1/2gQLE4vyeQEGDqaQroyDqhx0iAXAEjFunJ1qi3buNESi6Jh1wY870j/6P5/Q653cD6sOXkJI+mvl68Yz9m7nwMd0HuEfq3TAOl/M24jrLcAoRfde2JYJZh46Cczn6y5hIcnvdqJmNTJDpwOl6K2yZSO6Ad6u4sxhbgrQ8sfNhKtkXgKLhMPAP/EgU5NzhO7dcCgH5sKKRfQ==&u=U2FsdGVkX1/q5DS7xa9KtU6uNBvNZ0fjqT/ImL9q6SXvG7dxYbualTPyDVQ8Dcsy&y=U2FsdGVkX1+vQcaz+0i+09QGFyTEm4PJ//TWRy65pLeenjzUL/5r001xZrToSGzy HTTP/1.1" 200 494
186.102.53.130 - - [06/Apr/2022:10:41:42 -0500] "GET /kwssiamovil/sm/acme/a?s=U2FsdGVkX18eaYum/uEN/prLs56ZYehmpNmsKXBDsI6GHAObR78Pctg4TEE2g1fNstG0j5E0P/DDRRoM09izjB8BINFnwi1osHS9R4xjTrXQ0d7mdtFNqi1itv9FQna+yl9si/cnNAeP6SagitiDmN6nSQqC5fEci33/r+D4HAPAYLWxf806Ma8a7+EdYSuPnxSRZhL5kGXZ1xbwSANuFw==&u=U2FsdGVkX1/q5DS7xa9KtU6uNBvNZ0fjqT/ImL9q6SXvG7dxYbualTPyDVQ8Dcsy&y=U2FsdGVkX1+vQcaz+0i+09QGFyTEm4PJ//TWRy65pLeenjzUL/5r001xZrToSGzy HTTP/1.1" 200 25
186.102.53.130 - - [06/Apr/2022:10:41:42 -0500] "GET /kwssiamovil/sm/acme/a?s=U2FsdGVkX19ss3SCkA2LJyKrpiC1lAfsATGe9FygBYyDKsgoTSZDWSQJhJZ+0iQRmhRrih3AlASec0ipAlPPwYhouFh7sNwLdyayW1Va8X8wsUBMXpEHuRTZKDjPPNtBEPS/4P/OmMY1u1RWKhpmqdCEtrMw8RkvjH4KbpgaGyE=&u=U2FsdGVkX1/q5DS7xa9KtU6uNBvNZ0fjqT/ImL9q6SXvG7dxYbualTPyDVQ8Dcsy&y=U2FsdGVkX1+vQcaz+0i+09QGFyTEm4PJ//TWRy65pLeenjzUL/5r001xZrToSGzy HTTP/1.1" 200 25
186.102.53.130 - - [06/Apr/2022:10:41:42 -0500] "GET /kwssiamovil/sm/acme/a?s=U2FsdGVkX1/pkiMVoAusDCYI3wRbeIV+V5xpiEhFc6vTLGpOhKLSxw3QoKIp9zIe9AlQoNW5c3sUAB8coSufoqCSIucxIAXDA01SUDAIR2BxQvDyelNajddI1ip5nhkzrbJ7IMJc5g7iy2p3Thr5HpqEXPOqScF8nDTpGOokYwIHoOpSS5KQFXAiwrPXfY01&u=U2FsdGVkX1/q5DS7xa9KtU6uNBvNZ0fjqT/ImL9q6SXvG7dxYbualTPyDVQ8Dcsy&y=U2FsdGVkX1+vQcaz+0i+09QGFyTEm4PJ//TWRy65pLeenjzUL/5r001xZrToSGzy HTTP/1.1" 200 25
186.102.53.130 - - [06/Apr/2022:10:41:43 -0500] "GET /kwssiamovil/sm/acme/a?s=U2FsdGVkX18hOEJhHQFRE5JSMBKAQmS6YSLRX4pmya07OQrRbQORM2iENS9jXiYAIoKyjyakcaSIoVG7iPsClMIRgWfTVYsVuGLCOhuP5MKgDOmq8itutt7tMXFxjAbb0Zjj6zNEJcKEQdI5Qkt+6R2Ixh5FiGS0dTMUjgVvRoJHdqbkrHXE4gtev5nlZgWUAvkcxVwAuoKxFbvUEu6BVQ==&u=U2FsdGVkX1/q5DS7xa9KtU6uNBvNZ0fjqT/ImL9q6SXvG7dxYbualTPyDVQ8Dcsy&y=U2FsdGVkX1+vQcaz+0i+09QGFyTEm4PJ//TWRy65pLeenjzUL/5r001xZrToSGzy HTTP/1.1" 200 25
186.102.53.130 - - [06/Apr/2022:10:41:43 -0500] "GET /kwssiamovil/sm/acme/a?s=U2FsdGVkX19hlEmhBfD8tL0FHUu6G55bKwTyn5HfJlSyM6TfEzuaX3aYBZCo5/dYbW/EpxWIU61LWX2aRHoT3oBZlrrttlKtV0FRNQMEfK0PSDqsyCeioybe1QKk6iYFHy/AeL4O28lFvN+ToQ9VPH+SHa61t7TYK70dH3AMfAZgpfJnt2qsVzkenOl9eBJH&u=U2FsdGVkX1/q5DS7xa9KtU6uNBvNZ0fjqT/ImL9q6SXvG7dxYbualTPyDVQ8Dcsy&y=U2FsdGVkX1+vQcaz+0i+09QGFyTEm4PJ//TWRy65pLeenjzUL/5r001xZrToSGzy HTTP/1.1" 200 25
