181.61.164.108 - - [06/Apr/2022:14:36:24 -0500] "GET /BLA/resoluciones/RESOLUCIONES%202002/RES%202002%201701-1750/20021709.tif HTTP/1.1" 200 138146
181.61.164.108 - - [06/Apr/2022:14:36:25 -0500] "GET /BLA/resoluciones/RESOLUCIONES%202002/RES%202002%201701-1750/20021710.tif HTTP/1.1" 200 137358
181.61.164.108 - - [06/Apr/2022:14:36:26 -0500] "GET /BLA/resoluciones/RESOLUCIONES%202002/RES%202002%201701-1750/20021711.tif HTTP/1.1" 200 108802
181.61.164.108 - - [06/Apr/2022:14:36:28 -0500] "GET /BLA/resoluciones/RESOLUCIONES%202002/RES%202002%201701-1750/20021712.tif HTTP/1.1" 200 121100
181.61.164.108 - - [06/Apr/2022:14:36:29 -0500] "GET /BLA/resoluciones/RESOLUCIONES%202002/RES%202002%201701-1750/20021713.tif HTTP/1.1" 200 78176
181.61.164.108 - - [06/Apr/2022:14:36:30 -0500] "GET /BLA/resoluciones/RESOLUCIONES%202002/RES%202002%201701-1750/20021714.tif HTTP/1.1" 200 116384
181.61.164.108 - - [06/Apr/2022:14:36:32 -0500] "GET /BLA/resoluciones/RESOLUCIONES%202002/RES%202002%201701-1750/20021715.tif HTTP/1.1" 200 97272
181.61.164.108 - - [06/Apr/2022:14:36:33 -0500] "GET /BLA/resoluciones/RESOLUCIONES%202002/RES%202002%201701-1750/20021716.tif HTTP/1.1" 200 76058
181.61.164.108 - - [06/Apr/2022:14:36:34 -0500] "GET /BLA/resoluciones/RESOLUCIONES%202002/RES%202002%201701-1750/20021717.tif HTTP/1.1" 200 202800
181.61.164.108 - - [06/Apr/2022:14:36:35 -0500] "GET /BLA/resoluciones/RESOLUCIONES%202002/RES%202002%201701-1750/20021718.tif HTTP/1.1" 200 72310
181.61.164.108 - - [06/Apr/2022:14:36:38 -0500] "GET /BLA/resoluciones/RESOLUCIONES%202002/RES%202002%201701-1750/20021719.tif HTTP/1.1" 200 90328
181.61.164.108 - - [06/Apr/2022:14:36:41 -0500] "GET /BLA/resoluciones/RESOLUCIONES%202002/RES%202002%201701-1750/20021720.tif HTTP/1.1" 200 75020
181.61.164.108 - - [06/Apr/2022:14:36:42 -0500] "GET /BLA/resoluciones/RESOLUCIONES%202002/RES%202002%201701-1750/20021721.tif HTTP/1.1" 200 72068
181.61.164.108 - - [06/Apr/2022:14:36:43 -0500] "GET /BLA/resoluciones/RESOLUCIONES%202002/RES%202002%201701-1750/20021722.tif HTTP/1.1" 200 81678
181.61.164.108 - - [06/Apr/2022:14:36:44 -0500] "GET /BLA/resoluciones/RESOLUCIONES%202002/RES%202002%201701-1750/20021723.tif HTTP/1.1" 200 75328
181.61.164.108 - - [06/Apr/2022:14:36:46 -0500] "GET /BLA/resoluciones/RESOLUCIONES%202002/RES%202002%201701-1750/20021724.tif HTTP/1.1" 200 79822
181.61.164.108 - - [06/Apr/2022:14:36:47 -0500] "GET /BLA/resoluciones/RESOLUCIONES%202002/RES%202002%201701-1750/20021725.tif HTTP/1.1" 200 476306
216.245.221.92 - - [06/Apr/2022:14:36:49 -0500] "HEAD / HTTP/1.1" 200 -
181.61.164.108 - - [06/Apr/2022:14:36:51 -0500] "GET /BLA/resoluciones/RESOLUCIONES%202002/RES%202002%201701-1750/20021726.tif HTTP/1.1" 200 121290
181.61.164.108 - - [06/Apr/2022:14:36:53 -0500] "GET /BLA/resoluciones/RESOLUCIONES%202002/RES%202002%201701-1750/20021727.tif HTTP/1.1" 200 76420
181.61.164.108 - - [06/Apr/2022:14:36:55 -0500] "GET /BLA/resoluciones/RESOLUCIONES%202002/RES%202002%201701-1750/20021728.tif HTTP/1.1" 200 69968
181.61.164.108 - - [06/Apr/2022:14:36:56 -0500] "GET /BLA/resoluciones/RESOLUCIONES%202002/RES%202002%201701-1750/20021729.tif HTTP/1.1" 200 41314
181.61.164.108 - - [06/Apr/2022:14:36:58 -0500] "GET /BLA/resoluciones/RESOLUCIONES%202002/RES%202002%201701-1750/20021730.tif HTTP/1.1" 200 115864
181.61.164.108 - - [06/Apr/2022:14:37:00 -0500] "GET /BLA/resoluciones/RESOLUCIONES%202002/RES%202002%201701-1750/20021731.tif HTTP/1.1" 200 71324
181.61.164.108 - - [06/Apr/2022:14:37:01 -0500] "GET /BLA/resoluciones/RESOLUCIONES%202002/RES%202002%201701-1750/20021732.tif HTTP/1.1" 200 70894
181.61.164.108 - - [06/Apr/2022:14:37:02 -0500] "GET /BLA/resoluciones/RESOLUCIONES%202002/RES%202002%201701-1750/20021733.tif HTTP/1.1" 200 41546
181.61.164.108 - - [06/Apr/2022:14:37:04 -0500] "GET /BLA/resoluciones/RESOLUCIONES%202002/RES%202002%201701-1750/20021734.tif HTTP/1.1" 200 41578
181.61.164.108 - - [06/Apr/2022:14:37:05 -0500] "GET /BLA/resoluciones/RESOLUCIONES%202002/RES%202002%201701-1750/20021735.tif HTTP/1.1" 200 43282
181.61.164.108 - - [06/Apr/2022:14:37:06 -0500] "GET /BLA/resoluciones/RESOLUCIONES%202002/RES%202002%201701-1750/20021736.tif HTTP/1.1" 200 40074
181.61.164.108 - - [06/Apr/2022:14:37:07 -0500] "GET /BLA/resoluciones/RESOLUCIONES%202002/RES%202002%201701-1750/20021737.tif HTTP/1.1" 200 40998
181.61.164.108 - - [06/Apr/2022:14:37:08 -0500] "GET /BLA/resoluciones/RESOLUCIONES%202002/RES%202002%201701-1750/20021738.tif HTTP/1.1" 200 42928
181.61.164.108 - - [06/Apr/2022:14:37:10 -0500] "GET /BLA/resoluciones/RESOLUCIONES%202002/RES%202002%201701-1750/20021739.tif HTTP/1.1" 200 41306
181.61.164.108 - - [06/Apr/2022:14:37:11 -0500] "GET /BLA/resoluciones/RESOLUCIONES%202002/RES%202002%201701-1750/20021740.tif HTTP/1.1" 200 42032
181.61.164.108 - - [06/Apr/2022:14:37:13 -0500] "GET /BLA/resoluciones/RESOLUCIONES%202002/RES%202002%201701-1750/20021741.tif HTTP/1.1" 200 43498
181.61.164.108 - - [06/Apr/2022:14:37:14 -0500] "GET /BLA/resoluciones/RESOLUCIONES%202002/RES%202002%201701-1750/20021742.tif HTTP/1.1" 200 43190
181.61.164.108 - - [06/Apr/2022:14:37:15 -0500] "GET /BLA/resoluciones/RESOLUCIONES%202002/RES%202002%201701-1750/20021743.tif HTTP/1.1" 200 42364
191.156.128.61 - - [06/Apr/2022:14:37:15 -0500] "GET /si-eres-mujer-y-te-gusta-el-cuidado-de-los-humedales-este-proceso-de-formacion-es-para-ti.html HTTP/1.1" 200 1025
181.61.164.108 - - [06/Apr/2022:14:37:16 -0500] "GET /BLA/resoluciones/RESOLUCIONES%202002/RES%202002%201701-1750/20021744.tif HTTP/1.1" 200 42886
181.61.164.108 - - [06/Apr/2022:14:37:18 -0500] "GET /BLA/resoluciones/RESOLUCIONES%202002/RES%202002%201701-1750/20021745.tif HTTP/1.1" 200 43654
181.61.164.108 - - [06/Apr/2022:14:37:20 -0500] "GET /BLA/resoluciones/RESOLUCIONES%202002/RES%202002%201701-1750/20021746.tif HTTP/1.1" 200 41594
181.61.164.108 - - [06/Apr/2022:14:37:21 -0500] "GET /BLA/resoluciones/RESOLUCIONES%202002/RES%202002%201701-1750/20021747.tif HTTP/1.1" 200 40910
181.61.164.108 - - [06/Apr/2022:14:37:22 -0500] "GET /BLA/resoluciones/RESOLUCIONES%202002/RES%202002%201701-1750/20021748.tif HTTP/1.1" 200 42838
181.61.164.108 - - [06/Apr/2022:14:37:22 -0500] "GET /BLA/resoluciones/RESOLUCIONES%202002/RES%202002%201701-1750/20021749.tif HTTP/1.1" 200 42502
179.19.90.102 - - [06/Apr/2022:14:37:23 -0500] "GET /forest/ HTTP/1.1" 200 12041
181.61.164.108 - - [06/Apr/2022:14:37:23 -0500] "GET /BLA/resoluciones/RESOLUCIONES%202002/RES%202002%201701-1750/20021750.tif HTTP/1.1" 200 42578
172.22.2.4 - - [06/Apr/2022:14:37:34 -0500] "GET /BLA/boletinlegal/consulta_actos.php?tipo=autos&no=&usuario=&sector=&fecha=2022&resuelve= HTTP/1.1" 200 15245
200.118.64.109 - - [06/Apr/2022:14:37:36 -0500] "POST /forms/lservlet;jsessionid=ac16012b30d6c7b1e1b4d61c4b9d8b438a525e0deb16.e3iSbxaKaheRe34Sc38RahyRchr0n6jAmljGr5XDqQLvpAe HTTP/1.1" 200 2027
200.118.64.109 - - [06/Apr/2022:14:37:37 -0500] "POST /forms/lservlet;jsessionid=ac16012b30d6c7b1e1b4d61c4b9d8b438a525e0deb16.e3iSbxaKaheRe34Sc38RahyRchr0n6jAmljGr5XDqQLvpAe HTTP/1.1" 200 78
181.61.164.108 - - [06/Apr/2022:14:37:38 -0500] "GET /BLA/resoluciones/index.php?dir=RESOLUCIONES+2002%2FRES+2002+1751-1800%2F HTTP/1.1" 200 12156
181.61.164.108 - - [06/Apr/2022:14:37:41 -0500] "GET /BLA/resoluciones/RESOLUCIONES%202002/RES%202002%201751-1800/20021751.tif HTTP/1.1" 200 42958
181.61.164.108 - - [06/Apr/2022:14:37:42 -0500] "GET /BLA/resoluciones/RESOLUCIONES%202002/RES%202002%201751-1800/20021752.tif HTTP/1.1" 200 95704
181.61.164.108 - - [06/Apr/2022:14:37:44 -0500] "GET /BLA/resoluciones/RESOLUCIONES%202002/RES%202002%201751-1800/20021753.tif HTTP/1.1" 200 40868
181.61.164.108 - - [06/Apr/2022:14:37:45 -0500] "GET /BLA/resoluciones/RESOLUCIONES%202002/RES%202002%201751-1800/20021754.tif HTTP/1.1" 200 219636
181.61.164.108 - - [06/Apr/2022:14:37:46 -0500] "GET /BLA/resoluciones/RESOLUCIONES%202002/RES%202002%201751-1800/20021755.tif HTTP/1.1" 200 124386
200.118.64.109 - - [06/Apr/2022:14:37:48 -0500] "POST /forms/lservlet;jsessionid=ac16012b30d6c7b1e1b4d61c4b9d8b438a525e0deb16.e3iSbxaKaheRe34Sc38RahyRchr0n6jAmljGr5XDqQLvpAe HTTP/1.1" 200 11521
200.118.64.109 - - [06/Apr/2022:14:37:48 -0500] "GET /imagenes/rt_print.gif HTTP/1.1" 200 916
200.118.64.109 - - [06/Apr/2022:14:37:48 -0500] "POST /forms/lservlet;jsessionid=ac16012b30d6c7b1e1b4d61c4b9d8b438a525e0deb16.e3iSbxaKaheRe34Sc38RahyRchr0n6jAmljGr5XDqQLvpAe HTTP/1.1" 200 2
200.118.64.109 - - [06/Apr/2022:14:37:48 -0500] "POST /forms/lservlet;jsessionid=ac16012b30d6c7b1e1b4d61c4b9d8b438a525e0deb16.e3iSbxaKaheRe34Sc38RahyRchr0n6jAmljGr5XDqQLvpAe HTTP/1.1" 200 34
181.61.164.108 - - [06/Apr/2022:14:37:49 -0500] "GET /BLA/resoluciones/RESOLUCIONES%202002/RES%202002%201751-1800/20021756.tif HTTP/1.1" 200 45138
200.118.64.109 - - [06/Apr/2022:14:37:50 -0500] "POST /forms/lservlet;jsessionid=ac16012b30d6c7b1e1b4d61c4b9d8b438a525e0deb16.e3iSbxaKaheRe34Sc38RahyRchr0n6jAmljGr5XDqQLvpAe HTTP/1.1" 200 368
200.118.64.109 - - [06/Apr/2022:14:37:50 -0500] "POST /forms/lservlet;jsessionid=ac16012b30d6c7b1e1b4d61c4b9d8b438a525e0deb16.e3iSbxaKaheRe34Sc38RahyRchr0n6jAmljGr5XDqQLvpAe HTTP/1.1" 200 45
181.61.164.108 - - [06/Apr/2022:14:37:51 -0500] "GET /BLA/resoluciones/RESOLUCIONES%202002/RES%202002%201751-1800/20021757.tif HTTP/1.1" 200 62524
181.61.164.108 - - [06/Apr/2022:14:37:53 -0500] "GET /BLA/resoluciones/RESOLUCIONES%202002/RES%202002%201751-1800/20021758.tif HTTP/1.1" 200 39106
200.118.64.109 - - [06/Apr/2022:14:37:53 -0500] "POST /forms/lservlet;jsessionid=ac16012b30d6c7b1e1b4d61c4b9d8b438a525e0deb16.e3iSbxaKaheRe34Sc38RahyRchr0n6jAmljGr5XDqQLvpAe HTTP/1.1" 200 34596
200.118.64.109 - - [06/Apr/2022:14:37:54 -0500] "GET /imagenes/listval.gif HTTP/1.1" 200 905
200.118.64.109 - - [06/Apr/2022:14:37:54 -0500] "POST /forms/lservlet;jsessionid=ac16012b30d6c7b1e1b4d61c4b9d8b438a525e0deb16.e3iSbxaKaheRe34Sc38RahyRchr0n6jAmljGr5XDqQLvpAe HTTP/1.1" 200 7
200.118.64.109 - - [06/Apr/2022:14:37:54 -0500] "POST /forms/lservlet;jsessionid=ac16012b30d6c7b1e1b4d61c4b9d8b438a525e0deb16.e3iSbxaKaheRe34Sc38RahyRchr0n6jAmljGr5XDqQLvpAe HTTP/1.1" 200 34
200.118.64.109 - - [06/Apr/2022:14:37:54 -0500] "POST /forms/lservlet;jsessionid=ac16012b30d6c7b1e1b4d61c4b9d8b438a525e0deb16.e3iSbxaKaheRe34Sc38RahyRchr0n6jAmljGr5XDqQLvpAe HTTP/1.1" 200 2
181.61.164.108 - - [06/Apr/2022:14:37:54 -0500] "GET /BLA/resoluciones/RESOLUCIONES%202002/RES%202002%201751-1800/20021759.tif HTTP/1.1" 200 111580
181.61.164.108 - - [06/Apr/2022:14:37:55 -0500] "GET /BLA/resoluciones/RESOLUCIONES%202002/RES%202002%201751-1800/20021760.tif HTTP/1.1" 200 129054
181.61.164.108 - - [06/Apr/2022:14:37:56 -0500] "GET /BLA/resoluciones/RESOLUCIONES%202002/RES%202002%201751-1800/20021761.tif HTTP/1.1" 200 97690
181.61.164.108 - - [06/Apr/2022:14:37:58 -0500] "GET /BLA/resoluciones/RESOLUCIONES%202002/RES%202002%201751-1800/20021762.tif HTTP/1.1" 200 81868
200.118.64.109 - - [06/Apr/2022:14:38:02 -0500] "POST /forms/lservlet;jsessionid=ac16012b30d6c7b1e1b4d61c4b9d8b438a525e0deb16.e3iSbxaKaheRe34Sc38RahyRchr0n6jAmljGr5XDqQLvpAe HTTP/1.1" 200 2
200.118.64.109 - - [06/Apr/2022:14:38:02 -0500] "POST /forms/lservlet;jsessionid=ac16012b30d6c7b1e1b4d61c4b9d8b438a525e0deb16.e3iSbxaKaheRe34Sc38RahyRchr0n6jAmljGr5XDqQLvpAe HTTP/1.1" 200 662
200.118.64.109 - - [06/Apr/2022:14:38:02 -0500] "POST /forms/lservlet;jsessionid=ac16012b30d6c7b1e1b4d61c4b9d8b438a525e0deb16.e3iSbxaKaheRe34Sc38RahyRchr0n6jAmljGr5XDqQLvpAe HTTP/1.1" 200 10
200.118.64.109 - - [06/Apr/2022:14:38:04 -0500] "POST /forms/lservlet;jsessionid=ac16012b30d6c7b1e1b4d61c4b9d8b438a525e0deb16.e3iSbxaKaheRe34Sc38RahyRchr0n6jAmljGr5XDqQLvpAe HTTP/1.1" 200 26
200.118.64.109 - - [06/Apr/2022:14:38:04 -0500] "POST /forms/lservlet;jsessionid=ac16012b30d6c7b1e1b4d61c4b9d8b438a525e0deb16.e3iSbxaKaheRe34Sc38RahyRchr0n6jAmljGr5XDqQLvpAe HTTP/1.1" 200 14
200.118.64.109 - - [06/Apr/2022:14:38:05 -0500] "POST /forms/lservlet;jsessionid=ac16012b30d6c7b1e1b4d61c4b9d8b438a525e0deb16.e3iSbxaKaheRe34Sc38RahyRchr0n6jAmljGr5XDqQLvpAe HTTP/1.1" 200 4616
200.118.64.109 - - [06/Apr/2022:14:38:06 -0500] "POST /forms/lservlet;jsessionid=ac16012b30d6c7b1e1b4d61c4b9d8b438a525e0deb16.e3iSbxaKaheRe34Sc38RahyRchr0n6jAmljGr5XDqQLvpAe HTTP/1.1" 200 2
200.118.64.109 - - [06/Apr/2022:14:38:06 -0500] "POST /forms/lservlet;jsessionid=ac16012b30d6c7b1e1b4d61c4b9d8b438a525e0deb16.e3iSbxaKaheRe34Sc38RahyRchr0n6jAmljGr5XDqQLvpAe HTTP/1.1" 200 2
181.61.164.108 - - [06/Apr/2022:14:38:09 -0500] "GET /BLA/resoluciones/RESOLUCIONES%202002/RES%202002%201751-1800/20021763.tif HTTP/1.1" 200 122002
181.61.164.108 - - [06/Apr/2022:14:38:15 -0500] "GET /BLA/resoluciones/RESOLUCIONES%202002/RES%202002%201751-1800/20021764.tif HTTP/1.1" 200 99014
181.61.164.108 - - [06/Apr/2022:14:38:17 -0500] "GET /BLA/resoluciones/RESOLUCIONES%202002/RES%202002%201751-1800/20021765.tif HTTP/1.1" 200 181942
181.61.164.108 - - [06/Apr/2022:14:38:25 -0500] "GET /BLA/resoluciones/RESOLUCIONES%202002/RES%202002%201751-1800/20021766.tif HTTP/1.1" 200 165900
179.19.90.102 - - [06/Apr/2022:14:38:26 -0500] "POST /forest/index.php HTTP/1.1" 200 12268
181.61.164.108 - - [06/Apr/2022:14:38:27 -0500] "GET /BLA/resoluciones/RESOLUCIONES%202002/RES%202002%201751-1800/20021767.tif HTTP/1.1" 200 223698
181.61.164.108 - - [06/Apr/2022:14:38:29 -0500] "GET /BLA/resoluciones/RESOLUCIONES%202002/RES%202002%201751-1800/20021768.tif HTTP/1.1" 200 96320
181.61.164.108 - - [06/Apr/2022:14:38:36 -0500] "GET /BLA/resoluciones/RESOLUCIONES%202002/RES%202002%201751-1800/20021769.tif HTTP/1.1" 200 89448
181.61.164.108 - - [06/Apr/2022:14:38:37 -0500] "GET /BLA/resoluciones/RESOLUCIONES%202002/RES%202002%201751-1800/20021770.tif HTTP/1.1" 200 87344
181.61.164.108 - - [06/Apr/2022:14:38:40 -0500] "GET /BLA/resoluciones/RESOLUCIONES%202002/RES%202002%201751-1800/20021771.tif HTTP/1.1" 200 57996
200.118.64.109 - - [06/Apr/2022:14:38:41 -0500] "POST /forms/lservlet;jsessionid=ac16012b30d6c7b1e1b4d61c4b9d8b438a525e0deb16.e3iSbxaKaheRe34Sc38RahyRchr0n6jAmljGr5XDqQLvpAe HTTP/1.1" 200 2
200.118.64.109 - - [06/Apr/2022:14:38:41 -0500] "POST /forms/lservlet;jsessionid=ac16012b30d6c7b1e1b4d61c4b9d8b438a525e0deb16.e3iSbxaKaheRe34Sc38RahyRchr0n6jAmljGr5XDqQLvpAe HTTP/1.1" 200 2345
200.118.64.109 - - [06/Apr/2022:14:38:41 -0500] "POST /forms/lservlet;jsessionid=ac16012b30d6c7b1e1b4d61c4b9d8b438a525e0deb16.e3iSbxaKaheRe34Sc38RahyRchr0n6jAmljGr5XDqQLvpAe HTTP/1.1" 200 10
181.61.164.108 - - [06/Apr/2022:14:38:41 -0500] "GET /BLA/resoluciones/RESOLUCIONES%202002/RES%202002%201751-1800/20021772.tif HTTP/1.1" 200 332144
181.61.164.108 - - [06/Apr/2022:14:38:43 -0500] "GET /BLA/resoluciones/RESOLUCIONES%202002/RES%202002%201751-1800/20021773.tif HTTP/1.1" 200 81510
181.61.164.108 - - [06/Apr/2022:14:38:45 -0500] "GET /BLA/resoluciones/RESOLUCIONES%202002/RES%202002%201751-1800/20021774.tif HTTP/1.1" 200 284334
181.61.164.108 - - [06/Apr/2022:14:38:46 -0500] "GET /BLA/resoluciones/RESOLUCIONES%202002/RES%202002%201751-1800/20021775.tif HTTP/1.1" 200 134654
181.61.164.108 - - [06/Apr/2022:14:38:49 -0500] "GET /BLA/resoluciones/RESOLUCIONES%202002/RES%202002%201751-1800/20021776.tif HTTP/1.1" 200 81682
181.61.164.108 - - [06/Apr/2022:14:38:51 -0500] "GET /BLA/resoluciones/RESOLUCIONES%202002/RES%202002%201751-1800/20021777.tif HTTP/1.1" 200 90614
181.61.164.108 - - [06/Apr/2022:14:38:52 -0500] "GET /BLA/resoluciones/RESOLUCIONES%202002/RES%202002%201751-1800/20021778.tif HTTP/1.1" 200 69068
200.118.64.109 - - [06/Apr/2022:14:38:52 -0500] "POST /forms/lservlet;jsessionid=ac16012b30d6c7b1e1b4d61c4b9d8b438a525e0deb16.e3iSbxaKaheRe34Sc38RahyRchr0n6jAmljGr5XDqQLvpAe HTTP/1.1" 200 26
181.61.164.108 - - [06/Apr/2022:14:38:53 -0500] "GET /BLA/resoluciones/RESOLUCIONES%202002/RES%202002%201751-1800/20021779.tif HTTP/1.1" 200 104456
200.118.64.109 - - [06/Apr/2022:14:38:52 -0500] "POST /forms/lservlet;jsessionid=ac16012b30d6c7b1e1b4d61c4b9d8b438a525e0deb16.e3iSbxaKaheRe34Sc38RahyRchr0n6jAmljGr5XDqQLvpAe HTTP/1.1" 200 14
200.118.64.109 - - [06/Apr/2022:14:38:54 -0500] "POST /forms/lservlet;jsessionid=ac16012b30d6c7b1e1b4d61c4b9d8b438a525e0deb16.e3iSbxaKaheRe34Sc38RahyRchr0n6jAmljGr5XDqQLvpAe HTTP/1.1" 200 3259
200.118.64.109 - - [06/Apr/2022:14:38:54 -0500] "POST /forms/lservlet;jsessionid=ac16012b30d6c7b1e1b4d61c4b9d8b438a525e0deb16.e3iSbxaKaheRe34Sc38RahyRchr0n6jAmljGr5XDqQLvpAe HTTP/1.1" 200 2
181.61.164.108 - - [06/Apr/2022:14:38:54 -0500] "GET /BLA/resoluciones/RESOLUCIONES%202002/RES%202002%201751-1800/20021780.tif HTTP/1.1" 200 102660
181.61.164.108 - - [06/Apr/2022:14:38:56 -0500] "GET /BLA/resoluciones/RESOLUCIONES%202002/RES%202002%201751-1800/20021781.tif HTTP/1.1" 200 116182
181.61.164.108 - - [06/Apr/2022:14:38:58 -0500] "GET /BLA/resoluciones/RESOLUCIONES%202002/RES%202002%201751-1800/20021782.tif HTTP/1.1" 200 111534
181.61.164.108 - - [06/Apr/2022:14:39:00 -0500] "GET /BLA/resoluciones/RESOLUCIONES%202002/RES%202002%201751-1800/20021783.tif HTTP/1.1" 200 116408
200.118.64.109 - - [06/Apr/2022:14:39:00 -0500] "POST /forms/lservlet;jsessionid=ac16012b30d6c7b1e1b4d61c4b9d8b438a525e0deb16.e3iSbxaKaheRe34Sc38RahyRchr0n6jAmljGr5XDqQLvpAe HTTP/1.1" 200 2
200.118.64.109 - - [06/Apr/2022:14:39:00 -0500] "POST /forms/lservlet;jsessionid=ac16012b30d6c7b1e1b4d61c4b9d8b438a525e0deb16.e3iSbxaKaheRe34Sc38RahyRchr0n6jAmljGr5XDqQLvpAe HTTP/1.1" 200 14
186.119.22.97 - - [06/Apr/2022:14:39:02 -0500] "GET /si-eres-mujer-y-te-gusta-el-cuidado-de-los-humedales-este-proceso-de-formacion-es-para-ti.html HTTP/1.1" 200 1025
200.118.64.109 - - [06/Apr/2022:14:39:02 -0500] "POST /forms/lservlet;jsessionid=ac16012b30d6c7b1e1b4d61c4b9d8b438a525e0deb16.e3iSbxaKaheRe34Sc38RahyRchr0n6jAmljGr5XDqQLvpAe HTTP/1.1" 200 14
200.118.64.109 - - [06/Apr/2022:14:39:03 -0500] "POST /forms/lservlet;jsessionid=ac16012b30d6c7b1e1b4d61c4b9d8b438a525e0deb16.e3iSbxaKaheRe34Sc38RahyRchr0n6jAmljGr5XDqQLvpAe HTTP/1.1" 200 14
181.61.164.108 - - [06/Apr/2022:14:39:04 -0500] "GET /BLA/resoluciones/RESOLUCIONES%202002/RES%202002%201751-1800/20021784.tif HTTP/1.1" 200 78942
200.118.64.109 - - [06/Apr/2022:14:39:04 -0500] "POST /forms/lservlet;jsessionid=ac16012b30d6c7b1e1b4d61c4b9d8b438a525e0deb16.e3iSbxaKaheRe34Sc38RahyRchr0n6jAmljGr5XDqQLvpAe HTTP/1.1" 200 14
181.61.164.108 - - [06/Apr/2022:14:39:05 -0500] "GET /BLA/resoluciones/RESOLUCIONES%202002/RES%202002%201751-1800/20021785.tif HTTP/1.1" 200 57304
181.61.164.108 - - [06/Apr/2022:14:39:07 -0500] "GET /BLA/resoluciones/RESOLUCIONES%202002/RES%202002%201751-1800/20021786.tif HTTP/1.1" 200 148812
200.118.64.109 - - [06/Apr/2022:14:39:06 -0500] "POST /forms/lservlet;jsessionid=ac16012b30d6c7b1e1b4d61c4b9d8b438a525e0deb16.e3iSbxaKaheRe34Sc38RahyRchr0n6jAmljGr5XDqQLvpAe HTTP/1.1" 200 15
181.61.164.108 - - [06/Apr/2022:14:39:08 -0500] "GET /BLA/resoluciones/RESOLUCIONES%202002/RES%202002%201751-1800/20021787.tif HTTP/1.1" 200 195382
200.118.64.109 - - [06/Apr/2022:14:39:09 -0500] "POST /forms/lservlet;jsessionid=ac16012b30d6c7b1e1b4d61c4b9d8b438a525e0deb16.e3iSbxaKaheRe34Sc38RahyRchr0n6jAmljGr5XDqQLvpAe HTTP/1.1" 200 127
200.118.64.109 - - [06/Apr/2022:14:39:09 -0500] "POST /forms/lservlet;jsessionid=ac16012b30d6c7b1e1b4d61c4b9d8b438a525e0deb16.e3iSbxaKaheRe34Sc38RahyRchr0n6jAmljGr5XDqQLvpAe HTTP/1.1" 200 2
200.118.64.109 - - [06/Apr/2022:14:39:09 -0500] "GET /reports/rwservlet/getjobid74602?server=repnomi HTTP/1.1" 200 47934
181.61.164.108 - - [06/Apr/2022:14:39:11 -0500] "GET /BLA/resoluciones/RESOLUCIONES%202002/RES%202002%201751-1800/20021788.tif HTTP/1.1" 200 128160
181.61.164.108 - - [06/Apr/2022:14:39:13 -0500] "GET /BLA/resoluciones/RESOLUCIONES%202002/RES%202002%201751-1800/20021789.tif HTTP/1.1" 200 103562
181.61.164.108 - - [06/Apr/2022:14:39:14 -0500] "GET /BLA/resoluciones/RESOLUCIONES%202002/RES%202002%201751-1800/20021790.tif HTTP/1.1" 200 210950
181.61.164.108 - - [06/Apr/2022:14:39:16 -0500] "GET /BLA/resoluciones/RESOLUCIONES%202002/RES%202002%201751-1800/20021791.tif HTTP/1.1" 200 136256
181.61.164.108 - - [06/Apr/2022:14:39:18 -0500] "GET /BLA/resoluciones/RESOLUCIONES%202002/RES%202002%201751-1800/20021792.tif HTTP/1.1" 200 184974
181.61.164.108 - - [06/Apr/2022:14:39:21 -0500] "GET /BLA/resoluciones/RESOLUCIONES%202002/RES%202002%201751-1800/20021793.tif HTTP/1.1" 200 80300
181.61.164.108 - - [06/Apr/2022:14:39:22 -0500] "GET /BLA/resoluciones/RESOLUCIONES%202002/RES%202002%201751-1800/20021794.tif HTTP/1.1" 200 168106
186.148.168.245 - - [06/Apr/2022:14:39:23 -0500] "GET /sipse/faces/javax.faces.resource/images/ui-bg_flat_0_2d5972_40x100.png?ln=primefaces-aristo HTTP/1.1" 304 -
181.61.164.108 - - [06/Apr/2022:14:39:24 -0500] "GET /BLA/resoluciones/RESOLUCIONES%202002/RES%202002%201751-1800/20021795.tif HTTP/1.1" 200 160180
186.148.168.245 - - [06/Apr/2022:14:39:25 -0500] "POST /sipse/faces/presentacion/sistema/seguridad/seleccionRol.xhtml HTTP/1.1" 200 16240
186.148.168.245 - - [06/Apr/2022:14:39:25 -0500] "GET /sipse/faces/javax.faces.resource/theme.css?ln=primefaces-sipse HTTP/1.1" 304 -
186.148.168.245 - - [06/Apr/2022:14:39:25 -0500] "GET /sipse/faces/javax.faces.resource/primefaces.css?ln=primefaces&v=4.0 HTTP/1.1" 304 -
186.148.168.245 - - [06/Apr/2022:14:39:25 -0500] "GET /sipse/faces/javax.faces.resource/layout/layout.css?ln=primefaces&v=4.0 HTTP/1.1" 304 -
186.148.168.245 - - [06/Apr/2022:14:39:25 -0500] "GET /sipse/faces/javax.faces.resource/jquery/jquery.js?ln=primefaces&v=4.0 HTTP/1.1" 304 -
186.148.168.245 - - [06/Apr/2022:14:39:25 -0500] "GET /sipse/faces/javax.faces.resource/jquery/jquery-plugins.js?ln=primefaces&v=4.0 HTTP/1.1" 304 -
186.148.168.245 - - [06/Apr/2022:14:39:25 -0500] "GET /sipse/faces/javax.faces.resource/primefaces.js?ln=primefaces&v=4.0 HTTP/1.1" 304 -
186.148.168.245 - - [06/Apr/2022:14:39:25 -0500] "GET /sipse/faces/javax.faces.resource/layout/layout.js?ln=primefaces&v=4.0 HTTP/1.1" 304 -
186.148.168.245 - - [06/Apr/2022:14:39:25 -0500] "GET /sipse/css/imagen/contrasena.png HTTP/1.1" 404 383
181.61.164.108 - - [06/Apr/2022:14:39:25 -0500] "GET /BLA/resoluciones/RESOLUCIONES%202002/RES%202002%201751-1800/20021796.tif HTTP/1.1" 200 143354
181.61.164.108 - - [06/Apr/2022:14:39:28 -0500] "GET /BLA/resoluciones/RESOLUCIONES%202002/RES%202002%201751-1800/20021797.tif HTTP/1.1" 200 123074
181.61.164.108 - - [06/Apr/2022:14:39:30 -0500] "GET /BLA/resoluciones/RESOLUCIONES%202002/RES%202002%201751-1800/20021798.tif HTTP/1.1" 200 161432
186.148.168.245 - - [06/Apr/2022:14:39:30 -0500] "POST /sipse/faces/bienvenido.xhtml HTTP/1.1" 200 2055
186.148.168.245 - - [06/Apr/2022:14:39:31 -0500] "POST /sipse/faces/bienvenido.xhtml HTTP/1.1" 200 23548
186.148.168.245 - - [06/Apr/2022:14:39:32 -0500] "GET /sipse/faces/javax.faces.resource/theme.css?ln=primefaces-sipse HTTP/1.1" 304 -
186.148.168.245 - - [06/Apr/2022:14:39:32 -0500] "GET /sipse/faces/javax.faces.resource/primefaces.css?ln=primefaces&v=4.0 HTTP/1.1" 304 -
186.148.168.245 - - [06/Apr/2022:14:39:32 -0500] "GET /sipse/faces/javax.faces.resource/layout/layout.css?ln=primefaces&v=4.0 HTTP/1.1" 304 -
186.148.168.245 - - [06/Apr/2022:14:39:32 -0500] "GET /sipse/faces/javax.faces.resource/jquery/jquery.js?ln=primefaces&v=4.0 HTTP/1.1" 304 -
186.148.168.245 - - [06/Apr/2022:14:39:32 -0500] "GET /sipse/faces/javax.faces.resource/jquery/jquery-plugins.js?ln=primefaces&v=4.0 HTTP/1.1" 304 -
186.148.168.245 - - [06/Apr/2022:14:39:32 -0500] "GET /sipse/faces/javax.faces.resource/primefaces.js?ln=primefaces&v=4.0 HTTP/1.1" 304 -
186.148.168.245 - - [06/Apr/2022:14:39:33 -0500] "GET /sipse/faces/javax.faces.resource/layout/layout.js?ln=primefaces&v=4.0 HTTP/1.1" 304 -
186.148.168.245 - - [06/Apr/2022:14:39:33 -0500] "GET /sipse/css/imagen/contrasena.png HTTP/1.1" 404 383
181.61.164.108 - - [06/Apr/2022:14:39:37 -0500] "GET /BLA/resoluciones/RESOLUCIONES%202002/RES%202002%201751-1800/20021799.tif HTTP/1.1" 200 135844
186.148.168.245 - - [06/Apr/2022:14:39:37 -0500] "POST /sipse/faces/presentacion/proyectos/proyecto/listarProyecto.xhtml HTTP/1.1" 200 12118
186.148.168.245 - - [06/Apr/2022:14:39:38 -0500] "GET /sipse/faces/javax.faces.resource/theme.css?ln=primefaces-sipse HTTP/1.1" 304 -
186.148.168.245 - - [06/Apr/2022:14:39:38 -0500] "GET /sipse/faces/javax.faces.resource/primefaces.css?ln=primefaces&v=4.0 HTTP/1.1" 304 -
186.148.168.245 - - [06/Apr/2022:14:39:38 -0500] "GET /sipse/faces/javax.faces.resource/layout/layout.css?ln=primefaces&v=4.0 HTTP/1.1" 304 -
186.148.168.245 - - [06/Apr/2022:14:39:38 -0500] "GET /sipse/faces/javax.faces.resource/jquery/jquery.js?ln=primefaces&v=4.0 HTTP/1.1" 304 -
186.148.168.245 - - [06/Apr/2022:14:39:38 -0500] "GET /sipse/faces/javax.faces.resource/jquery/jquery-plugins.js?ln=primefaces&v=4.0 HTTP/1.1" 304 -
186.148.168.245 - - [06/Apr/2022:14:39:38 -0500] "GET /sipse/faces/javax.faces.resource/primefaces.js?ln=primefaces&v=4.0 HTTP/1.1" 304 -
186.148.168.245 - - [06/Apr/2022:14:39:38 -0500] "GET /sipse/faces/javax.faces.resource/layout/layout.js?ln=primefaces&v=4.0 HTTP/1.1" 304 -
181.61.164.108 - - [06/Apr/2022:14:39:39 -0500] "GET /BLA/resoluciones/RESOLUCIONES%202002/RES%202002%201751-1800/20021800.tif HTTP/1.1" 200 164862
186.148.168.245 - - [06/Apr/2022:14:39:41 -0500] "POST /sipse/faces/presentacion/sistema/seguridad/seleccionRol.xhtml HTTP/1.1" 200 6697
186.148.168.245 - - [06/Apr/2022:14:39:42 -0500] "POST /sipse/faces/presentacion/sistema/seguridad/seleccionRol.xhtml HTTP/1.1" 200 17483
186.148.168.245 - - [06/Apr/2022:14:39:42 -0500] "GET /sipse/faces/javax.faces.resource/theme.css?ln=primefaces-sipse HTTP/1.1" 304 -
186.148.168.245 - - [06/Apr/2022:14:39:42 -0500] "GET /sipse/faces/javax.faces.resource/primefaces.css?ln=primefaces&v=4.0 HTTP/1.1" 304 -
186.148.168.245 - - [06/Apr/2022:14:39:42 -0500] "GET /sipse/faces/javax.faces.resource/layout/layout.css?ln=primefaces&v=4.0 HTTP/1.1" 304 -
186.148.168.245 - - [06/Apr/2022:14:39:42 -0500] "GET /sipse/faces/javax.faces.resource/jquery/jquery.js?ln=primefaces&v=4.0 HTTP/1.1" 304 -
186.148.168.245 - - [06/Apr/2022:14:39:42 -0500] "GET /sipse/faces/javax.faces.resource/jquery/jquery-plugins.js?ln=primefaces&v=4.0 HTTP/1.1" 304 -
186.148.168.245 - - [06/Apr/2022:14:39:42 -0500] "GET /sipse/faces/javax.faces.resource/primefaces.js?ln=primefaces&v=4.0 HTTP/1.1" 304 -
186.148.168.245 - - [06/Apr/2022:14:39:42 -0500] "GET /sipse/faces/javax.faces.resource/layout/layout.js?ln=primefaces&v=4.0 HTTP/1.1" 304 -
172.22.2.4 - - [06/Apr/2022:14:39:44 -0500] "GET /BLA/boletinlegal/consulta_actos.php?tipo=resoluciones&no=2027&usuario=coordinadora&sector=PEV&fecha=2018&resuelve= HTTP/1.1" 200 626
186.148.168.245 - - [06/Apr/2022:14:39:44 -0500] "POST /sipse/faces/bienvenido.xhtml HTTP/1.1" 200 2055
172.22.2.4 - - [06/Apr/2022:14:38:05 -0500] "HEAD /BLA/boletinlegal/ HTTP/1.1" 200 -
172.22.2.4 - - [06/Apr/2022:14:39:45 -0500] "GET /BLA/boletinlegal/consulta_actos.php?tipo=resoluciones&no=2027&usuario=coordinadora&sector=PEV&fecha=2018&resuelve= HTTP/1.1" 200 626
186.148.168.245 - - [06/Apr/2022:14:39:45 -0500] "POST /sipse/faces/bienvenido.xhtml HTTP/1.1" 200 24771
186.148.168.245 - - [06/Apr/2022:14:39:45 -0500] "GET /sipse/faces/javax.faces.resource/theme.css?ln=primefaces-sipse HTTP/1.1" 304 -
186.148.168.245 - - [06/Apr/2022:14:39:45 -0500] "GET /sipse/faces/javax.faces.resource/primefaces.css?ln=primefaces&v=4.0 HTTP/1.1" 304 -
186.148.168.245 - - [06/Apr/2022:14:39:45 -0500] "GET /sipse/faces/javax.faces.resource/layout/layout.css?ln=primefaces&v=4.0 HTTP/1.1" 304 -
186.148.168.245 - - [06/Apr/2022:14:39:45 -0500] "GET /sipse/faces/javax.faces.resource/jquery/jquery.js?ln=primefaces&v=4.0 HTTP/1.1" 304 -
186.148.168.245 - - [06/Apr/2022:14:39:45 -0500] "GET /sipse/faces/javax.faces.resource/jquery/jquery-plugins.js?ln=primefaces&v=4.0 HTTP/1.1" 304 -
186.148.168.245 - - [06/Apr/2022:14:39:45 -0500] "GET /sipse/faces/javax.faces.resource/primefaces.js?ln=primefaces&v=4.0 HTTP/1.1" 304 -
186.148.168.245 - - [06/Apr/2022:14:39:45 -0500] "GET /sipse/faces/javax.faces.resource/layout/layout.js?ln=primefaces&v=4.0 HTTP/1.1" 304 -
172.22.2.4 - - [06/Apr/2022:14:39:45 -0500] "GET /BLA/boletinlegal/consulta_actos.php?tipo=resoluciones&no=2027&usuario=coordinadora&sector=PEV&fecha=2018&resuelve= HTTP/1.1" 200 626
186.148.168.245 - - [06/Apr/2022:14:39:45 -0500] "POST /sipse/faces/presentacion/proyectos/proyecto/listarProyecto.xhtml HTTP/1.1" 200 18201
172.22.2.4 - - [06/Apr/2022:14:39:45 -0500] "GET /BLA/boletinlegal/consulta_actos.php?tipo=resoluciones&no=2027&usuario=coordinadora&sector=PEV&fecha=2018&resuelve= HTTP/1.1" 200 626
186.148.168.245 - - [06/Apr/2022:14:39:45 -0500] "POST /sipse/faces/presentacion/proyectos/proyecto/listarProyecto.xhtml HTTP/1.1" 200 18201
172.22.2.4 - - [06/Apr/2022:14:39:46 -0500] "GET /BLA/boletinlegal/consulta_actos.php?tipo=resoluciones&no=2027&usuario=coordinadora&sector=PEV&fecha=2018&resuelve= HTTP/1.1" 200 626
172.22.2.4 - - [06/Apr/2022:14:39:46 -0500] "GET /BLA/boletinlegal/consulta_actos.php?tipo=resoluciones&no=2027&usuario=coordinadora&sector=PEV&fecha=2018&resuelve= HTTP/1.1" 200 626
172.22.2.4 - - [06/Apr/2022:14:39:47 -0500] "GET /BLA/boletinlegal/consulta_actos.php?tipo=resoluciones&no=2027&usuario=coordinadora&sector=PEV&fecha=2018&resuelve= HTTP/1.1" 200 626
172.22.2.4 - - [06/Apr/2022:14:39:47 -0500] "GET /BLA/boletinlegal/consulta_actos.php?tipo=resoluciones&no=2027&usuario=coordinadora&sector=PEV&fecha=2018&resuelve= HTTP/1.1" 200 626
172.22.2.4 - - [06/Apr/2022:14:39:47 -0500] "GET /BLA/boletinlegal/consulta_actos.php?tipo=resoluciones&no=2027&usuario=coordinadora&sector=PEV&fecha=2018&resuelve= HTTP/1.1" 200 626
181.61.164.108 - - [06/Apr/2022:14:39:48 -0500] "GET /BLA/resoluciones/index.php?dir=RESOLUCIONES+2002%2FRES+2002+1801-1850%2F HTTP/1.1" 200 12158
186.148.168.245 - - [06/Apr/2022:14:39:50 -0500] "GET /sipse/faces/index.xhtml HTTP/1.1" 200 677
186.148.168.245 - - [06/Apr/2022:14:39:50 -0500] "GET /sipse/faces/javax.faces.resource/theme.css?ln=primefaces-sipse HTTP/1.1" 304 -
186.148.168.245 - - [06/Apr/2022:14:39:50 -0500] "GET /sipse/faces/faces/autenticacion.xhtml HTTP/1.1" 200 12186
172.22.2.4 - - [06/Apr/2022:14:39:50 -0500] "GET /BLA/boletinlegal/consulta_actos.php?tipo=resoluciones&no=2027&usuario=coordinadora&sector=PEV&fecha=2018&resuelve= HTTP/1.1" 200 626
186.148.168.245 - - [06/Apr/2022:14:39:50 -0500] "GET /sipse/faces/javax.faces.resource/primefaces.css?ln=primefaces&v=4.0 HTTP/1.1" 304 -
186.148.168.245 - - [06/Apr/2022:14:39:50 -0500] "GET /sipse/faces/javax.faces.resource/theme.css?ln=primefaces-sipse HTTP/1.1" 304 -
186.148.168.245 - - [06/Apr/2022:14:39:51 -0500] "GET /sipse/faces/javax.faces.resource/layout/layout.css?ln=primefaces&v=4.0 HTTP/1.1" 304 -
186.148.168.245 - - [06/Apr/2022:14:39:51 -0500] "GET /sipse/faces/javax.faces.resource/jquery/jquery.js?ln=primefaces&v=4.0 HTTP/1.1" 304 -
186.148.168.245 - - [06/Apr/2022:14:39:51 -0500] "GET /sipse/faces/javax.faces.resource/primefaces.js?ln=primefaces&v=4.0 HTTP/1.1" 304 -
186.148.168.245 - - [06/Apr/2022:14:39:51 -0500] "GET /sipse/faces/javax.faces.resource/jquery/jquery-plugins.js?ln=primefaces&v=4.0 HTTP/1.1" 304 -
186.148.168.245 - - [06/Apr/2022:14:39:51 -0500] "GET /sipse/faces/javax.faces.resource/layout/layout.js?ln=primefaces&v=4.0 HTTP/1.1" 304 -
186.148.168.245 - - [06/Apr/2022:14:39:51 -0500] "GET /sipse/faces/javax.faces.resource/images/ui-icons_898989_256x240.png?ln=primefaces-aristo HTTP/1.1" 304 -
172.22.2.4 - - [06/Apr/2022:14:39:51 -0500] "GET /BLA/boletinlegal/consulta_actos.php?tipo=resoluciones&no=2027&usuario=coordinadora&sector=PEV&fecha=2018&resuelve= HTTP/1.1" 200 626
181.61.164.108 - - [06/Apr/2022:14:39:51 -0500] "GET /BLA/resoluciones/RESOLUCIONES%202002/RES%202002%201801-1850/20021801.tif HTTP/1.1" 200 79800
181.61.164.108 - - [06/Apr/2022:14:39:52 -0500] "GET /BLA/resoluciones/RESOLUCIONES%202002/RES%202002%201801-1850/20021802.tif HTTP/1.1" 200 57998
181.61.164.108 - - [06/Apr/2022:14:39:54 -0500] "GET /BLA/resoluciones/RESOLUCIONES%202002/RES%202002%201801-1850/20021803.tif HTTP/1.1" 200 53696
181.61.164.108 - - [06/Apr/2022:14:39:55 -0500] "GET /BLA/resoluciones/RESOLUCIONES%202002/RES%202002%201801-1850/20021804.tif HTTP/1.1" 200 162782
186.148.168.245 - - [06/Apr/2022:14:39:56 -0500] "POST /sipse/faces/autenticacion.xhtml HTTP/1.1" 200 12263
186.148.168.245 - - [06/Apr/2022:14:39:56 -0500] "GET /sipse/faces/javax.faces.resource/primefaces.css?ln=primefaces&v=4.0 HTTP/1.1" 304 -
186.148.168.245 - - [06/Apr/2022:14:39:56 -0500] "GET /sipse/faces/javax.faces.resource/theme.css?ln=primefaces-sipse HTTP/1.1" 304 -
186.148.168.245 - - [06/Apr/2022:14:39:56 -0500] "GET /sipse/faces/javax.faces.resource/layout/layout.css?ln=primefaces&v=4.0 HTTP/1.1" 304 -
186.148.168.245 - - [06/Apr/2022:14:39:56 -0500] "GET /sipse/faces/javax.faces.resource/jquery/jquery.js?ln=primefaces&v=4.0 HTTP/1.1" 304 -
186.148.168.245 - - [06/Apr/2022:14:39:56 -0500] "GET /sipse/faces/javax.faces.resource/jquery/jquery-plugins.js?ln=primefaces&v=4.0 HTTP/1.1" 304 -
186.148.168.245 - - [06/Apr/2022:14:39:56 -0500] "GET /sipse/faces/javax.faces.resource/primefaces.js?ln=primefaces&v=4.0 HTTP/1.1" 304 -
186.148.168.245 - - [06/Apr/2022:14:39:56 -0500] "GET /sipse/faces/javax.faces.resource/layout/layout.js?ln=primefaces&v=4.0 HTTP/1.1" 304 -
186.148.168.245 - - [06/Apr/2022:14:39:56 -0500] "GET /sipse/faces/javax.faces.resource/messages/messages.png?ln=primefaces&v=4.0 HTTP/1.1" 304 -
181.61.164.108 - - [06/Apr/2022:14:39:58 -0500] "GET /BLA/resoluciones/RESOLUCIONES%202002/RES%202002%201801-1850/20021805.tif HTTP/1.1" 200 139380
181.61.164.108 - - [06/Apr/2022:14:40:01 -0500] "GET /BLA/resoluciones/RESOLUCIONES%202002/RES%202002%201801-1850/20021806.tif HTTP/1.1" 200 136844
186.148.168.245 - - [06/Apr/2022:14:40:01 -0500] "POST /sipse/faces/presentacion/sistema/seguridad/seleccionRol.xhtml HTTP/1.1" 200 17483
186.148.168.245 - - [06/Apr/2022:14:40:01 -0500] "GET /sipse/faces/javax.faces.resource/primefaces.css?ln=primefaces&v=4.0 HTTP/1.1" 304 -
186.148.168.245 - - [06/Apr/2022:14:40:01 -0500] "GET /sipse/faces/javax.faces.resource/layout/layout.css?ln=primefaces&v=4.0 HTTP/1.1" 304 -
186.148.168.245 - - [06/Apr/2022:14:40:01 -0500] "GET /sipse/faces/javax.faces.resource/theme.css?ln=primefaces-sipse HTTP/1.1" 304 -
186.148.168.245 - - [06/Apr/2022:14:40:01 -0500] "GET /sipse/faces/javax.faces.resource/jquery/jquery.js?ln=primefaces&v=4.0 HTTP/1.1" 304 -
186.148.168.245 - - [06/Apr/2022:14:40:01 -0500] "GET /sipse/faces/javax.faces.resource/jquery/jquery-plugins.js?ln=primefaces&v=4.0 HTTP/1.1" 304 -
186.148.168.245 - - [06/Apr/2022:14:40:01 -0500] "GET /sipse/faces/javax.faces.resource/primefaces.js?ln=primefaces&v=4.0 HTTP/1.1" 304 -
186.148.168.245 - - [06/Apr/2022:14:40:01 -0500] "GET /sipse/faces/javax.faces.resource/layout/layout.js?ln=primefaces&v=4.0 HTTP/1.1" 304 -
186.148.168.245 - - [06/Apr/2022:14:40:01 -0500] "GET /sipse/css/imagen/contrasena.png HTTP/1.1" 404 383
181.61.164.108 - - [06/Apr/2022:14:40:02 -0500] "GET /BLA/resoluciones/RESOLUCIONES%202002/RES%202002%201801-1850/20021807.tif HTTP/1.1" 200 80360
181.61.164.108 - - [06/Apr/2022:14:40:04 -0500] "GET /BLA/resoluciones/RESOLUCIONES%202002/RES%202002%201801-1850/20021808.tif HTTP/1.1" 200 145528
181.61.164.108 - - [06/Apr/2022:14:40:05 -0500] "GET /BLA/resoluciones/RESOLUCIONES%202002/RES%202002%201801-1850/20021809.tif HTTP/1.1" 200 302100
200.118.64.109 - - [06/Apr/2022:14:40:07 -0500] "POST /forms/lservlet;jsessionid=ac16012b30d6c7b1e1b4d61c4b9d8b438a525e0deb16.e3iSbxaKaheRe34Sc38RahyRchr0n6jAmljGr5XDqQLvpAe HTTP/1.1" 200 2
181.61.164.108 - - [06/Apr/2022:14:40:07 -0500] "GET /BLA/resoluciones/RESOLUCIONES%202002/RES%202002%201801-1850/20021810.tif HTTP/1.1" 200 356038
181.61.164.108 - - [06/Apr/2022:14:40:14 -0500] "GET /BLA/resoluciones/RESOLUCIONES%202002/RES%202002%201801-1850/20021811.tif HTTP/1.1" 200 940600
181.61.164.108 - - [06/Apr/2022:14:40:18 -0500] "GET /BLA/resoluciones/RESOLUCIONES%202002/RES%202002%201801-1850/20021812.tif HTTP/1.1" 200 129300
181.61.164.108 - - [06/Apr/2022:14:40:19 -0500] "GET /BLA/resoluciones/RESOLUCIONES%202002/RES%202002%201801-1850/20021813.tif HTTP/1.1" 200 111912
181.61.164.108 - - [06/Apr/2022:14:40:22 -0500] "GET /BLA/resoluciones/RESOLUCIONES%202002/RES%202002%201801-1850/20021814.tif HTTP/1.1" 200 138520
181.53.12.92 - - [06/Apr/2022:14:40:22 -0500] "GET /si-eres-mujer-y-te-gusta-el-cuidado-de-los-humedales-este-proceso-de-formacion-es-para-ti.html HTTP/1.1" 200 1025
181.61.164.108 - - [06/Apr/2022:14:40:23 -0500] "GET /BLA/resoluciones/RESOLUCIONES%202002/RES%202002%201801-1850/20021815.tif HTTP/1.1" 200 204958
181.61.164.108 - - [06/Apr/2022:14:40:25 -0500] "GET /BLA/resoluciones/RESOLUCIONES%202002/RES%202002%201801-1850/20021816.tif HTTP/1.1" 200 190796
181.61.164.108 - - [06/Apr/2022:14:40:27 -0500] "GET /BLA/resoluciones/RESOLUCIONES%202002/RES%202002%201801-1850/20021817.tif HTTP/1.1" 200 84734
181.61.164.108 - - [06/Apr/2022:14:40:28 -0500] "GET /BLA/resoluciones/RESOLUCIONES%202002/RES%202002%201801-1850/20021818.tif HTTP/1.1" 200 84590
181.61.164.108 - - [06/Apr/2022:14:40:29 -0500] "GET /BLA/resoluciones/RESOLUCIONES%202002/RES%202002%201801-1850/20021819.tif HTTP/1.1" 200 120066
181.61.164.108 - - [06/Apr/2022:14:40:31 -0500] "GET /BLA/resoluciones/RESOLUCIONES%202002/RES%202002%201801-1850/20021820.tif HTTP/1.1" 200 82944
181.61.164.108 - - [06/Apr/2022:14:40:33 -0500] "GET /BLA/resoluciones/RESOLUCIONES%202002/RES%202002%201801-1850/20021821.tif HTTP/1.1" 200 121986
181.61.164.108 - - [06/Apr/2022:14:40:34 -0500] "GET /BLA/resoluciones/RESOLUCIONES%202002/RES%202002%201801-1850/20021822.tif HTTP/1.1" 200 123664
181.61.164.108 - - [06/Apr/2022:14:40:35 -0500] "GET /BLA/resoluciones/RESOLUCIONES%202002/RES%202002%201801-1850/20021823.tif HTTP/1.1" 200 56434
172.22.2.4 - - [06/Apr/2022:14:38:55 -0500] "GET /BLA/boletinlegal/ HTTP/1.1" 200 56669
181.61.164.108 - - [06/Apr/2022:14:40:36 -0500] "GET /BLA/resoluciones/RESOLUCIONES%202002/RES%202002%201801-1850/20021824.tif HTTP/1.1" 200 106448
181.61.164.108 - - [06/Apr/2022:14:40:37 -0500] "GET /BLA/resoluciones/RESOLUCIONES%202002/RES%202002%201801-1850/20021825.tif HTTP/1.1" 200 42228
181.61.164.108 - - [06/Apr/2022:14:40:42 -0500] "GET /BLA/resoluciones/RESOLUCIONES%202002/RES%202002%201801-1850/20021826.tif HTTP/1.1" 200 96328
181.61.164.108 - - [06/Apr/2022:14:40:43 -0500] "GET /BLA/resoluciones/RESOLUCIONES%202002/RES%202002%201801-1850/20021827.tif HTTP/1.1" 200 230138
181.61.164.108 - - [06/Apr/2022:14:40:44 -0500] "GET /BLA/resoluciones/RESOLUCIONES%202002/RES%202002%201801-1850/20021828.tif HTTP/1.1" 200 122380
181.61.164.108 - - [06/Apr/2022:14:40:45 -0500] "GET /BLA/resoluciones/RESOLUCIONES%202002/RES%202002%201801-1850/20021829.tif HTTP/1.1" 200 142956
181.61.164.108 - - [06/Apr/2022:14:40:47 -0500] "GET /BLA/resoluciones/RESOLUCIONES%202002/RES%202002%201801-1850/20021830.tif HTTP/1.1" 200 226442
181.61.164.108 - - [06/Apr/2022:14:40:48 -0500] "GET /BLA/resoluciones/RESOLUCIONES%202002/RES%202002%201801-1850/20021831.tif HTTP/1.1" 200 123968
181.61.164.108 - - [06/Apr/2022:14:40:51 -0500] "GET /BLA/resoluciones/RESOLUCIONES%202002/RES%202002%201801-1850/20021832.tif HTTP/1.1" 200 112270
181.61.164.108 - - [06/Apr/2022:14:40:54 -0500] "GET /BLA/resoluciones/RESOLUCIONES%202002/RES%202002%201801-1850/20021833.tif HTTP/1.1" 200 234634
181.61.164.108 - - [06/Apr/2022:14:40:55 -0500] "GET /BLA/resoluciones/RESOLUCIONES%202002/RES%202002%201801-1850/20021834.tif HTTP/1.1" 200 87428
181.61.164.108 - - [06/Apr/2022:14:40:58 -0500] "GET /BLA/resoluciones/RESOLUCIONES%202002/RES%202002%201801-1850/20021835.tif HTTP/1.1" 200 241392
181.61.164.108 - - [06/Apr/2022:14:41:00 -0500] "GET /BLA/resoluciones/RESOLUCIONES%202002/RES%202002%201801-1850/20021836.tif HTTP/1.1" 200 113442
181.61.164.108 - - [06/Apr/2022:14:41:01 -0500] "GET /BLA/resoluciones/RESOLUCIONES%202002/RES%202002%201801-1850/20021837.tif HTTP/1.1" 200 153390
181.61.164.108 - - [06/Apr/2022:14:41:03 -0500] "GET /BLA/resoluciones/RESOLUCIONES%202002/RES%202002%201801-1850/20021838.tif HTTP/1.1" 200 119698
181.61.164.108 - - [06/Apr/2022:14:41:05 -0500] "GET /BLA/resoluciones/RESOLUCIONES%202002/RES%202002%201801-1850/20021839.tif HTTP/1.1" 200 139608
66.249.65.13 - - [06/Apr/2022:14:41:05 -0500] "-" 408 -
181.61.164.108 - - [06/Apr/2022:14:41:06 -0500] "GET /BLA/resoluciones/RESOLUCIONES%202002/RES%202002%201801-1850/20021840.tif HTTP/1.1" 200 74214
172.22.2.4 - - [06/Apr/2022:14:41:06 -0500] "GET /BLA/boletinlegal/consulta_actos.php?tipo=resoluciones&no=&usuario=&sector=&fecha=2022&resuelve= HTTP/1.1" 200 35377
181.61.164.108 - - [06/Apr/2022:14:41:09 -0500] "GET /BLA/resoluciones/RESOLUCIONES%202002/RES%202002%201801-1850/20021841.tif HTTP/1.1" 200 126360
181.61.164.108 - - [06/Apr/2022:14:41:11 -0500] "GET /BLA/resoluciones/RESOLUCIONES%202002/RES%202002%201801-1850/20021842.tif HTTP/1.1" 200 40990
181.61.164.108 - - [06/Apr/2022:14:41:14 -0500] "GET /BLA/resoluciones/RESOLUCIONES%202002/RES%202002%201801-1850/20021843.tif HTTP/1.1" 200 106624
181.61.164.108 - - [06/Apr/2022:14:41:15 -0500] "GET /BLA/resoluciones/RESOLUCIONES%202002/RES%202002%201801-1850/20021844.tif HTTP/1.1" 200 115186
181.61.164.108 - - [06/Apr/2022:14:41:17 -0500] "GET /BLA/resoluciones/RESOLUCIONES%202002/RES%202002%201801-1850/20021845.tif HTTP/1.1" 200 212112
181.61.164.108 - - [06/Apr/2022:14:41:20 -0500] "GET /BLA/resoluciones/RESOLUCIONES%202002/RES%202002%201801-1850/20021846.tif HTTP/1.1" 200 34470
181.61.164.108 - - [06/Apr/2022:14:41:22 -0500] "GET /BLA/resoluciones/RESOLUCIONES%202002/RES%202002%201801-1850/20021847.tif HTTP/1.1" 200 35660
181.61.164.108 - - [06/Apr/2022:14:41:23 -0500] "GET /BLA/resoluciones/RESOLUCIONES%202002/RES%202002%201801-1850/20021848.tif HTTP/1.1" 200 35782
181.61.164.108 - - [06/Apr/2022:14:41:24 -0500] "GET /BLA/resoluciones/RESOLUCIONES%202002/RES%202002%201801-1850/20021849.tif HTTP/1.1" 200 98192
181.61.164.108 - - [06/Apr/2022:14:41:27 -0500] "GET /BLA/resoluciones/RESOLUCIONES%202002/RES%202002%201801-1850/20021850.tif HTTP/1.1" 200 92868
181.61.164.108 - - [06/Apr/2022:14:41:34 -0500] "GET /BLA/resoluciones/index.php?dir=RESOLUCIONES+2002%2FRES+2002+1851-1900%2F HTTP/1.1" 200 12150
186.29.181.78 - - [06/Apr/2022:14:41:36 -0500] "GET /si-eres-mujer-y-te-gusta-el-cuidado-de-los-humedales-este-proceso-de-formacion-es-para-ti.html HTTP/1.1" 304 -
181.61.164.108 - - [06/Apr/2022:14:41:38 -0500] "GET /BLA/resoluciones/RESOLUCIONES%202002/RES%202002%201851-1900/20021851.tif HTTP/1.1" 200 70608
190.60.82.18 - - [06/Apr/2022:14:41:38 -0500] "GET /BLA/resoluciones/RESOLUCIONES%202019/3140.pdf HTTP/1.1" 200 1305170
181.61.164.108 - - [06/Apr/2022:14:41:39 -0500] "GET /BLA/resoluciones/RESOLUCIONES%202002/RES%202002%201851-1900/20021852.tif HTTP/1.1" 200 98008
190.60.82.18 - - [06/Apr/2022:14:41:39 -0500] "GET /favicon.ico HTTP/1.1" 200 7782
181.61.164.108 - - [06/Apr/2022:14:41:41 -0500] "GET /BLA/resoluciones/RESOLUCIONES%202002/RES%202002%201851-1900/20021853.tif HTTP/1.1" 200 71956
181.61.164.108 - - [06/Apr/2022:14:41:43 -0500] "GET /BLA/resoluciones/RESOLUCIONES%202002/RES%202002%201851-1900/20021854.tif HTTP/1.1" 200 148466
181.61.164.108 - - [06/Apr/2022:14:41:44 -0500] "GET /BLA/resoluciones/RESOLUCIONES%202002/RES%202002%201851-1900/20021855.tif HTTP/1.1" 200 303694
181.61.164.108 - - [06/Apr/2022:14:41:46 -0500] "GET /BLA/resoluciones/RESOLUCIONES%202002/RES%202002%201851-1900/20021856.tif HTTP/1.1" 200 94274
181.61.164.108 - - [06/Apr/2022:14:41:47 -0500] "GET /BLA/resoluciones/RESOLUCIONES%202002/RES%202002%201851-1900/20021857.tif HTTP/1.1" 200 135262
216.245.221.92 - - [06/Apr/2022:14:41:49 -0500] "HEAD / HTTP/1.1" 200 -
181.61.164.108 - - [06/Apr/2022:14:41:49 -0500] "GET /BLA/resoluciones/RESOLUCIONES%202002/RES%202002%201851-1900/20021858.tif HTTP/1.1" 200 107796
181.61.164.108 - - [06/Apr/2022:14:41:52 -0500] "GET /BLA/resoluciones/RESOLUCIONES%202002/RES%202002%201851-1900/20021859.tif HTTP/1.1" 200 107620
181.61.164.108 - - [06/Apr/2022:14:41:53 -0500] "GET /BLA/resoluciones/RESOLUCIONES%202002/RES%202002%201851-1900/20021860.tif HTTP/1.1" 200 110090
181.61.164.108 - - [06/Apr/2022:14:41:54 -0500] "GET /BLA/resoluciones/RESOLUCIONES%202002/RES%202002%201851-1900/20021861.tif HTTP/1.1" 200 110576
181.61.164.108 - - [06/Apr/2022:14:41:55 -0500] "GET /BLA/resoluciones/RESOLUCIONES%202002/RES%202002%201851-1900/20021862.tif HTTP/1.1" 200 37206
181.61.164.108 - - [06/Apr/2022:14:41:56 -0500] "GET /BLA/resoluciones/RESOLUCIONES%202002/RES%202002%201851-1900/20021863.tif HTTP/1.1" 200 99766
181.61.164.108 - - [06/Apr/2022:14:41:59 -0500] "GET /BLA/resoluciones/RESOLUCIONES%202002/RES%202002%201851-1900/20021864.tif HTTP/1.1" 200 93456
181.61.164.108 - - [06/Apr/2022:14:42:00 -0500] "GET /BLA/resoluciones/RESOLUCIONES%202002/RES%202002%201851-1900/20021865.tif HTTP/1.1" 200 81068
181.61.164.108 - - [06/Apr/2022:14:42:02 -0500] "GET /BLA/resoluciones/RESOLUCIONES%202002/RES%202002%201851-1900/20021866.tif HTTP/1.1" 200 81052
181.61.164.108 - - [06/Apr/2022:14:42:03 -0500] "GET /BLA/resoluciones/RESOLUCIONES%202002/RES%202002%201851-1900/20021867.tif HTTP/1.1" 200 299836
181.61.164.108 - - [06/Apr/2022:14:42:05 -0500] "GET /BLA/resoluciones/RESOLUCIONES%202002/RES%202002%201851-1900/20021868.tif HTTP/1.1" 200 80498
181.61.164.108 - - [06/Apr/2022:14:42:06 -0500] "GET /BLA/resoluciones/RESOLUCIONES%202002/RES%202002%201851-1900/20021869.tif HTTP/1.1" 200 86868
181.61.164.108 - - [06/Apr/2022:14:42:07 -0500] "GET /BLA/resoluciones/RESOLUCIONES%202002/RES%202002%201851-1900/20021870.tif HTTP/1.1" 200 34448
200.118.64.109 - - [06/Apr/2022:14:42:08 -0500] "POST /forms/lservlet;jsessionid=ac16012b30d6c7b1e1b4d61c4b9d8b438a525e0deb16.e3iSbxaKaheRe34Sc38RahyRchr0n6jAmljGr5XDqQLvpAe HTTP/1.1" 200 2
181.61.164.108 - - [06/Apr/2022:14:42:08 -0500] "GET /BLA/resoluciones/RESOLUCIONES%202002/RES%202002%201851-1900/20021871.tif HTTP/1.1" 200 69266
181.61.164.108 - - [06/Apr/2022:14:42:09 -0500] "GET /BLA/resoluciones/RESOLUCIONES%202002/RES%202002%201851-1900/20021872.tif HTTP/1.1" 200 65638
181.61.164.108 - - [06/Apr/2022:14:42:10 -0500] "GET /BLA/resoluciones/RESOLUCIONES%202002/RES%202002%201851-1900/20021873.tif HTTP/1.1" 200 65352
186.84.88.72 - - [06/Apr/2022:14:42:11 -0500] "GET /si-eres-mujer-y-te-gusta-el-cuidado-de-los-humedales-este-proceso-de-formacion-es-para-ti.html HTTP/1.1" 200 1025
181.61.164.108 - - [06/Apr/2022:14:42:11 -0500] "GET /BLA/resoluciones/RESOLUCIONES%202002/RES%202002%201851-1900/20021874.tif HTTP/1.1" 200 79816
181.61.164.108 - - [06/Apr/2022:14:42:12 -0500] "GET /BLA/resoluciones/RESOLUCIONES%202002/RES%202002%201851-1900/20021875.tif HTTP/1.1" 200 77650
181.61.164.108 - - [06/Apr/2022:14:42:16 -0500] "GET /BLA/resoluciones/RESOLUCIONES%202002/RES%202002%201851-1900/20021876.tif HTTP/1.1" 200 141154
181.61.164.108 - - [06/Apr/2022:14:42:19 -0500] "GET /BLA/resoluciones/RESOLUCIONES%202002/RES%202002%201851-1900/20021877.tif HTTP/1.1" 200 186792
181.61.164.108 - - [06/Apr/2022:14:42:22 -0500] "GET /BLA/resoluciones/RESOLUCIONES%202002/RES%202002%201851-1900/20021878.tif HTTP/1.1" 200 136086
181.61.164.108 - - [06/Apr/2022:14:42:23 -0500] "GET /BLA/resoluciones/RESOLUCIONES%202002/RES%202002%201851-1900/20021879.tif HTTP/1.1" 200 165078
181.61.164.108 - - [06/Apr/2022:14:42:24 -0500] "GET /BLA/resoluciones/RESOLUCIONES%202002/RES%202002%201851-1900/20021880.tif HTTP/1.1" 200 123162
181.61.164.108 - - [06/Apr/2022:14:42:25 -0500] "GET /BLA/resoluciones/RESOLUCIONES%202002/RES%202002%201851-1900/20021881.tif HTTP/1.1" 200 136992
181.61.164.108 - - [06/Apr/2022:14:42:26 -0500] "GET /BLA/resoluciones/RESOLUCIONES%202002/RES%202002%201851-1900/20021882.tif HTTP/1.1" 200 72086
181.61.164.108 - - [06/Apr/2022:14:42:30 -0500] "GET /BLA/resoluciones/RESOLUCIONES%202002/RES%202002%201851-1900/20021883.tif HTTP/1.1" 200 125334
181.61.164.108 - - [06/Apr/2022:14:42:32 -0500] "GET /BLA/resoluciones/RESOLUCIONES%202002/RES%202002%201851-1900/20021884.tif HTTP/1.1" 200 217018
181.61.164.108 - - [06/Apr/2022:14:42:33 -0500] "GET /BLA/resoluciones/RESOLUCIONES%202002/RES%202002%201851-1900/20021885.tif HTTP/1.1" 200 103722
181.61.164.108 - - [06/Apr/2022:14:42:34 -0500] "GET /BLA/resoluciones/RESOLUCIONES%202002/RES%202002%201851-1900/20021886.tif HTTP/1.1" 200 193128
181.61.164.108 - - [06/Apr/2022:14:42:35 -0500] "GET /BLA/resoluciones/RESOLUCIONES%202002/RES%202002%201851-1900/20021887.tif HTTP/1.1" 200 88436
181.61.164.108 - - [06/Apr/2022:14:42:36 -0500] "GET /BLA/resoluciones/RESOLUCIONES%202002/RES%202002%201851-1900/20021888.tif HTTP/1.1" 200 73166
186.148.168.245 - - [06/Apr/2022:14:42:37 -0500] "GET /sipse/faces/javax.faces.resource/images/ui-bg_flat_0_2d5972_40x100.png?ln=primefaces-aristo HTTP/1.1" 304 -
186.148.168.245 - - [06/Apr/2022:14:42:37 -0500] "POST /sipse/faces/bienvenido.xhtml HTTP/1.1" 200 2055
181.61.164.108 - - [06/Apr/2022:14:42:38 -0500] "GET /BLA/resoluciones/RESOLUCIONES%202002/RES%202002%201851-1900/20021889.tif HTTP/1.1" 200 238458
186.148.168.245 - - [06/Apr/2022:14:42:39 -0500] "POST /sipse/faces/bienvenido.xhtml HTTP/1.1" 200 24771
186.148.168.245 - - [06/Apr/2022:14:42:39 -0500] "GET /sipse/faces/javax.faces.resource/primefaces.css?ln=primefaces&v=4.0 HTTP/1.1" 304 -
186.148.168.245 - - [06/Apr/2022:14:42:39 -0500] "GET /sipse/faces/javax.faces.resource/theme.css?ln=primefaces-sipse HTTP/1.1" 304 -
186.148.168.245 - - [06/Apr/2022:14:42:39 -0500] "GET /sipse/faces/javax.faces.resource/jquery/jquery.js?ln=primefaces&v=4.0 HTTP/1.1" 304 -
186.148.168.245 - - [06/Apr/2022:14:42:39 -0500] "GET /sipse/faces/javax.faces.resource/layout/layout.css?ln=primefaces&v=4.0 HTTP/1.1" 304 -
186.148.168.245 - - [06/Apr/2022:14:42:40 -0500] "GET /sipse/faces/javax.faces.resource/jquery/jquery-plugins.js?ln=primefaces&v=4.0 HTTP/1.1" 304 -
186.148.168.245 - - [06/Apr/2022:14:42:40 -0500] "GET /sipse/faces/javax.faces.resource/primefaces.js?ln=primefaces&v=4.0 HTTP/1.1" 304 -
