186.102.1.80 - - [06/Apr/2022:14:20:01 -0500] "GET /kwssiamovil/sm/acme/s?s=U2FsdGVkX185oKi69g0YyRaL8+0aIFoDf8XgB70Zvcd/P5YLtlS+SHge6tdxA9wj&u=U2FsdGVkX1/m+5NUh0F8JsE41++T045NUEOcerkuIKU=&y=U2FsdGVkX19aFU5ntm6xa/aLxzMgtglL1fSUybimfEzgoa8F6bI+Nprn83DwpZs7 HTTP/1.1" 200 70
186.102.1.80 - - [06/Apr/2022:14:20:01 -0500] "GET /kwssiamovil/sm/acme/s?s=U2FsdGVkX18ePWIIkCfbHzAOwym51kwARo7HgV64u3XyaOnunxB/rJ5u6g27UHEy&u=U2FsdGVkX1/m+5NUh0F8JsE41++T045NUEOcerkuIKU=&y=U2FsdGVkX19aFU5ntm6xa/aLxzMgtglL1fSUybimfEzgoa8F6bI+Nprn83DwpZs7 HTTP/1.1" 200 70
186.102.1.80 - - [06/Apr/2022:14:20:01 -0500] "GET /kwssiamovil/sm/acme/s?s=U2FsdGVkX19jcQWUxlzFv3GGJ6mV9mJJ6oXTSmz6yKVFy39mNpAEKrUVIlXzprSF&u=U2FsdGVkX1/m+5NUh0F8JsE41++T045NUEOcerkuIKU=&y=U2FsdGVkX19aFU5ntm6xa/aLxzMgtglL1fSUybimfEzgoa8F6bI+Nprn83DwpZs7 HTTP/1.1" 200 70
186.102.1.80 - - [06/Apr/2022:14:20:02 -0500] "GET /kwssiamovil/sm/acme/s?s=U2FsdGVkX1+Krjy1ReT/DW9et3wXCNFHsjQEzdjPuN6hfQCqfx4ZDs8ylPturLVz&u=U2FsdGVkX1/m+5NUh0F8JsE41++T045NUEOcerkuIKU=&y=U2FsdGVkX19aFU5ntm6xa/aLxzMgtglL1fSUybimfEzgoa8F6bI+Nprn83DwpZs7 HTTP/1.1" 200 70
186.102.1.80 - - [06/Apr/2022:14:20:02 -0500] "GET /kwssiamovil/sm/acme/s?s=U2FsdGVkX188iKJsOestS4fmdEw1xdhVEerTe08gHZ+L49XAHL6bTkurgQRmXVjC&u=U2FsdGVkX1/m+5NUh0F8JsE41++T045NUEOcerkuIKU=&y=U2FsdGVkX19aFU5ntm6xa/aLxzMgtglL1fSUybimfEzgoa8F6bI+Nprn83DwpZs7 HTTP/1.1" 200 70
186.102.1.80 - - [06/Apr/2022:14:20:02 -0500] "GET /kwssiamovil/sm/acme/s?s=U2FsdGVkX1+CHeXWrxg7ccioZE74xUDJZJ6R4VdUjctDXeGsDdtNTMKWYqM8sxlp&u=U2FsdGVkX1/m+5NUh0F8JsE41++T045NUEOcerkuIKU=&y=U2FsdGVkX19aFU5ntm6xa/aLxzMgtglL1fSUybimfEzgoa8F6bI+Nprn83DwpZs7 HTTP/1.1" 200 70
186.102.1.80 - - [06/Apr/2022:14:20:02 -0500] "GET /kwssiamovil/sm/acme/s?s=U2FsdGVkX1+ZEr6cs5sdf757ozChrhkJCt4aw03jXsJbo3JMO9z7MjXr95P4kpzC&u=U2FsdGVkX1/m+5NUh0F8JsE41++T045NUEOcerkuIKU=&y=U2FsdGVkX19aFU5ntm6xa/aLxzMgtglL1fSUybimfEzgoa8F6bI+Nprn83DwpZs7 HTTP/1.1" 200 70
186.102.1.80 - - [06/Apr/2022:14:20:03 -0500] "GET /kwssiamovil/sm/acme/s?s=U2FsdGVkX1+1fk2Dy7m9rUlTonqgrMGLf11Y24qiMqKCfGZrSzkjxRRQG1rdQxQj&u=U2FsdGVkX1/m+5NUh0F8JsE41++T045NUEOcerkuIKU=&y=U2FsdGVkX19aFU5ntm6xa/aLxzMgtglL1fSUybimfEzgoa8F6bI+Nprn83DwpZs7 HTTP/1.1" 200 70
186.102.1.80 - - [06/Apr/2022:14:20:03 -0500] "GET /kwssiamovil/sm/acme/s?s=U2FsdGVkX184969AInwAaoSJYIda13e6ynUhogux0pxbwSxR3qoVzPkKj6jbNaEu&u=U2FsdGVkX1/m+5NUh0F8JsE41++T045NUEOcerkuIKU=&y=U2FsdGVkX19aFU5ntm6xa/aLxzMgtglL1fSUybimfEzgoa8F6bI+Nprn83DwpZs7 HTTP/1.1" 200 70
186.102.1.80 - - [06/Apr/2022:14:20:03 -0500] "GET /kwssiamovil/sm/acme/s?s=U2FsdGVkX1/vRPBVxiA9sgrqPtJ/rw7Lu2TbhCH1zFvckETbHHBIxIJos1oqY+BM&u=U2FsdGVkX1/m+5NUh0F8JsE41++T045NUEOcerkuIKU=&y=U2FsdGVkX19aFU5ntm6xa/aLxzMgtglL1fSUybimfEzgoa8F6bI+Nprn83DwpZs7 HTTP/1.1" 200 70
186.102.1.80 - - [06/Apr/2022:14:20:03 -0500] "GET /kwssiamovil/sm/acme/s?s=U2FsdGVkX19t0Uhx/8lc4QdtryTu3IeKbGvseT04b434lk7FpxJs+LJlZmtT2OLj&u=U2FsdGVkX1/m+5NUh0F8JsE41++T045NUEOcerkuIKU=&y=U2FsdGVkX19aFU5ntm6xa/aLxzMgtglL1fSUybimfEzgoa8F6bI+Nprn83DwpZs7 HTTP/1.1" 200 70
186.102.1.80 - - [06/Apr/2022:14:20:03 -0500] "GET /kwssiamovil/sm/acme/s?s=U2FsdGVkX1/yFA/xMhLKMDiiVrNnh5qeuh9cdqkbzYIjijkf9kJPKtdqUxln2u+e&u=U2FsdGVkX1/m+5NUh0F8JsE41++T045NUEOcerkuIKU=&y=U2FsdGVkX19aFU5ntm6xa/aLxzMgtglL1fSUybimfEzgoa8F6bI+Nprn83DwpZs7 HTTP/1.1" 200 70
186.102.1.80 - - [06/Apr/2022:14:20:03 -0500] "GET /kwssiamovil/sm/acme/s?s=U2FsdGVkX1/XbuV9lHnEXOmx1yhn4Ar+3PH65Bf/0BwC6WuIobrJYhqwuX36f/1Q&u=U2FsdGVkX1/m+5NUh0F8JsE41++T045NUEOcerkuIKU=&y=U2FsdGVkX19aFU5ntm6xa/aLxzMgtglL1fSUybimfEzgoa8F6bI+Nprn83DwpZs7 HTTP/1.1" 200 70
186.102.1.80 - - [06/Apr/2022:14:20:04 -0500] "GET /kwssiamovil/sm/acme/s?s=U2FsdGVkX193AGzNH/9/XWMEIzhWTxx3iMQ5Owzokhuz1zsmBjn+aX1hZGxexPAn&u=U2FsdGVkX1/m+5NUh0F8JsE41++T045NUEOcerkuIKU=&y=U2FsdGVkX19aFU5ntm6xa/aLxzMgtglL1fSUybimfEzgoa8F6bI+Nprn83DwpZs7 HTTP/1.1" 200 70
186.102.1.80 - - [06/Apr/2022:14:20:04 -0500] "GET /kwssiamovil/sm/acme/s?s=U2FsdGVkX1/L6B8opiL7/jz6O9401qbE3IdWKXqLx/9iboflroXZgPv57M3Qd46E&u=U2FsdGVkX1/m+5NUh0F8JsE41++T045NUEOcerkuIKU=&y=U2FsdGVkX19aFU5ntm6xa/aLxzMgtglL1fSUybimfEzgoa8F6bI+Nprn83DwpZs7 HTTP/1.1" 200 70
186.102.1.80 - - [06/Apr/2022:14:20:04 -0500] "GET /kwssiamovil/sm/acme/s?s=U2FsdGVkX188925pXRwiK3FqiZPUjuHFIdvn+T0zuSRJG0t7FoOJj2rMidsVRutV&u=U2FsdGVkX1/m+5NUh0F8JsE41++T045NUEOcerkuIKU=&y=U2FsdGVkX19aFU5ntm6xa/aLxzMgtglL1fSUybimfEzgoa8F6bI+Nprn83DwpZs7 HTTP/1.1" 200 70
186.102.1.80 - - [06/Apr/2022:14:20:04 -0500] "GET /kwssiamovil/sm/acme/s?s=U2FsdGVkX19GhnPCWBDcO6njYukcD5PImfSwmT0K06/ZOUZgzFz4CnFpo8LPEy1Z&u=U2FsdGVkX1/m+5NUh0F8JsE41++T045NUEOcerkuIKU=&y=U2FsdGVkX19aFU5ntm6xa/aLxzMgtglL1fSUybimfEzgoa8F6bI+Nprn83DwpZs7 HTTP/1.1" 200 70
186.102.1.80 - - [06/Apr/2022:14:20:04 -0500] "GET /kwssiamovil/sm/acme/s?s=U2FsdGVkX19B0ajPAlXeh3BKN2P/VMzK41vyj50Zx8X2+SHDpt1rLkPxmjemDsOm&u=U2FsdGVkX1/m+5NUh0F8JsE41++T045NUEOcerkuIKU=&y=U2FsdGVkX19aFU5ntm6xa/aLxzMgtglL1fSUybimfEzgoa8F6bI+Nprn83DwpZs7 HTTP/1.1" 200 70
186.102.1.80 - - [06/Apr/2022:14:20:05 -0500] "GET /kwssiamovil/sm/acme/s?s=U2FsdGVkX197/NMdAV6iPfomAgS101JyfY5U5bxPxUP396Qs13TgqBaW1O6txUXu&u=U2FsdGVkX1/m+5NUh0F8JsE41++T045NUEOcerkuIKU=&y=U2FsdGVkX19aFU5ntm6xa/aLxzMgtglL1fSUybimfEzgoa8F6bI+Nprn83DwpZs7 HTTP/1.1" 200 70
186.102.1.80 - - [06/Apr/2022:14:20:05 -0500] "GET /kwssiamovil/sm/acme/s?s=U2FsdGVkX19n35oKMMoznC7oIRfUo0MbMVI6VUI/5ghYRLuuL6K6oT2ZNYP24qIq&u=U2FsdGVkX1/m+5NUh0F8JsE41++T045NUEOcerkuIKU=&y=U2FsdGVkX19aFU5ntm6xa/aLxzMgtglL1fSUybimfEzgoa8F6bI+Nprn83DwpZs7 HTTP/1.1" 200 70
186.102.1.80 - - [06/Apr/2022:14:20:05 -0500] "GET /kwssiamovil/sm/acme/s?s=U2FsdGVkX18Z/RYHqIsJY5fXQxKMynUaE8Xy3+ryP+o2KFAd/Ob/W46BUfrGI/io&u=U2FsdGVkX1/m+5NUh0F8JsE41++T045NUEOcerkuIKU=&y=U2FsdGVkX19aFU5ntm6xa/aLxzMgtglL1fSUybimfEzgoa8F6bI+Nprn83DwpZs7 HTTP/1.1" 200 70
186.102.1.80 - - [06/Apr/2022:14:20:06 -0500] "GET /kwssiamovil/sm/acme/s?s=U2FsdGVkX18Jk1sOy3O9LIJ+206nMW5jLbsRknWTvrVn5aePO0kvBxohIZ4ioP8gDHcNzHX0gimQBH0rirob48aQIkUxu7xZ/JWi/7F7YlYefS8yKzWsvuc8JDSYLA8mg0exuNk/RmjyXOc+iEIYgeCbwyRVYoHwdACoqkEkhv07EbjeSPZw7BPx2ywg57fuX+ZTGa2Q/4j1cVwY3BC+FE/k3a+Zdsl5Il/jTchKHuWXvupJH1/btntsDydhqYb6iqU6zudzLfNOLL29SSQgfDkm+ffn2/kvAAM/TywwAOwNV8BXLpoM9fX15zYndLVXr65Y9NS7YdlzKF+JKZu2aPzmJk4SeRMwpjuY6ADVhRI=&u=U2FsdGVkX1/m+5NUh0F8JsE41++T045NUEOcerkuIKU=&y=U2FsdGVkX19aFU5ntm6xa/aLxzMgtglL1fSUybimfEzgoa8F6bI+Nprn83DwpZs7 HTTP/1.1" 200 196
186.102.1.80 - - [06/Apr/2022:14:20:08 -0500] "GET /kwssiamovil/sm/cjson/pre?f=1&x=U2FsdGVkX19C8V5ZZR7MOHygGJ3u1Ql9S2fN8Dns4kNlG0aG2ijT18QRYZf5wNxc HTTP/1.1" 200 30975
172.22.2.4 - - [06/Apr/2022:14:20:40 -0500] "GET /BLA/boletinlegal/consulta_actos.php?tipo=autos&no=&usuario=&sector=&fecha=2021&resuelve=conjunto HTTP/1.1" 200 626
172.22.2.4 - - [06/Apr/2022:14:19:10 -0500] "GET /BLA/boletinlegal/ HTTP/1.1" 200 62551
172.22.2.4 - - [06/Apr/2022:14:20:50 -0500] "GET /BLA/boletinlegal/consulta_actos.php?tipo=autos&no=&usuario=&sector=&fecha=2021&resuelve=americas HTTP/1.1" 200 626
172.22.2.4 - - [06/Apr/2022:14:20:56 -0500] "GET /BLA/boletinlegal/consulta_actos.php?tipo=autos&no=&usuario=&sector=&fecha=2021&resuelve=americas HTTP/1.1" 200 626
172.22.2.4 - - [06/Apr/2022:14:20:56 -0500] "GET /BLA/boletinlegal/consulta_actos.php?tipo=autos&no=&usuario=&sector=&fecha=2021&resuelve=americas HTTP/1.1" 200 626
172.22.2.4 - - [06/Apr/2022:14:20:56 -0500] "GET /BLA/boletinlegal/consulta_actos.php?tipo=autos&no=&usuario=&sector=&fecha=2021&resuelve=americas HTTP/1.1" 200 626
201.221.172.240 - - [06/Apr/2022:14:20:59 -0500] "GET /si-eres-mujer-y-te-gusta-el-cuidado-de-los-humedales-este-proceso-de-formacion-es-para-ti.html HTTP/1.1" 200 1025
172.22.2.4 - - [06/Apr/2022:14:20:59 -0500] "GET /BLA/boletinlegal/consulta_actos.php?tipo=autos&no=&usuario=&sector=&fecha=2021&resuelve=americas HTTP/1.1" 200 626
172.22.2.4 - - [06/Apr/2022:14:21:00 -0500] "GET /BLA/boletinlegal/consulta_actos.php?tipo=autos&no=&usuario=&sector=&fecha=2021&resuelve=americas HTTP/1.1" 200 626
40.77.167.78 - - [06/Apr/2022:14:21:00 -0500] "GET /portaldeninos/humedales-ramsar/ HTTP/1.1" 200 81834
207.46.13.43 - - [06/Apr/2022:14:21:10 -0500] "GET /appsia/controlador HTTP/1.1" 200 4799
40.77.167.46 - - [06/Apr/2022:14:21:21 -0500] "GET /appsia/scripts/validarIngreso.js HTTP/1.1" 200 851
207.46.13.209 - - [06/Apr/2022:14:21:24 -0500] "GET /appsia/css/estilos.css HTTP/1.1" 200 4804
216.245.221.92 - - [06/Apr/2022:14:21:49 -0500] "HEAD / HTTP/1.1" 200 -
172.22.2.4 - - [06/Apr/2022:14:20:35 -0500] "HEAD /BLA/boletinlegal/ HTTP/1.1" 200 -
172.22.2.4 - - [06/Apr/2022:14:22:35 -0500] "GET /BLA/boletinlegal/robots.txt HTTP/1.1" 404 1018
201.245.192.253 - - [06/Apr/2022:14:22:11 -0500] "POST /kwsrmcab/Wsrmcab HTTP/1.1" 200 45286
172.22.2.4 - - [06/Apr/2022:14:21:25 -0500] "GET /BLA/boletinlegal/ HTTP/1.1" 200 59688
201.245.192.253 - - [06/Apr/2022:14:22:58 -0500] "POST /kwsrmcab/Wsrmcab HTTP/1.1" 200 45920
200.118.64.109 - - [06/Apr/2022:14:24:00 -0500] "GET /forms/frmservlet?config=sia HTTP/1.1" 200 4046
200.118.64.109 - - [06/Apr/2022:14:24:00 -0500] "GET /forms/frmservlet?config=sia HTTP/1.1" 200 4046
200.118.64.109 - - [06/Apr/2022:14:24:00 -0500] "GET /forms/java/oracle/forms/registry/Registry.dat HTTP/1.1" 200 4213
200.118.64.109 - - [06/Apr/2022:14:24:00 -0500] "GET /forms/java/oracle/forms/registry/default.dat HTTP/1.1" 404 350
200.118.64.109 - - [06/Apr/2022:14:24:00 -0500] "GET /forms/frmservlet?config=sia&acceptLanguage=en-us,en;q=0.5&ifcmd=startsession HTTP/1.1" 200 119
200.118.64.109 - - [06/Apr/2022:14:24:00 -0500] "GET /forms/lservlet;jsessionid=ac16012b30d6c7b1e1b4d61c4b9d8b438a525e0deb16.e3iSbxaKaheRe34Sc38RahyRchr0n6jAmljGr5XDqQLvpAe?ifcmd=getinfo HTTP/1.1" 200 8
200.118.64.109 - - [06/Apr/2022:14:24:00 -0500] "POST /forms/lservlet;jsessionid=ac16012b30d6c7b1e1b4d61c4b9d8b438a525e0deb16.e3iSbxaKaheRe34Sc38RahyRchr0n6jAmljGr5XDqQLvpAe HTTP/1.1" 200 8
200.118.64.109 - - [06/Apr/2022:14:24:02 -0500] "POST /forms/lservlet;jsessionid=ac16012b30d6c7b1e1b4d61c4b9d8b438a525e0deb16.e3iSbxaKaheRe34Sc38RahyRchr0n6jAmljGr5XDqQLvpAe HTTP/1.1" 200 64000
200.118.64.109 - - [06/Apr/2022:14:24:02 -0500] "HEAD /imagenes/dama_logo.gif HTTP/1.1" 200 -
200.118.64.109 - - [06/Apr/2022:14:24:02 -0500] "POST /forms/lservlet;jsessionid=ac16012b30d6c7b1e1b4d61c4b9d8b438a525e0deb16.e3iSbxaKaheRe34Sc38RahyRchr0n6jAmljGr5XDqQLvpAe HTTP/1.1" 200 64000
200.118.64.109 - - [06/Apr/2022:14:24:03 -0500] "POST /forms/lservlet;jsessionid=ac16012b30d6c7b1e1b4d61c4b9d8b438a525e0deb16.e3iSbxaKaheRe34Sc38RahyRchr0n6jAmljGr5XDqQLvpAe HTTP/1.1" 200 63623
200.118.64.109 - - [06/Apr/2022:14:24:03 -0500] "POST /forms/lservlet;jsessionid=ac16012b30d6c7b1e1b4d61c4b9d8b438a525e0deb16.e3iSbxaKaheRe34Sc38RahyRchr0n6jAmljGr5XDqQLvpAe HTTP/1.1" 200 2
191.156.181.90 - - [06/Apr/2022:14:24:04 -0500] "-" 408 -
181.61.164.108 - - [06/Apr/2022:14:24:23 -0500] "GET /BLA/resoluciones/index.php?dir=RESOLUCIONES+2002%2FRES+2002+1451-1500%2F HTTP/1.1" 200 12146
181.61.164.108 - - [06/Apr/2022:14:24:25 -0500] "GET /BLA/resoluciones/RESOLUCIONES%202002/RES%202002%201451-1500/20021451.tif HTTP/1.1" 200 88750
181.61.164.108 - - [06/Apr/2022:14:24:26 -0500] "GET /BLA/resoluciones/RESOLUCIONES%202002/RES%202002%201451-1500/20021452.tif HTTP/1.1" 200 272688
181.61.164.108 - - [06/Apr/2022:14:24:27 -0500] "GET /BLA/resoluciones/RESOLUCIONES%202002/RES%202002%201451-1500/20021453.tif HTTP/1.1" 200 259756
181.61.164.108 - - [06/Apr/2022:14:24:28 -0500] "GET /BLA/resoluciones/RESOLUCIONES%202002/RES%202002%201451-1500/20021454.tif HTTP/1.1" 200 104126
181.61.164.108 - - [06/Apr/2022:14:24:29 -0500] "GET /BLA/resoluciones/RESOLUCIONES%202002/RES%202002%201451-1500/20021455.tif HTTP/1.1" 200 114748
181.61.164.108 - - [06/Apr/2022:14:24:30 -0500] "GET /BLA/resoluciones/RESOLUCIONES%202002/RES%202002%201451-1500/20021456.tif HTTP/1.1" 200 97464
181.61.164.108 - - [06/Apr/2022:14:24:32 -0500] "GET /BLA/resoluciones/RESOLUCIONES%202002/RES%202002%201451-1500/20021457.tif HTTP/1.1" 200 40590
181.61.164.108 - - [06/Apr/2022:14:24:33 -0500] "GET /BLA/resoluciones/RESOLUCIONES%202002/RES%202002%201451-1500/20021458.tif HTTP/1.1" 200 39600
181.61.164.108 - - [06/Apr/2022:14:24:34 -0500] "GET /BLA/resoluciones/RESOLUCIONES%202002/RES%202002%201451-1500/20021459.tif HTTP/1.1" 200 39822
181.61.164.108 - - [06/Apr/2022:14:24:35 -0500] "GET /BLA/resoluciones/RESOLUCIONES%202002/RES%202002%201451-1500/20021460.tif HTTP/1.1" 200 86072
181.61.164.108 - - [06/Apr/2022:14:24:36 -0500] "GET /BLA/resoluciones/RESOLUCIONES%202002/RES%202002%201451-1500/20021461.tif HTTP/1.1" 200 121602
181.61.164.108 - - [06/Apr/2022:14:24:37 -0500] "GET /BLA/resoluciones/RESOLUCIONES%202002/RES%202002%201451-1500/20021462.tif HTTP/1.1" 200 240322
181.61.164.108 - - [06/Apr/2022:14:24:39 -0500] "GET /BLA/resoluciones/RESOLUCIONES%202002/RES%202002%201451-1500/20021463.tif HTTP/1.1" 200 337542
181.61.164.108 - - [06/Apr/2022:14:24:40 -0500] "GET /BLA/resoluciones/RESOLUCIONES%202002/RES%202002%201451-1500/20021464.tif HTTP/1.1" 200 154138
181.61.164.108 - - [06/Apr/2022:14:24:40 -0500] "GET /BLA/resoluciones/RESOLUCIONES%202002/RES%202002%201451-1500/20021465.tif HTTP/1.1" 200 98360
181.61.164.108 - - [06/Apr/2022:14:24:41 -0500] "GET /BLA/resoluciones/RESOLUCIONES%202002/RES%202002%201451-1500/20021466.tif HTTP/1.1" 200 96956
181.61.164.108 - - [06/Apr/2022:14:24:42 -0500] "GET /BLA/resoluciones/RESOLUCIONES%202002/RES%202002%201451-1500/20021467.tif HTTP/1.1" 200 84200
181.61.164.108 - - [06/Apr/2022:14:24:43 -0500] "GET /BLA/resoluciones/RESOLUCIONES%202002/RES%202002%201451-1500/20021468.tif HTTP/1.1" 200 96452
181.61.164.108 - - [06/Apr/2022:14:24:44 -0500] "GET /BLA/resoluciones/RESOLUCIONES%202002/RES%202002%201451-1500/20021469.tif HTTP/1.1" 200 103816
181.61.164.108 - - [06/Apr/2022:14:24:46 -0500] "GET /BLA/resoluciones/RESOLUCIONES%202002/RES%202002%201451-1500/20021470.tif HTTP/1.1" 200 43844
181.61.164.108 - - [06/Apr/2022:14:24:47 -0500] "GET /BLA/resoluciones/RESOLUCIONES%202002/RES%202002%201451-1500/20021471.tif HTTP/1.1" 200 87796
181.61.164.108 - - [06/Apr/2022:14:24:48 -0500] "GET /BLA/resoluciones/RESOLUCIONES%202002/RES%202002%201451-1500/20021472.tif HTTP/1.1" 200 152436
181.61.164.108 - - [06/Apr/2022:14:24:49 -0500] "GET /BLA/resoluciones/RESOLUCIONES%202002/RES%202002%201451-1500/20021473.tif HTTP/1.1" 200 102536
200.118.64.109 - - [06/Apr/2022:14:24:50 -0500] "POST /forms/lservlet;jsessionid=ac16012b30d6c7b1e1b4d61c4b9d8b438a525e0deb16.e3iSbxaKaheRe34Sc38RahyRchr0n6jAmljGr5XDqQLvpAe HTTP/1.1" 200 222
181.61.164.108 - - [06/Apr/2022:14:24:51 -0500] "GET /BLA/resoluciones/RESOLUCIONES%202002/RES%202002%201451-1500/20021474.tif HTTP/1.1" 200 88530
200.118.64.109 - - [06/Apr/2022:14:24:51 -0500] "POST /forms/lservlet;jsessionid=ac16012b30d6c7b1e1b4d61c4b9d8b438a525e0deb16.e3iSbxaKaheRe34Sc38RahyRchr0n6jAmljGr5XDqQLvpAe HTTP/1.1" 200 40
181.61.164.108 - - [06/Apr/2022:14:24:52 -0500] "GET /BLA/resoluciones/RESOLUCIONES%202002/RES%202002%201451-1500/20021475.tif HTTP/1.1" 200 61124
181.61.164.108 - - [06/Apr/2022:14:24:57 -0500] "GET /BLA/resoluciones/RESOLUCIONES%202002/RES%202002%201451-1500/20021476.tif HTTP/1.1" 200 69022
200.118.64.109 - - [06/Apr/2022:14:24:58 -0500] "POST /forms/lservlet;jsessionid=ac16012b30d6c7b1e1b4d61c4b9d8b438a525e0deb16.e3iSbxaKaheRe34Sc38RahyRchr0n6jAmljGr5XDqQLvpAe HTTP/1.1" 200 7886
181.61.164.108 - - [06/Apr/2022:14:24:58 -0500] "GET /BLA/resoluciones/RESOLUCIONES%202002/RES%202002%201451-1500/20021477.tif HTTP/1.1" 200 51008
200.118.64.109 - - [06/Apr/2022:14:24:58 -0500] "POST /forms/lservlet;jsessionid=ac16012b30d6c7b1e1b4d61c4b9d8b438a525e0deb16.e3iSbxaKaheRe34Sc38RahyRchr0n6jAmljGr5XDqQLvpAe HTTP/1.1" 200 64
200.118.64.109 - - [06/Apr/2022:14:24:59 -0500] "POST /forms/lservlet;jsessionid=ac16012b30d6c7b1e1b4d61c4b9d8b438a525e0deb16.e3iSbxaKaheRe34Sc38RahyRchr0n6jAmljGr5XDqQLvpAe HTTP/1.1" 200 2
200.118.64.109 - - [06/Apr/2022:14:24:59 -0500] "POST /forms/lservlet;jsessionid=ac16012b30d6c7b1e1b4d61c4b9d8b438a525e0deb16.e3iSbxaKaheRe34Sc38RahyRchr0n6jAmljGr5XDqQLvpAe HTTP/1.1" 200 2
200.118.64.109 - - [06/Apr/2022:14:24:59 -0500] "POST /forms/lservlet;jsessionid=ac16012b30d6c7b1e1b4d61c4b9d8b438a525e0deb16.e3iSbxaKaheRe34Sc38RahyRchr0n6jAmljGr5XDqQLvpAe HTTP/1.1" 200 2
181.61.164.108 - - [06/Apr/2022:14:25:00 -0500] "GET /BLA/resoluciones/RESOLUCIONES%202002/RES%202002%201451-1500/20021478.tif HTTP/1.1" 200 211392
181.61.164.108 - - [06/Apr/2022:14:25:00 -0500] "GET /BLA/resoluciones/RESOLUCIONES%202002/RES%202002%201451-1500/20021479.tif HTTP/1.1" 200 170870
181.61.164.108 - - [06/Apr/2022:14:25:02 -0500] "GET /BLA/resoluciones/RESOLUCIONES%202002/RES%202002%201451-1500/20021480.tif HTTP/1.1" 200 254554
200.118.64.109 - - [06/Apr/2022:14:25:02 -0500] "POST /forms/lservlet;jsessionid=ac16012b30d6c7b1e1b4d61c4b9d8b438a525e0deb16.e3iSbxaKaheRe34Sc38RahyRchr0n6jAmljGr5XDqQLvpAe HTTP/1.1" 200 34714
200.118.64.109 - - [06/Apr/2022:14:25:02 -0500] "GET /imagenes/listval.gif HTTP/1.1" 200 905
200.118.64.109 - - [06/Apr/2022:14:25:02 -0500] "GET /imagenes/tree1.gif HTTP/1.1" 200 1161
200.118.64.109 - - [06/Apr/2022:14:25:02 -0500] "GET /imagenes/listval.gif HTTP/1.1" 200 905
200.118.64.109 - - [06/Apr/2022:14:25:02 -0500] "GET /imagenes/CAMERA3.gif HTTP/1.1" 200 4150
200.118.64.109 - - [06/Apr/2022:14:25:02 -0500] "GET /imagenes/SLIDE1.gif HTTP/1.1" 200 1111
200.118.64.109 - - [06/Apr/2022:14:25:02 -0500] "GET /imagenes/flexcomb.gif HTTP/1.1" 200 1169
200.118.64.109 - - [06/Apr/2022:14:25:02 -0500] "GET /imagenes/GO.gif HTTP/1.1" 200 904
200.118.64.109 - - [06/Apr/2022:14:25:03 -0500] "GET /imagenes/HRTOOLS.gif HTTP/1.1" 200 2238
200.118.64.109 - - [06/Apr/2022:14:25:03 -0500] "GET /imagenes/rt_rec1.gif HTTP/1.1" 200 867
200.118.64.109 - - [06/Apr/2022:14:25:03 -0500] "GET /imagenes/apply.gif HTTP/1.1" 200 903
200.118.64.109 - - [06/Apr/2022:14:25:03 -0500] "GET /imagenes/exit.gif HTTP/1.1" 200 916
200.118.64.109 - - [06/Apr/2022:14:25:03 -0500] "GET /imagenes/LISTVAL.gif HTTP/1.1" 200 905
181.61.164.108 - - [06/Apr/2022:14:25:03 -0500] "GET /BLA/resoluciones/RESOLUCIONES%202002/RES%202002%201451-1500/20021481.tif HTTP/1.1" 200 376664
200.118.64.109 - - [06/Apr/2022:14:25:03 -0500] "GET /imagenes/edit.gif HTTP/1.1" 200 919
200.118.64.109 - - [06/Apr/2022:14:25:03 -0500] "GET /imagenes/rt_rec4.gif HTTP/1.1" 200 865
200.118.64.109 - - [06/Apr/2022:14:25:03 -0500] "GET /imagenes/rt_rec3.gif HTTP/1.1" 200 844
200.118.64.109 - - [06/Apr/2022:14:25:03 -0500] "GET /imagenes/rt_rec2.gif HTTP/1.1" 200 847
200.118.64.109 - - [06/Apr/2022:14:25:03 -0500] "GET /imagenes/rt_rdel.gif HTTP/1.1" 200 899
200.118.64.109 - - [06/Apr/2022:14:25:03 -0500] "GET /imagenes/rt_radd.gif HTTP/1.1" 200 907
200.118.64.109 - - [06/Apr/2022:14:25:03 -0500] "GET /imagenes/rt_quer3.gif HTTP/1.1" 200 939
200.118.64.109 - - [06/Apr/2022:14:25:03 -0500] "GET /imagenes/rt_quer2.gif HTTP/1.1" 200 936
200.118.64.109 - - [06/Apr/2022:14:25:03 -0500] "GET /imagenes/rt_quer1.gif HTTP/1.1" 200 930
200.118.64.109 - - [06/Apr/2022:14:25:03 -0500] "GET /imagenes/rt_save.gif HTTP/1.1" 200 903
200.118.64.109 - - [06/Apr/2022:14:25:03 -0500] "GET /imagenes/rt_pset.gif HTTP/1.1" 200 914
200.118.64.109 - - [06/Apr/2022:14:25:03 -0500] "GET /imagenes/QUEJA.gif HTTP/1.1" 200 1091
200.118.64.109 - - [06/Apr/2022:14:25:03 -0500] "GET /imagenes/ARBOL.gif HTTP/1.1" 200 1026
200.118.64.109 - - [06/Apr/2022:14:25:03 -0500] "GET /imagenes/Clipboard.gif HTTP/1.1" 200 1466
200.118.64.109 - - [06/Apr/2022:14:25:03 -0500] "GET /imagenes/DINERO.gif HTTP/1.1" 200 1766
200.118.64.109 - - [06/Apr/2022:14:25:03 -0500] "GET /imagenes/URGENTE.gif HTTP/1.1" 200 964
200.118.64.109 - - [06/Apr/2022:14:25:03 -0500] "GET /imagenes/TREE4.gif HTTP/1.1" 200 4150
200.118.64.109 - - [06/Apr/2022:14:25:03 -0500] "POST /forms/lservlet;jsessionid=ac16012b30d6c7b1e1b4d61c4b9d8b438a525e0deb16.e3iSbxaKaheRe34Sc38RahyRchr0n6jAmljGr5XDqQLvpAe HTTP/1.1" 200 7
200.118.64.109 - - [06/Apr/2022:14:25:03 -0500] "POST /forms/lservlet;jsessionid=ac16012b30d6c7b1e1b4d61c4b9d8b438a525e0deb16.e3iSbxaKaheRe34Sc38RahyRchr0n6jAmljGr5XDqQLvpAe HTTP/1.1" 200 34
200.118.64.109 - - [06/Apr/2022:14:25:03 -0500] "POST /forms/lservlet;jsessionid=ac16012b30d6c7b1e1b4d61c4b9d8b438a525e0deb16.e3iSbxaKaheRe34Sc38RahyRchr0n6jAmljGr5XDqQLvpAe HTTP/1.1" 200 2
181.61.164.108 - - [06/Apr/2022:14:25:04 -0500] "GET /BLA/resoluciones/RESOLUCIONES%202002/RES%202002%201451-1500/20021482.tif HTTP/1.1" 200 46138
200.118.64.109 - - [06/Apr/2022:14:25:04 -0500] "POST /forms/lservlet;jsessionid=ac16012b30d6c7b1e1b4d61c4b9d8b438a525e0deb16.e3iSbxaKaheRe34Sc38RahyRchr0n6jAmljGr5XDqQLvpAe HTTP/1.1" 200 2
200.118.64.109 - - [06/Apr/2022:14:25:04 -0500] "POST /forms/lservlet;jsessionid=ac16012b30d6c7b1e1b4d61c4b9d8b438a525e0deb16.e3iSbxaKaheRe34Sc38RahyRchr0n6jAmljGr5XDqQLvpAe HTTP/1.1" 200 699
200.118.64.109 - - [06/Apr/2022:14:25:04 -0500] "GET /imagenes/Srch_frw.gif HTTP/1.1" 200 925
200.118.64.109 - - [06/Apr/2022:14:25:04 -0500] "POST /forms/lservlet;jsessionid=ac16012b30d6c7b1e1b4d61c4b9d8b438a525e0deb16.e3iSbxaKaheRe34Sc38RahyRchr0n6jAmljGr5XDqQLvpAe HTTP/1.1" 200 10
200.118.64.109 - - [06/Apr/2022:14:25:06 -0500] "POST /forms/lservlet;jsessionid=ac16012b30d6c7b1e1b4d61c4b9d8b438a525e0deb16.e3iSbxaKaheRe34Sc38RahyRchr0n6jAmljGr5XDqQLvpAe HTTP/1.1" 200 24
200.118.64.109 - - [06/Apr/2022:14:25:06 -0500] "POST /forms/lservlet;jsessionid=ac16012b30d6c7b1e1b4d61c4b9d8b438a525e0deb16.e3iSbxaKaheRe34Sc38RahyRchr0n6jAmljGr5XDqQLvpAe HTTP/1.1" 200 14
200.118.64.109 - - [06/Apr/2022:14:25:08 -0500] "POST /forms/lservlet;jsessionid=ac16012b30d6c7b1e1b4d61c4b9d8b438a525e0deb16.e3iSbxaKaheRe34Sc38RahyRchr0n6jAmljGr5XDqQLvpAe HTTP/1.1" 200 4614
200.118.64.109 - - [06/Apr/2022:14:25:08 -0500] "POST /forms/lservlet;jsessionid=ac16012b30d6c7b1e1b4d61c4b9d8b438a525e0deb16.e3iSbxaKaheRe34Sc38RahyRchr0n6jAmljGr5XDqQLvpAe HTTP/1.1" 200 2
181.61.164.108 - - [06/Apr/2022:14:25:09 -0500] "GET /BLA/resoluciones/RESOLUCIONES%202002/RES%202002%201451-1500/20021483.tif HTTP/1.1" 200 37152
181.61.164.108 - - [06/Apr/2022:14:25:10 -0500] "GET /BLA/resoluciones/RESOLUCIONES%202002/RES%202002%201451-1500/20021484.tif HTTP/1.1" 200 36930
181.61.164.108 - - [06/Apr/2022:14:25:11 -0500] "GET /BLA/resoluciones/RESOLUCIONES%202002/RES%202002%201451-1500/20021485.tif HTTP/1.1" 200 65704
181.61.164.108 - - [06/Apr/2022:14:25:12 -0500] "GET /BLA/resoluciones/RESOLUCIONES%202002/RES%202002%201451-1500/20021486.tif HTTP/1.1" 200 44446
181.61.164.108 - - [06/Apr/2022:14:25:13 -0500] "GET /BLA/resoluciones/RESOLUCIONES%202002/RES%202002%201451-1500/20021487.tif HTTP/1.1" 200 35342
181.61.164.108 - - [06/Apr/2022:14:25:14 -0500] "GET /BLA/resoluciones/RESOLUCIONES%202002/RES%202002%201451-1500/20021488.tif HTTP/1.1" 200 40504
181.61.164.108 - - [06/Apr/2022:14:25:14 -0500] "GET /BLA/resoluciones/RESOLUCIONES%202002/RES%202002%201451-1500/20021489.tif HTTP/1.1" 200 63406
172.22.2.4 - - [06/Apr/2022:14:25:15 -0500] "GET /BLA/boletinlegal/consulta_actos.php?tipo=resoluciones&no=2027&usuario=coordinadora&sector=PEV&fecha=2018&resuelve=cesacion HTTP/1.1" 200 626
181.61.164.108 - - [06/Apr/2022:14:25:16 -0500] "GET /BLA/resoluciones/RESOLUCIONES%202002/RES%202002%201451-1500/20021490.tif HTTP/1.1" 200 36220
172.22.2.4 - - [06/Apr/2022:14:25:17 -0500] "GET /BLA/boletinlegal/consulta_actos.php?tipo=resoluciones&no=2027&usuario=coordinadora&sector=PEV&fecha=2018&resuelve=cesacion HTTP/1.1" 200 626
181.61.164.108 - - [06/Apr/2022:14:25:18 -0500] "GET /BLA/resoluciones/RESOLUCIONES%202002/RES%202002%201451-1500/20021491.tif HTTP/1.1" 200 75044
181.61.164.108 - - [06/Apr/2022:14:25:19 -0500] "GET /BLA/resoluciones/RESOLUCIONES%202002/RES%202002%201451-1500/20021492.tif HTTP/1.1" 200 37988
181.61.164.108 - - [06/Apr/2022:14:25:20 -0500] "GET /BLA/resoluciones/RESOLUCIONES%202002/RES%202002%201451-1500/20021493.tif HTTP/1.1" 200 52342
172.22.2.4 - - [06/Apr/2022:14:25:20 -0500] "GET /BLA/boletinlegal/consulta_actos.php?tipo=resoluciones&no=2027&usuario=coordinadora&sector=PEV&fecha=2018&resuelve= HTTP/1.1" 200 626
181.61.164.108 - - [06/Apr/2022:14:25:21 -0500] "GET /BLA/resoluciones/RESOLUCIONES%202002/RES%202002%201451-1500/20021494.tif HTTP/1.1" 200 42276
172.22.2.4 - - [06/Apr/2022:14:25:21 -0500] "GET /BLA/boletinlegal/consulta_actos.php?tipo=resoluciones&no=2027&usuario=coordinadora&sector=PEV&fecha=2018&resuelve= HTTP/1.1" 200 626
172.22.2.4 - - [06/Apr/2022:14:25:22 -0500] "GET /BLA/boletinlegal/consulta_actos.php?tipo=resoluciones&no=2027&usuario=coordinadora&sector=PEV&fecha=2018&resuelve= HTTP/1.1" 200 626
172.22.2.4 - - [06/Apr/2022:14:25:22 -0500] "GET /BLA/boletinlegal/consulta_actos.php?tipo=resoluciones&no=2027&usuario=coordinadora&sector=PEV&fecha=2018&resuelve= HTTP/1.1" 200 626
172.22.2.4 - - [06/Apr/2022:14:25:22 -0500] "GET /BLA/boletinlegal/consulta_actos.php?tipo=resoluciones&no=2027&usuario=coordinadora&sector=PEV&fecha=2018&resuelve= HTTP/1.1" 200 626
172.22.2.4 - - [06/Apr/2022:14:25:22 -0500] "GET /BLA/boletinlegal/consulta_actos.php?tipo=resoluciones&no=2027&usuario=coordinadora&sector=PEV&fecha=2018&resuelve= HTTP/1.1" 200 626
172.22.2.4 - - [06/Apr/2022:14:25:23 -0500] "GET /BLA/boletinlegal/consulta_actos.php?tipo=resoluciones&no=2027&usuario=coordinadora&sector=PEV&fecha=2018&resuelve= HTTP/1.1" 200 626
172.22.2.4 - - [06/Apr/2022:14:25:24 -0500] "GET /BLA/boletinlegal/consulta_actos.php?tipo=resoluciones&no=2027&usuario=coordinadora&sector=PEV&fecha=2018&resuelve= HTTP/1.1" 200 626
172.22.2.4 - - [06/Apr/2022:14:25:24 -0500] "GET /BLA/boletinlegal/consulta_actos.php?tipo=resoluciones&no=2027&usuario=coordinadora&sector=PEV&fecha=2018&resuelve= HTTP/1.1" 200 626
172.22.2.4 - - [06/Apr/2022:14:25:24 -0500] "GET /BLA/boletinlegal/consulta_actos.php?tipo=resoluciones&no=2027&usuario=coordinadora&sector=PEV&fecha=2018&resuelve= HTTP/1.1" 200 626
172.22.2.4 - - [06/Apr/2022:14:25:25 -0500] "GET /BLA/boletinlegal/consulta_actos.php?tipo=resoluciones&no=2027&usuario=coordinadora&sector=PEV&fecha=2018&resuelve= HTTP/1.1" 200 626
172.22.2.4 - - [06/Apr/2022:14:25:26 -0500] "GET /BLA/boletinlegal/consulta_actos.php?tipo=resoluciones&no=2027&usuario=coordinadora&sector=PEV&fecha=2018&resuelve= HTTP/1.1" 200 626
172.22.2.4 - - [06/Apr/2022:14:25:26 -0500] "GET /BLA/boletinlegal/consulta_actos.php?tipo=resoluciones&no=2027&usuario=coordinadora&sector=PEV&fecha=2018&resuelve= HTTP/1.1" 200 626
181.61.164.108 - - [06/Apr/2022:14:25:28 -0500] "GET /BLA/resoluciones/RESOLUCIONES%202002/RES%202002%201451-1500/20021495.tif HTTP/1.1" 200 109824
200.118.64.109 - - [06/Apr/2022:14:25:30 -0500] "POST /forms/lservlet;jsessionid=ac16012b30d6c7b1e1b4d61c4b9d8b438a525e0deb16.e3iSbxaKaheRe34Sc38RahyRchr0n6jAmljGr5XDqQLvpAe HTTP/1.1" 200 2
172.22.2.4 - - [06/Apr/2022:14:25:30 -0500] "GET /BLA/boletinlegal/consulta_actos.php?tipo=resoluciones&no=2027&usuario=coordinadora&sector=PEV&fecha=2018&resuelve=caducidad HTTP/1.1" 200 626
200.118.64.109 - - [06/Apr/2022:14:25:30 -0500] "POST /forms/lservlet;jsessionid=ac16012b30d6c7b1e1b4d61c4b9d8b438a525e0deb16.e3iSbxaKaheRe34Sc38RahyRchr0n6jAmljGr5XDqQLvpAe HTTP/1.1" 200 2343
200.118.64.109 - - [06/Apr/2022:14:25:30 -0500] "POST /forms/lservlet;jsessionid=ac16012b30d6c7b1e1b4d61c4b9d8b438a525e0deb16.e3iSbxaKaheRe34Sc38RahyRchr0n6jAmljGr5XDqQLvpAe HTTP/1.1" 200 10
172.22.2.4 - - [06/Apr/2022:14:25:31 -0500] "GET /BLA/boletinlegal/consulta_actos.php?tipo=resoluciones&no=2027&usuario=coordinadora&sector=PEV&fecha=2018&resuelve=caducidad HTTP/1.1" 200 626
66.249.65.13 - - [06/Apr/2022:14:25:31 -0500] "-" 408 -
172.22.2.4 - - [06/Apr/2022:14:25:31 -0500] "GET /BLA/boletinlegal/consulta_actos.php?tipo=resoluciones&no=2027&usuario=coordinadora&sector=PEV&fecha=2018&resuelve=caducidad HTTP/1.1" 200 626
181.61.164.108 - - [06/Apr/2022:14:25:35 -0500] "GET /BLA/resoluciones/RESOLUCIONES%202002/RES%202002%201451-1500/20021496.tif HTTP/1.1" 200 103698
181.61.164.108 - - [06/Apr/2022:14:25:37 -0500] "GET /BLA/resoluciones/RESOLUCIONES%202002/RES%202002%201451-1500/20021497.tif HTTP/1.1" 200 137936
181.61.164.108 - - [06/Apr/2022:14:25:38 -0500] "GET /BLA/resoluciones/RESOLUCIONES%202002/RES%202002%201451-1500/20021498.tif HTTP/1.1" 200 89608
181.61.164.108 - - [06/Apr/2022:14:25:39 -0500] "GET /BLA/resoluciones/RESOLUCIONES%202002/RES%202002%201451-1500/20021499.tif HTTP/1.1" 200 117900
172.22.2.4 - - [06/Apr/2022:14:25:39 -0500] "GET /BLA/boletinlegal/consulta_actos.php?tipo=resoluciones&no=2027&usuario=coordinadora&sector=PEV&fecha=2018&resuelve=caducidad HTTP/1.1" 200 626
172.22.2.4 - - [06/Apr/2022:14:25:39 -0500] "GET /BLA/boletinlegal/consulta_actos.php?tipo=resoluciones&no=2027&usuario=coordinadora&sector=PEV&fecha=2018&resuelve=caducidad HTTP/1.1" 200 626
172.22.2.4 - - [06/Apr/2022:14:25:40 -0500] "GET /BLA/boletinlegal/consulta_actos.php?tipo=resoluciones&no=2027&usuario=coordinadora&sector=PEV&fecha=2018&resuelve=caducidad HTTP/1.1" 200 626
172.22.2.4 - - [06/Apr/2022:14:25:40 -0500] "GET /BLA/boletinlegal/consulta_actos.php?tipo=resoluciones&no=2027&usuario=coordinadora&sector=PEV&fecha=2018&resuelve=caducidad HTTP/1.1" 200 626
172.22.2.4 - - [06/Apr/2022:14:25:40 -0500] "GET /BLA/boletinlegal/consulta_actos.php?tipo=resoluciones&no=2027&usuario=coordinadora&sector=PEV&fecha=2018&resuelve=caducidad HTTP/1.1" 200 626
200.118.64.109 - - [06/Apr/2022:14:25:40 -0500] "POST /forms/lservlet;jsessionid=ac16012b30d6c7b1e1b4d61c4b9d8b438a525e0deb16.e3iSbxaKaheRe34Sc38RahyRchr0n6jAmljGr5XDqQLvpAe HTTP/1.1" 200 24
172.22.2.4 - - [06/Apr/2022:14:25:40 -0500] "GET /BLA/boletinlegal/consulta_actos.php?tipo=resoluciones&no=2027&usuario=coordinadora&sector=PEV&fecha=2018&resuelve=caducidad HTTP/1.1" 200 626
172.22.2.4 - - [06/Apr/2022:14:25:40 -0500] "GET /BLA/boletinlegal/consulta_actos.php?tipo=resoluciones&no=2027&usuario=coordinadora&sector=PEV&fecha=2018&resuelve=caducidad HTTP/1.1" 200 626
172.22.2.4 - - [06/Apr/2022:14:25:41 -0500] "GET /BLA/boletinlegal/consulta_actos.php?tipo=resoluciones&no=2027&usuario=coordinadora&sector=PEV&fecha=2018&resuelve=caducidad HTTP/1.1" 200 626
172.22.2.4 - - [06/Apr/2022:14:25:41 -0500] "GET /BLA/boletinlegal/consulta_actos.php?tipo=resoluciones&no=2027&usuario=coordinadora&sector=PEV&fecha=2018&resuelve=caducidad HTTP/1.1" 200 626
200.118.64.109 - - [06/Apr/2022:14:25:40 -0500] "POST /forms/lservlet;jsessionid=ac16012b30d6c7b1e1b4d61c4b9d8b438a525e0deb16.e3iSbxaKaheRe34Sc38RahyRchr0n6jAmljGr5XDqQLvpAe HTTP/1.1" 200 14
200.118.64.109 - - [06/Apr/2022:14:25:42 -0500] "POST /forms/lservlet;jsessionid=ac16012b30d6c7b1e1b4d61c4b9d8b438a525e0deb16.e3iSbxaKaheRe34Sc38RahyRchr0n6jAmljGr5XDqQLvpAe HTTP/1.1" 200 3768
200.118.64.109 - - [06/Apr/2022:14:25:42 -0500] "POST /forms/lservlet;jsessionid=ac16012b30d6c7b1e1b4d61c4b9d8b438a525e0deb16.e3iSbxaKaheRe34Sc38RahyRchr0n6jAmljGr5XDqQLvpAe HTTP/1.1" 200 2
181.61.164.108 - - [06/Apr/2022:14:25:44 -0500] "GET /BLA/resoluciones/RESOLUCIONES%202002/RES%202002%201451-1500/20021500.tif HTTP/1.1" 200 112934
200.118.64.109 - - [06/Apr/2022:14:26:02 -0500] "POST /forms/lservlet;jsessionid=ac16012b30d6c7b1e1b4d61c4b9d8b438a525e0deb16.e3iSbxaKaheRe34Sc38RahyRchr0n6jAmljGr5XDqQLvpAe HTTP/1.1" 200 2
186.84.88.72 - - [06/Apr/2022:14:26:04 -0500] "GET /si-eres-mujer-y-te-gusta-el-cuidado-de-los-humedales-este-proceso-de-formacion-es-para-ti.html HTTP/1.1" 200 1025
181.61.164.108 - - [06/Apr/2022:14:26:07 -0500] "GET /BLA/resoluciones/index.php?dir=RESOLUCIONES+2002%2FRES+2002+1501-1550%2F HTTP/1.1" 200 12147
181.61.164.108 - - [06/Apr/2022:14:26:09 -0500] "GET /BLA/resoluciones/RESOLUCIONES%202002/RES%202002%201501-1550/20021501.tif HTTP/1.1" 200 89554
181.61.164.108 - - [06/Apr/2022:14:26:10 -0500] "GET /BLA/resoluciones/RESOLUCIONES%202002/RES%202002%201501-1550/20021502.tif HTTP/1.1" 200 149340
181.61.164.108 - - [06/Apr/2022:14:26:11 -0500] "GET /BLA/resoluciones/RESOLUCIONES%202002/RES%202002%201501-1550/20021503.tif HTTP/1.1" 200 123794
181.61.164.108 - - [06/Apr/2022:14:26:12 -0500] "GET /BLA/resoluciones/RESOLUCIONES%202002/RES%202002%201501-1550/20021504.tif HTTP/1.1" 200 142358
181.61.164.108 - - [06/Apr/2022:14:26:13 -0500] "GET /BLA/resoluciones/RESOLUCIONES%202002/RES%202002%201501-1550/20021505.tif HTTP/1.1" 200 83326
181.61.164.108 - - [06/Apr/2022:14:26:14 -0500] "GET /BLA/resoluciones/RESOLUCIONES%202002/RES%202002%201501-1550/20021506.tif HTTP/1.1" 200 86610
181.61.164.108 - - [06/Apr/2022:14:26:14 -0500] "GET /BLA/resoluciones/RESOLUCIONES%202002/RES%202002%201501-1550/20021507.tif HTTP/1.1" 200 159844
181.61.164.108 - - [06/Apr/2022:14:26:15 -0500] "GET /BLA/resoluciones/RESOLUCIONES%202002/RES%202002%201501-1550/20021508.tif HTTP/1.1" 200 44028
181.61.164.108 - - [06/Apr/2022:14:26:16 -0500] "GET /BLA/resoluciones/RESOLUCIONES%202002/RES%202002%201501-1550/20021509.tif HTTP/1.1" 200 179188
181.61.164.108 - - [06/Apr/2022:14:26:17 -0500] "GET /BLA/resoluciones/RESOLUCIONES%202002/RES%202002%201501-1550/20021510.tif HTTP/1.1" 200 45828
181.61.164.108 - - [06/Apr/2022:14:26:19 -0500] "GET /BLA/resoluciones/RESOLUCIONES%202002/RES%202002%201501-1550/20021511.tif HTTP/1.1" 200 96938
181.61.164.108 - - [06/Apr/2022:14:26:19 -0500] "GET /BLA/resoluciones/RESOLUCIONES%202002/RES%202002%201501-1550/20021512.tif HTTP/1.1" 200 108134
186.102.14.182 - - [06/Apr/2022:14:26:22 -0500] "GET /kwssiamovil/sm/ldap/au?x=U2FsdGVkX1/gDpYBJoTJftxjcNQ+BXdFkJDLcecVC3otJi++JXMljwWLSIYm8ejp&y=U2FsdGVkX1+6CQI+uwZw01rrdbY0p5Cz0st7ZKX9IoCWapuXsCd4gbVrtyiHqS9e HTTP/1.1" 200 30
181.61.164.108 - - [06/Apr/2022:14:26:22 -0500] "GET /BLA/resoluciones/RESOLUCIONES%202002/RES%202002%201501-1550/20021513.tif HTTP/1.1" 200 483000
186.102.14.182 - - [06/Apr/2022:14:26:22 -0500] "GET /kwssiamovil/sm/acme/s?s=U2FsdGVkX1+9mmX7Kd84TtbRzVENRBv8kkG3RpgXLoehP9DDmiPXAb0019mS2lgeJB82QDZyNw5SGMdrQSsbmJ1Js2IuSBA48HtNxyanLaw=&u=U2FsdGVkX195mts4qTZUV4rZeiAJeQy7Sa8WMl6xYRs=&y=U2FsdGVkX1+6CQI+uwZw01rrdbY0p5Cz0st7ZKX9IoCWapuXsCd4gbVrtyiHqS9e HTTP/1.1" 200 97
186.102.14.182 - - [06/Apr/2022:14:26:22 -0500] "GET /kwssiamovil/sm/acme/s?s=U2FsdGVkX19xYYBSRtss9oTePJodwA/zulE+oi/diSnFfdZ1zPWxMBkYHKmRQDIBrojcp7qwSp/DHEd4mxbzNOGlupCexA6uJgFyKkeSn/jupuR8VQ3nAF1EhP64h3fL7idhh1Xoq+fWPJem0g5RvoQQ/1Rk23/JnlAPO+sR4ranK24JQPKmKnFDJnNryC/pIn22U8IwKu88Z+ccJIKq+njSQ55RAQMhpkZRToR+LkrL/z493buw9sOCXmfr5QSO2F82CGjf3ZvPVJHppUwC4/q0cnEqswTql5L1bAZDyawdn1eRlfG3MdukTdl7idjRabUD3hIrKVwrOdVloEMb1XEizC/UWqSQ7oF1iYXbZCOs/XOIKRshVuMDW9bEsMINabIASWzqvS+qbvG2j9kjA4GuikAmdytEBMMiSJemH8dRWiocLcIbx8QgUgiVOqGdx5MWHuJAMQXwpbFER0PifbQ5i4+B+l0oT2cKNUP/3EjqbbFiyfJiSHiYFIABm6F+xlGLyhIuAMett/d0gFyitlryHoJWo8UlJWsgbmH/YeaJp6lQadUbB3Gk4x0OPj7MHuIzs3bHK+9KnFblluSRqewbnLS5Atq0r/ipC1Th2fJBw2xgA9MXKFk+cPR0VSK7PbUZIH6qWISQxCWZhrrVnm0DIyP6uZwyWQ7JekaATAVRJWs56TBI+qtpm5aLHq0fcDItsz5VRzGUxv+dk0kovd5TNZJvabY+VFq8GBDtXR7tuRobHjRSDwrTlL90hXH87wvQ0dUrCJ3AZ5V2enrfXZtTdGofgojA7dDkUBvZB1WQ/gg1U2HEsFmG5g09F34FgbNLeB/4IqzKfMQNjx0P86lvI3GxSuyfY6RX8xNgiHBH70DWJ0ZaBL/ubKbRlOwPImF+cPk5ss1ShmUJBeiZZzORLLl3fYNL6pfi8ghiCwpog8jikJrr47EFNdmfVEAAfgJVxEZRmhr2vxFjdDEVsHqiAxAA+Yceu9ZVLJaHJmJhfKbaeIAjiEHWZ3ibETya1uTRO6QBI76XpD916/1K2wL+r8HOI2pEilbz9JDoGEFlobvHOc6kiiQ1ztwgnrUCv5izVLul5NLyzxAqaaDsax9bzf4L1SIXwFLQ/88NmGo=&u=U2FsdGVkX195mts4qTZUV4rZeiAJeQy7Sa8WMl6xYRs=&y=U2FsdGVkX1+6CQI+uwZw01rrdbY0p5Cz0st7ZKX9IoCWapuXsCd4gbVrtyiHqS9e HTTP/1.1" 200 6564
186.102.14.182 - - [06/Apr/2022:14:26:23 -0500] "GET /kwssiamovil/sm/acme/s?s=U2FsdGVkX1+nZOl9RL+/TnAV8aqzwMV7iJH+9k23e6o+GkB3gKyMH/xCyHF5piPm&u=U2FsdGVkX195mts4qTZUV4rZeiAJeQy7Sa8WMl6xYRs=&y=U2FsdGVkX1+6CQI+uwZw01rrdbY0p5Cz0st7ZKX9IoCWapuXsCd4gbVrtyiHqS9e HTTP/1.1" 200 70
186.102.14.182 - - [06/Apr/2022:14:26:23 -0500] "GET /kwssiamovil/sm/acme/s?s=U2FsdGVkX1+m/NpDOaqO9w7sySg2f9eckJXkIk3E1s44x8427l1J7uxkAISoDwxJ&u=U2FsdGVkX195mts4qTZUV4rZeiAJeQy7Sa8WMl6xYRs=&y=U2FsdGVkX1+6CQI+uwZw01rrdbY0p5Cz0st7ZKX9IoCWapuXsCd4gbVrtyiHqS9e HTTP/1.1" 200 70
186.102.14.182 - - [06/Apr/2022:14:26:23 -0500] "GET /kwssiamovil/sm/acme/s?s=U2FsdGVkX18cRk5NxZJE9vjP5yVw1rkzfl2nIjoHo+fSfbmlNL3ugiNcHy0NkFtB&u=U2FsdGVkX195mts4qTZUV4rZeiAJeQy7Sa8WMl6xYRs=&y=U2FsdGVkX1+6CQI+uwZw01rrdbY0p5Cz0st7ZKX9IoCWapuXsCd4gbVrtyiHqS9e HTTP/1.1" 200 70
186.102.14.182 - - [06/Apr/2022:14:26:23 -0500] "GET /kwssiamovil/sm/acme/s?s=U2FsdGVkX19j9VMKt3UxEqRqK4YP+3p2Enal6PgbpE7g7c2JuYMq6QZI31HgHK3U&u=U2FsdGVkX195mts4qTZUV4rZeiAJeQy7Sa8WMl6xYRs=&y=U2FsdGVkX1+6CQI+uwZw01rrdbY0p5Cz0st7ZKX9IoCWapuXsCd4gbVrtyiHqS9e HTTP/1.1" 200 70
186.102.14.182 - - [06/Apr/2022:14:26:23 -0500] "GET /kwssiamovil/sm/acme/s?s=U2FsdGVkX1/55mbobawxAVU9TuiRoar3QDUD40Na51lWZCHQLQmk4B3V5wKCI/ea&u=U2FsdGVkX195mts4qTZUV4rZeiAJeQy7Sa8WMl6xYRs=&y=U2FsdGVkX1+6CQI+uwZw01rrdbY0p5Cz0st7ZKX9IoCWapuXsCd4gbVrtyiHqS9e HTTP/1.1" 200 70
181.61.164.108 - - [06/Apr/2022:14:26:23 -0500] "GET /BLA/resoluciones/RESOLUCIONES%202002/RES%202002%201501-1550/20021514.tif HTTP/1.1" 200 82402
186.102.14.182 - - [06/Apr/2022:14:26:24 -0500] "GET /kwssiamovil/sm/acme/s?s=U2FsdGVkX1/TNCEjwhRN1TVwoOTvZu4wIPCIhcXvACrYXx51TQbHNw2ic+jadTvJ&u=U2FsdGVkX195mts4qTZUV4rZeiAJeQy7Sa8WMl6xYRs=&y=U2FsdGVkX1+6CQI+uwZw01rrdbY0p5Cz0st7ZKX9IoCWapuXsCd4gbVrtyiHqS9e HTTP/1.1" 200 70
186.102.14.182 - - [06/Apr/2022:14:26:24 -0500] "GET /kwssiamovil/sm/acme/s?s=U2FsdGVkX19Dh24HXtbgnWWo3fIyN3HNpP4+toNO7SCvfxqOqw/WuFjQaE01m79V&u=U2FsdGVkX195mts4qTZUV4rZeiAJeQy7Sa8WMl6xYRs=&y=U2FsdGVkX1+6CQI+uwZw01rrdbY0p5Cz0st7ZKX9IoCWapuXsCd4gbVrtyiHqS9e HTTP/1.1" 200 70
186.102.14.182 - - [06/Apr/2022:14:26:24 -0500] "GET /kwssiamovil/sm/acme/s?s=U2FsdGVkX19QhPymWUvrG9+FdLlxwTOHARXQsg8ULxTsCtCx6Zs2IJzZ3rsU0IIU&u=U2FsdGVkX195mts4qTZUV4rZeiAJeQy7Sa8WMl6xYRs=&y=U2FsdGVkX1+6CQI+uwZw01rrdbY0p5Cz0st7ZKX9IoCWapuXsCd4gbVrtyiHqS9e HTTP/1.1" 200 70
186.102.14.182 - - [06/Apr/2022:14:26:24 -0500] "GET /kwssiamovil/sm/acme/s?s=U2FsdGVkX1+/8QB4mOoR1fqiUhz0nxH3VzIchrgfx3MXnaYWZrbrRL9dgUtQi+H5&u=U2FsdGVkX195mts4qTZUV4rZeiAJeQy7Sa8WMl6xYRs=&y=U2FsdGVkX1+6CQI+uwZw01rrdbY0p5Cz0st7ZKX9IoCWapuXsCd4gbVrtyiHqS9e HTTP/1.1" 200 70
186.102.14.182 - - [06/Apr/2022:14:26:25 -0500] "GET /kwssiamovil/sm/acme/s?s=U2FsdGVkX19/lFHE58Sl9ZzbRZpxwLvCp/wOwvOWEbXvqvkeDkCX2VxYhtcxEae+&u=U2FsdGVkX195mts4qTZUV4rZeiAJeQy7Sa8WMl6xYRs=&y=U2FsdGVkX1+6CQI+uwZw01rrdbY0p5Cz0st7ZKX9IoCWapuXsCd4gbVrtyiHqS9e HTTP/1.1" 200 70
181.61.164.108 - - [06/Apr/2022:14:26:25 -0500] "GET /BLA/resoluciones/RESOLUCIONES%202002/RES%202002%201501-1550/20021515.tif HTTP/1.1" 200 110978
186.102.14.182 - - [06/Apr/2022:14:26:25 -0500] "GET /kwssiamovil/sm/acme/s?s=U2FsdGVkX1+zQUX/eYW2dS4VRzbXKwoOKonaG3faV+FNLeT1EVOyrGsKNCJ31X7U&u=U2FsdGVkX195mts4qTZUV4rZeiAJeQy7Sa8WMl6xYRs=&y=U2FsdGVkX1+6CQI+uwZw01rrdbY0p5Cz0st7ZKX9IoCWapuXsCd4gbVrtyiHqS9e HTTP/1.1" 200 70
186.102.14.182 - - [06/Apr/2022:14:26:25 -0500] "GET /kwssiamovil/sm/acme/s?s=U2FsdGVkX18jAYxN9yDvRmJCQKmcGbnhlyU/i0QzIKQBG9NrkPnGLN6mNOgpqUTv&u=U2FsdGVkX195mts4qTZUV4rZeiAJeQy7Sa8WMl6xYRs=&y=U2FsdGVkX1+6CQI+uwZw01rrdbY0p5Cz0st7ZKX9IoCWapuXsCd4gbVrtyiHqS9e HTTP/1.1" 200 70
186.102.14.182 - - [06/Apr/2022:14:26:25 -0500] "GET /kwssiamovil/sm/acme/s?s=U2FsdGVkX1/iR6y44XIgQcpkUip4Ub2U5fJImFIdiW9cWfFqNUpgZo9yjQ96lUbH&u=U2FsdGVkX195mts4qTZUV4rZeiAJeQy7Sa8WMl6xYRs=&y=U2FsdGVkX1+6CQI+uwZw01rrdbY0p5Cz0st7ZKX9IoCWapuXsCd4gbVrtyiHqS9e HTTP/1.1" 200 70
186.102.14.182 - - [06/Apr/2022:14:26:25 -0500] "GET /kwssiamovil/sm/acme/s?s=U2FsdGVkX19cj9lzl908d+uOBWl6n0fx0N/XIyullbCn8nne+GCRLYeVZe0Yzm+o&u=U2FsdGVkX195mts4qTZUV4rZeiAJeQy7Sa8WMl6xYRs=&y=U2FsdGVkX1+6CQI+uwZw01rrdbY0p5Cz0st7ZKX9IoCWapuXsCd4gbVrtyiHqS9e HTTP/1.1" 200 70
186.102.14.182 - - [06/Apr/2022:14:26:26 -0500] "GET /kwssiamovil/sm/acme/s?s=U2FsdGVkX1/p15zztjpT3OhzbSkYhq+DPOZjr2qwPVnYDgUQTK+S1YFQAEPH8QB0&u=U2FsdGVkX195mts4qTZUV4rZeiAJeQy7Sa8WMl6xYRs=&y=U2FsdGVkX1+6CQI+uwZw01rrdbY0p5Cz0st7ZKX9IoCWapuXsCd4gbVrtyiHqS9e HTTP/1.1" 200 70
186.102.14.182 - - [06/Apr/2022:14:26:26 -0500] "GET /kwssiamovil/sm/acme/s?s=U2FsdGVkX1/rXIVi7yM9vz1XMASrScE77rnRIoHuxuYBHunH2IJWOK/sRVErr9xg&u=U2FsdGVkX195mts4qTZUV4rZeiAJeQy7Sa8WMl6xYRs=&y=U2FsdGVkX1+6CQI+uwZw01rrdbY0p5Cz0st7ZKX9IoCWapuXsCd4gbVrtyiHqS9e HTTP/1.1" 200 70
186.102.14.182 - - [06/Apr/2022:14:26:26 -0500] "GET /kwssiamovil/sm/acme/s?s=U2FsdGVkX19Vc8EyIkcsj7pd1kqC2BIAnMABDsT1XYoEYxC/G/cWHW+D5pU4aGhy&u=U2FsdGVkX195mts4qTZUV4rZeiAJeQy7Sa8WMl6xYRs=&y=U2FsdGVkX1+6CQI+uwZw01rrdbY0p5Cz0st7ZKX9IoCWapuXsCd4gbVrtyiHqS9e HTTP/1.1" 200 70
181.61.164.108 - - [06/Apr/2022:14:26:26 -0500] "GET /BLA/resoluciones/RESOLUCIONES%202002/RES%202002%201501-1550/20021516.tif HTTP/1.1" 200 102764
186.102.14.182 - - [06/Apr/2022:14:26:26 -0500] "GET /kwssiamovil/sm/acme/s?s=U2FsdGVkX1+I/gwxAXpkutgc3U1RBl3Bdo+QgQHasruNBUZVYJdgnSf1uP7fihe8&u=U2FsdGVkX195mts4qTZUV4rZeiAJeQy7Sa8WMl6xYRs=&y=U2FsdGVkX1+6CQI+uwZw01rrdbY0p5Cz0st7ZKX9IoCWapuXsCd4gbVrtyiHqS9e HTTP/1.1" 200 70
186.102.14.182 - - [06/Apr/2022:14:26:26 -0500] "GET /kwssiamovil/sm/acme/s?s=U2FsdGVkX1+oIVAc0nmv4dGfSITpkc4JVFld+PjCsOccrG07vs9KQHi2ECHM2n1s&u=U2FsdGVkX195mts4qTZUV4rZeiAJeQy7Sa8WMl6xYRs=&y=U2FsdGVkX1+6CQI+uwZw01rrdbY0p5Cz0st7ZKX9IoCWapuXsCd4gbVrtyiHqS9e HTTP/1.1" 200 70
186.102.14.182 - - [06/Apr/2022:14:26:27 -0500] "GET /kwssiamovil/sm/acme/s?s=U2FsdGVkX1+zdOZyIBnLdH+e65Jlq8D9fOT06dxKDpdX3bCzBb9gFizYIVi5kKc1&u=U2FsdGVkX195mts4qTZUV4rZeiAJeQy7Sa8WMl6xYRs=&y=U2FsdGVkX1+6CQI+uwZw01rrdbY0p5Cz0st7ZKX9IoCWapuXsCd4gbVrtyiHqS9e HTTP/1.1" 200 70
186.102.14.182 - - [06/Apr/2022:14:26:27 -0500] "GET /kwssiamovil/sm/acme/s?s=U2FsdGVkX19soRDSKmlstBvsu/o9H3FoETRb6PLS8MZyOBdmPzALDyKwBy33cUBF&u=U2FsdGVkX195mts4qTZUV4rZeiAJeQy7Sa8WMl6xYRs=&y=U2FsdGVkX1+6CQI+uwZw01rrdbY0p5Cz0st7ZKX9IoCWapuXsCd4gbVrtyiHqS9e HTTP/1.1" 200 70
186.102.14.182 - - [06/Apr/2022:14:26:27 -0500] "GET /kwssiamovil/sm/acme/s?s=U2FsdGVkX1/R/tNyL1NGVrXY4m+Sx0ssInSaHLAeDFc5BNPywC0DspJxCx6qOkpV&u=U2FsdGVkX195mts4qTZUV4rZeiAJeQy7Sa8WMl6xYRs=&y=U2FsdGVkX1+6CQI+uwZw01rrdbY0p5Cz0st7ZKX9IoCWapuXsCd4gbVrtyiHqS9e HTTP/1.1" 200 70
186.102.14.182 - - [06/Apr/2022:14:26:27 -0500] "GET /kwssiamovil/sm/acme/s?s=U2FsdGVkX1/2op3dXDDOJ6N8U2NLj2WyTUo84UBYozGsgdyqFMlgNaS/4cOFv1xqGpxD1Oyj28AFAhZWb/tjmIvEobZKu5VSgkYjMT0VLHFMhJrI+8POWiDtD73Q3fIXgPUnCeD7HqIRxWP3Afculo3DZADVQBUJWV922DMkZBA2ZXX2NJrGMP8f3jEqmKKzca0dzJ0kPg/j9Nx0V0x05445WP3Es45DKFgzFoR9uj/CsuEemtqNRUSiSCQ9IgW12MoROhfF0dMHlEBA1dePbz6kbYQDJwYxK7FJNDYsT8bqpcBl7Hi3hD/d3UdTFwi7rOiHkSDdWzw13+7R+9x5bnkXXG0IqqqeTgHfEtW/0mw=&u=U2FsdGVkX195mts4qTZUV4rZeiAJeQy7Sa8WMl6xYRs=&y=U2FsdGVkX1+6CQI+uwZw01rrdbY0p5Cz0st7ZKX9IoCWapuXsCd4gbVrtyiHqS9e HTTP/1.1" 200 196
181.61.164.108 - - [06/Apr/2022:14:26:28 -0500] "GET /BLA/resoluciones/RESOLUCIONES%202002/RES%202002%201501-1550/20021517.tif HTTP/1.1" 200 110796
186.102.14.182 - - [06/Apr/2022:14:26:27 -0500] "GET /kwssiamovil/sm/cjson/pre?f=1&x=U2FsdGVkX1/gDpYBJoTJftxjcNQ+BXdFkJDLcecVC3otJi++JXMljwWLSIYm8ejp HTTP/1.1" 200 30975
181.61.164.108 - - [06/Apr/2022:14:26:30 -0500] "GET /BLA/resoluciones/RESOLUCIONES%202002/RES%202002%201501-1550/20021518.tif HTTP/1.1" 200 108422
181.61.164.108 - - [06/Apr/2022:14:26:32 -0500] "GET /BLA/resoluciones/RESOLUCIONES%202002/RES%202002%201501-1550/20021519.tif HTTP/1.1" 200 45134
181.61.164.108 - - [06/Apr/2022:14:26:33 -0500] "GET /BLA/resoluciones/RESOLUCIONES%202002/RES%202002%201501-1550/20021520.tif HTTP/1.1" 200 108992
181.61.164.108 - - [06/Apr/2022:14:26:34 -0500] "GET /BLA/resoluciones/RESOLUCIONES%202002/RES%202002%201501-1550/20021521.tif HTTP/1.1" 200 94074
181.61.164.108 - - [06/Apr/2022:14:26:36 -0500] "GET /BLA/resoluciones/RESOLUCIONES%202002/RES%202002%201501-1550/20021522.tif HTTP/1.1" 200 110002
181.61.164.108 - - [06/Apr/2022:14:26:39 -0500] "GET /BLA/resoluciones/RESOLUCIONES%202002/RES%202002%201501-1550/20021523.tif HTTP/1.1" 200 73124
181.61.164.108 - - [06/Apr/2022:14:26:40 -0500] "GET /BLA/resoluciones/RESOLUCIONES%202002/RES%202002%201501-1550/20021524.tif HTTP/1.1" 200 64976
181.61.164.108 - - [06/Apr/2022:14:26:42 -0500] "GET /BLA/resoluciones/RESOLUCIONES%202002/RES%202002%201501-1550/20021525.tif HTTP/1.1" 200 68562
181.61.164.108 - - [06/Apr/2022:14:26:47 -0500] "GET /BLA/resoluciones/RESOLUCIONES%202002/RES%202002%201501-1550/20021526.tif HTTP/1.1" 200 76962
201.245.192.253 - - [06/Apr/2022:14:26:48 -0500] "GET /appsia/controlador HTTP/1.1" 200 4799
201.245.192.253 - - [06/Apr/2022:14:26:48 -0500] "GET /appsia/scripts/validarIngreso.js HTTP/1.1" 200 851
201.245.192.253 - - [06/Apr/2022:14:26:48 -0500] "GET /appsia/images/cabezoteHojaVida.png HTTP/1.1" 200 32493
181.61.164.108 - - [06/Apr/2022:14:26:49 -0500] "GET /BLA/resoluciones/RESOLUCIONES%202002/RES%202002%201501-1550/20021527.tif HTTP/1.1" 200 36108
216.245.221.92 - - [06/Apr/2022:14:26:49 -0500] "HEAD / HTTP/1.1" 200 -
181.61.164.108 - - [06/Apr/2022:14:26:50 -0500] "GET /BLA/resoluciones/RESOLUCIONES%202002/RES%202002%201501-1550/20021528.tif HTTP/1.1" 200 67396
181.61.164.108 - - [06/Apr/2022:14:26:51 -0500] "GET /BLA/resoluciones/RESOLUCIONES%202002/RES%202002%201501-1550/20021529.tif HTTP/1.1" 200 77934
201.245.192.253 - - [06/Apr/2022:14:26:48 -0500] "GET /appsia/images/logo_bogota_p.png HTTP/1.1" 200 14951
201.245.192.253 - - [06/Apr/2022:14:26:51 -0500] "GET /favicon.ico HTTP/1.1" 200 7782
181.61.164.108 - - [06/Apr/2022:14:26:52 -0500] "GET /BLA/resoluciones/RESOLUCIONES%202002/RES%202002%201501-1550/20021530.tif HTTP/1.1" 200 98770
181.61.164.108 - - [06/Apr/2022:14:26:54 -0500] "GET /BLA/resoluciones/RESOLUCIONES%202002/RES%202002%201501-1550/20021531.tif HTTP/1.1" 200 74250
181.61.164.108 - - [06/Apr/2022:14:26:56 -0500] "GET /BLA/resoluciones/RESOLUCIONES%202002/RES%202002%201501-1550/20021532.tif HTTP/1.1" 200 82350
181.61.164.108 - - [06/Apr/2022:14:26:58 -0500] "GET /BLA/resoluciones/RESOLUCIONES%202002/RES%202002%201501-1550/20021533.tif HTTP/1.1" 200 93860
181.61.164.108 - - [06/Apr/2022:14:26:59 -0500] "GET /BLA/resoluciones/RESOLUCIONES%202002/RES%202002%201501-1550/20021534.tif HTTP/1.1" 200 63544
181.61.164.108 - - [06/Apr/2022:14:27:01 -0500] "GET /BLA/resoluciones/RESOLUCIONES%202002/RES%202002%201501-1550/20021535.tif HTTP/1.1" 200 72594
201.245.192.253 - - [06/Apr/2022:14:27:01 -0500] "POST /appsia/controlador HTTP/1.1" 200 3600
201.245.192.253 - - [06/Apr/2022:14:27:02 -0500] "GET /appsia/jscripts/validarSolicitud.js HTTP/1.1" 404 68
181.61.164.108 - - [06/Apr/2022:14:27:02 -0500] "GET /BLA/resoluciones/RESOLUCIONES%202002/RES%202002%201501-1550/20021536.tif HTTP/1.1" 200 100406
201.245.192.253 - - [06/Apr/2022:14:27:03 -0500] "POST /appsia/controlador HTTP/1.1" 200 4799
181.61.164.108 - - [06/Apr/2022:14:27:04 -0500] "GET /BLA/resoluciones/RESOLUCIONES%202002/RES%202002%201501-1550/20021537.tif HTTP/1.1" 200 340848
181.61.164.108 - - [06/Apr/2022:14:27:05 -0500] "GET /BLA/resoluciones/RESOLUCIONES%202002/RES%202002%201501-1550/20021538.tif HTTP/1.1" 200 269278
181.61.164.108 - - [06/Apr/2022:14:27:06 -0500] "GET /BLA/resoluciones/RESOLUCIONES%202002/RES%202002%201501-1550/20021539.tif HTTP/1.1" 200 174792
181.61.164.108 - - [06/Apr/2022:14:27:10 -0500] "GET /BLA/resoluciones/RESOLUCIONES%202002/RES%202002%201501-1550/20021540.tif HTTP/1.1" 200 175500
181.61.164.108 - - [06/Apr/2022:14:27:12 -0500] "GET /BLA/resoluciones/RESOLUCIONES%202002/RES%202002%201501-1550/20021541.tif HTTP/1.1" 200 251852
181.61.164.108 - - [06/Apr/2022:14:27:13 -0500] "GET /BLA/resoluciones/RESOLUCIONES%202002/RES%202002%201501-1550/20021542.tif HTTP/1.1" 200 33886
181.61.164.108 - - [06/Apr/2022:14:27:14 -0500] "GET /BLA/resoluciones/RESOLUCIONES%202002/RES%202002%201501-1550/20021543.tif HTTP/1.1" 200 109336
181.61.164.108 - - [06/Apr/2022:14:27:16 -0500] "GET /BLA/resoluciones/RESOLUCIONES%202002/RES%202002%201501-1550/20021544.tif HTTP/1.1" 200 261400
181.61.164.108 - - [06/Apr/2022:14:27:17 -0500] "GET /BLA/resoluciones/RESOLUCIONES%202002/RES%202002%201501-1550/20021545.tif HTTP/1.1" 200 86152
181.61.164.108 - - [06/Apr/2022:14:27:23 -0500] "GET /BLA/resoluciones/RESOLUCIONES%202002/RES%202002%201501-1550/20021546.tif HTTP/1.1" 200 105092
181.61.164.108 - - [06/Apr/2022:14:27:24 -0500] "GET /BLA/resoluciones/RESOLUCIONES%202002/RES%202002%201501-1550/20021547.tif HTTP/1.1" 200 40336
181.61.164.108 - - [06/Apr/2022:14:27:25 -0500] "GET /BLA/resoluciones/RESOLUCIONES%202002/RES%202002%201501-1550/20021548.tif HTTP/1.1" 200 51846
181.61.164.108 - - [06/Apr/2022:14:27:26 -0500] "GET /BLA/resoluciones/RESOLUCIONES%202002/RES%202002%201501-1550/20021549.tif HTTP/1.1" 200 43954
181.61.164.108 - - [06/Apr/2022:14:27:27 -0500] "GET /BLA/resoluciones/RESOLUCIONES%202002/RES%202002%201501-1550/20021550.tif HTTP/1.1" 200 98134
201.245.192.253 - - [06/Apr/2022:14:27:43 -0500] "POST /appsia/controlador HTTP/1.1" 200 5437
201.245.192.253 - - [06/Apr/2022:14:27:45 -0500] "POST /appsia/controlador HTTP/1.1" 200 7728
201.245.192.253 - - [06/Apr/2022:14:27:45 -0500] "GET /appsia/images/logo_escudo.png HTTP/1.1" 200 36965
172.22.2.4 - - [06/Apr/2022:14:27:56 -0500] "GET /BLA/boletinlegal/consulta_actos.php?tipo=resoluciones&no=4158&usuario=coordinadora&sector=PEV&fecha=2007&resuelve= HTTP/1.1" 200 626
172.22.2.4 - - [06/Apr/2022:14:27:57 -0500] "GET /BLA/boletinlegal/consulta_actos.php?tipo=resoluciones&no=4158&usuario=coordinadora&sector=PEV&fecha=2007&resuelve= HTTP/1.1" 200 626
172.22.2.4 - - [06/Apr/2022:14:27:57 -0500] "GET /BLA/boletinlegal/consulta_actos.php?tipo=resoluciones&no=4158&usuario=coordinadora&sector=PEV&fecha=2007&resuelve= HTTP/1.1" 200 626
172.22.2.4 - - [06/Apr/2022:14:27:57 -0500] "GET /BLA/boletinlegal/consulta_actos.php?tipo=resoluciones&no=4158&usuario=coordinadora&sector=PEV&fecha=2007&resuelve= HTTP/1.1" 200 626
172.22.2.4 - - [06/Apr/2022:14:27:58 -0500] "GET /BLA/boletinlegal/consulta_actos.php?tipo=resoluciones&no=4158&usuario=coordinadora&sector=PEV&fecha=2007&resuelve= HTTP/1.1" 200 626
172.22.2.4 - - [06/Apr/2022:14:27:58 -0500] "GET /BLA/boletinlegal/consulta_actos.php?tipo=resoluciones&no=4158&usuario=coordinadora&sector=PEV&fecha=2007&resuelve= HTTP/1.1" 200 626
172.22.2.4 - - [06/Apr/2022:14:27:58 -0500] "GET /BLA/boletinlegal/consulta_actos.php?tipo=resoluciones&no=4158&usuario=coordinadora&sector=PEV&fecha=2007&resuelve= HTTP/1.1" 200 626
