186.113.73.216 - - [06/Apr/2022:16:21:06 -0500] "GET /galeria/nivo-slider/demo/images/bannercapacitacionesbogota.jpg HTTP/1.1" 200 42416
186.113.73.216 - - [06/Apr/2022:16:21:06 -0500] "GET /galeria/nivo-slider/demo/images/Bannerenvases.jpg HTTP/1.1" 200 37316
186.113.73.216 - - [06/Apr/2022:16:21:06 -0500] "GET /galeria/nivo-slider/demo/images/Bannervirtualescanales.jpg HTTP/1.1" 200 174544
186.113.73.216 - - [06/Apr/2022:16:21:06 -0500] "GET /galeria/nivo-slider/demo/images/4Simple_Slider.png HTTP/1.1" 200 11722
186.113.73.216 - - [06/Apr/2022:16:21:06 -0500] "GET /galeria/nivo-slider/themes/default/loading.gif HTTP/1.1" 200 1737
186.113.73.216 - - [06/Apr/2022:16:21:07 -0500] "GET /galeria/nivo-slider/themes/default/arrows.png HTTP/1.1" 200 824
186.113.73.216 - - [06/Apr/2022:16:21:07 -0500] "GET /galeria/nivo-slider/themes/default/bullets.png HTTP/1.1" 200 1281
172.22.2.4 - - [06/Apr/2022:16:21:09 -0500] "GET /BLA/boletinlegal/consulta_normativa.php?tipo=&sector=Aire&ano=&resuelve= HTTP/1.1" 200 949
186.148.168.245 - - [06/Apr/2022:16:21:10 -0500] "POST /sipse/faces/presentacion/sistema/seguridad/seleccionRol.xhtml HTTP/1.1" 200 17497
186.148.168.245 - - [06/Apr/2022:16:21:11 -0500] "GET /sipse/faces/javax.faces.resource/theme.css?ln=primefaces-sipse HTTP/1.1" 304 -
186.148.168.245 - - [06/Apr/2022:16:21:11 -0500] "GET /sipse/faces/javax.faces.resource/primefaces.css?ln=primefaces&v=4.0 HTTP/1.1" 304 -
186.148.168.245 - - [06/Apr/2022:16:21:11 -0500] "GET /sipse/faces/javax.faces.resource/layout/layout.css?ln=primefaces&v=4.0 HTTP/1.1" 304 -
186.148.168.245 - - [06/Apr/2022:16:21:11 -0500] "GET /sipse/faces/javax.faces.resource/jquery/jquery.js?ln=primefaces&v=4.0 HTTP/1.1" 304 -
186.148.168.245 - - [06/Apr/2022:16:21:11 -0500] "GET /sipse/faces/javax.faces.resource/jquery/jquery-plugins.js?ln=primefaces&v=4.0 HTTP/1.1" 304 -
186.148.168.245 - - [06/Apr/2022:16:21:12 -0500] "GET /sipse/faces/javax.faces.resource/primefaces.js?ln=primefaces&v=4.0 HTTP/1.1" 304 -
186.148.168.245 - - [06/Apr/2022:16:21:12 -0500] "GET /sipse/faces/javax.faces.resource/layout/layout.js?ln=primefaces&v=4.0 HTTP/1.1" 304 -
186.148.168.245 - - [06/Apr/2022:16:21:13 -0500] "GET /sipse/css/imagen/contrasena.png HTTP/1.1" 404 383
172.22.2.4 - - [06/Apr/2022:16:21:13 -0500] "GET /BLA/boletinlegal/consulta_normativa.php?tipo=&sector=Aire&ano=&resuelve= HTTP/1.1" 200 949
114.119.144.84 - - [06/Apr/2022:16:21:13 -0500] "-" 408 -
186.148.168.245 - - [06/Apr/2022:16:21:15 -0500] "GET /sipse/faces/javax.faces.resource/images/ui-bg_flat_0_2d5972_40x100.png?ln=primefaces-aristo HTTP/1.1" 304 -
186.148.168.245 - - [06/Apr/2022:16:21:15 -0500] "POST /sipse/faces/bienvenido.xhtml HTTP/1.1" 200 3843
186.148.168.245 - - [06/Apr/2022:16:21:17 -0500] "POST /sipse/faces/bienvenido.xhtml HTTP/1.1" 200 33342
186.148.168.245 - - [06/Apr/2022:16:21:18 -0500] "GET /sipse/faces/javax.faces.resource/theme.css?ln=primefaces-sipse HTTP/1.1" 304 -
186.148.168.245 - - [06/Apr/2022:16:21:18 -0500] "GET /sipse/faces/javax.faces.resource/layout/layout.css?ln=primefaces&v=4.0 HTTP/1.1" 304 -
186.148.168.245 - - [06/Apr/2022:16:21:18 -0500] "GET /sipse/faces/javax.faces.resource/primefaces.css?ln=primefaces&v=4.0 HTTP/1.1" 304 -
186.148.168.245 - - [06/Apr/2022:16:21:18 -0500] "GET /sipse/faces/javax.faces.resource/jquery/jquery.js?ln=primefaces&v=4.0 HTTP/1.1" 304 -
186.148.168.245 - - [06/Apr/2022:16:21:18 -0500] "GET /sipse/faces/javax.faces.resource/jquery/jquery-plugins.js?ln=primefaces&v=4.0 HTTP/1.1" 304 -
186.148.168.245 - - [06/Apr/2022:16:21:18 -0500] "GET /sipse/faces/javax.faces.resource/primefaces.js?ln=primefaces&v=4.0 HTTP/1.1" 304 -
186.148.168.245 - - [06/Apr/2022:16:21:18 -0500] "GET /sipse/faces/javax.faces.resource/layout/layout.js?ln=primefaces&v=4.0 HTTP/1.1" 304 -
186.148.168.245 - - [06/Apr/2022:16:21:19 -0500] "POST /sipse/faces/presentacion/financiero/solicitudProceso/listarSolicitudProceso.xhtml HTTP/1.1" 200 1324
186.148.168.245 - - [06/Apr/2022:16:21:21 -0500] "POST /sipse/faces/presentacion/financiero/solicitudProceso/listarSolicitudProceso.xhtml HTTP/1.1" 200 5585
186.148.168.245 - - [06/Apr/2022:16:21:22 -0500] "POST /sipse/faces/presentacion/financiero/solicitudProceso/listarSolicitudProceso.xhtml HTTP/1.1" 200 46103
186.148.168.245 - - [06/Apr/2022:16:21:24 -0500] "GET /sipse/faces/javax.faces.resource/layout/layout.css?ln=primefaces&v=4.0 HTTP/1.1" 304 -
186.148.168.245 - - [06/Apr/2022:16:21:24 -0500] "GET /sipse/faces/javax.faces.resource/primefaces.css?ln=primefaces&v=4.0 HTTP/1.1" 304 -
186.148.168.245 - - [06/Apr/2022:16:21:24 -0500] "GET /sipse/faces/javax.faces.resource/theme.css?ln=primefaces-sipse HTTP/1.1" 304 -
186.148.168.245 - - [06/Apr/2022:16:21:24 -0500] "GET /sipse/faces/javax.faces.resource/jquery/jquery.js?ln=primefaces&v=4.0 HTTP/1.1" 304 -
186.148.168.245 - - [06/Apr/2022:16:21:24 -0500] "GET /sipse/faces/javax.faces.resource/jquery/jquery-plugins.js?ln=primefaces&v=4.0 HTTP/1.1" 304 -
186.148.168.245 - - [06/Apr/2022:16:21:25 -0500] "GET /sipse/faces/javax.faces.resource/primefaces.js?ln=primefaces&v=4.0 HTTP/1.1" 304 -
186.148.168.245 - - [06/Apr/2022:16:21:25 -0500] "GET /sipse/faces/javax.faces.resource/layout/layout.js?ln=primefaces&v=4.0 HTTP/1.1" 304 -
186.148.168.245 - - [06/Apr/2022:16:21:26 -0500] "POST /sipse/faces/presentacion/financiero/solicitudProceso/consultar.xhtml HTTP/1.1" 200 39525
172.22.2.4 - - [06/Apr/2022:16:21:28 -0500] "GET /BLA/boletinlegal/consulta_normativa.php?tipo=&sector=emisiones&ano=&resuelve= HTTP/1.1" 200 19168
186.148.168.245 - - [06/Apr/2022:16:21:31 -0500] "POST /sipse/faces/presentacion/financiero/solicitudProceso/consultar.xhtml HTTP/1.1" 200 13443
186.148.168.245 - - [06/Apr/2022:16:21:36 -0500] "POST /sipse/faces/presentacion/financiero/solicitudProceso/consultar.xhtml HTTP/1.1" 200 156968
186.148.168.245 - - [06/Apr/2022:16:21:41 -0500] "GET /sipse/faces/javax.faces.resource/theme.css?ln=primefaces-sipse HTTP/1.1" 304 -
186.148.168.245 - - [06/Apr/2022:16:21:41 -0500] "GET /sipse/faces/javax.faces.resource/jquery/jquery.js?ln=primefaces&v=4.0 HTTP/1.1" 304 -
186.148.168.245 - - [06/Apr/2022:16:21:41 -0500] "GET /sipse/faces/javax.faces.resource/primefaces.css?ln=primefaces&v=4.0 HTTP/1.1" 304 -
186.148.168.245 - - [06/Apr/2022:16:21:42 -0500] "GET /sipse/faces/javax.faces.resource/jquery/jquery-plugins.js?ln=primefaces&v=4.0 HTTP/1.1" 304 -
186.148.168.245 - - [06/Apr/2022:16:21:42 -0500] "GET /sipse/faces/javax.faces.resource/primefaces.js?ln=primefaces&v=4.0 HTTP/1.1" 304 -
186.148.168.245 - - [06/Apr/2022:16:21:43 -0500] "GET /sipse/faces/javax.faces.resource/layout/layout.js?ln=primefaces&v=4.0 HTTP/1.1" 304 -
114.119.139.220 - - [06/Apr/2022:16:21:43 -0500] "-" 408 -
186.148.168.245 - - [06/Apr/2022:16:21:43 -0500] "GET /sipse/faces/javax.faces.resource/layout/layout.css?ln=primefaces&v=4.0 HTTP/1.1" 304 -
186.148.168.245 - - [06/Apr/2022:16:21:43 -0500] "GET /sipse/faces/javax.faces.resource/dynamiccontent.properties?ln=primefaces&pfdrid=XjOR5%2F%2FfPAZAuY9TpWQeCiM0BhlXxYRBGKi%2FQcXXfeA%3D&pfdrid_c=false HTTP/1.1" 500 383
216.245.221.92 - - [06/Apr/2022:16:21:49 -0500] "HEAD / HTTP/1.1" 200 -
181.61.164.108 - - [06/Apr/2022:16:21:51 -0500] "GET /BLA/resoluciones/RESOLUCIONES%202003/RES%202003%20901-950/901.tif HTTP/1.1" 200 299148
186.148.168.245 - - [06/Apr/2022:16:21:49 -0500] "POST /sipse/faces/presentacion/financiero/solicitudProceso/consultarSolicitudProceso.xhtml HTTP/1.1" 200 69747
186.148.168.245 - - [06/Apr/2022:16:21:55 -0500] "POST /sipse/faces/presentacion/financiero/solicitudProceso/consultarSolicitudProceso.xhtml HTTP/1.1" 200 30663
172.22.2.4 - - [06/Apr/2022:16:21:59 -0500] "GET /BLA/boletinlegal/consulta_normativa.php?tipo=&sector=residuos&ano=&resuelve= HTTP/1.1" 200 20100
181.78.24.97 - - [06/Apr/2022:16:22:05 -0500] "GET /si-eres-mujer-y-te-gusta-el-cuidado-de-los-humedales-este-proceso-de-formacion-es-para-ti.html HTTP/1.1" 304 -
181.237.58.219 - - [06/Apr/2022:16:22:14 -0500] "GET /documents/10184/2325415/pieza-concurso-buenas-practicas-20-septiembre.jpg HTTP/1.1" 404 1132
114.119.128.14 - - [06/Apr/2022:16:22:15 -0500] "-" 408 -
186.148.168.245 - - [06/Apr/2022:16:22:24 -0500] "GET /reportes_sipse/jsp/inicio.jsp HTTP/1.1" 200 2935
186.148.168.245 - - [06/Apr/2022:16:22:25 -0500] "GET /reportes_sipse/css/estilos.css HTTP/1.1" 304 -
186.148.168.245 - - [06/Apr/2022:16:22:25 -0500] "GET /reportes_sipse/imagenes/logoAplicacion.jpg HTTP/1.1" 304 -
186.148.168.245 - - [06/Apr/2022:16:22:25 -0500] "GET /reportes_sipse/imagenes/fondo.jpg HTTP/1.1" 304 -
181.61.164.108 - - [06/Apr/2022:16:22:27 -0500] "GET /BLA/resoluciones/RESOLUCIONES%202003/RES%202003%20901-950/902.tif HTTP/1.1" 200 88624
186.148.168.245 - - [06/Apr/2022:16:22:29 -0500] "POST /reportes_sipse/sdg/ServletReporte?PAA_REPORTE& HTTP/1.1" 200 6255
186.148.168.245 - - [06/Apr/2022:16:22:30 -0500] "GET /reportes_sipse/js/date-picker.js HTTP/1.1" 304 -
186.148.168.245 - - [06/Apr/2022:16:22:30 -0500] "GET /reportes_sipse/js/funciones.js HTTP/1.1" 304 -
181.61.164.108 - - [06/Apr/2022:16:22:30 -0500] "GET /BLA/resoluciones/RESOLUCIONES%202003/RES%202003%20901-950/903.tif HTTP/1.1" 200 89148
186.148.168.245 - - [06/Apr/2022:16:22:30 -0500] "GET /reportes_sipse/imagenes/pdf.gif HTTP/1.1" 304 -
186.148.168.245 - - [06/Apr/2022:16:22:30 -0500] "GET /reportes_sipse/imagenes/calendario.gif HTTP/1.1" 304 -
186.148.168.245 - - [06/Apr/2022:16:22:30 -0500] "GET /reportes_sipse/imagenes/excel.gif HTTP/1.1" 304 -
201.245.192.253 - - [06/Apr/2022:16:22:30 -0500] "POST /sipse/faces/presentacion/financiero/solicitudProceso/consultarSolicitudProceso.xhtml HTTP/1.1" 200 38624
201.245.192.253 - - [06/Apr/2022:16:22:30 -0500] "GET /sipse/faces/javax.faces.resource/theme.css?ln=primefaces-sipse HTTP/1.1" 304 -
201.245.192.253 - - [06/Apr/2022:16:22:30 -0500] "GET /sipse/faces/javax.faces.resource/layout/layout.css?ln=primefaces&v=4.0 HTTP/1.1" 304 -
201.245.192.253 - - [06/Apr/2022:16:22:30 -0500] "GET /sipse/faces/javax.faces.resource/primefaces.css?ln=primefaces&v=4.0 HTTP/1.1" 304 -
201.245.192.253 - - [06/Apr/2022:16:22:30 -0500] "GET /sipse/faces/javax.faces.resource/jquery/jquery.js?ln=primefaces&v=4.0 HTTP/1.1" 304 -
201.245.192.253 - - [06/Apr/2022:16:22:30 -0500] "GET /sipse/faces/javax.faces.resource/jquery/jquery-plugins.js?ln=primefaces&v=4.0 HTTP/1.1" 304 -
201.245.192.253 - - [06/Apr/2022:16:22:31 -0500] "GET /sipse/faces/javax.faces.resource/primefaces.js?ln=primefaces&v=4.0 HTTP/1.1" 304 -
201.245.192.253 - - [06/Apr/2022:16:22:31 -0500] "GET /sipse/faces/javax.faces.resource/layout/layout.js?ln=primefaces&v=4.0 HTTP/1.1" 304 -
201.245.192.253 - - [06/Apr/2022:16:22:31 -0500] "GET /sipse/css/imagen/contrasena.png HTTP/1.1" 404 383
201.245.192.253 - - [06/Apr/2022:16:22:31 -0500] "POST /sipse/faces/presentacion/financiero/solicitudProceso/listarSolicitudProceso.xhtml HTTP/1.1" 200 32022
201.245.192.253 - - [06/Apr/2022:16:22:31 -0500] "POST /sipse/faces/presentacion/financiero/solicitudProceso/listarSolicitudProceso.xhtml HTTP/1.1" 200 32022
201.245.192.253 - - [06/Apr/2022:16:22:31 -0500] "POST /sipse/faces/presentacion/financiero/solicitudProceso/listarSolicitudProceso.xhtml HTTP/1.1" 200 32022
201.245.192.253 - - [06/Apr/2022:16:22:31 -0500] "POST /sipse/faces/presentacion/financiero/solicitudProceso/listarSolicitudProceso.xhtml HTTP/1.1" 200 1324
201.245.192.253 - - [06/Apr/2022:16:22:31 -0500] "POST /sipse/faces/presentacion/financiero/solicitudProceso/listarSolicitudProceso.xhtml HTTP/1.1" 200 1324
201.245.192.253 - - [06/Apr/2022:16:22:31 -0500] "POST /sipse/faces/presentacion/financiero/solicitudProceso/listarSolicitudProceso.xhtml HTTP/1.1" 200 1328
201.245.192.253 - - [06/Apr/2022:16:22:31 -0500] "POST /sipse/faces/presentacion/financiero/solicitudProceso/listarSolicitudProceso.xhtml HTTP/1.1" 200 1324
181.61.164.108 - - [06/Apr/2022:16:22:32 -0500] "GET /BLA/resoluciones/RESOLUCIONES%202003/RES%202003%20901-950/904.tif HTTP/1.1" 200 89396
201.245.192.253 - - [06/Apr/2022:16:22:33 -0500] "POST /sipse/faces/presentacion/financiero/solicitudProceso/listarSolicitudProceso.xhtml HTTP/1.1" 200 35522
201.245.192.253 - - [06/Apr/2022:16:22:33 -0500] "GET /sipse/faces/javax.faces.resource/theme.css?ln=primefaces-sipse HTTP/1.1" 304 -
201.245.192.253 - - [06/Apr/2022:16:22:33 -0500] "GET /sipse/faces/javax.faces.resource/primefaces.css?ln=primefaces&v=4.0 HTTP/1.1" 304 -
201.245.192.253 - - [06/Apr/2022:16:22:33 -0500] "GET /sipse/faces/javax.faces.resource/layout/layout.css?ln=primefaces&v=4.0 HTTP/1.1" 304 -
201.245.192.253 - - [06/Apr/2022:16:22:33 -0500] "GET /sipse/faces/javax.faces.resource/jquery/jquery.js?ln=primefaces&v=4.0 HTTP/1.1" 304 -
201.245.192.253 - - [06/Apr/2022:16:22:33 -0500] "GET /sipse/faces/javax.faces.resource/jquery/jquery-plugins.js?ln=primefaces&v=4.0 HTTP/1.1" 304 -
201.245.192.253 - - [06/Apr/2022:16:22:33 -0500] "GET /sipse/faces/javax.faces.resource/primefaces.js?ln=primefaces&v=4.0 HTTP/1.1" 304 -
201.245.192.253 - - [06/Apr/2022:16:22:33 -0500] "GET /sipse/faces/javax.faces.resource/layout/layout.js?ln=primefaces&v=4.0 HTTP/1.1" 304 -
201.245.192.253 - - [06/Apr/2022:16:22:33 -0500] "GET /sipse/css/imagen/contrasena.png HTTP/1.1" 404 383
201.245.192.253 - - [06/Apr/2022:16:22:33 -0500] "POST /sipse/faces/presentacion/financiero/solicitudProceso/solicitudProcesoOtrosPagos.xhtml HTTP/1.1" 200 28912
201.245.192.253 - - [06/Apr/2022:16:22:33 -0500] "POST /sipse/faces/presentacion/financiero/solicitudProceso/solicitudProcesoOtrosPagos.xhtml HTTP/1.1" 200 28912
181.61.164.108 - - [06/Apr/2022:16:22:33 -0500] "GET /BLA/resoluciones/RESOLUCIONES%202003/RES%202003%20901-950/905.tif HTTP/1.1" 200 91356
201.245.192.253 - - [06/Apr/2022:16:22:33 -0500] "POST /sipse/faces/presentacion/financiero/solicitudProceso/solicitudProcesoOtrosPagos.xhtml HTTP/1.1" 200 28912
201.245.192.253 - - [06/Apr/2022:16:22:33 -0500] "POST /sipse/faces/presentacion/financiero/solicitudProceso/solicitudProcesoOtrosPagos.xhtml HTTP/1.1" 200 28912
186.148.168.245 - - [06/Apr/2022:16:22:34 -0500] "GET /reportes_sipse/imagenes/retrocedeAgno.gif HTTP/1.1" 304 -
186.148.168.245 - - [06/Apr/2022:16:22:34 -0500] "GET /reportes_sipse/imagenes/avanzaMes.gif HTTP/1.1" 304 -
186.148.168.245 - - [06/Apr/2022:16:22:34 -0500] "GET /reportes_sipse/imagenes/retrocedeMes.gif HTTP/1.1" 304 -
186.148.168.245 - - [06/Apr/2022:16:22:34 -0500] "GET /reportes_sipse/imagenes/avanzaAgno.gif HTTP/1.1" 304 -
201.245.192.253 - - [06/Apr/2022:16:22:35 -0500] "POST /sipse/faces/presentacion/financiero/solicitudProceso/solicitudProcesoOtrosPagos.xhtml HTTP/1.1" 200 50307
201.245.192.253 - - [06/Apr/2022:16:22:35 -0500] "GET /sipse/faces/javax.faces.resource/theme.css?ln=primefaces-sipse HTTP/1.1" 304 -
201.245.192.253 - - [06/Apr/2022:16:22:35 -0500] "GET /sipse/faces/javax.faces.resource/primefaces.css?ln=primefaces&v=4.0 HTTP/1.1" 304 -
201.245.192.253 - - [06/Apr/2022:16:22:35 -0500] "GET /sipse/faces/javax.faces.resource/layout/layout.css?ln=primefaces&v=4.0 HTTP/1.1" 304 -
201.245.192.253 - - [06/Apr/2022:16:22:35 -0500] "GET /sipse/faces/javax.faces.resource/jquery/jquery.js?ln=primefaces&v=4.0 HTTP/1.1" 304 -
201.245.192.253 - - [06/Apr/2022:16:22:35 -0500] "GET /sipse/faces/javax.faces.resource/jquery/jquery-plugins.js?ln=primefaces&v=4.0 HTTP/1.1" 304 -
201.245.192.253 - - [06/Apr/2022:16:22:35 -0500] "GET /sipse/faces/javax.faces.resource/primefaces.js?ln=primefaces&v=4.0 HTTP/1.1" 304 -
201.245.192.253 - - [06/Apr/2022:16:22:35 -0500] "GET /sipse/faces/javax.faces.resource/layout/layout.js?ln=primefaces&v=4.0 HTTP/1.1" 304 -
201.245.192.253 - - [06/Apr/2022:16:22:35 -0500] "GET /sipse/css/imagen/contrasena.png HTTP/1.1" 404 383
201.245.192.253 - - [06/Apr/2022:16:22:35 -0500] "POST /sipse/faces/presentacion/financiero/solicitudProceso/consultar.xhtml HTTP/1.1" 200 43731
181.61.164.108 - - [06/Apr/2022:16:22:35 -0500] "GET /BLA/resoluciones/RESOLUCIONES%202003/RES%202003%20901-950/906.tif HTTP/1.1" 200 132264
201.245.192.253 - - [06/Apr/2022:16:22:35 -0500] "POST /sipse/faces/presentacion/financiero/solicitudProceso/consultar.xhtml HTTP/1.1" 200 43731
201.245.192.253 - - [06/Apr/2022:16:22:35 -0500] "POST /sipse/faces/presentacion/financiero/solicitudProceso/consultar.xhtml HTTP/1.1" 200 43731
201.245.192.253 - - [06/Apr/2022:16:22:35 -0500] "POST /sipse/faces/presentacion/financiero/solicitudProceso/consultar.xhtml HTTP/1.1" 200 43731
201.245.192.253 - - [06/Apr/2022:16:22:35 -0500] "POST /sipse/faces/presentacion/financiero/solicitudProceso/consultar.xhtml HTTP/1.1" 200 43731
181.61.164.108 - - [06/Apr/2022:16:22:36 -0500] "GET /BLA/resoluciones/RESOLUCIONES%202003/RES%202003%20901-950/907.tif HTTP/1.1" 200 138780
201.245.192.253 - - [06/Apr/2022:16:22:36 -0500] "POST /sipse/faces/presentacion/financiero/solicitudProceso/consultar.xhtml HTTP/1.1" 200 38624
201.245.192.253 - - [06/Apr/2022:16:22:37 -0500] "GET /sipse/faces/javax.faces.resource/theme.css?ln=primefaces-sipse HTTP/1.1" 304 -
201.245.192.253 - - [06/Apr/2022:16:22:37 -0500] "GET /sipse/faces/javax.faces.resource/layout/layout.css?ln=primefaces&v=4.0 HTTP/1.1" 304 -
201.245.192.253 - - [06/Apr/2022:16:22:37 -0500] "GET /sipse/faces/javax.faces.resource/primefaces.css?ln=primefaces&v=4.0 HTTP/1.1" 304 -
201.245.192.253 - - [06/Apr/2022:16:22:37 -0500] "GET /sipse/faces/javax.faces.resource/jquery/jquery.js?ln=primefaces&v=4.0 HTTP/1.1" 304 -
201.245.192.253 - - [06/Apr/2022:16:22:37 -0500] "GET /sipse/faces/javax.faces.resource/jquery/jquery-plugins.js?ln=primefaces&v=4.0 HTTP/1.1" 304 -
201.245.192.253 - - [06/Apr/2022:16:22:37 -0500] "GET /sipse/faces/javax.faces.resource/primefaces.js?ln=primefaces&v=4.0 HTTP/1.1" 304 -
201.245.192.253 - - [06/Apr/2022:16:22:37 -0500] "GET /sipse/faces/javax.faces.resource/layout/layout.js?ln=primefaces&v=4.0 HTTP/1.1" 304 -
201.245.192.253 - - [06/Apr/2022:16:22:37 -0500] "GET /sipse/css/imagen/contrasena.png HTTP/1.1" 404 383
201.245.192.253 - - [06/Apr/2022:16:22:37 -0500] "POST /sipse/faces/presentacion/financiero/solicitudProceso/listarSolicitudProceso.xhtml HTTP/1.1" 200 32022
201.245.192.253 - - [06/Apr/2022:16:22:37 -0500] "POST /sipse/faces/presentacion/financiero/solicitudProceso/listarSolicitudProceso.xhtml HTTP/1.1" 200 32022
201.245.192.253 - - [06/Apr/2022:16:22:37 -0500] "POST /sipse/faces/presentacion/financiero/solicitudProceso/listarSolicitudProceso.xhtml HTTP/1.1" 200 32022
201.245.192.253 - - [06/Apr/2022:16:22:37 -0500] "POST /sipse/faces/presentacion/financiero/solicitudProceso/listarSolicitudProceso.xhtml HTTP/1.1" 200 32022
201.245.192.253 - - [06/Apr/2022:16:22:37 -0500] "POST /sipse/faces/presentacion/financiero/solicitudProceso/listarSolicitudProceso.xhtml HTTP/1.1" 200 32022
201.245.192.253 - - [06/Apr/2022:16:22:37 -0500] "POST /sipse/faces/presentacion/financiero/solicitudProceso/listarSolicitudProceso.xhtml HTTP/1.1" 200 32022
201.245.192.253 - - [06/Apr/2022:16:22:37 -0500] "POST /sipse/faces/presentacion/financiero/solicitudProceso/listarSolicitudProceso.xhtml HTTP/1.1" 200 1324
201.245.192.253 - - [06/Apr/2022:16:22:37 -0500] "POST /sipse/faces/presentacion/financiero/solicitudProceso/listarSolicitudProceso.xhtml HTTP/1.1" 200 1324
201.245.192.253 - - [06/Apr/2022:16:22:37 -0500] "POST /sipse/faces/presentacion/financiero/solicitudProceso/listarSolicitudProceso.xhtml HTTP/1.1" 200 1328
201.245.192.253 - - [06/Apr/2022:16:22:37 -0500] "POST /sipse/faces/presentacion/financiero/solicitudProceso/listarSolicitudProceso.xhtml HTTP/1.1" 200 1324
201.245.192.253 - - [06/Apr/2022:16:22:37 -0500] "POST /sipse/faces/presentacion/financiero/solicitudProceso/listarSolicitudProceso.xhtml HTTP/1.1" 200 1328
201.245.192.253 - - [06/Apr/2022:16:22:38 -0500] "POST /sipse/faces/presentacion/financiero/solicitudProceso/listarSolicitudProceso.xhtml HTTP/1.1" 200 1324
201.245.192.253 - - [06/Apr/2022:16:22:38 -0500] "POST /sipse/faces/presentacion/financiero/solicitudProceso/listarSolicitudProceso.xhtml HTTP/1.1" 200 1328
181.61.164.108 - - [06/Apr/2022:16:22:38 -0500] "GET /BLA/resoluciones/RESOLUCIONES%202003/RES%202003%20901-950/908.tif HTTP/1.1" 200 371032
181.61.164.108 - - [06/Apr/2022:16:22:39 -0500] "GET /BLA/resoluciones/RESOLUCIONES%202003/RES%202003%20901-950/909.tif HTTP/1.1" 200 133152
201.245.192.253 - - [06/Apr/2022:16:22:39 -0500] "POST /sipse/faces/presentacion/financiero/solicitudProceso/listarSolicitudProceso.xhtml HTTP/1.1" 200 184
201.245.192.253 - - [06/Apr/2022:16:22:40 -0500] "POST /sipse/faces/presentacion/financiero/solicitudProceso/listarSolicitudProceso.xhtml HTTP/1.1" 200 184
201.245.192.253 - - [06/Apr/2022:16:22:40 -0500] "GET /sipse/faces/presentacion/financiero/solicitudAnulacion/solicitudAnulacion.xhtml HTTP/1.1" 200 16805
201.245.192.253 - - [06/Apr/2022:16:22:40 -0500] "POST /sipse/faces/presentacion/financiero/solicitudProceso/listarSolicitudProceso.xhtml HTTP/1.1" 200 184
201.245.192.253 - - [06/Apr/2022:16:22:40 -0500] "GET /sipse/faces/presentacion/financiero/solicitudAnulacion/solicitudAnulacion.xhtml HTTP/1.1" 200 39337
201.245.192.253 - - [06/Apr/2022:16:22:40 -0500] "POST /sipse/faces/presentacion/financiero/solicitudProceso/listarSolicitudProceso.xhtml HTTP/1.1" 200 184
201.245.192.253 - - [06/Apr/2022:16:22:40 -0500] "GET /sipse/faces/presentacion/financiero/solicitudAnulacion/solicitudAnulacion.xhtml HTTP/1.1" 200 39337
201.245.192.253 - - [06/Apr/2022:16:22:40 -0500] "POST /sipse/faces/presentacion/financiero/solicitudProceso/listarSolicitudProceso.xhtml HTTP/1.1" 200 184
201.245.192.253 - - [06/Apr/2022:16:22:40 -0500] "GET /sipse/faces/presentacion/financiero/solicitudAnulacion/solicitudAnulacion.xhtml HTTP/1.1" 200 20277
201.245.192.253 - - [06/Apr/2022:16:22:40 -0500] "POST /sipse/faces/presentacion/financiero/solicitudProceso/listarSolicitudProceso.xhtml HTTP/1.1" 200 184
201.245.192.253 - - [06/Apr/2022:16:22:40 -0500] "GET /sipse/faces/presentacion/financiero/solicitudAnulacion/solicitudAnulacion.xhtml HTTP/1.1" 200 21277
201.245.192.253 - - [06/Apr/2022:16:22:40 -0500] "POST /sipse/faces/presentacion/financiero/solicitudProceso/listarSolicitudProceso.xhtml HTTP/1.1" 200 184
201.245.192.253 - - [06/Apr/2022:16:22:40 -0500] "GET /sipse/faces/presentacion/financiero/solicitudAnulacion/solicitudAnulacion.xhtml HTTP/1.1" 200 16113
201.245.192.253 - - [06/Apr/2022:16:22:40 -0500] "POST /sipse/faces/presentacion/financiero/solicitudProceso/listarSolicitudProceso.xhtml HTTP/1.1" 200 184
201.245.192.253 - - [06/Apr/2022:16:22:40 -0500] "GET /sipse/faces/presentacion/financiero/solicitudAnulacion/solicitudAnulacion.xhtml HTTP/1.1" 200 17805
201.245.192.253 - - [06/Apr/2022:16:22:40 -0500] "GET /sipse/faces/presentacion/financiero/solicitudAnulacion/solicitudAnulacion.xhtml HTTP/1.1" 200 39337
201.245.192.253 - - [06/Apr/2022:16:22:40 -0500] "GET /sipse/faces/javax.faces.resource/theme.css?ln=primefaces-sipse HTTP/1.1" 304 -
201.245.192.253 - - [06/Apr/2022:16:22:40 -0500] "GET /sipse/faces/javax.faces.resource/layout/layout.js?ln=primefaces&v=4.0 HTTP/1.1" 304 -
201.245.192.253 - - [06/Apr/2022:16:22:40 -0500] "GET /sipse/faces/javax.faces.resource/primefaces.css?ln=primefaces&v=4.0 HTTP/1.1" 304 -
201.245.192.253 - - [06/Apr/2022:16:22:40 -0500] "GET /sipse/faces/javax.faces.resource/primefaces.js?ln=primefaces&v=4.0 HTTP/1.1" 304 -
201.245.192.253 - - [06/Apr/2022:16:22:40 -0500] "GET /sipse/faces/javax.faces.resource/layout/layout.css?ln=primefaces&v=4.0 HTTP/1.1" 304 -
201.245.192.253 - - [06/Apr/2022:16:22:40 -0500] "GET /sipse/faces/javax.faces.resource/jquery/jquery.js?ln=primefaces&v=4.0 HTTP/1.1" 304 -
201.245.192.253 - - [06/Apr/2022:16:22:40 -0500] "GET /sipse/faces/javax.faces.resource/jquery/jquery-plugins.js?ln=primefaces&v=4.0 HTTP/1.1" 304 -
201.245.192.253 - - [06/Apr/2022:16:22:40 -0500] "GET /sipse/css/imagen/contrasena.png HTTP/1.1" 404 383
201.245.192.253 - - [06/Apr/2022:16:22:40 -0500] "GET /sipse/faces/javax.faces.resource/images/ui-icons_898989_256x240.png?ln=primefaces-aristo HTTP/1.1" 304 -
201.245.192.253 - - [06/Apr/2022:16:22:40 -0500] "GET /sipse/faces/javax.faces.resource/images/ui-bg_flat_0_2d5972_40x100.png?ln=primefaces-aristo HTTP/1.1" 304 -
201.245.192.253 - - [06/Apr/2022:16:22:40 -0500] "POST /sipse/faces/presentacion/financiero/solicitudAnulacion/solicitudAnulacion.xhtml HTTP/1.1" 200 10468
201.245.192.253 - - [06/Apr/2022:16:22:40 -0500] "GET /sipse/faces/javax.faces.resource/messages/messages.png?ln=primefaces&v=4.0 HTTP/1.1" 304 -
181.61.164.108 - - [06/Apr/2022:16:22:42 -0500] "GET /BLA/resoluciones/RESOLUCIONES%202003/RES%202003%20901-950/910.tif HTTP/1.1" 200 123708
181.61.164.108 - - [06/Apr/2022:16:22:45 -0500] "GET /BLA/resoluciones/RESOLUCIONES%202003/RES%202003%20901-950/911.tif HTTP/1.1" 200 147108
181.61.164.108 - - [06/Apr/2022:16:22:48 -0500] "GET /BLA/resoluciones/RESOLUCIONES%202003/RES%202003%20901-950/912.tif HTTP/1.1" 200 212900
181.61.164.108 - - [06/Apr/2022:16:22:55 -0500] "GET /BLA/resoluciones/RESOLUCIONES%202003/RES%202003%20901-950/913.tif HTTP/1.1" 200 532596
201.245.192.253 - - [06/Apr/2022:16:22:11 -0500] "POST /kwsrmcab/Wsrmcab HTTP/1.1" 200 45442
181.61.164.108 - - [06/Apr/2022:16:22:58 -0500] "GET /BLA/resoluciones/RESOLUCIONES%202003/RES%202003%20901-950/914.tif HTTP/1.1" 200 137808
181.61.164.108 - - [06/Apr/2022:16:23:04 -0500] "GET /BLA/resoluciones/RESOLUCIONES%202003/RES%202003%20901-950/915.tif HTTP/1.1" 200 987656
172.22.2.4 - - [06/Apr/2022:16:23:04 -0500] "GET /BLA/boletinlegal/consulta_actos.php?tipo=resoluciones&no=&usuario=&sector=PEV&fecha=2022&resuelve=cesaci%F3n%20de%20procedimiento%20 HTTP/1.1" 200 626
181.61.164.108 - - [06/Apr/2022:16:23:06 -0500] "GET /BLA/resoluciones/RESOLUCIONES%202003/RES%202003%20901-950/916.tif HTTP/1.1" 200 780812
172.22.2.4 - - [06/Apr/2022:16:23:09 -0500] "GET /BLA/boletinlegal/consulta_actos.php?tipo=resoluciones&no=&usuario=&sector=PEV&fecha=2021&resuelve=cesaci%F3n%20de%20procedimiento%20 HTTP/1.1" 200 626
181.61.164.108 - - [06/Apr/2022:16:23:11 -0500] "GET /BLA/resoluciones/RESOLUCIONES%202003/RES%202003%20901-950/917.tif HTTP/1.1" 200 157364
181.61.164.108 - - [06/Apr/2022:16:23:16 -0500] "GET /BLA/resoluciones/RESOLUCIONES%202003/RES%202003%20901-950/918.tif HTTP/1.1" 200 144728
172.22.2.4 - - [06/Apr/2022:16:23:16 -0500] "GET /BLA/boletinlegal/consulta_actos.php?tipo=resoluciones&no=&usuario=&sector=PEV&fecha=2020&resuelve=cesaci%F3n%20de%20procedimiento%20 HTTP/1.1" 200 626
181.61.164.108 - - [06/Apr/2022:16:23:18 -0500] "GET /BLA/resoluciones/RESOLUCIONES%202003/RES%202003%20901-950/919.tif HTTP/1.1" 200 1511868
181.61.164.108 - - [06/Apr/2022:16:23:21 -0500] "GET /BLA/resoluciones/RESOLUCIONES%202003/RES%202003%20901-950/920.tif HTTP/1.1" 200 119792
181.61.164.108 - - [06/Apr/2022:16:23:22 -0500] "GET /BLA/resoluciones/RESOLUCIONES%202003/RES%202003%20901-950/921.tif HTTP/1.1" 200 320924
181.61.164.108 - - [06/Apr/2022:16:23:24 -0500] "GET /BLA/resoluciones/RESOLUCIONES%202003/RES%202003%20901-950/922.tif HTTP/1.1" 200 332152
181.61.164.108 - - [06/Apr/2022:16:23:25 -0500] "GET /BLA/resoluciones/RESOLUCIONES%202003/RES%202003%20901-950/923.tif HTTP/1.1" 200 105780
181.61.164.108 - - [06/Apr/2022:16:23:26 -0500] "GET /BLA/resoluciones/RESOLUCIONES%202003/RES%202003%20901-950/924.tif HTTP/1.1" 200 93736
181.61.164.108 - - [06/Apr/2022:16:23:27 -0500] "GET /BLA/resoluciones/RESOLUCIONES%202003/RES%202003%20901-950/925.tif HTTP/1.1" 200 67948
172.22.2.4 - - [06/Apr/2022:16:23:28 -0500] "GET /BLA/boletinlegal/consulta_actos.php?tipo=resoluciones&no=&usuario=&sector=PEV&fecha=2018&resuelve=cesaci%F3n%20de%20procedimiento%20 HTTP/1.1" 200 2165
66.249.65.13 - - [06/Apr/2022:16:23:30 -0500] "-" 408 -
186.154.24.21 - - [06/Apr/2022:16:23:31 -0500] "GET /BLA/resoluciones/RESOLUCIONES%202018/3541.pdf HTTP/1.1" 200 248586
181.61.164.108 - - [06/Apr/2022:16:23:32 -0500] "GET /BLA/resoluciones/RESOLUCIONES%202003/RES%202003%20901-950/926.tif HTTP/1.1" 200 84236
181.61.164.108 - - [06/Apr/2022:16:23:34 -0500] "GET /BLA/resoluciones/RESOLUCIONES%202003/RES%202003%20901-950/927.tif HTTP/1.1" 200 154024
181.61.164.108 - - [06/Apr/2022:16:23:36 -0500] "GET /BLA/resoluciones/RESOLUCIONES%202003/RES%202003%20901-950/928.tif HTTP/1.1" 200 458024
181.61.164.108 - - [06/Apr/2022:16:23:38 -0500] "GET /BLA/resoluciones/RESOLUCIONES%202003/RES%202003%20901-950/929.tif HTTP/1.1" 200 196260
181.61.164.108 - - [06/Apr/2022:16:23:41 -0500] "GET /BLA/resoluciones/RESOLUCIONES%202003/RES%202003%20901-950/930.tif HTTP/1.1" 200 191236
201.245.192.253 - - [06/Apr/2022:16:22:58 -0500] "POST /kwsrmcab/Wsrmcab HTTP/1.1" 200 45760
181.61.164.108 - - [06/Apr/2022:16:23:44 -0500] "GET /BLA/resoluciones/RESOLUCIONES%202003/RES%202003%20901-950/931.tif HTTP/1.1" 200 571756
181.61.164.108 - - [06/Apr/2022:16:23:50 -0500] "GET /BLA/resoluciones/RESOLUCIONES%202003/RES%202003%20901-950/932.tif HTTP/1.1" 200 181396
181.61.164.108 - - [06/Apr/2022:16:23:52 -0500] "GET /BLA/resoluciones/RESOLUCIONES%202003/RES%202003%20901-950/933.tif HTTP/1.1" 200 182636
181.61.164.108 - - [06/Apr/2022:16:23:54 -0500] "GET /BLA/resoluciones/RESOLUCIONES%202003/RES%202003%20901-950/934.tif HTTP/1.1" 200 113032
201.245.192.253 - - [06/Apr/2022:16:23:54 -0500] "GET /sipse/faces/faces/index.xhtml HTTP/1.1" 200 677
201.245.192.253 - - [06/Apr/2022:16:23:54 -0500] "GET /sipse/faces/javax.faces.resource/theme.css?ln=primefaces-sipse HTTP/1.1" 304 -
201.245.192.253 - - [06/Apr/2022:16:23:54 -0500] "GET /favicon.ico HTTP/1.1" 200 7782
201.245.192.253 - - [06/Apr/2022:16:23:54 -0500] "GET /sipse/faces/faces/faces/autenticacion.xhtml HTTP/1.1" 200 12181
201.245.192.253 - - [06/Apr/2022:16:23:54 -0500] "GET /sipse/js/disable_browser_buttons.js HTTP/1.1" 304 -
201.245.192.253 - - [06/Apr/2022:16:23:54 -0500] "GET /sipse/css/custom_css_sg.css HTTP/1.1" 304 -
201.245.192.253 - - [06/Apr/2022:16:23:54 -0500] "GET /sipse/js/funciones.js HTTP/1.1" 304 -
201.245.192.253 - - [06/Apr/2022:16:23:54 -0500] "GET /sipse/css/custom_css_sg_prime_login.css HTTP/1.1" 304 -
201.245.192.253 - - [06/Apr/2022:16:23:54 -0500] "GET /sipse/faces/javax.faces.resource/theme.css?ln=primefaces-sipse HTTP/1.1" 304 -
201.245.192.253 - - [06/Apr/2022:16:23:54 -0500] "GET /sipse/faces/javax.faces.resource/primefaces.css?ln=primefaces&v=4.0 HTTP/1.1" 304 -
201.245.192.253 - - [06/Apr/2022:16:23:54 -0500] "GET /sipse/faces/javax.faces.resource/layout/layout.css?ln=primefaces&v=4.0 HTTP/1.1" 304 -
201.245.192.253 - - [06/Apr/2022:16:23:54 -0500] "GET /sipse/faces/javax.faces.resource/jquery/jquery.js?ln=primefaces&v=4.0 HTTP/1.1" 304 -
201.245.192.253 - - [06/Apr/2022:16:23:54 -0500] "GET /sipse/faces/javax.faces.resource/primefaces.js?ln=primefaces&v=4.0 HTTP/1.1" 304 -
201.245.192.253 - - [06/Apr/2022:16:23:54 -0500] "GET /sipse/faces/javax.faces.resource/jquery/jquery-plugins.js?ln=primefaces&v=4.0 HTTP/1.1" 304 -
201.245.192.253 - - [06/Apr/2022:16:23:54 -0500] "GET /sipse/faces/javax.faces.resource/layout/layout.js?ln=primefaces&v=4.0 HTTP/1.1" 304 -
201.245.192.253 - - [06/Apr/2022:16:23:55 -0500] "GET /sipse/css/imagen/logoSDG.png HTTP/1.1" 304 -
201.245.192.253 - - [06/Apr/2022:16:23:55 -0500] "GET /sipse/css/imagen/loginimg.png HTTP/1.1" 304 -
201.245.192.253 - - [06/Apr/2022:16:23:55 -0500] "GET /sipse/faces/javax.faces.resource/images/ui-icons_898989_256x240.png?ln=primefaces-aristo HTTP/1.1" 304 -
181.61.164.108 - - [06/Apr/2022:16:23:57 -0500] "GET /BLA/resoluciones/RESOLUCIONES%202003/RES%202003%20901-950/935.tif HTTP/1.1" 200 207036
201.245.192.253 - - [06/Apr/2022:16:23:57 -0500] "POST /sipse/faces/autenticacion.xhtml HTTP/1.1" 200 11191
201.245.192.253 - - [06/Apr/2022:16:23:57 -0500] "GET /sipse/css/custom_css_sg_prime.css HTTP/1.1" 304 -
201.245.192.253 - - [06/Apr/2022:16:23:57 -0500] "GET /sipse/faces/javax.faces.resource/theme.css?ln=primefaces-sipse HTTP/1.1" 304 -
201.245.192.253 - - [06/Apr/2022:16:23:57 -0500] "GET /sipse/faces/javax.faces.resource/primefaces.css?ln=primefaces&v=4.0 HTTP/1.1" 304 -
201.245.192.253 - - [06/Apr/2022:16:23:57 -0500] "GET /sipse/faces/javax.faces.resource/layout/layout.css?ln=primefaces&v=4.0 HTTP/1.1" 304 -
201.245.192.253 - - [06/Apr/2022:16:23:57 -0500] "GET /sipse/faces/javax.faces.resource/jquery/jquery.js?ln=primefaces&v=4.0 HTTP/1.1" 304 -
201.245.192.253 - - [06/Apr/2022:16:23:57 -0500] "GET /sipse/faces/javax.faces.resource/jquery/jquery-plugins.js?ln=primefaces&v=4.0 HTTP/1.1" 304 -
201.245.192.253 - - [06/Apr/2022:16:23:57 -0500] "GET /sipse/faces/javax.faces.resource/primefaces.js?ln=primefaces&v=4.0 HTTP/1.1" 304 -
201.245.192.253 - - [06/Apr/2022:16:23:57 -0500] "GET /sipse/faces/javax.faces.resource/layout/layout.js?ln=primefaces&v=4.0 HTTP/1.1" 304 -
201.245.192.253 - - [06/Apr/2022:16:23:58 -0500] "GET /sipse/faces/javax.faces.resource/messages/messages.png?ln=primefaces&v=4.0 HTTP/1.1" 304 -
201.245.192.253 - - [06/Apr/2022:16:24:00 -0500] "POST /sipse/faces/presentacion/sistema/seguridad/seleccionRol.xhtml HTTP/1.1" 200 5624
181.61.164.108 - - [06/Apr/2022:16:24:00 -0500] "GET /BLA/resoluciones/RESOLUCIONES%202003/RES%202003%20901-950/936.tif HTTP/1.1" 200 177032
201.245.192.253 - - [06/Apr/2022:16:24:01 -0500] "POST /sipse/faces/presentacion/sistema/seguridad/seleccionRol.xhtml HTTP/1.1" 200 15038
201.245.192.253 - - [06/Apr/2022:16:24:01 -0500] "GET /sipse/faces/javax.faces.resource/theme.css?ln=primefaces-sipse HTTP/1.1" 304 -
201.245.192.253 - - [06/Apr/2022:16:24:01 -0500] "GET /sipse/faces/javax.faces.resource/primefaces.css?ln=primefaces&v=4.0 HTTP/1.1" 304 -
201.245.192.253 - - [06/Apr/2022:16:24:01 -0500] "GET /sipse/faces/javax.faces.resource/layout/layout.css?ln=primefaces&v=4.0 HTTP/1.1" 304 -
201.245.192.253 - - [06/Apr/2022:16:24:01 -0500] "GET /sipse/js/jquery.min.js HTTP/1.1" 304 -
201.245.192.253 - - [06/Apr/2022:16:24:01 -0500] "GET /sipse/faces/javax.faces.resource/jquery/jquery.js?ln=primefaces&v=4.0 HTTP/1.1" 304 -
201.245.192.253 - - [06/Apr/2022:16:24:01 -0500] "GET /sipse/faces/javax.faces.resource/jquery/jquery-plugins.js?ln=primefaces&v=4.0 HTTP/1.1" 304 -
201.245.192.253 - - [06/Apr/2022:16:24:01 -0500] "GET /sipse/faces/javax.faces.resource/primefaces.js?ln=primefaces&v=4.0 HTTP/1.1" 304 -
201.245.192.253 - - [06/Apr/2022:16:24:01 -0500] "GET /sipse/faces/javax.faces.resource/layout/layout.js?ln=primefaces&v=4.0 HTTP/1.1" 304 -
201.245.192.253 - - [06/Apr/2022:16:24:01 -0500] "GET /sipse/imagenes/cargando.gif HTTP/1.1" 304 -
201.245.192.253 - - [06/Apr/2022:16:24:01 -0500] "GET /sipse/imagenes/logoAplicacion.jpg HTTP/1.1" 304 -
201.245.192.253 - - [06/Apr/2022:16:24:01 -0500] "GET /sipse/css/imagen/contrasena.png HTTP/1.1" 404 383
181.61.164.108 - - [06/Apr/2022:16:24:02 -0500] "GET /BLA/resoluciones/RESOLUCIONES%202003/RES%202003%20901-950/937.tif HTTP/1.1" 200 185484
201.245.192.253 - - [06/Apr/2022:16:24:02 -0500] "GET /sipse/faces/javax.faces.resource/images/ui-bg_flat_0_2d5972_40x100.png?ln=primefaces-aristo HTTP/1.1" 304 -
201.245.192.253 - - [06/Apr/2022:16:24:02 -0500] "POST /sipse/faces/bienvenido.xhtml HTTP/1.1" 200 3843
201.245.192.253 - - [06/Apr/2022:16:24:03 -0500] "POST /sipse/faces/bienvenido.xhtml HTTP/1.1" 200 27922
201.245.192.253 - - [06/Apr/2022:16:24:03 -0500] "GET /sipse/faces/javax.faces.resource/theme.css?ln=primefaces-sipse HTTP/1.1" 304 -
201.245.192.253 - - [06/Apr/2022:16:24:03 -0500] "GET /sipse/faces/javax.faces.resource/primefaces.css?ln=primefaces&v=4.0 HTTP/1.1" 304 -
201.245.192.253 - - [06/Apr/2022:16:24:03 -0500] "GET /sipse/faces/javax.faces.resource/layout/layout.css?ln=primefaces&v=4.0 HTTP/1.1" 304 -
201.245.192.253 - - [06/Apr/2022:16:24:03 -0500] "GET /sipse/faces/javax.faces.resource/jquery/jquery.js?ln=primefaces&v=4.0 HTTP/1.1" 304 -
201.245.192.253 - - [06/Apr/2022:16:24:03 -0500] "GET /sipse/faces/javax.faces.resource/jquery/jquery-plugins.js?ln=primefaces&v=4.0 HTTP/1.1" 304 -
201.245.192.253 - - [06/Apr/2022:16:24:03 -0500] "GET /sipse/faces/javax.faces.resource/primefaces.js?ln=primefaces&v=4.0 HTTP/1.1" 304 -
201.245.192.253 - - [06/Apr/2022:16:24:03 -0500] "GET /sipse/faces/javax.faces.resource/layout/layout.js?ln=primefaces&v=4.0 HTTP/1.1" 304 -
181.61.164.108 - - [06/Apr/2022:16:24:03 -0500] "GET /BLA/resoluciones/RESOLUCIONES%202003/RES%202003%20901-950/938.tif HTTP/1.1" 200 278204
181.61.164.108 - - [06/Apr/2022:16:24:05 -0500] "GET /BLA/resoluciones/RESOLUCIONES%202003/RES%202003%20901-950/939.tif HTTP/1.1" 200 272204
201.245.192.253 - - [06/Apr/2022:16:24:05 -0500] "POST /sipse/faces/presentacion/financiero/solicitudProceso/solicitudProcesoOtrosPagos.xhtml HTTP/1.1" 200 59971
201.245.192.253 - - [06/Apr/2022:16:24:05 -0500] "GET /sipse/faces/javax.faces.resource/theme.css?ln=primefaces-sipse HTTP/1.1" 304 -
201.245.192.253 - - [06/Apr/2022:16:24:05 -0500] "GET /sipse/faces/javax.faces.resource/primefaces.css?ln=primefaces&v=4.0 HTTP/1.1" 304 -
201.245.192.253 - - [06/Apr/2022:16:24:05 -0500] "GET /sipse/faces/javax.faces.resource/layout/layout.css?ln=primefaces&v=4.0 HTTP/1.1" 304 -
201.245.192.253 - - [06/Apr/2022:16:24:05 -0500] "GET /sipse/faces/javax.faces.resource/jquery/jquery.js?ln=primefaces&v=4.0 HTTP/1.1" 304 -
201.245.192.253 - - [06/Apr/2022:16:24:05 -0500] "GET /sipse/faces/javax.faces.resource/jquery/jquery-plugins.js?ln=primefaces&v=4.0 HTTP/1.1" 304 -
201.245.192.253 - - [06/Apr/2022:16:24:05 -0500] "GET /sipse/faces/javax.faces.resource/primefaces.js?ln=primefaces&v=4.0 HTTP/1.1" 304 -
201.245.192.253 - - [06/Apr/2022:16:24:06 -0500] "GET /sipse/faces/javax.faces.resource/layout/layout.js?ln=primefaces&v=4.0 HTTP/1.1" 304 -
201.245.192.253 - - [06/Apr/2022:16:24:06 -0500] "POST /sipse/faces/presentacion/financiero/solicitudProceso/listarSolicitudProceso.xhtml HTTP/1.1" 200 53339
201.245.192.253 - - [06/Apr/2022:16:24:06 -0500] "POST /sipse/faces/presentacion/financiero/solicitudProceso/listarSolicitudProceso.xhtml HTTP/1.1" 200 1452
201.245.192.253 - - [06/Apr/2022:16:24:06 -0500] "POST /sipse/faces/presentacion/financiero/solicitudProceso/listarSolicitudProceso.xhtml HTTP/1.1" 200 1452
181.61.164.108 - - [06/Apr/2022:16:24:06 -0500] "GET /BLA/resoluciones/RESOLUCIONES%202003/RES%202003%20901-950/940.tif HTTP/1.1" 200 631144
181.61.164.108 - - [06/Apr/2022:16:24:08 -0500] "GET /BLA/resoluciones/RESOLUCIONES%202003/RES%202003%20901-950/941.tif HTTP/1.1" 200 528824
186.29.49.78 - - [06/Apr/2022:16:24:08 -0500] "GET /BLA/resoluciones/index.php?dir= HTTP/1.1" 200 13093
201.245.192.253 - - [06/Apr/2022:16:24:09 -0500] "POST /sipse/faces/presentacion/financiero/solicitudProceso/listarSolicitudProceso.xhtml HTTP/1.1" 200 133372
201.245.192.253 - - [06/Apr/2022:16:24:10 -0500] "GET /sipse/faces/javax.faces.resource/theme.css?ln=primefaces-sipse HTTP/1.1" 304 -
201.245.192.253 - - [06/Apr/2022:16:24:10 -0500] "GET /sipse/faces/javax.faces.resource/layout/layout.css?ln=primefaces&v=4.0 HTTP/1.1" 304 -
201.245.192.253 - - [06/Apr/2022:16:24:10 -0500] "GET /sipse/faces/javax.faces.resource/primefaces.css?ln=primefaces&v=4.0 HTTP/1.1" 304 -
201.245.192.253 - - [06/Apr/2022:16:24:10 -0500] "GET /sipse/faces/javax.faces.resource/jquery/jquery.js?ln=primefaces&v=4.0 HTTP/1.1" 304 -
201.245.192.253 - - [06/Apr/2022:16:24:10 -0500] "GET /sipse/faces/javax.faces.resource/jquery/jquery-plugins.js?ln=primefaces&v=4.0 HTTP/1.1" 304 -
201.245.192.253 - - [06/Apr/2022:16:24:10 -0500] "GET /sipse/faces/javax.faces.resource/primefaces.js?ln=primefaces&v=4.0 HTTP/1.1" 304 -
201.245.192.253 - - [06/Apr/2022:16:24:10 -0500] "GET /sipse/faces/javax.faces.resource/layout/layout.js?ln=primefaces&v=4.0 HTTP/1.1" 304 -
201.245.192.253 - - [06/Apr/2022:16:24:10 -0500] "GET /sipse/faces/javax.faces.resource/dynamiccontent.properties?ln=primefaces&pfdrid=XjOR5%2F%2FfPAZAuY9TpWQeCiM0BhlXxYRBGKi%2FQcXXfeA%3D&pfdrid_c=false HTTP/1.1" 500 383
181.61.164.108 - - [06/Apr/2022:16:24:13 -0500] "GET /BLA/resoluciones/RESOLUCIONES%202003/RES%202003%20901-950/942.tif HTTP/1.1" 200 338152
201.245.192.253 - - [06/Apr/2022:16:24:14 -0500] "POST /sipse/faces/presentacion/financiero/solicitudProceso/consultarSolicitudProceso.xhtml HTTP/1.1" 200 26102
201.245.192.253 - - [06/Apr/2022:16:24:14 -0500] "GET /sipse/faces/javax.faces.resource/primefaces.css?ln=primefaces&v=4.0 HTTP/1.1" 304 -
201.245.192.253 - - [06/Apr/2022:16:24:14 -0500] "GET /sipse/faces/javax.faces.resource/theme.css?ln=primefaces-sipse HTTP/1.1" 304 -
201.245.192.253 - - [06/Apr/2022:16:24:14 -0500] "GET /sipse/faces/javax.faces.resource/layout/layout.css?ln=primefaces&v=4.0 HTTP/1.1" 304 -
201.245.192.253 - - [06/Apr/2022:16:24:14 -0500] "GET /sipse/faces/javax.faces.resource/jquery/jquery.js?ln=primefaces&v=4.0 HTTP/1.1" 304 -
201.245.192.253 - - [06/Apr/2022:16:24:14 -0500] "GET /sipse/faces/javax.faces.resource/jquery/jquery-plugins.js?ln=primefaces&v=4.0 HTTP/1.1" 304 -
201.245.192.253 - - [06/Apr/2022:16:24:14 -0500] "GET /sipse/faces/javax.faces.resource/primefaces.js?ln=primefaces&v=4.0 HTTP/1.1" 304 -
201.245.192.253 - - [06/Apr/2022:16:24:14 -0500] "GET /sipse/faces/javax.faces.resource/layout/layout.js?ln=primefaces&v=4.0 HTTP/1.1" 304 -
181.61.164.108 - - [06/Apr/2022:16:24:15 -0500] "GET /BLA/resoluciones/RESOLUCIONES%202003/RES%202003%20901-950/943.tif HTTP/1.1" 200 186056
186.29.49.78 - - [06/Apr/2022:16:24:13 -0500] "GET /BLA/resoluciones/index.php?dir=RESOLUCIONES+2009%2F HTTP/1.1" 200 1694101
201.245.192.253 - - [06/Apr/2022:16:24:16 -0500] "GET /sipse/faces/javax.faces.resource/theme.css?ln=primefaces-sipse HTTP/1.1" 304 -
201.245.192.253 - - [06/Apr/2022:16:24:16 -0500] "GET /sipse/faces/javax.faces.resource/primefaces.css?ln=primefaces&v=4.0 HTTP/1.1" 304 -
201.245.192.253 - - [06/Apr/2022:16:24:16 -0500] "GET /sipse/faces/javax.faces.resource/layout/layout.css?ln=primefaces&v=4.0 HTTP/1.1" 304 -
201.245.192.253 - - [06/Apr/2022:16:24:16 -0500] "GET /sipse/faces/javax.faces.resource/jquery/jquery.js?ln=primefaces&v=4.0 HTTP/1.1" 304 -
201.245.192.253 - - [06/Apr/2022:16:24:16 -0500] "GET /sipse/faces/javax.faces.resource/jquery/jquery-plugins.js?ln=primefaces&v=4.0 HTTP/1.1" 304 -
201.245.192.253 - - [06/Apr/2022:16:24:16 -0500] "GET /sipse/faces/javax.faces.resource/primefaces.js?ln=primefaces&v=4.0 HTTP/1.1" 304 -
201.245.192.253 - - [06/Apr/2022:16:24:16 -0500] "GET /sipse/faces/javax.faces.resource/layout/layout.js?ln=primefaces&v=4.0 HTTP/1.1" 304 -
201.245.192.253 - - [06/Apr/2022:16:24:16 -0500] "POST /sipse/faces/presentacion/financiero/cdp/expedirCdp.xhtml HTTP/1.1" 200 179123
201.245.192.253 - - [06/Apr/2022:16:24:16 -0500] "GET /sipse/faces/javax.faces.resource/dynamiccontent.properties?ln=primefaces&pfdrid=XjOR5%2F%2FfPAZAuY9TpWQeCiM0BhlXxYRBGKi%2FQcXXfeA%3D&pfdrid_c=false HTTP/1.1" 500 383
181.61.164.108 - - [06/Apr/2022:16:24:16 -0500] "GET /BLA/resoluciones/RESOLUCIONES%202003/RES%202003%20901-950/944.tif HTTP/1.1" 200 170800
181.61.164.108 - - [06/Apr/2022:16:24:18 -0500] "GET /BLA/resoluciones/RESOLUCIONES%202003/RES%202003%20901-950/945.tif HTTP/1.1" 200 365652
181.61.164.108 - - [06/Apr/2022:16:24:20 -0500] "GET /BLA/resoluciones/RESOLUCIONES%202003/RES%202003%20901-950/946.tif HTTP/1.1" 200 161820
201.245.192.253 - - [06/Apr/2022:16:24:20 -0500] "POST /sipse/faces/presentacion/financiero/solicitudProceso/consultarSolicitudProceso.xhtml HTTP/1.1" 200 5461
201.245.192.253 - - [06/Apr/2022:16:24:20 -0500] "GET /reportes_sipse/sdg/ServletReporte?reporte=solicitud_cdp&Solicitud=17714&pfdrid_c=false HTTP/1.1" 200 136595
181.61.164.108 - - [06/Apr/2022:16:24:22 -0500] "GET /BLA/resoluciones/RESOLUCIONES%202003/RES%202003%20901-950/947.tif HTTP/1.1" 200 161224
181.61.164.108 - - [06/Apr/2022:16:24:24 -0500] "GET /BLA/resoluciones/RESOLUCIONES%202003/RES%202003%20901-950/948.tif HTTP/1.1" 200 184624
181.61.164.108 - - [06/Apr/2022:16:24:26 -0500] "GET /BLA/resoluciones/RESOLUCIONES%202003/RES%202003%20901-950/949.tif HTTP/1.1" 200 181980
181.61.164.108 - - [06/Apr/2022:16:24:29 -0500] "GET /BLA/resoluciones/RESOLUCIONES%202003/RES%202003%20901-950/950.tif HTTP/1.1" 200 193124
201.245.192.253 - - [06/Apr/2022:16:24:33 -0500] "POST /sipse/faces/presentacion/financiero/solicitudProceso/solicitudProcesoOtrosPagos.xhtml HTTP/1.1" 200 21826
201.245.192.253 - - [06/Apr/2022:16:24:33 -0500] "POST /sipse/faces/presentacion/financiero/solicitudProceso/solicitudProcesoOtrosPagos.xhtml HTTP/1.1" 200 21830
201.245.192.253 - - [06/Apr/2022:16:24:33 -0500] "POST /sipse/faces/presentacion/financiero/solicitudProceso/solicitudProcesoOtrosPagos.xhtml HTTP/1.1" 200 21830
201.245.192.253 - - [06/Apr/2022:16:24:35 -0500] "POST /sipse/faces/presentacion/financiero/solicitudProceso/solicitudProcesoOtrosPagos.xhtml HTTP/1.1" 200 21830
201.245.192.253 - - [06/Apr/2022:16:24:35 -0500] "POST /sipse/faces/presentacion/financiero/solicitudProceso/solicitudProcesoOtrosPagos.xhtml HTTP/1.1" 200 21830
201.245.192.253 - - [06/Apr/2022:16:24:35 -0500] "POST /sipse/faces/presentacion/financiero/solicitudProceso/solicitudProcesoOtrosPagos.xhtml HTTP/1.1" 200 21830
201.245.192.253 - - [06/Apr/2022:16:24:38 -0500] "POST /sipse/faces/presentacion/financiero/solicitudProceso/solicitudProcesoOtrosPagos.xhtml HTTP/1.1" 200 2629
201.245.192.253 - - [06/Apr/2022:16:24:39 -0500] "POST /sipse/faces/presentacion/financiero/solicitudProceso/solicitudProcesoOtrosPagos.xhtml HTTP/1.1" 200 37775
201.245.192.253 - - [06/Apr/2022:16:24:39 -0500] "GET /sipse/faces/javax.faces.resource/theme.css?ln=primefaces-sipse HTTP/1.1" 304 -
201.245.192.253 - - [06/Apr/2022:16:24:39 -0500] "GET /sipse/faces/javax.faces.resource/primefaces.css?ln=primefaces&v=4.0 HTTP/1.1" 304 -
201.245.192.253 - - [06/Apr/2022:16:24:39 -0500] "GET /sipse/faces/javax.faces.resource/layout/layout.css?ln=primefaces&v=4.0 HTTP/1.1" 304 -
201.245.192.253 - - [06/Apr/2022:16:24:39 -0500] "GET /sipse/faces/javax.faces.resource/jquery/jquery.js?ln=primefaces&v=4.0 HTTP/1.1" 304 -
201.245.192.253 - - [06/Apr/2022:16:24:39 -0500] "GET /sipse/faces/javax.faces.resource/jquery/jquery-plugins.js?ln=primefaces&v=4.0 HTTP/1.1" 304 -
201.245.192.253 - - [06/Apr/2022:16:24:39 -0500] "GET /sipse/faces/javax.faces.resource/primefaces.js?ln=primefaces&v=4.0 HTTP/1.1" 304 -
201.245.192.253 - - [06/Apr/2022:16:24:39 -0500] "GET /sipse/faces/javax.faces.resource/layout/layout.js?ln=primefaces&v=4.0 HTTP/1.1" 304 -
201.245.192.253 - - [06/Apr/2022:16:24:39 -0500] "POST /sipse/faces/presentacion/financiero/solicitudProceso/consultar.xhtml HTTP/1.1" 200 31173
201.245.192.253 - - [06/Apr/2022:16:24:39 -0500] "POST /sipse/faces/presentacion/financiero/solicitudProceso/consultar.xhtml HTTP/1.1" 200 31173
172.22.2.4 - - [06/Apr/2022:16:23:05 -0500] "HEAD /BLA/boletinlegal/ HTTP/1.1" 200 -
201.245.192.253 - - [06/Apr/2022:16:24:50 -0500] "POST /sipse/faces/presentacion/financiero/solicitudProceso/consultar.xhtml HTTP/1.1" 200 12829
201.245.192.253 - - [06/Apr/2022:16:24:53 -0500] "POST /sipse/faces/presentacion/financiero/solicitudProceso/consultar.xhtml HTTP/1.1" 200 110814
201.245.192.253 - - [06/Apr/2022:16:24:53 -0500] "GET /sipse/faces/javax.faces.resource/theme.css?ln=primefaces-sipse HTTP/1.1" 304 -
201.245.192.253 - - [06/Apr/2022:16:24:53 -0500] "GET /sipse/faces/javax.faces.resource/primefaces.css?ln=primefaces&v=4.0 HTTP/1.1" 304 -
201.245.192.253 - - [06/Apr/2022:16:24:53 -0500] "GET /sipse/faces/javax.faces.resource/layout/layout.css?ln=primefaces&v=4.0 HTTP/1.1" 304 -
201.245.192.253 - - [06/Apr/2022:16:24:53 -0500] "GET /sipse/faces/javax.faces.resource/jquery/jquery.js?ln=primefaces&v=4.0 HTTP/1.1" 304 -
201.245.192.253 - - [06/Apr/2022:16:24:53 -0500] "GET /sipse/faces/javax.faces.resource/jquery/jquery-plugins.js?ln=primefaces&v=4.0 HTTP/1.1" 304 -
201.245.192.253 - - [06/Apr/2022:16:24:53 -0500] "GET /sipse/faces/javax.faces.resource/primefaces.js?ln=primefaces&v=4.0 HTTP/1.1" 304 -
201.245.192.253 - - [06/Apr/2022:16:24:53 -0500] "GET /sipse/faces/javax.faces.resource/layout/layout.js?ln=primefaces&v=4.0 HTTP/1.1" 304 -
201.245.192.253 - - [06/Apr/2022:16:24:53 -0500] "GET /reportes_sipse/sdg/ServletReporte?reporte=solicitud_cdp&Solicitud=17714&pfdrid_c=false HTTP/1.1" 200 136595
181.237.58.35 - - [06/Apr/2022:16:25:05 -0500] "GET /sipse/faces/index.xhtml HTTP/1.1" 200 677
181.237.58.35 - - [06/Apr/2022:16:25:05 -0500] "GET /sipse/faces/javax.faces.resource/theme.css?ln=primefaces-sipse HTTP/1.1" 304 -
181.237.58.35 - - [06/Apr/2022:16:25:05 -0500] "GET /sipse/faces/faces/autenticacion.xhtml HTTP/1.1" 200 12192
181.237.58.35 - - [06/Apr/2022:16:25:05 -0500] "GET /sipse/faces/javax.faces.resource/theme.css?ln=primefaces-sipse HTTP/1.1" 304 -
181.237.58.35 - - [06/Apr/2022:16:25:05 -0500] "GET /sipse/faces/javax.faces.resource/jquery/jquery-plugins.js?ln=primefaces&v=4.0 HTTP/1.1" 304 -
181.237.58.35 - - [06/Apr/2022:16:25:05 -0500] "GET /sipse/faces/javax.faces.resource/layout/layout.js?ln=primefaces&v=4.0 HTTP/1.1" 304 -
181.237.58.35 - - [06/Apr/2022:16:25:05 -0500] "GET /sipse/faces/javax.faces.resource/primefaces.css?ln=primefaces&v=4.0 HTTP/1.1" 304 -
181.237.58.35 - - [06/Apr/2022:16:25:05 -0500] "GET /sipse/faces/javax.faces.resource/primefaces.js?ln=primefaces&v=4.0 HTTP/1.1" 304 -
181.237.58.35 - - [06/Apr/2022:16:25:05 -0500] "GET /sipse/faces/javax.faces.resource/jquery/jquery.js?ln=primefaces&v=4.0 HTTP/1.1" 304 -
181.237.58.35 - - [06/Apr/2022:16:25:05 -0500] "GET /sipse/faces/javax.faces.resource/layout/layout.css?ln=primefaces&v=4.0 HTTP/1.1" 304 -
181.237.58.35 - - [06/Apr/2022:16:25:05 -0500] "GET /sipse/faces/javax.faces.resource/images/ui-icons_898989_256x240.png?ln=primefaces-aristo HTTP/1.1" 200 5355
181.237.58.35 - - [06/Apr/2022:16:25:05 -0500] "GET /sipse/css/imagen/logoSDG.png HTTP/1.1" 200 16070
181.237.58.35 - - [06/Apr/2022:16:25:05 -0500] "GET /sipse/css/imagen/loginimg.png HTTP/1.1" 200 16070
172.22.2.4 - - [06/Apr/2022:16:25:05 -0500] "GET /BLA/boletinlegal/consulta_actos.php?tipo=resoluciones&no=&usuario=&sector=PEV&fecha=2017&resuelve=cesaci%F3n%20de%20procedimiento%20 HTTP/1.1" 200 626
