186.148.168.245 - - [06/Apr/2022:14:42:40 -0500] "GET /sipse/faces/javax.faces.resource/layout/layout.js?ln=primefaces&v=4.0 HTTP/1.1" 304 -
181.61.164.108 - - [06/Apr/2022:14:42:40 -0500] "GET /BLA/resoluciones/RESOLUCIONES%202002/RES%202002%201851-1900/20021890.tif HTTP/1.1" 200 265476
186.148.168.245 - - [06/Apr/2022:14:42:42 -0500] "POST /sipse/faces/presentacion/proyectos/proyecto/listarProyecto.xhtml HTTP/1.1" 200 67628
186.148.168.245 - - [06/Apr/2022:14:42:42 -0500] "GET /sipse/faces/javax.faces.resource/theme.css?ln=primefaces-sipse HTTP/1.1" 304 -
186.148.168.245 - - [06/Apr/2022:14:42:42 -0500] "GET /sipse/faces/javax.faces.resource/primefaces.css?ln=primefaces&v=4.0 HTTP/1.1" 304 -
186.148.168.245 - - [06/Apr/2022:14:42:42 -0500] "GET /sipse/faces/javax.faces.resource/layout/layout.css?ln=primefaces&v=4.0 HTTP/1.1" 304 -
186.148.168.245 - - [06/Apr/2022:14:42:42 -0500] "GET /sipse/faces/javax.faces.resource/jquery/jquery.js?ln=primefaces&v=4.0 HTTP/1.1" 304 -
186.148.168.245 - - [06/Apr/2022:14:42:42 -0500] "GET /sipse/faces/javax.faces.resource/jquery/jquery-plugins.js?ln=primefaces&v=4.0 HTTP/1.1" 304 -
186.148.168.245 - - [06/Apr/2022:14:42:42 -0500] "GET /sipse/faces/javax.faces.resource/primefaces.js?ln=primefaces&v=4.0 HTTP/1.1" 304 -
186.148.168.245 - - [06/Apr/2022:14:42:42 -0500] "GET /sipse/faces/javax.faces.resource/layout/layout.js?ln=primefaces&v=4.0 HTTP/1.1" 304 -
186.148.168.245 - - [06/Apr/2022:14:42:42 -0500] "POST /sipse/faces/presentacion/proyectos/proyecto/listarConsultarProyectos.xhtml HTTP/1.1" 200 61038
181.61.164.108 - - [06/Apr/2022:14:42:44 -0500] "GET /BLA/resoluciones/RESOLUCIONES%202002/RES%202002%201851-1900/20021891.tif HTTP/1.1" 200 100140
186.148.168.245 - - [06/Apr/2022:14:42:45 -0500] "POST /sipse/faces/presentacion/proyectos/proyecto/listarConsultarProyectos.xhtml HTTP/1.1" 200 911
181.61.164.108 - - [06/Apr/2022:14:42:45 -0500] "GET /BLA/resoluciones/RESOLUCIONES%202002/RES%202002%201851-1900/20021892.tif HTTP/1.1" 200 119236
181.61.164.108 - - [06/Apr/2022:14:42:46 -0500] "GET /BLA/resoluciones/RESOLUCIONES%202002/RES%202002%201851-1900/20021893.tif HTTP/1.1" 200 75028
181.61.164.108 - - [06/Apr/2022:14:42:48 -0500] "GET /BLA/resoluciones/RESOLUCIONES%202002/RES%202002%201851-1900/20021894.tif HTTP/1.1" 200 128806
181.61.164.108 - - [06/Apr/2022:14:42:50 -0500] "GET /BLA/resoluciones/RESOLUCIONES%202002/RES%202002%201851-1900/20021895.tif HTTP/1.1" 200 135594
181.61.164.108 - - [06/Apr/2022:14:42:53 -0500] "GET /BLA/resoluciones/RESOLUCIONES%202002/RES%202002%201851-1900/20021896.tif HTTP/1.1" 200 91128
181.61.164.108 - - [06/Apr/2022:14:42:54 -0500] "GET /BLA/resoluciones/RESOLUCIONES%202002/RES%202002%201851-1900/20021897.tif HTTP/1.1" 200 103862
186.148.168.245 - - [06/Apr/2022:14:42:55 -0500] "GET /sipse/faces/index.xhtml HTTP/1.1" 200 677
186.148.168.245 - - [06/Apr/2022:14:42:55 -0500] "GET /sipse/faces/javax.faces.resource/theme.css?ln=primefaces-sipse HTTP/1.1" 200 50058
186.148.168.245 - - [06/Apr/2022:14:42:55 -0500] "GET /favicon.ico HTTP/1.1" 200 7782
186.148.168.245 - - [06/Apr/2022:14:42:55 -0500] "GET /sipse/faces/faces/autenticacion.xhtml HTTP/1.1" 200 12181
186.148.168.245 - - [06/Apr/2022:14:42:55 -0500] "GET /sipse/css/custom_css_sg.css HTTP/1.1" 200 9694
186.148.168.245 - - [06/Apr/2022:14:42:55 -0500] "GET /sipse/css/custom_css_sg_prime_login.css HTTP/1.1" 200 443
186.148.168.245 - - [06/Apr/2022:14:42:55 -0500] "GET /sipse/faces/javax.faces.resource/theme.css?ln=primefaces-sipse HTTP/1.1" 304 -
186.148.168.245 - - [06/Apr/2022:14:42:55 -0500] "GET /sipse/faces/javax.faces.resource/layout/layout.css?ln=primefaces&v=4.0 HTTP/1.1" 200 542
186.148.168.245 - - [06/Apr/2022:14:42:55 -0500] "GET /sipse/js/disable_browser_buttons.js HTTP/1.1" 200 3230
186.148.168.245 - - [06/Apr/2022:14:42:55 -0500] "GET /sipse/js/funciones.js HTTP/1.1" 200 12592
181.61.164.108 - - [06/Apr/2022:14:42:55 -0500] "GET /BLA/resoluciones/RESOLUCIONES%202002/RES%202002%201851-1900/20021898.tif HTTP/1.1" 200 79264
186.148.168.245 - - [06/Apr/2022:14:42:55 -0500] "GET /sipse/faces/javax.faces.resource/primefaces.css?ln=primefaces&v=4.0 HTTP/1.1" 200 53295
181.61.164.108 - - [06/Apr/2022:14:42:56 -0500] "GET /BLA/resoluciones/RESOLUCIONES%202002/RES%202002%201851-1900/20021899.tif HTTP/1.1" 200 85422
186.148.168.245 - - [06/Apr/2022:14:42:55 -0500] "GET /sipse/faces/javax.faces.resource/layout/layout.js?ln=primefaces&v=4.0 HTTP/1.1" 200 87560
186.148.168.245 - - [06/Apr/2022:14:42:55 -0500] "GET /sipse/faces/javax.faces.resource/jquery/jquery.js?ln=primefaces&v=4.0 HTTP/1.1" 200 105384
186.148.168.245 - - [06/Apr/2022:14:42:55 -0500] "GET /sipse/faces/javax.faces.resource/primefaces.js?ln=primefaces&v=4.0 HTTP/1.1" 200 276924
186.148.168.245 - - [06/Apr/2022:14:42:55 -0500] "GET /sipse/faces/javax.faces.resource/jquery/jquery-plugins.js?ln=primefaces&v=4.0 HTTP/1.1" 200 220526
181.61.164.108 - - [06/Apr/2022:14:42:58 -0500] "GET /BLA/resoluciones/RESOLUCIONES%202002/RES%202002%201851-1900/20021900.tif HTTP/1.1" 200 87650
186.148.168.245 - - [06/Apr/2022:14:42:58 -0500] "GET /sipse/faces/javax.faces.resource/images/ui-icons_898989_256x240.png?ln=primefaces-aristo HTTP/1.1" 200 5355
186.148.168.245 - - [06/Apr/2022:14:42:58 -0500] "GET /sipse/css/imagen/logoSDG.png HTTP/1.1" 200 53064
186.148.168.245 - - [06/Apr/2022:14:42:58 -0500] "GET /sipse/css/imagen/loginimg.png HTTP/1.1" 200 71635
207.46.13.157 - - [06/Apr/2022:14:42:58 -0500] "GET /BLA/resoluciones/index.php?dir=AUTOS+2019%2F HTTP/1.1" 200 342490
201.245.192.253 - - [06/Apr/2022:14:42:12 -0500] "POST /kwsrmcab/Wsrmcab HTTP/1.1" 200 45286
186.148.168.245 - - [06/Apr/2022:14:43:01 -0500] "POST /sipse/faces/autenticacion.xhtml HTTP/1.1" 200 12263
186.148.168.245 - - [06/Apr/2022:14:43:01 -0500] "GET /sipse/css/custom_css_sg_prime.css HTTP/1.1" 200 5201
186.148.168.245 - - [06/Apr/2022:14:43:01 -0500] "GET /sipse/faces/javax.faces.resource/primefaces.css?ln=primefaces&v=4.0 HTTP/1.1" 304 -
186.148.168.245 - - [06/Apr/2022:14:43:01 -0500] "GET /sipse/faces/javax.faces.resource/theme.css?ln=primefaces-sipse HTTP/1.1" 304 -
186.148.168.245 - - [06/Apr/2022:14:43:01 -0500] "GET /sipse/faces/javax.faces.resource/layout/layout.css?ln=primefaces&v=4.0 HTTP/1.1" 304 -
186.148.168.245 - - [06/Apr/2022:14:43:01 -0500] "GET /sipse/faces/javax.faces.resource/jquery/jquery.js?ln=primefaces&v=4.0 HTTP/1.1" 304 -
186.148.168.245 - - [06/Apr/2022:14:43:01 -0500] "GET /sipse/faces/javax.faces.resource/jquery/jquery-plugins.js?ln=primefaces&v=4.0 HTTP/1.1" 304 -
186.148.168.245 - - [06/Apr/2022:14:43:01 -0500] "GET /sipse/faces/javax.faces.resource/primefaces.js?ln=primefaces&v=4.0 HTTP/1.1" 304 -
186.148.168.245 - - [06/Apr/2022:14:43:01 -0500] "GET /sipse/faces/javax.faces.resource/layout/layout.js?ln=primefaces&v=4.0 HTTP/1.1" 304 -
186.148.168.245 - - [06/Apr/2022:14:43:01 -0500] "GET /sipse/faces/javax.faces.resource/messages/messages.png?ln=primefaces&v=4.0 HTTP/1.1" 200 27209
181.61.164.108 - - [06/Apr/2022:14:43:02 -0500] "GET /BLA/resoluciones/index.php?dir=RESOLUCIONES+2002%2FRES+2002+1901-1950%2F HTTP/1.1" 200 12149
181.61.164.108 - - [06/Apr/2022:14:43:07 -0500] "GET /BLA/resoluciones/RESOLUCIONES%202002/RES%202002%201901-1950/20021901.tif HTTP/1.1" 200 287170
181.61.164.108 - - [06/Apr/2022:14:43:11 -0500] "GET /BLA/resoluciones/RESOLUCIONES%202002/RES%202002%201901-1950/20021902.tif HTTP/1.1" 200 215634
181.61.164.108 - - [06/Apr/2022:14:43:13 -0500] "GET /BLA/resoluciones/RESOLUCIONES%202002/RES%202002%201901-1950/20021903.tif HTTP/1.1" 200 86926
186.148.168.245 - - [06/Apr/2022:14:43:14 -0500] "POST /sipse/faces/presentacion/sistema/seguridad/seleccionRol.xhtml HTTP/1.1" 200 6697
181.61.164.108 - - [06/Apr/2022:14:43:16 -0500] "GET /BLA/resoluciones/RESOLUCIONES%202002/RES%202002%201901-1950/20021904.tif HTTP/1.1" 200 97942
172.22.2.4 - - [06/Apr/2022:14:41:37 -0500] "OPTIONS /BLA/boletinlegal/ HTTP/1.1" 200 63729
181.61.164.108 - - [06/Apr/2022:14:43:18 -0500] "GET /BLA/resoluciones/RESOLUCIONES%202002/RES%202002%201901-1950/20021905.tif HTTP/1.1" 200 110388
181.61.164.108 - - [06/Apr/2022:14:43:20 -0500] "GET /BLA/resoluciones/RESOLUCIONES%202002/RES%202002%201901-1950/20021906.tif HTTP/1.1" 200 35326
181.61.164.108 - - [06/Apr/2022:14:43:22 -0500] "GET /BLA/resoluciones/RESOLUCIONES%202002/RES%202002%201901-1950/20021907.tif HTTP/1.1" 200 31228
181.61.164.108 - - [06/Apr/2022:14:43:23 -0500] "GET /BLA/resoluciones/RESOLUCIONES%202002/RES%202002%201901-1950/20021908.tif HTTP/1.1" 200 1254994
186.148.168.245 - - [06/Apr/2022:14:43:23 -0500] "POST /sipse/faces/presentacion/sistema/seguridad/seleccionRol.xhtml HTTP/1.1" 200 17463
186.148.168.245 - - [06/Apr/2022:14:43:24 -0500] "GET /sipse/faces/javax.faces.resource/theme.css?ln=primefaces-sipse HTTP/1.1" 304 -
186.148.168.245 - - [06/Apr/2022:14:43:24 -0500] "GET /sipse/faces/javax.faces.resource/primefaces.css?ln=primefaces&v=4.0 HTTP/1.1" 304 -
186.148.168.245 - - [06/Apr/2022:14:43:24 -0500] "GET /sipse/faces/javax.faces.resource/layout/layout.css?ln=primefaces&v=4.0 HTTP/1.1" 304 -
186.148.168.245 - - [06/Apr/2022:14:43:24 -0500] "GET /sipse/js/jquery.min.js HTTP/1.1" 200 85582
186.148.168.245 - - [06/Apr/2022:14:43:24 -0500] "GET /sipse/faces/javax.faces.resource/jquery/jquery.js?ln=primefaces&v=4.0 HTTP/1.1" 304 -
186.148.168.245 - - [06/Apr/2022:14:43:24 -0500] "GET /sipse/faces/javax.faces.resource/jquery/jquery-plugins.js?ln=primefaces&v=4.0 HTTP/1.1" 304 -
186.148.168.245 - - [06/Apr/2022:14:43:24 -0500] "GET /sipse/faces/javax.faces.resource/primefaces.js?ln=primefaces&v=4.0 HTTP/1.1" 304 -
186.148.168.245 - - [06/Apr/2022:14:43:24 -0500] "GET /sipse/faces/javax.faces.resource/layout/layout.js?ln=primefaces&v=4.0 HTTP/1.1" 304 -
186.148.168.245 - - [06/Apr/2022:14:43:24 -0500] "GET /sipse/css/imagen/contrasena.png HTTP/1.1" 404 383
186.148.168.245 - - [06/Apr/2022:14:43:24 -0500] "GET /sipse/imagenes/cargando.gif HTTP/1.1" 200 36959
186.148.168.245 - - [06/Apr/2022:14:43:24 -0500] "GET /sipse/imagenes/logoAplicacion.jpg HTTP/1.1" 200 155084
181.61.164.108 - - [06/Apr/2022:14:43:25 -0500] "GET /BLA/resoluciones/RESOLUCIONES%202002/RES%202002%201901-1950/20021909.tif HTTP/1.1" 200 47656
181.61.164.108 - - [06/Apr/2022:14:43:26 -0500] "GET /BLA/resoluciones/RESOLUCIONES%202002/RES%202002%201901-1950/20021910.tif HTTP/1.1" 200 55212
186.148.168.245 - - [06/Apr/2022:14:43:27 -0500] "GET /sipse/faces/javax.faces.resource/images/ui-bg_flat_0_2d5972_40x100.png?ln=primefaces-aristo HTTP/1.1" 200 183
186.148.168.245 - - [06/Apr/2022:14:43:27 -0500] "POST /sipse/faces/bienvenido.xhtml HTTP/1.1" 200 2055
181.61.164.108 - - [06/Apr/2022:14:43:28 -0500] "GET /BLA/resoluciones/RESOLUCIONES%202002/RES%202002%201901-1950/20021911.tif HTTP/1.1" 200 59258
181.61.164.108 - - [06/Apr/2022:14:43:29 -0500] "GET /BLA/resoluciones/RESOLUCIONES%202002/RES%202002%201901-1950/20021912.tif HTTP/1.1" 200 55830
186.148.168.245 - - [06/Apr/2022:14:43:28 -0500] "POST /sipse/faces/bienvenido.xhtml HTTP/1.1" 200 81588
186.148.168.245 - - [06/Apr/2022:14:43:30 -0500] "GET /sipse/faces/javax.faces.resource/layout/layout.css?ln=primefaces&v=4.0 HTTP/1.1" 304 -
186.148.168.245 - - [06/Apr/2022:14:43:30 -0500] "GET /sipse/faces/javax.faces.resource/theme.css?ln=primefaces-sipse HTTP/1.1" 304 -
186.148.168.245 - - [06/Apr/2022:14:43:30 -0500] "GET /sipse/faces/javax.faces.resource/primefaces.css?ln=primefaces&v=4.0 HTTP/1.1" 304 -
186.148.168.245 - - [06/Apr/2022:14:43:30 -0500] "GET /sipse/faces/javax.faces.resource/jquery/jquery.js?ln=primefaces&v=4.0 HTTP/1.1" 304 -
186.148.168.245 - - [06/Apr/2022:14:43:30 -0500] "GET /sipse/faces/javax.faces.resource/jquery/jquery-plugins.js?ln=primefaces&v=4.0 HTTP/1.1" 304 -
186.148.168.245 - - [06/Apr/2022:14:43:30 -0500] "GET /sipse/faces/javax.faces.resource/primefaces.js?ln=primefaces&v=4.0 HTTP/1.1" 304 -
186.148.168.245 - - [06/Apr/2022:14:43:30 -0500] "GET /sipse/faces/javax.faces.resource/layout/layout.js?ln=primefaces&v=4.0 HTTP/1.1" 304 -
181.61.164.108 - - [06/Apr/2022:14:43:31 -0500] "GET /BLA/resoluciones/RESOLUCIONES%202002/RES%202002%201901-1950/20021913.tif HTTP/1.1" 200 50178
181.61.164.108 - - [06/Apr/2022:14:43:32 -0500] "GET /BLA/resoluciones/RESOLUCIONES%202002/RES%202002%201901-1950/20021914.tif HTTP/1.1" 200 51774
181.61.164.108 - - [06/Apr/2022:14:43:33 -0500] "GET /BLA/resoluciones/RESOLUCIONES%202002/RES%202002%201901-1950/20021915.tif HTTP/1.1" 200 53184
181.61.164.108 - - [06/Apr/2022:14:43:34 -0500] "GET /BLA/resoluciones/RESOLUCIONES%202002/RES%202002%201901-1950/20021916.tif HTTP/1.1" 200 60462
181.61.164.108 - - [06/Apr/2022:14:43:35 -0500] "GET /BLA/resoluciones/RESOLUCIONES%202002/RES%202002%201901-1950/20021917.tif HTTP/1.1" 200 112930
181.61.164.108 - - [06/Apr/2022:14:43:36 -0500] "GET /BLA/resoluciones/RESOLUCIONES%202002/RES%202002%201901-1950/20021918.tif HTTP/1.1" 200 219842
181.61.164.108 - - [06/Apr/2022:14:43:39 -0500] "GET /BLA/resoluciones/RESOLUCIONES%202002/RES%202002%201901-1950/20021919.tif HTTP/1.1" 200 99480
181.61.164.108 - - [06/Apr/2022:14:43:41 -0500] "GET /BLA/resoluciones/RESOLUCIONES%202002/RES%202002%201901-1950/20021920.tif HTTP/1.1" 200 512168
181.61.164.108 - - [06/Apr/2022:14:43:43 -0500] "GET /BLA/resoluciones/RESOLUCIONES%202002/RES%202002%201901-1950/20021921.tif HTTP/1.1" 200 107624
181.61.164.108 - - [06/Apr/2022:14:43:45 -0500] "GET /BLA/resoluciones/RESOLUCIONES%202002/RES%202002%201901-1950/20021922.tif HTTP/1.1" 200 138744
181.61.164.108 - - [06/Apr/2022:14:43:46 -0500] "GET /BLA/resoluciones/RESOLUCIONES%202002/RES%202002%201901-1950/20021923.tif HTTP/1.1" 200 141764
181.61.164.108 - - [06/Apr/2022:14:43:49 -0500] "GET /BLA/resoluciones/RESOLUCIONES%202002/RES%202002%201901-1950/20021924.tif HTTP/1.1" 200 216380
201.245.192.253 - - [06/Apr/2022:14:43:02 -0500] "POST /kwsrmcab/Wsrmcab HTTP/1.1" 200 45920
181.61.164.108 - - [06/Apr/2022:14:43:51 -0500] "GET /BLA/resoluciones/RESOLUCIONES%202002/RES%202002%201901-1950/20021925.tif HTTP/1.1" 200 117406
181.61.164.108 - - [06/Apr/2022:14:43:58 -0500] "GET /BLA/resoluciones/RESOLUCIONES%202002/RES%202002%201901-1950/20021926.tif HTTP/1.1" 200 145408
181.61.164.108 - - [06/Apr/2022:14:43:59 -0500] "GET /BLA/resoluciones/RESOLUCIONES%202002/RES%202002%201901-1950/20021927.tif HTTP/1.1" 200 134350
181.61.164.108 - - [06/Apr/2022:14:44:02 -0500] "GET /BLA/resoluciones/RESOLUCIONES%202002/RES%202002%201901-1950/20021928.tif HTTP/1.1" 200 155698
181.61.164.108 - - [06/Apr/2022:14:44:03 -0500] "GET /BLA/resoluciones/RESOLUCIONES%202002/RES%202002%201901-1950/20021929.tif HTTP/1.1" 200 118056
181.61.164.108 - - [06/Apr/2022:14:44:06 -0500] "GET /BLA/resoluciones/RESOLUCIONES%202002/RES%202002%201901-1950/20021930.tif HTTP/1.1" 200 48812
181.61.164.108 - - [06/Apr/2022:14:44:07 -0500] "GET /BLA/resoluciones/RESOLUCIONES%202002/RES%202002%201901-1950/20021931.tif HTTP/1.1" 200 80796
200.118.64.109 - - [06/Apr/2022:14:44:08 -0500] "POST /forms/lservlet;jsessionid=ac16012b30d6c7b1e1b4d61c4b9d8b438a525e0deb16.e3iSbxaKaheRe34Sc38RahyRchr0n6jAmljGr5XDqQLvpAe HTTP/1.1" 200 2
181.61.164.108 - - [06/Apr/2022:14:44:09 -0500] "GET /BLA/resoluciones/RESOLUCIONES%202002/RES%202002%201901-1950/20021932.tif HTTP/1.1" 200 37292
181.61.164.108 - - [06/Apr/2022:14:44:10 -0500] "GET /BLA/resoluciones/RESOLUCIONES%202002/RES%202002%201901-1950/20021933.tif HTTP/1.1" 200 47268
181.61.164.108 - - [06/Apr/2022:14:44:12 -0500] "GET /BLA/resoluciones/RESOLUCIONES%202002/RES%202002%201901-1950/20021934.tif HTTP/1.1" 200 156578
181.61.164.108 - - [06/Apr/2022:14:44:14 -0500] "GET /BLA/resoluciones/RESOLUCIONES%202002/RES%202002%201901-1950/20021935.tif HTTP/1.1" 200 67512
181.61.164.108 - - [06/Apr/2022:14:44:15 -0500] "GET /BLA/resoluciones/RESOLUCIONES%202002/RES%202002%201901-1950/20021936.tif HTTP/1.1" 200 64846
181.61.164.108 - - [06/Apr/2022:14:44:16 -0500] "GET /BLA/resoluciones/RESOLUCIONES%202002/RES%202002%201901-1950/20021937.tif HTTP/1.1" 200 39252
181.61.164.108 - - [06/Apr/2022:14:44:17 -0500] "GET /BLA/resoluciones/RESOLUCIONES%202002/RES%202002%201901-1950/20021938.tif HTTP/1.1" 200 64472
181.61.164.108 - - [06/Apr/2022:14:44:18 -0500] "GET /BLA/resoluciones/RESOLUCIONES%202002/RES%202002%201901-1950/20021939.tif HTTP/1.1" 200 92104
181.61.164.108 - - [06/Apr/2022:14:44:19 -0500] "GET /BLA/resoluciones/RESOLUCIONES%202002/RES%202002%201901-1950/20021940.tif HTTP/1.1" 200 171338
181.61.164.108 - - [06/Apr/2022:14:44:20 -0500] "GET /BLA/resoluciones/RESOLUCIONES%202002/RES%202002%201901-1950/20021941.tif HTTP/1.1" 200 113628
181.61.164.108 - - [06/Apr/2022:14:44:23 -0500] "GET /BLA/resoluciones/RESOLUCIONES%202002/RES%202002%201901-1950/20021942.tif HTTP/1.1" 200 352148
181.61.164.108 - - [06/Apr/2022:14:44:28 -0500] "GET /BLA/resoluciones/RESOLUCIONES%202002/RES%202002%201901-1950/20021943.tif HTTP/1.1" 200 239068
181.61.164.108 - - [06/Apr/2022:14:44:30 -0500] "GET /BLA/resoluciones/RESOLUCIONES%202002/RES%202002%201901-1950/20021944.tif HTTP/1.1" 200 42846
181.61.164.108 - - [06/Apr/2022:14:44:32 -0500] "GET /BLA/resoluciones/RESOLUCIONES%202002/RES%202002%201901-1950/20021945.tif HTTP/1.1" 200 42936
181.61.164.108 - - [06/Apr/2022:14:44:34 -0500] "GET /BLA/resoluciones/RESOLUCIONES%202002/RES%202002%201901-1950/20021946.tif HTTP/1.1" 200 44544
181.61.164.108 - - [06/Apr/2022:14:44:35 -0500] "GET /BLA/resoluciones/RESOLUCIONES%202002/RES%202002%201901-1950/20021947.tif HTTP/1.1" 200 34146
181.61.164.108 - - [06/Apr/2022:14:44:36 -0500] "GET /BLA/resoluciones/RESOLUCIONES%202002/RES%202002%201901-1950/20021948.tif HTTP/1.1" 200 43518
181.61.164.108 - - [06/Apr/2022:14:44:38 -0500] "GET /BLA/resoluciones/RESOLUCIONES%202002/RES%202002%201901-1950/20021949.tif HTTP/1.1" 200 46896
181.61.164.108 - - [06/Apr/2022:14:44:39 -0500] "GET /BLA/resoluciones/RESOLUCIONES%202002/RES%202002%201901-1950/20021950.tif HTTP/1.1" 200 250228
186.148.168.245 - - [06/Apr/2022:14:44:44 -0500] "POST /sipse/faces/presentacion/proyectos/proyecto/listarProyecto.xhtml HTTP/1.1" 200 58368
181.61.164.108 - - [06/Apr/2022:14:44:45 -0500] "GET /BLA/resoluciones/index.php?dir=RESOLUCIONES+2002%2FRES+2002+1951-1971%2F HTTP/1.1" 200 6225
186.148.168.245 - - [06/Apr/2022:14:44:46 -0500] "POST /sipse/faces/presentacion/proyectos/proyecto/listarProyecto.xhtml HTTP/1.1" 200 4887
181.61.164.108 - - [06/Apr/2022:14:44:47 -0500] "GET /BLA/resoluciones/RESOLUCIONES%202002/RES%202002%201951-1971/20021951.tif HTTP/1.1" 200 169580
186.148.168.245 - - [06/Apr/2022:14:44:48 -0500] "POST /sipse/faces/presentacion/proyectos/proyecto/listarProyecto.xhtml HTTP/1.1" 200 163
186.148.168.245 - - [06/Apr/2022:14:44:48 -0500] "GET /sipse/faces/javax.faces.resource/theme.css?ln=primefaces-sipse HTTP/1.1" 304 -
186.148.168.245 - - [06/Apr/2022:14:44:49 -0500] "GET /sipse/faces/javax.faces.resource/jquery/jquery.js?ln=primefaces&v=4.0 HTTP/1.1" 304 -
186.148.168.245 - - [06/Apr/2022:14:44:48 -0500] "GET /sipse/faces/presentacion/proyectos/proyecto/proyecto.xhtml HTTP/1.1" 200 82333
186.148.168.245 - - [06/Apr/2022:14:44:49 -0500] "GET /sipse/faces/javax.faces.resource/primefaces.js?ln=primefaces&v=4.0 HTTP/1.1" 304 -
186.148.168.245 - - [06/Apr/2022:14:44:49 -0500] "GET /sipse/faces/javax.faces.resource/layout/layout.js?ln=primefaces&v=4.0 HTTP/1.1" 304 -
186.148.168.245 - - [06/Apr/2022:14:44:49 -0500] "GET /sipse/faces/javax.faces.resource/layout/layout.css?ln=primefaces&v=4.0 HTTP/1.1" 304 -
186.148.168.245 - - [06/Apr/2022:14:44:49 -0500] "GET /sipse/faces/javax.faces.resource/jquery/jquery-plugins.js?ln=primefaces&v=4.0 HTTP/1.1" 304 -
186.148.168.245 - - [06/Apr/2022:14:44:49 -0500] "GET /sipse/faces/javax.faces.resource/primefaces.css?ln=primefaces&v=4.0 HTTP/1.1" 304 -
186.148.168.245 - - [06/Apr/2022:14:44:49 -0500] "POST /sipse/faces/presentacion/proyectos/proyecto/proyecto.xhtml HTTP/1.1" 200 3261
181.61.164.108 - - [06/Apr/2022:14:44:51 -0500] "GET /BLA/resoluciones/RESOLUCIONES%202002/RES%202002%201951-1971/20021952.tif HTTP/1.1" 200 265920
181.61.164.108 - - [06/Apr/2022:14:44:53 -0500] "GET /BLA/resoluciones/RESOLUCIONES%202002/RES%202002%201951-1971/20021953.tif HTTP/1.1" 200 91020
181.61.164.108 - - [06/Apr/2022:14:44:54 -0500] "GET /BLA/resoluciones/RESOLUCIONES%202002/RES%202002%201951-1971/20021954.tif HTTP/1.1" 200 118458
181.61.164.108 - - [06/Apr/2022:14:44:55 -0500] "GET /BLA/resoluciones/RESOLUCIONES%202002/RES%202002%201951-1971/20021955.tif HTTP/1.1" 200 218344
181.61.164.108 - - [06/Apr/2022:14:44:56 -0500] "GET /BLA/resoluciones/RESOLUCIONES%202002/RES%202002%201951-1971/20021956.tif HTTP/1.1" 200 127794
181.61.164.108 - - [06/Apr/2022:14:44:59 -0500] "GET /BLA/resoluciones/RESOLUCIONES%202002/RES%202002%201951-1971/20021957.tif HTTP/1.1" 200 236728
181.61.164.108 - - [06/Apr/2022:14:45:01 -0500] "GET /BLA/resoluciones/RESOLUCIONES%202002/RES%202002%201951-1971/20021958.tif HTTP/1.1" 200 222804
181.61.164.108 - - [06/Apr/2022:14:45:02 -0500] "GET /BLA/resoluciones/RESOLUCIONES%202002/RES%202002%201951-1971/20021959.tif HTTP/1.1" 200 38398
181.61.164.108 - - [06/Apr/2022:14:45:04 -0500] "GET /BLA/resoluciones/RESOLUCIONES%202002/RES%202002%201951-1971/20021960.tif HTTP/1.1" 200 178418
181.61.164.108 - - [06/Apr/2022:14:45:05 -0500] "GET /BLA/resoluciones/RESOLUCIONES%202002/RES%202002%201951-1971/20021961.tif HTTP/1.1" 200 230042
181.61.164.108 - - [06/Apr/2022:14:45:06 -0500] "GET /BLA/resoluciones/RESOLUCIONES%202002/RES%202002%201951-1971/20021962.tif HTTP/1.1" 200 151618
181.61.164.108 - - [06/Apr/2022:14:45:07 -0500] "GET /BLA/resoluciones/RESOLUCIONES%202002/RES%202002%201951-1971/20021963.tif HTTP/1.1" 200 223242
181.61.164.108 - - [06/Apr/2022:14:45:09 -0500] "GET /BLA/resoluciones/RESOLUCIONES%202002/RES%202002%201951-1971/20021964.tif HTTP/1.1" 200 174592
181.61.164.108 - - [06/Apr/2022:14:45:10 -0500] "GET /BLA/resoluciones/RESOLUCIONES%202002/RES%202002%201951-1971/20021965.tif HTTP/1.1" 200 102498
181.61.164.108 - - [06/Apr/2022:14:45:11 -0500] "GET /BLA/resoluciones/RESOLUCIONES%202002/RES%202002%201951-1971/20021966.tif HTTP/1.1" 200 456286
181.61.164.108 - - [06/Apr/2022:14:45:13 -0500] "GET /BLA/resoluciones/RESOLUCIONES%202002/RES%202002%201951-1971/20021967.tif HTTP/1.1" 200 70110
181.61.164.108 - - [06/Apr/2022:14:45:14 -0500] "GET /BLA/resoluciones/RESOLUCIONES%202002/RES%202002%201951-1971/20021968.tif HTTP/1.1" 200 69944
181.61.164.108 - - [06/Apr/2022:14:45:15 -0500] "GET /BLA/resoluciones/RESOLUCIONES%202002/RES%202002%201951-1971/20021969.tif HTTP/1.1" 200 35954
181.61.164.108 - - [06/Apr/2022:14:45:16 -0500] "GET /BLA/resoluciones/RESOLUCIONES%202002/RES%202002%201951-1971/20021970.tif HTTP/1.1" 200 37562
181.61.164.108 - - [06/Apr/2022:14:45:16 -0500] "GET /BLA/resoluciones/RESOLUCIONES%202002/RES%202002%201951-1971/20021971.tif HTTP/1.1" 200 216552
181.61.164.108 - - [06/Apr/2022:14:45:23 -0500] "GET /BLA/resoluciones/RESOLUCIONES%202002/0003.pdf HTTP/1.1" 200 55255
181.61.164.108 - - [06/Apr/2022:14:45:31 -0500] "GET /BLA/resoluciones/RESOLUCIONES%202002/0004.pdf HTTP/1.1" 200 62164
181.61.164.108 - - [06/Apr/2022:14:45:32 -0500] "GET /BLA/resoluciones/RESOLUCIONES%202002/0044.pdf HTTP/1.1" 200 3345158
181.61.164.108 - - [06/Apr/2022:14:45:34 -0500] "GET /BLA/resoluciones/RESOLUCIONES%202002/0052.pdf HTTP/1.1" 200 258810
172.22.2.4 - - [06/Apr/2022:14:43:55 -0500] "HEAD /BLA/boletinlegal/ HTTP/1.1" 200 -
181.61.164.108 - - [06/Apr/2022:14:45:35 -0500] "GET /BLA/resoluciones/RESOLUCIONES%202002/0053.pdf HTTP/1.1" 200 252274
181.61.164.108 - - [06/Apr/2022:14:45:37 -0500] "GET /BLA/resoluciones/RESOLUCIONES%202002/0171.pdf HTTP/1.1" 200 184904
181.61.164.108 - - [06/Apr/2022:14:45:38 -0500] "GET /BLA/resoluciones/RESOLUCIONES%202002/0303.pdf HTTP/1.1" 200 42337
181.61.164.108 - - [06/Apr/2022:14:45:39 -0500] "GET /BLA/resoluciones/RESOLUCIONES%202002/0314.pdf HTTP/1.1" 200 58550
181.61.164.108 - - [06/Apr/2022:14:45:40 -0500] "GET /BLA/resoluciones/RESOLUCIONES%202002/0352.pdf HTTP/1.1" 200 241195
186.148.168.245 - - [06/Apr/2022:14:45:40 -0500] "POST /sipse/faces/presentacion/proyectos/proyecto/proyecto.xhtml HTTP/1.1" 200 40299
186.148.168.245 - - [06/Apr/2022:14:45:41 -0500] "GET /sipse/faces/javax.faces.resource/spacer/dot_clear.gif?ln=primefaces&v=4.0 HTTP/1.1" 200 42
181.61.164.108 - - [06/Apr/2022:14:45:41 -0500] "GET /BLA/resoluciones/RESOLUCIONES%202002/0501.pdf HTTP/1.1" 200 475011
186.148.168.245 - - [06/Apr/2022:14:45:41 -0500] "POST /sipse/faces/presentacion/proyectos/proyecto/proyecto.xhtml HTTP/1.1" 200 3960
181.61.164.108 - - [06/Apr/2022:14:45:42 -0500] "GET /BLA/resoluciones/RESOLUCIONES%202002/0539.pdf HTTP/1.1" 200 239182
181.61.164.108 - - [06/Apr/2022:14:45:44 -0500] "GET /BLA/resoluciones/RESOLUCIONES%202002/0540.pdf HTTP/1.1" 200 89502
181.61.164.108 - - [06/Apr/2022:14:45:50 -0500] "GET /BLA/resoluciones/RESOLUCIONES%202002/0777.pdf HTTP/1.1" 200 1043088
181.61.164.108 - - [06/Apr/2022:14:45:51 -0500] "GET /BLA/resoluciones/RESOLUCIONES%202002/0854.pdf HTTP/1.1" 200 73536
181.61.164.108 - - [06/Apr/2022:14:45:53 -0500] "GET /BLA/resoluciones/RESOLUCIONES%202002/0873.pdf HTTP/1.1" 200 165564
181.61.164.108 - - [06/Apr/2022:14:45:55 -0500] "GET /BLA/resoluciones/RESOLUCIONES%202002/0912.pdf HTTP/1.1" 200 521413
181.61.164.108 - - [06/Apr/2022:14:45:57 -0500] "GET /BLA/resoluciones/RESOLUCIONES%202002/1034.pdf HTTP/1.1" 200 85251
186.148.168.245 - - [06/Apr/2022:14:46:05 -0500] "POST /sipse/faces/presentacion/proyectos/proyecto/proyecto.xhtml HTTP/1.1" 200 158953
186.148.168.245 - - [06/Apr/2022:14:46:06 -0500] "GET /sipse/faces/javax.faces.resource/theme.css?ln=primefaces-sipse HTTP/1.1" 304 -
186.148.168.245 - - [06/Apr/2022:14:46:06 -0500] "GET /sipse/faces/javax.faces.resource/primefaces.css?ln=primefaces&v=4.0 HTTP/1.1" 304 -
186.148.168.245 - - [06/Apr/2022:14:46:06 -0500] "GET /sipse/faces/javax.faces.resource/layout/layout.css?ln=primefaces&v=4.0 HTTP/1.1" 304 -
186.148.168.245 - - [06/Apr/2022:14:46:06 -0500] "GET /sipse/faces/javax.faces.resource/jquery/jquery.js?ln=primefaces&v=4.0 HTTP/1.1" 304 -
186.148.168.245 - - [06/Apr/2022:14:46:06 -0500] "GET /sipse/faces/javax.faces.resource/jquery/jquery-plugins.js?ln=primefaces&v=4.0 HTTP/1.1" 304 -
186.148.168.245 - - [06/Apr/2022:14:46:06 -0500] "GET /sipse/faces/javax.faces.resource/primefaces.js?ln=primefaces&v=4.0 HTTP/1.1" 304 -
186.148.168.245 - - [06/Apr/2022:14:46:06 -0500] "GET /sipse/faces/javax.faces.resource/layout/layout.js?ln=primefaces&v=4.0 HTTP/1.1" 304 -
200.118.64.109 - - [06/Apr/2022:14:46:08 -0500] "POST /forms/lservlet;jsessionid=ac16012b30d6c7b1e1b4d61c4b9d8b438a525e0deb16.e3iSbxaKaheRe34Sc38RahyRchr0n6jAmljGr5XDqQLvpAe HTTP/1.1" 200 2
181.61.164.108 - - [06/Apr/2022:14:46:10 -0500] "GET /BLA/resoluciones/RESOLUCIONES%202002/1039.pdf HTTP/1.1" 200 254254
181.61.164.108 - - [06/Apr/2022:14:46:12 -0500] "GET /BLA/resoluciones/RESOLUCIONES%202002/1053.pdf HTTP/1.1" 200 106101
181.61.164.108 - - [06/Apr/2022:14:46:14 -0500] "GET /BLA/resoluciones/RESOLUCIONES%202002/1110.pdf HTTP/1.1" 200 121104
181.61.164.108 - - [06/Apr/2022:14:46:16 -0500] "GET /BLA/resoluciones/RESOLUCIONES%202002/1137.pdf HTTP/1.1" 200 264688
172.22.2.4 - - [06/Apr/2022:14:44:45 -0500] "GET /BLA/boletinlegal/ HTTP/1.1" 200 58588
216.245.221.92 - - [06/Apr/2022:14:46:49 -0500] "HEAD / HTTP/1.1" 200 -
192.168.171.93 - - [06/Apr/2022:14:47:30 -0500] "GET /si-eres-mujer-y-te-gusta-el-cuidado-de-los-humedales-este-proceso-de-formacion-es-para-ti.html?fbclid=IwAR0pH4tzxJaiFMghffz_E4uplytOeyHlD3-rbiskxCXqg7BHx9byNvuW710 HTTP/1.1" 200 1025
66.249.65.13 - - [06/Apr/2022:14:47:34 -0500] "-" 408 -
181.61.164.108 - - [06/Apr/2022:14:47:36 -0500] "GET /BLA/resoluciones/RESOLUCIONES%202002/1171.pdf HTTP/1.1" 200 70765
181.61.164.108 - - [06/Apr/2022:14:47:38 -0500] "GET /BLA/resoluciones/RESOLUCIONES%202002/1490.pdf HTTP/1.1" 200 40301
201.245.192.253 - - [06/Apr/2022:14:47:38 -0500] "GET /BLA/resoluciones/RESOLUCIONES%202021/3083.pdf HTTP/1.1" 200 494540
181.61.164.108 - - [06/Apr/2022:14:47:39 -0500] "GET /BLA/resoluciones/RESOLUCIONES%202002/1524.pdf HTTP/1.1" 200 69642
181.61.164.108 - - [06/Apr/2022:14:47:40 -0500] "GET /BLA/resoluciones/RESOLUCIONES%202002/1593.pdf HTTP/1.1" 200 124005
181.61.164.108 - - [06/Apr/2022:14:47:41 -0500] "GET /BLA/resoluciones/RESOLUCIONES%202002/1594.pdf HTTP/1.1" 200 40633
181.61.164.108 - - [06/Apr/2022:14:47:42 -0500] "GET /BLA/resoluciones/RESOLUCIONES%202002/1599.pdf HTTP/1.1" 200 37264
181.61.164.108 - - [06/Apr/2022:14:47:44 -0500] "GET /BLA/resoluciones/RESOLUCIONES%202002/1894.pdf HTTP/1.1" 200 136426
190.217.68.42 - - [06/Apr/2022:14:47:45 -0500] "GET /si-eres-mujer-y-te-gusta-el-cuidado-de-los-humedales-este-proceso-de-formacion-es-para-ti.html HTTP/1.1" 200 1025
181.61.164.108 - - [06/Apr/2022:14:47:45 -0500] "GET /BLA/resoluciones/RESOLUCIONES%202002/1918.pdf HTTP/1.1" 200 230858
181.61.164.108 - - [06/Apr/2022:14:47:47 -0500] "GET /BLA/resoluciones/RESOLUCIONES%202002/RESOLUCION%200003%20DE%202002.pdf HTTP/1.1" 200 82821
181.61.164.108 - - [06/Apr/2022:14:47:48 -0500] "GET /BLA/resoluciones/RESOLUCIONES%202002/RESOLUCION%200004%20DE%202002.pdf HTTP/1.1" 200 85376
181.61.164.108 - - [06/Apr/2022:14:47:50 -0500] "GET /BLA/resoluciones/RESOLUCIONES%202002/RESOLUCION%200019%20DE%202002.pdf HTTP/1.1" 200 167455
181.61.164.108 - - [06/Apr/2022:14:47:51 -0500] "GET /BLA/resoluciones/RESOLUCIONES%202002/RESOLUCION%200044%20DE%202002.pdf HTTP/1.1" 200 3345158
181.61.164.108 - - [06/Apr/2022:14:47:53 -0500] "GET /BLA/resoluciones/RESOLUCIONES%202002/RESOLUCION%20051%20DE%202002.pdf HTTP/1.1" 200 224249
181.61.164.108 - - [06/Apr/2022:14:47:54 -0500] "GET /BLA/resoluciones/RESOLUCIONES%202002/RESOLUCION%20052%20DE%202002.pdf HTTP/1.1" 200 258810
181.61.164.108 - - [06/Apr/2022:14:47:55 -0500] "GET /BLA/resoluciones/RESOLUCIONES%202002/RESOLUCION%20053%20DE%202002.pdf HTTP/1.1" 200 252274
181.61.164.108 - - [06/Apr/2022:14:47:57 -0500] "GET /BLA/resoluciones/RESOLUCIONES%202002/RESOLUCION%20171%20DE%202002.pdf HTTP/1.1" 200 184904
181.61.164.108 - - [06/Apr/2022:14:47:58 -0500] "GET /BLA/resoluciones/RESOLUCIONES%202002/RESOLUCION%20303%20DE%202002.pdf HTTP/1.1" 200 58211
181.61.164.108 - - [06/Apr/2022:14:48:00 -0500] "GET /BLA/resoluciones/RESOLUCIONES%202002/RESOLUCION%20539%20DE%202002.pdf HTTP/1.1" 200 239182
181.61.164.108 - - [06/Apr/2022:14:48:02 -0500] "GET /BLA/resoluciones/RESOLUCIONES%202002/RESOLUCION%20540%20DE%202002.pdf HTTP/1.1" 200 89502
179.19.142.110 - - [06/Apr/2022:14:48:02 -0500] "GET /si-eres-mujer-y-te-gusta-el-cuidado-de-los-humedales-este-proceso-de-formacion-es-para-ti.html HTTP/1.1" 200 1025
181.61.164.108 - - [06/Apr/2022:14:48:03 -0500] "GET /BLA/resoluciones/RESOLUCIONES%202002/RESOLUCION%20589%20DE%202002.pdf HTTP/1.1" 200 43025
181.61.164.108 - - [06/Apr/2022:14:48:05 -0500] "GET /BLA/resoluciones/RESOLUCIONES%202002/RESOLUCION%20590%20DE%202002.pdf HTTP/1.1" 200 58446
181.61.164.108 - - [06/Apr/2022:14:48:07 -0500] "GET /BLA/resoluciones/RESOLUCIONES%202002/RESOLUCION%20591%20DE%202002.pdf HTTP/1.1" 200 38076
200.118.64.109 - - [06/Apr/2022:14:48:08 -0500] "POST /forms/lservlet;jsessionid=ac16012b30d6c7b1e1b4d61c4b9d8b438a525e0deb16.e3iSbxaKaheRe34Sc38RahyRchr0n6jAmljGr5XDqQLvpAe HTTP/1.1" 200 2
181.61.164.108 - - [06/Apr/2022:14:48:09 -0500] "GET /BLA/resoluciones/RESOLUCIONES%202002/RESOLUCION%20777%20DE%202002.pdf HTTP/1.1" 200 1043088
181.61.164.108 - - [06/Apr/2022:14:48:10 -0500] "GET /BLA/resoluciones/RESOLUCIONES%202002/RESOLUCION%20854%20DE%202002.pdf HTTP/1.1" 200 73536
181.61.164.108 - - [06/Apr/2022:14:48:18 -0500] "GET /BLA/resoluciones/RESOLUCIONES%202002/RESOLUCION%20873%20DE%202002.pdf HTTP/1.1" 200 165564
181.61.164.108 - - [06/Apr/2022:14:48:20 -0500] "GET /BLA/resoluciones/RESOLUCIONES%202002/RESOLUCION%20912%20DE%202002.pdf HTTP/1.1" 200 711898
172.22.2.4 - - [06/Apr/2022:14:48:20 -0500] "GET /BLA/boletinlegal/normativa.php HTTP/1.1" 200 8258
172.22.2.4 - - [06/Apr/2022:14:48:20 -0500] "GET /BLA/boletinlegal/js/ajax_normativa.js HTTP/1.1" 200 1154
172.22.2.4 - - [06/Apr/2022:14:48:20 -0500] "GET /BLA/boletinlegal/niceforms-default.css HTTP/1.1" 200 6694
172.22.2.4 - - [06/Apr/2022:14:48:20 -0500] "GET /BLA/boletinlegal/styles2.css HTTP/1.1" 200 1838
172.22.2.4 - - [06/Apr/2022:14:48:20 -0500] "GET /BLA/boletinlegal/style.css HTTP/1.1" 200 9406
172.22.2.4 - - [06/Apr/2022:14:48:20 -0500] "GET /BLA/boletinlegal/niceforms.js HTTP/1.1" 200 22876
172.22.2.4 - - [06/Apr/2022:14:48:20 -0500] "GET /BLA/boletinlegal/images/cabezote%20BLEGAL.jpg HTTP/1.1" 200 118164
172.22.2.4 - - [06/Apr/2022:14:48:20 -0500] "GET /BLA/boletinlegal/images/subscribe-icon-big.png HTTP/1.1" 200 47702
172.22.2.4 - - [06/Apr/2022:14:48:20 -0500] "GET /BLA/boletinlegal/images/historia.png HTTP/1.1" 200 52775
172.22.2.4 - - [06/Apr/2022:14:48:20 -0500] "GET /BLA/boletinlegal/images/registro-usuarios.png HTTP/1.1" 200 8106
172.22.2.4 - - [06/Apr/2022:14:48:20 -0500] "GET /BLA/boletinlegal/images/menu_lft.gif HTTP/1.1" 200 1713
172.22.2.4 - - [06/Apr/2022:14:48:20 -0500] "GET /BLA/boletinlegal/images/menu_rght.gif HTTP/1.1" 200 1627
172.22.2.4 - - [06/Apr/2022:14:48:20 -0500] "GET /BLA/boletinlegal/images/bg_top.jpg HTTP/1.1" 200 522
172.22.2.4 - - [06/Apr/2022:14:48:20 -0500] "GET /BLA/boletinlegal/images/body_bg.jpg HTTP/1.1" 200 1601
172.22.2.4 - - [06/Apr/2022:14:48:20 -0500] "GET /BLA/boletinlegal/images/footer_bg.jpg HTTP/1.1" 200 586
172.22.2.4 - - [06/Apr/2022:14:48:20 -0500] "GET /BLA/boletinlegal/images/hover.jpg HTTP/1.1" 200 640
172.22.2.4 - - [06/Apr/2022:14:48:20 -0500] "GET /BLA/boletinlegal/images/menu_bg.jpg HTTP/1.1" 200 620
172.22.2.4 - - [06/Apr/2022:14:48:20 -0500] "GET /BLA/boletinlegal/images/text.jpg HTTP/1.1" 200 568
172.22.2.4 - - [06/Apr/2022:14:48:20 -0500] "GET /BLA/boletinlegal/images/footer_bg_l.jpg HTTP/1.1" 200 776
172.22.2.4 - - [06/Apr/2022:14:48:20 -0500] "GET /BLA/boletinlegal/images/icono-email.png HTTP/1.1" 200 5544
172.22.2.4 - - [06/Apr/2022:14:48:20 -0500] "GET /BLA/boletinlegal/images/tel.png HTTP/1.1" 200 14477
172.22.2.4 - - [06/Apr/2022:14:48:20 -0500] "GET /BLA/boletinlegal/images/abajo.png HTTP/1.1" 200 96676
172.22.2.4 - - [06/Apr/2022:14:48:21 -0500] "GET /BLA/boletinlegal/img/0.png HTTP/1.1" 200 110
172.22.2.4 - - [06/Apr/2022:14:48:21 -0500] "GET /BLA/boletinlegal/img/select-right.png HTTP/1.1" 200 44019
172.22.2.4 - - [06/Apr/2022:14:48:21 -0500] "GET /BLA/boletinlegal/img/button-right.png HTTP/1.1" 200 57878
172.22.2.4 - - [06/Apr/2022:14:48:21 -0500] "GET /BLA/boletinlegal/img/button-left.png HTTP/1.1" 200 57071
172.22.2.4 - - [06/Apr/2022:14:48:21 -0500] "GET /BLA/boletinlegal/img/select-left.png HTTP/1.1" 200 263
172.22.2.4 - - [06/Apr/2022:14:48:21 -0500] "GET /BLA/boletinlegal/img/button.png HTTP/1.1" 200 43241
172.22.2.4 - - [06/Apr/2022:14:48:21 -0500] "GET /BLA/boletinlegal/favicon.ico HTTP/1.1" 404 1238
172.22.2.4 - - [06/Apr/2022:14:49:48 -0500] "GET /BLA/boletinlegal/_ignition/execute-solution HTTP/1.1" 404 1018
200.118.64.109 - - [06/Apr/2022:14:50:08 -0500] "POST /forms/lservlet;jsessionid=ac16012b30d6c7b1e1b4d61c4b9d8b438a525e0deb16.e3iSbxaKaheRe34Sc38RahyRchr0n6jAmljGr5XDqQLvpAe HTTP/1.1" 200 2
181.61.164.108 - - [06/Apr/2022:14:50:18 -0500] "GET /BLA/resoluciones/RESOLUCIONES%202002/RESOLUCION%20962%20DE%202002.pdf HTTP/1.1" 200 48195
181.61.164.108 - - [06/Apr/2022:14:50:19 -0500] "GET /BLA/resoluciones/RESOLUCIONES%202002/RESOLUCION%201034%20DE%202002.pdf HTTP/1.1" 200 120722
181.61.164.108 - - [06/Apr/2022:14:50:20 -0500] "GET /BLA/resoluciones/RESOLUCIONES%202002/RESOLUCION%201039%20DE%202002.pdf HTTP/1.1" 200 355193
181.61.164.108 - - [06/Apr/2022:14:50:22 -0500] "GET /BLA/resoluciones/RESOLUCIONES%202002/RESOLUCION%201053%20DE%202002.pdf HTTP/1.1" 200 147090
181.61.164.108 - - [06/Apr/2022:14:50:23 -0500] "GET /BLA/resoluciones/RESOLUCIONES%202002/RESOLUCION%201072%20DE%202002.pdf HTTP/1.1" 200 349845
181.61.164.108 - - [06/Apr/2022:14:50:25 -0500] "GET /BLA/resoluciones/RESOLUCIONES%202002/RESOLUCION%201110%20DE%202002.pdf HTTP/1.1" 200 156487
181.61.164.108 - - [06/Apr/2022:14:50:27 -0500] "GET /BLA/resoluciones/RESOLUCIONES%202002/RESOLUCION%201137%20DE%202002.pdf HTTP/1.1" 200 365179
181.61.164.108 - - [06/Apr/2022:14:50:28 -0500] "GET /BLA/resoluciones/RESOLUCIONES%202002/RESOLUCION%201151%20DE%202002.pdf HTTP/1.1" 200 310596
201.245.192.253 - - [06/Apr/2022:14:51:03 -0500] "POST /sipse/faces/presentacion/financiero/solicitudProceso/solicitudProcesoOtrosPagos.xhtml HTTP/1.1" 200 55038
201.245.192.253 - - [06/Apr/2022:14:51:04 -0500] "GET /sipse/faces/javax.faces.resource/theme.css?ln=primefaces-sipse HTTP/1.1" 304 -
201.245.192.253 - - [06/Apr/2022:14:51:04 -0500] "GET /sipse/faces/javax.faces.resource/layout/layout.css?ln=primefaces&v=4.0 HTTP/1.1" 304 -
201.245.192.253 - - [06/Apr/2022:14:51:04 -0500] "GET /sipse/faces/javax.faces.resource/fileupload/fileupload.css?ln=primefaces&v=4.0 HTTP/1.1" 304 -
201.245.192.253 - - [06/Apr/2022:14:51:04 -0500] "GET /sipse/faces/javax.faces.resource/primefaces.css?ln=primefaces&v=4.0 HTTP/1.1" 304 -
201.245.192.253 - - [06/Apr/2022:14:51:04 -0500] "GET /sipse/faces/javax.faces.resource/jquery/jquery.js?ln=primefaces&v=4.0 HTTP/1.1" 304 -
201.245.192.253 - - [06/Apr/2022:14:51:04 -0500] "GET /sipse/faces/javax.faces.resource/jquery/jquery-plugins.js?ln=primefaces&v=4.0 HTTP/1.1" 304 -
201.245.192.253 - - [06/Apr/2022:14:51:04 -0500] "GET /sipse/css/imagen/contrasena.png HTTP/1.1" 404 383
201.245.192.253 - - [06/Apr/2022:14:51:04 -0500] "GET /sipse/faces/javax.faces.resource/primefaces.js?ln=primefaces&v=4.0 HTTP/1.1" 304 -
201.245.192.253 - - [06/Apr/2022:14:51:04 -0500] "GET /sipse/faces/javax.faces.resource/layout/layout.js?ln=primefaces&v=4.0 HTTP/1.1" 304 -
201.245.192.253 - - [06/Apr/2022:14:51:04 -0500] "GET /sipse/faces/javax.faces.resource/fileupload/fileupload.js?ln=primefaces&v=4.0 HTTP/1.1" 304 -
201.245.192.253 - - [06/Apr/2022:14:51:04 -0500] "GET /sipse/faces/javax.faces.resource/images/ui-icons_898989_256x240.png?ln=primefaces-aristo HTTP/1.1" 304 -
201.245.192.253 - - [06/Apr/2022:14:51:04 -0500] "GET /reportes_sipse/sdg/ServletReporte?reporte=solicitud_cdp&Solicitud=17698&pfdrid_c=false HTTP/1.1" 200 115767
31.13.127.113 - - [06/Apr/2022:14:51:05 -0500] "GET /si-eres-mujer-y-te-gusta-el-cuidado-de-los-humedales-este-proceso-de-formacion-es-para-ti.html?fbclid=IwAR0gIUWiwUvrKKP8tcl4gSoCEKi0pv_NlFUVwEkfg6FEvo2-chDnZalkQPc HTTP/1.1" 200 1025
201.245.192.253 - - [06/Apr/2022:14:51:07 -0500] "GET /sipse/faces/javax.faces.resource/images/ui-bg_flat_0_2d5972_40x100.png?ln=primefaces-aristo HTTP/1.1" 304 -
201.245.192.253 - - [06/Apr/2022:14:51:07 -0500] "POST /sipse/faces/presentacion/financiero/solicitudProceso/detalleSolicitudProcesoOtrosPagos.xhtml HTTP/1.1" 200 24602
201.245.192.253 - - [06/Apr/2022:14:51:07 -0500] "GET /sipse/faces/javax.faces.resource/theme.css?ln=primefaces-sipse HTTP/1.1" 304 -
201.245.192.253 - - [06/Apr/2022:14:51:07 -0500] "GET /sipse/faces/javax.faces.resource/primefaces.css?ln=primefaces&v=4.0 HTTP/1.1" 304 -
201.245.192.253 - - [06/Apr/2022:14:51:07 -0500] "GET /sipse/faces/javax.faces.resource/layout/layout.css?ln=primefaces&v=4.0 HTTP/1.1" 304 -
201.245.192.253 - - [06/Apr/2022:14:51:07 -0500] "GET /sipse/faces/javax.faces.resource/jquery/jquery.js?ln=primefaces&v=4.0 HTTP/1.1" 304 -
201.245.192.253 - - [06/Apr/2022:14:51:07 -0500] "GET /sipse/faces/javax.faces.resource/jquery/jquery-plugins.js?ln=primefaces&v=4.0 HTTP/1.1" 304 -
201.245.192.253 - - [06/Apr/2022:14:51:07 -0500] "GET /sipse/faces/javax.faces.resource/primefaces.js?ln=primefaces&v=4.0 HTTP/1.1" 304 -
201.245.192.253 - - [06/Apr/2022:14:51:07 -0500] "GET /sipse/faces/javax.faces.resource/layout/layout.js?ln=primefaces&v=4.0 HTTP/1.1" 304 -
201.245.192.253 - - [06/Apr/2022:14:51:24 -0500] "GET /sipse/faces/javax.faces.resource/theme.css?ln=primefaces-sipse HTTP/1.1" 304 -
201.245.192.253 - - [06/Apr/2022:14:51:24 -0500] "GET /sipse/faces/javax.faces.resource/primefaces.css?ln=primefaces&v=4.0 HTTP/1.1" 304 -
201.245.192.253 - - [06/Apr/2022:14:51:24 -0500] "GET /sipse/faces/javax.faces.resource/layout/layout.css?ln=primefaces&v=4.0 HTTP/1.1" 304 -
201.245.192.253 - - [06/Apr/2022:14:51:24 -0500] "GET /sipse/faces/javax.faces.resource/fileupload/fileupload.css?ln=primefaces&v=4.0 HTTP/1.1" 304 -
201.245.192.253 - - [06/Apr/2022:14:51:24 -0500] "GET /sipse/faces/javax.faces.resource/jquery/jquery.js?ln=primefaces&v=4.0 HTTP/1.1" 304 -
201.245.192.253 - - [06/Apr/2022:14:51:24 -0500] "GET /sipse/faces/javax.faces.resource/jquery/jquery-plugins.js?ln=primefaces&v=4.0 HTTP/1.1" 304 -
201.245.192.253 - - [06/Apr/2022:14:51:24 -0500] "GET /sipse/faces/javax.faces.resource/primefaces.js?ln=primefaces&v=4.0 HTTP/1.1" 304 -
201.245.192.253 - - [06/Apr/2022:14:51:24 -0500] "GET /sipse/faces/javax.faces.resource/layout/layout.js?ln=primefaces&v=4.0 HTTP/1.1" 304 -
201.245.192.253 - - [06/Apr/2022:14:51:24 -0500] "GET /sipse/faces/javax.faces.resource/fileupload/fileupload.js?ln=primefaces&v=4.0 HTTP/1.1" 304 -
201.245.192.253 - - [06/Apr/2022:14:51:24 -0500] "POST /sipse/faces/presentacion/financiero/solicitudProceso/consultarHistorialSolProceso.xhtml HTTP/1.1" 200 60833
201.245.192.253 - - [06/Apr/2022:14:51:24 -0500] "GET /reportes_sipse/sdg/ServletReporte?reporte=solicitud_cdp&Solicitud=17698&pfdrid_c=false HTTP/1.1" 200 115767
172.22.2.4 - - [06/Apr/2022:14:49:45 -0500] "HEAD /BLA/boletinlegal/ HTTP/1.1" 200 -
201.245.192.253 - - [06/Apr/2022:14:51:26 -0500] "POST /sipse/faces/presentacion/financiero/solicitudProceso/detalleSolicitudProcesoOtrosPagos.xhtml HTTP/1.1" 200 24602
201.245.192.253 - - [06/Apr/2022:14:51:26 -0500] "GET /sipse/faces/javax.faces.resource/theme.css?ln=primefaces-sipse HTTP/1.1" 304 -
201.245.192.253 - - [06/Apr/2022:14:51:26 -0500] "GET /sipse/faces/javax.faces.resource/primefaces.css?ln=primefaces&v=4.0 HTTP/1.1" 304 -
201.245.192.253 - - [06/Apr/2022:14:51:26 -0500] "GET /sipse/faces/javax.faces.resource/layout/layout.css?ln=primefaces&v=4.0 HTTP/1.1" 304 -
201.245.192.253 - - [06/Apr/2022:14:51:26 -0500] "GET /sipse/faces/javax.faces.resource/jquery/jquery.js?ln=primefaces&v=4.0 HTTP/1.1" 304 -
201.245.192.253 - - [06/Apr/2022:14:51:26 -0500] "GET /sipse/faces/javax.faces.resource/jquery/jquery-plugins.js?ln=primefaces&v=4.0 HTTP/1.1" 304 -
201.245.192.253 - - [06/Apr/2022:14:51:26 -0500] "GET /sipse/faces/javax.faces.resource/primefaces.js?ln=primefaces&v=4.0 HTTP/1.1" 304 -
201.245.192.253 - - [06/Apr/2022:14:51:26 -0500] "GET /sipse/faces/javax.faces.resource/layout/layout.js?ln=primefaces&v=4.0 HTTP/1.1" 304 -
181.61.164.108 - - [06/Apr/2022:14:51:35 -0500] "GET /BLA/resoluciones/RESOLUCIONES%202002/RESOLUCION%201172%20DE%202002.pdf HTTP/1.1" 200 91048
181.61.164.108 - - [06/Apr/2022:14:51:47 -0500] "GET /BLA/resoluciones/RESOLUCIONES%202002/RESOLUCION%201308%20DE%202002.pdf HTTP/1.1" 200 156465
181.61.164.108 - - [06/Apr/2022:14:51:48 -0500] "GET /BLA/resoluciones/RESOLUCIONES%202002/RESOLUCION%201490%20DE%202002.pdf HTTP/1.1" 200 55079
216.245.221.92 - - [06/Apr/2022:14:51:49 -0500] "HEAD / HTTP/1.1" 200 -
181.61.164.108 - - [06/Apr/2022:14:51:50 -0500] "GET /BLA/resoluciones/RESOLUCIONES%202002/RESOLUCION%201524%20DE%202002.pdf HTTP/1.1" 200 93607
181.61.164.108 - - [06/Apr/2022:14:51:51 -0500] "GET /BLA/resoluciones/RESOLUCIONES%202002/RESOLUCION%201593%20DE%202002.pdf HTTP/1.1" 200 167997
181.61.164.108 - - [06/Apr/2022:14:51:53 -0500] "GET /BLA/resoluciones/RESOLUCIONES%202002/RESOLUCION%201594%20DE%202002.pdf HTTP/1.1" 200 54648
181.61.164.108 - - [06/Apr/2022:14:51:54 -0500] "GET /BLA/resoluciones/RESOLUCIONES%202002/RESOLUCION%201599%20DE%202002.pdf HTTP/1.1" 200 46678
181.61.164.108 - - [06/Apr/2022:14:51:56 -0500] "GET /BLA/resoluciones/RESOLUCIONES%202002/RESOLUCION%201600%20DE%202002.pdf HTTP/1.1" 200 74074
181.61.164.108 - - [06/Apr/2022:14:51:58 -0500] "GET /BLA/resoluciones/RESOLUCIONES%202002/RESOLUCION%201894%20DE%202002.pdf HTTP/1.1" 200 190040
181.61.164.108 - - [06/Apr/2022:14:51:59 -0500] "GET /BLA/resoluciones/RESOLUCIONES%202002/RESOLUCION%201918%20DE%202002.pdf HTTP/1.1" 200 314322
181.61.164.108 - - [06/Apr/2022:14:52:01 -0500] "GET /BLA/resoluciones/RESOLUCIONES%202002/Resoluci%C3%B3n%20No.%201039%20del%202002.pdf HTTP/1.1" 200 252034
200.118.64.109 - - [06/Apr/2022:14:52:08 -0500] "POST /forms/lservlet;jsessionid=ac16012b30d6c7b1e1b4d61c4b9d8b438a525e0deb16.e3iSbxaKaheRe34Sc38RahyRchr0n6jAmljGr5XDqQLvpAe HTTP/1.1" 200 2
172.22.2.4 - - [06/Apr/2022:14:50:35 -0500] "GET /BLA/boletinlegal/ HTTP/1.1" 200 59170
186.145.91.234 - - [06/Apr/2022:14:52:47 -0500] "GET /sipse/faces/presentacion/contratacion/contrato/registroPresupuestal/expedirRP.xhtml HTTP/1.1" 200 31881
186.145.91.234 - - [06/Apr/2022:14:52:47 -0500] "GET /sipse/faces/javax.faces.resource/theme.css?ln=primefaces-sipse HTTP/1.1" 304 -
186.145.91.234 - - [06/Apr/2022:14:52:47 -0500] "GET /sipse/faces/javax.faces.resource/primefaces.css?ln=primefaces&v=4.0 HTTP/1.1" 304 -
186.145.91.234 - - [06/Apr/2022:14:52:47 -0500] "GET /sipse/faces/javax.faces.resource/layout/layout.css?ln=primefaces&v=4.0 HTTP/1.1" 304 -
186.145.91.234 - - [06/Apr/2022:14:52:47 -0500] "GET /sipse/faces/javax.faces.resource/jquery/jquery.js?ln=primefaces&v=4.0 HTTP/1.1" 304 -
186.145.91.234 - - [06/Apr/2022:14:52:47 -0500] "GET /sipse/faces/javax.faces.resource/layout/layout.js?ln=primefaces&v=4.0 HTTP/1.1" 304 -
186.145.91.234 - - [06/Apr/2022:14:52:47 -0500] "GET /sipse/faces/javax.faces.resource/jquery/jquery-plugins.js?ln=primefaces&v=4.0 HTTP/1.1" 304 -
186.145.91.234 - - [06/Apr/2022:14:52:47 -0500] "GET /sipse/faces/javax.faces.resource/primefaces.js?ln=primefaces&v=4.0 HTTP/1.1" 304 -
186.145.91.234 - - [06/Apr/2022:14:52:47 -0500] "GET /sipse/css/imagen/contrasena.png HTTP/1.1" 404 383
186.145.91.234 - - [06/Apr/2022:14:52:47 -0500] "GET /sipse/faces/javax.faces.resource/images/ui-icons_898989_256x240.png?ln=primefaces-aristo HTTP/1.1" 304 -
186.145.91.234 - - [06/Apr/2022:14:52:50 -0500] "GET /sipse/faces/javax.faces.resource/images/ui-bg_flat_0_2d5972_40x100.png?ln=primefaces-aristo HTTP/1.1" 304 -
186.145.91.234 - - [06/Apr/2022:14:52:50 -0500] "POST /sipse/faces/presentacion/contratacion/contrato/registroPresupuestal/expedirRP.xhtml HTTP/1.1" 200 3057
186.145.91.234 - - [06/Apr/2022:14:52:51 -0500] "POST /sipse/faces/presentacion/contratacion/contrato/registroPresupuestal/expedirRP.xhtml HTTP/1.1" 200 40722
186.145.91.234 - - [06/Apr/2022:14:52:51 -0500] "GET /sipse/faces/javax.faces.resource/primefaces.css?ln=primefaces&v=4.0 HTTP/1.1" 304 -
186.145.91.234 - - [06/Apr/2022:14:52:51 -0500] "GET /sipse/css/imagen/contrasena.png HTTP/1.1" 404 383
186.145.91.234 - - [06/Apr/2022:14:52:51 -0500] "GET /sipse/faces/javax.faces.resource/theme.css?ln=primefaces-sipse HTTP/1.1" 304 -
186.145.91.234 - - [06/Apr/2022:14:52:51 -0500] "GET /sipse/faces/javax.faces.resource/layout/layout.css?ln=primefaces&v=4.0 HTTP/1.1" 304 -
186.145.91.234 - - [06/Apr/2022:14:52:51 -0500] "GET /sipse/faces/javax.faces.resource/jquery/jquery.js?ln=primefaces&v=4.0 HTTP/1.1" 304 -
186.145.91.234 - - [06/Apr/2022:14:52:51 -0500] "GET /sipse/faces/javax.faces.resource/jquery/jquery-plugins.js?ln=primefaces&v=4.0 HTTP/1.1" 304 -
186.145.91.234 - - [06/Apr/2022:14:52:51 -0500] "GET /sipse/faces/javax.faces.resource/primefaces.js?ln=primefaces&v=4.0 HTTP/1.1" 304 -
186.145.91.234 - - [06/Apr/2022:14:52:51 -0500] "GET /sipse/faces/javax.faces.resource/layout/layout.js?ln=primefaces&v=4.0 HTTP/1.1" 304 -
186.145.91.234 - - [06/Apr/2022:14:52:57 -0500] "GET /sipse/faces/javax.faces.resource/images/ui-bg_flat_0_2d5972_40x100.png?ln=primefaces-aristo HTTP/1.1" 304 -
186.145.91.234 - - [06/Apr/2022:14:52:57 -0500] "POST /sipse/faces/presentacion/financiero/solicitudProceso/consultar.xhtml HTTP/1.1" 200 12802
186.145.91.234 - - [06/Apr/2022:14:53:27 -0500] "POST /sipse/faces/presentacion/financiero/solicitudProceso/consultar.xhtml HTTP/1.1" 200 106985
186.145.91.234 - - [06/Apr/2022:14:53:27 -0500] "GET /sipse/faces/javax.faces.resource/theme.css?ln=primefaces-sipse HTTP/1.1" 304 -
186.145.91.234 - - [06/Apr/2022:14:53:28 -0500] "GET /sipse/faces/javax.faces.resource/primefaces.css?ln=primefaces&v=4.0 HTTP/1.1" 304 -
186.145.91.234 - - [06/Apr/2022:14:53:28 -0500] "GET /sipse/faces/javax.faces.resource/layout/layout.css?ln=primefaces&v=4.0 HTTP/1.1" 304 -
186.145.91.234 - - [06/Apr/2022:14:53:28 -0500] "GET /sipse/faces/javax.faces.resource/jquery/jquery.js?ln=primefaces&v=4.0 HTTP/1.1" 304 -
186.145.91.234 - - [06/Apr/2022:14:53:28 -0500] "GET /sipse/faces/javax.faces.resource/jquery/jquery-plugins.js?ln=primefaces&v=4.0 HTTP/1.1" 304 -
186.145.91.234 - - [06/Apr/2022:14:53:28 -0500] "GET /sipse/faces/javax.faces.resource/primefaces.js?ln=primefaces&v=4.0 HTTP/1.1" 304 -
186.145.91.234 - - [06/Apr/2022:14:53:28 -0500] "GET /sipse/faces/javax.faces.resource/layout/layout.js?ln=primefaces&v=4.0 HTTP/1.1" 304 -
186.145.91.234 - - [06/Apr/2022:14:53:28 -0500] "GET /sipse/css/imagen/contrasena.png HTTP/1.1" 404 383
186.145.91.234 - - [06/Apr/2022:14:53:28 -0500] "GET /reportes_sipse/sdg/ServletReporte?reporte=solicitud_cdp&Solicitud=17698&pfdrid_c=false HTTP/1.1" 200 115767
186.145.91.234 - - [06/Apr/2022:14:53:31 -0500] "POST /sipse/faces/presentacion/financiero/solicitudProceso/consultarSolicitudProceso.xhtml HTTP/1.1" 200 27006
186.145.91.234 - - [06/Apr/2022:14:53:31 -0500] "GET /sipse/faces/javax.faces.resource/theme.css?ln=primefaces-sipse HTTP/1.1" 304 -
186.145.91.234 - - [06/Apr/2022:14:53:31 -0500] "GET /sipse/faces/javax.faces.resource/layout/layout.css?ln=primefaces&v=4.0 HTTP/1.1" 304 -
186.145.91.234 - - [06/Apr/2022:14:53:31 -0500] "GET /sipse/faces/javax.faces.resource/primefaces.css?ln=primefaces&v=4.0 HTTP/1.1" 304 -
186.145.91.234 - - [06/Apr/2022:14:53:31 -0500] "GET /sipse/faces/javax.faces.resource/jquery/jquery-plugins.js?ln=primefaces&v=4.0 HTTP/1.1" 304 -
