200.71.57.4 - - [06/Apr/2022:15:17:46 -0500] "GET /favicon.ico HTTP/1.1" 200 7782
172.22.2.4 - - [06/Apr/2022:15:17:46 -0500] "GET /BLA/boletinlegal/consulta_actos.php?tipo=resoluciones&no=3367&usuario=&sector=&fecha=2018&resuelve= HTTP/1.1" 200 1119
200.71.57.4 - - [06/Apr/2022:15:17:57 -0500] "GET /BLA/resoluciones/dlf/dirup.png HTTP/1.1" 200 644
200.71.57.4 - - [06/Apr/2022:15:17:57 -0500] "GET /BLA/resoluciones/dlf/pdf.gif HTTP/1.1" 200 272
200.71.57.4 - - [06/Apr/2022:15:17:57 -0500] "GET /BLA/resoluciones/index.php?dir=AUTOS+2013%2F HTTP/1.1" 200 405309
200.71.57.4 - - [06/Apr/2022:15:18:05 -0500] "GET /BLA/resoluciones/AUTOS%202013/0765.pdf HTTP/1.1" 200 1472531
172.22.2.4 - - [06/Apr/2022:15:17:35 -0500] "GET /BLA/boletinlegal/ HTTP/1.1" 200 24523
186.144.95.161 - - [06/Apr/2022:15:18:16 -0500] "GET /portaldeninos/wp-content/uploads/2019/06/CabezoteAMBIENTIC.mp4 HTTP/1.1" 206 706237
181.61.164.108 - - [06/Apr/2022:15:18:36 -0500] "GET /BLA/resoluciones/index.php?dir=RESOLUCIONES+2003%2FRES+2003+151-200%2F HTTP/1.1" 200 12346
181.61.164.108 - - [06/Apr/2022:15:18:50 -0500] "GET /BLA/resoluciones/RESOLUCIONES%202003/RES%202003%20151-200/2003RES151.tif HTTP/1.1" 200 145100
181.61.164.108 - - [06/Apr/2022:15:18:52 -0500] "GET /BLA/resoluciones/RESOLUCIONES%202003/RES%202003%20151-200/2003RES152.tif HTTP/1.1" 200 172124
181.61.164.108 - - [06/Apr/2022:15:18:54 -0500] "GET /BLA/resoluciones/RESOLUCIONES%202003/RES%202003%20151-200/2003RES153.tif HTTP/1.1" 200 70984
181.61.164.108 - - [06/Apr/2022:15:18:55 -0500] "GET /BLA/resoluciones/RESOLUCIONES%202003/RES%202003%20151-200/2003RES154.tif HTTP/1.1" 200 452692
181.61.164.108 - - [06/Apr/2022:15:18:56 -0500] "GET /BLA/resoluciones/RESOLUCIONES%202003/RES%202003%20151-200/2003RES155.tif HTTP/1.1" 200 296748
181.61.164.108 - - [06/Apr/2022:15:18:57 -0500] "GET /BLA/resoluciones/RESOLUCIONES%202003/RES%202003%20151-200/2003RES156.tif HTTP/1.1" 200 303452
181.61.164.108 - - [06/Apr/2022:15:18:58 -0500] "GET /BLA/resoluciones/RESOLUCIONES%202003/RES%202003%20151-200/2003RES157.tif HTTP/1.1" 200 164748
181.61.164.108 - - [06/Apr/2022:15:19:00 -0500] "GET /BLA/resoluciones/RESOLUCIONES%202003/RES%202003%20151-200/2003RES158.tif HTTP/1.1" 200 138676
181.61.164.108 - - [06/Apr/2022:15:19:01 -0500] "GET /BLA/resoluciones/RESOLUCIONES%202003/RES%202003%20151-200/2003RES159.tif HTTP/1.1" 200 97676
181.61.164.108 - - [06/Apr/2022:15:19:03 -0500] "GET /BLA/resoluciones/RESOLUCIONES%202003/RES%202003%20151-200/2003RES160.tif HTTP/1.1" 200 150648
181.61.164.108 - - [06/Apr/2022:15:19:05 -0500] "GET /BLA/resoluciones/RESOLUCIONES%202003/RES%202003%20151-200/2003RES161.tif HTTP/1.1" 200 178720
181.61.164.108 - - [06/Apr/2022:15:19:06 -0500] "GET /BLA/resoluciones/RESOLUCIONES%202003/RES%202003%20151-200/2003RES162.tif HTTP/1.1" 200 162136
181.61.164.108 - - [06/Apr/2022:15:19:07 -0500] "GET /BLA/resoluciones/RESOLUCIONES%202003/RES%202003%20151-200/2003RES163.tif HTTP/1.1" 200 155864
181.61.164.108 - - [06/Apr/2022:15:19:08 -0500] "GET /BLA/resoluciones/RESOLUCIONES%202003/RES%202003%20151-200/2003RES164.tif HTTP/1.1" 200 165748
181.61.164.108 - - [06/Apr/2022:15:19:11 -0500] "GET /BLA/resoluciones/RESOLUCIONES%202003/RES%202003%20151-200/2003RES165.tif HTTP/1.1" 200 160708
181.61.164.108 - - [06/Apr/2022:15:19:13 -0500] "GET /BLA/resoluciones/RESOLUCIONES%202003/RES%202003%20151-200/2003RES166.tif HTTP/1.1" 200 153064
181.61.164.108 - - [06/Apr/2022:15:19:15 -0500] "GET /BLA/resoluciones/RESOLUCIONES%202003/RES%202003%20151-200/2003RES167.tif HTTP/1.1" 200 132468
181.61.164.108 - - [06/Apr/2022:15:19:16 -0500] "GET /BLA/resoluciones/RESOLUCIONES%202003/RES%202003%20151-200/2003RES168.tif HTTP/1.1" 200 484444
181.61.164.108 - - [06/Apr/2022:15:19:18 -0500] "GET /BLA/resoluciones/RESOLUCIONES%202003/RES%202003%20151-200/2003RES169.tif HTTP/1.1" 200 102416
181.61.164.108 - - [06/Apr/2022:15:19:20 -0500] "GET /BLA/resoluciones/RESOLUCIONES%202003/RES%202003%20151-200/2003RES170.tif HTTP/1.1" 200 233320
181.61.164.108 - - [06/Apr/2022:15:19:22 -0500] "GET /BLA/resoluciones/RESOLUCIONES%202003/RES%202003%20151-200/2003RES171.tif HTTP/1.1" 200 161700
181.61.164.108 - - [06/Apr/2022:15:19:24 -0500] "GET /BLA/resoluciones/RESOLUCIONES%202003/RES%202003%20151-200/2003RES172.tif HTTP/1.1" 200 100952
181.61.164.108 - - [06/Apr/2022:15:19:28 -0500] "GET /BLA/resoluciones/RESOLUCIONES%202003/RES%202003%20151-200/2003RES173.tif HTTP/1.1" 200 187544
181.61.164.108 - - [06/Apr/2022:15:19:32 -0500] "GET /BLA/resoluciones/RESOLUCIONES%202003/RES%202003%20151-200/2003RES174.tif HTTP/1.1" 200 99856
181.61.164.108 - - [06/Apr/2022:15:19:33 -0500] "GET /BLA/resoluciones/RESOLUCIONES%202003/RES%202003%20151-200/2003RES175.tif HTTP/1.1" 200 98116
181.61.164.108 - - [06/Apr/2022:15:19:37 -0500] "GET /BLA/resoluciones/RESOLUCIONES%202003/RES%202003%20151-200/2003RES176.tif HTTP/1.1" 200 158176
181.61.164.108 - - [06/Apr/2022:15:19:39 -0500] "GET /BLA/resoluciones/RESOLUCIONES%202003/RES%202003%20151-200/2003RES177.tif HTTP/1.1" 200 336332
181.61.164.108 - - [06/Apr/2022:15:19:42 -0500] "GET /BLA/resoluciones/RESOLUCIONES%202003/RES%202003%20151-200/2003RES178.tif HTTP/1.1" 200 92456
181.61.164.108 - - [06/Apr/2022:15:19:43 -0500] "GET /BLA/resoluciones/RESOLUCIONES%202003/RES%202003%20151-200/2003RES179.tif HTTP/1.1" 200 92908
181.61.164.108 - - [06/Apr/2022:15:19:44 -0500] "GET /BLA/resoluciones/RESOLUCIONES%202003/RES%202003%20151-200/2003RES180.tif HTTP/1.1" 200 88888
181.61.164.108 - - [06/Apr/2022:15:19:46 -0500] "GET /BLA/resoluciones/RESOLUCIONES%202003/RES%202003%20151-200/2003RES181.tif HTTP/1.1" 200 99216
181.61.164.108 - - [06/Apr/2022:15:19:47 -0500] "GET /BLA/resoluciones/RESOLUCIONES%202003/RES%202003%20151-200/2003RES182.tif HTTP/1.1" 200 91624
181.61.164.108 - - [06/Apr/2022:15:19:49 -0500] "GET /BLA/resoluciones/RESOLUCIONES%202003/RES%202003%20151-200/2003RES183.tif HTTP/1.1" 200 319828
181.61.164.108 - - [06/Apr/2022:15:19:51 -0500] "GET /BLA/resoluciones/RESOLUCIONES%202003/RES%202003%20151-200/2003RES184.tif HTTP/1.1" 200 158640
181.61.164.108 - - [06/Apr/2022:15:19:53 -0500] "GET /BLA/resoluciones/RESOLUCIONES%202003/RES%202003%20151-200/2003RES185.tif HTTP/1.1" 200 174016
181.61.164.108 - - [06/Apr/2022:15:19:54 -0500] "GET /BLA/resoluciones/RESOLUCIONES%202003/RES%202003%20151-200/2003RES186.tif HTTP/1.1" 200 164056
181.61.164.108 - - [06/Apr/2022:15:19:56 -0500] "GET /BLA/resoluciones/RESOLUCIONES%202003/RES%202003%20151-200/2003RES187.tif HTTP/1.1" 200 173944
181.61.164.108 - - [06/Apr/2022:15:19:57 -0500] "GET /BLA/resoluciones/RESOLUCIONES%202003/RES%202003%20151-200/2003RES188.tif HTTP/1.1" 200 89948
181.61.164.108 - - [06/Apr/2022:15:19:58 -0500] "GET /BLA/resoluciones/RESOLUCIONES%202003/RES%202003%20151-200/2003RES189.tif HTTP/1.1" 200 91480
181.61.164.108 - - [06/Apr/2022:15:19:59 -0500] "GET /BLA/resoluciones/RESOLUCIONES%202003/RES%202003%20151-200/2003RES190.tif HTTP/1.1" 200 92852
181.61.164.108 - - [06/Apr/2022:15:20:00 -0500] "GET /BLA/resoluciones/RESOLUCIONES%202003/RES%202003%20151-200/2003RES191.tif HTTP/1.1" 200 183748
181.61.164.108 - - [06/Apr/2022:15:20:02 -0500] "GET /BLA/resoluciones/RESOLUCIONES%202003/RES%202003%20151-200/2003RES192.tif HTTP/1.1" 200 148056
181.61.164.108 - - [06/Apr/2022:15:20:04 -0500] "GET /BLA/resoluciones/RESOLUCIONES%202003/RES%202003%20151-200/2003RES193.tif HTTP/1.1" 200 91292
181.61.164.108 - - [06/Apr/2022:15:20:06 -0500] "GET /BLA/resoluciones/RESOLUCIONES%202003/RES%202003%20151-200/2003RES194.tif HTTP/1.1" 200 97160
181.61.164.108 - - [06/Apr/2022:15:20:07 -0500] "GET /BLA/resoluciones/RESOLUCIONES%202003/RES%202003%20151-200/2003RES195.tif HTTP/1.1" 200 92388
181.61.164.108 - - [06/Apr/2022:15:20:09 -0500] "GET /BLA/resoluciones/RESOLUCIONES%202003/RES%202003%20151-200/2003RES196.tif HTTP/1.1" 200 153552
181.61.164.108 - - [06/Apr/2022:15:20:11 -0500] "GET /BLA/resoluciones/RESOLUCIONES%202003/RES%202003%20151-200/2003RES197.tif HTTP/1.1" 200 156636
66.249.65.13 - - [06/Apr/2022:15:20:11 -0500] "-" 408 -
181.61.164.108 - - [06/Apr/2022:15:20:12 -0500] "GET /BLA/resoluciones/RESOLUCIONES%202003/RES%202003%20151-200/2003RES198.tif HTTP/1.1" 200 149928
181.61.164.108 - - [06/Apr/2022:15:20:14 -0500] "GET /BLA/resoluciones/RESOLUCIONES%202003/RES%202003%20151-200/2003RES199.tif HTTP/1.1" 200 359832
181.61.164.108 - - [06/Apr/2022:15:20:15 -0500] "GET /BLA/resoluciones/RESOLUCIONES%202003/RES%202003%20151-200/2003RES200.tif HTTP/1.1" 200 246012
172.22.2.4 - - [06/Apr/2022:15:18:55 -0500] "HEAD /BLA/boletinlegal/ HTTP/1.1" 200 -
186.148.168.245 - - [06/Apr/2022:15:20:46 -0500] "GET /sipse/faces/javax.faces.resource/images/ui-bg_flat_0_2d5972_40x100.png?ln=primefaces-aristo HTTP/1.1" 304 -
186.148.168.245 - - [06/Apr/2022:15:20:46 -0500] "POST /sipse/faces/presentacion/proyectos/proyecto/actividad/crearActividad.xhtml HTTP/1.1" 200 146309
186.148.168.245 - - [06/Apr/2022:15:20:47 -0500] "GET /sipse/faces/javax.faces.resource/theme.css?ln=primefaces-sipse HTTP/1.1" 304 -
186.148.168.245 - - [06/Apr/2022:15:20:47 -0500] "GET /sipse/faces/javax.faces.resource/primefaces.css?ln=primefaces&v=4.0 HTTP/1.1" 304 -
186.148.168.245 - - [06/Apr/2022:15:20:47 -0500] "GET /sipse/faces/javax.faces.resource/layout/layout.css?ln=primefaces&v=4.0 HTTP/1.1" 304 -
186.148.168.245 - - [06/Apr/2022:15:20:47 -0500] "GET /sipse/faces/javax.faces.resource/jquery/jquery.js?ln=primefaces&v=4.0 HTTP/1.1" 304 -
186.148.168.245 - - [06/Apr/2022:15:20:47 -0500] "GET /sipse/faces/javax.faces.resource/jquery/jquery-plugins.js?ln=primefaces&v=4.0 HTTP/1.1" 304 -
186.148.168.245 - - [06/Apr/2022:15:20:48 -0500] "GET /sipse/faces/javax.faces.resource/primefaces.js?ln=primefaces&v=4.0 HTTP/1.1" 304 -
186.148.168.245 - - [06/Apr/2022:15:20:48 -0500] "GET /sipse/faces/javax.faces.resource/layout/layout.js?ln=primefaces&v=4.0 HTTP/1.1" 304 -
186.148.168.245 - - [06/Apr/2022:15:20:48 -0500] "GET /sipse/css/imagen/contrasena.png HTTP/1.1" 404 383
181.61.164.108 - - [06/Apr/2022:15:21:04 -0500] "GET /BLA/resoluciones/index.php?dir=RESOLUCIONES+2003%2FRES+2003+201-250%2F HTTP/1.1" 200 12348
181.61.164.108 - - [06/Apr/2022:15:21:05 -0500] "GET /BLA/resoluciones/RESOLUCIONES%202003/RES%202003%20201-250/2003RES201.tif HTTP/1.1" 200 275800
181.61.164.108 - - [06/Apr/2022:15:21:06 -0500] "GET /BLA/resoluciones/RESOLUCIONES%202003/RES%202003%20201-250/2003RES202.tif HTTP/1.1" 200 218716
181.61.164.108 - - [06/Apr/2022:15:21:07 -0500] "GET /BLA/resoluciones/RESOLUCIONES%202003/RES%202003%20201-250/2003RES203.tif HTTP/1.1" 200 172540
181.61.164.108 - - [06/Apr/2022:15:21:09 -0500] "GET /BLA/resoluciones/RESOLUCIONES%202003/RES%202003%20201-250/2003RES204.tif HTTP/1.1" 200 427108
181.61.164.108 - - [06/Apr/2022:15:21:11 -0500] "GET /BLA/resoluciones/RESOLUCIONES%202003/RES%202003%20201-250/2003RES205.tif HTTP/1.1" 200 118456
200.71.57.4 - - [06/Apr/2022:15:21:13 -0500] "GET /BLA/resoluciones/ HTTP/1.1" 200 13093
181.61.164.108 - - [06/Apr/2022:15:21:14 -0500] "GET /BLA/resoluciones/RESOLUCIONES%202003/RES%202003%20201-250/2003RES206.tif HTTP/1.1" 200 124648
181.61.164.108 - - [06/Apr/2022:15:21:15 -0500] "GET /BLA/resoluciones/RESOLUCIONES%202003/RES%202003%20201-250/2003RES207.tif HTTP/1.1" 200 72396
181.61.164.108 - - [06/Apr/2022:15:21:17 -0500] "GET /BLA/resoluciones/RESOLUCIONES%202003/RES%202003%20201-250/2003RES208.tif HTTP/1.1" 200 95304
181.61.164.108 - - [06/Apr/2022:15:21:19 -0500] "GET /BLA/resoluciones/RESOLUCIONES%202003/RES%202003%20201-250/2003RES209.tif HTTP/1.1" 200 171924
181.61.164.108 - - [06/Apr/2022:15:21:21 -0500] "GET /BLA/resoluciones/RESOLUCIONES%202003/RES%202003%20201-250/2003RES210.tif HTTP/1.1" 200 169260
181.61.164.108 - - [06/Apr/2022:15:21:23 -0500] "GET /BLA/resoluciones/RESOLUCIONES%202003/RES%202003%20201-250/2003RES211.tif HTTP/1.1" 200 259508
172.22.2.4 - - [06/Apr/2022:15:19:45 -0500] "GET /BLA/boletinlegal/ HTTP/1.1" 200 58006
181.61.164.108 - - [06/Apr/2022:15:21:25 -0500] "GET /BLA/resoluciones/RESOLUCIONES%202003/RES%202003%20201-250/2003RES212.tif HTTP/1.1" 200 84936
181.61.164.108 - - [06/Apr/2022:15:21:27 -0500] "GET /BLA/resoluciones/RESOLUCIONES%202003/RES%202003%20201-250/2003RES213.tif HTTP/1.1" 200 168432
181.61.164.108 - - [06/Apr/2022:15:21:28 -0500] "GET /BLA/resoluciones/RESOLUCIONES%202003/RES%202003%20201-250/2003RES214.tif HTTP/1.1" 200 146608
181.61.164.108 - - [06/Apr/2022:15:21:31 -0500] "GET /BLA/resoluciones/RESOLUCIONES%202003/RES%202003%20201-250/2003RES215.tif HTTP/1.1" 200 158316
181.61.164.108 - - [06/Apr/2022:15:21:32 -0500] "GET /BLA/resoluciones/RESOLUCIONES%202003/RES%202003%20201-250/2003RES216.tif HTTP/1.1" 200 157696
181.61.164.108 - - [06/Apr/2022:15:21:36 -0500] "GET /BLA/resoluciones/RESOLUCIONES%202003/RES%202003%20201-250/2003RES217.tif HTTP/1.1" 200 150000
181.61.164.108 - - [06/Apr/2022:15:21:39 -0500] "GET /BLA/resoluciones/RESOLUCIONES%202003/RES%202003%20201-250/2003RES218.tif HTTP/1.1" 200 154900
181.61.164.108 - - [06/Apr/2022:15:21:41 -0500] "GET /BLA/resoluciones/RESOLUCIONES%202003/RES%202003%20201-250/2003RES219.tif HTTP/1.1" 200 395688
181.61.164.108 - - [06/Apr/2022:15:21:44 -0500] "GET /BLA/resoluciones/RESOLUCIONES%202003/RES%202003%20201-250/2003RES220.tif HTTP/1.1" 200 134612
181.61.164.108 - - [06/Apr/2022:15:21:45 -0500] "GET /BLA/resoluciones/RESOLUCIONES%202003/RES%202003%20201-250/2003RES221.tif HTTP/1.1" 200 177736
181.61.164.108 - - [06/Apr/2022:15:21:46 -0500] "GET /BLA/resoluciones/RESOLUCIONES%202003/RES%202003%20201-250/2003RES222.tif HTTP/1.1" 200 255072
216.245.221.92 - - [06/Apr/2022:15:21:49 -0500] "HEAD / HTTP/1.1" 200 -
181.61.164.108 - - [06/Apr/2022:15:21:49 -0500] "GET /BLA/resoluciones/RESOLUCIONES%202003/RES%202003%20201-250/2003RES223.tif HTTP/1.1" 200 196008
181.61.164.108 - - [06/Apr/2022:15:21:51 -0500] "GET /BLA/resoluciones/RESOLUCIONES%202003/RES%202003%20201-250/2003RES224.tif HTTP/1.1" 200 101504
201.245.192.253 - - [06/Apr/2022:15:21:53 -0500] "POST /sipse/faces/presentacion/financiero/solicitudProceso/solicitudProcesoOtrosPagos.xhtml HTTP/1.1" 200 56277
201.245.192.253 - - [06/Apr/2022:15:21:54 -0500] "GET /sipse/faces/javax.faces.resource/theme.css?ln=primefaces-sipse HTTP/1.1" 304 -
201.245.192.253 - - [06/Apr/2022:15:21:54 -0500] "GET /sipse/faces/javax.faces.resource/primefaces.css?ln=primefaces&v=4.0 HTTP/1.1" 304 -
201.245.192.253 - - [06/Apr/2022:15:21:54 -0500] "GET /sipse/faces/javax.faces.resource/layout/layout.css?ln=primefaces&v=4.0 HTTP/1.1" 304 -
201.245.192.253 - - [06/Apr/2022:15:21:54 -0500] "GET /sipse/faces/javax.faces.resource/fileupload/fileupload.css?ln=primefaces&v=4.0 HTTP/1.1" 304 -
201.245.192.253 - - [06/Apr/2022:15:21:54 -0500] "GET /sipse/faces/javax.faces.resource/jquery/jquery.js?ln=primefaces&v=4.0 HTTP/1.1" 304 -
201.245.192.253 - - [06/Apr/2022:15:21:54 -0500] "GET /sipse/faces/javax.faces.resource/jquery/jquery-plugins.js?ln=primefaces&v=4.0 HTTP/1.1" 304 -
201.245.192.253 - - [06/Apr/2022:15:21:54 -0500] "GET /sipse/faces/javax.faces.resource/primefaces.js?ln=primefaces&v=4.0 HTTP/1.1" 304 -
201.245.192.253 - - [06/Apr/2022:15:21:54 -0500] "GET /sipse/faces/javax.faces.resource/layout/layout.js?ln=primefaces&v=4.0 HTTP/1.1" 304 -
201.245.192.253 - - [06/Apr/2022:15:21:54 -0500] "GET /sipse/faces/javax.faces.resource/fileupload/fileupload.js?ln=primefaces&v=4.0 HTTP/1.1" 304 -
201.245.192.253 - - [06/Apr/2022:15:21:54 -0500] "GET /sipse/css/imagen/contrasena.png HTTP/1.1" 404 383
181.61.164.108 - - [06/Apr/2022:15:21:54 -0500] "GET /BLA/resoluciones/RESOLUCIONES%202003/RES%202003%20201-250/2003RES225.tif HTTP/1.1" 200 96308
201.245.192.253 - - [06/Apr/2022:15:21:54 -0500] "GET /reportes_sipse/sdg/ServletReporte?reporte=solicitud_cdp&Solicitud=17698&pfdrid_c=false HTTP/1.1" 200 115767
181.61.164.108 - - [06/Apr/2022:15:21:57 -0500] "GET /BLA/resoluciones/RESOLUCIONES%202003/RES%202003%20201-250/2003RES226.tif HTTP/1.1" 200 94720
201.245.192.253 - - [06/Apr/2022:15:21:58 -0500] "POST /sipse/faces/presentacion/financiero/solicitudProceso/detalleSolicitudProcesoOtrosPagos.xhtml HTTP/1.1" 200 190
201.245.192.253 - - [06/Apr/2022:15:21:58 -0500] "GET /sipse/faces/presentacion/financiero/solicitudProceso/solicitudProcesoOtrosPagos.xhtml HTTP/1.1" 200 37170
201.245.192.253 - - [06/Apr/2022:15:21:59 -0500] "GET /sipse/faces/javax.faces.resource/theme.css?ln=primefaces-sipse HTTP/1.1" 304 -
201.245.192.253 - - [06/Apr/2022:15:21:59 -0500] "GET /sipse/faces/javax.faces.resource/layout/layout.css?ln=primefaces&v=4.0 HTTP/1.1" 304 -
201.245.192.253 - - [06/Apr/2022:15:21:59 -0500] "GET /sipse/faces/javax.faces.resource/primefaces.css?ln=primefaces&v=4.0 HTTP/1.1" 304 -
201.245.192.253 - - [06/Apr/2022:15:21:59 -0500] "GET /sipse/faces/javax.faces.resource/jquery/jquery-plugins.js?ln=primefaces&v=4.0 HTTP/1.1" 304 -
201.245.192.253 - - [06/Apr/2022:15:21:59 -0500] "GET /sipse/faces/javax.faces.resource/jquery/jquery.js?ln=primefaces&v=4.0 HTTP/1.1" 304 -
201.245.192.253 - - [06/Apr/2022:15:21:59 -0500] "GET /sipse/faces/javax.faces.resource/primefaces.js?ln=primefaces&v=4.0 HTTP/1.1" 304 -
201.245.192.253 - - [06/Apr/2022:15:21:59 -0500] "GET /sipse/faces/javax.faces.resource/layout/layout.js?ln=primefaces&v=4.0 HTTP/1.1" 304 -
201.245.192.253 - - [06/Apr/2022:15:21:59 -0500] "GET /sipse/faces/javax.faces.resource/images/ui-icons_898989_256x240.png?ln=primefaces-aristo HTTP/1.1" 304 -
201.245.192.253 - - [06/Apr/2022:15:21:59 -0500] "GET /sipse/css/imagen/contrasena.png HTTP/1.1" 404 383
201.245.192.253 - - [06/Apr/2022:15:21:59 -0500] "GET /sipse/faces/javax.faces.resource/messages/messages.png?ln=primefaces&v=4.0 HTTP/1.1" 304 -
181.61.164.108 - - [06/Apr/2022:15:22:00 -0500] "GET /BLA/resoluciones/RESOLUCIONES%202003/RES%202003%20201-250/2003RES227.tif HTTP/1.1" 200 158076
201.245.192.253 - - [06/Apr/2022:15:22:02 -0500] "GET /sipse/faces/javax.faces.resource/images/ui-bg_flat_0_2d5972_40x100.png?ln=primefaces-aristo HTTP/1.1" 304 -
201.245.192.253 - - [06/Apr/2022:15:22:02 -0500] "POST /sipse/faces/presentacion/financiero/solicitudProceso/solicitudProcesoOtrosPagos.xhtml HTTP/1.1" 200 56978
201.245.192.253 - - [06/Apr/2022:15:22:02 -0500] "GET /sipse/faces/javax.faces.resource/primefaces.css?ln=primefaces&v=4.0 HTTP/1.1" 304 -
201.245.192.253 - - [06/Apr/2022:15:22:02 -0500] "GET /sipse/faces/javax.faces.resource/layout/layout.css?ln=primefaces&v=4.0 HTTP/1.1" 304 -
201.245.192.253 - - [06/Apr/2022:15:22:02 -0500] "GET /sipse/faces/javax.faces.resource/fileupload/fileupload.css?ln=primefaces&v=4.0 HTTP/1.1" 304 -
201.245.192.253 - - [06/Apr/2022:15:22:02 -0500] "GET /sipse/faces/javax.faces.resource/theme.css?ln=primefaces-sipse HTTP/1.1" 304 -
201.245.192.253 - - [06/Apr/2022:15:22:02 -0500] "GET /sipse/faces/javax.faces.resource/jquery/jquery.js?ln=primefaces&v=4.0 HTTP/1.1" 304 -
201.245.192.253 - - [06/Apr/2022:15:22:02 -0500] "GET /sipse/faces/javax.faces.resource/jquery/jquery-plugins.js?ln=primefaces&v=4.0 HTTP/1.1" 304 -
201.245.192.253 - - [06/Apr/2022:15:22:02 -0500] "GET /sipse/faces/javax.faces.resource/primefaces.js?ln=primefaces&v=4.0 HTTP/1.1" 304 -
201.245.192.253 - - [06/Apr/2022:15:22:02 -0500] "GET /sipse/faces/javax.faces.resource/layout/layout.js?ln=primefaces&v=4.0 HTTP/1.1" 304 -
201.245.192.253 - - [06/Apr/2022:15:22:02 -0500] "GET /sipse/faces/javax.faces.resource/fileupload/fileupload.js?ln=primefaces&v=4.0 HTTP/1.1" 304 -
181.61.164.108 - - [06/Apr/2022:15:22:02 -0500] "GET /BLA/resoluciones/RESOLUCIONES%202003/RES%202003%20201-250/2003RES228.tif HTTP/1.1" 200 165552
201.245.192.253 - - [06/Apr/2022:15:22:02 -0500] "GET /reportes_sipse/sdg/ServletReporte?reporte=solicitud_cdp&Solicitud=17698&pfdrid_c=false HTTP/1.1" 200 115767
181.61.164.108 - - [06/Apr/2022:15:22:04 -0500] "GET /BLA/resoluciones/RESOLUCIONES%202003/RES%202003%20201-250/2003RES229.tif HTTP/1.1" 200 89868
181.61.164.108 - - [06/Apr/2022:15:22:05 -0500] "GET /BLA/resoluciones/RESOLUCIONES%202003/RES%202003%20201-250/2003RES230.tif HTTP/1.1" 200 89372
181.61.164.108 - - [06/Apr/2022:15:22:06 -0500] "GET /BLA/resoluciones/RESOLUCIONES%202003/RES%202003%20201-250/2003RES231.tif HTTP/1.1" 200 88612
201.245.192.253 - - [06/Apr/2022:15:22:06 -0500] "POST /sipse/faces/presentacion/financiero/solicitudProceso/detalleSolicitudProcesoOtrosPagos.xhtml HTTP/1.1" 200 38470
201.245.192.253 - - [06/Apr/2022:15:22:06 -0500] "GET /sipse/faces/javax.faces.resource/theme.css?ln=primefaces-sipse HTTP/1.1" 304 -
201.245.192.253 - - [06/Apr/2022:15:22:06 -0500] "GET /sipse/faces/javax.faces.resource/primefaces.css?ln=primefaces&v=4.0 HTTP/1.1" 304 -
201.245.192.253 - - [06/Apr/2022:15:22:06 -0500] "GET /sipse/faces/javax.faces.resource/layout/layout.css?ln=primefaces&v=4.0 HTTP/1.1" 304 -
201.245.192.253 - - [06/Apr/2022:15:22:07 -0500] "GET /sipse/faces/javax.faces.resource/jquery/jquery.js?ln=primefaces&v=4.0 HTTP/1.1" 304 -
201.245.192.253 - - [06/Apr/2022:15:22:07 -0500] "GET /sipse/faces/javax.faces.resource/jquery/jquery-plugins.js?ln=primefaces&v=4.0 HTTP/1.1" 304 -
201.245.192.253 - - [06/Apr/2022:15:22:07 -0500] "GET /sipse/faces/javax.faces.resource/primefaces.js?ln=primefaces&v=4.0 HTTP/1.1" 304 -
201.245.192.253 - - [06/Apr/2022:15:22:07 -0500] "GET /sipse/faces/javax.faces.resource/layout/layout.js?ln=primefaces&v=4.0 HTTP/1.1" 304 -
181.61.164.108 - - [06/Apr/2022:15:22:08 -0500] "GET /BLA/resoluciones/RESOLUCIONES%202003/RES%202003%20201-250/2003RES232.tif HTTP/1.1" 200 86276
181.61.164.108 - - [06/Apr/2022:15:22:10 -0500] "GET /BLA/resoluciones/RESOLUCIONES%202003/RES%202003%20201-250/2003RES233.tif HTTP/1.1" 200 96916
181.61.164.108 - - [06/Apr/2022:15:22:12 -0500] "GET /BLA/resoluciones/RESOLUCIONES%202003/RES%202003%20201-250/2003RES234.tif HTTP/1.1" 200 240576
181.61.164.108 - - [06/Apr/2022:15:22:14 -0500] "GET /BLA/resoluciones/RESOLUCIONES%202003/RES%202003%20201-250/2003RES235.tif HTTP/1.1" 200 104456
181.61.164.108 - - [06/Apr/2022:15:22:15 -0500] "GET /BLA/resoluciones/RESOLUCIONES%202003/RES%202003%20201-250/2003RES236.tif HTTP/1.1" 200 71636
181.61.164.108 - - [06/Apr/2022:15:22:16 -0500] "GET /BLA/resoluciones/RESOLUCIONES%202003/RES%202003%20201-250/2003RES237.tif HTTP/1.1" 200 69816
181.61.164.108 - - [06/Apr/2022:15:22:17 -0500] "GET /BLA/resoluciones/RESOLUCIONES%202003/RES%202003%20201-250/2003RES238.tif HTTP/1.1" 200 103732
201.245.192.253 - - [06/Apr/2022:15:22:18 -0500] "POST /sipse/faces/presentacion/contratacion/contrato/registroPresupuestal/expedirRP.xhtml HTTP/1.1" 200 2256
181.61.164.108 - - [06/Apr/2022:15:22:19 -0500] "GET /BLA/resoluciones/RESOLUCIONES%202003/RES%202003%20201-250/2003RES239.tif HTTP/1.1" 200 48420
181.61.164.108 - - [06/Apr/2022:15:22:21 -0500] "GET /BLA/resoluciones/RESOLUCIONES%202003/RES%202003%20201-250/2003RES240.tif HTTP/1.1" 200 156776
181.61.164.108 - - [06/Apr/2022:15:22:23 -0500] "GET /BLA/resoluciones/RESOLUCIONES%202003/RES%202003%20201-250/2003RES241.tif HTTP/1.1" 200 162988
181.61.164.108 - - [06/Apr/2022:15:22:24 -0500] "GET /BLA/resoluciones/RESOLUCIONES%202003/RES%202003%20201-250/2003RES242.tif HTTP/1.1" 200 164436
201.245.192.253 - - [06/Apr/2022:15:22:25 -0500] "POST /sipse/faces/presentacion/contratacion/contrato/registroPresupuestal/expedirRP.xhtml HTTP/1.1" 200 20508
201.245.192.253 - - [06/Apr/2022:15:22:25 -0500] "GET /sipse/faces/javax.faces.resource/theme.css?ln=primefaces-sipse HTTP/1.1" 304 -
201.245.192.253 - - [06/Apr/2022:15:22:25 -0500] "GET /sipse/faces/javax.faces.resource/primefaces.css?ln=primefaces&v=4.0 HTTP/1.1" 304 -
201.245.192.253 - - [06/Apr/2022:15:22:25 -0500] "GET /sipse/faces/javax.faces.resource/layout/layout.css?ln=primefaces&v=4.0 HTTP/1.1" 304 -
201.245.192.253 - - [06/Apr/2022:15:22:25 -0500] "GET /sipse/faces/javax.faces.resource/primefaces.js?ln=primefaces&v=4.0 HTTP/1.1" 304 -
201.245.192.253 - - [06/Apr/2022:15:22:25 -0500] "GET /sipse/faces/javax.faces.resource/jquery/jquery-plugins.js?ln=primefaces&v=4.0 HTTP/1.1" 304 -
201.245.192.253 - - [06/Apr/2022:15:22:25 -0500] "GET /sipse/faces/javax.faces.resource/layout/layout.js?ln=primefaces&v=4.0 HTTP/1.1" 304 -
201.245.192.253 - - [06/Apr/2022:15:22:25 -0500] "GET /sipse/faces/javax.faces.resource/jquery/jquery.js?ln=primefaces&v=4.0 HTTP/1.1" 304 -
172.22.2.4 - - [06/Apr/2022:15:22:25 -0500] "GET /BLA/boletinlegal/consulta_actos.php?tipo=resoluciones&no=6625&usuario=coordinadora&sector=RESIDUOS&fecha=2010&resuelve= HTTP/1.1" 200 626
181.61.164.108 - - [06/Apr/2022:15:22:26 -0500] "GET /BLA/resoluciones/RESOLUCIONES%202003/RES%202003%20201-250/2003RES243.tif HTTP/1.1" 200 158088
181.61.164.108 - - [06/Apr/2022:15:22:27 -0500] "GET /BLA/resoluciones/RESOLUCIONES%202003/RES%202003%20201-250/2003RES244.tif HTTP/1.1" 200 418652
201.245.192.253 - - [06/Apr/2022:15:22:27 -0500] "GET /sipse/faces/javax.faces.resource/images/ui-icons_898989_256x240.png?ln=primefaces-aristo HTTP/1.1" 304 -
172.22.2.4 - - [06/Apr/2022:15:22:27 -0500] "GET /BLA/boletinlegal/consulta_actos.php?tipo=resoluciones&no=6625&usuario=coordinadora&sector=RESIDUOS&fecha=2010&resuelve= HTTP/1.1" 200 626
172.22.2.4 - - [06/Apr/2022:15:22:27 -0500] "GET /BLA/boletinlegal/consulta_actos.php?tipo=resoluciones&no=6625&usuario=coordinadora&sector=RESIDUOS&fecha=2010&resuelve= HTTP/1.1" 200 626
201.245.192.253 - - [06/Apr/2022:15:22:28 -0500] "POST /sipse/faces/presentacion/contratacion/contrato/registroPresupuestal/consultarActividadesRP.xhtml HTTP/1.1" 200 22776
201.245.192.253 - - [06/Apr/2022:15:22:28 -0500] "GET /sipse/faces/javax.faces.resource/theme.css?ln=primefaces-sipse HTTP/1.1" 304 -
201.245.192.253 - - [06/Apr/2022:15:22:28 -0500] "GET /sipse/faces/javax.faces.resource/jquery/jquery.js?ln=primefaces&v=4.0 HTTP/1.1" 304 -
201.245.192.253 - - [06/Apr/2022:15:22:28 -0500] "GET /sipse/faces/javax.faces.resource/layout/layout.css?ln=primefaces&v=4.0 HTTP/1.1" 304 -
201.245.192.253 - - [06/Apr/2022:15:22:28 -0500] "GET /sipse/faces/javax.faces.resource/jquery/jquery-plugins.js?ln=primefaces&v=4.0 HTTP/1.1" 304 -
201.245.192.253 - - [06/Apr/2022:15:22:28 -0500] "GET /sipse/faces/javax.faces.resource/primefaces.css?ln=primefaces&v=4.0 HTTP/1.1" 304 -
201.245.192.253 - - [06/Apr/2022:15:22:28 -0500] "GET /sipse/faces/javax.faces.resource/primefaces.js?ln=primefaces&v=4.0 HTTP/1.1" 304 -
201.245.192.253 - - [06/Apr/2022:15:22:28 -0500] "GET /sipse/faces/javax.faces.resource/layout/layout.js?ln=primefaces&v=4.0 HTTP/1.1" 304 -
181.61.164.108 - - [06/Apr/2022:15:22:29 -0500] "GET /BLA/resoluciones/RESOLUCIONES%202003/RES%202003%20201-250/2003RES245.tif HTTP/1.1" 200 170844
181.61.164.108 - - [06/Apr/2022:15:22:31 -0500] "GET /BLA/resoluciones/RESOLUCIONES%202003/RES%202003%20201-250/2003RES246.tif HTTP/1.1" 200 265328
172.22.2.4 - - [06/Apr/2022:15:22:33 -0500] "GET /BLA/boletinlegal/consulta_actos.php?tipo=resoluciones&no=6625&usuario=&sector=RESIDUOS&fecha=2010&resuelve= HTTP/1.1" 200 626
181.61.164.108 - - [06/Apr/2022:15:22:34 -0500] "GET /BLA/resoluciones/RESOLUCIONES%202003/RES%202003%20201-250/2003RES247.tif HTTP/1.1" 200 144996
172.22.2.4 - - [06/Apr/2022:15:22:34 -0500] "GET /BLA/boletinlegal/consulta_actos.php?tipo=resoluciones&no=6625&usuario=&sector=RESIDUOS&fecha=2010&resuelve= HTTP/1.1" 200 626
172.22.2.4 - - [06/Apr/2022:15:22:34 -0500] "GET /BLA/boletinlegal/consulta_actos.php?tipo=resoluciones&no=6625&usuario=&sector=RESIDUOS&fecha=2010&resuelve= HTTP/1.1" 200 626
172.22.2.4 - - [06/Apr/2022:15:22:35 -0500] "GET /BLA/boletinlegal/consulta_actos.php?tipo=resoluciones&no=6625&usuario=&sector=RESIDUOS&fecha=2010&resuelve= HTTP/1.1" 200 626
172.22.2.4 - - [06/Apr/2022:15:22:35 -0500] "GET /BLA/boletinlegal/consulta_actos.php?tipo=resoluciones&no=6625&usuario=&sector=RESIDUOS&fecha=2010&resuelve= HTTP/1.1" 200 626
172.22.2.4 - - [06/Apr/2022:15:22:35 -0500] "GET /BLA/boletinlegal/consulta_actos.php?tipo=resoluciones&no=6625&usuario=&sector=RESIDUOS&fecha=2010&resuelve= HTTP/1.1" 200 626
201.245.192.253 - - [06/Apr/2022:15:22:36 -0500] "POST /sipse/faces/presentacion/contratacion/contrato/registroPresupuestal/asociarPresupuestoActividadesRP.xhtml HTTP/1.1" 200 38547
201.245.192.253 - - [06/Apr/2022:15:22:36 -0500] "GET /sipse/faces/javax.faces.resource/theme.css?ln=primefaces-sipse HTTP/1.1" 304 -
201.245.192.253 - - [06/Apr/2022:15:22:36 -0500] "GET /sipse/faces/javax.faces.resource/primefaces.css?ln=primefaces&v=4.0 HTTP/1.1" 304 -
201.245.192.253 - - [06/Apr/2022:15:22:36 -0500] "GET /sipse/faces/javax.faces.resource/layout/layout.css?ln=primefaces&v=4.0 HTTP/1.1" 304 -
201.245.192.253 - - [06/Apr/2022:15:22:36 -0500] "GET /sipse/faces/javax.faces.resource/jquery/jquery.js?ln=primefaces&v=4.0 HTTP/1.1" 304 -
201.245.192.253 - - [06/Apr/2022:15:22:36 -0500] "GET /sipse/faces/javax.faces.resource/jquery/jquery-plugins.js?ln=primefaces&v=4.0 HTTP/1.1" 304 -
201.245.192.253 - - [06/Apr/2022:15:22:36 -0500] "GET /sipse/faces/javax.faces.resource/primefaces.js?ln=primefaces&v=4.0 HTTP/1.1" 304 -
201.245.192.253 - - [06/Apr/2022:15:22:36 -0500] "GET /sipse/faces/javax.faces.resource/layout/layout.js?ln=primefaces&v=4.0 HTTP/1.1" 304 -
172.22.2.4 - - [06/Apr/2022:15:22:38 -0500] "GET /BLA/boletinlegal/consulta_actos.php?tipo=resoluciones&no=6625&usuario=&sector=VERTIMIENTOS&fecha=2010&resuelve= HTTP/1.1" 200 626
172.22.2.4 - - [06/Apr/2022:15:22:39 -0500] "GET /BLA/boletinlegal/consulta_actos.php?tipo=resoluciones&no=6625&usuario=&sector=VERTIMIENTOS&fecha=2010&resuelve= HTTP/1.1" 200 626
172.22.2.4 - - [06/Apr/2022:15:22:39 -0500] "GET /BLA/boletinlegal/consulta_actos.php?tipo=resoluciones&no=6625&usuario=&sector=VERTIMIENTOS&fecha=2010&resuelve= HTTP/1.1" 200 626
172.22.2.4 - - [06/Apr/2022:15:22:39 -0500] "GET /BLA/boletinlegal/consulta_actos.php?tipo=resoluciones&no=6625&usuario=&sector=VERTIMIENTOS&fecha=2010&resuelve= HTTP/1.1" 200 626
201.245.192.253 - - [06/Apr/2022:15:22:40 -0500] "POST /sipse/faces/presentacion/contratacion/contrato/registroPresupuestal/expedirRP.xhtml HTTP/1.1" 200 58115
201.245.192.253 - - [06/Apr/2022:15:22:40 -0500] "GET /sipse/faces/javax.faces.resource/primefaces.css?ln=primefaces&v=4.0 HTTP/1.1" 304 -
201.245.192.253 - - [06/Apr/2022:15:22:40 -0500] "GET /sipse/faces/javax.faces.resource/theme.css?ln=primefaces-sipse HTTP/1.1" 304 -
201.245.192.253 - - [06/Apr/2022:15:22:40 -0500] "GET /sipse/faces/javax.faces.resource/layout/layout.css?ln=primefaces&v=4.0 HTTP/1.1" 304 -
201.245.192.253 - - [06/Apr/2022:15:22:40 -0500] "GET /sipse/faces/javax.faces.resource/fileupload/fileupload.css?ln=primefaces&v=4.0 HTTP/1.1" 304 -
201.245.192.253 - - [06/Apr/2022:15:22:40 -0500] "GET /sipse/faces/javax.faces.resource/jquery/jquery.js?ln=primefaces&v=4.0 HTTP/1.1" 304 -
201.245.192.253 - - [06/Apr/2022:15:22:40 -0500] "GET /sipse/faces/javax.faces.resource/jquery/jquery-plugins.js?ln=primefaces&v=4.0 HTTP/1.1" 304 -
201.245.192.253 - - [06/Apr/2022:15:22:40 -0500] "GET /sipse/faces/javax.faces.resource/primefaces.js?ln=primefaces&v=4.0 HTTP/1.1" 304 -
201.245.192.253 - - [06/Apr/2022:15:22:40 -0500] "GET /sipse/faces/javax.faces.resource/layout/layout.js?ln=primefaces&v=4.0 HTTP/1.1" 304 -
201.245.192.253 - - [06/Apr/2022:15:22:40 -0500] "GET /sipse/faces/javax.faces.resource/fileupload/fileupload.js?ln=primefaces&v=4.0 HTTP/1.1" 304 -
201.245.192.253 - - [06/Apr/2022:15:22:40 -0500] "GET /reportes_sipse/sdg/ServletReporte?reporte=solicitud_cdp&Solicitud=17698&pfdrid_c=false HTTP/1.1" 200 115767
181.61.164.108 - - [06/Apr/2022:15:22:41 -0500] "GET /BLA/resoluciones/RESOLUCIONES%202003/RES%202003%20201-250/2003RES248.tif HTTP/1.1" 200 195744
201.245.192.253 - - [06/Apr/2022:15:22:43 -0500] "POST /sipse/faces/presentacion/financiero/solicitudProceso/detalleSolicitudProcesoOtrosPagos.xhtml HTTP/1.1" 200 190
201.245.192.253 - - [06/Apr/2022:15:22:43 -0500] "GET /sipse/faces/presentacion/financiero/solicitudProceso/solicitudProcesoOtrosPagos.xhtml HTTP/1.1" 200 34495
201.245.192.253 - - [06/Apr/2022:15:22:43 -0500] "GET /sipse/faces/javax.faces.resource/primefaces.js?ln=primefaces&v=4.0 HTTP/1.1" 304 -
201.245.192.253 - - [06/Apr/2022:15:22:43 -0500] "GET /sipse/faces/javax.faces.resource/jquery/jquery.js?ln=primefaces&v=4.0 HTTP/1.1" 304 -
201.245.192.253 - - [06/Apr/2022:15:22:43 -0500] "GET /sipse/faces/javax.faces.resource/layout/layout.css?ln=primefaces&v=4.0 HTTP/1.1" 304 -
201.245.192.253 - - [06/Apr/2022:15:22:43 -0500] "GET /sipse/faces/javax.faces.resource/theme.css?ln=primefaces-sipse HTTP/1.1" 304 -
201.245.192.253 - - [06/Apr/2022:15:22:43 -0500] "GET /sipse/faces/javax.faces.resource/primefaces.css?ln=primefaces&v=4.0 HTTP/1.1" 304 -
201.245.192.253 - - [06/Apr/2022:15:22:43 -0500] "GET /sipse/faces/javax.faces.resource/jquery/jquery-plugins.js?ln=primefaces&v=4.0 HTTP/1.1" 304 -
201.245.192.253 - - [06/Apr/2022:15:22:43 -0500] "GET /sipse/faces/javax.faces.resource/layout/layout.js?ln=primefaces&v=4.0 HTTP/1.1" 304 -
181.61.164.108 - - [06/Apr/2022:15:22:45 -0500] "GET /BLA/resoluciones/RESOLUCIONES%202003/RES%202003%20201-250/2003RES249.tif HTTP/1.1" 200 157236
181.61.164.108 - - [06/Apr/2022:15:22:47 -0500] "GET /BLA/resoluciones/RESOLUCIONES%202003/RES%202003%20201-250/2003RES250.tif HTTP/1.1" 200 130328
201.245.192.253 - - [06/Apr/2022:15:22:11 -0500] "POST /kwsrmcab/Wsrmcab HTTP/1.1" 200 45307
181.61.164.108 - - [06/Apr/2022:15:23:02 -0500] "GET /BLA/resoluciones/index.php?dir=RESOLUCIONES+2003%2FRES+2003+251-300%2F HTTP/1.1" 200 11115
172.22.2.4 - - [06/Apr/2022:15:23:03 -0500] "GET /BLA/boletinlegal/consulta_actos.php?tipo=resoluciones&no=6625&usuario=metalmecanica&sector=VERTIMIENTOS&fecha=2010&resuelve= HTTP/1.1" 200 626
172.22.2.4 - - [06/Apr/2022:15:23:04 -0500] "GET /BLA/boletinlegal/consulta_actos.php?tipo=resoluciones&no=6625&usuario=metalmecanica&sector=VERTIMIENTOS&fecha=2010&resuelve= HTTP/1.1" 200 626
172.22.2.4 - - [06/Apr/2022:15:23:04 -0500] "GET /BLA/boletinlegal/consulta_actos.php?tipo=resoluciones&no=6625&usuario=metalmecanica&sector=VERTIMIENTOS&fecha=2010&resuelve= HTTP/1.1" 200 626
172.22.2.4 - - [06/Apr/2022:15:23:05 -0500] "GET /BLA/boletinlegal/consulta_actos.php?tipo=resoluciones&no=6625&usuario=metalmecanica&sector=VERTIMIENTOS&fecha=2010&resuelve= HTTP/1.1" 200 626
172.22.2.4 - - [06/Apr/2022:15:23:05 -0500] "GET /BLA/boletinlegal/consulta_actos.php?tipo=resoluciones&no=6625&usuario=metalmecanica&sector=VERTIMIENTOS&fecha=2010&resuelve= HTTP/1.1" 200 626
172.22.2.4 - - [06/Apr/2022:15:23:05 -0500] "GET /BLA/boletinlegal/consulta_actos.php?tipo=resoluciones&no=6625&usuario=metalmecanica&sector=VERTIMIENTOS&fecha=2010&resuelve= HTTP/1.1" 200 626
172.22.2.4 - - [06/Apr/2022:15:23:05 -0500] "GET /BLA/boletinlegal/consulta_actos.php?tipo=resoluciones&no=6625&usuario=metalmecanica&sector=VERTIMIENTOS&fecha=2010&resuelve= HTTP/1.1" 200 626
172.22.2.4 - - [06/Apr/2022:15:23:06 -0500] "GET /BLA/boletinlegal/consulta_actos.php?tipo=resoluciones&no=6625&usuario=metalmecanica&sector=VERTIMIENTOS&fecha=2010&resuelve= HTTP/1.1" 200 626
172.22.2.4 - - [06/Apr/2022:15:23:06 -0500] "GET /BLA/boletinlegal/consulta_actos.php?tipo=resoluciones&no=6625&usuario=metalmecanica&sector=VERTIMIENTOS&fecha=2010&resuelve= HTTP/1.1" 200 626
172.22.2.4 - - [06/Apr/2022:15:23:06 -0500] "GET /BLA/boletinlegal/consulta_actos.php?tipo=resoluciones&no=6625&usuario=metalmecanica&sector=VERTIMIENTOS&fecha=2010&resuelve= HTTP/1.1" 200 626
181.61.164.108 - - [06/Apr/2022:15:23:06 -0500] "GET /BLA/resoluciones/RESOLUCIONES%202003/RES%202003%20251-300/251.tif HTTP/1.1" 200 212840
172.22.2.4 - - [06/Apr/2022:15:23:06 -0500] "GET /BLA/boletinlegal/consulta_actos.php?tipo=resoluciones&no=6625&usuario=metalmecanica&sector=VERTIMIENTOS&fecha=2010&resuelve= HTTP/1.1" 200 626
172.22.2.4 - - [06/Apr/2022:15:23:07 -0500] "GET /BLA/boletinlegal/consulta_actos.php?tipo=resoluciones&no=6625&usuario=metalmecanica&sector=VERTIMIENTOS&fecha=2010&resuelve= HTTP/1.1" 200 626
172.22.2.4 - - [06/Apr/2022:15:23:07 -0500] "GET /BLA/boletinlegal/consulta_actos.php?tipo=resoluciones&no=6625&usuario=metalmecanica&sector=VERTIMIENTOS&fecha=2010&resuelve= HTTP/1.1" 200 626
172.22.2.4 - - [06/Apr/2022:15:23:07 -0500] "GET /BLA/boletinlegal/consulta_actos.php?tipo=resoluciones&no=6625&usuario=metalmecanica&sector=VERTIMIENTOS&fecha=2010&resuelve= HTTP/1.1" 200 626
172.22.2.4 - - [06/Apr/2022:15:23:07 -0500] "GET /BLA/boletinlegal/consulta_actos.php?tipo=resoluciones&no=6625&usuario=metalmecanica&sector=VERTIMIENTOS&fecha=2010&resuelve= HTTP/1.1" 200 626
172.22.2.4 - - [06/Apr/2022:15:23:08 -0500] "GET /BLA/boletinlegal/consulta_actos.php?tipo=resoluciones&no=6625&usuario=metalmecanica&sector=VERTIMIENTOS&fecha=2010&resuelve= HTTP/1.1" 200 626
172.22.2.4 - - [06/Apr/2022:15:23:08 -0500] "GET /BLA/boletinlegal/consulta_actos.php?tipo=resoluciones&no=6625&usuario=metalmecanica&sector=VERTIMIENTOS&fecha=2010&resuelve= HTTP/1.1" 200 626
181.61.164.108 - - [06/Apr/2022:15:23:08 -0500] "GET /BLA/resoluciones/RESOLUCIONES%202003/RES%202003%20251-300/252.tif HTTP/1.1" 200 171664
172.22.2.4 - - [06/Apr/2022:15:23:09 -0500] "GET /BLA/boletinlegal/consulta_actos.php?tipo=resoluciones&no=6625&usuario=metalmecanica&sector=VERTIMIENTOS&fecha=2010&resuelve= HTTP/1.1" 200 626
172.22.2.4 - - [06/Apr/2022:15:23:09 -0500] "GET /BLA/boletinlegal/consulta_actos.php?tipo=resoluciones&no=6625&usuario=metalmecanica&sector=VERTIMIENTOS&fecha=2010&resuelve= HTTP/1.1" 200 626
172.22.2.4 - - [06/Apr/2022:15:23:09 -0500] "GET /BLA/boletinlegal/consulta_actos.php?tipo=resoluciones&no=6625&usuario=metalmecanica&sector=VERTIMIENTOS&fecha=2010&resuelve= HTTP/1.1" 200 626
172.22.2.4 - - [06/Apr/2022:15:23:10 -0500] "GET /BLA/boletinlegal/consulta_actos.php?tipo=resoluciones&no=6625&usuario=metalmecanica&sector=VERTIMIENTOS&fecha=2010&resuelve= HTTP/1.1" 200 626
172.22.2.4 - - [06/Apr/2022:15:23:10 -0500] "GET /BLA/boletinlegal/consulta_actos.php?tipo=resoluciones&no=6625&usuario=metalmecanica&sector=VERTIMIENTOS&fecha=2010&resuelve= HTTP/1.1" 200 626
172.22.2.4 - - [06/Apr/2022:15:23:11 -0500] "GET /BLA/boletinlegal/consulta_actos.php?tipo=resoluciones&no=6625&usuario=metalmecanica&sector=VERTIMIENTOS&fecha=2010&resuelve= HTTP/1.1" 200 626
172.22.2.4 - - [06/Apr/2022:15:23:11 -0500] "GET /BLA/boletinlegal/consulta_actos.php?tipo=resoluciones&no=6625&usuario=metalmecanica&sector=VERTIMIENTOS&fecha=2010&resuelve= HTTP/1.1" 200 626
172.22.2.4 - - [06/Apr/2022:15:23:11 -0500] "GET /BLA/boletinlegal/consulta_actos.php?tipo=resoluciones&no=6625&usuario=metalmecanica&sector=VERTIMIENTOS&fecha=2010&resuelve= HTTP/1.1" 200 626
181.61.164.108 - - [06/Apr/2022:15:23:11 -0500] "GET /BLA/resoluciones/RESOLUCIONES%202003/RES%202003%20251-300/253.tif HTTP/1.1" 200 154752
172.22.2.4 - - [06/Apr/2022:15:23:11 -0500] "GET /BLA/boletinlegal/consulta_actos.php?tipo=resoluciones&no=6625&usuario=metalmecanica&sector=VERTIMIENTOS&fecha=2010&resuelve= HTTP/1.1" 200 626
172.22.2.4 - - [06/Apr/2022:15:23:12 -0500] "GET /BLA/boletinlegal/consulta_actos.php?tipo=resoluciones&no=6625&usuario=metalmecanica&sector=VERTIMIENTOS&fecha=2010&resuelve= HTTP/1.1" 200 626
172.22.2.4 - - [06/Apr/2022:15:23:12 -0500] "GET /BLA/boletinlegal/consulta_actos.php?tipo=resoluciones&no=6625&usuario=metalmecanica&sector=VERTIMIENTOS&fecha=2010&resuelve= HTTP/1.1" 200 626
172.22.2.4 - - [06/Apr/2022:15:23:12 -0500] "GET /BLA/boletinlegal/consulta_actos.php?tipo=resoluciones&no=6625&usuario=metalmecanica&sector=VERTIMIENTOS&fecha=2010&resuelve= HTTP/1.1" 200 626
172.22.2.4 - - [06/Apr/2022:15:23:12 -0500] "GET /BLA/boletinlegal/consulta_actos.php?tipo=resoluciones&no=6625&usuario=metalmecanica&sector=VERTIMIENTOS&fecha=2010&resuelve= HTTP/1.1" 200 626
172.22.2.4 - - [06/Apr/2022:15:23:12 -0500] "GET /BLA/boletinlegal/consulta_actos.php?tipo=resoluciones&no=6625&usuario=metalmecanica&sector=VERTIMIENTOS&fecha=2010&resuelve= HTTP/1.1" 200 626
181.61.164.108 - - [06/Apr/2022:15:23:19 -0500] "GET /BLA/resoluciones/RESOLUCIONES%202003/RES%202003%20251-300/254.tif HTTP/1.1" 200 163416
181.61.164.108 - - [06/Apr/2022:15:23:23 -0500] "GET /BLA/resoluciones/RESOLUCIONES%202003/RES%202003%20251-300/255.tif HTTP/1.1" 200 177644
172.22.2.4 - - [06/Apr/2022:15:23:25 -0500] "GET /BLA/boletinlegal/consulta_actos.php?tipo=resoluciones&no=6625&usuario=metalmecanica&sector=VERTIMIENTOS&fecha=2010&resuelve= HTTP/1.1" 200 626
172.22.2.4 - - [06/Apr/2022:15:23:25 -0500] "GET /BLA/boletinlegal/consulta_actos.php?tipo=resoluciones&no=6625&usuario=metalmecanica&sector=VERTIMIENTOS&fecha=2010&resuelve= HTTP/1.1" 200 626
181.61.164.108 - - [06/Apr/2022:15:23:27 -0500] "GET /BLA/resoluciones/RESOLUCIONES%202003/RES%202003%20251-300/256.tif HTTP/1.1" 200 169528
181.61.164.108 - - [06/Apr/2022:15:23:29 -0500] "GET /BLA/resoluciones/RESOLUCIONES%202003/RES%202003%20251-300/257.tif HTTP/1.1" 200 186152
172.22.2.4 - - [06/Apr/2022:15:23:32 -0500] "GET /BLA/boletinlegal/consulta_actos.php?tipo=resoluciones&no=6625&usuario=metalmecanica&sector=RESIDUOS&fecha=2010&resuelve= HTTP/1.1" 200 626
172.22.2.4 - - [06/Apr/2022:15:23:32 -0500] "GET /BLA/boletinlegal/consulta_actos.php?tipo=resoluciones&no=6625&usuario=metalmecanica&sector=RESIDUOS&fecha=2010&resuelve= HTTP/1.1" 200 626
172.22.2.4 - - [06/Apr/2022:15:23:32 -0500] "GET /BLA/boletinlegal/consulta_actos.php?tipo=resoluciones&no=6625&usuario=metalmecanica&sector=RESIDUOS&fecha=2010&resuelve= HTTP/1.1" 200 626
172.22.2.4 - - [06/Apr/2022:15:23:33 -0500] "GET /BLA/boletinlegal/consulta_actos.php?tipo=resoluciones&no=6625&usuario=metalmecanica&sector=RESIDUOS&fecha=2010&resuelve= HTTP/1.1" 200 626
181.61.164.108 - - [06/Apr/2022:15:23:33 -0500] "GET /BLA/resoluciones/RESOLUCIONES%202003/RES%202003%20251-300/258.tif HTTP/1.1" 200 154940
172.22.2.4 - - [06/Apr/2022:15:23:33 -0500] "GET /BLA/boletinlegal/consulta_actos.php?tipo=resoluciones&no=6625&usuario=metalmecanica&sector=RESIDUOS&fecha=2010&resuelve= HTTP/1.1" 200 626
172.22.2.4 - - [06/Apr/2022:15:23:33 -0500] "GET /BLA/boletinlegal/consulta_actos.php?tipo=resoluciones&no=6625&usuario=metalmecanica&sector=RESIDUOS&fecha=2010&resuelve= HTTP/1.1" 200 626
172.22.2.4 - - [06/Apr/2022:15:23:33 -0500] "GET /BLA/boletinlegal/consulta_actos.php?tipo=resoluciones&no=6625&usuario=metalmecanica&sector=RESIDUOS&fecha=2010&resuelve= HTTP/1.1" 200 626
172.22.2.4 - - [06/Apr/2022:15:23:33 -0500] "GET /BLA/boletinlegal/consulta_actos.php?tipo=resoluciones&no=6625&usuario=metalmecanica&sector=RESIDUOS&fecha=2010&resuelve= HTTP/1.1" 200 626
172.22.2.4 - - [06/Apr/2022:15:23:34 -0500] "GET /BLA/boletinlegal/consulta_actos.php?tipo=resoluciones&no=6625&usuario=metalmecanica&sector=RESIDUOS&fecha=2010&resuelve= HTTP/1.1" 200 626
181.61.164.108 - - [06/Apr/2022:15:23:35 -0500] "GET /BLA/resoluciones/RESOLUCIONES%202003/RES%202003%20251-300/259.tif HTTP/1.1" 200 190664
181.61.164.108 - - [06/Apr/2022:15:23:36 -0500] "GET /BLA/resoluciones/RESOLUCIONES%202003/RES%202003%20251-300/260.tif HTTP/1.1" 200 170364
181.61.164.108 - - [06/Apr/2022:15:23:37 -0500] "GET /BLA/resoluciones/RESOLUCIONES%202003/RES%202003%20251-300/261.tif HTTP/1.1" 200 151000
181.61.164.108 - - [06/Apr/2022:15:23:39 -0500] "GET /BLA/resoluciones/RESOLUCIONES%202003/RES%202003%20251-300/262.tif HTTP/1.1" 200 58372
181.61.164.108 - - [06/Apr/2022:15:23:42 -0500] "GET /BLA/resoluciones/RESOLUCIONES%202003/RES%202003%20251-300/264.tif HTTP/1.1" 200 243156
181.61.164.108 - - [06/Apr/2022:15:23:44 -0500] "GET /BLA/resoluciones/RESOLUCIONES%202003/RES%202003%20251-300/265.tif HTTP/1.1" 200 105412
181.61.164.108 - - [06/Apr/2022:15:23:46 -0500] "GET /BLA/resoluciones/RESOLUCIONES%202003/RES%202003%20251-300/266.tif HTTP/1.1" 200 89728
201.245.192.253 - - [06/Apr/2022:15:23:00 -0500] "POST /kwsrmcab/Wsrmcab HTTP/1.1" 200 45756
181.61.164.108 - - [06/Apr/2022:15:23:48 -0500] "GET /BLA/resoluciones/RESOLUCIONES%202003/RES%202003%20251-300/267.tif HTTP/1.1" 200 98728
181.61.164.108 - - [06/Apr/2022:15:23:51 -0500] "GET /BLA/resoluciones/RESOLUCIONES%202003/RES%202003%20251-300/268.tif HTTP/1.1" 200 910292
181.61.164.108 - - [06/Apr/2022:15:23:52 -0500] "GET /BLA/resoluciones/RESOLUCIONES%202003/RES%202003%20251-300/269.tif HTTP/1.1" 200 808052
181.61.164.108 - - [06/Apr/2022:15:23:56 -0500] "GET /BLA/resoluciones/RESOLUCIONES%202003/RES%202003%20251-300/270.tif HTTP/1.1" 200 975124
181.61.164.108 - - [06/Apr/2022:15:23:57 -0500] "GET /BLA/resoluciones/RESOLUCIONES%202003/RES%202003%20251-300/271.tif HTTP/1.1" 200 848120
181.61.164.108 - - [06/Apr/2022:15:23:59 -0500] "GET /BLA/resoluciones/RESOLUCIONES%202003/RES%202003%20251-300/272.tif HTTP/1.1" 200 114616
181.61.164.108 - - [06/Apr/2022:15:24:00 -0500] "GET /BLA/resoluciones/RESOLUCIONES%202003/RES%202003%20251-300/273.tif HTTP/1.1" 200 106344
181.61.164.108 - - [06/Apr/2022:15:24:02 -0500] "GET /BLA/resoluciones/RESOLUCIONES%202003/RES%202003%20251-300/274.tif HTTP/1.1" 200 51760
181.61.164.108 - - [06/Apr/2022:15:24:04 -0500] "GET /BLA/resoluciones/RESOLUCIONES%202003/RES%202003%20251-300/275.tif HTTP/1.1" 200 105916
181.61.164.108 - - [06/Apr/2022:15:24:05 -0500] "GET /BLA/resoluciones/RESOLUCIONES%202003/RES%202003%20251-300/276.tif HTTP/1.1" 200 87176
181.61.164.108 - - [06/Apr/2022:15:24:09 -0500] "GET /BLA/resoluciones/RESOLUCIONES%202003/RES%202003%20251-300/277.tif HTTP/1.1" 200 263508
181.61.164.108 - - [06/Apr/2022:15:24:11 -0500] "GET /BLA/resoluciones/RESOLUCIONES%202003/RES%202003%20251-300/278.tif HTTP/1.1" 200 146148
181.61.164.108 - - [06/Apr/2022:15:24:13 -0500] "GET /BLA/resoluciones/RESOLUCIONES%202003/RES%202003%20251-300/279.tif HTTP/1.1" 200 154220
181.61.164.108 - - [06/Apr/2022:15:24:15 -0500] "GET /BLA/resoluciones/RESOLUCIONES%202003/RES%202003%20251-300/280.tif HTTP/1.1" 200 100800
181.61.164.108 - - [06/Apr/2022:15:24:18 -0500] "GET /BLA/resoluciones/RESOLUCIONES%202003/RES%202003%20251-300/281.tif HTTP/1.1" 200 112408
181.61.164.108 - - [06/Apr/2022:15:24:20 -0500] "GET /BLA/resoluciones/RESOLUCIONES%202003/RES%202003%20251-300/282.tif HTTP/1.1" 200 173104
181.61.164.108 - - [06/Apr/2022:15:24:22 -0500] "GET /BLA/resoluciones/RESOLUCIONES%202003/RES%202003%20251-300/283.tif HTTP/1.1" 200 151136
181.61.164.108 - - [06/Apr/2022:15:24:25 -0500] "GET /BLA/resoluciones/RESOLUCIONES%202003/RES%202003%20251-300/284.tif HTTP/1.1" 200 152588
181.61.164.108 - - [06/Apr/2022:15:24:26 -0500] "GET /BLA/resoluciones/RESOLUCIONES%202003/RES%202003%20251-300/285.tif HTTP/1.1" 200 211408
181.61.164.108 - - [06/Apr/2022:15:24:28 -0500] "GET /BLA/resoluciones/RESOLUCIONES%202003/RES%202003%20251-300/286.tif HTTP/1.1" 200 253748
181.61.164.108 - - [06/Apr/2022:15:24:29 -0500] "GET /BLA/resoluciones/RESOLUCIONES%202003/RES%202003%20251-300/287.tif HTTP/1.1" 200 163720
181.61.164.108 - - [06/Apr/2022:15:24:32 -0500] "GET /BLA/resoluciones/RESOLUCIONES%202003/RES%202003%20251-300/288.tif HTTP/1.1" 200 166524
181.61.164.108 - - [06/Apr/2022:15:24:34 -0500] "GET /BLA/resoluciones/RESOLUCIONES%202003/RES%202003%20251-300/289.tif HTTP/1.1" 200 160080
181.61.164.108 - - [06/Apr/2022:15:24:35 -0500] "GET /BLA/resoluciones/RESOLUCIONES%202003/RES%202003%20251-300/290.tif HTTP/1.1" 200 505756
201.245.192.253 - - [06/Apr/2022:15:24:36 -0500] "POST /sipse/faces/presentacion/financiero/solicitudProceso/consultarHistorialSolProceso.xhtml HTTP/1.1" 200 60833
201.245.192.253 - - [06/Apr/2022:15:24:36 -0500] "GET /sipse/faces/javax.faces.resource/theme.css?ln=primefaces-sipse HTTP/1.1" 304 -
201.245.192.253 - - [06/Apr/2022:15:24:36 -0500] "GET /sipse/faces/javax.faces.resource/primefaces.css?ln=primefaces&v=4.0 HTTP/1.1" 304 -
201.245.192.253 - - [06/Apr/2022:15:24:36 -0500] "GET /sipse/faces/javax.faces.resource/layout/layout.css?ln=primefaces&v=4.0 HTTP/1.1" 304 -
201.245.192.253 - - [06/Apr/2022:15:24:36 -0500] "GET /sipse/faces/javax.faces.resource/jquery/jquery.js?ln=primefaces&v=4.0 HTTP/1.1" 304 -
201.245.192.253 - - [06/Apr/2022:15:24:36 -0500] "GET /sipse/faces/javax.faces.resource/fileupload/fileupload.css?ln=primefaces&v=4.0 HTTP/1.1" 304 -
201.245.192.253 - - [06/Apr/2022:15:24:36 -0500] "GET /sipse/faces/javax.faces.resource/jquery/jquery-plugins.js?ln=primefaces&v=4.0 HTTP/1.1" 304 -
201.245.192.253 - - [06/Apr/2022:15:24:36 -0500] "GET /sipse/faces/javax.faces.resource/primefaces.js?ln=primefaces&v=4.0 HTTP/1.1" 304 -
201.245.192.253 - - [06/Apr/2022:15:24:36 -0500] "GET /sipse/faces/javax.faces.resource/layout/layout.js?ln=primefaces&v=4.0 HTTP/1.1" 304 -
201.245.192.253 - - [06/Apr/2022:15:24:36 -0500] "GET /sipse/faces/javax.faces.resource/fileupload/fileupload.js?ln=primefaces&v=4.0 HTTP/1.1" 304 -
201.245.192.253 - - [06/Apr/2022:15:24:36 -0500] "GET /sipse/css/imagen/contrasena.png HTTP/1.1" 404 383
201.245.192.253 - - [06/Apr/2022:15:24:36 -0500] "GET /sipse/faces/javax.faces.resource/images/ui-icons_898989_256x240.png?ln=primefaces-aristo HTTP/1.1" 304 -
181.61.164.108 - - [06/Apr/2022:15:24:37 -0500] "GET /BLA/resoluciones/RESOLUCIONES%202003/RES%202003%20251-300/291.tif HTTP/1.1" 200 174760
201.245.192.253 - - [06/Apr/2022:15:24:36 -0500] "GET /reportes_sipse/sdg/ServletReporte?reporte=solicitud_cdp&Solicitud=17698&pfdrid_c=false HTTP/1.1" 200 115767
181.61.164.108 - - [06/Apr/2022:15:24:38 -0500] "GET /BLA/resoluciones/RESOLUCIONES%202003/RES%202003%20251-300/292.tif HTTP/1.1" 200 72028
181.61.164.108 - - [06/Apr/2022:15:24:41 -0500] "GET /BLA/resoluciones/RESOLUCIONES%202003/RES%202003%20251-300/293.tif HTTP/1.1" 200 291988
201.245.192.253 - - [06/Apr/2022:15:24:41 -0500] "GET /sipse/faces/javax.faces.resource/images/ui-bg_flat_0_2d5972_40x100.png?ln=primefaces-aristo HTTP/1.1" 304 -
201.245.192.253 - - [06/Apr/2022:15:24:41 -0500] "POST /sipse/faces/presentacion/financiero/solicitudProceso/detalleSolicitudProcesoOtrosPagos.xhtml HTTP/1.1" 200 25453
201.245.192.253 - - [06/Apr/2022:15:24:41 -0500] "GET /sipse/faces/javax.faces.resource/primefaces.css?ln=primefaces&v=4.0 HTTP/1.1" 304 -
201.245.192.253 - - [06/Apr/2022:15:24:41 -0500] "GET /sipse/faces/javax.faces.resource/layout/layout.css?ln=primefaces&v=4.0 HTTP/1.1" 304 -
