200.118.64.109 - - [06/Apr/2022:14:28:02 -0500] "POST /forms/lservlet;jsessionid=ac16012b30d6c7b1e1b4d61c4b9d8b438a525e0deb16.e3iSbxaKaheRe34Sc38RahyRchr0n6jAmljGr5XDqQLvpAe HTTP/1.1" 200 2
172.22.2.4 - - [06/Apr/2022:14:26:25 -0500] "HEAD /BLA/boletinlegal/ HTTP/1.1" 200 -
172.22.2.4 - - [06/Apr/2022:14:28:07 -0500] "GET /BLA/boletinlegal/consulta_actos.php?tipo=resoluciones&no=4158&usuario=coordinadora&sector=PEV&fecha=2007&resuelve=investigacion HTTP/1.1" 200 626
172.22.2.4 - - [06/Apr/2022:14:28:08 -0500] "GET /BLA/boletinlegal/consulta_actos.php?tipo=resoluciones&no=4158&usuario=coordinadora&sector=PEV&fecha=2007&resuelve=investigacion HTTP/1.1" 200 626
172.22.2.4 - - [06/Apr/2022:14:28:08 -0500] "GET /BLA/boletinlegal/consulta_actos.php?tipo=resoluciones&no=4158&usuario=coordinadora&sector=PEV&fecha=2007&resuelve=investigacion HTTP/1.1" 200 626
172.22.2.4 - - [06/Apr/2022:14:28:08 -0500] "GET /BLA/boletinlegal/consulta_actos.php?tipo=resoluciones&no=4158&usuario=coordinadora&sector=PEV&fecha=2007&resuelve=investigacion HTTP/1.1" 200 626
172.22.2.4 - - [06/Apr/2022:14:28:13 -0500] "GET /BLA/boletinlegal/consulta_actos.php?tipo=resoluciones&no=4158&usuario=coordinadora&sector=PEV&fecha=2007&resuelve=cargos HTTP/1.1" 200 626
172.22.2.4 - - [06/Apr/2022:14:28:13 -0500] "GET /BLA/boletinlegal/consulta_actos.php?tipo=resoluciones&no=4158&usuario=coordinadora&sector=PEV&fecha=2007&resuelve=cargos HTTP/1.1" 200 626
172.22.2.4 - - [06/Apr/2022:14:28:13 -0500] "GET /BLA/boletinlegal/consulta_actos.php?tipo=resoluciones&no=4158&usuario=coordinadora&sector=PEV&fecha=2007&resuelve=cargos HTTP/1.1" 200 626
200.118.64.109 - - [06/Apr/2022:14:28:29 -0500] "POST /forms/lservlet;jsessionid=ac16012b30d6c7b1e1b4d61c4b9d8b438a525e0deb16.e3iSbxaKaheRe34Sc38RahyRchr0n6jAmljGr5XDqQLvpAe HTTP/1.1" 200 2027
200.118.64.109 - - [06/Apr/2022:14:28:29 -0500] "POST /forms/lservlet;jsessionid=ac16012b30d6c7b1e1b4d61c4b9d8b438a525e0deb16.e3iSbxaKaheRe34Sc38RahyRchr0n6jAmljGr5XDqQLvpAe HTTP/1.1" 200 78
200.118.64.109 - - [06/Apr/2022:14:28:39 -0500] "POST /forms/lservlet;jsessionid=ac16012b30d6c7b1e1b4d61c4b9d8b438a525e0deb16.e3iSbxaKaheRe34Sc38RahyRchr0n6jAmljGr5XDqQLvpAe HTTP/1.1" 200 34757
200.118.64.109 - - [06/Apr/2022:14:28:39 -0500] "GET /imagenes/listval.gif HTTP/1.1" 200 905
200.118.64.109 - - [06/Apr/2022:14:28:39 -0500] "POST /forms/lservlet;jsessionid=ac16012b30d6c7b1e1b4d61c4b9d8b438a525e0deb16.e3iSbxaKaheRe34Sc38RahyRchr0n6jAmljGr5XDqQLvpAe HTTP/1.1" 200 7
200.118.64.109 - - [06/Apr/2022:14:28:39 -0500] "POST /forms/lservlet;jsessionid=ac16012b30d6c7b1e1b4d61c4b9d8b438a525e0deb16.e3iSbxaKaheRe34Sc38RahyRchr0n6jAmljGr5XDqQLvpAe HTTP/1.1" 200 34
200.118.64.109 - - [06/Apr/2022:14:28:39 -0500] "POST /forms/lservlet;jsessionid=ac16012b30d6c7b1e1b4d61c4b9d8b438a525e0deb16.e3iSbxaKaheRe34Sc38RahyRchr0n6jAmljGr5XDqQLvpAe HTTP/1.1" 200 2
200.118.64.109 - - [06/Apr/2022:14:28:41 -0500] "POST /forms/lservlet;jsessionid=ac16012b30d6c7b1e1b4d61c4b9d8b438a525e0deb16.e3iSbxaKaheRe34Sc38RahyRchr0n6jAmljGr5XDqQLvpAe HTTP/1.1" 200 2
200.118.64.109 - - [06/Apr/2022:14:28:41 -0500] "POST /forms/lservlet;jsessionid=ac16012b30d6c7b1e1b4d61c4b9d8b438a525e0deb16.e3iSbxaKaheRe34Sc38RahyRchr0n6jAmljGr5XDqQLvpAe HTTP/1.1" 200 662
200.118.64.109 - - [06/Apr/2022:14:28:41 -0500] "GET /imagenes/Srch_frw.gif HTTP/1.1" 200 925
200.118.64.109 - - [06/Apr/2022:14:28:41 -0500] "POST /forms/lservlet;jsessionid=ac16012b30d6c7b1e1b4d61c4b9d8b438a525e0deb16.e3iSbxaKaheRe34Sc38RahyRchr0n6jAmljGr5XDqQLvpAe HTTP/1.1" 200 10
172.22.2.4 - - [06/Apr/2022:14:27:15 -0500] "GET /BLA/boletinlegal/ HTTP/1.1" 200 60932
200.118.64.109 - - [06/Apr/2022:14:28:58 -0500] "POST /forms/lservlet;jsessionid=ac16012b30d6c7b1e1b4d61c4b9d8b438a525e0deb16.e3iSbxaKaheRe34Sc38RahyRchr0n6jAmljGr5XDqQLvpAe HTTP/1.1" 200 26
200.118.64.109 - - [06/Apr/2022:14:28:58 -0500] "POST /forms/lservlet;jsessionid=ac16012b30d6c7b1e1b4d61c4b9d8b438a525e0deb16.e3iSbxaKaheRe34Sc38RahyRchr0n6jAmljGr5XDqQLvpAe HTTP/1.1" 200 14
172.22.2.4 - - [06/Apr/2022:14:29:00 -0500] "GET /BLA/boletinlegal/images/screen_2.png HTTP/1.1" 200 362502
172.22.2.4 - - [06/Apr/2022:14:29:00 -0500] "GET /BLA/boletinlegal/images/screen_5.png HTTP/1.1" 200 368876
172.22.2.4 - - [06/Apr/2022:14:29:00 -0500] "GET /BLA/boletinlegal/images/arr_r.jpg HTTP/1.1" 200 1998
172.22.2.4 - - [06/Apr/2022:14:29:00 -0500] "GET /BLA/boletinlegal/images/screen_3.png HTTP/1.1" 200 210620
200.118.64.109 - - [06/Apr/2022:14:29:00 -0500] "POST /forms/lservlet;jsessionid=ac16012b30d6c7b1e1b4d61c4b9d8b438a525e0deb16.e3iSbxaKaheRe34Sc38RahyRchr0n6jAmljGr5XDqQLvpAe HTTP/1.1" 200 4016
200.118.64.109 - - [06/Apr/2022:14:29:00 -0500] "POST /forms/lservlet;jsessionid=ac16012b30d6c7b1e1b4d61c4b9d8b438a525e0deb16.e3iSbxaKaheRe34Sc38RahyRchr0n6jAmljGr5XDqQLvpAe HTTP/1.1" 200 2
201.245.192.253 - - [06/Apr/2022:14:29:04 -0500] "GET /BLA/resoluciones/dlf/styles.css HTTP/1.1" 200 3049
201.245.192.253 - - [06/Apr/2022:14:29:04 -0500] "GET /BLA/resoluciones/dlf/folder.png HTTP/1.1" 200 410
201.245.192.253 - - [06/Apr/2022:14:29:04 -0500] "GET /BLA/resoluciones/ HTTP/1.1" 200 13093
201.245.192.253 - - [06/Apr/2022:14:29:04 -0500] "GET /BLA/resoluciones/dlf/bg.gif HTTP/1.1" 200 54
201.245.192.253 - - [06/Apr/2022:14:29:05 -0500] "GET /favicon.ico HTTP/1.1" 200 7782
172.22.2.4 - - [06/Apr/2022:14:29:07 -0500] "GET /BLA/boletinlegal/images/pdf.gif HTTP/1.1" 200 567
172.22.2.4 - - [06/Apr/2022:14:29:12 -0500] "GET /BLA/boletinlegal/actos.php HTTP/1.1" 200 9559
201.245.192.253 - - [06/Apr/2022:14:29:12 -0500] "GET /BLA/resoluciones/dlf/pdf.gif HTTP/1.1" 200 272
201.245.192.253 - - [06/Apr/2022:14:29:12 -0500] "GET /BLA/resoluciones/dlf/dirup.png HTTP/1.1" 200 644
201.245.192.253 - - [06/Apr/2022:14:29:12 -0500] "GET /BLA/resoluciones/index.php?dir=RESOLUCIONES+2021%2F HTTP/1.1" 200 311554
186.148.168.245 - - [06/Apr/2022:14:29:17 -0500] "GET /sipse/faces/index.xhtml HTTP/1.1" 200 677
186.148.168.245 - - [06/Apr/2022:14:29:17 -0500] "GET /sipse/faces/javax.faces.resource/theme.css?ln=primefaces-sipse HTTP/1.1" 304 -
186.148.168.245 - - [06/Apr/2022:14:29:18 -0500] "GET /sipse/faces/javax.faces.resource/theme.css?ln=primefaces-sipse HTTP/1.1" 304 -
186.148.168.245 - - [06/Apr/2022:14:29:18 -0500] "GET /sipse/faces/faces/autenticacion.xhtml HTTP/1.1" 200 12181
186.148.168.245 - - [06/Apr/2022:14:29:18 -0500] "GET /sipse/faces/javax.faces.resource/layout/layout.css?ln=primefaces&v=4.0 HTTP/1.1" 304 -
186.148.168.245 - - [06/Apr/2022:14:29:18 -0500] "GET /sipse/faces/javax.faces.resource/jquery/jquery.js?ln=primefaces&v=4.0 HTTP/1.1" 304 -
186.148.168.245 - - [06/Apr/2022:14:29:18 -0500] "GET /sipse/faces/javax.faces.resource/jquery/jquery-plugins.js?ln=primefaces&v=4.0 HTTP/1.1" 304 -
186.148.168.245 - - [06/Apr/2022:14:29:18 -0500] "GET /sipse/faces/javax.faces.resource/primefaces.css?ln=primefaces&v=4.0 HTTP/1.1" 304 -
186.148.168.245 - - [06/Apr/2022:14:29:18 -0500] "GET /sipse/faces/javax.faces.resource/layout/layout.js?ln=primefaces&v=4.0 HTTP/1.1" 304 -
186.148.168.245 - - [06/Apr/2022:14:29:18 -0500] "GET /sipse/faces/javax.faces.resource/primefaces.js?ln=primefaces&v=4.0 HTTP/1.1" 304 -
186.148.168.245 - - [06/Apr/2022:14:29:18 -0500] "GET /sipse/faces/javax.faces.resource/images/ui-icons_898989_256x240.png?ln=primefaces-aristo HTTP/1.1" 304 -
186.148.168.245 - - [06/Apr/2022:14:29:22 -0500] "POST /sipse/faces/autenticacion.xhtml HTTP/1.1" 200 12263
186.148.168.245 - - [06/Apr/2022:14:29:22 -0500] "GET /sipse/faces/javax.faces.resource/theme.css?ln=primefaces-sipse HTTP/1.1" 304 -
186.148.168.245 - - [06/Apr/2022:14:29:22 -0500] "GET /sipse/faces/javax.faces.resource/primefaces.css?ln=primefaces&v=4.0 HTTP/1.1" 304 -
186.148.168.245 - - [06/Apr/2022:14:29:22 -0500] "GET /sipse/faces/javax.faces.resource/jquery/jquery.js?ln=primefaces&v=4.0 HTTP/1.1" 304 -
186.148.168.245 - - [06/Apr/2022:14:29:22 -0500] "GET /sipse/faces/javax.faces.resource/layout/layout.css?ln=primefaces&v=4.0 HTTP/1.1" 304 -
186.148.168.245 - - [06/Apr/2022:14:29:22 -0500] "GET /sipse/faces/javax.faces.resource/jquery/jquery-plugins.js?ln=primefaces&v=4.0 HTTP/1.1" 304 -
186.148.168.245 - - [06/Apr/2022:14:29:22 -0500] "GET /sipse/faces/javax.faces.resource/primefaces.js?ln=primefaces&v=4.0 HTTP/1.1" 304 -
186.148.168.245 - - [06/Apr/2022:14:29:22 -0500] "GET /sipse/faces/javax.faces.resource/layout/layout.js?ln=primefaces&v=4.0 HTTP/1.1" 304 -
186.148.168.245 - - [06/Apr/2022:14:29:22 -0500] "GET /sipse/faces/javax.faces.resource/messages/messages.png?ln=primefaces&v=4.0 HTTP/1.1" 304 -
186.29.3.39 - - [06/Apr/2022:14:29:24 -0500] "GET /BLA/resoluciones/ HTTP/1.1" 200 13093
186.148.168.245 - - [06/Apr/2022:14:29:25 -0500] "POST /sipse/faces/presentacion/sistema/seguridad/seleccionRol.xhtml HTTP/1.1" 200 6972
186.29.3.39 - - [06/Apr/2022:14:29:29 -0500] "GET /BLA/resoluciones/dlf/styles.css HTTP/1.1" 200 3049
186.29.3.39 - - [06/Apr/2022:14:29:29 -0500] "GET /BLA/resoluciones/dlf/folder.png HTTP/1.1" 200 410
186.29.3.39 - - [06/Apr/2022:14:29:29 -0500] "GET /BLA/resoluciones/dlf/bg.gif HTTP/1.1" 200 54
186.29.3.39 - - [06/Apr/2022:14:29:29 -0500] "GET /favicon.ico HTTP/1.1" 200 7782
172.22.2.4 - - [06/Apr/2022:14:28:51 -0500] "GET /BLA/boletinlegal/ HTTP/1.1" 200 36811
201.245.192.253 - - [06/Apr/2022:14:29:55 -0500] "GET /BLA/resoluciones/RESOLUCIONES%202021/0083.pdf HTTP/1.1" 200 1261951
200.118.64.109 - - [06/Apr/2022:14:30:02 -0500] "POST /forms/lservlet;jsessionid=ac16012b30d6c7b1e1b4d61c4b9d8b438a525e0deb16.e3iSbxaKaheRe34Sc38RahyRchr0n6jAmljGr5XDqQLvpAe HTTP/1.1" 200 2
172.22.2.4 - - [06/Apr/2022:14:30:06 -0500] "GET /BLA/boletinlegal/conceptos.php HTTP/1.1" 200 7443
186.29.3.39 - - [06/Apr/2022:14:30:21 -0500] "GET /BLA/resoluciones/index.php?dir=2018%2F HTTP/1.1" 200 1608
186.29.3.39 - - [06/Apr/2022:14:30:21 -0500] "GET /BLA/resoluciones/dlf/dirup.png HTTP/1.1" 200 644
186.29.3.39 - - [06/Apr/2022:14:30:22 -0500] "GET /BLA/resoluciones/index.php?dir= HTTP/1.1" 200 13093
186.29.3.39 - - [06/Apr/2022:14:30:24 -0500] "GET /BLA/resoluciones/index.php?dir=2018%2F HTTP/1.1" 200 1608
186.29.3.39 - - [06/Apr/2022:14:30:25 -0500] "GET /BLA/resoluciones/index.php?dir= HTTP/1.1" 200 13093
186.29.3.39 - - [06/Apr/2022:14:30:26 -0500] "GET /BLA/resoluciones/index.php?dir=Acuerdos%2F HTTP/1.1" 200 3396
186.29.3.39 - - [06/Apr/2022:14:30:27 -0500] "GET /BLA/resoluciones/dlf/pdf.gif HTTP/1.1" 200 272
186.29.3.39 - - [06/Apr/2022:14:30:28 -0500] "GET /BLA/resoluciones/index.php?dir= HTTP/1.1" 200 13093
186.29.3.39 - - [06/Apr/2022:14:30:32 -0500] "GET /BLA/resoluciones/index.php?dir=Notificaciones%2F HTTP/1.1" 200 9905
186.29.3.39 - - [06/Apr/2022:14:30:36 -0500] "GET /BLA/resoluciones/index.php?dir= HTTP/1.1" 200 13093
181.63.24.51 - - [06/Apr/2022:14:30:44 -0500] "GET /si-eres-mujer-y-te-gusta-el-cuidado-de-los-humedales-este-proceso-de-formacion-es-para-ti.html HTTP/1.1" 200 1025
172.22.2.4 - - [06/Apr/2022:14:30:51 -0500] "GET /BLA/boletinlegal/conceptos.php HTTP/1.1" 200 7443
181.61.164.108 - - [06/Apr/2022:14:30:51 -0500] "GET /BLA/resoluciones/index.php?dir=RESOLUCIONES+2002%2FRES+2002+1551-1600%2F HTTP/1.1" 200 12155
181.61.164.108 - - [06/Apr/2022:14:30:52 -0500] "GET /BLA/resoluciones/RESOLUCIONES%202002/RES%202002%201551-1600/20021551.tif HTTP/1.1" 200 139746
181.61.164.108 - - [06/Apr/2022:14:30:54 -0500] "GET /BLA/resoluciones/RESOLUCIONES%202002/RES%202002%201551-1600/20021552.tif HTTP/1.1" 200 90158
181.61.164.108 - - [06/Apr/2022:14:30:55 -0500] "GET /BLA/resoluciones/RESOLUCIONES%202002/RES%202002%201551-1600/20021553.tif HTTP/1.1" 200 120548
181.61.164.108 - - [06/Apr/2022:14:30:56 -0500] "GET /BLA/resoluciones/RESOLUCIONES%202002/RES%202002%201551-1600/20021554.tif HTTP/1.1" 200 53296
181.61.164.108 - - [06/Apr/2022:14:30:57 -0500] "GET /BLA/resoluciones/RESOLUCIONES%202002/RES%202002%201551-1600/20021555.tif HTTP/1.1" 200 141082
181.61.164.108 - - [06/Apr/2022:14:30:58 -0500] "GET /BLA/resoluciones/RESOLUCIONES%202002/RES%202002%201551-1600/20021556.tif HTTP/1.1" 200 128118
181.61.164.108 - - [06/Apr/2022:14:31:00 -0500] "GET /BLA/resoluciones/RESOLUCIONES%202002/RES%202002%201551-1600/20021557.tif HTTP/1.1" 200 80396
181.61.164.108 - - [06/Apr/2022:14:31:01 -0500] "GET /BLA/resoluciones/RESOLUCIONES%202002/RES%202002%201551-1600/20021558.tif HTTP/1.1" 200 123926
181.61.164.108 - - [06/Apr/2022:14:31:03 -0500] "GET /BLA/resoluciones/RESOLUCIONES%202002/RES%202002%201551-1600/20021559.tif HTTP/1.1" 200 132640
181.61.164.108 - - [06/Apr/2022:14:31:04 -0500] "GET /BLA/resoluciones/RESOLUCIONES%202002/RES%202002%201551-1600/20021560.tif HTTP/1.1" 200 257900
181.61.164.108 - - [06/Apr/2022:14:31:06 -0500] "GET /BLA/resoluciones/RESOLUCIONES%202002/RES%202002%201551-1600/20021561.tif HTTP/1.1" 200 119732
181.61.164.108 - - [06/Apr/2022:14:31:09 -0500] "GET /BLA/resoluciones/RESOLUCIONES%202002/RES%202002%201551-1600/20021562.tif HTTP/1.1" 200 139110
181.61.164.108 - - [06/Apr/2022:14:31:11 -0500] "GET /BLA/resoluciones/RESOLUCIONES%202002/RES%202002%201551-1600/20021563.tif HTTP/1.1" 200 125866
181.61.164.108 - - [06/Apr/2022:14:31:13 -0500] "GET /BLA/resoluciones/RESOLUCIONES%202002/RES%202002%201551-1600/20021564.tif HTTP/1.1" 200 125260
181.61.164.108 - - [06/Apr/2022:14:31:14 -0500] "GET /BLA/resoluciones/RESOLUCIONES%202002/RES%202002%201551-1600/20021565.tif HTTP/1.1" 200 142834
181.61.164.108 - - [06/Apr/2022:14:31:15 -0500] "GET /BLA/resoluciones/RESOLUCIONES%202002/RES%202002%201551-1600/20021566.tif HTTP/1.1" 200 123050
181.61.164.108 - - [06/Apr/2022:14:31:17 -0500] "GET /BLA/resoluciones/RESOLUCIONES%202002/RES%202002%201551-1600/20021567.tif HTTP/1.1" 200 114158
181.61.164.108 - - [06/Apr/2022:14:31:20 -0500] "GET /BLA/resoluciones/RESOLUCIONES%202002/RES%202002%201551-1600/20021568.tif HTTP/1.1" 200 120294
181.61.164.108 - - [06/Apr/2022:14:31:28 -0500] "GET /BLA/resoluciones/RESOLUCIONES%202002/RES%202002%201551-1600/20021569.tif HTTP/1.1" 200 130972
207.46.13.157 - - [06/Apr/2022:14:31:28 -0500] "GET /catalogoisis/ HTTP/1.1" 200 8575
181.61.164.108 - - [06/Apr/2022:14:31:31 -0500] "GET /BLA/resoluciones/RESOLUCIONES%202002/RES%202002%201551-1600/20021570.tif HTTP/1.1" 200 122762
181.61.164.108 - - [06/Apr/2022:14:31:32 -0500] "GET /BLA/resoluciones/RESOLUCIONES%202002/RES%202002%201551-1600/20021571.tif HTTP/1.1" 200 115114
181.61.164.108 - - [06/Apr/2022:14:31:34 -0500] "GET /BLA/resoluciones/RESOLUCIONES%202002/RES%202002%201551-1600/20021572.tif HTTP/1.1" 200 155070
181.61.164.108 - - [06/Apr/2022:14:31:36 -0500] "GET /BLA/resoluciones/RESOLUCIONES%202002/RES%202002%201551-1600/20021573.tif HTTP/1.1" 200 100458
181.61.164.108 - - [06/Apr/2022:14:31:37 -0500] "GET /BLA/resoluciones/RESOLUCIONES%202002/RES%202002%201551-1600/20021574.tif HTTP/1.1" 200 90452
200.118.64.109 - - [06/Apr/2022:14:31:39 -0500] "POST /forms/lservlet;jsessionid=ac16012b30d6c7b1e1b4d61c4b9d8b438a525e0deb16.e3iSbxaKaheRe34Sc38RahyRchr0n6jAmljGr5XDqQLvpAe HTTP/1.1" 200 2
181.61.164.108 - - [06/Apr/2022:14:31:40 -0500] "GET /BLA/resoluciones/RESOLUCIONES%202002/RES%202002%201551-1600/20021575.tif HTTP/1.1" 200 53158
200.118.64.109 - - [06/Apr/2022:14:31:39 -0500] "POST /forms/lservlet;jsessionid=ac16012b30d6c7b1e1b4d61c4b9d8b438a525e0deb16.e3iSbxaKaheRe34Sc38RahyRchr0n6jAmljGr5XDqQLvpAe HTTP/1.1" 200 14
200.118.64.109 - - [06/Apr/2022:14:31:41 -0500] "POST /forms/lservlet;jsessionid=ac16012b30d6c7b1e1b4d61c4b9d8b438a525e0deb16.e3iSbxaKaheRe34Sc38RahyRchr0n6jAmljGr5XDqQLvpAe HTTP/1.1" 200 14
200.118.64.109 - - [06/Apr/2022:14:31:42 -0500] "POST /forms/lservlet;jsessionid=ac16012b30d6c7b1e1b4d61c4b9d8b438a525e0deb16.e3iSbxaKaheRe34Sc38RahyRchr0n6jAmljGr5XDqQLvpAe HTTP/1.1" 200 127
200.118.64.109 - - [06/Apr/2022:14:31:42 -0500] "POST /forms/lservlet;jsessionid=ac16012b30d6c7b1e1b4d61c4b9d8b438a525e0deb16.e3iSbxaKaheRe34Sc38RahyRchr0n6jAmljGr5XDqQLvpAe HTTP/1.1" 200 2
200.118.64.109 - - [06/Apr/2022:14:31:42 -0500] "GET /reports/rwservlet/getjobid74596?server=repnomi HTTP/1.1" 200 47495
181.61.164.108 - - [06/Apr/2022:14:31:46 -0500] "GET /BLA/resoluciones/RESOLUCIONES%202002/RES%202002%201551-1600/20021576.tif HTTP/1.1" 200 116630
216.245.221.92 - - [06/Apr/2022:14:31:49 -0500] "HEAD / HTTP/1.1" 200 -
181.61.164.108 - - [06/Apr/2022:14:31:50 -0500] "GET /BLA/resoluciones/RESOLUCIONES%202002/RES%202002%201551-1600/20021577.tif HTTP/1.1" 200 91130
181.61.164.108 - - [06/Apr/2022:14:31:52 -0500] "GET /BLA/resoluciones/RESOLUCIONES%202002/RES%202002%201551-1600/20021578.tif HTTP/1.1" 200 115348
181.61.164.108 - - [06/Apr/2022:14:31:54 -0500] "GET /BLA/resoluciones/RESOLUCIONES%202002/RES%202002%201551-1600/20021579.tif HTTP/1.1" 200 124210
181.61.164.108 - - [06/Apr/2022:14:31:55 -0500] "GET /BLA/resoluciones/RESOLUCIONES%202002/RES%202002%201551-1600/20021580.tif HTTP/1.1" 200 46670
181.61.164.108 - - [06/Apr/2022:14:31:59 -0500] "GET /BLA/resoluciones/RESOLUCIONES%202002/RES%202002%201551-1600/20021581.tif HTTP/1.1" 200 99302
181.61.164.108 - - [06/Apr/2022:14:32:01 -0500] "GET /BLA/resoluciones/RESOLUCIONES%202002/RES%202002%201551-1600/20021582.tif HTTP/1.1" 200 95912
181.61.164.108 - - [06/Apr/2022:14:32:02 -0500] "GET /BLA/resoluciones/RESOLUCIONES%202002/RES%202002%201551-1600/20021583.tif HTTP/1.1" 200 91802
181.61.164.108 - - [06/Apr/2022:14:32:03 -0500] "GET /BLA/resoluciones/RESOLUCIONES%202002/RES%202002%201551-1600/20021584.tif HTTP/1.1" 200 106182
181.61.164.108 - - [06/Apr/2022:14:32:05 -0500] "GET /BLA/resoluciones/RESOLUCIONES%202002/RES%202002%201551-1600/20021585.tif HTTP/1.1" 200 101000
181.61.164.108 - - [06/Apr/2022:14:32:06 -0500] "GET /BLA/resoluciones/RESOLUCIONES%202002/RES%202002%201551-1600/20021586.tif HTTP/1.1" 200 97502
200.118.64.109 - - [06/Apr/2022:14:32:06 -0500] "POST /forms/lservlet;jsessionid=ac16012b30d6c7b1e1b4d61c4b9d8b438a525e0deb16.e3iSbxaKaheRe34Sc38RahyRchr0n6jAmljGr5XDqQLvpAe HTTP/1.1" 200 2
181.61.164.108 - - [06/Apr/2022:14:32:08 -0500] "GET /BLA/resoluciones/RESOLUCIONES%202002/RES%202002%201551-1600/20021587.tif HTTP/1.1" 200 100640
200.118.64.109 - - [06/Apr/2022:14:32:09 -0500] "POST /forms/lservlet;jsessionid=ac16012b30d6c7b1e1b4d61c4b9d8b438a525e0deb16.e3iSbxaKaheRe34Sc38RahyRchr0n6jAmljGr5XDqQLvpAe HTTP/1.1" 200 2
181.61.164.108 - - [06/Apr/2022:14:32:10 -0500] "GET /BLA/resoluciones/RESOLUCIONES%202002/RES%202002%201551-1600/20021588.tif HTTP/1.1" 200 97916
200.118.64.109 - - [06/Apr/2022:14:32:09 -0500] "POST /forms/lservlet;jsessionid=ac16012b30d6c7b1e1b4d61c4b9d8b438a525e0deb16.e3iSbxaKaheRe34Sc38RahyRchr0n6jAmljGr5XDqQLvpAe HTTP/1.1" 200 14
200.118.64.109 - - [06/Apr/2022:14:32:10 -0500] "POST /forms/lservlet;jsessionid=ac16012b30d6c7b1e1b4d61c4b9d8b438a525e0deb16.e3iSbxaKaheRe34Sc38RahyRchr0n6jAmljGr5XDqQLvpAe HTTP/1.1" 200 14
181.61.164.108 - - [06/Apr/2022:14:32:11 -0500] "GET /BLA/resoluciones/RESOLUCIONES%202002/RES%202002%201551-1600/20021589.tif HTTP/1.1" 200 181514
200.118.64.109 - - [06/Apr/2022:14:32:12 -0500] "POST /forms/lservlet;jsessionid=ac16012b30d6c7b1e1b4d61c4b9d8b438a525e0deb16.e3iSbxaKaheRe34Sc38RahyRchr0n6jAmljGr5XDqQLvpAe HTTP/1.1" 200 112
200.118.64.109 - - [06/Apr/2022:14:32:12 -0500] "POST /forms/lservlet;jsessionid=ac16012b30d6c7b1e1b4d61c4b9d8b438a525e0deb16.e3iSbxaKaheRe34Sc38RahyRchr0n6jAmljGr5XDqQLvpAe HTTP/1.1" 200 2
200.118.64.109 - - [06/Apr/2022:14:32:12 -0500] "GET /reports/rwservlet/getjobid74597?server=repnomi HTTP/1.1" 200 47495
181.61.164.108 - - [06/Apr/2022:14:32:13 -0500] "GET /BLA/resoluciones/RESOLUCIONES%202002/RES%202002%201551-1600/20021590.tif HTTP/1.1" 200 103468
181.61.164.108 - - [06/Apr/2022:14:32:15 -0500] "GET /BLA/resoluciones/RESOLUCIONES%202002/RES%202002%201551-1600/20021591.tif HTTP/1.1" 200 75064
181.61.164.108 - - [06/Apr/2022:14:32:16 -0500] "GET /BLA/resoluciones/RESOLUCIONES%202002/RES%202002%201551-1600/20021592.tif HTTP/1.1" 200 159108
181.61.164.108 - - [06/Apr/2022:14:32:19 -0500] "GET /BLA/resoluciones/RESOLUCIONES%202002/RES%202002%201551-1600/20021593.tif HTTP/1.1" 200 116768
181.61.164.108 - - [06/Apr/2022:14:32:22 -0500] "GET /BLA/resoluciones/RESOLUCIONES%202002/RES%202002%201551-1600/20021594.tif HTTP/1.1" 200 36698
181.61.164.108 - - [06/Apr/2022:14:32:23 -0500] "GET /BLA/resoluciones/RESOLUCIONES%202002/RES%202002%201551-1600/20021595.tif HTTP/1.1" 200 127816
181.61.164.108 - - [06/Apr/2022:14:32:24 -0500] "GET /BLA/resoluciones/RESOLUCIONES%202002/RES%202002%201551-1600/20021596.tif HTTP/1.1" 200 128356
181.61.164.108 - - [06/Apr/2022:14:32:27 -0500] "GET /BLA/resoluciones/RESOLUCIONES%202002/RES%202002%201551-1600/20021597.tif HTTP/1.1" 200 76634
200.118.64.109 - - [06/Apr/2022:14:32:28 -0500] "POST /forms/lservlet;jsessionid=ac16012b30d6c7b1e1b4d61c4b9d8b438a525e0deb16.e3iSbxaKaheRe34Sc38RahyRchr0n6jAmljGr5XDqQLvpAe HTTP/1.1" 200 2
181.61.164.108 - - [06/Apr/2022:14:32:29 -0500] "GET /BLA/resoluciones/RESOLUCIONES%202002/RES%202002%201551-1600/20021598.tif HTTP/1.1" 200 38710
200.118.64.109 - - [06/Apr/2022:14:32:28 -0500] "POST /forms/lservlet;jsessionid=ac16012b30d6c7b1e1b4d61c4b9d8b438a525e0deb16.e3iSbxaKaheRe34Sc38RahyRchr0n6jAmljGr5XDqQLvpAe HTTP/1.1" 200 14
200.118.64.109 - - [06/Apr/2022:14:32:29 -0500] "POST /forms/lservlet;jsessionid=ac16012b30d6c7b1e1b4d61c4b9d8b438a525e0deb16.e3iSbxaKaheRe34Sc38RahyRchr0n6jAmljGr5XDqQLvpAe HTTP/1.1" 200 14
181.61.164.108 - - [06/Apr/2022:14:32:30 -0500] "GET /BLA/resoluciones/RESOLUCIONES%202002/RES%202002%201551-1600/20021599.tif HTTP/1.1" 200 33500
200.118.64.109 - - [06/Apr/2022:14:32:30 -0500] "POST /forms/lservlet;jsessionid=ac16012b30d6c7b1e1b4d61c4b9d8b438a525e0deb16.e3iSbxaKaheRe34Sc38RahyRchr0n6jAmljGr5XDqQLvpAe HTTP/1.1" 200 14
181.61.164.108 - - [06/Apr/2022:14:32:32 -0500] "GET /BLA/resoluciones/RESOLUCIONES%202002/RES%202002%201551-1600/20021600.tif HTTP/1.1" 200 47748
200.118.64.109 - - [06/Apr/2022:14:32:32 -0500] "POST /forms/lservlet;jsessionid=ac16012b30d6c7b1e1b4d61c4b9d8b438a525e0deb16.e3iSbxaKaheRe34Sc38RahyRchr0n6jAmljGr5XDqQLvpAe HTTP/1.1" 200 14
200.118.64.109 - - [06/Apr/2022:14:32:34 -0500] "POST /forms/lservlet;jsessionid=ac16012b30d6c7b1e1b4d61c4b9d8b438a525e0deb16.e3iSbxaKaheRe34Sc38RahyRchr0n6jAmljGr5XDqQLvpAe HTTP/1.1" 200 109
200.118.64.109 - - [06/Apr/2022:14:32:34 -0500] "POST /forms/lservlet;jsessionid=ac16012b30d6c7b1e1b4d61c4b9d8b438a525e0deb16.e3iSbxaKaheRe34Sc38RahyRchr0n6jAmljGr5XDqQLvpAe HTTP/1.1" 200 2
200.118.64.109 - - [06/Apr/2022:14:32:35 -0500] "GET /reports/rwservlet/getjobid74598?server=repnomi HTTP/1.1" 200 47686
181.61.164.108 - - [06/Apr/2022:14:32:40 -0500] "GET /BLA/resoluciones/index.php?dir=RESOLUCIONES+2002%2FRES+2002+1601-1650%2F HTTP/1.1" 200 12158
181.61.164.108 - - [06/Apr/2022:14:32:42 -0500] "GET /BLA/resoluciones/RESOLUCIONES%202002/RES%202002%201601-1650/20021601.tif HTTP/1.1" 200 220150
181.61.164.108 - - [06/Apr/2022:14:32:43 -0500] "GET /BLA/resoluciones/RESOLUCIONES%202002/RES%202002%201601-1650/20021602.tif HTTP/1.1" 200 43190
181.61.164.108 - - [06/Apr/2022:14:32:45 -0500] "GET /BLA/resoluciones/RESOLUCIONES%202002/RES%202002%201601-1650/20021603.tif HTTP/1.1" 200 89022
181.61.164.108 - - [06/Apr/2022:14:32:46 -0500] "GET /BLA/resoluciones/RESOLUCIONES%202002/RES%202002%201601-1650/20021604.tif HTTP/1.1" 200 285936
181.61.164.108 - - [06/Apr/2022:14:32:50 -0500] "GET /BLA/resoluciones/RESOLUCIONES%202002/RES%202002%201601-1650/20021605.tif HTTP/1.1" 200 262916
181.61.164.108 - - [06/Apr/2022:14:32:51 -0500] "GET /BLA/resoluciones/RESOLUCIONES%202002/RES%202002%201601-1650/20021606.tif HTTP/1.1" 200 154992
181.61.164.108 - - [06/Apr/2022:14:32:53 -0500] "GET /BLA/resoluciones/RESOLUCIONES%202002/RES%202002%201601-1650/20021607.tif HTTP/1.1" 200 147040
181.61.164.108 - - [06/Apr/2022:14:32:55 -0500] "GET /BLA/resoluciones/RESOLUCIONES%202002/RES%202002%201601-1650/20021608.tif HTTP/1.1" 200 134468
186.102.19.6 - - [06/Apr/2022:14:32:56 -0500] "-" 408 -
181.61.164.108 - - [06/Apr/2022:14:32:56 -0500] "GET /BLA/resoluciones/RESOLUCIONES%202002/RES%202002%201601-1650/20021609.tif HTTP/1.1" 200 92798
181.61.164.108 - - [06/Apr/2022:14:32:58 -0500] "GET /BLA/resoluciones/RESOLUCIONES%202002/RES%202002%201601-1650/20021610.tif HTTP/1.1" 200 98212
181.61.164.108 - - [06/Apr/2022:14:32:59 -0500] "GET /BLA/resoluciones/RESOLUCIONES%202002/RES%202002%201601-1650/20021611.tif HTTP/1.1" 200 113472
201.245.192.253 - - [06/Apr/2022:14:32:11 -0500] "POST /kwsrmcab/Wsrmcab HTTP/1.1" 200 45286
181.61.164.108 - - [06/Apr/2022:14:33:00 -0500] "GET /BLA/resoluciones/RESOLUCIONES%202002/RES%202002%201601-1650/20021612.tif HTTP/1.1" 200 121468
181.61.164.108 - - [06/Apr/2022:14:33:34 -0500] "GET /BLA/resoluciones/RESOLUCIONES%202002/RES%202002%201601-1650/20021613.tif HTTP/1.1" 200 130172
181.61.164.108 - - [06/Apr/2022:14:33:36 -0500] "GET /BLA/resoluciones/RESOLUCIONES%202002/RES%202002%201601-1650/20021614.tif HTTP/1.1" 200 119812
200.118.64.109 - - [06/Apr/2022:14:33:36 -0500] "POST /forms/lservlet;jsessionid=ac16012b30d6c7b1e1b4d61c4b9d8b438a525e0deb16.e3iSbxaKaheRe34Sc38RahyRchr0n6jAmljGr5XDqQLvpAe HTTP/1.1" 200 2027
200.118.64.109 - - [06/Apr/2022:14:33:37 -0500] "POST /forms/lservlet;jsessionid=ac16012b30d6c7b1e1b4d61c4b9d8b438a525e0deb16.e3iSbxaKaheRe34Sc38RahyRchr0n6jAmljGr5XDqQLvpAe HTTP/1.1" 200 78
181.61.164.108 - - [06/Apr/2022:14:33:37 -0500] "GET /BLA/resoluciones/RESOLUCIONES%202002/RES%202002%201601-1650/20021615.tif HTTP/1.1" 200 118090
181.61.164.108 - - [06/Apr/2022:14:33:39 -0500] "GET /BLA/resoluciones/RESOLUCIONES%202002/RES%202002%201601-1650/20021616.tif HTTP/1.1" 200 89720
200.118.64.109 - - [06/Apr/2022:14:33:39 -0500] "POST /forms/lservlet;jsessionid=ac16012b30d6c7b1e1b4d61c4b9d8b438a525e0deb16.e3iSbxaKaheRe34Sc38RahyRchr0n6jAmljGr5XDqQLvpAe HTTP/1.1" 200 34757
200.118.64.109 - - [06/Apr/2022:14:33:40 -0500] "GET /imagenes/listval.gif HTTP/1.1" 200 905
200.118.64.109 - - [06/Apr/2022:14:33:40 -0500] "POST /forms/lservlet;jsessionid=ac16012b30d6c7b1e1b4d61c4b9d8b438a525e0deb16.e3iSbxaKaheRe34Sc38RahyRchr0n6jAmljGr5XDqQLvpAe HTTP/1.1" 200 7
200.118.64.109 - - [06/Apr/2022:14:33:40 -0500] "POST /forms/lservlet;jsessionid=ac16012b30d6c7b1e1b4d61c4b9d8b438a525e0deb16.e3iSbxaKaheRe34Sc38RahyRchr0n6jAmljGr5XDqQLvpAe HTTP/1.1" 200 34
200.118.64.109 - - [06/Apr/2022:14:33:40 -0500] "POST /forms/lservlet;jsessionid=ac16012b30d6c7b1e1b4d61c4b9d8b438a525e0deb16.e3iSbxaKaheRe34Sc38RahyRchr0n6jAmljGr5XDqQLvpAe HTTP/1.1" 200 2
181.61.164.108 - - [06/Apr/2022:14:33:40 -0500] "GET /BLA/resoluciones/RESOLUCIONES%202002/RES%202002%201601-1650/20021617.tif HTTP/1.1" 200 132174
200.118.64.109 - - [06/Apr/2022:14:33:41 -0500] "POST /forms/lservlet;jsessionid=ac16012b30d6c7b1e1b4d61c4b9d8b438a525e0deb16.e3iSbxaKaheRe34Sc38RahyRchr0n6jAmljGr5XDqQLvpAe HTTP/1.1" 200 2
200.118.64.109 - - [06/Apr/2022:14:33:41 -0500] "POST /forms/lservlet;jsessionid=ac16012b30d6c7b1e1b4d61c4b9d8b438a525e0deb16.e3iSbxaKaheRe34Sc38RahyRchr0n6jAmljGr5XDqQLvpAe HTTP/1.1" 200 662
200.118.64.109 - - [06/Apr/2022:14:33:41 -0500] "POST /forms/lservlet;jsessionid=ac16012b30d6c7b1e1b4d61c4b9d8b438a525e0deb16.e3iSbxaKaheRe34Sc38RahyRchr0n6jAmljGr5XDqQLvpAe HTTP/1.1" 200 10
181.61.164.108 - - [06/Apr/2022:14:33:42 -0500] "GET /BLA/resoluciones/RESOLUCIONES%202002/RES%202002%201601-1650/20021618.tif HTTP/1.1" 200 121922
181.61.164.108 - - [06/Apr/2022:14:33:43 -0500] "GET /BLA/resoluciones/RESOLUCIONES%202002/RES%202002%201601-1650/20021619.tif HTTP/1.1" 200 112892
181.61.164.108 - - [06/Apr/2022:14:33:44 -0500] "GET /BLA/resoluciones/RESOLUCIONES%202002/RES%202002%201601-1650/20021620.tif HTTP/1.1" 200 136286
181.61.164.108 - - [06/Apr/2022:14:33:44 -0500] "GET /BLA/resoluciones/RESOLUCIONES%202002/RES%202002%201601-1650/20021621.tif HTTP/1.1" 200 100522
201.245.192.253 - - [06/Apr/2022:14:33:00 -0500] "POST /kwsrmcab/Wsrmcab HTTP/1.1" 200 45920
181.61.164.108 - - [06/Apr/2022:14:33:46 -0500] "GET /BLA/resoluciones/RESOLUCIONES%202002/RES%202002%201601-1650/20021622.tif HTTP/1.1" 200 119378
181.61.164.108 - - [06/Apr/2022:14:33:47 -0500] "GET /BLA/resoluciones/RESOLUCIONES%202002/RES%202002%201601-1650/20021623.tif HTTP/1.1" 200 96676
181.61.164.108 - - [06/Apr/2022:14:33:49 -0500] "GET /BLA/resoluciones/RESOLUCIONES%202002/RES%202002%201601-1650/20021624.tif HTTP/1.1" 200 113600
181.61.164.108 - - [06/Apr/2022:14:33:51 -0500] "GET /BLA/resoluciones/RESOLUCIONES%202002/RES%202002%201601-1650/20021625.tif HTTP/1.1" 200 113980
200.118.64.109 - - [06/Apr/2022:14:33:51 -0500] "POST /forms/lservlet;jsessionid=ac16012b30d6c7b1e1b4d61c4b9d8b438a525e0deb16.e3iSbxaKaheRe34Sc38RahyRchr0n6jAmljGr5XDqQLvpAe HTTP/1.1" 200 26
200.118.64.109 - - [06/Apr/2022:14:33:51 -0500] "POST /forms/lservlet;jsessionid=ac16012b30d6c7b1e1b4d61c4b9d8b438a525e0deb16.e3iSbxaKaheRe34Sc38RahyRchr0n6jAmljGr5XDqQLvpAe HTTP/1.1" 200 90
200.118.64.109 - - [06/Apr/2022:14:33:51 -0500] "POST /forms/lservlet;jsessionid=ac16012b30d6c7b1e1b4d61c4b9d8b438a525e0deb16.e3iSbxaKaheRe34Sc38RahyRchr0n6jAmljGr5XDqQLvpAe HTTP/1.1" 200 2
200.118.64.109 - - [06/Apr/2022:14:33:52 -0500] "POST /forms/lservlet;jsessionid=ac16012b30d6c7b1e1b4d61c4b9d8b438a525e0deb16.e3iSbxaKaheRe34Sc38RahyRchr0n6jAmljGr5XDqQLvpAe HTTP/1.1" 200 2
200.118.64.109 - - [06/Apr/2022:14:33:53 -0500] "POST /forms/lservlet;jsessionid=ac16012b30d6c7b1e1b4d61c4b9d8b438a525e0deb16.e3iSbxaKaheRe34Sc38RahyRchr0n6jAmljGr5XDqQLvpAe HTTP/1.1" 200 40
200.118.64.109 - - [06/Apr/2022:14:33:54 -0500] "POST /forms/lservlet;jsessionid=ac16012b30d6c7b1e1b4d61c4b9d8b438a525e0deb16.e3iSbxaKaheRe34Sc38RahyRchr0n6jAmljGr5XDqQLvpAe HTTP/1.1" 200 2
200.118.64.109 - - [06/Apr/2022:14:33:54 -0500] "POST /forms/lservlet;jsessionid=ac16012b30d6c7b1e1b4d61c4b9d8b438a525e0deb16.e3iSbxaKaheRe34Sc38RahyRchr0n6jAmljGr5XDqQLvpAe HTTP/1.1" 200 47
200.118.64.109 - - [06/Apr/2022:14:33:54 -0500] "POST /forms/lservlet;jsessionid=ac16012b30d6c7b1e1b4d61c4b9d8b438a525e0deb16.e3iSbxaKaheRe34Sc38RahyRchr0n6jAmljGr5XDqQLvpAe HTTP/1.1" 200 2
172.22.2.4 - - [06/Apr/2022:14:32:15 -0500] "HEAD /BLA/boletinlegal/ HTTP/1.1" 200 -
181.61.164.108 - - [06/Apr/2022:14:33:55 -0500] "GET /BLA/resoluciones/RESOLUCIONES%202002/RES%202002%201601-1650/20021626.tif HTTP/1.1" 200 113304
200.118.64.109 - - [06/Apr/2022:14:33:55 -0500] "POST /forms/lservlet;jsessionid=ac16012b30d6c7b1e1b4d61c4b9d8b438a525e0deb16.e3iSbxaKaheRe34Sc38RahyRchr0n6jAmljGr5XDqQLvpAe HTTP/1.1" 200 2
200.118.64.109 - - [06/Apr/2022:14:33:56 -0500] "POST /forms/lservlet;jsessionid=ac16012b30d6c7b1e1b4d61c4b9d8b438a525e0deb16.e3iSbxaKaheRe34Sc38RahyRchr0n6jAmljGr5XDqQLvpAe HTTP/1.1" 200 35
181.61.164.108 - - [06/Apr/2022:14:33:56 -0500] "GET /BLA/resoluciones/RESOLUCIONES%202002/RES%202002%201601-1650/20021627.tif HTTP/1.1" 200 63392
181.61.164.108 - - [06/Apr/2022:14:33:58 -0500] "GET /BLA/resoluciones/RESOLUCIONES%202002/RES%202002%201601-1650/20021628.tif HTTP/1.1" 200 96150
200.118.64.109 - - [06/Apr/2022:14:33:58 -0500] "POST /forms/lservlet;jsessionid=ac16012b30d6c7b1e1b4d61c4b9d8b438a525e0deb16.e3iSbxaKaheRe34Sc38RahyRchr0n6jAmljGr5XDqQLvpAe HTTP/1.1" 200 2
200.118.64.109 - - [06/Apr/2022:14:33:58 -0500] "POST /forms/lservlet;jsessionid=ac16012b30d6c7b1e1b4d61c4b9d8b438a525e0deb16.e3iSbxaKaheRe34Sc38RahyRchr0n6jAmljGr5XDqQLvpAe HTTP/1.1" 200 18
207.46.13.186 - - [06/Apr/2022:14:33:57 -0500] "GET /portaldeninos/2021/06/05/celebracion-del-dia-mundial-del-medio-ambiente-comenzo-desde-uno-de-los-pulmones-de-bogota/ HTTP/1.1" 200 96936
200.118.64.109 - - [06/Apr/2022:14:33:58 -0500] "POST /forms/lservlet;jsessionid=ac16012b30d6c7b1e1b4d61c4b9d8b438a525e0deb16.e3iSbxaKaheRe34Sc38RahyRchr0n6jAmljGr5XDqQLvpAe HTTP/1.1" 200 2
200.118.64.109 - - [06/Apr/2022:14:33:59 -0500] "POST /forms/lservlet;jsessionid=ac16012b30d6c7b1e1b4d61c4b9d8b438a525e0deb16.e3iSbxaKaheRe34Sc38RahyRchr0n6jAmljGr5XDqQLvpAe HTTP/1.1" 200 2
181.61.164.108 - - [06/Apr/2022:14:33:59 -0500] "GET /BLA/resoluciones/RESOLUCIONES%202002/RES%202002%201601-1650/20021629.tif HTTP/1.1" 200 139152
200.118.64.109 - - [06/Apr/2022:14:34:00 -0500] "POST /forms/lservlet;jsessionid=ac16012b30d6c7b1e1b4d61c4b9d8b438a525e0deb16.e3iSbxaKaheRe34Sc38RahyRchr0n6jAmljGr5XDqQLvpAe HTTP/1.1" 200 35
200.118.64.109 - - [06/Apr/2022:14:34:01 -0500] "POST /forms/lservlet;jsessionid=ac16012b30d6c7b1e1b4d61c4b9d8b438a525e0deb16.e3iSbxaKaheRe34Sc38RahyRchr0n6jAmljGr5XDqQLvpAe HTTP/1.1" 200 2
200.118.64.109 - - [06/Apr/2022:14:34:01 -0500] "POST /forms/lservlet;jsessionid=ac16012b30d6c7b1e1b4d61c4b9d8b438a525e0deb16.e3iSbxaKaheRe34Sc38RahyRchr0n6jAmljGr5XDqQLvpAe HTTP/1.1" 200 14
200.118.64.109 - - [06/Apr/2022:14:34:02 -0500] "POST /forms/lservlet;jsessionid=ac16012b30d6c7b1e1b4d61c4b9d8b438a525e0deb16.e3iSbxaKaheRe34Sc38RahyRchr0n6jAmljGr5XDqQLvpAe HTTP/1.1" 200 4631
200.118.64.109 - - [06/Apr/2022:14:34:02 -0500] "POST /forms/lservlet;jsessionid=ac16012b30d6c7b1e1b4d61c4b9d8b438a525e0deb16.e3iSbxaKaheRe34Sc38RahyRchr0n6jAmljGr5XDqQLvpAe HTTP/1.1" 200 2
181.61.164.108 - - [06/Apr/2022:14:34:05 -0500] "GET /BLA/resoluciones/RESOLUCIONES%202002/RES%202002%201601-1650/20021630.tif HTTP/1.1" 200 145366
200.118.64.109 - - [06/Apr/2022:14:34:06 -0500] "POST /forms/lservlet;jsessionid=ac16012b30d6c7b1e1b4d61c4b9d8b438a525e0deb16.e3iSbxaKaheRe34Sc38RahyRchr0n6jAmljGr5XDqQLvpAe HTTP/1.1" 200 2
181.61.164.108 - - [06/Apr/2022:14:34:06 -0500] "GET /BLA/resoluciones/RESOLUCIONES%202002/RES%202002%201601-1650/20021631.tif HTTP/1.1" 200 162024
181.61.164.108 - - [06/Apr/2022:14:34:08 -0500] "GET /BLA/resoluciones/RESOLUCIONES%202002/RES%202002%201601-1650/20021632.tif HTTP/1.1" 200 86226
200.118.64.109 - - [06/Apr/2022:14:34:09 -0500] "POST /forms/lservlet;jsessionid=ac16012b30d6c7b1e1b4d61c4b9d8b438a525e0deb16.e3iSbxaKaheRe34Sc38RahyRchr0n6jAmljGr5XDqQLvpAe HTTP/1.1" 200 2
200.118.64.109 - - [06/Apr/2022:14:34:09 -0500] "POST /forms/lservlet;jsessionid=ac16012b30d6c7b1e1b4d61c4b9d8b438a525e0deb16.e3iSbxaKaheRe34Sc38RahyRchr0n6jAmljGr5XDqQLvpAe HTTP/1.1" 200 14
181.61.164.108 - - [06/Apr/2022:14:34:11 -0500] "GET /BLA/resoluciones/RESOLUCIONES%202002/RES%202002%201601-1650/20021633.tif HTTP/1.1" 200 91734
200.118.64.109 - - [06/Apr/2022:14:34:10 -0500] "POST /forms/lservlet;jsessionid=ac16012b30d6c7b1e1b4d61c4b9d8b438a525e0deb16.e3iSbxaKaheRe34Sc38RahyRchr0n6jAmljGr5XDqQLvpAe HTTP/1.1" 200 14
66.249.65.13 - - [06/Apr/2022:14:34:12 -0500] "-" 408 -
181.61.164.108 - - [06/Apr/2022:14:34:12 -0500] "GET /BLA/resoluciones/RESOLUCIONES%202002/RES%202002%201601-1650/20021634.tif HTTP/1.1" 200 73266
200.118.64.109 - - [06/Apr/2022:14:34:11 -0500] "POST /forms/lservlet;jsessionid=ac16012b30d6c7b1e1b4d61c4b9d8b438a525e0deb16.e3iSbxaKaheRe34Sc38RahyRchr0n6jAmljGr5XDqQLvpAe HTTP/1.1" 200 14
181.61.164.108 - - [06/Apr/2022:14:34:13 -0500] "GET /BLA/resoluciones/RESOLUCIONES%202002/RES%202002%201601-1650/20021635.tif HTTP/1.1" 200 83510
200.118.64.109 - - [06/Apr/2022:14:34:13 -0500] "POST /forms/lservlet;jsessionid=ac16012b30d6c7b1e1b4d61c4b9d8b438a525e0deb16.e3iSbxaKaheRe34Sc38RahyRchr0n6jAmljGr5XDqQLvpAe HTTP/1.1" 200 14
181.61.164.108 - - [06/Apr/2022:14:34:14 -0500] "GET /BLA/resoluciones/RESOLUCIONES%202002/RES%202002%201601-1650/20021636.tif HTTP/1.1" 200 154588
200.118.64.109 - - [06/Apr/2022:14:34:15 -0500] "POST /forms/lservlet;jsessionid=ac16012b30d6c7b1e1b4d61c4b9d8b438a525e0deb16.e3iSbxaKaheRe34Sc38RahyRchr0n6jAmljGr5XDqQLvpAe HTTP/1.1" 200 127
200.118.64.109 - - [06/Apr/2022:14:34:16 -0500] "POST /forms/lservlet;jsessionid=ac16012b30d6c7b1e1b4d61c4b9d8b438a525e0deb16.e3iSbxaKaheRe34Sc38RahyRchr0n6jAmljGr5XDqQLvpAe HTTP/1.1" 200 2
200.118.64.109 - - [06/Apr/2022:14:34:16 -0500] "GET /reports/rwservlet/getjobid74599?server=repnomi HTTP/1.1" 200 47934
181.61.164.108 - - [06/Apr/2022:14:34:16 -0500] "GET /BLA/resoluciones/RESOLUCIONES%202002/RES%202002%201601-1650/20021637.tif HTTP/1.1" 200 123904
181.61.164.108 - - [06/Apr/2022:14:34:19 -0500] "GET /BLA/resoluciones/RESOLUCIONES%202002/RES%202002%201601-1650/20021638.tif HTTP/1.1" 200 129696
181.61.164.108 - - [06/Apr/2022:14:34:21 -0500] "GET /BLA/resoluciones/RESOLUCIONES%202002/RES%202002%201601-1650/20021639.tif HTTP/1.1" 200 109080
181.61.164.108 - - [06/Apr/2022:14:34:22 -0500] "GET /BLA/resoluciones/RESOLUCIONES%202002/RES%202002%201601-1650/20021640.tif HTTP/1.1" 200 124754
181.61.164.108 - - [06/Apr/2022:14:34:24 -0500] "GET /BLA/resoluciones/RESOLUCIONES%202002/RES%202002%201601-1650/20021641.tif HTTP/1.1" 200 51130
181.61.164.108 - - [06/Apr/2022:14:34:26 -0500] "GET /BLA/resoluciones/RESOLUCIONES%202002/RES%202002%201601-1650/20021642.tif HTTP/1.1" 200 69082
181.61.164.108 - - [06/Apr/2022:14:34:27 -0500] "GET /BLA/resoluciones/RESOLUCIONES%202002/RES%202002%201601-1650/20021643.tif HTTP/1.1" 200 110568
181.61.164.108 - - [06/Apr/2022:14:34:30 -0500] "GET /BLA/resoluciones/RESOLUCIONES%202002/RES%202002%201601-1650/20021644.tif HTTP/1.1" 200 103732
181.61.164.108 - - [06/Apr/2022:14:34:32 -0500] "GET /BLA/resoluciones/RESOLUCIONES%202002/RES%202002%201601-1650/20021645.tif HTTP/1.1" 200 134876
181.61.164.108 - - [06/Apr/2022:14:34:33 -0500] "GET /BLA/resoluciones/RESOLUCIONES%202002/RES%202002%201601-1650/20021646.tif HTTP/1.1" 200 137166
181.61.164.108 - - [06/Apr/2022:14:34:34 -0500] "GET /BLA/resoluciones/RESOLUCIONES%202002/RES%202002%201601-1650/20021647.tif HTTP/1.1" 200 66118
181.61.164.108 - - [06/Apr/2022:14:34:35 -0500] "GET /BLA/resoluciones/RESOLUCIONES%202002/RES%202002%201601-1650/20021648.tif HTTP/1.1" 200 60752
181.61.164.108 - - [06/Apr/2022:14:34:36 -0500] "GET /BLA/resoluciones/RESOLUCIONES%202002/RES%202002%201601-1650/20021649.tif HTTP/1.1" 200 142748
181.61.164.108 - - [06/Apr/2022:14:34:38 -0500] "GET /BLA/resoluciones/RESOLUCIONES%202002/RES%202002%201601-1650/20021650.tif HTTP/1.1" 200 80124
181.61.164.108 - - [06/Apr/2022:14:34:43 -0500] "GET /BLA/resoluciones/index.php?dir=RESOLUCIONES+2002%2FRES+2002+1651-1700%2F HTTP/1.1" 200 12155
181.61.164.108 - - [06/Apr/2022:14:34:45 -0500] "GET /BLA/resoluciones/RESOLUCIONES%202002/RES%202002%201651-1700/20021651.tif HTTP/1.1" 200 152912
172.22.2.4 - - [06/Apr/2022:14:33:05 -0500] "GET /BLA/boletinlegal/ HTTP/1.1" 200 58588
181.61.164.108 - - [06/Apr/2022:14:34:46 -0500] "GET /BLA/resoluciones/RESOLUCIONES%202002/RES%202002%201651-1700/20021652.tif HTTP/1.1" 200 148548
181.61.164.108 - - [06/Apr/2022:14:34:48 -0500] "GET /BLA/resoluciones/RESOLUCIONES%202002/RES%202002%201651-1700/20021653.tif HTTP/1.1" 200 237176
181.61.164.108 - - [06/Apr/2022:14:34:50 -0500] "GET /BLA/resoluciones/RESOLUCIONES%202002/RES%202002%201651-1700/20021654.tif HTTP/1.1" 200 90800
181.61.164.108 - - [06/Apr/2022:14:34:52 -0500] "GET /BLA/resoluciones/RESOLUCIONES%202002/RES%202002%201651-1700/20021655.tif HTTP/1.1" 200 59596
181.61.164.108 - - [06/Apr/2022:14:34:53 -0500] "GET /BLA/resoluciones/RESOLUCIONES%202002/RES%202002%201651-1700/20021656.tif HTTP/1.1" 200 137704
181.61.164.108 - - [06/Apr/2022:14:34:54 -0500] "GET /BLA/resoluciones/RESOLUCIONES%202002/RES%202002%201651-1700/20021657.tif HTTP/1.1" 200 155216
181.61.164.108 - - [06/Apr/2022:14:34:55 -0500] "GET /BLA/resoluciones/RESOLUCIONES%202002/RES%202002%201651-1700/20021658.tif HTTP/1.1" 200 142664
181.61.164.108 - - [06/Apr/2022:14:34:56 -0500] "GET /BLA/resoluciones/RESOLUCIONES%202002/RES%202002%201651-1700/20021659.tif HTTP/1.1" 200 94020
181.61.164.108 - - [06/Apr/2022:14:34:57 -0500] "GET /BLA/resoluciones/RESOLUCIONES%202002/RES%202002%201651-1700/20021660.tif HTTP/1.1" 200 86066
181.61.164.108 - - [06/Apr/2022:14:35:00 -0500] "GET /BLA/resoluciones/RESOLUCIONES%202002/RES%202002%201651-1700/20021661.tif HTTP/1.1" 200 120336
200.118.64.109 - - [06/Apr/2022:14:35:01 -0500] "POST /forms/lservlet;jsessionid=ac16012b30d6c7b1e1b4d61c4b9d8b438a525e0deb16.e3iSbxaKaheRe34Sc38RahyRchr0n6jAmljGr5XDqQLvpAe HTTP/1.1" 200 2
181.61.164.108 - - [06/Apr/2022:14:35:02 -0500] "GET /BLA/resoluciones/RESOLUCIONES%202002/RES%202002%201651-1700/20021662.tif HTTP/1.1" 200 98214
200.118.64.109 - - [06/Apr/2022:14:35:01 -0500] "POST /forms/lservlet;jsessionid=ac16012b30d6c7b1e1b4d61c4b9d8b438a525e0deb16.e3iSbxaKaheRe34Sc38RahyRchr0n6jAmljGr5XDqQLvpAe HTTP/1.1" 200 14
200.118.64.109 - - [06/Apr/2022:14:35:03 -0500] "POST /forms/lservlet;jsessionid=ac16012b30d6c7b1e1b4d61c4b9d8b438a525e0deb16.e3iSbxaKaheRe34Sc38RahyRchr0n6jAmljGr5XDqQLvpAe HTTP/1.1" 200 14
181.61.164.108 - - [06/Apr/2022:14:35:04 -0500] "GET /BLA/resoluciones/RESOLUCIONES%202002/RES%202002%201651-1700/20021663.tif HTTP/1.1" 200 103478
200.118.64.109 - - [06/Apr/2022:14:35:04 -0500] "POST /forms/lservlet;jsessionid=ac16012b30d6c7b1e1b4d61c4b9d8b438a525e0deb16.e3iSbxaKaheRe34Sc38RahyRchr0n6jAmljGr5XDqQLvpAe HTTP/1.1" 200 14
181.61.164.108 - - [06/Apr/2022:14:35:05 -0500] "GET /BLA/resoluciones/RESOLUCIONES%202002/RES%202002%201651-1700/20021664.tif HTTP/1.1" 200 103528
200.118.64.109 - - [06/Apr/2022:14:35:05 -0500] "POST /forms/lservlet;jsessionid=ac16012b30d6c7b1e1b4d61c4b9d8b438a525e0deb16.e3iSbxaKaheRe34Sc38RahyRchr0n6jAmljGr5XDqQLvpAe HTTP/1.1" 200 14
181.61.164.108 - - [06/Apr/2022:14:35:07 -0500] "GET /BLA/resoluciones/RESOLUCIONES%202002/RES%202002%201651-1700/20021665.tif HTTP/1.1" 200 99944
200.118.64.109 - - [06/Apr/2022:14:35:07 -0500] "POST /forms/lservlet;jsessionid=ac16012b30d6c7b1e1b4d61c4b9d8b438a525e0deb16.e3iSbxaKaheRe34Sc38RahyRchr0n6jAmljGr5XDqQLvpAe HTTP/1.1" 200 112
200.118.64.109 - - [06/Apr/2022:14:35:07 -0500] "POST /forms/lservlet;jsessionid=ac16012b30d6c7b1e1b4d61c4b9d8b438a525e0deb16.e3iSbxaKaheRe34Sc38RahyRchr0n6jAmljGr5XDqQLvpAe HTTP/1.1" 200 2
200.118.64.109 - - [06/Apr/2022:14:35:07 -0500] "GET /reports/rwservlet/getjobid74600?server=repnomi HTTP/1.1" 200 47934
181.61.164.108 - - [06/Apr/2022:14:35:08 -0500] "GET /BLA/resoluciones/RESOLUCIONES%202002/RES%202002%201651-1700/20021666.tif HTTP/1.1" 200 102154
181.61.164.108 - - [06/Apr/2022:14:35:11 -0500] "GET /BLA/resoluciones/RESOLUCIONES%202002/RES%202002%201651-1700/20021667.tif HTTP/1.1" 200 91502
181.61.164.108 - - [06/Apr/2022:14:35:13 -0500] "GET /BLA/resoluciones/RESOLUCIONES%202002/RES%202002%201651-1700/20021668.tif HTTP/1.1" 200 97534
181.61.164.108 - - [06/Apr/2022:14:35:14 -0500] "GET /BLA/resoluciones/RESOLUCIONES%202002/RES%202002%201651-1700/20021669.tif HTTP/1.1" 200 63258
181.61.164.108 - - [06/Apr/2022:14:35:15 -0500] "GET /BLA/resoluciones/RESOLUCIONES%202002/RES%202002%201651-1700/20021670.tif HTTP/1.1" 200 119000
181.61.164.108 - - [06/Apr/2022:14:35:16 -0500] "GET /BLA/resoluciones/RESOLUCIONES%202002/RES%202002%201651-1700/20021671.tif HTTP/1.1" 200 240160
181.61.164.108 - - [06/Apr/2022:14:35:19 -0500] "GET /BLA/resoluciones/RESOLUCIONES%202002/RES%202002%201651-1700/20021672.tif HTTP/1.1" 200 136158
181.61.164.108 - - [06/Apr/2022:14:35:21 -0500] "GET /BLA/resoluciones/RESOLUCIONES%202002/RES%202002%201651-1700/20021673.tif HTTP/1.1" 200 129272
181.61.164.108 - - [06/Apr/2022:14:35:22 -0500] "GET /BLA/resoluciones/RESOLUCIONES%202002/RES%202002%201651-1700/20021674.tif HTTP/1.1" 200 330156
181.61.164.108 - - [06/Apr/2022:14:35:23 -0500] "GET /BLA/resoluciones/RESOLUCIONES%202002/RES%202002%201651-1700/20021675.tif HTTP/1.1" 200 41074
181.61.164.108 - - [06/Apr/2022:14:35:27 -0500] "GET /BLA/resoluciones/RESOLUCIONES%202002/RES%202002%201651-1700/20021676.tif HTTP/1.1" 200 44472
181.61.164.108 - - [06/Apr/2022:14:35:28 -0500] "GET /BLA/resoluciones/RESOLUCIONES%202002/RES%202002%201651-1700/20021677.tif HTTP/1.1" 200 46692
181.61.164.108 - - [06/Apr/2022:14:35:29 -0500] "GET /BLA/resoluciones/RESOLUCIONES%202002/RES%202002%201651-1700/20021678.tif HTTP/1.1" 200 49322
181.61.164.108 - - [06/Apr/2022:14:35:31 -0500] "GET /BLA/resoluciones/RESOLUCIONES%202002/RES%202002%201651-1700/20021679.tif HTTP/1.1" 200 75310
181.61.164.108 - - [06/Apr/2022:14:35:32 -0500] "GET /BLA/resoluciones/RESOLUCIONES%202002/RES%202002%201651-1700/20021680.tif HTTP/1.1" 200 204730
181.61.164.108 - - [06/Apr/2022:14:35:33 -0500] "GET /BLA/resoluciones/RESOLUCIONES%202002/RES%202002%201651-1700/20021681.tif HTTP/1.1" 200 82896
181.61.164.108 - - [06/Apr/2022:14:35:35 -0500] "GET /BLA/resoluciones/RESOLUCIONES%202002/RES%202002%201651-1700/20021682.tif HTTP/1.1" 200 132634
181.61.164.108 - - [06/Apr/2022:14:35:36 -0500] "GET /BLA/resoluciones/RESOLUCIONES%202002/RES%202002%201651-1700/20021683.tif HTTP/1.1" 200 226254
172.22.2.4 - - [06/Apr/2022:14:35:13 -0500] "GET /BLA/boletinlegal/ HTTP/1.1" 200 20427
181.61.164.108 - - [06/Apr/2022:14:35:40 -0500] "GET /BLA/resoluciones/RESOLUCIONES%202002/RES%202002%201651-1700/20021684.tif HTTP/1.1" 200 124026
181.61.164.108 - - [06/Apr/2022:14:35:42 -0500] "GET /BLA/resoluciones/RESOLUCIONES%202002/RES%202002%201651-1700/20021685.tif HTTP/1.1" 200 59304
181.61.164.108 - - [06/Apr/2022:14:35:43 -0500] "GET /BLA/resoluciones/RESOLUCIONES%202002/RES%202002%201651-1700/20021686.tif HTTP/1.1" 200 71046
181.61.164.108 - - [06/Apr/2022:14:35:44 -0500] "GET /BLA/resoluciones/RESOLUCIONES%202002/RES%202002%201651-1700/20021687.tif HTTP/1.1" 200 43888
181.61.164.108 - - [06/Apr/2022:14:35:46 -0500] "GET /BLA/resoluciones/RESOLUCIONES%202002/RES%202002%201651-1700/20021688.tif HTTP/1.1" 200 55580
181.61.164.108 - - [06/Apr/2022:14:35:47 -0500] "GET /BLA/resoluciones/RESOLUCIONES%202002/RES%202002%201651-1700/20021689.tif HTTP/1.1" 200 40746
181.61.164.108 - - [06/Apr/2022:14:35:50 -0500] "GET /BLA/resoluciones/RESOLUCIONES%202002/RES%202002%201651-1700/20021690.tif HTTP/1.1" 200 104740
181.61.164.108 - - [06/Apr/2022:14:35:52 -0500] "GET /BLA/resoluciones/RESOLUCIONES%202002/RES%202002%201651-1700/20021691.tif HTTP/1.1" 200 107896
181.61.164.108 - - [06/Apr/2022:14:35:53 -0500] "GET /BLA/resoluciones/RESOLUCIONES%202002/RES%202002%201651-1700/20021692.tif HTTP/1.1" 200 107120
181.61.164.108 - - [06/Apr/2022:14:35:54 -0500] "GET /BLA/resoluciones/RESOLUCIONES%202002/RES%202002%201651-1700/20021693.tif HTTP/1.1" 200 239100
181.61.164.108 - - [06/Apr/2022:14:35:56 -0500] "GET /BLA/resoluciones/RESOLUCIONES%202002/RES%202002%201651-1700/20021694.tif HTTP/1.1" 200 127330
172.22.2.4 - - [06/Apr/2022:14:35:14 -0500] "GET /BLA/boletinlegal/ HTTP/1.1" 200 32715
181.61.164.108 - - [06/Apr/2022:14:35:58 -0500] "GET /BLA/resoluciones/RESOLUCIONES%202002/RES%202002%201651-1700/20021695.tif HTTP/1.1" 200 141018
200.118.64.109 - - [06/Apr/2022:14:35:59 -0500] "POST /forms/lservlet;jsessionid=ac16012b30d6c7b1e1b4d61c4b9d8b438a525e0deb16.e3iSbxaKaheRe34Sc38RahyRchr0n6jAmljGr5XDqQLvpAe HTTP/1.1" 200 2
200.118.64.109 - - [06/Apr/2022:14:35:59 -0500] "POST /forms/lservlet;jsessionid=ac16012b30d6c7b1e1b4d61c4b9d8b438a525e0deb16.e3iSbxaKaheRe34Sc38RahyRchr0n6jAmljGr5XDqQLvpAe HTTP/1.1" 200 14
181.61.164.108 - - [06/Apr/2022:14:36:01 -0500] "GET /BLA/resoluciones/RESOLUCIONES%202002/RES%202002%201651-1700/20021696.tif HTTP/1.1" 200 84584
200.118.64.109 - - [06/Apr/2022:14:36:00 -0500] "POST /forms/lservlet;jsessionid=ac16012b30d6c7b1e1b4d61c4b9d8b438a525e0deb16.e3iSbxaKaheRe34Sc38RahyRchr0n6jAmljGr5XDqQLvpAe HTTP/1.1" 200 14
181.61.164.108 - - [06/Apr/2022:14:36:02 -0500] "GET /BLA/resoluciones/RESOLUCIONES%202002/RES%202002%201651-1700/20021697.tif HTTP/1.1" 200 163988
200.118.64.109 - - [06/Apr/2022:14:36:02 -0500] "POST /forms/lservlet;jsessionid=ac16012b30d6c7b1e1b4d61c4b9d8b438a525e0deb16.e3iSbxaKaheRe34Sc38RahyRchr0n6jAmljGr5XDqQLvpAe HTTP/1.1" 200 14
181.61.164.108 - - [06/Apr/2022:14:36:03 -0500] "GET /BLA/resoluciones/RESOLUCIONES%202002/RES%202002%201651-1700/20021698.tif HTTP/1.1" 200 122760
181.61.164.108 - - [06/Apr/2022:14:36:04 -0500] "GET /BLA/resoluciones/RESOLUCIONES%202002/RES%202002%201651-1700/20021699.tif HTTP/1.1" 200 178332
200.118.64.109 - - [06/Apr/2022:14:36:03 -0500] "POST /forms/lservlet;jsessionid=ac16012b30d6c7b1e1b4d61c4b9d8b438a525e0deb16.e3iSbxaKaheRe34Sc38RahyRchr0n6jAmljGr5XDqQLvpAe HTTP/1.1" 200 14
200.118.64.109 - - [06/Apr/2022:14:36:05 -0500] "POST /forms/lservlet;jsessionid=ac16012b30d6c7b1e1b4d61c4b9d8b438a525e0deb16.e3iSbxaKaheRe34Sc38RahyRchr0n6jAmljGr5XDqQLvpAe HTTP/1.1" 200 109
200.118.64.109 - - [06/Apr/2022:14:36:05 -0500] "POST /forms/lservlet;jsessionid=ac16012b30d6c7b1e1b4d61c4b9d8b438a525e0deb16.e3iSbxaKaheRe34Sc38RahyRchr0n6jAmljGr5XDqQLvpAe HTTP/1.1" 200 2
181.61.164.108 - - [06/Apr/2022:14:36:05 -0500] "GET /BLA/resoluciones/RESOLUCIONES%202002/RES%202002%201651-1700/20021700.tif HTTP/1.1" 200 135622
200.118.64.109 - - [06/Apr/2022:14:36:05 -0500] "GET /reports/rwservlet/getjobid74601?server=repnomi HTTP/1.1" 200 47934
200.118.64.109 - - [06/Apr/2022:14:36:06 -0500] "POST /forms/lservlet;jsessionid=ac16012b30d6c7b1e1b4d61c4b9d8b438a525e0deb16.e3iSbxaKaheRe34Sc38RahyRchr0n6jAmljGr5XDqQLvpAe HTTP/1.1" 200 2
181.61.164.108 - - [06/Apr/2022:14:36:12 -0500] "GET /BLA/resoluciones/index.php?dir=RESOLUCIONES+2002%2FRES+2002+1701-1750%2F HTTP/1.1" 200 12141
181.61.164.108 - - [06/Apr/2022:14:36:14 -0500] "GET /BLA/resoluciones/RESOLUCIONES%202002/RES%202002%201701-1750/20021701.tif HTTP/1.1" 200 145798
181.61.164.108 - - [06/Apr/2022:14:36:15 -0500] "GET /BLA/resoluciones/RESOLUCIONES%202002/RES%202002%201701-1750/20021702.tif HTTP/1.1" 200 95670
181.61.164.108 - - [06/Apr/2022:14:36:16 -0500] "GET /BLA/resoluciones/RESOLUCIONES%202002/RES%202002%201701-1750/20021703.tif HTTP/1.1" 200 144798
181.61.164.108 - - [06/Apr/2022:14:36:18 -0500] "GET /BLA/resoluciones/RESOLUCIONES%202002/RES%202002%201701-1750/20021704.tif HTTP/1.1" 200 119034
181.61.164.108 - - [06/Apr/2022:14:36:20 -0500] "GET /BLA/resoluciones/RESOLUCIONES%202002/RES%202002%201701-1750/20021705.tif HTTP/1.1" 200 50646
181.61.164.108 - - [06/Apr/2022:14:36:21 -0500] "GET /BLA/resoluciones/RESOLUCIONES%202002/RES%202002%201701-1750/20021706.tif HTTP/1.1" 200 123938
181.61.164.108 - - [06/Apr/2022:14:36:22 -0500] "GET /BLA/resoluciones/RESOLUCIONES%202002/RES%202002%201701-1750/20021707.tif HTTP/1.1" 200 194356
181.61.164.108 - - [06/Apr/2022:14:36:23 -0500] "GET /BLA/resoluciones/RESOLUCIONES%202002/RES%202002%201701-1750/20021708.tif HTTP/1.1" 200 173358
