190.90.132.168 - - [06/Apr/2022:08:54:01 -0500] "GET /BLA/boletinlegal/images/screen_2.png HTTP/1.1" 200 362502
190.90.132.168 - - [06/Apr/2022:08:54:01 -0500] "GET /BLA/boletinlegal/images/screen_3.png HTTP/1.1" 200 210620
190.90.132.168 - - [06/Apr/2022:08:54:01 -0500] "GET /BLA/boletinlegal/images/screen_5.png HTTP/1.1" 200 368876
190.90.132.168 - - [06/Apr/2022:08:54:01 -0500] "GET /BLA/boletinlegal/images/arr_r.jpg HTTP/1.1" 200 1998
190.90.132.168 - - [06/Apr/2022:08:54:10 -0500] "GET /BLA/boletinlegal/images/pdf.gif HTTP/1.1" 200 567
190.90.132.168 - - [06/Apr/2022:08:54:10 -0500] "GET /BLA/boletinlegal/images/background.gif HTTP/1.1" 200 -
190.90.132.168 - - [06/Apr/2022:08:54:27 -0500] "GET /BLA/boletinlegal/Directivas/2017/Directiva%20No.%2005%20del%2013%20de%20Junio%20de%202017.pdf HTTP/1.1" 200 853105
190.90.132.168 - - [06/Apr/2022:08:53:52 -0500] "GET /BLA/boletinlegal/index.php HTTP/1.1" 200 32715
54.189.89.200 - - [06/Apr/2022:08:54:44 -0500] "GET /BLA/resoluciones/RESOLUCIONES%202021/3158.pdf HTTP/1.1" 200 521630
207.46.13.157 - - [06/Apr/2022:08:54:46 -0500] "GET /BLA/resoluciones/index.php?dir=AUTOS+2014%2F HTTP/1.1" 200 873737
186.80.201.246 - - [06/Apr/2022:08:55:10 -0500] "GET /si-eres-mujer-y-te-gusta-el-cuidado-de-los-humedales-este-proceso-de-formacion-es-para-ti.html HTTP/1.1" 200 1025
172.22.2.4 - - [06/Apr/2022:08:53:56 -0500] "HEAD /BLA/boletinlegal/ HTTP/1.1" 200 -
200.118.64.109 - - [06/Apr/2022:08:55:37 -0500] "POST /forms/lservlet;jsessionid=ac16012b30d647ad995b72194d60ad20dcbf6fa998f6.e3iSbxaKaheRe34Sc38RahyRchr0n6jAmljGr5XDqQLvpAe HTTP/1.1" 200 2
186.28.113.137 - - [06/Apr/2022:08:55:52 -0500] "OPTIONS /kwssiamovil/sm/setfile/f HTTP/1.1" 200 13
186.28.113.137 - - [06/Apr/2022:08:55:52 -0500] "POST /kwssiamovil/sm/setfile/f HTTP/1.1" 200 381
172.22.2.4 - - [06/Apr/2022:08:54:46 -0500] "GET /BLA/boletinlegal/ HTTP/1.1" 200 59170
181.53.13.153 - - [06/Apr/2022:08:56:39 -0500] "GET /si-eres-mujer-y-te-gusta-el-cuidado-de-los-humedales-este-proceso-de-formacion-es-para-ti.html HTTP/1.1" 200 1025
181.53.13.153 - - [06/Apr/2022:08:56:39 -0500] "GET /images/pieza-mujeres-reverdecen-4-abril.jpg HTTP/1.1" 200 48916
216.245.221.92 - - [06/Apr/2022:08:56:50 -0500] "HEAD / HTTP/1.1" 200 -
173.252.107.21 - - [06/Apr/2022:08:57:20 -0500] "GET /si-eres-mujer-y-te-gusta-el-cuidado-de-los-humedales-este-proceso-de-formacion-es-para-ti.html HTTP/1.1" 206 1025
173.252.107.7 - - [06/Apr/2022:08:57:20 -0500] "GET /si-eres-mujer-y-te-gusta-el-cuidado-de-los-humedales-este-proceso-de-formacion-es-para-ti.html HTTP/1.1" 206 1025
173.252.107.1 - - [06/Apr/2022:08:57:21 -0500] "GET /images/pieza-mujeres-reverdecen-4-abril.jpg HTTP/1.1" 200 48916
179.51.118.57 - - [06/Apr/2022:08:57:34 -0500] "GET /si-eres-mujer-y-te-gusta-el-cuidado-de-los-humedales-este-proceso-de-formacion-es-para-ti.html HTTP/1.1" 200 1025
200.118.64.109 - - [06/Apr/2022:08:57:37 -0500] "POST /forms/lservlet;jsessionid=ac16012b30d647ad995b72194d60ad20dcbf6fa998f6.e3iSbxaKaheRe34Sc38RahyRchr0n6jAmljGr5XDqQLvpAe HTTP/1.1" 200 2
191.156.47.222 - - [06/Apr/2022:08:57:43 -0500] "GET /galeria/galeria/jquery.fancybox.css?v=2.1.5 HTTP/1.1" 200 4895
191.156.34.254 - - [06/Apr/2022:08:57:43 -0500] "GET /BLA/boletinlegal/js/jquery.scrollShow.js HTTP/1.1" 200 4586
191.156.35.154 - - [06/Apr/2022:08:57:43 -0500] "GET /galeria/galeria/jquery.fancybox.js?v=2.1.5 HTTP/1.1" 200 48706
34.147.95.190 - - [06/Apr/2022:08:57:47 -0500] "GET / HTTP/1.1" 200 319
190.242.114.203 - - [06/Apr/2022:08:57:53 -0500] "GET /BLA/resoluciones/RESOLUCIONES%202012/0288.pdf HTTP/1.1" 200 418763
190.242.114.203 - - [06/Apr/2022:08:57:54 -0500] "GET /favicon.ico HTTP/1.1" 200 7782
186.28.113.137 - - [06/Apr/2022:08:57:56 -0500] "OPTIONS /kwssiamovil/sm/setfile/f HTTP/1.1" 200 13
186.28.113.137 - - [06/Apr/2022:08:57:56 -0500] "POST /kwssiamovil/sm/setfile/f HTTP/1.1" 200 381
190.27.15.194 - - [06/Apr/2022:08:58:01 -0500] "POST /forest/index.php HTTP/1.1" 200 12268
172.22.2.4 - - [06/Apr/2022:08:58:25 -0500] "GET /BLA/boletinlegal/style.css HTTP/1.1" 200 9406
172.22.2.4 - - [06/Apr/2022:08:58:25 -0500] "GET /BLA/boletinlegal/styles2.css HTTP/1.1" 200 1838
172.22.2.4 - - [06/Apr/2022:08:58:25 -0500] "GET /BLA/boletinlegal/js/jquery.js HTTP/1.1" 200 57254
172.22.2.4 - - [06/Apr/2022:08:58:25 -0500] "GET /BLA/boletinlegal/js/jquery.scrollTo-min.js HTTP/1.1" 200 1150
172.22.2.4 - - [06/Apr/2022:08:58:25 -0500] "GET /BLA/boletinlegal/js/jquery.scrollShow.js HTTP/1.1" 200 4586
172.22.2.4 - - [06/Apr/2022:08:58:25 -0500] "GET /BLA/boletinlegal/images/subscribe-icon-big.png HTTP/1.1" 200 47702
172.22.2.4 - - [06/Apr/2022:08:58:25 -0500] "GET /BLA/boletinlegal/images/cabezote%20BLEGAL.jpg HTTP/1.1" 200 118164
172.22.2.4 - - [06/Apr/2022:08:58:25 -0500] "GET /BLA/boletinlegal/images/historia.png HTTP/1.1" 200 52775
172.22.2.4 - - [06/Apr/2022:08:58:25 -0500] "GET /BLA/boletinlegal/images/registro-usuarios.png HTTP/1.1" 200 8106
172.22.2.4 - - [06/Apr/2022:08:58:25 -0500] "GET /BLA/boletinlegal/images/arr_l.jpg HTTP/1.1" 200 1979
172.22.2.4 - - [06/Apr/2022:08:58:25 -0500] "GET /BLA/boletinlegal/images/screen_1.png HTTP/1.1" 200 202547
172.22.2.4 - - [06/Apr/2022:08:58:25 -0500] "GET /BLA/boletinlegal/images/launch.jpg HTTP/1.1" 200 14577
172.22.2.4 - - [06/Apr/2022:08:58:25 -0500] "GET /BLA/boletinlegal/images/body_bg.jpg HTTP/1.1" 200 1601
172.22.2.4 - - [06/Apr/2022:08:58:25 -0500] "GET /BLA/boletinlegal/images/menu_lft.gif HTTP/1.1" 200 1713
172.22.2.4 - - [06/Apr/2022:08:58:25 -0500] "GET /BLA/boletinlegal/images/menu_rght.gif HTTP/1.1" 200 1627
172.22.2.4 - - [06/Apr/2022:08:58:25 -0500] "GET /BLA/boletinlegal/images/bg_top.jpg HTTP/1.1" 200 522
172.22.2.4 - - [06/Apr/2022:08:58:25 -0500] "GET /BLA/boletinlegal/images/menu_bg.jpg HTTP/1.1" 200 620
172.22.2.4 - - [06/Apr/2022:08:58:25 -0500] "GET /BLA/boletinlegal/images/hover.jpg HTTP/1.1" 200 640
172.22.2.4 - - [06/Apr/2022:08:58:25 -0500] "GET /BLA/boletinlegal/images/text.jpg HTTP/1.1" 200 568
172.22.2.4 - - [06/Apr/2022:08:58:32 -0500] "GET /BLA/boletinlegal/images/screen_2.png HTTP/1.1" 200 362502
172.22.2.4 - - [06/Apr/2022:08:58:32 -0500] "GET /BLA/boletinlegal/images/screen_3.png HTTP/1.1" 200 210620
172.22.2.4 - - [06/Apr/2022:08:58:32 -0500] "GET /BLA/boletinlegal/images/screen_5.png HTTP/1.1" 200 368876
172.22.2.4 - - [06/Apr/2022:08:58:32 -0500] "GET /BLA/boletinlegal/images/arr_r.jpg HTTP/1.1" 200 1998
172.22.2.4 - - [06/Apr/2022:08:58:32 -0500] "GET /BLA/boletinlegal/images/footer_bg.jpg HTTP/1.1" 200 586
172.22.2.4 - - [06/Apr/2022:08:58:39 -0500] "GET /BLA/boletinlegal/images/pdf.gif HTTP/1.1" 200 567
69.63.189.116 - - [06/Apr/2022:08:59:10 -0500] "GET /images/pieza-mujeres-reverdecen-4-abril.jpg HTTP/1.1" 200 48916
173.252.107.3 - - [06/Apr/2022:08:59:12 -0500] "GET /images/pieza-mujeres-reverdecen-4-abril.jpg HTTP/1.1" 200 48916
173.252.107.116 - - [06/Apr/2022:08:59:12 -0500] "GET /si-eres-mujer-y-te-gusta-el-cuidado-de-los-humedales-este-proceso-de-formacion-es-para-ti.html HTTP/1.1" 206 1025
18.213.87.247 - - [06/Apr/2022:08:59:13 -0500] "HEAD /si-eres-mujer-y-te-gusta-el-cuidado-de-los-humedales-este-proceso-de-formacion-es-para-ti.html HTTP/1.1" 200 -
173.252.107.2 - - [06/Apr/2022:08:59:16 -0500] "GET /si-eres-mujer-y-te-gusta-el-cuidado-de-los-humedales-este-proceso-de-formacion-es-para-ti.html HTTP/1.1" 206 1025
200.118.64.109 - - [06/Apr/2022:08:59:37 -0500] "POST /forms/lservlet;jsessionid=ac16012b30d647ad995b72194d60ad20dcbf6fa998f6.e3iSbxaKaheRe34Sc38RahyRchr0n6jAmljGr5XDqQLvpAe HTTP/1.1" 200 2
172.22.2.4 - - [06/Apr/2022:08:58:24 -0500] "GET /BLA/boletinlegal/ HTTP/1.1" 200 62551
172.22.2.4 - - [06/Apr/2022:09:00:05 -0500] "GET /BLA/boletinlegal/favicon.ico HTTP/1.1" 404 1308
186.154.32.64 - - [06/Apr/2022:09:00:07 -0500] "GET /si-eres-mujer-y-te-gusta-el-cuidado-de-los-humedales-este-proceso-de-formacion-es-para-ti.html HTTP/1.1" 304 -
186.28.113.137 - - [06/Apr/2022:09:00:27 -0500] "OPTIONS /kwssiamovil/sm/setfile/f HTTP/1.1" 200 13
186.28.113.137 - - [06/Apr/2022:09:00:27 -0500] "POST /kwssiamovil/sm/setfile/f HTTP/1.1" 200 381
173.252.127.2 - - [06/Apr/2022:09:00:37 -0500] "GET /si-eres-mujer-y-te-gusta-el-cuidado-de-los-humedales-este-proceso-de-formacion-es-para-ti.html?fbclid=IwAR0GcEggtVoqrlnZ2K6tyunlmpGV5DKo6_YcsPF1OTTzfyIiJwndVEGMs9g HTTP/1.1" 200 1025
201.245.192.253 - - [06/Apr/2022:09:00:46 -0500] "GET /BLA/resoluciones/ HTTP/1.1" 200 13093
191.156.61.160 - - [06/Apr/2022:09:00:51 -0500] "GET /si-eres-mujer-y-te-gusta-el-cuidado-de-los-humedales-este-proceso-de-formacion-es-para-ti.html HTTP/1.1" 200 1025
201.245.192.253 - - [06/Apr/2022:09:00:52 -0500] "GET /BLA/resoluciones/dlf/unknown.png HTTP/1.1" 200 266
201.245.192.253 - - [06/Apr/2022:09:00:51 -0500] "GET /BLA/resoluciones/index.php?dir=AUTOS+2021%2F HTTP/1.1" 200 348798
201.245.192.253 - - [06/Apr/2022:09:01:02 -0500] "GET /BLA/resoluciones/AUTOS%202021/6749.pdf HTTP/1.1" 200 430058
191.156.50.251 - - [06/Apr/2022:09:01:10 -0500] "GET /si-eres-mujer-y-te-gusta-el-cuidado-de-los-humedales-este-proceso-de-formacion-es-para-ti.html HTTP/1.1" 304 -
172.22.2.4 - - [06/Apr/2022:08:59:46 -0500] "HEAD /BLA/boletinlegal/ HTTP/1.1" 200 -
200.118.64.109 - - [06/Apr/2022:09:01:37 -0500] "POST /forms/lservlet;jsessionid=ac16012b30d647ad995b72194d60ad20dcbf6fa998f6.e3iSbxaKaheRe34Sc38RahyRchr0n6jAmljGr5XDqQLvpAe HTTP/1.1" 200 2
216.245.221.92 - - [06/Apr/2022:09:01:50 -0500] "HEAD / HTTP/1.1" 200 -
172.22.2.4 - - [06/Apr/2022:09:00:36 -0500] "GET /BLA/boletinlegal/ HTTP/1.1" 200 58588
186.102.15.105 - - [06/Apr/2022:09:03:00 -0500] "GET /si-eres-mujer-y-te-gusta-el-cuidado-de-los-humedales-este-proceso-de-formacion-es-para-ti.html HTTP/1.1" 200 1025
66.249.65.17 - - [06/Apr/2022:09:03:12 -0500] "-" 408 -
200.118.64.109 - - [06/Apr/2022:09:03:37 -0500] "POST /forms/lservlet;jsessionid=ac16012b30d647ad995b72194d60ad20dcbf6fa998f6.e3iSbxaKaheRe34Sc38RahyRchr0n6jAmljGr5XDqQLvpAe HTTP/1.1" 200 2
186.28.113.137 - - [06/Apr/2022:09:04:48 -0500] "OPTIONS /kwssiamovil/sm/setfile/f HTTP/1.1" 200 13
186.28.113.137 - - [06/Apr/2022:09:04:48 -0500] "POST /kwssiamovil/sm/setfile/f HTTP/1.1" 200 381
207.46.13.157 - - [06/Apr/2022:09:05:17 -0500] "GET /BLA/resoluciones/index.php?dir=AUTOS+2019%2F HTTP/1.1" 200 342490
200.118.64.109 - - [06/Apr/2022:09:05:37 -0500] "POST /forms/lservlet;jsessionid=ac16012b30d647ad995b72194d60ad20dcbf6fa998f6.e3iSbxaKaheRe34Sc38RahyRchr0n6jAmljGr5XDqQLvpAe HTTP/1.1" 200 2
186.29.181.153 - - [06/Apr/2022:09:06:22 -0500] "GET /si-eres-mujer-y-te-gusta-el-cuidado-de-los-humedales-este-proceso-de-formacion-es-para-ti.html HTTP/1.1" 304 -
186.28.113.137 - - [06/Apr/2022:09:06:34 -0500] "OPTIONS /kwssiamovil/sm/setfile/f HTTP/1.1" 200 13
186.28.113.137 - - [06/Apr/2022:09:06:34 -0500] "POST /kwssiamovil/sm/setfile/f HTTP/1.1" 200 381
216.245.221.92 - - [06/Apr/2022:09:06:50 -0500] "HEAD / HTTP/1.1" 200 -
186.102.0.68 - - [06/Apr/2022:09:06:56 -0500] "GET /si-eres-mujer-y-te-gusta-el-cuidado-de-los-humedales-este-proceso-de-formacion-es-para-ti.html HTTP/1.1" 206 1025
186.102.0.68 - - [06/Apr/2022:09:06:56 -0500] "GET /images/pieza-mujeres-reverdecen-4-abril.jpg HTTP/1.1" 206 48916
172.22.2.4 - - [06/Apr/2022:09:07:03 -0500] "GET /BLA/boletinlegal/consulta_actos.php?tipo=resoluciones&no=1545&usuario=&sector=&fecha=2010&resuelve= HTTP/1.1" 200 1017
172.22.2.4 - - [06/Apr/2022:09:05:36 -0500] "HEAD /BLA/boletinlegal/ HTTP/1.1" 200 -
200.118.64.109 - - [06/Apr/2022:09:07:38 -0500] "POST /forms/lservlet;jsessionid=ac16012b30d647ad995b72194d60ad20dcbf6fa998f6.e3iSbxaKaheRe34Sc38RahyRchr0n6jAmljGr5XDqQLvpAe HTTP/1.1" 200 2
172.22.2.4 - - [06/Apr/2022:09:07:58 -0500] "GET /BLA/boletinlegal/apple-touch-icon-precomposed.png HTTP/1.1" 404 1140
172.22.2.4 - - [06/Apr/2022:09:07:58 -0500] "GET /BLA/boletinlegal/apple-touch-icon.png HTTP/1.1" 404 1140
172.22.2.4 - - [06/Apr/2022:09:07:58 -0500] "GET /BLA/boletinlegal/favicon.ico HTTP/1.1" 404 1140
172.22.2.4 - - [06/Apr/2022:09:08:03 -0500] "GET /BLA/boletinlegal/consulta_actos.php?tipo=resoluciones&no=1545&usuario=&sector=&fecha=2012&resuelve= HTTP/1.1" 200 1026
172.22.2.4 - - [06/Apr/2022:09:06:26 -0500] "GET /BLA/boletinlegal/ HTTP/1.1" 200 52945
181.63.80.59 - - [06/Apr/2022:09:08:06 -0500] "GET /BLA/resoluciones/RESOLUCIONES%202012/1545.pdf HTTP/1.1" 200 8715331
186.28.113.137 - - [06/Apr/2022:09:08:29 -0500] "OPTIONS /kwssiamovil/sm/setfile/f HTTP/1.1" 200 13
186.28.113.137 - - [06/Apr/2022:09:08:29 -0500] "POST /kwssiamovil/sm/setfile/f HTTP/1.1" 200 381
172.22.2.4 - - [06/Apr/2022:09:07:28 -0500] "GET /BLA/boletinlegal/ HTTP/1.1" 200 49099
200.118.64.109 - - [06/Apr/2022:09:09:38 -0500] "POST /forms/lservlet;jsessionid=ac16012b30d647ad995b72194d60ad20dcbf6fa998f6.e3iSbxaKaheRe34Sc38RahyRchr0n6jAmljGr5XDqQLvpAe HTTP/1.1" 200 2
207.46.13.43 - - [06/Apr/2022:09:09:53 -0500] "GET /sipse/faces/faces/autenticacion.xhtml HTTP/1.1" 200 12503
191.95.55.17 - - [06/Apr/2022:09:10:03 -0500] "GET /BLA/resoluciones/index.php?dir=RESOLUCIONES+2019%2F HTTP/1.1" 200 235035
190.217.19.164 - - [06/Apr/2022:09:10:27 -0500] "GET /BLA/boletinlegal/js/jquery.scrollShow.js HTTP/1.1" 200 4586
190.217.19.164 - - [06/Apr/2022:09:10:27 -0500] "GET /galeria/galeria/jquery.fancybox.css?v=2.1.5 HTTP/1.1" 200 4895
190.217.19.164 - - [06/Apr/2022:09:10:27 -0500] "GET /galeria/galeria/jquery.fancybox.js?v=2.1.5 HTTP/1.1" 200 48706
191.156.188.94 - - [06/Apr/2022:09:11:07 -0500] "GET /si-eres-mujer-y-te-gusta-el-cuidado-de-los-humedales-este-proceso-de-formacion-es-para-ti.html HTTP/1.1" 304 -
200.118.64.109 - - [06/Apr/2022:09:11:38 -0500] "POST /forms/lservlet;jsessionid=ac16012b30d647ad995b72194d60ad20dcbf6fa998f6.e3iSbxaKaheRe34Sc38RahyRchr0n6jAmljGr5XDqQLvpAe HTTP/1.1" 200 2
216.245.221.92 - - [06/Apr/2022:09:11:50 -0500] "HEAD / HTTP/1.1" 200 -
103.178.236.95 - - [06/Apr/2022:09:12:52 -0500] "GET / HTTP/1.1" 200 319
172.22.2.4 - - [06/Apr/2022:09:11:26 -0500] "HEAD /BLA/boletinlegal/ HTTP/1.1" 200 -
172.22.2.4 - - [06/Apr/2022:09:13:35 -0500] "GET /BLA/boletinlegal/vendor/phpunit/phpunit/src/Util/PHP/eval-stdin.php HTTP/1.1" 404 1018
200.118.64.109 - - [06/Apr/2022:09:13:38 -0500] "POST /forms/lservlet;jsessionid=ac16012b30d647ad995b72194d60ad20dcbf6fa998f6.e3iSbxaKaheRe34Sc38RahyRchr0n6jAmljGr5XDqQLvpAe HTTP/1.1" 200 2
172.22.2.4 - - [06/Apr/2022:09:12:16 -0500] "GET /BLA/boletinlegal/ HTTP/1.1" 200 60932
191.156.180.89 - - [06/Apr/2022:09:15:03 -0500] "GET /galeria/galeria/jquery.fancybox.css?v=2.1.5 HTTP/1.1" 200 4895
191.156.180.89 - - [06/Apr/2022:09:15:03 -0500] "GET /BLA/boletinlegal/js/jquery.scrollShow.js HTTP/1.1" 200 4586
191.156.179.98 - - [06/Apr/2022:09:15:03 -0500] "GET /galeria/galeria/jquery.fancybox.js?v=2.1.5 HTTP/1.1" 200 48706
200.118.64.109 - - [06/Apr/2022:09:15:38 -0500] "POST /forms/lservlet;jsessionid=ac16012b30d647ad995b72194d60ad20dcbf6fa998f6.e3iSbxaKaheRe34Sc38RahyRchr0n6jAmljGr5XDqQLvpAe HTTP/1.1" 200 2
66.249.65.13 - - [06/Apr/2022:09:16:17 -0500] "-" 408 -
186.28.113.137 - - [06/Apr/2022:09:16:24 -0500] "OPTIONS /kwssiamovil/sm/setfile/f HTTP/1.1" 200 13
186.28.113.137 - - [06/Apr/2022:09:16:24 -0500] "POST /kwssiamovil/sm/setfile/f HTTP/1.1" 200 381
216.245.221.92 - - [06/Apr/2022:09:16:50 -0500] "HEAD / HTTP/1.1" 200 -
179.19.45.242 - - [06/Apr/2022:09:17:35 -0500] "GET /si-eres-mujer-y-te-gusta-el-cuidado-de-los-humedales-este-proceso-de-formacion-es-para-ti.html HTTP/1.1" 200 1025
200.118.64.109 - - [06/Apr/2022:09:17:38 -0500] "POST /forms/lservlet;jsessionid=ac16012b30d647ad995b72194d60ad20dcbf6fa998f6.e3iSbxaKaheRe34Sc38RahyRchr0n6jAmljGr5XDqQLvpAe HTTP/1.1" 200 2
186.28.113.137 - - [06/Apr/2022:09:18:20 -0500] "OPTIONS /kwssiamovil/sm/setfile/f HTTP/1.1" 200 13
186.28.113.137 - - [06/Apr/2022:09:18:20 -0500] "POST /kwssiamovil/sm/setfile/f HTTP/1.1" 200 381
172.22.2.4 - - [06/Apr/2022:09:17:16 -0500] "HEAD /BLA/boletinlegal/ HTTP/1.1" 200 -
186.29.201.29 - - [06/Apr/2022:09:19:13 -0500] "-" 408 -
217.182.175.162 - - [06/Apr/2022:09:19:17 -0500] "HEAD /administracion-distrital-recolecto-mas-de-460-llantas-usadas-en-engativa-y-teusaquillo.html HTTP/1.1" 200 -
200.118.64.109 - - [06/Apr/2022:09:19:38 -0500] "POST /forms/lservlet;jsessionid=ac16012b30d647ad995b72194d60ad20dcbf6fa998f6.e3iSbxaKaheRe34Sc38RahyRchr0n6jAmljGr5XDqQLvpAe HTTP/1.1" 200 2
172.22.2.4 - - [06/Apr/2022:09:18:06 -0500] "GET /BLA/boletinlegal/ HTTP/1.1" 200 60932
190.26.160.30 - - [06/Apr/2022:09:19:52 -0500] "GET /si-eres-mujer-y-te-gusta-el-cuidado-de-los-humedales-este-proceso-de-formacion-es-para-ti.html HTTP/1.1" 200 1025
190.90.132.168 - - [06/Apr/2022:09:20:40 -0500] "GET /BLA/boletinlegal/Directivas/2019/Directiva%20No.%200001%20del%2011%20de%20junio%20de%202019.pdf HTTP/1.1" 200 228190
5.255.253.106 - - [06/Apr/2022:09:20:42 -0500] "-" 408 -
5.255.253.174 - - [06/Apr/2022:09:20:47 -0500] "-" 408 -
190.90.132.168 - - [06/Apr/2022:09:20:13 -0500] "GET /BLA/boletinlegal/index.php HTTP/1.1" 200 32715
5.45.207.133 - - [06/Apr/2022:09:20:53 -0500] "-" 408 -
87.250.224.175 - - [06/Apr/2022:09:20:58 -0500] "-" 408 -
201.245.192.253 - - [06/Apr/2022:09:21:09 -0500] "POST /sipse/faces/presentacion/financiero/solicitudProceso/listarSolicitudProceso.xhtml HTTP/1.1" 200 39576
201.245.192.253 - - [06/Apr/2022:09:21:09 -0500] "GET /sipse/faces/javax.faces.resource/theme.css?ln=primefaces-sipse HTTP/1.1" 304 -
201.245.192.253 - - [06/Apr/2022:09:21:09 -0500] "GET /sipse/faces/javax.faces.resource/layout/layout.css?ln=primefaces&v=4.0 HTTP/1.1" 304 -
201.245.192.253 - - [06/Apr/2022:09:21:09 -0500] "GET /sipse/faces/javax.faces.resource/primefaces.css?ln=primefaces&v=4.0 HTTP/1.1" 304 -
201.245.192.253 - - [06/Apr/2022:09:21:09 -0500] "GET /sipse/css/imagen/contrasena.png HTTP/1.1" 404 383
201.245.192.253 - - [06/Apr/2022:09:21:09 -0500] "GET /sipse/faces/javax.faces.resource/jquery/jquery.js?ln=primefaces&v=4.0 HTTP/1.1" 304 -
201.245.192.253 - - [06/Apr/2022:09:21:09 -0500] "GET /sipse/faces/javax.faces.resource/jquery/jquery-plugins.js?ln=primefaces&v=4.0 HTTP/1.1" 304 -
201.245.192.253 - - [06/Apr/2022:09:21:09 -0500] "GET /sipse/faces/javax.faces.resource/primefaces.js?ln=primefaces&v=4.0 HTTP/1.1" 304 -
201.245.192.253 - - [06/Apr/2022:09:21:09 -0500] "GET /sipse/faces/javax.faces.resource/layout/layout.js?ln=primefaces&v=4.0 HTTP/1.1" 304 -
201.245.192.253 - - [06/Apr/2022:09:21:09 -0500] "GET /sipse/faces/javax.faces.resource/images/ui-icons_898989_256x240.png?ln=primefaces-aristo HTTP/1.1" 304 -
201.245.192.253 - - [06/Apr/2022:09:21:09 -0500] "POST /sipse/faces/presentacion/financiero/solicitudProceso/solicitudProcesoOtrosPagos.xhtml HTTP/1.1" 200 32956
87.250.224.4 - - [06/Apr/2022:09:21:13 -0500] "-" 408 -
186.28.113.137 - - [06/Apr/2022:09:21:14 -0500] "OPTIONS /kwssiamovil/sm/setfile/f HTTP/1.1" 200 13
186.28.113.137 - - [06/Apr/2022:09:21:14 -0500] "POST /kwssiamovil/sm/setfile/f HTTP/1.1" 200 381
213.180.203.85 - - [06/Apr/2022:09:21:28 -0500] "-" 408 -
200.118.64.109 - - [06/Apr/2022:09:21:38 -0500] "POST /forms/lservlet;jsessionid=ac16012b30d647ad995b72194d60ad20dcbf6fa998f6.e3iSbxaKaheRe34Sc38RahyRchr0n6jAmljGr5XDqQLvpAe HTTP/1.1" 200 2
190.90.132.168 - - [06/Apr/2022:09:21:43 -0500] "GET /BLA/boletinlegal/Directivas/2018/Directiva%20No.%2026%20del%2028%20de%20diciembre%20de%202018.pdf HTTP/1.1" 200 332220
216.245.221.92 - - [06/Apr/2022:09:21:50 -0500] "HEAD / HTTP/1.1" 200 -
190.90.132.168 - - [06/Apr/2022:09:21:24 -0500] "GET /BLA/boletinlegal/index.php HTTP/1.1" 200 24523
87.250.224.58 - - [06/Apr/2022:09:21:58 -0500] "-" 408 -
190.90.132.168 - - [06/Apr/2022:09:22:36 -0500] "GET /BLA/boletinlegal/Directivas/2019/Directiva%20008%20del%2001%20de%20noviembre%20de%202019.pdf HTTP/1.1" 200 1382642
190.90.132.168 - - [06/Apr/2022:09:22:07 -0500] "GET /BLA/boletinlegal/index.php HTTP/1.1" 200 32715
186.28.113.137 - - [06/Apr/2022:09:22:54 -0500] "OPTIONS /kwssiamovil/sm/setfile/f HTTP/1.1" 200 13
186.155.32.127 - - [06/Apr/2022:09:22:54 -0500] "GET /si-eres-mujer-y-te-gusta-el-cuidado-de-los-humedales-este-proceso-de-formacion-es-para-ti.html HTTP/1.1" 200 1025
186.155.32.127 - - [06/Apr/2022:09:22:54 -0500] "GET /images/pieza-mujeres-reverdecen-4-abril.jpg HTTP/1.1" 200 48916
186.28.113.137 - - [06/Apr/2022:09:22:54 -0500] "POST /kwssiamovil/sm/setfile/f HTTP/1.1" 200 381
5.255.253.112 - - [06/Apr/2022:09:22:58 -0500] "-" 408 -
201.245.192.253 - - [06/Apr/2022:09:22:13 -0500] "POST /kwsrmcab/Wsrmcab HTTP/1.1" 200 45171
172.22.2.4 - - [06/Apr/2022:09:23:05 -0500] "GET /BLA/boletinlegal/actos.php HTTP/1.1" 200 9559
172.22.2.4 - - [06/Apr/2022:09:23:05 -0500] "GET /BLA/boletinlegal/js/popup.js HTTP/1.1" 200 1270
172.22.2.4 - - [06/Apr/2022:09:23:06 -0500] "GET /BLA/boletinlegal/js/ajax_actos.js HTTP/1.1" 200 1322
172.22.2.4 - - [06/Apr/2022:09:23:06 -0500] "GET /BLA/boletinlegal/js/lib.js HTTP/1.1" 200 6474
172.22.2.4 - - [06/Apr/2022:09:23:06 -0500] "GET /BLA/boletinlegal/js/jquery1.js HTTP/1.1" 200 29846
172.22.2.4 - - [06/Apr/2022:09:23:06 -0500] "GET /BLA/boletinlegal/images/green-yellow-blue-pink-th.png HTTP/1.1" 200 7394
172.22.2.4 - - [06/Apr/2022:09:23:06 -0500] "GET /BLA/boletinlegal/favicon.ico HTTP/1.1" 404 1326
186.28.227.62 - - [06/Apr/2022:09:23:08 -0500] "GET /BLA/resoluciones/ HTTP/1.1" 200 13093
186.28.227.62 - - [06/Apr/2022:09:23:09 -0500] "GET /BLA/resoluciones/dlf/styles.css HTTP/1.1" 200 3049
186.28.227.62 - - [06/Apr/2022:09:23:09 -0500] "GET /BLA/resoluciones/dlf/folder.png HTTP/1.1" 200 410
186.28.227.62 - - [06/Apr/2022:09:23:09 -0500] "GET /BLA/resoluciones/dlf/bg.gif HTTP/1.1" 200 54
186.28.227.62 - - [06/Apr/2022:09:23:09 -0500] "GET /favicon.ico HTTP/1.1" 200 7782
200.118.64.109 - - [06/Apr/2022:09:23:38 -0500] "POST /forms/lservlet;jsessionid=ac16012b30d647ad995b72194d60ad20dcbf6fa998f6.e3iSbxaKaheRe34Sc38RahyRchr0n6jAmljGr5XDqQLvpAe HTTP/1.1" 200 2
172.22.2.4 - - [06/Apr/2022:09:23:03 -0500] "GET /BLA/boletinlegal/ HTTP/1.1" 200 24523
201.245.192.253 - - [06/Apr/2022:09:23:00 -0500] "POST /kwsrmcab/Wsrmcab HTTP/1.1" 200 45467
87.250.224.52 - - [06/Apr/2022:09:23:58 -0500] "-" 408 -
66.249.65.13 - - [06/Apr/2022:09:24:26 -0500] "-" 408 -
172.22.2.4 - - [06/Apr/2022:09:23:38 -0500] "GET /BLA/boletinlegal/ HTTP/1.1" 200 24523
172.22.2.4 - - [06/Apr/2022:09:23:37 -0500] "GET /BLA/boletinlegal/ HTTP/1.1" 200 24523
186.102.5.65 - - [06/Apr/2022:09:24:43 -0500] "GET /kwssiamovil/sm/ldap/au?x=U2FsdGVkX19M2Gunqa7wNJYbfT5S33ybZGXmojgSmkyUQL+gRFmCad6jEWxW7Ah1&y=U2FsdGVkX1+McB+G4mpuUTsjnaRQnvpUDi+3htOBMkdOPb1kKNvJ3E4WEFm5V3QV HTTP/1.1" 200 30
186.102.5.65 - - [06/Apr/2022:09:24:43 -0500] "GET /kwssiamovil/sm/acme/s?s=U2FsdGVkX19k0N4UXlGovujoRE5ouPtFBCu3DVr+rjQ1jsTSKmXsGUgIdifkYhT/uSpqSFWIliwK2tfUTtrRicTiVMmAn5cC5+XeZd2oaic=&u=U2FsdGVkX1/FkTRHiBg/daqKFHPAhkxGElw5GJygL5DM0eSDbN1swv1SntuRTfOp&y=U2FsdGVkX1+McB+G4mpuUTsjnaRQnvpUDi+3htOBMkdOPb1kKNvJ3E4WEFm5V3QV HTTP/1.1" 200 97
186.102.5.65 - - [06/Apr/2022:09:24:43 -0500] "GET /kwssiamovil/sm/acme/s?s=U2FsdGVkX18RZOWVDIwL2Hf33bPwh37lfAl5MNPhauO2UuigguVVsql0jhqE7njfL83uwgGJclHaMSPhGJrjFIQgZlm5LjFyGk2M139VA1qL9M/Z2xv0ftSEPGYAgpXF9AW0dlStfozkPlMjYsSWjPL1nFd4CTuTHcMZdmyKGr/g5+X8kT1uJuyBV9akgR9lLczvL3U9bKDgz1Y/+pWdpid0v38x60ROClcLTPdV4myYS+Re4Wc5VqFwF80hrjFI1wLok8uPnbdqcZiFD2z9dki5bDi3qwu9gRidL1EvRrqBPZyWyuJjoJv12hfaVACG5mozO3xEW4QKh2WTns8UH6wWqB5hFUFcRl3x1gsF9UmEw63NbeutlQSd0f1As44+Y4JAhNuPjVQnY4KxKKmYN7ai3dG6OiXzBNgLffKlbGyuimXVr9DDg+aVeMHu3r8pwzIwyiNbyFSJ4C/QWRo96cDZ0L8ODuLIowdtc4wl7L1eTHwYY4vBRAiDNTNOyLpiUxCXpk0GJBNPGtfKEAVMR4wFQi4UjKpQQwFwA6zHdAnIWvcx8hSCQzEWde7iwhL84WaKYDvB6CZS2DBYMMosXueyMvsipMJtyTznxfUTCbODTRccZNmTmQZRZbMff/X13WL9p1XQXmIkyaDf0Z0VDQgY4V4Gh0DPLNhJvn2NraBNTG51giTaJOpE7CVUWx/mP469u12aTl1VVsI/+1fEE6WHTUKNImqNb5c7sSh5YTYi+/V/vhx+hLm5hdJCHu/wGEBeUb9kC/47m9bp2p5QK+XBijDPTKdSuZo71AdN9y9AN6YyLgUyxGrIqz3jEc4m+cUMuh+EBZxEMuNmTEtmAmxRk8BCgX/vluppnyaXxWK1+R0IEsoq+eFHhz9mji5EUdYd90g1456LzrGIffDtGxjYwe87sIJbwnF/leXCBvmCfZ/mlA0CAdXloduGAdEdTnkLY3HwKuVwEFUwixPh1N/FXFB2OPUaG5oChta8vb79sEyyRSn4PjNU7e2vgDkYUp2MDCudaU8rRFtuh4HsBonZR5RRqEskPIUrc7kT6xUs7N5Pijf792TiPtnDagjxILTGQYhsdoeKL7xzXkHxFiemxg7qOui2Eog3Kl6xhEo=&u=U2FsdGVkX1/FkTRHiBg/daqKFHPAhkxGElw5GJygL5DM0eSDbN1swv1SntuRTfOp&y=U2FsdGVkX1+McB+G4mpuUTsjnaRQnvpUDi+3htOBMkdOPb1kKNvJ3E4WEFm5V3QV HTTP/1.1" 200 370
186.102.5.65 - - [06/Apr/2022:09:24:43 -0500] "GET /kwssiamovil/sm/acme/s?s=U2FsdGVkX18SU4odS8xB9Qynx6Fg3ZLDYqmVr/+/BOBBIbzPzA/OfYZ3mQPUrh+p&u=U2FsdGVkX1/FkTRHiBg/daqKFHPAhkxGElw5GJygL5DM0eSDbN1swv1SntuRTfOp&y=U2FsdGVkX1+McB+G4mpuUTsjnaRQnvpUDi+3htOBMkdOPb1kKNvJ3E4WEFm5V3QV HTTP/1.1" 200 70
186.102.5.65 - - [06/Apr/2022:09:24:43 -0500] "GET /kwssiamovil/sm/acme/s?s=U2FsdGVkX19HeJwnByWm8B7/eOjsIJZLsZkyraP5NJBrN8hbyh34nZLHO/7wfbtXHwR8lQxjQfizodLU5Kp6HIdwn/Ecby/uw9rVYI8EQF7LpEkzkD6OadKYmLN5Y2CpH7ETMtzbqSuCK76weR2i61tW8kDDH86oYvwZaYoYMrkiSino4crYWHHuonni8Rx9E8FIsfR/3euXhTJ3ihOWMdgc1gpC4xsRmZi9aAEA/4mCVtPPWGvjk+JHtLn4fSY5aaaFJCBU1zOZFFj7WMHLTvy1BIPyDnfQo5xlrZ1JSgyQ9+8TIRGgWPt7vXy4h1vJ7SW6cYTJzKio/YulG6Y1UVR/tv5ReppV5ngfQn2dg5E=&u=U2FsdGVkX1/FkTRHiBg/daqKFHPAhkxGElw5GJygL5DM0eSDbN1swv1SntuRTfOp&y=U2FsdGVkX1+McB+G4mpuUTsjnaRQnvpUDi+3htOBMkdOPb1kKNvJ3E4WEFm5V3QV HTTP/1.1" 200 196
186.102.5.65 - - [06/Apr/2022:09:24:43 -0500] "GET /kwssiamovil/sm/cjson/pre?f=1&x=U2FsdGVkX19M2Gunqa7wNJYbfT5S33ybZGXmojgSmkyUQL+gRFmCad6jEWxW7Ah1 HTTP/1.1" 200 30975
172.22.2.4 - - [06/Apr/2022:09:23:06 -0500] "HEAD /BLA/boletinlegal/ HTTP/1.1" 200 -
186.96.109.187 - - [06/Apr/2022:09:24:48 -0500] "GET /si-eres-mujer-y-te-gusta-el-cuidado-de-los-humedales-este-proceso-de-formacion-es-para-ti.html HTTP/1.1" 200 1025
172.22.2.4 - - [06/Apr/2022:09:24:09 -0500] "GET /BLA/boletinlegal/ HTTP/1.1" 200 24523
186.84.90.67 - - [06/Apr/2022:09:25:12 -0500] "GET /si-eres-mujer-y-te-gusta-el-cuidado-de-los-humedales-este-proceso-de-formacion-es-para-ti.html HTTP/1.1" 200 1025
172.22.2.4 - - [06/Apr/2022:09:23:56 -0500] "GET /BLA/boletinlegal/ HTTP/1.1" 200 52945
200.118.64.109 - - [06/Apr/2022:09:25:38 -0500] "POST /forms/lservlet;jsessionid=ac16012b30d647ad995b72194d60ad20dcbf6fa998f6.e3iSbxaKaheRe34Sc38RahyRchr0n6jAmljGr5XDqQLvpAe HTTP/1.1" 200 2
87.250.224.144 - - [06/Apr/2022:09:25:58 -0500] "-" 408 -
186.86.33.148 - - [06/Apr/2022:09:26:04 -0500] "GET /si-eres-mujer-y-te-gusta-el-cuidado-de-los-humedales-este-proceso-de-formacion-es-para-ti.html HTTP/1.1" 200 1025
216.245.221.92 - - [06/Apr/2022:09:26:50 -0500] "HEAD / HTTP/1.1" 200 -
207.46.13.157 - - [06/Apr/2022:09:27:19 -0500] "GET /BLA/resoluciones/index.php?dir=AUTOS+2019%2F HTTP/1.1" 200 342490
186.28.113.137 - - [06/Apr/2022:09:27:37 -0500] "OPTIONS /kwssiamovil/sm/setfile/f HTTP/1.1" 200 13
191.111.15.255 - - [06/Apr/2022:09:27:38 -0500] "GET /BLA/resoluciones/RESOLUCIONES%202007/RES%202007%203601%20AL%203700/RESOLUCION%203613%20DE%202007.pdf HTTP/1.1" 200 401493
191.111.15.255 - - [06/Apr/2022:09:27:38 -0500] "GET /BLA/resoluciones/RESOLUCIONES%202007/RES%202007%203601%20AL%203700/RESOLUCION%203613%20DE%202007.pdf HTTP/1.1" 206 1025
200.118.64.109 - - [06/Apr/2022:09:27:39 -0500] "POST /forms/lservlet;jsessionid=ac16012b30d647ad995b72194d60ad20dcbf6fa998f6.e3iSbxaKaheRe34Sc38RahyRchr0n6jAmljGr5XDqQLvpAe HTTP/1.1" 200 2
172.22.2.4 - - [06/Apr/2022:09:27:40 -0500] "GET /BLA/boletinlegal/Circulares/2018/Circular%20No.%2010%20del%2021%20de%20Septiembre%20de%202018.pdf HTTP/1.1" 200 163426
186.28.113.137 - - [06/Apr/2022:09:27:37 -0500] "POST /kwssiamovil/sm/setfile/f HTTP/1.1" 200 381
207.46.13.209 - - [06/Apr/2022:09:27:47 -0500] "GET /bla/resoluciones/autos%202020/4464.pdf HTTP/1.1" 200 421019
181.237.58.219 - - [06/Apr/2022:09:27:55 -0500] "GET /documents/10184/2325415/pieza-concurso-buenas-practicas-20-septiembre.jpg HTTP/1.1" 404 1132
186.86.33.165 - - [06/Apr/2022:09:28:46 -0500] "GET /si-eres-mujer-y-te-gusta-el-cuidado-de-los-humedales-este-proceso-de-formacion-es-para-ti.html HTTP/1.1" 200 1025
87.250.224.195 - - [06/Apr/2022:09:28:58 -0500] "-" 408 -
181.155.125.211 - - [06/Apr/2022:09:29:09 -0500] "GET /si-eres-mujer-y-te-gusta-el-cuidado-de-los-humedales-este-proceso-de-formacion-es-para-ti.html HTTP/1.1" 200 1025
186.28.113.137 - - [06/Apr/2022:09:29:33 -0500] "OPTIONS /kwssiamovil/sm/setfile/f HTTP/1.1" 200 13
186.28.113.137 - - [06/Apr/2022:09:29:33 -0500] "POST /kwssiamovil/sm/setfile/f HTTP/1.1" 200 381
200.118.64.109 - - [06/Apr/2022:09:29:39 -0500] "POST /forms/lservlet;jsessionid=ac16012b30d647ad995b72194d60ad20dcbf6fa998f6.e3iSbxaKaheRe34Sc38RahyRchr0n6jAmljGr5XDqQLvpAe HTTP/1.1" 200 2
172.22.2.4 - - [06/Apr/2022:09:28:56 -0500] "HEAD /BLA/boletinlegal/ HTTP/1.1" 200 -
186.155.209.11 - - [06/Apr/2022:09:31:11 -0500] "GET /BLA/boletinlegal/actos.php HTTP/1.1" 200 9559
186.155.209.11 - - [06/Apr/2022:09:31:13 -0500] "GET /BLA/boletinlegal/actos.php HTTP/1.1" 200 9559
186.155.209.11 - - [06/Apr/2022:09:31:13 -0500] "GET /BLA/boletinlegal/actos.php HTTP/1.1" 200 9559
186.155.209.11 - - [06/Apr/2022:09:31:15 -0500] "GET /BLA/resoluciones/ HTTP/1.1" 200 13093
186.155.209.11 - - [06/Apr/2022:09:31:23 -0500] "GET /BLA/resoluciones/index.php?dir=RESOLUCIONES+2002%2F HTTP/1.1" 200 24571
172.22.2.4 - - [06/Apr/2022:09:29:46 -0500] "GET /BLA/boletinlegal/ HTTP/1.1" 200 60105
186.155.209.11 - - [06/Apr/2022:09:31:29 -0500] "GET /BLA/resoluciones/index.php?dir=RESOLUCIONES+2002%2FRES+2002+1801-1850%2F HTTP/1.1" 200 12158
186.155.209.11 - - [06/Apr/2022:09:31:30 -0500] "GET /BLA/resoluciones/dlf/unknown.png HTTP/1.1" 200 266
186.102.37.121 - - [06/Apr/2022:09:31:30 -0500] "GET /catalogoisis/ HTTP/1.1" 200 8575
186.102.37.121 - - [06/Apr/2022:09:31:30 -0500] "GET /catalogoisis/Css/Busqueda.css HTTP/1.1" 200 1995
186.102.37.121 - - [06/Apr/2022:09:31:30 -0500] "GET /catalogoisis/Js/AceptarLimpiar.js HTTP/1.1" 200 331
186.102.37.121 - - [06/Apr/2022:09:31:30 -0500] "GET /catalogoisis/Js/CriterioCombinada.js HTTP/1.1" 200 1843
186.102.37.121 - - [06/Apr/2022:09:31:30 -0500] "GET /catalogoisis/Js/Go.js HTTP/1.1" 200 364
186.102.37.121 - - [06/Apr/2022:09:31:30 -0500] "GET /catalogoisis/Js/Numero.js HTTP/1.1" 200 398
186.102.37.121 - - [06/Apr/2022:09:31:30 -0500] "GET /catalogoisis/Js/Enter.js HTTP/1.1" 200 1208
186.102.37.121 - - [06/Apr/2022:09:31:30 -0500] "GET /catalogoisis/Js/LimpiarCombinada.js HTTP/1.1" 200 207
186.102.37.121 - - [06/Apr/2022:09:31:30 -0500] "GET /catalogoisis/Js/Remote.js HTTP/1.1" 200 436
186.102.37.121 - - [06/Apr/2022:09:31:30 -0500] "GET /catalogoisis/Js/Cookies.js HTTP/1.1" 200 1369
186.102.37.121 - - [06/Apr/2022:09:31:30 -0500] "GET /catalogoisis/imagenes/Turnbo1.gif HTTP/1.1" 200 227
186.102.37.121 - - [06/Apr/2022:09:31:30 -0500] "GET /catalogoisis/imagenes/br1c3.gif HTTP/1.1" 200 302
186.102.37.121 - - [06/Apr/2022:09:31:30 -0500] "GET /catalogoisis/imagenes/br1c1.gif HTTP/1.1" 200 172
186.102.37.121 - - [06/Apr/2022:09:31:30 -0500] "GET /catalogoisis/imagenes/limpiar1.gif HTTP/1.1" 200 606
186.102.37.121 - - [06/Apr/2022:09:31:30 -0500] "GET /catalogoisis/imagenes/aceptar1.gif HTTP/1.1" 200 604
186.102.37.121 - - [06/Apr/2022:09:31:31 -0500] "GET /catalogoisis/imagenes/br2c2.gif HTTP/1.1" 200 302
186.102.37.121 - - [06/Apr/2022:09:31:31 -0500] "GET /catalogoisis/imagenes/br2c1.gif HTTP/1.1" 200 297
186.102.37.121 - - [06/Apr/2022:09:31:31 -0500] "GET /catalogoisis/imagenes/br1c2.gif HTTP/1.1" 200 297
186.102.37.121 - - [06/Apr/2022:09:31:31 -0500] "GET /catalogoisis/imagenes/br3c3.gif HTTP/1.1" 200 186
186.102.37.121 - - [06/Apr/2022:09:31:31 -0500] "GET /catalogoisis/imagenes/br3c1.gif HTTP/1.1" 200 177
186.102.37.121 - - [06/Apr/2022:09:31:30 -0500] "GET /catalogoisis/imagenes/Header.gif HTTP/1.1" 200 30313
186.102.37.121 - - [06/Apr/2022:09:31:31 -0500] "GET /catalogoisis/imagenes/br3c2.gif HTTP/1.1" 200 285
186.102.37.121 - - [06/Apr/2022:09:31:31 -0500] "GET /catalogoisis/imagenes/br2c3.gif HTTP/1.1" 200 416
186.102.37.121 - - [06/Apr/2022:09:31:31 -0500] "GET /favicon.ico HTTP/1.1" 200 7782
186.155.209.11 - - [06/Apr/2022:09:31:35 -0500] "GET /BLA/resoluciones/RESOLUCIONES%202002/RES%202002%201801-1850/20021837.tif HTTP/1.1" 200 153390
207.46.13.209 - - [06/Apr/2022:09:31:38 -0500] "GET / HTTP/1.1" 200 319
200.118.64.109 - - [06/Apr/2022:09:31:39 -0500] "POST /forms/lservlet;jsessionid=ac16012b30d647ad995b72194d60ad20dcbf6fa998f6.e3iSbxaKaheRe34Sc38RahyRchr0n6jAmljGr5XDqQLvpAe HTTP/1.1" 200 2
186.102.37.121 - - [06/Apr/2022:09:31:46 -0500] "GET /catalogoisis/Diccionario.php?i=3&form=0&element=5&prefix=lg-&first=yes HTTP/1.1" 200 4219
186.102.37.121 - - [06/Apr/2022:09:31:46 -0500] "GET /catalogoisis/Css/Diccionario.css HTTP/1.1" 200 1478
186.102.37.121 - - [06/Apr/2022:09:31:47 -0500] "GET /catalogoisis/Js/CriterioDiccionario.js HTTP/1.1" 200 608
186.102.37.121 - - [06/Apr/2022:09:31:47 -0500] "GET /catalogoisis/Js/LimpiarDiccionario.js HTTP/1.1" 200 98
186.102.37.121 - - [06/Apr/2022:09:31:47 -0500] "GET /catalogoisis/Js/Diccionario.js HTTP/1.1" 200 999
216.245.221.92 - - [06/Apr/2022:09:31:49 -0500] "HEAD / HTTP/1.1" 200 -
186.102.37.121 - - [06/Apr/2022:09:31:52 -0500] "GET /catalogoisis/imagenes/limpiar2.gif HTTP/1.1" 200 589
172.22.2.4 - - [06/Apr/2022:09:31:20 -0500] "GET /BLA/boletinlegal/ HTTP/1.1" 200 24523
172.22.2.4 - - [06/Apr/2022:09:31:20 -0500] "GET /BLA/boletinlegal/ HTTP/1.1" 200 24523
172.22.2.4 - - [06/Apr/2022:09:31:21 -0500] "GET /BLA/boletinlegal/ HTTP/1.1" 200 24523
172.22.2.4 - - [06/Apr/2022:09:32:11 -0500] "GET /BLA/boletinlegal/actos.php HTTP/1.1" 200 9559
172.22.2.4 - - [06/Apr/2022:09:32:12 -0500] "GET /BLA/boletinlegal/favicon.ico HTTP/1.1" 404 1326
172.22.2.4 - - [06/Apr/2022:09:32:15 -0500] "GET /BLA/boletinlegal/consulta_actos.php?tipo=resoluciones&no=&usuario=&sector=&fecha=2022&resuelve= HTTP/1.1" 200 35377
186.102.37.121 - - [06/Apr/2022:09:32:23 -0500] "GET /catalogoisis/imagenes/aceptar2.gif HTTP/1.1" 200 586
186.102.37.121 - - [06/Apr/2022:09:32:30 -0500] "GET /catalogoisis/imagenes/aceptar2.gif HTTP/1.1" 200 586
186.102.37.121 - - [06/Apr/2022:09:32:30 -0500] "GET /catalogoisis/imagenes/aceptar2.gif HTTP/1.1" 200 586
186.102.37.121 - - [06/Apr/2022:09:32:39 -0500] "GET /catalogoisis/imagenes/aceptar2.gif HTTP/1.1" 200 586
186.28.11.7 - - [06/Apr/2022:09:32:47 -0500] "GET /si-eres-mujer-y-te-gusta-el-cuidado-de-los-humedales-este-proceso-de-formacion-es-para-ti.html HTTP/1.1" 200 1025
186.102.37.121 - - [06/Apr/2022:09:32:48 -0500] "GET /catalogoisis/Diccionario.php?i=5&form=0&element=9&prefix=&first=yes HTTP/1.1" 200 4194
186.102.37.121 - - [06/Apr/2022:09:32:57 -0500] "GET /catalogoisis/imagenes/aceptar2.gif HTTP/1.1" 200 586
186.102.37.121 - - [06/Apr/2022:09:32:57 -0500] "GET /catalogoisis/imagenes/limpiar2.gif HTTP/1.1" 200 589
201.245.192.253 - - [06/Apr/2022:09:32:13 -0500] "POST /kwsrmcab/Wsrmcab HTTP/1.1" 200 45171
186.102.37.121 - - [06/Apr/2022:09:33:10 -0500] "GET /catalogoisis/imagenes/aceptar2.gif HTTP/1.1" 200 586
186.102.37.121 - - [06/Apr/2022:09:33:23 -0500] "GET /catalogoisis/imagenes/aceptar2.gif HTTP/1.1" 200 586
186.102.37.121 - - [06/Apr/2022:09:33:28 -0500] "GET /catalogoisis/imagenes/limpiar2.gif HTTP/1.1" 200 589
200.118.64.109 - - [06/Apr/2022:09:33:39 -0500] "POST /forms/lservlet;jsessionid=ac16012b30d647ad995b72194d60ad20dcbf6fa998f6.e3iSbxaKaheRe34Sc38RahyRchr0n6jAmljGr5XDqQLvpAe HTTP/1.1" 200 2
201.245.192.253 - - [06/Apr/2022:09:33:00 -0500] "POST /kwsrmcab/Wsrmcab HTTP/1.1" 200 45467
186.84.90.172 - - [06/Apr/2022:09:33:50 -0500] "GET /si-eres-mujer-y-te-gusta-el-cuidado-de-los-humedales-este-proceso-de-formacion-es-para-ti.html HTTP/1.1" 200 1025
186.28.113.137 - - [06/Apr/2022:09:33:59 -0500] "OPTIONS /kwssiamovil/sm/setfile/f HTTP/1.1" 200 13
186.28.113.137 - - [06/Apr/2022:09:33:59 -0500] "POST /kwssiamovil/sm/setfile/f HTTP/1.1" 200 381
186.102.37.121 - - [06/Apr/2022:09:34:21 -0500] "GET /catalogoisis/ HTTP/1.1" 200 8575
186.102.37.121 - - [06/Apr/2022:09:34:36 -0500] "GET /catalogoisis/Diccionario.php?i=5&form=0&element=9&prefix=&first=yes HTTP/1.1" 200 4194
186.102.37.121 - - [06/Apr/2022:09:34:47 -0500] "GET /catalogoisis/imagenes/aceptar2.gif HTTP/1.1" 200 586
186.102.37.121 - - [06/Apr/2022:09:34:51 -0500] "GET /catalogoisis/imagenes/aceptar2.gif HTTP/1.1" 200 586
186.30.65.154 - - [06/Apr/2022:09:34:52 -0500] "GET /galeria/galeria/jquery.fancybox.css?v=2.1.5 HTTP/1.1" 200 4895
186.30.65.154 - - [06/Apr/2022:09:34:52 -0500] "GET /BLA/boletinlegal/js/jquery.scrollShow.js HTTP/1.1" 200 4586
186.30.65.154 - - [06/Apr/2022:09:34:52 -0500] "GET /galeria/galeria/jquery.fancybox.js?v=2.1.5 HTTP/1.1" 200 48706
200.118.64.109 - - [06/Apr/2022:09:35:39 -0500] "POST /forms/lservlet;jsessionid=ac16012b30d647ad995b72194d60ad20dcbf6fa998f6.e3iSbxaKaheRe34Sc38RahyRchr0n6jAmljGr5XDqQLvpAe HTTP/1.1" 200 2
186.28.113.137 - - [06/Apr/2022:09:36:01 -0500] "OPTIONS /kwssiamovil/sm/setfile/f HTTP/1.1" 200 13
186.28.113.137 - - [06/Apr/2022:09:36:01 -0500] "POST /kwssiamovil/sm/setfile/f HTTP/1.1" 200 381
172.22.2.4 - - [06/Apr/2022:09:34:46 -0500] "HEAD /BLA/boletinlegal/ HTTP/1.1" 200 -
216.245.221.92 - - [06/Apr/2022:09:36:50 -0500] "HEAD / HTTP/1.1" 200 -
172.22.2.4 - - [06/Apr/2022:09:35:51 -0500] "GET /BLA/boletinlegal/ HTTP/1.1" 200 32715
191.156.52.58 - - [06/Apr/2022:09:37:05 -0500] "GET /si-eres-mujer-y-te-gusta-el-cuidado-de-los-humedales-este-proceso-de-formacion-es-para-ti.html?fbclid=IwAR2MIc0Ubt00eG30UkguK0IwkMnrreG4SRc4Kiwr-ABs8oS8QmsQuYMhvn0 HTTP/1.1" 200 1025
191.156.58.135 - - [06/Apr/2022:09:37:05 -0500] "GET /favicon.ico HTTP/1.1" 404 1136
172.22.2.4 - - [06/Apr/2022:09:35:36 -0500] "GET /BLA/boletinlegal/ HTTP/1.1" 200 51004
186.102.37.121 - - [06/Apr/2022:09:37:29 -0500] "GET /catalogoisis/imagenes/aceptar2.gif HTTP/1.1" 200 586
191.156.225.15 - - [06/Apr/2022:09:37:37 -0500] "GET /si-eres-mujer-y-te-gusta-el-cuidado-de-los-humedales-este-proceso-de-formacion-es-para-ti.html HTTP/1.1" 200 1025
200.118.64.109 - - [06/Apr/2022:09:37:39 -0500] "POST /forms/lservlet;jsessionid=ac16012b30d647ad995b72194d60ad20dcbf6fa998f6.e3iSbxaKaheRe34Sc38RahyRchr0n6jAmljGr5XDqQLvpAe HTTP/1.1" 200 2
186.28.113.137 - - [06/Apr/2022:09:37:44 -0500] "OPTIONS /kwssiamovil/sm/setfile/f HTTP/1.1" 200 13
186.28.113.137 - - [06/Apr/2022:09:37:44 -0500] "POST /kwssiamovil/sm/setfile/f HTTP/1.1" 200 381
66.249.65.13 - - [06/Apr/2022:09:37:52 -0500] "-" 408 -
173.252.107.1 - - [06/Apr/2022:09:37:57 -0500] "GET /images/pieza-mujeres-reverdecen-4-abril.jpg HTTP/1.1" 200 48916
186.86.33.1 - - [06/Apr/2022:09:38:23 -0500] "GET /si-eres-mujer-y-te-gusta-el-cuidado-de-los-humedales-este-proceso-de-formacion-es-para-ti.html HTTP/1.1" 304 -
172.22.2.4 - - [06/Apr/2022:09:38:39 -0500] "GET /BLA/boletinlegal/actos.php HTTP/1.1" 200 9559
172.22.2.4 - - [06/Apr/2022:09:38:39 -0500] "GET /BLA/boletinlegal/styles2.css HTTP/1.1" 200 1838
172.22.2.4 - - [06/Apr/2022:09:38:39 -0500] "GET /BLA/boletinlegal/js/ajax_actos.js HTTP/1.1" 200 1322
172.22.2.4 - - [06/Apr/2022:09:38:39 -0500] "GET /BLA/boletinlegal/style.css HTTP/1.1" 200 9406
172.22.2.4 - - [06/Apr/2022:09:38:39 -0500] "GET /BLA/boletinlegal/niceforms-default.css HTTP/1.1" 200 6694
172.22.2.4 - - [06/Apr/2022:09:38:39 -0500] "GET /BLA/boletinlegal/js/popup.js HTTP/1.1" 200 1270
172.22.2.4 - - [06/Apr/2022:09:38:39 -0500] "GET /BLA/boletinlegal/js/lib.js HTTP/1.1" 200 6474
172.22.2.4 - - [06/Apr/2022:09:38:39 -0500] "GET /BLA/boletinlegal/niceforms.js HTTP/1.1" 200 22876
172.22.2.4 - - [06/Apr/2022:09:38:39 -0500] "GET /BLA/boletinlegal/js/jquery1.js HTTP/1.1" 200 29846
172.22.2.4 - - [06/Apr/2022:09:38:40 -0500] "GET /BLA/boletinlegal/images/cabezote%20BLEGAL.jpg HTTP/1.1" 200 118164
172.22.2.4 - - [06/Apr/2022:09:38:40 -0500] "GET /BLA/boletinlegal/images/subscribe-icon-big.png HTTP/1.1" 200 47702
172.22.2.4 - - [06/Apr/2022:09:38:40 -0500] "GET /BLA/boletinlegal/images/historia.png HTTP/1.1" 200 52775
172.22.2.4 - - [06/Apr/2022:09:38:40 -0500] "GET /BLA/boletinlegal/images/abajo.png HTTP/1.1" 200 96676
172.22.2.4 - - [06/Apr/2022:09:38:40 -0500] "GET /BLA/boletinlegal/images/registro-usuarios.png HTTP/1.1" 200 8106
172.22.2.4 - - [06/Apr/2022:09:38:40 -0500] "GET /BLA/boletinlegal/images/green-yellow-blue-pink-th.png HTTP/1.1" 200 7394
172.22.2.4 - - [06/Apr/2022:09:38:40 -0500] "GET /BLA/boletinlegal/images/menu_lft.gif HTTP/1.1" 200 1713
172.22.2.4 - - [06/Apr/2022:09:38:40 -0500] "GET /BLA/boletinlegal/images/body_bg.jpg HTTP/1.1" 200 1601
172.22.2.4 - - [06/Apr/2022:09:38:41 -0500] "GET /BLA/boletinlegal/images/footer_bg.jpg HTTP/1.1" 200 586
172.22.2.4 - - [06/Apr/2022:09:38:41 -0500] "GET /BLA/boletinlegal/images/hover.jpg HTTP/1.1" 200 640
172.22.2.4 - - [06/Apr/2022:09:38:41 -0500] "GET /BLA/boletinlegal/images/menu_rght.gif HTTP/1.1" 200 1627
172.22.2.4 - - [06/Apr/2022:09:38:41 -0500] "GET /BLA/boletinlegal/images/bg_top.jpg HTTP/1.1" 200 522
172.22.2.4 - - [06/Apr/2022:09:38:41 -0500] "GET /BLA/boletinlegal/images/menu_bg.jpg HTTP/1.1" 200 620
172.22.2.4 - - [06/Apr/2022:09:38:42 -0500] "GET /BLA/boletinlegal/images/text.jpg HTTP/1.1" 200 568
172.22.2.4 - - [06/Apr/2022:09:38:42 -0500] "GET /BLA/boletinlegal/images/tel.png HTTP/1.1" 200 14477
172.22.2.4 - - [06/Apr/2022:09:38:42 -0500] "GET /BLA/boletinlegal/images/icono-email.png HTTP/1.1" 200 5544
172.22.2.4 - - [06/Apr/2022:09:38:42 -0500] "GET /BLA/boletinlegal/images/footer_bg_l.jpg HTTP/1.1" 200 776
172.22.2.4 - - [06/Apr/2022:09:38:42 -0500] "GET /BLA/boletinlegal/img/0.png HTTP/1.1" 200 110
172.22.2.4 - - [06/Apr/2022:09:38:42 -0500] "GET /BLA/boletinlegal/img/select-left.png HTTP/1.1" 200 263
172.22.2.4 - - [06/Apr/2022:09:38:42 -0500] "GET /BLA/boletinlegal/img/select-right.png HTTP/1.1" 200 44019
172.22.2.4 - - [06/Apr/2022:09:38:42 -0500] "GET /BLA/boletinlegal/img/button-left.png HTTP/1.1" 200 57071
172.22.2.4 - - [06/Apr/2022:09:38:42 -0500] "GET /BLA/boletinlegal/img/button.png HTTP/1.1" 200 43241
172.22.2.4 - - [06/Apr/2022:09:38:42 -0500] "GET /BLA/boletinlegal/img/button-right.png HTTP/1.1" 200 57878
172.22.2.4 - - [06/Apr/2022:09:38:42 -0500] "GET /BLA/boletinlegal/favicon.ico HTTP/1.1" 404 1326
172.22.2.4 - - [06/Apr/2022:09:38:55 -0500] "GET /BLA/boletinlegal/consulta_actos.php?tipo=autos&no=1644&usuario=&sector=&fecha=2021&resuelve= HTTP/1.1" 200 1132
172.22.2.4 - - [06/Apr/2022:09:38:55 -0500] "GET /BLA/boletinlegal/images/pdf.gif HTTP/1.1" 200 567
181.56.88.135 - - [06/Apr/2022:09:39:00 -0500] "GET /si-eres-mujer-y-te-gusta-el-cuidado-de-los-humedales-este-proceso-de-formacion-es-para-ti.html HTTP/1.1" 200 1025
186.148.168.245 - - [06/Apr/2022:09:39:20 -0500] "GET /sipse/faces/index.xhtml HTTP/1.1" 200 677
186.148.168.245 - - [06/Apr/2022:09:39:20 -0500] "GET /sipse/faces/javax.faces.resource/theme.css?ln=primefaces-sipse HTTP/1.1" 304 -
186.148.168.245 - - [06/Apr/2022:09:39:20 -0500] "GET /favicon.ico HTTP/1.1" 200 7782
186.148.168.245 - - [06/Apr/2022:09:39:20 -0500] "GET /sipse/faces/faces/autenticacion.xhtml HTTP/1.1" 200 12181
186.148.168.245 - - [06/Apr/2022:09:39:20 -0500] "GET /sipse/js/disable_browser_buttons.js HTTP/1.1" 304 -
186.148.168.245 - - [06/Apr/2022:09:39:20 -0500] "GET /sipse/css/custom_css_sg.css HTTP/1.1" 304 -
186.148.168.245 - - [06/Apr/2022:09:39:20 -0500] "GET /sipse/css/custom_css_sg_prime_login.css HTTP/1.1" 304 -
186.148.168.245 - - [06/Apr/2022:09:39:20 -0500] "GET /sipse/faces/javax.faces.resource/layout/layout.css?ln=primefaces&v=4.0 HTTP/1.1" 304 -
186.148.168.245 - - [06/Apr/2022:09:39:20 -0500] "GET /sipse/faces/javax.faces.resource/theme.css?ln=primefaces-sipse HTTP/1.1" 304 -
186.148.168.245 - - [06/Apr/2022:09:39:20 -0500] "GET /sipse/faces/javax.faces.resource/primefaces.css?ln=primefaces&v=4.0 HTTP/1.1" 304 -
186.148.168.245 - - [06/Apr/2022:09:39:20 -0500] "GET /sipse/js/funciones.js HTTP/1.1" 304 -
186.148.168.245 - - [06/Apr/2022:09:39:20 -0500] "GET /sipse/faces/javax.faces.resource/jquery/jquery.js?ln=primefaces&v=4.0 HTTP/1.1" 304 -
186.148.168.245 - - [06/Apr/2022:09:39:20 -0500] "GET /sipse/faces/javax.faces.resource/jquery/jquery-plugins.js?ln=primefaces&v=4.0 HTTP/1.1" 304 -
186.148.168.245 - - [06/Apr/2022:09:39:20 -0500] "GET /sipse/faces/javax.faces.resource/primefaces.js?ln=primefaces&v=4.0 HTTP/1.1" 304 -
186.148.168.245 - - [06/Apr/2022:09:39:20 -0500] "GET /sipse/faces/javax.faces.resource/layout/layout.js?ln=primefaces&v=4.0 HTTP/1.1" 304 -
186.148.168.245 - - [06/Apr/2022:09:39:20 -0500] "GET /sipse/css/imagen/logoSDG.png HTTP/1.1" 304 -
186.148.168.245 - - [06/Apr/2022:09:39:20 -0500] "GET /sipse/css/imagen/loginimg.png HTTP/1.1" 304 -
186.148.168.245 - - [06/Apr/2022:09:39:20 -0500] "GET /sipse/faces/javax.faces.resource/images/ui-icons_898989_256x240.png?ln=primefaces-aristo HTTP/1.1" 304 -
186.148.168.245 - - [06/Apr/2022:09:39:22 -0500] "POST /sipse/faces/autenticacion.xhtml HTTP/1.1" 200 12263
186.148.168.245 - - [06/Apr/2022:09:39:22 -0500] "GET /sipse/css/custom_css_sg_prime.css HTTP/1.1" 304 -
186.148.168.245 - - [06/Apr/2022:09:39:22 -0500] "GET /sipse/faces/javax.faces.resource/primefaces.css?ln=primefaces&v=4.0 HTTP/1.1" 304 -
186.148.168.245 - - [06/Apr/2022:09:39:22 -0500] "GET /sipse/faces/javax.faces.resource/layout/layout.css?ln=primefaces&v=4.0 HTTP/1.1" 304 -
186.148.168.245 - - [06/Apr/2022:09:39:22 -0500] "GET /sipse/faces/javax.faces.resource/theme.css?ln=primefaces-sipse HTTP/1.1" 304 -
186.148.168.245 - - [06/Apr/2022:09:39:22 -0500] "GET /sipse/faces/javax.faces.resource/jquery/jquery.js?ln=primefaces&v=4.0 HTTP/1.1" 304 -
186.148.168.245 - - [06/Apr/2022:09:39:22 -0500] "GET /sipse/faces/javax.faces.resource/jquery/jquery-plugins.js?ln=primefaces&v=4.0 HTTP/1.1" 304 -
186.148.168.245 - - [06/Apr/2022:09:39:22 -0500] "GET /sipse/faces/javax.faces.resource/primefaces.js?ln=primefaces&v=4.0 HTTP/1.1" 304 -
186.148.168.245 - - [06/Apr/2022:09:39:22 -0500] "GET /sipse/faces/javax.faces.resource/layout/layout.js?ln=primefaces&v=4.0 HTTP/1.1" 304 -
186.148.168.245 - - [06/Apr/2022:09:39:23 -0500] "GET /sipse/faces/javax.faces.resource/messages/messages.png?ln=primefaces&v=4.0 HTTP/1.1" 304 -
186.148.168.245 - - [06/Apr/2022:09:39:27 -0500] "POST /sipse/faces/presentacion/sistema/seguridad/seleccionRol.xhtml HTTP/1.1" 200 6697
186.148.168.245 - - [06/Apr/2022:09:39:28 -0500] "POST /sipse/faces/presentacion/sistema/seguridad/seleccionRol.xhtml HTTP/1.1" 200 17463
186.148.168.245 - - [06/Apr/2022:09:39:29 -0500] "GET /sipse/faces/javax.faces.resource/layout/layout.css?ln=primefaces&v=4.0 HTTP/1.1" 304 -
186.148.168.245 - - [06/Apr/2022:09:39:29 -0500] "GET /sipse/faces/javax.faces.resource/primefaces.css?ln=primefaces&v=4.0 HTTP/1.1" 304 -
186.148.168.245 - - [06/Apr/2022:09:39:29 -0500] "GET /sipse/faces/javax.faces.resource/theme.css?ln=primefaces-sipse HTTP/1.1" 304 -
186.148.168.245 - - [06/Apr/2022:09:39:29 -0500] "GET /sipse/js/jquery.min.js HTTP/1.1" 304 -
186.148.168.245 - - [06/Apr/2022:09:39:29 -0500] "GET /sipse/faces/javax.faces.resource/jquery/jquery.js?ln=primefaces&v=4.0 HTTP/1.1" 304 -
186.148.168.245 - - [06/Apr/2022:09:39:29 -0500] "GET /sipse/faces/javax.faces.resource/jquery/jquery-plugins.js?ln=primefaces&v=4.0 HTTP/1.1" 304 -
186.148.168.245 - - [06/Apr/2022:09:39:29 -0500] "GET /sipse/faces/javax.faces.resource/primefaces.js?ln=primefaces&v=4.0 HTTP/1.1" 304 -
186.148.168.245 - - [06/Apr/2022:09:39:29 -0500] "GET /sipse/faces/javax.faces.resource/layout/layout.js?ln=primefaces&v=4.0 HTTP/1.1" 304 -
186.148.168.245 - - [06/Apr/2022:09:39:29 -0500] "GET /sipse/imagenes/cargando.gif HTTP/1.1" 304 -
186.148.168.245 - - [06/Apr/2022:09:39:29 -0500] "GET /sipse/imagenes/logoAplicacion.jpg HTTP/1.1" 304 -
186.148.168.245 - - [06/Apr/2022:09:39:29 -0500] "GET /sipse/css/imagen/contrasena.png HTTP/1.1" 404 383
200.118.64.109 - - [06/Apr/2022:09:39:39 -0500] "POST /forms/lservlet;jsessionid=ac16012b30d647ad995b72194d60ad20dcbf6fa998f6.e3iSbxaKaheRe34Sc38RahyRchr0n6jAmljGr5XDqQLvpAe HTTP/1.1" 200 2
66.220.149.6 - - [06/Apr/2022:09:40:03 -0500] "GET /images/pieza-mujeres-reverdecen-4-abril.jpg HTTP/1.1" 200 48916
186.29.183.207 - - [06/Apr/2022:09:40:06 -0500] "GET /si-eres-mujer-y-te-gusta-el-cuidado-de-los-humedales-este-proceso-de-formacion-es-para-ti.html HTTP/1.1" 304 -
186.155.209.11 - - [06/Apr/2022:09:40:33 -0500] "GET /BLA/resoluciones/ HTTP/1.1" 200 13093
186.155.209.11 - - [06/Apr/2022:09:40:37 -0500] "GET /BLA/resoluciones/index.php?dir=AUTOS+2016%2F HTTP/1.1" 200 57291
186.155.209.11 - - [06/Apr/2022:09:40:41 -0500] "GET /BLA/resoluciones/index.php?dir=AUTOS+2006%2F HTTP/1.1" 200 9681
186.28.113.137 - - [06/Apr/2022:09:40:43 -0500] "OPTIONS /kwssiamovil/sm/setfile/f HTTP/1.1" 200 13
186.28.113.137 - - [06/Apr/2022:09:40:43 -0500] "POST /kwssiamovil/sm/setfile/f HTTP/1.1" 200 381
186.155.209.11 - - [06/Apr/2022:09:40:49 -0500] "GET /BLA/resoluciones/index.php?dir=AUTOS+2006%2FAUTOS+2006+3101+-+3200%2F HTTP/1.1" 200 22189
186.155.209.11 - - [06/Apr/2022:09:40:51 -0500] "GET /BLA/resoluciones/AUTOS%202006/AUTOS%202006%203101%20-%203200/00003108.tif HTTP/1.1" 200 87520
186.84.21.53 - - [06/Apr/2022:09:41:20 -0500] "GET /BLA/resoluciones/ HTTP/1.1" 200 13093
186.84.21.53 - - [06/Apr/2022:09:41:23 -0500] "GET /BLA/resoluciones/dlf/unknown.png HTTP/1.1" 200 266
186.84.21.53 - - [06/Apr/2022:09:41:23 -0500] "GET /BLA/resoluciones/index.php?dir=RESOLUCIONES+2016%2F HTTP/1.1" 200 167904
186.84.21.53 - - [06/Apr/2022:09:41:28 -0500] "GET /BLA/resoluciones/RESOLUCIONES%202016/1159.pdf HTTP/1.1" 200 559815
200.118.64.109 - - [06/Apr/2022:09:41:39 -0500] "POST /forms/lservlet;jsessionid=ac16012b30d647ad995b72194d60ad20dcbf6fa998f6.e3iSbxaKaheRe34Sc38RahyRchr0n6jAmljGr5XDqQLvpAe HTTP/1.1" 200 2
216.245.221.92 - - [06/Apr/2022:09:41:49 -0500] "HEAD / HTTP/1.1" 200 -
172.22.2.4 - - [06/Apr/2022:09:40:36 -0500] "HEAD /BLA/boletinlegal/ HTTP/1.1" 200 -
186.155.16.180 - - [06/Apr/2022:09:42:22 -0500] "GET /si-eres-mujer-y-te-gusta-el-cuidado-de-los-humedales-este-proceso-de-formacion-es-para-ti.html HTTP/1.1" 200 1025
199.16.157.183 - - [06/Apr/2022:09:42:31 -0500] "-" 408 -
190.24.73.226 - - [06/Apr/2022:09:42:58 -0500] "GET /si-usted-o-su-negocio-es-generador-de-residuos-hospitalarios-o-similares-debera-inscribirse-ante-la-secretaria-de-ambiente.html HTTP/1.1" 200 1117
