200.119.33.244 - - [08/Apr/2022:15:31:02 -0500] "GET /sipse/faces/javax.faces.resource/primefaces.css?ln=primefaces&v=4.0 HTTP/1.1" 304 -
200.119.33.244 - - [08/Apr/2022:15:31:02 -0500] "GET /sipse/faces/javax.faces.resource/jquery/jquery.js?ln=primefaces&v=4.0 HTTP/1.1" 304 -
200.119.33.244 - - [08/Apr/2022:15:31:02 -0500] "GET /sipse/faces/javax.faces.resource/jquery/jquery-plugins.js?ln=primefaces&v=4.0 HTTP/1.1" 304 -
200.119.33.244 - - [08/Apr/2022:15:31:03 -0500] "GET /sipse/faces/javax.faces.resource/primefaces.js?ln=primefaces&v=4.0 HTTP/1.1" 304 -
200.119.33.244 - - [08/Apr/2022:15:31:03 -0500] "GET /sipse/faces/javax.faces.resource/layout/layout.js?ln=primefaces&v=4.0 HTTP/1.1" 304 -
200.119.33.244 - - [08/Apr/2022:15:31:03 -0500] "POST /sipse/faces/presentacion/proyectos/proyecto/listarProyecto.xhtml HTTP/1.1" 200 77961
200.119.33.244 - - [08/Apr/2022:15:31:10 -0500] "POST /sipse/faces/presentacion/proyectos/proyecto/listarProyecto.xhtml HTTP/1.1" 200 4925
200.119.33.244 - - [08/Apr/2022:15:31:21 -0500] "POST /sipse/faces/presentacion/proyectos/proyecto/listarProyecto.xhtml HTTP/1.1" 200 4933
207.46.13.199 - - [08/Apr/2022:15:31:22 -0500] "GET /BLA/resoluciones/dlf/styles.css HTTP/1.1" 200 3049
200.119.33.244 - - [08/Apr/2022:15:31:39 -0500] "POST /sipse/faces/presentacion/proyectos/proyecto/listarProyecto.xhtml HTTP/1.1" 200 4925
200.119.33.244 - - [08/Apr/2022:15:31:40 -0500] "POST /sipse/faces/presentacion/proyectos/proyecto/listarProyecto.xhtml HTTP/1.1" 200 163
191.95.134.236 - - [08/Apr/2022:15:31:41 -0500] "POST /forms/lservlet;jsessionid=ac16012b30d626a26f7902d5494aaaa9fdb80d683c88.e3iSbxaKaheRe34Sc38RahyRchr0n6jAmljGr5XDqQLvpAe HTTP/1.1" 200 2
200.119.33.244 - - [08/Apr/2022:15:31:42 -0500] "GET /sipse/faces/javax.faces.resource/theme.css?ln=primefaces-sipse HTTP/1.1" 304 -
200.119.33.244 - - [08/Apr/2022:15:31:42 -0500] "GET /sipse/faces/javax.faces.resource/layout/layout.css?ln=primefaces&v=4.0 HTTP/1.1" 304 -
200.119.33.244 - - [08/Apr/2022:15:31:42 -0500] "GET /sipse/faces/javax.faces.resource/primefaces.css?ln=primefaces&v=4.0 HTTP/1.1" 304 -
200.119.33.244 - - [08/Apr/2022:15:31:42 -0500] "GET /sipse/faces/javax.faces.resource/jquery/jquery.js?ln=primefaces&v=4.0 HTTP/1.1" 304 -
200.119.33.244 - - [08/Apr/2022:15:31:41 -0500] "GET /sipse/faces/presentacion/proyectos/proyecto/proyecto.xhtml HTTP/1.1" 200 90272
200.119.33.244 - - [08/Apr/2022:15:31:42 -0500] "GET /sipse/faces/javax.faces.resource/jquery/jquery-plugins.js?ln=primefaces&v=4.0 HTTP/1.1" 304 -
200.119.33.244 - - [08/Apr/2022:15:31:42 -0500] "GET /sipse/faces/javax.faces.resource/primefaces.js?ln=primefaces&v=4.0 HTTP/1.1" 304 -
181.61.164.108 - - [08/Apr/2022:15:31:42 -0500] "GET /BLA/resoluciones/index.php?dir=RESOLUCIONES+2004%2FRES+2004+01-+50%2F HTTP/1.1" 200 11966
200.119.33.244 - - [08/Apr/2022:15:31:42 -0500] "GET /sipse/faces/javax.faces.resource/layout/layout.js?ln=primefaces&v=4.0 HTTP/1.1" 304 -
200.119.33.244 - - [08/Apr/2022:15:31:42 -0500] "POST /sipse/faces/presentacion/proyectos/proyecto/proyecto.xhtml HTTP/1.1" 200 3269
181.61.164.108 - - [08/Apr/2022:15:31:44 -0500] "GET /BLA/resoluciones/RESOLUCIONES%202004/RES%202004%2001-%2050/00000001.tif HTTP/1.1" 200 107232
181.61.164.108 - - [08/Apr/2022:15:31:45 -0500] "GET /BLA/resoluciones/RESOLUCIONES%202004/RES%202004%2001-%2050/00000002.tif HTTP/1.1" 200 493758
181.61.164.108 - - [08/Apr/2022:15:31:47 -0500] "GET /BLA/resoluciones/RESOLUCIONES%202004/RES%202004%2001-%2050/00000003.tif HTTP/1.1" 200 53634
181.61.164.108 - - [08/Apr/2022:15:31:49 -0500] "GET /BLA/resoluciones/RESOLUCIONES%202004/RES%202004%2001-%2050/00000004.tif HTTP/1.1" 200 219232
181.61.164.108 - - [08/Apr/2022:15:31:51 -0500] "GET /BLA/resoluciones/RESOLUCIONES%202004/RES%202004%2001-%2050/00000005.tif HTTP/1.1" 200 64410
181.61.164.108 - - [08/Apr/2022:15:32:03 -0500] "GET /BLA/resoluciones/RESOLUCIONES%202004/RES%202004%2001-%2050/00000006.tif HTTP/1.1" 200 31896
181.61.164.108 - - [08/Apr/2022:15:32:15 -0500] "GET /BLA/resoluciones/RESOLUCIONES%202004/RES%202004%2001-%2050/00000007.tif HTTP/1.1" 200 57038
191.95.134.236 - - [08/Apr/2022:15:32:16 -0500] "POST /forms/lservlet;jsessionid=ac16012b30d626a26f7902d5494aaaa9fdb80d683c88.e3iSbxaKaheRe34Sc38RahyRchr0n6jAmljGr5XDqQLvpAe HTTP/1.1" 200 2
181.61.164.108 - - [08/Apr/2022:15:32:17 -0500] "GET /BLA/resoluciones/RESOLUCIONES%202004/RES%202004%2001-%2050/00000008.tif HTTP/1.1" 200 52914
191.95.134.236 - - [08/Apr/2022:15:32:16 -0500] "POST /forms/lservlet;jsessionid=ac16012b30d626a26f7902d5494aaaa9fdb80d683c88.e3iSbxaKaheRe34Sc38RahyRchr0n6jAmljGr5XDqQLvpAe HTTP/1.1" 200 14
191.95.134.236 - - [08/Apr/2022:15:32:18 -0500] "POST /forms/lservlet;jsessionid=ac16012b30d626a26f7902d5494aaaa9fdb80d683c88.e3iSbxaKaheRe34Sc38RahyRchr0n6jAmljGr5XDqQLvpAe HTTP/1.1" 200 14
191.95.134.236 - - [08/Apr/2022:15:32:19 -0500] "POST /forms/lservlet;jsessionid=ac16012b30d626a26f7902d5494aaaa9fdb80d683c88.e3iSbxaKaheRe34Sc38RahyRchr0n6jAmljGr5XDqQLvpAe HTTP/1.1" 200 14
191.95.134.236 - - [08/Apr/2022:15:32:20 -0500] "POST /forms/lservlet;jsessionid=ac16012b30d626a26f7902d5494aaaa9fdb80d683c88.e3iSbxaKaheRe34Sc38RahyRchr0n6jAmljGr5XDqQLvpAe HTTP/1.1" 200 14
191.95.134.236 - - [08/Apr/2022:15:32:22 -0500] "POST /forms/lservlet;jsessionid=ac16012b30d626a26f7902d5494aaaa9fdb80d683c88.e3iSbxaKaheRe34Sc38RahyRchr0n6jAmljGr5XDqQLvpAe HTTP/1.1" 200 15
191.95.134.236 - - [08/Apr/2022:15:32:25 -0500] "POST /forms/lservlet;jsessionid=ac16012b30d626a26f7902d5494aaaa9fdb80d683c88.e3iSbxaKaheRe34Sc38RahyRchr0n6jAmljGr5XDqQLvpAe HTTP/1.1" 200 107
191.95.134.236 - - [08/Apr/2022:15:32:25 -0500] "POST /forms/lservlet;jsessionid=ac16012b30d626a26f7902d5494aaaa9fdb80d683c88.e3iSbxaKaheRe34Sc38RahyRchr0n6jAmljGr5XDqQLvpAe HTTP/1.1" 200 2
191.95.134.236 - - [08/Apr/2022:15:32:25 -0500] "GET /reports/rwservlet/getjobid74748?server=repnomi HTTP/1.1" 200 57168
181.61.164.108 - - [08/Apr/2022:15:32:41 -0500] "GET /BLA/resoluciones/RESOLUCIONES%202004/RES%202004%2001-%2050/00000009.tif HTTP/1.1" 200 216794
181.61.164.108 - - [08/Apr/2022:15:32:42 -0500] "GET /BLA/resoluciones/RESOLUCIONES%202004/RES%202004%2001-%2050/00000010.tif HTTP/1.1" 200 31964
216.245.221.92 - - [08/Apr/2022:15:32:42 -0500] "HEAD / HTTP/1.1" 200 -
181.61.164.108 - - [08/Apr/2022:15:32:43 -0500] "GET /BLA/resoluciones/RESOLUCIONES%202004/RES%202004%2001-%2050/00000011.tif HTTP/1.1" 200 56342
181.61.164.108 - - [08/Apr/2022:15:32:45 -0500] "GET /BLA/resoluciones/RESOLUCIONES%202004/RES%202004%2001-%2050/00000012.tif HTTP/1.1" 200 55250
181.61.164.108 - - [08/Apr/2022:15:32:47 -0500] "GET /BLA/resoluciones/RESOLUCIONES%202004/RES%202004%2001-%2050/00000013.tif HTTP/1.1" 200 64688
181.61.164.108 - - [08/Apr/2022:15:32:48 -0500] "GET /BLA/resoluciones/RESOLUCIONES%202004/RES%202004%2001-%2050/00000014.tif HTTP/1.1" 200 57186
181.61.164.108 - - [08/Apr/2022:15:32:48 -0500] "GET /BLA/resoluciones/RESOLUCIONES%202004/RES%202004%2001-%2050/00000015.tif HTTP/1.1" 200 126130
181.61.164.108 - - [08/Apr/2022:15:32:49 -0500] "GET /BLA/resoluciones/RESOLUCIONES%202004/RES%202004%2001-%2050/00000016.tif HTTP/1.1" 200 33104
181.61.164.108 - - [08/Apr/2022:15:32:50 -0500] "GET /BLA/resoluciones/RESOLUCIONES%202004/RES%202004%2001-%2050/00000017.tif HTTP/1.1" 200 103314
181.61.164.108 - - [08/Apr/2022:15:32:51 -0500] "GET /BLA/resoluciones/RESOLUCIONES%202004/RES%202004%2001-%2050/00000018.tif HTTP/1.1" 200 24874
172.22.2.1 - - [08/Apr/2022:15:32:51 -0500] "GET /reportes_sipse/sdg/ServletViabilidad?reporte=memo_viabilidad&solicitud=17731 HTTP/1.1" 200 1538
181.61.164.108 - - [08/Apr/2022:15:32:52 -0500] "GET /BLA/resoluciones/RESOLUCIONES%202004/RES%202004%2001-%2050/00000019.tif HTTP/1.1" 200 34016
181.61.164.108 - - [08/Apr/2022:15:32:53 -0500] "GET /BLA/resoluciones/RESOLUCIONES%202004/RES%202004%2001-%2050/00000020.tif HTTP/1.1" 200 29668
181.61.164.108 - - [08/Apr/2022:15:32:53 -0500] "GET /BLA/resoluciones/RESOLUCIONES%202004/RES%202004%2001-%2050/00000021.tif HTTP/1.1" 200 52204
181.61.164.108 - - [08/Apr/2022:15:32:54 -0500] "GET /BLA/resoluciones/RESOLUCIONES%202004/RES%202004%2001-%2050/00000022.tif HTTP/1.1" 200 65530
181.61.164.108 - - [08/Apr/2022:15:32:55 -0500] "GET /BLA/resoluciones/RESOLUCIONES%202004/RES%202004%2001-%2050/00000023.tif HTTP/1.1" 200 91312
181.61.164.108 - - [08/Apr/2022:15:32:56 -0500] "GET /BLA/resoluciones/RESOLUCIONES%202004/RES%202004%2001-%2050/00000024.tif HTTP/1.1" 200 323402
181.61.164.108 - - [08/Apr/2022:15:32:56 -0500] "GET /BLA/resoluciones/RESOLUCIONES%202004/RES%202004%2001-%2050/00000025.tif HTTP/1.1" 200 92082
181.61.164.108 - - [08/Apr/2022:15:32:59 -0500] "GET /BLA/resoluciones/RESOLUCIONES%202004/RES%202004%2001-%2050/00000026.tif HTTP/1.1" 200 31904
181.61.164.108 - - [08/Apr/2022:15:33:00 -0500] "GET /BLA/resoluciones/RESOLUCIONES%202004/RES%202004%2001-%2050/00000027.tif HTTP/1.1" 200 30260
66.249.65.13 - - [08/Apr/2022:15:33:00 -0500] "-" 408 -
181.61.164.108 - - [08/Apr/2022:15:33:00 -0500] "GET /BLA/resoluciones/RESOLUCIONES%202004/RES%202004%2001-%2050/00000028.tif HTTP/1.1" 200 194546
181.61.164.108 - - [08/Apr/2022:15:33:01 -0500] "GET /BLA/resoluciones/RESOLUCIONES%202004/RES%202004%2001-%2050/00000029.tif HTTP/1.1" 200 87736
181.61.164.108 - - [08/Apr/2022:15:33:02 -0500] "GET /BLA/resoluciones/RESOLUCIONES%202004/RES%202004%2001-%2050/00000030.tif HTTP/1.1" 200 96290
181.61.164.108 - - [08/Apr/2022:15:33:03 -0500] "GET /BLA/resoluciones/RESOLUCIONES%202004/RES%202004%2001-%2050/00000031.tif HTTP/1.1" 200 96368
181.61.164.108 - - [08/Apr/2022:15:33:03 -0500] "GET /BLA/resoluciones/RESOLUCIONES%202004/RES%202004%2001-%2050/00000032.tif HTTP/1.1" 200 100016
181.61.164.108 - - [08/Apr/2022:15:33:04 -0500] "GET /BLA/resoluciones/RESOLUCIONES%202004/RES%202004%2001-%2050/00000033.tif HTTP/1.1" 200 100148
181.61.164.108 - - [08/Apr/2022:15:33:05 -0500] "GET /BLA/resoluciones/RESOLUCIONES%202004/RES%202004%2001-%2050/00000034.tif HTTP/1.1" 200 102362
181.61.164.108 - - [08/Apr/2022:15:33:06 -0500] "GET /BLA/resoluciones/RESOLUCIONES%202004/RES%202004%2001-%2050/00000035.tif HTTP/1.1" 200 94828
181.61.164.108 - - [08/Apr/2022:15:33:07 -0500] "GET /BLA/resoluciones/RESOLUCIONES%202004/RES%202004%2001-%2050/00000036.tif HTTP/1.1" 200 99410
181.61.164.108 - - [08/Apr/2022:15:33:07 -0500] "GET /BLA/resoluciones/RESOLUCIONES%202004/RES%202004%2001-%2050/00000037.tif HTTP/1.1" 200 100056
181.61.164.108 - - [08/Apr/2022:15:33:08 -0500] "GET /BLA/resoluciones/RESOLUCIONES%202004/RES%202004%2001-%2050/00000038.tif HTTP/1.1" 200 104868
190.93.138.59 - - [08/Apr/2022:15:33:11 -0500] "GET /mesa/contrasena.pdf HTTP/1.1" 200 443199
190.93.138.59 - - [08/Apr/2022:15:33:12 -0500] "GET /mesa/contrasena.pdf HTTP/1.1" 206 1
190.93.138.59 - - [08/Apr/2022:15:33:12 -0500] "GET /mesa/contrasena.pdf HTTP/1.1" 206 306231
217.182.175.162 - - [08/Apr/2022:15:33:18 -0500] "HEAD /en-semana-santa-no-uses-palmas-ni-traigas-o-consumas-animales-silvestres.html HTTP/1.1" 200 -
217.182.175.162 - - [08/Apr/2022:15:33:18 -0500] "HEAD /en-semana-santa-no-uses-palmas-ni-traigas-o-consumas-animales-silvestres.html HTTP/1.1" 200 -
217.182.175.162 - - [08/Apr/2022:15:33:18 -0500] "HEAD /en-semana-santa-no-uses-palmas-ni-traigas-o-consumas-animales-silvestres.html HTTP/1.1" 200 -
217.182.175.162 - - [08/Apr/2022:15:33:18 -0500] "HEAD /en-semana-santa-no-uses-palmas-ni-traigas-o-consumas-animales-silvestres.html HTTP/1.1" 200 -
201.245.192.253 - - [08/Apr/2022:15:33:22 -0500] "GET /BLA/resoluciones/ HTTP/1.1" 200 13093
191.95.134.236 - - [08/Apr/2022:15:33:25 -0500] "POST /forms/lservlet;jsessionid=ac16012b30d626a26f7902d5494aaaa9fdb80d683c88.e3iSbxaKaheRe34Sc38RahyRchr0n6jAmljGr5XDqQLvpAe HTTP/1.1" 200 2
191.95.134.236 - - [08/Apr/2022:15:33:25 -0500] "POST /forms/lservlet;jsessionid=ac16012b30d626a26f7902d5494aaaa9fdb80d683c88.e3iSbxaKaheRe34Sc38RahyRchr0n6jAmljGr5XDqQLvpAe HTTP/1.1" 200 2365
191.95.134.236 - - [08/Apr/2022:15:33:25 -0500] "POST /forms/lservlet;jsessionid=ac16012b30d626a26f7902d5494aaaa9fdb80d683c88.e3iSbxaKaheRe34Sc38RahyRchr0n6jAmljGr5XDqQLvpAe HTTP/1.1" 200 10
181.61.164.108 - - [08/Apr/2022:15:33:27 -0500] "GET /BLA/resoluciones/RESOLUCIONES%202004/RES%202004%2001-%2050/00000039.tif HTTP/1.1" 200 98582
191.95.134.236 - - [08/Apr/2022:15:33:28 -0500] "POST /forms/lservlet;jsessionid=ac16012b30d626a26f7902d5494aaaa9fdb80d683c88.e3iSbxaKaheRe34Sc38RahyRchr0n6jAmljGr5XDqQLvpAe HTTP/1.1" 200 24
181.61.164.108 - - [08/Apr/2022:15:33:28 -0500] "GET /BLA/resoluciones/RESOLUCIONES%202004/RES%202004%2001-%2050/00000040.tif HTTP/1.1" 200 95816
181.61.164.108 - - [08/Apr/2022:15:33:28 -0500] "GET /BLA/resoluciones/RESOLUCIONES%202004/RES%202004%2001-%2050/00000041.tif HTTP/1.1" 200 104882
191.95.134.236 - - [08/Apr/2022:15:33:28 -0500] "POST /forms/lservlet;jsessionid=ac16012b30d626a26f7902d5494aaaa9fdb80d683c88.e3iSbxaKaheRe34Sc38RahyRchr0n6jAmljGr5XDqQLvpAe HTTP/1.1" 200 14
181.61.164.108 - - [08/Apr/2022:15:33:29 -0500] "GET /BLA/resoluciones/RESOLUCIONES%202004/RES%202004%2001-%2050/00000042.tif HTTP/1.1" 200 102524
191.95.134.236 - - [08/Apr/2022:15:33:29 -0500] "POST /forms/lservlet;jsessionid=ac16012b30d626a26f7902d5494aaaa9fdb80d683c88.e3iSbxaKaheRe34Sc38RahyRchr0n6jAmljGr5XDqQLvpAe HTTP/1.1" 200 3843
191.95.134.236 - - [08/Apr/2022:15:33:30 -0500] "POST /forms/lservlet;jsessionid=ac16012b30d626a26f7902d5494aaaa9fdb80d683c88.e3iSbxaKaheRe34Sc38RahyRchr0n6jAmljGr5XDqQLvpAe HTTP/1.1" 200 2
181.61.164.108 - - [08/Apr/2022:15:33:30 -0500] "GET /BLA/resoluciones/RESOLUCIONES%202004/RES%202004%2001-%2050/00000043.tif HTTP/1.1" 200 88606
201.245.192.253 - - [08/Apr/2022:15:33:25 -0500] "GET /BLA/resoluciones/index.php?dir=AUTOS+2013%2F HTTP/1.1" 200 405472
181.61.164.108 - - [08/Apr/2022:15:33:31 -0500] "GET /BLA/resoluciones/RESOLUCIONES%202004/RES%202004%2001-%2050/00000044.tif HTTP/1.1" 200 97952
201.245.192.253 - - [08/Apr/2022:15:33:31 -0500] "GET /BLA/resoluciones/AUTOS%202013/2617.pdf HTTP/1.1" 200 841492
181.61.164.108 - - [08/Apr/2022:15:33:32 -0500] "GET /BLA/resoluciones/RESOLUCIONES%202004/RES%202004%2001-%2050/00000045.tif HTTP/1.1" 200 66672
181.61.164.108 - - [08/Apr/2022:15:33:32 -0500] "GET /BLA/resoluciones/RESOLUCIONES%202004/RES%202004%2001-%2050/00000046.tif HTTP/1.1" 200 7860
181.61.164.108 - - [08/Apr/2022:15:33:33 -0500] "GET /BLA/resoluciones/RESOLUCIONES%202004/RES%202004%2001-%2050/00000047.tif HTTP/1.1" 200 7924
181.61.164.108 - - [08/Apr/2022:15:33:34 -0500] "GET /BLA/resoluciones/RESOLUCIONES%202004/RES%202004%2001-%2050/00000048.tif HTTP/1.1" 200 62094
181.61.164.108 - - [08/Apr/2022:15:33:35 -0500] "GET /BLA/resoluciones/RESOLUCIONES%202004/RES%202004%2001-%2050/00000049.tif HTTP/1.1" 200 103560
181.61.164.108 - - [08/Apr/2022:15:33:35 -0500] "GET /BLA/resoluciones/RESOLUCIONES%202004/RES%202004%2001-%2050/00000050.tif HTTP/1.1" 200 33474
191.95.134.236 - - [08/Apr/2022:15:33:41 -0500] "POST /forms/lservlet;jsessionid=ac16012b30d626a26f7902d5494aaaa9fdb80d683c88.e3iSbxaKaheRe34Sc38RahyRchr0n6jAmljGr5XDqQLvpAe HTTP/1.1" 200 2
201.245.192.253 - - [08/Apr/2022:15:33:02 -0500] "POST /kwsrmcab/Wsrmcab HTTP/1.1" 200 46075
201.245.192.253 - - [08/Apr/2022:15:33:49 -0500] "POST /kwsrmcab/Wsrmcab HTTP/1.1" 200 45770
207.46.13.43 - - [08/Apr/2022:15:34:40 -0500] "GET /BLA/resoluciones/RESOLUCIONES%202021/2042.pdf HTTP/1.1" 304 -
200.119.33.244 - - [08/Apr/2022:15:34:45 -0500] "POST /sipse/faces/presentacion/proyectos/proyecto/proyecto.xhtml HTTP/1.1" 200 45543
200.119.33.244 - - [08/Apr/2022:15:34:46 -0500] "GET /sipse/faces/javax.faces.resource/spacer/dot_clear.gif?ln=primefaces&v=4.0 HTTP/1.1" 304 -
200.119.33.244 - - [08/Apr/2022:15:34:46 -0500] "POST /sipse/faces/presentacion/proyectos/proyecto/proyecto.xhtml HTTP/1.1" 200 3970
200.119.33.244 - - [08/Apr/2022:15:34:50 -0500] "POST /sipse/faces/presentacion/proyectos/proyecto/proyecto.xhtml HTTP/1.1" 200 40337
200.119.33.244 - - [08/Apr/2022:15:34:56 -0500] "POST /sipse/faces/presentacion/proyectos/proyecto/proyecto.xhtml HTTP/1.1" 200 162416
200.119.33.244 - - [08/Apr/2022:15:34:57 -0500] "GET /sipse/faces/javax.faces.resource/theme.css?ln=primefaces-sipse HTTP/1.1" 304 -
200.119.33.244 - - [08/Apr/2022:15:34:57 -0500] "GET /sipse/faces/javax.faces.resource/primefaces.css?ln=primefaces&v=4.0 HTTP/1.1" 304 -
200.119.33.244 - - [08/Apr/2022:15:34:57 -0500] "GET /sipse/faces/javax.faces.resource/jquery/jquery.js?ln=primefaces&v=4.0 HTTP/1.1" 304 -
200.119.33.244 - - [08/Apr/2022:15:34:57 -0500] "GET /sipse/faces/javax.faces.resource/layout/layout.css?ln=primefaces&v=4.0 HTTP/1.1" 304 -
200.119.33.244 - - [08/Apr/2022:15:34:57 -0500] "GET /sipse/faces/javax.faces.resource/jquery/jquery-plugins.js?ln=primefaces&v=4.0 HTTP/1.1" 304 -
200.119.33.244 - - [08/Apr/2022:15:34:57 -0500] "GET /sipse/faces/javax.faces.resource/primefaces.js?ln=primefaces&v=4.0 HTTP/1.1" 304 -
200.119.33.244 - - [08/Apr/2022:15:34:57 -0500] "GET /sipse/faces/javax.faces.resource/layout/layout.js?ln=primefaces&v=4.0 HTTP/1.1" 304 -
191.95.134.236 - - [08/Apr/2022:15:35:04 -0500] "POST /forms/lservlet;jsessionid=ac16012b30d626a26f7902d5494aaaa9fdb80d683c88.e3iSbxaKaheRe34Sc38RahyRchr0n6jAmljGr5XDqQLvpAe HTTP/1.1" 200 2
191.95.134.236 - - [08/Apr/2022:15:35:04 -0500] "POST /forms/lservlet;jsessionid=ac16012b30d626a26f7902d5494aaaa9fdb80d683c88.e3iSbxaKaheRe34Sc38RahyRchr0n6jAmljGr5XDqQLvpAe HTTP/1.1" 200 14
191.95.134.236 - - [08/Apr/2022:15:35:05 -0500] "POST /forms/lservlet;jsessionid=ac16012b30d626a26f7902d5494aaaa9fdb80d683c88.e3iSbxaKaheRe34Sc38RahyRchr0n6jAmljGr5XDqQLvpAe HTTP/1.1" 200 14
191.95.134.236 - - [08/Apr/2022:15:35:07 -0500] "POST /forms/lservlet;jsessionid=ac16012b30d626a26f7902d5494aaaa9fdb80d683c88.e3iSbxaKaheRe34Sc38RahyRchr0n6jAmljGr5XDqQLvpAe HTTP/1.1" 200 14
191.95.134.236 - - [08/Apr/2022:15:35:08 -0500] "POST /forms/lservlet;jsessionid=ac16012b30d626a26f7902d5494aaaa9fdb80d683c88.e3iSbxaKaheRe34Sc38RahyRchr0n6jAmljGr5XDqQLvpAe HTTP/1.1" 200 14
191.95.134.236 - - [08/Apr/2022:15:35:10 -0500] "POST /forms/lservlet;jsessionid=ac16012b30d626a26f7902d5494aaaa9fdb80d683c88.e3iSbxaKaheRe34Sc38RahyRchr0n6jAmljGr5XDqQLvpAe HTTP/1.1" 200 15
191.95.134.236 - - [08/Apr/2022:15:35:13 -0500] "POST /forms/lservlet;jsessionid=ac16012b30d626a26f7902d5494aaaa9fdb80d683c88.e3iSbxaKaheRe34Sc38RahyRchr0n6jAmljGr5XDqQLvpAe HTTP/1.1" 200 106
191.95.134.236 - - [08/Apr/2022:15:35:13 -0500] "POST /forms/lservlet;jsessionid=ac16012b30d626a26f7902d5494aaaa9fdb80d683c88.e3iSbxaKaheRe34Sc38RahyRchr0n6jAmljGr5XDqQLvpAe HTTP/1.1" 200 2
191.95.134.236 - - [08/Apr/2022:15:35:13 -0500] "GET /reports/rwservlet/getjobid74749?server=repnomi HTTP/1.1" 200 47651
181.61.164.108 - - [08/Apr/2022:15:35:18 -0500] "GET /BLA/resoluciones/index.php?dir=RESOLUCIONES+2004%2FRES+2004+51-100%2F HTTP/1.1" 200 11980
181.61.164.108 - - [08/Apr/2022:15:35:19 -0500] "GET /BLA/resoluciones/RESOLUCIONES%202004/RES%202004%2051-100/00000051.tif HTTP/1.1" 200 35722
181.61.164.108 - - [08/Apr/2022:15:35:20 -0500] "GET /BLA/resoluciones/RESOLUCIONES%202004/RES%202004%2051-100/00000052.tif HTTP/1.1" 200 100640
181.61.164.108 - - [08/Apr/2022:15:35:21 -0500] "GET /BLA/resoluciones/RESOLUCIONES%202004/RES%202004%2051-100/00000053.tif HTTP/1.1" 200 102462
181.61.164.108 - - [08/Apr/2022:15:35:22 -0500] "GET /BLA/resoluciones/RESOLUCIONES%202004/RES%202004%2051-100/00000054.tif HTTP/1.1" 200 95824
181.61.164.108 - - [08/Apr/2022:15:35:25 -0500] "GET /BLA/resoluciones/RESOLUCIONES%202004/RES%202004%2051-100/00000055.tif HTTP/1.1" 200 99334
181.61.164.108 - - [08/Apr/2022:15:35:31 -0500] "GET /BLA/resoluciones/RESOLUCIONES%202004/RES%202004%2051-100/00000056.tif HTTP/1.1" 200 821504
181.61.164.108 - - [08/Apr/2022:15:35:34 -0500] "GET /BLA/resoluciones/RESOLUCIONES%202004/RES%202004%2051-100/00000057.tif HTTP/1.1" 200 36100
172.22.2.4 - - [08/Apr/2022:15:35:34 -0500] "GET /BLA/boletinlegal/actos.php HTTP/1.1" 200 9559
172.22.2.4 - - [08/Apr/2022:15:35:34 -0500] "GET /BLA/boletinlegal/favicon.ico HTTP/1.1" 404 1326
181.61.164.108 - - [08/Apr/2022:15:35:35 -0500] "GET /BLA/resoluciones/RESOLUCIONES%202004/RES%202004%2051-100/00000058.tif HTTP/1.1" 200 97600
181.61.164.108 - - [08/Apr/2022:15:35:36 -0500] "GET /BLA/resoluciones/RESOLUCIONES%202004/RES%202004%2051-100/00000059.tif HTTP/1.1" 200 203050
186.96.97.81 - - [08/Apr/2022:15:35:36 -0500] "GET /BLA/resoluciones/dlf/styles.css HTTP/1.1" 200 3049
186.96.97.81 - - [08/Apr/2022:15:35:36 -0500] "GET /BLA/resoluciones/ HTTP/1.1" 200 13093
186.96.97.81 - - [08/Apr/2022:15:35:36 -0500] "GET /BLA/resoluciones/dlf/folder.png HTTP/1.1" 200 410
186.96.97.81 - - [08/Apr/2022:15:35:36 -0500] "GET /BLA/resoluciones/dlf/bg.gif HTTP/1.1" 200 54
186.96.97.81 - - [08/Apr/2022:15:35:36 -0500] "GET /favicon.ico HTTP/1.1" 200 7782
181.61.164.108 - - [08/Apr/2022:15:35:38 -0500] "GET /BLA/resoluciones/RESOLUCIONES%202004/RES%202004%2051-100/00000060.tif HTTP/1.1" 200 101098
181.61.164.108 - - [08/Apr/2022:15:35:39 -0500] "GET /BLA/resoluciones/RESOLUCIONES%202004/RES%202004%2051-100/00000061.tif HTTP/1.1" 200 144834
181.61.164.108 - - [08/Apr/2022:15:35:41 -0500] "GET /BLA/resoluciones/RESOLUCIONES%202004/RES%202004%2051-100/00000062.tif HTTP/1.1" 200 711602
191.95.134.236 - - [08/Apr/2022:15:35:41 -0500] "POST /forms/lservlet;jsessionid=ac16012b30d626a26f7902d5494aaaa9fdb80d683c88.e3iSbxaKaheRe34Sc38RahyRchr0n6jAmljGr5XDqQLvpAe HTTP/1.1" 200 2
186.96.97.81 - - [08/Apr/2022:15:35:42 -0500] "GET /BLA/resoluciones/dlf/pdf.gif HTTP/1.1" 200 272
186.96.97.81 - - [08/Apr/2022:15:35:42 -0500] "GET /BLA/resoluciones/dlf/dirup.png HTTP/1.1" 200 644
186.96.97.81 - - [08/Apr/2022:15:35:41 -0500] "GET /BLA/resoluciones/index.php?dir=AUTOS+2019%2F HTTP/1.1" 200 342490
181.61.164.108 - - [08/Apr/2022:15:35:43 -0500] "GET /BLA/resoluciones/RESOLUCIONES%202004/RES%202004%2051-100/00000063.tif HTTP/1.1" 200 407838
186.102.9.82 - - [08/Apr/2022:15:35:45 -0500] "GET /kwssiamovil/sm/ldap/au?x=U2FsdGVkX1/Oxke0OMD6t9h2D4P23a89uWhNV9xxZiqrK8bk/2e5R8GYlXKqStTu&y=U2FsdGVkX18bwfN9Lk5HCEIofoPBW2+f0/xl97pV6hc= HTTP/1.1" 200 30
181.61.164.108 - - [08/Apr/2022:15:35:48 -0500] "GET /BLA/resoluciones/RESOLUCIONES%202004/RES%202004%2051-100/00000064.tif HTTP/1.1" 200 115708
172.22.2.4 - - [08/Apr/2022:15:34:14 -0500] "HEAD /BLA/boletinlegal/ HTTP/1.1" 200 -
181.61.164.108 - - [08/Apr/2022:15:35:54 -0500] "GET /BLA/resoluciones/RESOLUCIONES%202004/RES%202004%2051-100/00000065.tif HTTP/1.1" 200 100622
181.61.164.108 - - [08/Apr/2022:15:35:55 -0500] "GET /BLA/resoluciones/RESOLUCIONES%202004/RES%202004%2051-100/00000066.tif HTTP/1.1" 200 106332
181.61.164.108 - - [08/Apr/2022:15:35:57 -0500] "GET /BLA/resoluciones/RESOLUCIONES%202004/RES%202004%2051-100/00000067.tif HTTP/1.1" 200 100996
181.61.164.108 - - [08/Apr/2022:15:35:58 -0500] "GET /BLA/resoluciones/RESOLUCIONES%202004/RES%202004%2051-100/00000068.tif HTTP/1.1" 200 102548
181.61.164.108 - - [08/Apr/2022:15:36:00 -0500] "GET /BLA/resoluciones/RESOLUCIONES%202004/RES%202004%2051-100/00000069.tif HTTP/1.1" 200 94182
181.61.164.108 - - [08/Apr/2022:15:36:00 -0500] "GET /BLA/resoluciones/RESOLUCIONES%202004/RES%202004%2051-100/00000070.tif HTTP/1.1" 200 95102
181.61.164.108 - - [08/Apr/2022:15:36:01 -0500] "GET /BLA/resoluciones/RESOLUCIONES%202004/RES%202004%2051-100/00000071.tif HTTP/1.1" 200 98602
181.61.164.108 - - [08/Apr/2022:15:36:02 -0500] "GET /BLA/resoluciones/RESOLUCIONES%202004/RES%202004%2051-100/00000072.tif HTTP/1.1" 200 100642
181.61.164.108 - - [08/Apr/2022:15:36:03 -0500] "GET /BLA/resoluciones/RESOLUCIONES%202004/RES%202004%2051-100/00000073.tif HTTP/1.1" 200 98740
181.61.164.108 - - [08/Apr/2022:15:36:04 -0500] "GET /BLA/resoluciones/RESOLUCIONES%202004/RES%202004%2051-100/00000074.tif HTTP/1.1" 200 237416
181.61.164.108 - - [08/Apr/2022:15:36:05 -0500] "GET /BLA/resoluciones/RESOLUCIONES%202004/RES%202004%2051-100/00000075.tif HTTP/1.1" 200 103454
181.61.164.108 - - [08/Apr/2022:15:36:12 -0500] "GET /BLA/resoluciones/RESOLUCIONES%202004/RES%202004%2051-100/00000076.tif HTTP/1.1" 200 8086
181.61.164.108 - - [08/Apr/2022:15:36:13 -0500] "GET /BLA/resoluciones/RESOLUCIONES%202004/RES%202004%2051-100/00000077.tif HTTP/1.1" 200 61052
181.61.164.108 - - [08/Apr/2022:15:36:14 -0500] "GET /BLA/resoluciones/RESOLUCIONES%202004/RES%202004%2051-100/00000078.tif HTTP/1.1" 200 40784
181.61.164.108 - - [08/Apr/2022:15:36:14 -0500] "GET /BLA/resoluciones/RESOLUCIONES%202004/RES%202004%2051-100/00000079.tif HTTP/1.1" 200 414944
181.61.164.108 - - [08/Apr/2022:15:36:16 -0500] "GET /BLA/resoluciones/RESOLUCIONES%202004/RES%202004%2051-100/00000080.tif HTTP/1.1" 200 1926760
181.61.164.108 - - [08/Apr/2022:15:36:18 -0500] "GET /BLA/resoluciones/RESOLUCIONES%202004/RES%202004%2051-100/00000081.tif HTTP/1.1" 200 76082
181.61.164.108 - - [08/Apr/2022:15:36:19 -0500] "GET /BLA/resoluciones/RESOLUCIONES%202004/RES%202004%2051-100/00000082.tif HTTP/1.1" 200 58766
181.61.164.108 - - [08/Apr/2022:15:36:20 -0500] "GET /BLA/resoluciones/RESOLUCIONES%202004/RES%202004%2051-100/00000083.tif HTTP/1.1" 200 34106
181.61.164.108 - - [08/Apr/2022:15:36:22 -0500] "GET /BLA/resoluciones/RESOLUCIONES%202004/RES%202004%2051-100/00000084.tif HTTP/1.1" 200 102872
181.61.164.108 - - [08/Apr/2022:15:36:22 -0500] "GET /BLA/resoluciones/RESOLUCIONES%202004/RES%202004%2051-100/00000085.tif HTTP/1.1" 200 346414
181.61.164.108 - - [08/Apr/2022:15:36:23 -0500] "GET /BLA/resoluciones/RESOLUCIONES%202004/RES%202004%2051-100/00000086.tif HTTP/1.1" 200 380330
181.61.164.108 - - [08/Apr/2022:15:36:24 -0500] "GET /BLA/resoluciones/RESOLUCIONES%202004/RES%202004%2051-100/00000087.tif HTTP/1.1" 200 506202
172.22.2.4 - - [08/Apr/2022:15:35:31 -0500] "GET /BLA/boletinlegal/ HTTP/1.1" 200 24523
181.61.164.108 - - [08/Apr/2022:15:36:25 -0500] "GET /BLA/resoluciones/RESOLUCIONES%202004/RES%202004%2051-100/00000088.tif HTTP/1.1" 200 73240
181.61.164.108 - - [08/Apr/2022:15:36:26 -0500] "GET /BLA/resoluciones/RESOLUCIONES%202004/RES%202004%2051-100/00000089.tif HTTP/1.1" 200 100504
181.61.164.108 - - [08/Apr/2022:15:36:27 -0500] "GET /BLA/resoluciones/RESOLUCIONES%202004/RES%202004%2051-100/00000090.tif HTTP/1.1" 200 116858
181.61.164.108 - - [08/Apr/2022:15:36:28 -0500] "GET /BLA/resoluciones/RESOLUCIONES%202004/RES%202004%2051-100/00000091.tif HTTP/1.1" 200 276724
181.61.164.108 - - [08/Apr/2022:15:36:29 -0500] "GET /BLA/resoluciones/RESOLUCIONES%202004/RES%202004%2051-100/00000092.tif HTTP/1.1" 200 82526
181.61.164.108 - - [08/Apr/2022:15:36:30 -0500] "GET /BLA/resoluciones/RESOLUCIONES%202004/RES%202004%2051-100/00000093.tif HTTP/1.1" 200 149724
172.22.2.4 - - [08/Apr/2022:15:36:30 -0500] "GET /BLA/boletinlegal/normativa.php HTTP/1.1" 200 8258
181.61.164.108 - - [08/Apr/2022:15:36:30 -0500] "GET /BLA/resoluciones/RESOLUCIONES%202004/RES%202004%2051-100/00000094.tif HTTP/1.1" 200 126034
181.61.164.108 - - [08/Apr/2022:15:36:31 -0500] "GET /BLA/resoluciones/RESOLUCIONES%202004/RES%202004%2051-100/00000095.tif HTTP/1.1" 200 288382
181.61.164.108 - - [08/Apr/2022:15:36:32 -0500] "GET /BLA/resoluciones/RESOLUCIONES%202004/RES%202004%2051-100/00000096.tif HTTP/1.1" 200 103916
181.61.164.108 - - [08/Apr/2022:15:36:33 -0500] "GET /BLA/resoluciones/RESOLUCIONES%202004/RES%202004%2051-100/00000097.tif HTTP/1.1" 200 102338
181.61.164.108 - - [08/Apr/2022:15:36:34 -0500] "GET /BLA/resoluciones/RESOLUCIONES%202004/RES%202004%2051-100/00000098.tif HTTP/1.1" 200 99158
181.61.164.108 - - [08/Apr/2022:15:36:34 -0500] "GET /BLA/resoluciones/RESOLUCIONES%202004/RES%202004%2051-100/00000099.tif HTTP/1.1" 200 166736
181.61.164.108 - - [08/Apr/2022:15:36:35 -0500] "GET /BLA/resoluciones/RESOLUCIONES%202004/RES%202004%2051-100/00000100.tif HTTP/1.1" 200 101872
172.22.2.4 - - [08/Apr/2022:15:36:38 -0500] "GET /BLA/boletinlegal/consulta_normativa.php?tipo=&sector=Aire&ano=2021&resuelve=gas HTTP/1.1" 200 454
172.22.2.4 - - [08/Apr/2022:15:36:43 -0500] "GET /BLA/boletinlegal/consulta_normativa.php?tipo=&sector=Aire&ano=2021&resuelve=gas HTTP/1.1" 200 454
201.245.192.253 - - [08/Apr/2022:15:36:44 -0500] "GET /appsia/controlador HTTP/1.1" 200 4799
201.245.192.253 - - [08/Apr/2022:15:36:44 -0500] "GET /appsia/css/estilos.css HTTP/1.1" 200 4804
201.245.192.253 - - [08/Apr/2022:15:36:44 -0500] "GET /appsia/scripts/validarIngreso.js HTTP/1.1" 200 851
172.22.2.4 - - [08/Apr/2022:15:35:04 -0500] "GET /BLA/boletinlegal/ HTTP/1.1" 200 50602
201.245.192.253 - - [08/Apr/2022:15:36:44 -0500] "GET /appsia/images/logo_bogota_p.png HTTP/1.1" 200 14951
201.245.192.253 - - [08/Apr/2022:15:36:44 -0500] "GET /appsia/images/cabezoteHojaVida.png HTTP/1.1" 200 32493
201.245.192.253 - - [08/Apr/2022:15:36:45 -0500] "GET /favicon.ico HTTP/1.1" 200 7782
201.245.192.253 - - [08/Apr/2022:15:37:32 -0500] "GET /BLA/resoluciones/index.php?dir=RESOLUCIONES+2011%2F HTTP/1.1" 200 745973
201.245.192.253 - - [08/Apr/2022:15:37:39 -0500] "POST /appsia/controlador HTTP/1.1" 200 5437
191.95.134.236 - - [08/Apr/2022:15:37:41 -0500] "POST /forms/lservlet;jsessionid=ac16012b30d626a26f7902d5494aaaa9fdb80d683c88.e3iSbxaKaheRe34Sc38RahyRchr0n6jAmljGr5XDqQLvpAe HTTP/1.1" 200 2
216.245.221.92 - - [08/Apr/2022:15:37:42 -0500] "HEAD / HTTP/1.1" 200 -
201.245.192.253 - - [08/Apr/2022:15:37:43 -0500] "POST /appsia/controlador HTTP/1.1" 200 9416
201.245.192.253 - - [08/Apr/2022:15:37:43 -0500] "GET /appsia/images/logo_escudo.png HTTP/1.1" 200 36965
66.249.65.13 - - [08/Apr/2022:15:38:50 -0500] "-" 408 -
186.102.27.151 - - [08/Apr/2022:15:39:10 -0500] "OPTIONS /kwssiamovil/sm/setfile/f? HTTP/1.1" 200 13
186.102.27.151 - - [08/Apr/2022:15:39:10 -0500] "POST /kwssiamovil/sm/setfile/f? HTTP/1.1" 200 381
186.29.59.96 - - [08/Apr/2022:15:39:16 -0500] "GET /BLA/resoluciones/ HTTP/1.1" 200 13093
186.29.59.96 - - [08/Apr/2022:15:39:16 -0500] "GET /BLA/resoluciones/dlf/styles.css HTTP/1.1" 200 3049
186.29.59.96 - - [08/Apr/2022:15:39:16 -0500] "GET /BLA/resoluciones/dlf/folder.png HTTP/1.1" 200 410
186.29.59.96 - - [08/Apr/2022:15:39:16 -0500] "GET /BLA/resoluciones/dlf/bg.gif HTTP/1.1" 200 54
186.29.59.96 - - [08/Apr/2022:15:39:16 -0500] "GET /favicon.ico HTTP/1.1" 200 7782
191.95.134.236 - - [08/Apr/2022:15:39:41 -0500] "POST /forms/lservlet;jsessionid=ac16012b30d626a26f7902d5494aaaa9fdb80d683c88.e3iSbxaKaheRe34Sc38RahyRchr0n6jAmljGr5XDqQLvpAe HTTP/1.1" 200 2
181.61.164.108 - - [08/Apr/2022:15:41:09 -0500] "GET /BLA/resoluciones/index.php?dir=RESOLUCIONES+2004%2FRES+2004+101-150%2F HTTP/1.1" 200 12033
181.61.164.108 - - [08/Apr/2022:15:41:11 -0500] "GET /BLA/resoluciones/RESOLUCIONES%202004/RES%202004%20101-150/00000101.tif HTTP/1.1" 200 572444
181.61.164.108 - - [08/Apr/2022:15:41:12 -0500] "GET /BLA/resoluciones/RESOLUCIONES%202004/RES%202004%20101-150/00000102.tif HTTP/1.1" 200 257290
181.61.164.108 - - [08/Apr/2022:15:41:14 -0500] "GET /BLA/resoluciones/RESOLUCIONES%202004/RES%202004%20101-150/00000103.tif HTTP/1.1" 200 279966
181.61.164.108 - - [08/Apr/2022:15:41:15 -0500] "GET /BLA/resoluciones/RESOLUCIONES%202004/RES%202004%20101-150/00000104.tif HTTP/1.1" 200 97152
181.61.164.108 - - [08/Apr/2022:15:41:16 -0500] "GET /BLA/resoluciones/RESOLUCIONES%202004/RES%202004%20101-150/00000105.tif HTTP/1.1" 200 419930
181.61.164.108 - - [08/Apr/2022:15:41:18 -0500] "GET /BLA/resoluciones/RESOLUCIONES%202004/RES%202004%20101-150/00000106.tif HTTP/1.1" 200 32248
181.61.164.108 - - [08/Apr/2022:15:41:19 -0500] "GET /BLA/resoluciones/RESOLUCIONES%202004/RES%202004%20101-150/00000107.tif HTTP/1.1" 200 53520
181.61.164.108 - - [08/Apr/2022:15:41:19 -0500] "GET /BLA/resoluciones/RESOLUCIONES%202004/RES%202004%20101-150/00000108.tif HTTP/1.1" 200 30808
181.61.164.108 - - [08/Apr/2022:15:41:20 -0500] "GET /BLA/resoluciones/RESOLUCIONES%202004/RES%202004%20101-150/00000109.tif HTTP/1.1" 200 51252
181.61.164.108 - - [08/Apr/2022:15:41:24 -0500] "GET /BLA/resoluciones/RESOLUCIONES%202004/RES%202004%20101-150/00000110.tif HTTP/1.1" 200 61450
181.61.164.108 - - [08/Apr/2022:15:41:25 -0500] "GET /BLA/resoluciones/RESOLUCIONES%202004/RES%202004%20101-150/00000111.tif HTTP/1.1" 200 32044
181.61.164.108 - - [08/Apr/2022:15:41:26 -0500] "GET /BLA/resoluciones/RESOLUCIONES%202004/RES%202004%20101-150/00000112.tif HTTP/1.1" 200 30304
181.61.164.108 - - [08/Apr/2022:15:41:27 -0500] "GET /BLA/resoluciones/RESOLUCIONES%202004/RES%202004%20101-150/00000113.tif HTTP/1.1" 200 168586
181.61.164.108 - - [08/Apr/2022:15:41:27 -0500] "GET /BLA/resoluciones/RESOLUCIONES%202004/RES%202004%20101-150/00000114.tif HTTP/1.1" 200 113422
207.46.13.157 - - [08/Apr/2022:15:41:27 -0500] "GET /BLA/resoluciones/index.php?dir=AUTOS+2019%2F HTTP/1.1" 200 342490
181.61.164.108 - - [08/Apr/2022:15:41:28 -0500] "GET /BLA/resoluciones/RESOLUCIONES%202004/RES%202004%20101-150/00000115.tif HTTP/1.1" 200 96776
181.61.164.108 - - [08/Apr/2022:15:41:35 -0500] "GET /BLA/resoluciones/RESOLUCIONES%202004/RES%202004%20101-150/00000116.tif HTTP/1.1" 200 94716
181.61.164.108 - - [08/Apr/2022:15:41:36 -0500] "GET /BLA/resoluciones/RESOLUCIONES%202004/RES%202004%20101-150/00000117.tif HTTP/1.1" 200 100710
181.61.164.108 - - [08/Apr/2022:15:41:38 -0500] "GET /BLA/resoluciones/RESOLUCIONES%202004/RES%202004%20101-150/00000118.tif HTTP/1.1" 200 98134
181.61.164.108 - - [08/Apr/2022:15:41:39 -0500] "GET /BLA/resoluciones/RESOLUCIONES%202004/RES%202004%20101-150/00000119.tif HTTP/1.1" 200 96060
181.61.164.108 - - [08/Apr/2022:15:41:40 -0500] "GET /BLA/resoluciones/RESOLUCIONES%202004/RES%202004%20101-150/00000120.tif HTTP/1.1" 200 96688
181.61.164.108 - - [08/Apr/2022:15:41:41 -0500] "GET /BLA/resoluciones/RESOLUCIONES%202004/RES%202004%20101-150/00000121.tif HTTP/1.1" 200 103600
181.61.164.108 - - [08/Apr/2022:15:41:42 -0500] "GET /BLA/resoluciones/RESOLUCIONES%202004/RES%202004%20101-150/00000122.tif HTTP/1.1" 200 105522
191.95.134.236 - - [08/Apr/2022:15:41:42 -0500] "POST /forms/lservlet;jsessionid=ac16012b30d626a26f7902d5494aaaa9fdb80d683c88.e3iSbxaKaheRe34Sc38RahyRchr0n6jAmljGr5XDqQLvpAe HTTP/1.1" 200 2
181.61.164.108 - - [08/Apr/2022:15:41:42 -0500] "GET /BLA/resoluciones/RESOLUCIONES%202004/RES%202004%20101-150/00000123.tif HTTP/1.1" 200 104058
181.61.164.108 - - [08/Apr/2022:15:41:43 -0500] "GET /BLA/resoluciones/RESOLUCIONES%202004/RES%202004%20101-150/00000124.tif HTTP/1.1" 200 98066
172.22.2.4 - - [08/Apr/2022:15:40:04 -0500] "HEAD /BLA/boletinlegal/ HTTP/1.1" 200 -
181.61.164.108 - - [08/Apr/2022:15:41:44 -0500] "GET /BLA/resoluciones/RESOLUCIONES%202004/RES%202004%20101-150/00000125.tif HTTP/1.1" 200 98666
186.29.59.96 - - [08/Apr/2022:15:41:44 -0500] "GET /BLA/resoluciones/ HTTP/1.1" 200 13093
186.29.59.96 - - [08/Apr/2022:15:41:48 -0500] "GET /BLA/resoluciones/dlf/dirup.png HTTP/1.1" 200 644
186.29.59.96 - - [08/Apr/2022:15:41:48 -0500] "GET /BLA/resoluciones/dlf/pdf.gif HTTP/1.1" 200 272
186.29.59.96 - - [08/Apr/2022:15:41:48 -0500] "GET /BLA/resoluciones/index.php?dir=RESOLUCIONES+2021%2F HTTP/1.1" 200 315124
181.61.164.108 - - [08/Apr/2022:15:41:50 -0500] "GET /BLA/resoluciones/RESOLUCIONES%202004/RES%202004%20101-150/00000126.tif HTTP/1.1" 200 95098
181.61.164.108 - - [08/Apr/2022:15:41:51 -0500] "GET /BLA/resoluciones/RESOLUCIONES%202004/RES%202004%20101-150/00000127.tif HTTP/1.1" 200 96490
181.61.164.108 - - [08/Apr/2022:15:41:52 -0500] "GET /BLA/resoluciones/RESOLUCIONES%202004/RES%202004%20101-150/00000128.tif HTTP/1.1" 200 99994
181.61.164.108 - - [08/Apr/2022:15:41:53 -0500] "GET /BLA/resoluciones/RESOLUCIONES%202004/RES%202004%20101-150/00000129.tif HTTP/1.1" 200 96038
181.61.164.108 - - [08/Apr/2022:15:41:54 -0500] "GET /BLA/resoluciones/RESOLUCIONES%202004/RES%202004%20101-150/00000130.tif HTTP/1.1" 200 105462
181.61.164.108 - - [08/Apr/2022:15:41:55 -0500] "GET /BLA/resoluciones/RESOLUCIONES%202004/RES%202004%20101-150/00000131.tif HTTP/1.1" 200 99278
181.61.164.108 - - [08/Apr/2022:15:41:56 -0500] "GET /BLA/resoluciones/RESOLUCIONES%202004/RES%202004%20101-150/00000132.tif HTTP/1.1" 200 192490
181.61.164.108 - - [08/Apr/2022:15:41:57 -0500] "GET /BLA/resoluciones/RESOLUCIONES%202004/RES%202004%20101-150/00000133.tif HTTP/1.1" 200 100008
181.61.164.108 - - [08/Apr/2022:15:41:58 -0500] "GET /BLA/resoluciones/RESOLUCIONES%202004/RES%202004%20101-150/00000134.tif HTTP/1.1" 200 96770
181.61.164.108 - - [08/Apr/2022:15:41:59 -0500] "GET /BLA/resoluciones/RESOLUCIONES%202004/RES%202004%20101-150/00000135.tif HTTP/1.1" 200 84066
181.61.164.108 - - [08/Apr/2022:15:42:00 -0500] "GET /BLA/resoluciones/RESOLUCIONES%202004/RES%202004%20101-150/00000136.tif HTTP/1.1" 200 142614
181.61.164.108 - - [08/Apr/2022:15:42:01 -0500] "GET /BLA/resoluciones/RESOLUCIONES%202004/RES%202004%20101-150/00000137.tif HTTP/1.1" 200 185928
181.61.164.108 - - [08/Apr/2022:15:42:01 -0500] "GET /BLA/resoluciones/RESOLUCIONES%202004/RES%202004%20101-150/00000138.tif HTTP/1.1" 200 85706
181.61.164.108 - - [08/Apr/2022:15:42:02 -0500] "GET /BLA/resoluciones/RESOLUCIONES%202004/RES%202004%20101-150/00000139.tif HTTP/1.1" 200 117590
181.61.164.108 - - [08/Apr/2022:15:42:03 -0500] "GET /BLA/resoluciones/RESOLUCIONES%202004/RES%202004%20101-150/00000140.tif HTTP/1.1" 200 111322
181.61.164.108 - - [08/Apr/2022:15:42:04 -0500] "GET /BLA/resoluciones/RESOLUCIONES%202004/RES%202004%20101-150/00000141.tif HTTP/1.1" 200 110738
181.61.164.108 - - [08/Apr/2022:15:42:06 -0500] "GET /BLA/resoluciones/RESOLUCIONES%202004/RES%202004%20101-150/00000142.tif HTTP/1.1" 200 110616
181.61.164.108 - - [08/Apr/2022:15:42:07 -0500] "GET /BLA/resoluciones/RESOLUCIONES%202004/RES%202004%20101-150/00000143.tif HTTP/1.1" 200 111960
181.61.164.108 - - [08/Apr/2022:15:42:07 -0500] "GET /BLA/resoluciones/RESOLUCIONES%202004/RES%202004%20101-150/00000144.tif HTTP/1.1" 200 51636
181.61.164.108 - - [08/Apr/2022:15:42:08 -0500] "GET /BLA/resoluciones/RESOLUCIONES%202004/RES%202004%20101-150/00000145.tif HTTP/1.1" 200 184512
181.61.164.108 - - [08/Apr/2022:15:42:09 -0500] "GET /BLA/resoluciones/RESOLUCIONES%202004/RES%202004%20101-150/00000146.tif HTTP/1.1" 200 160704
181.61.164.108 - - [08/Apr/2022:15:42:10 -0500] "GET /BLA/resoluciones/RESOLUCIONES%202004/RES%202004%20101-150/00000147.tif HTTP/1.1" 200 93574
181.61.164.108 - - [08/Apr/2022:15:42:11 -0500] "GET /BLA/resoluciones/RESOLUCIONES%202004/RES%202004%20101-150/00000148.tif HTTP/1.1" 200 95296
181.61.164.108 - - [08/Apr/2022:15:42:12 -0500] "GET /BLA/resoluciones/RESOLUCIONES%202004/RES%202004%20101-150/00000149.tif HTTP/1.1" 200 99466
181.61.164.108 - - [08/Apr/2022:15:42:14 -0500] "GET /BLA/resoluciones/RESOLUCIONES%202004/RES%202004%20101-150/00000150.tif HTTP/1.1" 200 106290
191.95.134.236 - - [08/Apr/2022:15:42:19 -0500] "POST /forms/lservlet;jsessionid=ac16012b30d626a26f7902d5494aaaa9fdb80d683c88.e3iSbxaKaheRe34Sc38RahyRchr0n6jAmljGr5XDqQLvpAe HTTP/1.1" 200 2
191.95.134.236 - - [08/Apr/2022:15:42:19 -0500] "POST /forms/lservlet;jsessionid=ac16012b30d626a26f7902d5494aaaa9fdb80d683c88.e3iSbxaKaheRe34Sc38RahyRchr0n6jAmljGr5XDqQLvpAe HTTP/1.1" 200 14
191.95.134.236 - - [08/Apr/2022:15:42:20 -0500] "POST /forms/lservlet;jsessionid=ac16012b30d626a26f7902d5494aaaa9fdb80d683c88.e3iSbxaKaheRe34Sc38RahyRchr0n6jAmljGr5XDqQLvpAe HTTP/1.1" 200 14
191.95.134.236 - - [08/Apr/2022:15:42:22 -0500] "POST /forms/lservlet;jsessionid=ac16012b30d626a26f7902d5494aaaa9fdb80d683c88.e3iSbxaKaheRe34Sc38RahyRchr0n6jAmljGr5XDqQLvpAe HTTP/1.1" 200 110
191.95.134.236 - - [08/Apr/2022:15:42:22 -0500] "POST /forms/lservlet;jsessionid=ac16012b30d626a26f7902d5494aaaa9fdb80d683c88.e3iSbxaKaheRe34Sc38RahyRchr0n6jAmljGr5XDqQLvpAe HTTP/1.1" 200 2
191.95.134.236 - - [08/Apr/2022:15:42:22 -0500] "GET /reports/rwservlet/getjobid74750?server=repnomi HTTP/1.1" 200 47686
172.22.2.4 - - [08/Apr/2022:15:40:54 -0500] "GET /BLA/boletinlegal/ HTTP/1.1" 200 59170
186.29.59.96 - - [08/Apr/2022:15:42:38 -0500] "GET /BLA/resoluciones/RESOLUCIONES%202021/0491.pdf HTTP/1.1" 200 512025
216.245.221.92 - - [08/Apr/2022:15:42:42 -0500] "HEAD / HTTP/1.1" 200 -
201.245.192.253 - - [08/Apr/2022:15:43:02 -0500] "GET /kwsrmcab/Wsrmcab?wsdl HTTP/1.1" 200 6948
192.168.171.75 - - [08/Apr/2022:15:43:15 -0500] "GET /BLA/boletinlegal/consulta_actos.php?tipo=resoluciones&no=0527&usuario=&sector=&fecha=2021&resuelve= HTTP/1.1" 200 1752
186.29.59.96 - - [08/Apr/2022:15:43:17 -0500] "GET /BLA/resoluciones/ HTTP/1.1" 200 13093
173.252.79.1 - - [08/Apr/2022:15:43:17 -0500] "GET /images/caminos-cerros-orientales-7-abril.jpg HTTP/1.1" 200 80138
191.95.134.236 - - [08/Apr/2022:15:43:20 -0500] "POST /forms/lservlet;jsessionid=ac16012b30d626a26f7902d5494aaaa9fdb80d683c88.e3iSbxaKaheRe34Sc38RahyRchr0n6jAmljGr5XDqQLvpAe HTTP/1.1" 200 2
191.95.134.236 - - [08/Apr/2022:15:43:20 -0500] "POST /forms/lservlet;jsessionid=ac16012b30d626a26f7902d5494aaaa9fdb80d683c88.e3iSbxaKaheRe34Sc38RahyRchr0n6jAmljGr5XDqQLvpAe HTTP/1.1" 200 14
186.29.59.96 - - [08/Apr/2022:15:43:20 -0500] "GET /BLA/resoluciones/index.php?dir=RESOLUCIONES+2021%2F HTTP/1.1" 200 315124
191.95.134.236 - - [08/Apr/2022:15:43:21 -0500] "POST /forms/lservlet;jsessionid=ac16012b30d626a26f7902d5494aaaa9fdb80d683c88.e3iSbxaKaheRe34Sc38RahyRchr0n6jAmljGr5XDqQLvpAe HTTP/1.1" 200 14
191.95.134.236 - - [08/Apr/2022:15:43:22 -0500] "POST /forms/lservlet;jsessionid=ac16012b30d626a26f7902d5494aaaa9fdb80d683c88.e3iSbxaKaheRe34Sc38RahyRchr0n6jAmljGr5XDqQLvpAe HTTP/1.1" 200 107
191.95.134.236 - - [08/Apr/2022:15:43:22 -0500] "POST /forms/lservlet;jsessionid=ac16012b30d626a26f7902d5494aaaa9fdb80d683c88.e3iSbxaKaheRe34Sc38RahyRchr0n6jAmljGr5XDqQLvpAe HTTP/1.1" 200 2
172.22.2.4 - - [08/Apr/2022:15:43:24 -0500] "GET /BLA/boletinlegal/actos.php HTTP/1.1" 200 9559
191.95.134.236 - - [08/Apr/2022:15:43:22 -0500] "GET /reports/rwservlet/getjobid74751?server=repnomi HTTP/1.1" 200 711884
181.61.164.108 - - [08/Apr/2022:15:43:43 -0500] "GET /BLA/resoluciones/index.php?dir=RESOLUCIONES+2004%2FRES+2004+151-200%2F HTTP/1.1" 200 12047
181.61.164.108 - - [08/Apr/2022:15:43:44 -0500] "GET /BLA/resoluciones/RESOLUCIONES%202004/RES%202004%20151-200/00000151.tif HTTP/1.1" 200 77040
181.61.164.108 - - [08/Apr/2022:15:43:45 -0500] "GET /BLA/resoluciones/RESOLUCIONES%202004/RES%202004%20151-200/00000152.tif HTTP/1.1" 200 530376
181.61.164.108 - - [08/Apr/2022:15:43:47 -0500] "GET /BLA/resoluciones/RESOLUCIONES%202004/RES%202004%20151-200/00000153.tif HTTP/1.1" 200 27978
201.245.192.253 - - [08/Apr/2022:15:43:02 -0500] "POST /kwsrmcab/Wsrmcab HTTP/1.1" 200 46075
172.22.2.4 - - [08/Apr/2022:15:43:47 -0500] "GET /BLA/boletinlegal/consulta_actos.php?tipo=resoluciones&no=2513&usuario=&sector=&fecha=2017&resuelve= HTTP/1.1" 200 1215
181.61.164.108 - - [08/Apr/2022:15:43:48 -0500] "GET /BLA/resoluciones/RESOLUCIONES%202004/RES%202004%20151-200/00000154.tif HTTP/1.1" 200 207882
181.61.164.108 - - [08/Apr/2022:15:43:49 -0500] "GET /BLA/resoluciones/RESOLUCIONES%202004/RES%202004%20151-200/00000155.tif HTTP/1.1" 200 59660
181.61.164.108 - - [08/Apr/2022:15:43:50 -0500] "GET /BLA/resoluciones/RESOLUCIONES%202004/RES%202004%20151-200/00000156.tif HTTP/1.1" 200 353010
172.22.2.4 - - [08/Apr/2022:15:43:52 -0500] "GET /BLA/boletinlegal/consulta_actos.php?tipo=resoluciones&no=2513&usuario=&sector=&fecha=2017&resuelve= HTTP/1.1" 200 1215
181.61.164.108 - - [08/Apr/2022:15:43:53 -0500] "GET /BLA/resoluciones/RESOLUCIONES%202004/RES%202004%20151-200/00000157.tif HTTP/1.1" 200 118556
181.61.164.108 - - [08/Apr/2022:15:43:54 -0500] "GET /BLA/resoluciones/RESOLUCIONES%202004/RES%202004%20151-200/00000158.tif HTTP/1.1" 200 191128
201.244.227.254 - - [08/Apr/2022:15:43:55 -0500] "GET /BLA/resoluciones/RESOLUCIONES%202017/2513.pdf HTTP/1.1" 200 364624
181.61.164.108 - - [08/Apr/2022:15:43:56 -0500] "GET /BLA/resoluciones/RESOLUCIONES%202004/RES%202004%20151-200/00000159.tif HTTP/1.1" 200 246288
181.61.164.108 - - [08/Apr/2022:15:43:57 -0500] "GET /BLA/resoluciones/RESOLUCIONES%202004/RES%202004%20151-200/00000160.tif HTTP/1.1" 200 83822
181.61.164.108 - - [08/Apr/2022:15:43:57 -0500] "GET /BLA/resoluciones/RESOLUCIONES%202004/RES%202004%20151-200/00000161.tif HTTP/1.1" 200 85810
181.61.164.108 - - [08/Apr/2022:15:43:58 -0500] "GET /BLA/resoluciones/RESOLUCIONES%202004/RES%202004%20151-200/00000162.tif HTTP/1.1" 200 80886
181.61.164.108 - - [08/Apr/2022:15:43:59 -0500] "GET /BLA/resoluciones/RESOLUCIONES%202004/RES%202004%20151-200/00000163.tif HTTP/1.1" 200 103048
191.95.134.236 - - [08/Apr/2022:15:43:59 -0500] "POST /forms/lservlet;jsessionid=ac16012b30d626a26f7902d5494aaaa9fdb80d683c88.e3iSbxaKaheRe34Sc38RahyRchr0n6jAmljGr5XDqQLvpAe HTTP/1.1" 200 2
181.61.164.108 - - [08/Apr/2022:15:44:00 -0500] "GET /BLA/resoluciones/RESOLUCIONES%202004/RES%202004%20151-200/00000164.tif HTTP/1.1" 200 83394
181.61.164.108 - - [08/Apr/2022:15:44:02 -0500] "GET /BLA/resoluciones/RESOLUCIONES%202004/RES%202004%20151-200/00000165.tif HTTP/1.1" 200 98790
181.61.164.108 - - [08/Apr/2022:15:44:04 -0500] "GET /BLA/resoluciones/RESOLUCIONES%202004/RES%202004%20151-200/00000166.tif HTTP/1.1" 200 129912
186.29.59.96 - - [08/Apr/2022:15:44:06 -0500] "GET /BLA/resoluciones/RESOLUCIONES%202021/4691.pdf HTTP/1.1" 200 659695
192.168.171.75 - - [08/Apr/2022:15:44:12 -0500] "GET /BLA/boletinlegal/consulta_actos.php?tipo=resoluciones&no=0289&usuario=&sector=&fecha=2021&resuelve= HTTP/1.1" 200 626
181.61.164.108 - - [08/Apr/2022:15:44:18 -0500] "GET /BLA/resoluciones/RESOLUCIONES%202004/RES%202004%20151-200/00000167.tif HTTP/1.1" 200 98238
181.61.164.108 - - [08/Apr/2022:15:44:21 -0500] "GET /BLA/resoluciones/RESOLUCIONES%202004/RES%202004%20151-200/00000168.tif HTTP/1.1" 200 242206
181.61.164.108 - - [08/Apr/2022:15:44:22 -0500] "GET /BLA/resoluciones/RESOLUCIONES%202004/RES%202004%20151-200/00000169.tif HTTP/1.1" 200 152446
181.61.164.108 - - [08/Apr/2022:15:44:23 -0500] "GET /BLA/resoluciones/RESOLUCIONES%202004/RES%202004%20151-200/00000170.tif HTTP/1.1" 200 137300
181.61.164.108 - - [08/Apr/2022:15:44:24 -0500] "GET /BLA/resoluciones/RESOLUCIONES%202004/RES%202004%20151-200/00000171.tif HTTP/1.1" 200 194936
181.61.164.108 - - [08/Apr/2022:15:44:24 -0500] "GET /BLA/resoluciones/RESOLUCIONES%202004/RES%202004%20151-200/00000172.tif HTTP/1.1" 200 93588
181.61.164.108 - - [08/Apr/2022:15:44:25 -0500] "GET /BLA/resoluciones/RESOLUCIONES%202004/RES%202004%20151-200/00000173.tif HTTP/1.1" 200 180564
181.61.164.108 - - [08/Apr/2022:15:44:26 -0500] "GET /BLA/resoluciones/RESOLUCIONES%202004/RES%202004%20151-200/00000174.tif HTTP/1.1" 200 93838
181.61.164.108 - - [08/Apr/2022:15:44:27 -0500] "GET /BLA/resoluciones/RESOLUCIONES%202004/RES%202004%20151-200/00000175.tif HTTP/1.1" 200 107106
181.61.164.108 - - [08/Apr/2022:15:44:30 -0500] "GET /BLA/resoluciones/RESOLUCIONES%202004/RES%202004%20151-200/00000176.tif HTTP/1.1" 200 114266
181.61.164.108 - - [08/Apr/2022:15:44:31 -0500] "GET /BLA/resoluciones/RESOLUCIONES%202004/RES%202004%20151-200/00000177.tif HTTP/1.1" 200 104368
181.61.164.108 - - [08/Apr/2022:15:44:32 -0500] "GET /BLA/resoluciones/RESOLUCIONES%202004/RES%202004%20151-200/00000178.tif HTTP/1.1" 200 103720
181.61.164.108 - - [08/Apr/2022:15:44:33 -0500] "GET /BLA/resoluciones/RESOLUCIONES%202004/RES%202004%20151-200/00000179.tif HTTP/1.1" 200 105386
181.61.164.108 - - [08/Apr/2022:15:44:34 -0500] "GET /BLA/resoluciones/RESOLUCIONES%202004/RES%202004%20151-200/00000180.tif HTTP/1.1" 200 113332
201.245.192.253 - - [08/Apr/2022:15:43:49 -0500] "POST /kwsrmcab/Wsrmcab HTTP/1.1" 200 45770
181.61.164.108 - - [08/Apr/2022:15:44:35 -0500] "GET /BLA/resoluciones/RESOLUCIONES%202004/RES%202004%20151-200/00000181.tif HTTP/1.1" 200 115134
181.61.164.108 - - [08/Apr/2022:15:44:36 -0500] "GET /BLA/resoluciones/RESOLUCIONES%202004/RES%202004%20151-200/00000182.tif HTTP/1.1" 200 165498
181.61.164.108 - - [08/Apr/2022:15:44:37 -0500] "GET /BLA/resoluciones/RESOLUCIONES%202004/RES%202004%20151-200/00000183.tif HTTP/1.1" 200 161806
181.61.164.108 - - [08/Apr/2022:15:44:37 -0500] "GET /BLA/resoluciones/RESOLUCIONES%202004/RES%202004%20151-200/00000184.tif HTTP/1.1" 200 99512
181.61.164.108 - - [08/Apr/2022:15:44:38 -0500] "GET /BLA/resoluciones/RESOLUCIONES%202004/RES%202004%20151-200/00000185.tif HTTP/1.1" 200 157400
181.61.164.108 - - [08/Apr/2022:15:44:39 -0500] "GET /BLA/resoluciones/RESOLUCIONES%202004/RES%202004%20151-200/00000186.tif HTTP/1.1" 200 147570
181.61.164.108 - - [08/Apr/2022:15:44:40 -0500] "GET /BLA/resoluciones/RESOLUCIONES%202004/RES%202004%20151-200/00000187.tif HTTP/1.1" 200 346824
66.249.65.13 - - [08/Apr/2022:15:44:42 -0500] "-" 408 -
181.61.164.108 - - [08/Apr/2022:15:44:45 -0500] "GET /BLA/resoluciones/RESOLUCIONES%202004/RES%202004%20151-200/00000188.tif HTTP/1.1" 200 143090
181.61.164.108 - - [08/Apr/2022:15:44:45 -0500] "GET /BLA/resoluciones/RESOLUCIONES%202004/RES%202004%20151-200/00000189.tif HTTP/1.1" 200 258066
181.61.164.108 - - [08/Apr/2022:15:44:46 -0500] "GET /BLA/resoluciones/RESOLUCIONES%202004/RES%202004%20151-200/00000190.tif HTTP/1.1" 200 200638
181.61.164.108 - - [08/Apr/2022:15:44:47 -0500] "GET /BLA/resoluciones/RESOLUCIONES%202004/RES%202004%20151-200/00000191.tif HTTP/1.1" 200 249076
181.61.164.108 - - [08/Apr/2022:15:44:48 -0500] "GET /BLA/resoluciones/RESOLUCIONES%202004/RES%202004%20151-200/00000192.tif HTTP/1.1" 200 124570
181.61.164.108 - - [08/Apr/2022:15:44:49 -0500] "GET /BLA/resoluciones/RESOLUCIONES%202004/RES%202004%20151-200/00000193.tif HTTP/1.1" 200 193192
181.61.164.108 - - [08/Apr/2022:15:44:50 -0500] "GET /BLA/resoluciones/RESOLUCIONES%202004/RES%202004%20151-200/00000194.tif HTTP/1.1" 200 280484
181.61.164.108 - - [08/Apr/2022:15:44:51 -0500] "GET /BLA/resoluciones/RESOLUCIONES%202004/RES%202004%20151-200/00000195.tif HTTP/1.1" 200 49380
181.61.164.108 - - [08/Apr/2022:15:44:52 -0500] "GET /BLA/resoluciones/RESOLUCIONES%202004/RES%202004%20151-200/00000196.tif HTTP/1.1" 200 73196
181.61.164.108 - - [08/Apr/2022:15:44:54 -0500] "GET /BLA/resoluciones/RESOLUCIONES%202004/RES%202004%20151-200/00000197.tif HTTP/1.1" 200 362948
181.61.164.108 - - [08/Apr/2022:15:44:55 -0500] "GET /BLA/resoluciones/RESOLUCIONES%202004/RES%202004%20151-200/00000198.tif HTTP/1.1" 200 97704
