172.22.2.4 - - [08/Apr/2022:10:57:58 -0500] "GET /BLA/boletinlegal/consulta_actos.php?tipo=resoluciones&no=2427&usuario=henrry%20traslavi%F1a%20triana&sector=VERTIMIENTOS&fecha=2016&resuelve=vertimientos HTTP/1.1" 200 626
172.22.2.4 - - [08/Apr/2022:10:57:58 -0500] "GET /BLA/boletinlegal/consulta_actos.php?tipo=resoluciones&no=2427&usuario=henrry%20traslavi%F1a%20triana&sector=VERTIMIENTOS&fecha=2016&resuelve=vertimientos HTTP/1.1" 200 626
172.22.2.4 - - [08/Apr/2022:10:57:59 -0500] "GET /BLA/boletinlegal/consulta_actos.php?tipo=resoluciones&no=2427&usuario=henrry%20traslavi%F1a%20triana&sector=VERTIMIENTOS&fecha=2016&resuelve=vertimientos HTTP/1.1" 200 626
172.22.2.4 - - [08/Apr/2022:10:58:00 -0500] "GET /BLA/boletinlegal/consulta_actos.php?tipo=resoluciones&no=&usuario=&sector=SILVICULTURA&fecha=2020&resuelve=sancion HTTP/1.1" 200 12672
138.201.35.109 - - [08/Apr/2022:10:58:03 -0500] "GET /en-semana-santa-no-uses-palmas-ni-traigas-o-consumas-animales-silvestres.html HTTP/1.1" 200 959
191.95.134.236 - - [08/Apr/2022:10:58:14 -0500] "POST /forms/lservlet;jsessionid=ac16012b30d6ac9f2853310f4e43b880a7186e5016b2.e3iSbxaKaheRe34Sc38RahyRchr0n6jAmljGr5XDqQLvpAe HTTP/1.1" 200 2
172.22.2.4 - - [08/Apr/2022:10:58:15 -0500] "GET /BLA/boletinlegal/consulta_actos.php?tipo=resoluciones&no=2427&usuario=henrry%20traslavi%F1a%20triana&sector=VERTIMIENTOS&fecha=2016&resuelve=desistimiento HTTP/1.1" 200 1075
191.95.134.236 - - [08/Apr/2022:10:58:14 -0500] "POST /forms/lservlet;jsessionid=ac16012b30d6ac9f2853310f4e43b880a7186e5016b2.e3iSbxaKaheRe34Sc38RahyRchr0n6jAmljGr5XDqQLvpAe HTTP/1.1" 200 14
172.22.2.4 - - [08/Apr/2022:10:58:15 -0500] "GET /BLA/boletinlegal/consulta_actos.php?tipo=resoluciones&no=2427&usuario=henrry%20traslavi%F1a%20triana&sector=VERTIMIENTOS&fecha=2016&resuelve=desistimiento HTTP/1.1" 200 1075
172.22.2.4 - - [08/Apr/2022:10:58:16 -0500] "GET /BLA/boletinlegal/consulta_actos.php?tipo=resoluciones&no=2427&usuario=henrry%20traslavi%F1a%20triana&sector=VERTIMIENTOS&fecha=2016&resuelve=desistimiento HTTP/1.1" 200 1075
191.95.134.236 - - [08/Apr/2022:10:58:15 -0500] "POST /forms/lservlet;jsessionid=ac16012b30d6ac9f2853310f4e43b880a7186e5016b2.e3iSbxaKaheRe34Sc38RahyRchr0n6jAmljGr5XDqQLvpAe HTTP/1.1" 200 112
191.95.134.236 - - [08/Apr/2022:10:58:16 -0500] "POST /forms/lservlet;jsessionid=ac16012b30d6ac9f2853310f4e43b880a7186e5016b2.e3iSbxaKaheRe34Sc38RahyRchr0n6jAmljGr5XDqQLvpAe HTTP/1.1" 200 2
191.95.134.236 - - [08/Apr/2022:10:58:16 -0500] "GET /reports/rwservlet/getjobid74700?server=repnomi HTTP/1.1" 200 47711
186.155.46.78 - - [08/Apr/2022:10:58:17 -0500] "GET /BLA/resoluciones/RESOLUCIONES%202020/0016.pdf HTTP/1.1" 200 528021
40.77.167.28 - - [08/Apr/2022:10:58:20 -0500] "GET /en-esta-navidad-bogota-esta-mejorando-con-mas-espacios-verdes-para-el-disfrute-de-la-ciudadania.html HTTP/1.1" 200 1114
172.22.2.4 - - [08/Apr/2022:10:58:20 -0500] "GET /BLA/boletinlegal/consulta_actos.php?tipo=resoluciones&no=2427&usuario=henrry%20traslavi%F1a%20triana&sector=VERTIMIENTOS&fecha=2016&resuelve= HTTP/1.1" 200 1075
201.245.192.253 - - [08/Apr/2022:10:58:23 -0500] "GET /BLA/resoluciones/RESOLUCIONES%202016/2427.pdf HTTP/1.1" 200 500773
201.245.192.253 - - [08/Apr/2022:10:58:24 -0500] "GET /favicon.ico HTTP/1.1" 200 7782
191.156.65.214 - - [08/Apr/2022:10:58:44 -0500] "GET /si-eres-mujer-y-te-gusta-el-cuidado-de-los-humedales-este-proceso-de-formacion-es-para-ti.html HTTP/1.1" 200 1025
186.155.46.78 - - [08/Apr/2022:10:58:57 -0500] "GET /BLA/resoluciones/RESOLUCIONES%202020/1097.pdf HTTP/1.1" 200 363452
172.22.2.4 - - [08/Apr/2022:10:59:28 -0500] "GET /BLA/boletinlegal/actos.php HTTP/1.1" 200 9559
172.22.2.4 - - [08/Apr/2022:10:59:29 -0500] "GET /BLA/boletinlegal/favicon.ico HTTP/1.1" 404 1326
138.201.35.109 - - [08/Apr/2022:10:59:33 -0500] "GET /en-semana-santa-no-uses-palmas-ni-traigas-o-consumas-animales-silvestres.html HTTP/1.1" 200 959
191.95.134.236 - - [08/Apr/2022:10:59:42 -0500] "POST /forms/lservlet;jsessionid=ac16012b30d6ac9f2853310f4e43b880a7186e5016b2.e3iSbxaKaheRe34Sc38RahyRchr0n6jAmljGr5XDqQLvpAe HTTP/1.1" 200 2
191.95.134.236 - - [08/Apr/2022:10:59:42 -0500] "POST /forms/lservlet;jsessionid=ac16012b30d6ac9f2853310f4e43b880a7186e5016b2.e3iSbxaKaheRe34Sc38RahyRchr0n6jAmljGr5XDqQLvpAe HTTP/1.1" 200 14
191.95.134.236 - - [08/Apr/2022:10:59:43 -0500] "POST /forms/lservlet;jsessionid=ac16012b30d6ac9f2853310f4e43b880a7186e5016b2.e3iSbxaKaheRe34Sc38RahyRchr0n6jAmljGr5XDqQLvpAe HTTP/1.1" 200 14
191.95.134.236 - - [08/Apr/2022:10:59:45 -0500] "POST /forms/lservlet;jsessionid=ac16012b30d6ac9f2853310f4e43b880a7186e5016b2.e3iSbxaKaheRe34Sc38RahyRchr0n6jAmljGr5XDqQLvpAe HTTP/1.1" 200 14
191.95.134.236 - - [08/Apr/2022:10:59:46 -0500] "POST /forms/lservlet;jsessionid=ac16012b30d6ac9f2853310f4e43b880a7186e5016b2.e3iSbxaKaheRe34Sc38RahyRchr0n6jAmljGr5XDqQLvpAe HTTP/1.1" 200 109
191.95.134.236 - - [08/Apr/2022:10:59:47 -0500] "POST /forms/lservlet;jsessionid=ac16012b30d6ac9f2853310f4e43b880a7186e5016b2.e3iSbxaKaheRe34Sc38RahyRchr0n6jAmljGr5XDqQLvpAe HTTP/1.1" 200 2
172.22.2.4 - - [08/Apr/2022:10:59:54 -0500] "GET /BLA/boletinlegal/consulta_actos.php?tipo=autos&no=5536&usuario=&sector=&fecha=2011&resuelve= HTTP/1.1" 200 1086
191.95.134.236 - - [08/Apr/2022:10:59:54 -0500] "GET /reports/rwservlet/getjobid74701?server=repnomi HTTP/1.1" 200 2161195
201.245.192.253 - - [08/Apr/2022:11:00:08 -0500] "GET /BLA/resoluciones/AUTOS%202011/5536.pdf HTTP/1.1" 200 219131
172.22.2.4 - - [08/Apr/2022:11:00:08 -0500] "GET /BLA/boletinlegal/apple-touch-icon-precomposed.png HTTP/1.1" 404 1140
172.22.2.4 - - [08/Apr/2022:11:00:08 -0500] "GET /BLA/boletinlegal/apple-touch-icon.png HTTP/1.1" 404 1140
172.22.2.4 - - [08/Apr/2022:11:00:08 -0500] "GET /BLA/boletinlegal/favicon.ico HTTP/1.1" 404 1140
34.82.196.94 - - [08/Apr/2022:11:00:13 -0500] "HEAD /en-semana-santa-no-uses-palmas-ni-traigas-o-consumas-animales-silvestres.html HTTP/1.1" 200 -
173.252.107.5 - - [08/Apr/2022:11:00:23 -0500] "GET /en-semana-santa-no-uses-palmas-ni-traigas-o-consumas-animales-silvestres.html HTTP/1.1" 206 959
186.155.46.78 - - [08/Apr/2022:11:00:24 -0500] "GET /BLA/resoluciones/RESOLUCIONES%202020/0457.pdf HTTP/1.1" 200 572376
172.22.2.4 - - [08/Apr/2022:11:00:25 -0500] "GET /BLA/boletinlegal/actos.php HTTP/1.1" 200 9559
186.102.12.63 - - [08/Apr/2022:11:00:41 -0500] "OPTIONS /kwssiamovil/sm/setfile/f? HTTP/1.1" 200 13
172.22.2.4 - - [08/Apr/2022:11:00:42 -0500] "GET /BLA/boletinlegal/style.css HTTP/1.1" 200 9406
172.22.2.4 - - [08/Apr/2022:11:00:42 -0500] "GET /BLA/boletinlegal/styles2.css HTTP/1.1" 200 1838
172.22.2.4 - - [08/Apr/2022:11:00:42 -0500] "GET /BLA/boletinlegal/js/jquery.js HTTP/1.1" 200 57254
172.22.2.4 - - [08/Apr/2022:11:00:42 -0500] "GET /BLA/boletinlegal/js/jquery.scrollTo-min.js HTTP/1.1" 200 1150
172.22.2.4 - - [08/Apr/2022:11:00:42 -0500] "GET /BLA/boletinlegal/js/jquery.scrollShow.js HTTP/1.1" 200 4586
172.22.2.4 - - [08/Apr/2022:11:00:42 -0500] "GET /BLA/boletinlegal/images/subscribe-icon-big.png HTTP/1.1" 200 47702
172.22.2.4 - - [08/Apr/2022:11:00:42 -0500] "GET /BLA/boletinlegal/images/cabezote%20BLEGAL.jpg HTTP/1.1" 200 118164
172.22.2.4 - - [08/Apr/2022:11:00:42 -0500] "GET /BLA/boletinlegal/images/historia.png HTTP/1.1" 200 52775
172.22.2.4 - - [08/Apr/2022:11:00:42 -0500] "GET /BLA/boletinlegal/images/registro-usuarios.png HTTP/1.1" 200 8106
172.22.2.4 - - [08/Apr/2022:11:00:43 -0500] "GET /BLA/boletinlegal/images/screen_1.png HTTP/1.1" 200 202547
172.22.2.4 - - [08/Apr/2022:11:00:43 -0500] "GET /BLA/boletinlegal/images/arr_l.jpg HTTP/1.1" 200 1979
172.22.2.4 - - [08/Apr/2022:11:00:43 -0500] "GET /BLA/boletinlegal/images/body_bg.jpg HTTP/1.1" 200 1601
172.22.2.4 - - [08/Apr/2022:11:00:43 -0500] "GET /BLA/boletinlegal/images/launch.jpg HTTP/1.1" 200 14577
172.22.2.4 - - [08/Apr/2022:11:00:43 -0500] "GET /BLA/boletinlegal/images/menu_bg.jpg HTTP/1.1" 200 620
186.102.12.63 - - [08/Apr/2022:11:00:41 -0500] "POST /kwssiamovil/sm/setfile/f? HTTP/1.1" 200 381
172.22.2.4 - - [08/Apr/2022:11:00:43 -0500] "GET /BLA/boletinlegal/images/bg_top.jpg HTTP/1.1" 200 522
172.22.2.4 - - [08/Apr/2022:11:00:43 -0500] "GET /BLA/boletinlegal/images/menu_rght.gif HTTP/1.1" 200 1627
172.22.2.4 - - [08/Apr/2022:11:00:43 -0500] "GET /BLA/boletinlegal/images/text.jpg HTTP/1.1" 200 568
172.22.2.4 - - [08/Apr/2022:11:00:43 -0500] "GET /BLA/boletinlegal/images/hover.jpg HTTP/1.1" 200 640
172.22.2.4 - - [08/Apr/2022:11:00:44 -0500] "GET /BLA/boletinlegal/images/menu_lft.gif HTTP/1.1" 200 1713
186.102.12.63 - - [08/Apr/2022:11:00:44 -0500] "OPTIONS /kwssiamovil/sm/setfile/f? HTTP/1.1" 200 13
191.95.134.236 - - [08/Apr/2022:11:00:45 -0500] "POST /forms/lservlet;jsessionid=ac16012b30d6ac9f2853310f4e43b880a7186e5016b2.e3iSbxaKaheRe34Sc38RahyRchr0n6jAmljGr5XDqQLvpAe HTTP/1.1" 200 2
191.95.134.236 - - [08/Apr/2022:11:00:45 -0500] "POST /forms/lservlet;jsessionid=ac16012b30d6ac9f2853310f4e43b880a7186e5016b2.e3iSbxaKaheRe34Sc38RahyRchr0n6jAmljGr5XDqQLvpAe HTTP/1.1" 200 2363
191.95.134.236 - - [08/Apr/2022:11:00:45 -0500] "POST /forms/lservlet;jsessionid=ac16012b30d6ac9f2853310f4e43b880a7186e5016b2.e3iSbxaKaheRe34Sc38RahyRchr0n6jAmljGr5XDqQLvpAe HTTP/1.1" 200 10
191.95.134.236 - - [08/Apr/2022:11:00:48 -0500] "POST /forms/lservlet;jsessionid=ac16012b30d6ac9f2853310f4e43b880a7186e5016b2.e3iSbxaKaheRe34Sc38RahyRchr0n6jAmljGr5XDqQLvpAe HTTP/1.1" 200 26
186.102.12.63 - - [08/Apr/2022:11:00:44 -0500] "POST /kwssiamovil/sm/setfile/f? HTTP/1.1" 200 381
191.95.134.236 - - [08/Apr/2022:11:00:48 -0500] "POST /forms/lservlet;jsessionid=ac16012b30d6ac9f2853310f4e43b880a7186e5016b2.e3iSbxaKaheRe34Sc38RahyRchr0n6jAmljGr5XDqQLvpAe HTTP/1.1" 200 14
191.95.134.236 - - [08/Apr/2022:11:00:50 -0500] "POST /forms/lservlet;jsessionid=ac16012b30d6ac9f2853310f4e43b880a7186e5016b2.e3iSbxaKaheRe34Sc38RahyRchr0n6jAmljGr5XDqQLvpAe HTTP/1.1" 200 4006
191.95.134.236 - - [08/Apr/2022:11:00:51 -0500] "POST /forms/lservlet;jsessionid=ac16012b30d6ac9f2853310f4e43b880a7186e5016b2.e3iSbxaKaheRe34Sc38RahyRchr0n6jAmljGr5XDqQLvpAe HTTP/1.1" 200 2
191.95.134.236 - - [08/Apr/2022:11:00:55 -0500] "POST /forms/lservlet;jsessionid=ac16012b30d6ac9f2853310f4e43b880a7186e5016b2.e3iSbxaKaheRe34Sc38RahyRchr0n6jAmljGr5XDqQLvpAe HTTP/1.1" 200 2
172.22.2.4 - - [08/Apr/2022:11:00:56 -0500] "GET /BLA/boletinlegal/images/screen_2.png HTTP/1.1" 200 362502
172.22.2.4 - - [08/Apr/2022:11:00:56 -0500] "GET /BLA/boletinlegal/images/screen_3.png HTTP/1.1" 200 210620
191.95.134.236 - - [08/Apr/2022:11:00:56 -0500] "POST /forms/lservlet;jsessionid=ac16012b30d6ac9f2853310f4e43b880a7186e5016b2.e3iSbxaKaheRe34Sc38RahyRchr0n6jAmljGr5XDqQLvpAe HTTP/1.1" 200 14
172.22.2.4 - - [08/Apr/2022:11:00:57 -0500] "GET /BLA/boletinlegal/consulta_actos.php?tipo=autos&no=2281&usuario=&sector=&fecha=2010&resuelve= HTTP/1.1" 200 1032
172.22.2.4 - - [08/Apr/2022:11:00:57 -0500] "GET /BLA/boletinlegal/images/arr_r.jpg HTTP/1.1" 200 1998
172.22.2.4 - - [08/Apr/2022:11:00:57 -0500] "GET /BLA/boletinlegal/images/screen_5.png HTTP/1.1" 200 368876
191.95.134.236 - - [08/Apr/2022:11:00:57 -0500] "POST /forms/lservlet;jsessionid=ac16012b30d6ac9f2853310f4e43b880a7186e5016b2.e3iSbxaKaheRe34Sc38RahyRchr0n6jAmljGr5XDqQLvpAe HTTP/1.1" 200 14
172.22.2.4 - - [08/Apr/2022:11:00:58 -0500] "GET /BLA/boletinlegal/images/footer_bg.jpg HTTP/1.1" 200 586
191.95.134.236 - - [08/Apr/2022:11:00:58 -0500] "POST /forms/lservlet;jsessionid=ac16012b30d6ac9f2853310f4e43b880a7186e5016b2.e3iSbxaKaheRe34Sc38RahyRchr0n6jAmljGr5XDqQLvpAe HTTP/1.1" 200 14
186.102.12.63 - - [08/Apr/2022:11:01:00 -0500] "GET /kwssiamovil/sm/acme/a?s=U2FsdGVkX1+lv/R1OVrzqh8sXpwM9u+46cqlBIYKK9XLLRn1UgeEKX3M010uNK5FqI5PJcorhh0cuBjeqRlOl0AWOX0D6WwOsezDm8QHcdqoUZjztgtIbVvZ93lis36SXxONaVKCVtGl0Qlxe4YJcF/vLZFQXze18W7FbIdkwXA8RqAC0qo84aGbI9V7XwEJttSaez5l8aiN0/KTj4LmUSWlMsWealWT2kqAng3FQc9om34bXWuynamP6zw+CN1sSYqhD+IdvZjdbKXWyfXOCg==&u=U2FsdGVkX1/gMTrorbgHuyMNh7X/Ch5dgRJuV7bqUwc=&y=U2FsdGVkX1+N6KINlv71GFKNpGTbgfhcEgVCNjaQKlE= HTTP/1.1" 200 25
186.102.12.63 - - [08/Apr/2022:11:01:00 -0500] "GET /kwssiamovil/sm/acme/a?s=U2FsdGVkX195zMMg8nbIbZ+x8WDtIVbtbyPHUmkgTBxRiNXBjTzVOglxvKk7xFrwgpdCPpOjNTtsz+gyFH4rPjhIXwDYpG+B85oEI4IMjVM/W94o8uma3cSRqHDjCG2z0usLMVwWluZpiwQ6zpmeQjXrtRmZFr4CyHukPwjM5cworXugtC+2FdMlp855GLzWg1opXllcgzJQhvZ9PZMr4B3ZXMWWTcMjb2JMYcCOmD5ig/0fF0rtE562WpCINCu8DsYTAb+hxZRn5h70xu2tsT7I2A55ZZqjSFJjac/0+5tspYrbVNCp41Wh+W3rx2J6i0ZDXiDJzmcvPXNGXZa7OIG1IKgewfFyfWK/o+FG3HFzPvTyBqlbteBMtFuAZWXgn16OMtbZp6I9HYTVNT0mb25UYuSmV+Xc+p227eEf06wEeTwAPp72o4kjA5vh+/cMaRx5FWzpFvA9WW3sSsJA1Tmni3/EDxPcyc3bQRvy7lkjow4maslLkVeAS3GhXh2sdM0dymMWRWgaAL70Ee0zj5PEKyD2eo8VZdGpFbg51A8RtLsB9a+UasGc9LaxvgPgl81HCkGwxYFUa4iudYB7Pus8xgJ2RSAD3eOfcjn9Tr6n6gL4PeNNNJb6KnFtFVIPF1K6ypsTf1c0srGiEpTRDpJZ28qMYjnTjd+YGELCNCCfnx5ce7mFqQEoNNPDJzSiATJ7cAABqRBEGGcboae5gaLdst12U8xyd+oQmE8qmDMEASJWyrY0nPFKHfkFSOdtYQo6vpJraIDFxAKqYYtDzp11RhkYqgJALNaAYHdd2w1FsL8Uld6nwwVrN3FNQ1riyueEuwzZoBZc4RwHKVun+etmr0rn6kol2kvyXUPojHjZyNtMYVkWWtdTiyYCijfK2r9sC96WB92BoEI2i1CRv4QO7IIa4US3lP9TNe+Q3FzTGdhBOwrzzNTqzudfvJ2BFmwkgf+J/VxY5hmkga4nEWMpbWuaHTZlXpW/bopkakXF6Sa88tWtQoLVgevrXDuwY1HhTNU1bSTgKVSwAk90bFGTaDr3Xq8y6ucjL0KGpwaSGWkH3G7gyvQZLXCYPxn3OlQ+C+t7RB2gkv/ddW5feDvRV1ZmnR8tLG2S9Zg9zM9jSeygHTcrT+qZ/sVKMiTEFBilt+W6iEs1lRs/JU2VbXh4rlTTdxldAwnyqGBy1WIawh+EVMn28oxatGg7txBcXuKzsKVviTnxJs7PPEHErb1iuTAfwJjablWfTjGim92iWHbHitcXCip23MzrPv4j5nn9io8WCAXP9rYye9D9IMnSnXSnbteE6fnzuZDWo3Cm9nLF2VxhbrUx0Gdt8tqUxQAMKP2VqT0CceYnZj2mX45fnWzOjZPDU9rz/1lHEfJsX6Wm4pTPr19y/xrIavPkZd0a0jGc1aBVlYApDhgkFKr9cm1WaxXQJt6udfO7Bs3Xedwsdwp5XhBkPra585xIunxP2v+9/ml9cK2jzzMH+Dg/xGhcoJtXd9QaodU+eMsclRakMsOw4qc/W/m4f4EXduP7tuqVSkj9ZjLo8GEhQ5DG5IoTF1I+LEg24uPCxTXGpbuqxc8re7LIn0+TcxfVI5H8ZDG8GkZK6VHQSgjOSANFh4lQxMbKtpDN3eaUZ/p23u7hE6HplerR+nn+P290jsJCxVUnF6sxNXeFQKAIjl5eoMG34Oh8TdZnQfpdPrdopTamHRr9/Hgd1LJs2XzQvt2Ls6o8Bhy/rdp4KG2uCxDwBPeCElOxZmwGP9Ujvn5LooNM7sLLVdqfTB5keZZVxbJvzmC5IGUjzgb6M9jVwO1cHaqbhqSgLemiWJohx+IXsj9PSJlLKBqDEyPcgWFgmcdZLc3Rc+WkSDTsmwYImA/JvKcYsvveFavumavJdVp0TzRyHhBUWdZPmvLRJnWBw60lVAx6c5Hy4POTA0ooRZjfYBQJ5vu2D5/ADxPkZFny12j/FxqhCepZoGg8o9lap+POX3uQs3O5vAMajxIFvNMvDd8Cyj3eKcFQlNHNFJpJwIro+l9jSxcb+by1vevozvnexb5NLfLui0rl0gGEBymp9BGGEXVjWW77sbIwR+ODluJBXzJ9R+m8ZPgFiDUL4p/0zo5gw+J/uVifxze3J6VLz1NQW8GlT5M2dLQana94BLjvL0Q4lbiuL8ms+SPdVXgwX0DuaAFFDz7hCC7ZgAzQR1tmonhPToGzhgAPA3l+zbgRx0JNi2HlTkZftdeWDV5kOM9wMvkir3myINfWTMgRFIezKV5H9yBoxOIwjrtmsXfGKe2eIme2SE+GD8CG&u=U2FsdGVkX1/gMTrorbgHuyMNh7X/Ch5dgRJuV7bqUwc=&y=U2FsdGVkX1+N6KINlv71GFKNpGTbgfhcEgVCNjaQKlE= HTTP/1.1" 200 25
186.102.12.63 - - [08/Apr/2022:11:01:00 -0500] "GET /kwssiamovil/sm/acme/a?s=U2FsdGVkX18swv/G7hHcdApTk7QQjHXgCxmzTLa/W/DglIc2qVtio64q0h+CK26l/huV0MfZmc1LSTHhK8Ud1Lm10yNcDO2RUtceq/dbWh4mF92UKfBRyogKdOXIUO8UsSfEJMHqvCaLpq8CTXvOTzfi6KcmYSsXJLYU4TP5K4Q=&u=U2FsdGVkX1/gMTrorbgHuyMNh7X/Ch5dgRJuV7bqUwc=&y=U2FsdGVkX1+N6KINlv71GFKNpGTbgfhcEgVCNjaQKlE= HTTP/1.1" 200 25
186.102.12.63 - - [08/Apr/2022:11:01:00 -0500] "GET /kwssiamovil/sm/acme/a?s=U2FsdGVkX19IHe9KTkAE/G6KKi4hKhMCTwUiSwjcJmOEv0F7WHAorKqTCb6J4+IATwv54vv6z433N4KNd5sOheeFGviFaFe4VvptRAZXDoVdTWO8phi6LdI0DvjaKE6Z69OnIx4ThJuMss1V6/c/613hd50KCZAbqYjxcyqrsaY=&u=U2FsdGVkX1/gMTrorbgHuyMNh7X/Ch5dgRJuV7bqUwc=&y=U2FsdGVkX1+N6KINlv71GFKNpGTbgfhcEgVCNjaQKlE= HTTP/1.1" 200 25
191.95.134.236 - - [08/Apr/2022:11:01:00 -0500] "POST /forms/lservlet;jsessionid=ac16012b30d6ac9f2853310f4e43b880a7186e5016b2.e3iSbxaKaheRe34Sc38RahyRchr0n6jAmljGr5XDqQLvpAe HTTP/1.1" 200 14
186.102.12.63 - - [08/Apr/2022:11:01:01 -0500] "GET /kwssiamovil/sm/acme/a?s=U2FsdGVkX19p8T7h2pYOrbcznf5BgB+x3RA1AUoH8S5P0HTdtjR0/10reknM+H629LBv96c3Had8Jd8Jjh+K6W0Vijd4nPGlPFtYn4fKMmGDlC/My6/M/tC2ysR1jG+9d3gosoFMUuK2aUxNVxkfvzanMHn524qbn/UGaxNVewo=&u=U2FsdGVkX1/gMTrorbgHuyMNh7X/Ch5dgRJuV7bqUwc=&y=U2FsdGVkX1+N6KINlv71GFKNpGTbgfhcEgVCNjaQKlE= HTTP/1.1" 200 25
186.102.12.63 - - [08/Apr/2022:11:01:01 -0500] "GET /kwssiamovil/sm/acme/a?s=U2FsdGVkX18ISuN79eD1HFQpq+1OQluQCuNkYCwTrWrOS3ku8Tj3sTOt6WaKgic4kdx9zqHcE2ljgkVFedgN4GJbGz5EEN8TLITfMiu1prUkAYZ2uzcRUmTY2kn9n9J96VO45icycFt73+DNIqO6GwcEiF3VFqYeVSF9vsOYJ9MQt135PdkvSje9B6+rbacK&u=U2FsdGVkX1/gMTrorbgHuyMNh7X/Ch5dgRJuV7bqUwc=&y=U2FsdGVkX1+N6KINlv71GFKNpGTbgfhcEgVCNjaQKlE= HTTP/1.1" 200 25
186.102.12.63 - - [08/Apr/2022:11:01:01 -0500] "GET /kwssiamovil/sm/acme/a?s=U2FsdGVkX18Yp+h4AhYxZy6fGx/AgJY+fXVqyEV/aWh4n/QQPQVJ45Xye5KLFAK/lbcF0ODWYQl7koaAciI61uLXpqZBAkIpJNj8dTpciYDGjfSn8FEhYnBsMdZeuVFV8aruyxH+RK2kNMpg0ag6KWudbnP96vVxuPVI3JaNMVo/TAd2inl2Ec1vsurF6mc3rg9A+8dHn81clOr58hBUSw==&u=U2FsdGVkX1/gMTrorbgHuyMNh7X/Ch5dgRJuV7bqUwc=&y=U2FsdGVkX1+N6KINlv71GFKNpGTbgfhcEgVCNjaQKlE= HTTP/1.1" 200 25
186.102.12.63 - - [08/Apr/2022:11:01:02 -0500] "GET /kwssiamovil/sm/acme/a?s=U2FsdGVkX1/oHXnoC7frd8Gz81J7K2zuzsjzZHp7L8ePdSbtg2OfnWGU/GAE82IH3rMktCew/MWkhHolSB7sjbvgmFKT7YshSqK/1TlG5GjD/Z4aKh77UAbrIQKS0xngcXj+Lh1NO4jB13Z4kJf+99bE0TGkT6xRLGs+8Knby+W65xmYqW2PFZpC7W3yD/R/&u=U2FsdGVkX1/gMTrorbgHuyMNh7X/Ch5dgRJuV7bqUwc=&y=U2FsdGVkX1+N6KINlv71GFKNpGTbgfhcEgVCNjaQKlE= HTTP/1.1" 200 25
186.102.12.63 - - [08/Apr/2022:11:01:02 -0500] "GET /kwssiamovil/sm/acme/a?s=U2FsdGVkX19w8mOxUK2PM8ltHykL1MhikdsTFlVHfjgs8lltCsbJNBMc9Ab0bCapbGODvHVB+b5nSNk8HdOq5Zzzood4bSe7vVEGY7aRKGlKpsObRJTvQCC5Nymz4x/beK8R5+NCD1m2Xe4XlE02f9rNOfsQMvNZ3X+k9yN5MGIQj1QGnpItVzFXxrplCZk+GWPcaCDgYjxHpAMitEUrwA==&u=U2FsdGVkX1/gMTrorbgHuyMNh7X/Ch5dgRJuV7bqUwc=&y=U2FsdGVkX1+N6KINlv71GFKNpGTbgfhcEgVCNjaQKlE= HTTP/1.1" 200 25
186.102.12.63 - - [08/Apr/2022:11:01:02 -0500] "GET /kwssiamovil/sm/acme/a?s=U2FsdGVkX1+6YT0Oc2jubVA0k82XA2Yc181ysWSrC963hHc3nTPTGlKtry1UF10kglaM66WOeyQ4VHAHxnqFIAVJ+qN1TmwvrHPhOY22axCw0A8URPKmxPIsWq62x92uw2jd5v8xu+ZX8CuD5QhdXw/LyUfdSYY8eTykGtqWqfog7u+QtI/k9USOJz8VCgIJ&u=U2FsdGVkX1/gMTrorbgHuyMNh7X/Ch5dgRJuV7bqUwc=&y=U2FsdGVkX1+N6KINlv71GFKNpGTbgfhcEgVCNjaQKlE= HTTP/1.1" 200 25
191.95.134.236 - - [08/Apr/2022:11:01:01 -0500] "POST /forms/lservlet;jsessionid=ac16012b30d6ac9f2853310f4e43b880a7186e5016b2.e3iSbxaKaheRe34Sc38RahyRchr0n6jAmljGr5XDqQLvpAe HTTP/1.1" 200 15
191.95.134.236 - - [08/Apr/2022:11:01:04 -0500] "POST /forms/lservlet;jsessionid=ac16012b30d6ac9f2853310f4e43b880a7186e5016b2.e3iSbxaKaheRe34Sc38RahyRchr0n6jAmljGr5XDqQLvpAe HTTP/1.1" 200 108
191.95.134.236 - - [08/Apr/2022:11:01:04 -0500] "POST /forms/lservlet;jsessionid=ac16012b30d6ac9f2853310f4e43b880a7186e5016b2.e3iSbxaKaheRe34Sc38RahyRchr0n6jAmljGr5XDqQLvpAe HTTP/1.1" 200 2
191.95.134.236 - - [08/Apr/2022:11:01:04 -0500] "GET /reports/rwservlet/getjobid74702?server=repnomi HTTP/1.1" 200 47733
172.22.2.4 - - [08/Apr/2022:11:01:06 -0500] "GET /BLA/boletinlegal/actos.php HTTP/1.1" 200 9559
172.22.2.4 - - [08/Apr/2022:11:01:06 -0500] "GET /BLA/boletinlegal/js/ajax_actos.js HTTP/1.1" 200 1322
172.22.2.4 - - [08/Apr/2022:11:01:06 -0500] "GET /BLA/boletinlegal/js/lib.js HTTP/1.1" 200 6474
172.22.2.4 - - [08/Apr/2022:11:01:06 -0500] "GET /BLA/boletinlegal/niceforms.js HTTP/1.1" 200 22876
172.22.2.4 - - [08/Apr/2022:11:01:06 -0500] "GET /BLA/boletinlegal/niceforms-default.css HTTP/1.1" 200 6694
172.22.2.4 - - [08/Apr/2022:10:59:26 -0500] "GET /BLA/boletinlegal/ HTTP/1.1" 200 47760
172.22.2.4 - - [08/Apr/2022:11:01:06 -0500] "GET /BLA/boletinlegal/js/jquery1.js HTTP/1.1" 200 29846
172.22.2.4 - - [08/Apr/2022:11:01:06 -0500] "GET /BLA/boletinlegal/js/popup.js HTTP/1.1" 200 1270
172.22.2.4 - - [08/Apr/2022:11:01:06 -0500] "GET /BLA/boletinlegal/images/abajo.png HTTP/1.1" 200 96676
172.22.2.4 - - [08/Apr/2022:11:01:06 -0500] "GET /BLA/boletinlegal/images/green-yellow-blue-pink-th.png HTTP/1.1" 200 7394
172.22.2.4 - - [08/Apr/2022:11:01:07 -0500] "GET /BLA/boletinlegal/images/icono-email.png HTTP/1.1" 200 5544
172.22.2.4 - - [08/Apr/2022:11:01:07 -0500] "GET /BLA/boletinlegal/images/footer_bg_l.jpg HTTP/1.1" 200 776
172.22.2.4 - - [08/Apr/2022:11:01:07 -0500] "GET /BLA/boletinlegal/images/tel.png HTTP/1.1" 200 14477
172.22.2.4 - - [08/Apr/2022:11:01:07 -0500] "GET /BLA/boletinlegal/img/0.png HTTP/1.1" 200 110
172.22.2.4 - - [08/Apr/2022:11:01:07 -0500] "GET /BLA/boletinlegal/img/select-right.png HTTP/1.1" 200 44019
172.22.2.4 - - [08/Apr/2022:11:01:07 -0500] "GET /BLA/boletinlegal/img/select-left.png HTTP/1.1" 200 263
172.22.2.4 - - [08/Apr/2022:11:01:08 -0500] "GET /BLA/boletinlegal/img/button.png HTTP/1.1" 200 43241
172.22.2.4 - - [08/Apr/2022:11:01:08 -0500] "GET /BLA/boletinlegal/img/button-left.png HTTP/1.1" 200 57071
172.22.2.4 - - [08/Apr/2022:11:01:08 -0500] "GET /BLA/boletinlegal/img/button-right.png HTTP/1.1" 200 57878
172.22.2.4 - - [08/Apr/2022:11:01:08 -0500] "GET /BLA/boletinlegal/favicon.ico HTTP/1.1" 404 1326
186.155.46.78 - - [08/Apr/2022:11:01:08 -0500] "GET /BLA/resoluciones/RESOLUCIONES%202020/0006.pdf HTTP/1.1" 200 332943
212.129.62.32 - - [08/Apr/2022:11:01:09 -0500] "GET /en-semana-santa-no-uses-palmas-ni-traigas-o-consumas-animales-silvestres.html HTTP/1.1" 200 959
201.245.192.253 - - [08/Apr/2022:11:01:09 -0500] "POST /sipse/faces/presentacion/proyectos/proyecto/proyecto.xhtml HTTP/1.1" 200 6358
212.129.62.32 - - [08/Apr/2022:11:01:09 -0500] "GET /images/semana-santa-ramos-policia-7-abril.jpg HTTP/1.1" 200 43922
201.245.192.253 - - [08/Apr/2022:11:01:10 -0500] "POST /sipse/faces/presentacion/proyectos/proyecto/proyecto.xhtml HTTP/1.1" 200 34492
201.245.192.253 - - [08/Apr/2022:11:01:10 -0500] "GET /sipse/faces/javax.faces.resource/theme.css?ln=primefaces-sipse HTTP/1.1" 304 -
201.245.192.253 - - [08/Apr/2022:11:01:10 -0500] "GET /sipse/faces/javax.faces.resource/layout/layout.css?ln=primefaces&v=4.0 HTTP/1.1" 304 -
201.245.192.253 - - [08/Apr/2022:11:01:10 -0500] "GET /sipse/faces/javax.faces.resource/primefaces.css?ln=primefaces&v=4.0 HTTP/1.1" 304 -
201.245.192.253 - - [08/Apr/2022:11:01:10 -0500] "GET /sipse/faces/javax.faces.resource/jquery/jquery.js?ln=primefaces&v=4.0 HTTP/1.1" 304 -
201.245.192.253 - - [08/Apr/2022:11:01:10 -0500] "GET /sipse/faces/javax.faces.resource/jquery/jquery-plugins.js?ln=primefaces&v=4.0 HTTP/1.1" 304 -
201.245.192.253 - - [08/Apr/2022:11:01:11 -0500] "GET /sipse/faces/javax.faces.resource/primefaces.js?ln=primefaces&v=4.0 HTTP/1.1" 304 -
201.245.192.253 - - [08/Apr/2022:11:01:11 -0500] "GET /sipse/faces/javax.faces.resource/layout/layout.js?ln=primefaces&v=4.0 HTTP/1.1" 304 -
201.245.192.253 - - [08/Apr/2022:11:01:11 -0500] "GET /sipse/css/imagen/contrasena.png HTTP/1.1" 404 383
201.245.192.253 - - [08/Apr/2022:11:01:11 -0500] "POST /sipse/faces/presentacion/financiero/solicitudProceso/listarSolicitudProceso.xhtml HTTP/1.1" 200 1324
201.245.192.253 - - [08/Apr/2022:11:01:14 -0500] "POST /sipse/faces/presentacion/financiero/solicitudProceso/listarSolicitudProceso.xhtml HTTP/1.1" 200 31390
201.245.192.253 - - [08/Apr/2022:11:01:14 -0500] "GET /sipse/faces/javax.faces.resource/theme.css?ln=primefaces-sipse HTTP/1.1" 304 -
201.245.192.253 - - [08/Apr/2022:11:01:14 -0500] "GET /sipse/faces/javax.faces.resource/layout/layout.css?ln=primefaces&v=4.0 HTTP/1.1" 304 -
201.245.192.253 - - [08/Apr/2022:11:01:14 -0500] "GET /sipse/faces/javax.faces.resource/primefaces.css?ln=primefaces&v=4.0 HTTP/1.1" 304 -
201.245.192.253 - - [08/Apr/2022:11:01:14 -0500] "GET /sipse/faces/javax.faces.resource/jquery/jquery.js?ln=primefaces&v=4.0 HTTP/1.1" 304 -
201.245.192.253 - - [08/Apr/2022:11:01:14 -0500] "GET /sipse/faces/javax.faces.resource/jquery/jquery-plugins.js?ln=primefaces&v=4.0 HTTP/1.1" 304 -
201.245.192.253 - - [08/Apr/2022:11:01:14 -0500] "GET /sipse/faces/javax.faces.resource/primefaces.js?ln=primefaces&v=4.0 HTTP/1.1" 304 -
201.245.192.253 - - [08/Apr/2022:11:01:14 -0500] "GET /sipse/faces/javax.faces.resource/layout/layout.js?ln=primefaces&v=4.0 HTTP/1.1" 304 -
201.245.192.253 - - [08/Apr/2022:11:01:14 -0500] "POST /sipse/faces/presentacion/financiero/solicitudProceso/solicitudProcesoOtrosPagos.xhtml HTTP/1.1" 200 24783
172.22.2.4 - - [08/Apr/2022:11:01:15 -0500] "GET /BLA/boletinlegal/images/pdf.gif HTTP/1.1" 200 567
201.245.192.253 - - [08/Apr/2022:11:01:16 -0500] "POST /sipse/faces/presentacion/financiero/solicitudProceso/solicitudProcesoOtrosPagos.xhtml HTTP/1.1" 200 184
201.245.192.253 - - [08/Apr/2022:11:01:16 -0500] "POST /sipse/faces/presentacion/financiero/solicitudProceso/solicitudProcesoOtrosPagos.xhtml HTTP/1.1" 200 184
201.245.192.253 - - [08/Apr/2022:11:01:16 -0500] "POST /sipse/faces/presentacion/financiero/solicitudProceso/solicitudProcesoOtrosPagos.xhtml HTTP/1.1" 200 184
201.245.192.253 - - [08/Apr/2022:11:01:16 -0500] "GET /sipse/faces/presentacion/financiero/solicitudAnulacion/solicitudAnulacion.xhtml HTTP/1.1" 200 17805
201.245.192.253 - - [08/Apr/2022:11:01:16 -0500] "GET /sipse/faces/presentacion/financiero/solicitudAnulacion/solicitudAnulacion.xhtml HTTP/1.1" 200 12285
201.245.192.253 - - [08/Apr/2022:11:01:16 -0500] "GET /sipse/faces/presentacion/financiero/solicitudAnulacion/solicitudAnulacion.xhtml HTTP/1.1" 200 35205
201.245.192.253 - - [08/Apr/2022:11:01:16 -0500] "GET /sipse/faces/javax.faces.resource/theme.css?ln=primefaces-sipse HTTP/1.1" 304 -
201.245.192.253 - - [08/Apr/2022:11:01:16 -0500] "GET /sipse/faces/javax.faces.resource/jquery/jquery.js?ln=primefaces&v=4.0 HTTP/1.1" 304 -
201.245.192.253 - - [08/Apr/2022:11:01:16 -0500] "GET /sipse/faces/javax.faces.resource/layout/layout.css?ln=primefaces&v=4.0 HTTP/1.1" 304 -
201.245.192.253 - - [08/Apr/2022:11:01:16 -0500] "GET /sipse/faces/javax.faces.resource/primefaces.css?ln=primefaces&v=4.0 HTTP/1.1" 304 -
201.245.192.253 - - [08/Apr/2022:11:01:16 -0500] "GET /sipse/faces/javax.faces.resource/jquery/jquery-plugins.js?ln=primefaces&v=4.0 HTTP/1.1" 304 -
201.245.192.253 - - [08/Apr/2022:11:01:16 -0500] "GET /sipse/faces/javax.faces.resource/primefaces.js?ln=primefaces&v=4.0 HTTP/1.1" 304 -
201.245.192.253 - - [08/Apr/2022:11:01:16 -0500] "GET /sipse/faces/javax.faces.resource/layout/layout.js?ln=primefaces&v=4.0 HTTP/1.1" 304 -
201.245.192.253 - - [08/Apr/2022:11:01:16 -0500] "POST /sipse/faces/presentacion/financiero/solicitudAnulacion/solicitudAnulacion.xhtml HTTP/1.1" 200 10468
201.245.192.253 - - [08/Apr/2022:11:01:16 -0500] "GET /sipse/faces/javax.faces.resource/messages/messages.png?ln=primefaces&v=4.0 HTTP/1.1" 304 -
201.245.192.253 - - [08/Apr/2022:11:01:18 -0500] "POST /sipse/faces/presentacion/financiero/solicitudAnulacion/solicitudAnulacion.xhtml HTTP/1.1" 200 34492
201.245.192.253 - - [08/Apr/2022:11:01:19 -0500] "GET /sipse/faces/javax.faces.resource/theme.css?ln=primefaces-sipse HTTP/1.1" 304 -
201.245.192.253 - - [08/Apr/2022:11:01:19 -0500] "GET /sipse/faces/javax.faces.resource/layout/layout.css?ln=primefaces&v=4.0 HTTP/1.1" 304 -
201.245.192.253 - - [08/Apr/2022:11:01:19 -0500] "GET /sipse/faces/javax.faces.resource/primefaces.css?ln=primefaces&v=4.0 HTTP/1.1" 304 -
201.245.192.253 - - [08/Apr/2022:11:01:19 -0500] "GET /sipse/faces/javax.faces.resource/jquery/jquery.js?ln=primefaces&v=4.0 HTTP/1.1" 304 -
201.245.192.253 - - [08/Apr/2022:11:01:19 -0500] "GET /sipse/faces/javax.faces.resource/jquery/jquery-plugins.js?ln=primefaces&v=4.0 HTTP/1.1" 304 -
201.245.192.253 - - [08/Apr/2022:11:01:19 -0500] "GET /sipse/faces/javax.faces.resource/primefaces.js?ln=primefaces&v=4.0 HTTP/1.1" 304 -
201.245.192.253 - - [08/Apr/2022:11:01:19 -0500] "GET /sipse/faces/javax.faces.resource/layout/layout.js?ln=primefaces&v=4.0 HTTP/1.1" 304 -
201.245.192.253 - - [08/Apr/2022:11:01:19 -0500] "POST /sipse/faces/presentacion/financiero/solicitudProceso/listarSolicitudProceso.xhtml HTTP/1.1" 200 1324
172.22.2.4 - - [08/Apr/2022:10:59:39 -0500] "GET /BLA/boletinlegal/ HTTP/1.1" 200 43418
201.245.192.253 - - [08/Apr/2022:11:01:22 -0500] "POST /sipse/faces/presentacion/financiero/solicitudProceso/listarSolicitudProceso.xhtml HTTP/1.1" 200 184
201.245.192.253 - - [08/Apr/2022:11:01:22 -0500] "POST /sipse/faces/presentacion/financiero/solicitudProceso/listarSolicitudProceso.xhtml HTTP/1.1" 200 184
201.245.192.253 - - [08/Apr/2022:11:01:22 -0500] "GET /sipse/faces/presentacion/financiero/solicitudAnulacion/solicitudAnulacion.xhtml HTTP/1.1" 200 16384
201.245.192.253 - - [08/Apr/2022:11:01:22 -0500] "GET /sipse/faces/javax.faces.resource/theme.css?ln=primefaces-sipse HTTP/1.1" 304 -
201.245.192.253 - - [08/Apr/2022:11:01:22 -0500] "GET /sipse/faces/javax.faces.resource/layout/layout.css?ln=primefaces&v=4.0 HTTP/1.1" 304 -
201.245.192.253 - - [08/Apr/2022:11:01:22 -0500] "GET /sipse/faces/javax.faces.resource/jquery/jquery.js?ln=primefaces&v=4.0 HTTP/1.1" 304 -
201.245.192.253 - - [08/Apr/2022:11:01:22 -0500] "GET /sipse/faces/javax.faces.resource/jquery/jquery-plugins.js?ln=primefaces&v=4.0 HTTP/1.1" 304 -
201.245.192.253 - - [08/Apr/2022:11:01:22 -0500] "GET /sipse/faces/javax.faces.resource/primefaces.css?ln=primefaces&v=4.0 HTTP/1.1" 304 -
201.245.192.253 - - [08/Apr/2022:11:01:22 -0500] "GET /sipse/faces/javax.faces.resource/primefaces.js?ln=primefaces&v=4.0 HTTP/1.1" 304 -
201.245.192.253 - - [08/Apr/2022:11:01:22 -0500] "GET /sipse/faces/javax.faces.resource/layout/layout.js?ln=primefaces&v=4.0 HTTP/1.1" 304 -
201.245.192.253 - - [08/Apr/2022:11:01:22 -0500] "GET /sipse/faces/presentacion/financiero/solicitudAnulacion/solicitudAnulacion.xhtml HTTP/1.1" 200 35205
201.245.192.253 - - [08/Apr/2022:11:01:22 -0500] "POST /sipse/faces/presentacion/financiero/solicitudAnulacion/solicitudAnulacion.xhtml HTTP/1.1" 200 10468
201.245.192.253 - - [08/Apr/2022:11:01:23 -0500] "POST /sipse/faces/presentacion/financiero/solicitudAnulacion/solicitudAnulacion.xhtml HTTP/1.1" 200 31390
201.245.192.253 - - [08/Apr/2022:11:01:23 -0500] "GET /sipse/faces/javax.faces.resource/layout/layout.css?ln=primefaces&v=4.0 HTTP/1.1" 304 -
201.245.192.253 - - [08/Apr/2022:11:01:23 -0500] "GET /sipse/faces/javax.faces.resource/theme.css?ln=primefaces-sipse HTTP/1.1" 304 -
201.245.192.253 - - [08/Apr/2022:11:01:23 -0500] "GET /sipse/faces/javax.faces.resource/primefaces.css?ln=primefaces&v=4.0 HTTP/1.1" 304 -
201.245.192.253 - - [08/Apr/2022:11:01:23 -0500] "GET /sipse/faces/javax.faces.resource/jquery/jquery.js?ln=primefaces&v=4.0 HTTP/1.1" 304 -
201.245.192.253 - - [08/Apr/2022:11:01:23 -0500] "GET /sipse/faces/javax.faces.resource/jquery/jquery-plugins.js?ln=primefaces&v=4.0 HTTP/1.1" 304 -
201.245.192.253 - - [08/Apr/2022:11:01:23 -0500] "GET /sipse/faces/javax.faces.resource/primefaces.js?ln=primefaces&v=4.0 HTTP/1.1" 304 -
201.245.192.253 - - [08/Apr/2022:11:01:23 -0500] "GET /sipse/faces/javax.faces.resource/layout/layout.js?ln=primefaces&v=4.0 HTTP/1.1" 304 -
201.245.192.253 - - [08/Apr/2022:11:01:24 -0500] "POST /sipse/faces/presentacion/financiero/solicitudProceso/solicitudProcesoOtrosPagos.xhtml HTTP/1.1" 200 34492
201.245.192.253 - - [08/Apr/2022:11:01:24 -0500] "GET /sipse/faces/javax.faces.resource/primefaces.css?ln=primefaces&v=4.0 HTTP/1.1" 304 -
201.245.192.253 - - [08/Apr/2022:11:01:24 -0500] "GET /sipse/faces/javax.faces.resource/layout/layout.css?ln=primefaces&v=4.0 HTTP/1.1" 304 -
201.245.192.253 - - [08/Apr/2022:11:01:24 -0500] "GET /sipse/faces/javax.faces.resource/theme.css?ln=primefaces-sipse HTTP/1.1" 304 -
201.245.192.253 - - [08/Apr/2022:11:01:24 -0500] "GET /sipse/faces/javax.faces.resource/jquery/jquery.js?ln=primefaces&v=4.0 HTTP/1.1" 304 -
201.245.192.253 - - [08/Apr/2022:11:01:24 -0500] "GET /sipse/faces/javax.faces.resource/jquery/jquery-plugins.js?ln=primefaces&v=4.0 HTTP/1.1" 304 -
201.245.192.253 - - [08/Apr/2022:11:01:24 -0500] "GET /sipse/faces/javax.faces.resource/primefaces.js?ln=primefaces&v=4.0 HTTP/1.1" 304 -
201.245.192.253 - - [08/Apr/2022:11:01:24 -0500] "GET /sipse/faces/javax.faces.resource/layout/layout.js?ln=primefaces&v=4.0 HTTP/1.1" 304 -
201.245.192.253 - - [08/Apr/2022:11:01:24 -0500] "POST /sipse/faces/presentacion/financiero/solicitudProceso/listarSolicitudProceso.xhtml HTTP/1.1" 200 27893
201.245.192.253 - - [08/Apr/2022:11:01:25 -0500] "POST /sipse/faces/presentacion/financiero/solicitudProceso/listarSolicitudProceso.xhtml HTTP/1.1" 200 1324
201.245.192.253 - - [08/Apr/2022:11:01:25 -0500] "POST /sipse/faces/presentacion/financiero/solicitudProceso/listarSolicitudProceso.xhtml HTTP/1.1" 200 1324
195.154.209.237 - - [08/Apr/2022:11:01:30 -0500] "GET /en-semana-santa-no-uses-palmas-ni-traigas-o-consumas-animales-silvestres.html HTTP/1.1" 200 959
195.154.209.237 - - [08/Apr/2022:11:01:30 -0500] "GET /images/semana-santa-ramos-policia-7-abril.jpg HTTP/1.1" 200 43922
201.245.192.253 - - [08/Apr/2022:11:01:33 -0500] "POST /sipse/faces/presentacion/financiero/solicitudProceso/listarSolicitudProceso.xhtml HTTP/1.1" 200 184
201.245.192.253 - - [08/Apr/2022:11:01:33 -0500] "POST /sipse/faces/presentacion/financiero/solicitudProceso/listarSolicitudProceso.xhtml HTTP/1.1" 200 184
201.245.192.253 - - [08/Apr/2022:11:01:33 -0500] "POST /sipse/faces/presentacion/financiero/solicitudProceso/listarSolicitudProceso.xhtml HTTP/1.1" 200 184
201.245.192.253 - - [08/Apr/2022:11:01:33 -0500] "GET /sipse/faces/presentacion/financiero/solicitudAnulacion/solicitudAnulacion.xhtml HTTP/1.1" 200 15757
201.245.192.253 - - [08/Apr/2022:11:01:33 -0500] "GET /sipse/faces/presentacion/financiero/solicitudAnulacion/solicitudAnulacion.xhtml HTTP/1.1" 200 12285
201.245.192.253 - - [08/Apr/2022:11:01:33 -0500] "GET /sipse/faces/presentacion/financiero/solicitudAnulacion/solicitudAnulacion.xhtml HTTP/1.1" 200 35205
201.245.192.253 - - [08/Apr/2022:11:01:33 -0500] "GET /sipse/faces/javax.faces.resource/layout/layout.css?ln=primefaces&v=4.0 HTTP/1.1" 304 -
201.245.192.253 - - [08/Apr/2022:11:01:33 -0500] "GET /sipse/faces/javax.faces.resource/theme.css?ln=primefaces-sipse HTTP/1.1" 304 -
201.245.192.253 - - [08/Apr/2022:11:01:33 -0500] "GET /sipse/faces/javax.faces.resource/primefaces.css?ln=primefaces&v=4.0 HTTP/1.1" 304 -
201.245.192.253 - - [08/Apr/2022:11:01:33 -0500] "GET /sipse/faces/javax.faces.resource/jquery/jquery.js?ln=primefaces&v=4.0 HTTP/1.1" 304 -
201.245.192.253 - - [08/Apr/2022:11:01:33 -0500] "GET /sipse/faces/javax.faces.resource/jquery/jquery-plugins.js?ln=primefaces&v=4.0 HTTP/1.1" 304 -
201.245.192.253 - - [08/Apr/2022:11:01:33 -0500] "GET /sipse/faces/javax.faces.resource/primefaces.js?ln=primefaces&v=4.0 HTTP/1.1" 304 -
201.245.192.253 - - [08/Apr/2022:11:01:33 -0500] "GET /sipse/faces/javax.faces.resource/layout/layout.js?ln=primefaces&v=4.0 HTTP/1.1" 304 -
201.245.192.253 - - [08/Apr/2022:11:01:33 -0500] "POST /sipse/faces/presentacion/financiero/solicitudAnulacion/solicitudAnulacion.xhtml HTTP/1.1" 200 10468
201.245.192.253 - - [08/Apr/2022:11:01:34 -0500] "POST /sipse/faces/presentacion/financiero/solicitudAnulacion/solicitudAnulacion.xhtml HTTP/1.1" 200 31390
201.245.192.253 - - [08/Apr/2022:11:01:34 -0500] "GET /sipse/faces/javax.faces.resource/theme.css?ln=primefaces-sipse HTTP/1.1" 304 -
201.245.192.253 - - [08/Apr/2022:11:01:34 -0500] "GET /sipse/faces/javax.faces.resource/primefaces.css?ln=primefaces&v=4.0 HTTP/1.1" 304 -
201.245.192.253 - - [08/Apr/2022:11:01:34 -0500] "GET /sipse/faces/javax.faces.resource/layout/layout.css?ln=primefaces&v=4.0 HTTP/1.1" 304 -
201.245.192.253 - - [08/Apr/2022:11:01:34 -0500] "GET /sipse/faces/javax.faces.resource/jquery/jquery.js?ln=primefaces&v=4.0 HTTP/1.1" 304 -
201.245.192.253 - - [08/Apr/2022:11:01:34 -0500] "GET /sipse/faces/javax.faces.resource/jquery/jquery-plugins.js?ln=primefaces&v=4.0 HTTP/1.1" 304 -
201.245.192.253 - - [08/Apr/2022:11:01:34 -0500] "GET /sipse/faces/javax.faces.resource/primefaces.js?ln=primefaces&v=4.0 HTTP/1.1" 304 -
201.245.192.253 - - [08/Apr/2022:11:01:34 -0500] "GET /sipse/faces/javax.faces.resource/layout/layout.js?ln=primefaces&v=4.0 HTTP/1.1" 304 -
191.95.134.236 - - [08/Apr/2022:11:01:42 -0500] "POST /forms/lservlet;jsessionid=ac16012b30d6ac9f2853310f4e43b880a7186e5016b2.e3iSbxaKaheRe34Sc38RahyRchr0n6jAmljGr5XDqQLvpAe HTTP/1.1" 200 2
172.22.2.4 - - [08/Apr/2022:11:00:05 -0500] "HEAD /BLA/boletinlegal/ HTTP/1.1" 200 -
172.22.2.4 - - [08/Apr/2022:11:00:47 -0500] "GET /BLA/boletinlegal/index.php HTTP/1.1" 200 32715
172.22.2.4 - - [08/Apr/2022:11:02:08 -0500] "GET /BLA/boletinlegal/consulta_actos.php?tipo=resoluciones&no=&usuario=&sector=SILVICULTURA&fecha=2022&resuelve=sancion HTTP/1.1" 200 2149
172.22.2.4 - - [08/Apr/2022:11:02:22 -0500] "GET /BLA/boletinlegal/consulta_actos.php?tipo=resoluciones&no=&usuario=&sector=SILVICULTURA&fecha=2021&resuelve=sancion HTTP/1.1" 200 29875
172.22.2.4 - - [08/Apr/2022:11:00:42 -0500] "GET /BLA/boletinlegal/ HTTP/1.1" 200 40429
172.22.2.4 - - [08/Apr/2022:11:00:55 -0500] "GET /BLA/boletinlegal/ HTTP/1.1" 200 45548
216.245.221.92 - - [08/Apr/2022:11:02:43 -0500] "HEAD / HTTP/1.1" 200 -
186.155.46.78 - - [08/Apr/2022:11:03:09 -0500] "GET /BLA/resoluciones/RESOLUCIONES%202021/1531.pdf HTTP/1.1" 200 423739
191.95.134.236 - - [08/Apr/2022:11:03:42 -0500] "POST /forms/lservlet;jsessionid=ac16012b30d6ac9f2853310f4e43b880a7186e5016b2.e3iSbxaKaheRe34Sc38RahyRchr0n6jAmljGr5XDqQLvpAe HTTP/1.1" 200 2
207.46.13.157 - - [08/Apr/2022:11:04:51 -0500] "GET /BLA/resoluciones/index.php?dir=AUTOS+2019%2F HTTP/1.1" 200 342490
191.95.134.236 - - [08/Apr/2022:11:05:43 -0500] "POST /forms/lservlet;jsessionid=ac16012b30d6ac9f2853310f4e43b880a7186e5016b2.e3iSbxaKaheRe34Sc38RahyRchr0n6jAmljGr5XDqQLvpAe HTTP/1.1" 200 2
204.199.94.86 - - [08/Apr/2022:11:05:48 -0500] "GET /caminos-de-los-cerros-habilitados-en-esta-semana-santa-2022.html HTTP/1.1" 200 832
192.144.113.111 - - [08/Apr/2022:11:06:26 -0500] "GET /caminos-de-los-cerros-habilitados-en-esta-semana-santa-2022.html HTTP/1.1" 200 832
200.21.21.42 - - [08/Apr/2022:11:07:06 -0500] "GET /catalogoisis/ HTTP/1.1" 200 8575
200.21.21.42 - - [08/Apr/2022:11:07:06 -0500] "GET /catalogoisis/Css/Busqueda.css HTTP/1.1" 200 1995
200.21.21.42 - - [08/Apr/2022:11:07:06 -0500] "GET /catalogoisis/Js/AceptarLimpiar.js HTTP/1.1" 200 331
200.21.21.42 - - [08/Apr/2022:11:07:06 -0500] "GET /catalogoisis/Js/Cookies.js HTTP/1.1" 200 1369
200.21.21.42 - - [08/Apr/2022:11:07:06 -0500] "GET /catalogoisis/Js/CriterioCombinada.js HTTP/1.1" 200 1843
200.21.21.42 - - [08/Apr/2022:11:07:06 -0500] "GET /catalogoisis/Js/LimpiarCombinada.js HTTP/1.1" 200 207
200.21.21.42 - - [08/Apr/2022:11:07:06 -0500] "GET /catalogoisis/Js/Remote.js HTTP/1.1" 200 436
200.21.21.42 - - [08/Apr/2022:11:07:06 -0500] "GET /catalogoisis/Js/Go.js HTTP/1.1" 200 364
200.21.21.42 - - [08/Apr/2022:11:07:06 -0500] "GET /catalogoisis/Js/Numero.js HTTP/1.1" 200 398
200.21.21.42 - - [08/Apr/2022:11:07:06 -0500] "GET /catalogoisis/Js/Enter.js HTTP/1.1" 200 1208
200.21.21.42 - - [08/Apr/2022:11:07:06 -0500] "GET /catalogoisis/imagenes/Header.gif HTTP/1.1" 200 30313
200.21.21.42 - - [08/Apr/2022:11:07:06 -0500] "GET /catalogoisis/imagenes/br1c1.gif HTTP/1.1" 200 172
200.21.21.42 - - [08/Apr/2022:11:07:06 -0500] "GET /catalogoisis/imagenes/aceptar1.gif HTTP/1.1" 200 604
200.21.21.42 - - [08/Apr/2022:11:07:06 -0500] "GET /catalogoisis/imagenes/br1c3.gif HTTP/1.1" 200 302
200.21.21.42 - - [08/Apr/2022:11:07:06 -0500] "GET /catalogoisis/imagenes/Turnbo1.gif HTTP/1.1" 200 227
200.21.21.42 - - [08/Apr/2022:11:07:06 -0500] "GET /catalogoisis/imagenes/limpiar1.gif HTTP/1.1" 200 606
200.21.21.42 - - [08/Apr/2022:11:07:06 -0500] "GET /catalogoisis/imagenes/br2c1.gif HTTP/1.1" 200 297
200.21.21.42 - - [08/Apr/2022:11:07:07 -0500] "GET /catalogoisis/imagenes/br2c2.gif HTTP/1.1" 200 302
200.21.21.42 - - [08/Apr/2022:11:07:07 -0500] "GET /catalogoisis/imagenes/br1c2.gif HTTP/1.1" 200 297
200.21.21.42 - - [08/Apr/2022:11:07:07 -0500] "GET /catalogoisis/imagenes/br3c1.gif HTTP/1.1" 200 177
200.21.21.42 - - [08/Apr/2022:11:07:07 -0500] "GET /catalogoisis/imagenes/br3c2.gif HTTP/1.1" 200 285
200.21.21.42 - - [08/Apr/2022:11:07:07 -0500] "GET /catalogoisis/imagenes/br3c3.gif HTTP/1.1" 200 186
200.21.21.42 - - [08/Apr/2022:11:07:07 -0500] "GET /catalogoisis/imagenes/br2c3.gif HTTP/1.1" 200 416
200.21.21.42 - - [08/Apr/2022:11:07:07 -0500] "GET /favicon.ico HTTP/1.1" 200 7782
181.50.155.152 - - [08/Apr/2022:11:07:08 -0500] "GET /appsia/controlador HTTP/1.1" 200 4799
181.50.155.152 - - [08/Apr/2022:11:07:08 -0500] "GET /appsia/css/estilos.css HTTP/1.1" 200 4804
181.50.155.152 - - [08/Apr/2022:11:07:08 -0500] "GET /appsia/scripts/validarIngreso.js HTTP/1.1" 200 851
181.50.155.152 - - [08/Apr/2022:11:07:08 -0500] "GET /appsia/images/cabezoteHojaVida.png HTTP/1.1" 200 32493
181.50.155.152 - - [08/Apr/2022:11:07:08 -0500] "GET /appsia/images/logo_bogota_p.png HTTP/1.1" 200 14951
200.21.21.42 - - [08/Apr/2022:11:07:14 -0500] "POST /catalogoisis/comb.php HTTP/1.1" 200 34368
200.21.21.42 - - [08/Apr/2022:11:07:15 -0500] "GET /catalogoisis/Js/Marcados.js HTTP/1.1" 200 1327
200.21.21.42 - - [08/Apr/2022:11:07:15 -0500] "GET /catalogoisis/Css/Pft.css HTTP/1.1" 200 3933
200.21.21.42 - - [08/Apr/2022:11:07:15 -0500] "GET /catalogoisis/imagenes/ar1c1.gif HTTP/1.1" 200 251
200.21.21.42 - - [08/Apr/2022:11:07:15 -0500] "GET /catalogoisis/imagenes/next.gif HTTP/1.1" 200 82
200.21.21.42 - - [08/Apr/2022:11:07:15 -0500] "GET /catalogoisis/imagenes/ar3c3.gif HTTP/1.1" 200 314
200.21.21.42 - - [08/Apr/2022:11:07:15 -0500] "GET /catalogoisis/imagenes/estado.gif HTTP/1.1" 200 580
200.21.21.42 - - [08/Apr/2022:11:07:15 -0500] "GET /catalogoisis/imagenes/ar1c3.gif HTTP/1.1" 200 296
200.21.21.42 - - [08/Apr/2022:11:07:15 -0500] "GET /catalogoisis/imagenes/ar3c1.gif HTTP/1.1" 200 277
200.21.21.42 - - [08/Apr/2022:11:07:15 -0500] "GET /catalogoisis/imagenes/fonest4.gif HTTP/1.1" 404 1402
200.21.21.42 - - [08/Apr/2022:11:07:15 -0500] "GET /catalogoisis/imagenes/ar1c2.gif HTTP/1.1" 200 276
200.21.21.42 - - [08/Apr/2022:11:07:15 -0500] "GET /catalogoisis/imagenes/ar3c2.gif HTTP/1.1" 200 383
200.21.21.42 - - [08/Apr/2022:11:07:15 -0500] "GET /catalogoisis/imagenes/ar2c1.gif HTTP/1.1" 200 366
200.21.21.42 - - [08/Apr/2022:11:07:15 -0500] "GET /catalogoisis/imagenes/ar2c2.gif HTTP/1.1" 200 305
200.21.21.42 - - [08/Apr/2022:11:07:15 -0500] "GET /catalogoisis/imagenes/ar2c3.gif HTTP/1.1" 200 469
200.21.21.42 - - [08/Apr/2022:11:07:15 -0500] "GET /catalogoisis/imagenes/back.gif HTTP/1.1" 200 666
200.21.21.42 - - [08/Apr/2022:11:07:15 -0500] "GET /catalogoisis/imagenes/up.gif HTTP/1.1" 200 669
200.21.21.42 - - [08/Apr/2022:11:07:15 -0500] "GET /catalogoisis/imagenes/home.gif HTTP/1.1" 200 923
200.21.21.42 - - [08/Apr/2022:11:07:15 -0500] "GET /catalogoisis/imagenes/selecc.gif HTTP/1.1" 200 784
200.21.21.42 - - [08/Apr/2022:11:07:15 -0500] "GET /catalogoisis/imagenes/correo.gif HTTP/1.1" 200 525
200.21.21.42 - - [08/Apr/2022:11:07:15 -0500] "GET /catalogoisis/imagenes/print.gif HTTP/1.1" 200 916
181.50.155.152 - - [08/Apr/2022:11:07:28 -0500] "POST /appsia/controlador HTTP/1.1" 200 5437
181.50.155.152 - - [08/Apr/2022:11:07:31 -0500] "POST /appsia/controlador HTTP/1.1" 200 7771
181.50.155.152 - - [08/Apr/2022:11:07:35 -0500] "POST /appsia/controlador HTTP/1.1" 200 6636
172.22.2.4 - - [08/Apr/2022:11:05:55 -0500] "HEAD /BLA/boletinlegal/ HTTP/1.1" 200 -
181.50.155.152 - - [08/Apr/2022:11:07:37 -0500] "POST /appsia/controlador HTTP/1.1" 200 10962
216.245.221.92 - - [08/Apr/2022:11:07:43 -0500] "HEAD / HTTP/1.1" 200 -
191.95.134.236 - - [08/Apr/2022:11:07:43 -0500] "POST /forms/lservlet;jsessionid=ac16012b30d6ac9f2853310f4e43b880a7186e5016b2.e3iSbxaKaheRe34Sc38RahyRchr0n6jAmljGr5XDqQLvpAe HTTP/1.1" 200 2
200.21.21.42 - - [08/Apr/2022:11:07:49 -0500] "GET /catalogoisis/ HTTP/1.1" 200 8575
200.21.21.42 - - [08/Apr/2022:11:07:49 -0500] "GET /catalogoisis/Css/Busqueda.css HTTP/1.1" 200 1995
200.21.21.42 - - [08/Apr/2022:11:07:49 -0500] "GET /catalogoisis/Js/AceptarLimpiar.js HTTP/1.1" 200 331
200.21.21.42 - - [08/Apr/2022:11:07:49 -0500] "GET /catalogoisis/Js/Cookies.js HTTP/1.1" 200 1369
200.21.21.42 - - [08/Apr/2022:11:07:49 -0500] "GET /catalogoisis/Js/CriterioCombinada.js HTTP/1.1" 200 1843
200.21.21.42 - - [08/Apr/2022:11:07:49 -0500] "GET /catalogoisis/Js/Remote.js HTTP/1.1" 200 436
200.21.21.42 - - [08/Apr/2022:11:07:49 -0500] "GET /catalogoisis/Js/Go.js HTTP/1.1" 200 364
200.21.21.42 - - [08/Apr/2022:11:07:49 -0500] "GET /catalogoisis/Js/LimpiarCombinada.js HTTP/1.1" 200 207
200.21.21.42 - - [08/Apr/2022:11:07:49 -0500] "GET /catalogoisis/Js/Numero.js HTTP/1.1" 200 398
200.21.21.42 - - [08/Apr/2022:11:07:49 -0500] "GET /catalogoisis/Js/Enter.js HTTP/1.1" 200 1208
200.21.21.42 - - [08/Apr/2022:11:07:49 -0500] "GET /catalogoisis/imagenes/br1c1.gif HTTP/1.1" 200 172
200.21.21.42 - - [08/Apr/2022:11:07:49 -0500] "GET /catalogoisis/imagenes/br1c3.gif HTTP/1.1" 200 302
200.21.21.42 - - [08/Apr/2022:11:07:49 -0500] "GET /catalogoisis/imagenes/aceptar1.gif HTTP/1.1" 200 604
200.21.21.42 - - [08/Apr/2022:11:07:49 -0500] "GET /catalogoisis/imagenes/Turnbo1.gif HTTP/1.1" 200 227
200.21.21.42 - - [08/Apr/2022:11:07:49 -0500] "GET /catalogoisis/imagenes/limpiar1.gif HTTP/1.1" 200 606
200.21.21.42 - - [08/Apr/2022:11:07:49 -0500] "GET /catalogoisis/imagenes/br3c1.gif HTTP/1.1" 200 177
200.21.21.42 - - [08/Apr/2022:11:07:49 -0500] "GET /catalogoisis/imagenes/br3c2.gif HTTP/1.1" 200 285
200.21.21.42 - - [08/Apr/2022:11:07:49 -0500] "GET /catalogoisis/imagenes/br1c2.gif HTTP/1.1" 200 297
200.21.21.42 - - [08/Apr/2022:11:07:49 -0500] "GET /catalogoisis/imagenes/br2c1.gif HTTP/1.1" 200 297
200.21.21.42 - - [08/Apr/2022:11:07:49 -0500] "GET /catalogoisis/imagenes/br3c3.gif HTTP/1.1" 200 186
200.21.21.42 - - [08/Apr/2022:11:07:49 -0500] "GET /catalogoisis/imagenes/br2c2.gif HTTP/1.1" 200 302
200.21.21.42 - - [08/Apr/2022:11:07:49 -0500] "GET /catalogoisis/imagenes/br2c3.gif HTTP/1.1" 200 416
200.21.21.42 - - [08/Apr/2022:11:07:49 -0500] "GET /catalogoisis/imagenes/Header.gif HTTP/1.1" 200 30313
200.21.21.42 - - [08/Apr/2022:11:07:49 -0500] "GET /favicon.ico HTTP/1.1" 200 7782
200.21.21.42 - - [08/Apr/2022:11:07:59 -0500] "GET /catalogoisis/imagenes/aceptar2.gif HTTP/1.1" 200 586
200.21.21.42 - - [08/Apr/2022:11:08:02 -0500] "GET /catalogoisis/imagenes/aceptar2.gif HTTP/1.1" 200 586
200.21.21.42 - - [08/Apr/2022:11:08:02 -0500] "GET /catalogoisis/imagenes/click.gif HTTP/1.1" 200 398
200.21.21.42 - - [08/Apr/2022:11:08:09 -0500] "GET /catalogoisis/index.php HTTP/1.1" 200 8575
200.21.21.42 - - [08/Apr/2022:11:08:15 -0500] "POST /catalogoisis/comb.php HTTP/1.1" 200 31756
172.22.2.4 - - [08/Apr/2022:11:06:45 -0500] "GET /BLA/boletinlegal/ HTTP/1.1" 200 59170
181.50.155.152 - - [08/Apr/2022:11:08:27 -0500] "POST /appsia/controlador HTTP/1.1" 200 75932
200.21.21.42 - - [08/Apr/2022:11:08:39 -0500] "GET /catalogoisis/Diccionario.php?i=1&form=0&element=3&prefix=ti-&first=yes HTTP/1.1" 200 4199
200.21.21.42 - - [08/Apr/2022:11:08:39 -0500] "GET /catalogoisis/Diccionario.php?i=1&form=0&element=3&prefix=ti-&first=yes HTTP/1.1" 200 4199
200.21.21.42 - - [08/Apr/2022:11:08:39 -0500] "GET /catalogoisis/Css/Diccionario.css HTTP/1.1" 200 1478
200.21.21.42 - - [08/Apr/2022:11:08:39 -0500] "GET /catalogoisis/Js/CriterioDiccionario.js HTTP/1.1" 200 608
200.21.21.42 - - [08/Apr/2022:11:08:39 -0500] "GET /catalogoisis/Js/LimpiarDiccionario.js HTTP/1.1" 200 98
200.21.21.42 - - [08/Apr/2022:11:08:39 -0500] "GET /catalogoisis/Js/Diccionario.js HTTP/1.1" 200 999
181.50.155.152 - - [08/Apr/2022:11:09:10 -0500] "POST /appsia/controlador HTTP/1.1" 200 7771
181.50.155.152 - - [08/Apr/2022:11:09:13 -0500] "POST /appsia/controlador HTTP/1.1" 200 6636
181.50.155.152 - - [08/Apr/2022:11:09:14 -0500] "POST /appsia/controlador HTTP/1.1" 200 12106
191.95.134.236 - - [08/Apr/2022:11:09:43 -0500] "POST /forms/lservlet;jsessionid=ac16012b30d6ac9f2853310f4e43b880a7186e5016b2.e3iSbxaKaheRe34Sc38RahyRchr0n6jAmljGr5XDqQLvpAe HTTP/1.1" 200 2
35.236.215.231 - - [08/Apr/2022:11:10:07 -0500] "GET /en-semana-santa-no-uses-palmas-ni-traigas-o-consumas-animales-silvestres.html HTTP/1.1" 200 959
35.236.215.231 - - [08/Apr/2022:11:10:07 -0500] "GET /en-semana-santa-no-uses-palmas-ni-traigas-o-consumas-animales-silvestres.html HTTP/1.1" 200 959
172.22.2.4 - - [08/Apr/2022:11:10:13 -0500] "GET /BLA/boletinlegal/consulta_actos.php?tipo=resoluciones&no=&usuario=&sector=SILVICULTURA&fecha=2022&resuelve=sancion HTTP/1.1" 200 2149
172.22.2.4 - - [08/Apr/2022:11:10:23 -0500] "GET /BLA/boletinlegal/consulta_actos.php?tipo=resoluciones&no=&usuario=&sector=SILVICULTURA&fecha=2018&resuelve=sancion HTTP/1.1" 200 31841
186.155.46.78 - - [08/Apr/2022:11:10:26 -0500] "GET /BLA/resoluciones/RESOLUCIONES%202018/4161.pdf HTTP/1.1" 200 446533
181.50.155.152 - - [08/Apr/2022:11:10:39 -0500] "POST /appsia/controlador HTTP/1.1" 200 76049
181.50.155.152 - - [08/Apr/2022:11:11:22 -0500] "POST /appsia/controlador HTTP/1.1" 200 7771
181.50.155.152 - - [08/Apr/2022:11:11:25 -0500] "POST /appsia/controlador HTTP/1.1" 200 6636
181.50.155.152 - - [08/Apr/2022:11:11:27 -0500] "POST /appsia/controlador HTTP/1.1" 200 12509
181.53.13.95 - - [08/Apr/2022:11:11:35 -0500] "GET /kwssiamovil/sm/ldap/au?x=U2FsdGVkX18jS74AU2yman7vSY8RKMFU4UENurmX4TSbtXjv5w8sYWBHpqD4ErjQ&y=U2FsdGVkX18lVXJw9bjTaVJ2Ax+PH4V2XFUw71J3LZPjTt/hRjYg9TTTL6N7zOAb HTTP/1.1" 200 30
181.53.13.95 - - [08/Apr/2022:11:11:35 -0500] "GET /kwssiamovil/sm/acme/s?s=U2FsdGVkX1/mpMcfHJRVVQRdj/7wui2861QpiJLsrBWwvCwbSSTR8Gm7Q49y/Vy3r/GjgDHV9Vfx8liAIngWskr5AyjuxM4K8AuEGPH23YA=&u=U2FsdGVkX18QeymBK/6ziK4f/T0Zt+EPZhMnIQqhrwTA4KZ6aHBNg1Bx64bjtRHo&y=U2FsdGVkX18lVXJw9bjTaVJ2Ax+PH4V2XFUw71J3LZPjTt/hRjYg9TTTL6N7zOAb HTTP/1.1" 200 97
